Mar 27 01:22:49.450299 np0000161114 devstack@n-api.service[99838]: DEBUG nova.api.openstack.wsgi [None req-41914be5-ef3d-4612-bf46-7bd9227c1679 admin admin] Action: 'create', calling method: >, body: {"keypair": {"public_key": "ecdsa-sha2-nistp256 AAAAE2VjZHNhLXNoYTItbmlzdHAyNTYAAAAIbmlzdHAyNTYAAABBBOp8ih6Zae7I5AZ53hR/FwEMDqXPSFOQVxPoS3QBOiT2GSN4fmzKhfMHsfixCpc54AayZ1bukDrRzQNB6ES6umA= stack@np0000161114\n", "name": "manila-service"}} {{(pid=99838) _process_stack /opt/stack/nova/nova/api/openstack/wsgi.py:549}}
Mar 27 01:22:49.467952 np0000161114 devstack@n-api.service[99838]: DEBUG nova.quota [None req-41914be5-ef3d-4612-bf46-7bd9227c1679 admin admin] Getting quotas for project dd1f6034ddb54201bbc24386be82303d. Resources: {'key_pairs'} {{(pid=99838) _get_quotas /opt/stack/nova/nova/quota.py:392}}
Mar 27 01:22:49.470743 np0000161114 devstack@n-api.service[99838]: DEBUG nova.quota [None req-41914be5-ef3d-4612-bf46-7bd9227c1679 admin admin] Getting quotas for user 744a803ef038426ba5ff216e77af9f79 and project dd1f6034ddb54201bbc24386be82303d. Resources: {'key_pairs'} {{(pid=99838) _get_quotas /opt/stack/nova/nova/quota.py:382}}
Mar 27 01:22:49.534906 np0000161114 devstack@n-api.service[99838]: INFO nova.api.openstack.requestlog [None req-41914be5-ef3d-4612-bf46-7bd9227c1679 admin admin] 162.253.55.110 "POST /compute/v2.1/os-keypairs" status: 201 len: 366 microversion: 2.10 time: 0.087910
Mar 27 01:22:49.535714 np0000161114 devstack@n-api.service[99838]: [pid: 99838|app: 0|req: 15/59] 162.253.55.110 () {72 vars in 1441 bytes} [Fri Mar 27 01:22:49 2026] POST /compute/v2.1/os-keypairs => generated 366 bytes in 89 msecs (HTTP/1.1 201) 9 headers in 364 bytes (1 switches on core 0)
Mar 27 01:22:59.183145 np0000161114 devstack@n-api.service[99836]: DEBUG dbcounter [-] [99836] Writing DB stats nova_api:SELECT=1 {{(pid=99836) stat_writer /opt/stack/data/venv/lib/python3.12/site-packages/dbcounter.py:115}}
Mar 27 01:22:59.475663 np0000161114 devstack@n-api.service[99838]: DEBUG dbcounter [-] [99838] Writing DB stats nova_cell0:SELECT=2 {{(pid=99838) stat_writer /opt/stack/data/venv/lib/python3.12/site-packages/dbcounter.py:115}}
Mar 27 01:22:59.499425 np0000161114 devstack@n-api.service[99838]: DEBUG dbcounter [-] [99838] Writing DB stats nova_api:SELECT=5,nova_api:INSERT=1 {{(pid=99838) stat_writer /opt/stack/data/venv/lib/python3.12/site-packages/dbcounter.py:115}}
Mar 27 01:23:21.619487 np0000161114 devstack@n-api.service[99837]: DEBUG nova.api.openstack.wsgi [None req-bd2f9f5d-c422-4751-93eb-7d5a0cd5d026 admin admin] Calling method '>' {{(pid=99837) _process_stack /opt/stack/nova/nova/api/openstack/wsgi.py:551}}
Mar 27 01:23:21.622445 np0000161114 devstack@n-api.service[99837]: DEBUG oslo_concurrency.lockutils [None req-bd2f9f5d-c422-4751-93eb-7d5a0cd5d026 admin admin] Acquiring lock "00000000-0000-0000-0000-000000000000" by "nova.context.set_target_cell..get_or_set_cached_cell_and_set_connections" {{(pid=99837) inner /opt/stack/data/venv/lib/python3.12/site-packages/oslo_concurrency/lockutils.py:506}}
Mar 27 01:23:21.622646 np0000161114 devstack@n-api.service[99837]: DEBUG oslo_concurrency.lockutils [None req-bd2f9f5d-c422-4751-93eb-7d5a0cd5d026 admin admin] Lock "00000000-0000-0000-0000-000000000000" acquired by "nova.context.set_target_cell..get_or_set_cached_cell_and_set_connections" :: waited 0.000s {{(pid=99837) inner /opt/stack/data/venv/lib/python3.12/site-packages/oslo_concurrency/lockutils.py:519}}
Mar 27 01:23:21.622838 np0000161114 devstack@n-api.service[99837]: DEBUG oslo_concurrency.lockutils [None req-bd2f9f5d-c422-4751-93eb-7d5a0cd5d026 admin admin] Lock "00000000-0000-0000-0000-000000000000" "released" by "nova.context.set_target_cell..get_or_set_cached_cell_and_set_connections" :: held 0.000s {{(pid=99837) inner /opt/stack/data/venv/lib/python3.12/site-packages/oslo_concurrency/lockutils.py:538}}
Mar 27 01:23:21.623989 np0000161114 devstack@n-api.service[99837]: DEBUG oslo_concurrency.lockutils [None req-bd2f9f5d-c422-4751-93eb-7d5a0cd5d026 admin admin] Acquiring lock "bfbb3277-f303-4499-8318-8e3d65fe98cf" by "nova.context.set_target_cell..get_or_set_cached_cell_and_set_connections" {{(pid=99837) inner /opt/stack/data/venv/lib/python3.12/site-packages/oslo_concurrency/lockutils.py:506}}
Mar 27 01:23:21.624197 np0000161114 devstack@n-api.service[99837]: DEBUG oslo_concurrency.lockutils [None req-bd2f9f5d-c422-4751-93eb-7d5a0cd5d026 admin admin] Lock "bfbb3277-f303-4499-8318-8e3d65fe98cf" acquired by "nova.context.set_target_cell..get_or_set_cached_cell_and_set_connections" :: waited 0.000s {{(pid=99837) inner /opt/stack/data/venv/lib/python3.12/site-packages/oslo_concurrency/lockutils.py:519}}
Mar 27 01:23:21.624372 np0000161114 devstack@n-api.service[99837]: DEBUG oslo_concurrency.lockutils [None req-bd2f9f5d-c422-4751-93eb-7d5a0cd5d026 admin admin] Lock "bfbb3277-f303-4499-8318-8e3d65fe98cf" "released" by "nova.context.set_target_cell..get_or_set_cached_cell_and_set_connections" :: held 0.000s {{(pid=99837) inner /opt/stack/data/venv/lib/python3.12/site-packages/oslo_concurrency/lockutils.py:538}}
Mar 27 01:23:21.657492 np0000161114 devstack@n-api.service[99837]: INFO nova.api.openstack.requestlog [None req-bd2f9f5d-c422-4751-93eb-7d5a0cd5d026 admin admin] 162.253.55.110 "GET /compute/v2.1/os-services?binary=nova-compute&host=np0000161114" status: 200 len: 255 microversion: 2.69 time: 0.041847
Mar 27 01:23:21.657877 np0000161114 devstack@n-api.service[99837]: [pid: 99837|app: 0|req: 15/60] 162.253.55.110 () {68 vars in 1475 bytes} [Fri Mar 27 01:23:21 2026] GET /compute/v2.1/os-services?binary=nova-compute&host=np0000161114 => generated 255 bytes in 43 msecs (HTTP/1.1 200) 9 headers in 359 bytes (1 switches on core 0)
Mar 27 01:23:31.635535 np0000161114 devstack@n-api.service[99837]: DEBUG dbcounter [-] [99837] Writing DB stats nova_cell1:SELECT=1 {{(pid=99837) stat_writer /opt/stack/data/venv/lib/python3.12/site-packages/dbcounter.py:115}}
Mar 27 01:23:31.636881 np0000161114 devstack@n-api.service[99837]: DEBUG dbcounter [-] [99837] Writing DB stats nova_cell0:SELECT=1 {{(pid=99837) stat_writer /opt/stack/data/venv/lib/python3.12/site-packages/dbcounter.py:115}}
Mar 27 01:23:31.651047 np0000161114 devstack@n-api.service[99837]: DEBUG dbcounter [-] [99837] Writing DB stats nova_api:SELECT=2 {{(pid=99837) stat_writer /opt/stack/data/venv/lib/python3.12/site-packages/dbcounter.py:115}}
Mar 27 01:23:55.279072 np0000161114 devstack@n-api.service[99839]: DEBUG nova.api.openstack.wsgi [None req-aeed70ff-4c0c-4e9f-bb7a-93e048d39ea2 demo demo] Calling method '>' {{(pid=99839) _process_stack /opt/stack/nova/nova/api/openstack/wsgi.py:551}}
Mar 27 01:23:55.306185 np0000161114 devstack@n-api.service[99839]: INFO nova.api.openstack.requestlog [None req-aeed70ff-4c0c-4e9f-bb7a-93e048d39ea2 demo demo] 162.253.55.110 "GET /compute/v2.1/flavors/detail" status: 200 len: 4022 microversion: 2.15 time: 0.029654
Mar 27 01:23:55.306543 np0000161114 devstack@n-api.service[99839]: [pid: 99839|app: 0|req: 15/61] 162.253.55.110 () {66 vars in 1306 bytes} [Fri Mar 27 01:23:55 2026] GET /compute/v2.1/flavors/detail => generated 4022 bytes in 30 msecs (HTTP/1.1 200) 9 headers in 360 bytes (1 switches on core 0)
Mar 27 01:23:55.324460 np0000161114 devstack@n-api.service[99836]: DEBUG nova.api.openstack.wsgi [None req-9fc7a6a3-1857-45f7-949e-e10e92d0b289 demo demo] Calling method '>' {{(pid=99836) _process_stack /opt/stack/nova/nova/api/openstack/wsgi.py:551}}
Mar 27 01:23:55.348446 np0000161114 devstack@n-api.service[99836]: INFO nova.api.openstack.requestlog [None req-9fc7a6a3-1857-45f7-949e-e10e92d0b289 demo demo] 162.253.55.110 "GET /compute/v2.1/flavors/detail" status: 200 len: 4022 microversion: 2.15 time: 0.028111
Mar 27 01:23:55.348735 np0000161114 devstack@n-api.service[99836]: [pid: 99836|app: 0|req: 17/62] 162.253.55.110 () {66 vars in 1306 bytes} [Fri Mar 27 01:23:55 2026] GET /compute/v2.1/flavors/detail => generated 4022 bytes in 29 msecs (HTTP/1.1 200) 9 headers in 360 bytes (1 switches on core 0)
Mar 27 01:23:55.580145 np0000161114 devstack@n-api.service[99838]: DEBUG nova.api.openstack.wsgi [None req-4bfabee6-5e5b-4db3-8d5f-930750d2ac26 demo demo] Calling method '>' {{(pid=99838) _process_stack /opt/stack/nova/nova/api/openstack/wsgi.py:551}}
Mar 27 01:23:55.604642 np0000161114 devstack@n-api.service[99838]: INFO nova.api.openstack.requestlog [None req-4bfabee6-5e5b-4db3-8d5f-930750d2ac26 demo demo] 162.253.55.110 "GET /compute/v2.1/flavors/detail" status: 200 len: 4022 microversion: 2.15 time: 0.028794
Mar 27 01:23:55.604879 np0000161114 devstack@n-api.service[99838]: [pid: 99838|app: 0|req: 16/63] 162.253.55.110 () {66 vars in 1306 bytes} [Fri Mar 27 01:23:55 2026] GET /compute/v2.1/flavors/detail => generated 4022 bytes in 29 msecs (HTTP/1.1 200) 9 headers in 360 bytes (1 switches on core 0)
Mar 27 01:23:55.619317 np0000161114 devstack@n-api.service[99837]: DEBUG nova.api.openstack.wsgi [None req-3c4e1209-80bf-4629-8c58-1561951b6756 demo demo] Calling method '>' {{(pid=99837) _process_stack /opt/stack/nova/nova/api/openstack/wsgi.py:551}}
Mar 27 01:23:55.643931 np0000161114 devstack@n-api.service[99837]: INFO nova.api.openstack.requestlog [None req-3c4e1209-80bf-4629-8c58-1561951b6756 demo demo] 162.253.55.110 "GET /compute/v2.1/flavors/detail" status: 200 len: 4022 microversion: 2.15 time: 0.027732
Mar 27 01:23:55.644205 np0000161114 devstack@n-api.service[99837]: [pid: 99837|app: 0|req: 16/64] 162.253.55.110 () {66 vars in 1306 bytes} [Fri Mar 27 01:23:55 2026] GET /compute/v2.1/flavors/detail => generated 4022 bytes in 28 msecs (HTTP/1.1 200) 9 headers in 360 bytes (1 switches on core 0)
Mar 27 01:24:00.207775 np0000161114 devstack@n-api.service[99839]: DEBUG nova.api.openstack.wsgi [None req-84bfe02d-25bb-4d66-bbae-f321468ade20 demo demo] Calling method '>' {{(pid=99839) _process_stack /opt/stack/nova/nova/api/openstack/wsgi.py:551}}
Mar 27 01:24:00.226268 np0000161114 devstack@n-api.service[99839]: INFO nova.api.openstack.requestlog [None req-84bfe02d-25bb-4d66-bbae-f321468ade20 demo demo] 162.253.55.110 "GET /compute/v2.1/flavors/detail" status: 200 len: 4022 microversion: 2.15 time: 0.021491
Mar 27 01:24:00.226489 np0000161114 devstack@n-api.service[99839]: [pid: 99839|app: 0|req: 16/65] 162.253.55.110 () {66 vars in 1306 bytes} [Fri Mar 27 01:24:00 2026] GET /compute/v2.1/flavors/detail => generated 4022 bytes in 22 msecs (HTTP/1.1 200) 9 headers in 360 bytes (1 switches on core 0)
Mar 27 01:24:00.241577 np0000161114 devstack@n-api.service[99836]: DEBUG nova.api.openstack.wsgi [None req-be412a7e-b662-48a2-8b37-4d61b604d2eb demo demo] Calling method '>' {{(pid=99836) _process_stack /opt/stack/nova/nova/api/openstack/wsgi.py:551}}
Mar 27 01:24:00.261357 np0000161114 devstack@n-api.service[99836]: INFO nova.api.openstack.requestlog [None req-be412a7e-b662-48a2-8b37-4d61b604d2eb demo demo] 162.253.55.110 "GET /compute/v2.1/flavors/detail" status: 200 len: 4022 microversion: 2.15 time: 0.022153
Mar 27 01:24:00.261652 np0000161114 devstack@n-api.service[99836]: [pid: 99836|app: 0|req: 18/66] 162.253.55.110 () {66 vars in 1306 bytes} [Fri Mar 27 01:24:00 2026] GET /compute/v2.1/flavors/detail => generated 4022 bytes in 23 msecs (HTTP/1.1 200) 9 headers in 360 bytes (1 switches on core 0)
Mar 27 01:24:00.556734 np0000161114 devstack@n-api.service[99838]: DEBUG nova.api.openstack.wsgi [None req-881571c1-72c1-47ed-97c8-797cd39f520e demo demo] Calling method '>' {{(pid=99838) _process_stack /opt/stack/nova/nova/api/openstack/wsgi.py:551}}
Mar 27 01:24:00.575573 np0000161114 devstack@n-api.service[99838]: INFO nova.api.openstack.requestlog [None req-881571c1-72c1-47ed-97c8-797cd39f520e demo demo] 162.253.55.110 "GET /compute/v2.1/flavors/detail" status: 200 len: 4022 microversion: 2.15 time: 0.022215
Mar 27 01:24:00.575850 np0000161114 devstack@n-api.service[99838]: [pid: 99838|app: 0|req: 17/67] 162.253.55.110 () {66 vars in 1306 bytes} [Fri Mar 27 01:24:00 2026] GET /compute/v2.1/flavors/detail => generated 4022 bytes in 23 msecs (HTTP/1.1 200) 9 headers in 360 bytes (1 switches on core 0)
Mar 27 01:24:00.589367 np0000161114 devstack@n-api.service[99837]: DEBUG nova.api.openstack.wsgi [None req-09d9557e-aa0d-4ced-be8f-14b4ef9f0871 demo demo] Calling method '>' {{(pid=99837) _process_stack /opt/stack/nova/nova/api/openstack/wsgi.py:551}}
Mar 27 01:24:00.610453 np0000161114 devstack@n-api.service[99837]: INFO nova.api.openstack.requestlog [None req-09d9557e-aa0d-4ced-be8f-14b4ef9f0871 demo demo] 162.253.55.110 "GET /compute/v2.1/flavors/detail" status: 200 len: 4022 microversion: 2.15 time: 0.024221
Mar 27 01:24:00.610772 np0000161114 devstack@n-api.service[99837]: [pid: 99837|app: 0|req: 17/68] 162.253.55.110 () {66 vars in 1306 bytes} [Fri Mar 27 01:24:00 2026] GET /compute/v2.1/flavors/detail => generated 4022 bytes in 25 msecs (HTTP/1.1 200) 9 headers in 360 bytes (1 switches on core 0)
Mar 27 01:24:05.464991 np0000161114 devstack@n-api.service[99839]: DEBUG nova.api.openstack.wsgi [None req-919c7198-5b20-4fcf-afa1-5e4881b5da8f demo demo] Calling method '>' {{(pid=99839) _process_stack /opt/stack/nova/nova/api/openstack/wsgi.py:551}}
Mar 27 01:24:05.485796 np0000161114 devstack@n-api.service[99839]: INFO nova.api.openstack.requestlog [None req-919c7198-5b20-4fcf-afa1-5e4881b5da8f demo demo] 162.253.55.110 "GET /compute/v2.1/os-server-groups" status: 200 len: 21 microversion: 2.15 time: 0.024138
Mar 27 01:24:05.486238 np0000161114 devstack@n-api.service[99839]: [pid: 99839|app: 0|req: 17/69] 162.253.55.110 () {66 vars in 1312 bytes} [Fri Mar 27 01:24:05 2026] GET /compute/v2.1/os-server-groups => generated 21 bytes in 25 msecs (HTTP/1.1 200) 9 headers in 358 bytes (1 switches on core 0)
Mar 27 01:24:05.506114 np0000161114 devstack@n-api.service[99836]: DEBUG nova.api.openstack.wsgi [None req-49c0b2ae-d626-4cc4-a88e-9e590c20a6e4 demo demo] Action: 'create', calling method: >, body: {"server_group": {"name": "kube-uz18s", "policies": ["soft-anti-affinity"]}} {{(pid=99836) _process_stack /opt/stack/nova/nova/api/openstack/wsgi.py:549}}
Mar 27 01:24:05.528695 np0000161114 devstack@n-api.service[99836]: DEBUG nova.quota [None req-49c0b2ae-d626-4cc4-a88e-9e590c20a6e4 demo demo] Getting quotas for project edcf789cb5874d4a90ef9f8c93e0a9f3. Resources: {'server_groups'} {{(pid=99836) _get_quotas /opt/stack/nova/nova/quota.py:392}}
Mar 27 01:24:05.532328 np0000161114 devstack@n-api.service[99836]: DEBUG nova.quota [None req-49c0b2ae-d626-4cc4-a88e-9e590c20a6e4 demo demo] Getting quotas for user b8499fdae16e44ed8a8a03d43990b21b and project edcf789cb5874d4a90ef9f8c93e0a9f3. Resources: {'server_groups'} {{(pid=99836) _get_quotas /opt/stack/nova/nova/quota.py:382}}
Mar 27 01:24:05.592626 np0000161114 devstack@n-api.service[99836]: DEBUG nova.quota [None req-49c0b2ae-d626-4cc4-a88e-9e590c20a6e4 demo demo] Getting quotas for project edcf789cb5874d4a90ef9f8c93e0a9f3. Resources: {'server_groups'} {{(pid=99836) _get_quotas /opt/stack/nova/nova/quota.py:392}}
Mar 27 01:24:05.595353 np0000161114 devstack@n-api.service[99836]: DEBUG nova.quota [None req-49c0b2ae-d626-4cc4-a88e-9e590c20a6e4 demo demo] Getting quotas for user b8499fdae16e44ed8a8a03d43990b21b and project edcf789cb5874d4a90ef9f8c93e0a9f3. Resources: {'server_groups'} {{(pid=99836) _get_quotas /opt/stack/nova/nova/quota.py:382}}
Mar 27 01:24:05.605493 np0000161114 devstack@n-api.service[99836]: INFO nova.api.openstack.requestlog [None req-49c0b2ae-d626-4cc4-a88e-9e590c20a6e4 demo demo] 162.253.55.110 "POST /compute/v2.1/os-server-groups" status: 200 len: 250 microversion: 2.15 time: 0.103885
Mar 27 01:24:05.606138 np0000161114 devstack@n-api.service[99836]: [pid: 99836|app: 0|req: 19/70] 162.253.55.110 () {70 vars in 1365 bytes} [Fri Mar 27 01:24:05 2026] POST /compute/v2.1/os-server-groups => generated 250 bytes in 105 msecs (HTTP/1.1 200) 9 headers in 359 bytes (1 switches on core 0)
Mar 27 01:24:05.630861 np0000161114 devstack@n-api.service[99838]: DEBUG nova.api.openstack.wsgi [None req-288357dd-210d-44df-ae94-0d95d0129508 demo demo] Calling method '>' {{(pid=99838) _process_stack /opt/stack/nova/nova/api/openstack/wsgi.py:551}}
Mar 27 01:24:05.661264 np0000161114 devstack@n-api.service[99838]: INFO nova.api.openstack.requestlog [None req-288357dd-210d-44df-ae94-0d95d0129508 demo demo] 162.253.55.110 "GET /compute/v2.1/os-server-groups" status: 200 len: 253 microversion: 2.15 time: 0.034019
Mar 27 01:24:05.661673 np0000161114 devstack@n-api.service[99838]: [pid: 99838|app: 0|req: 18/71] 162.253.55.110 () {66 vars in 1312 bytes} [Fri Mar 27 01:24:05 2026] GET /compute/v2.1/os-server-groups => generated 253 bytes in 35 msecs (HTTP/1.1 200) 9 headers in 359 bytes (1 switches on core 0)
Mar 27 01:24:05.678347 np0000161114 devstack@n-api.service[99837]: DEBUG nova.api.openstack.wsgi [None req-58bac0bc-19a1-451f-bfd7-600774990b03 demo demo] Action: 'create', calling method: >, body: {"server_group": {"name": "kube-uz18s-default-worker", "policies": ["soft-anti-affinity"]}} {{(pid=99837) _process_stack /opt/stack/nova/nova/api/openstack/wsgi.py:549}}
Mar 27 01:24:05.708119 np0000161114 devstack@n-api.service[99837]: DEBUG nova.quota [None req-58bac0bc-19a1-451f-bfd7-600774990b03 demo demo] Getting quotas for project edcf789cb5874d4a90ef9f8c93e0a9f3. Resources: {'server_groups'} {{(pid=99837) _get_quotas /opt/stack/nova/nova/quota.py:392}}
Mar 27 01:24:05.712694 np0000161114 devstack@n-api.service[99837]: DEBUG nova.quota [None req-58bac0bc-19a1-451f-bfd7-600774990b03 demo demo] Getting quotas for user b8499fdae16e44ed8a8a03d43990b21b and project edcf789cb5874d4a90ef9f8c93e0a9f3. Resources: {'server_groups'} {{(pid=99837) _get_quotas /opt/stack/nova/nova/quota.py:382}}
Mar 27 01:24:05.783249 np0000161114 devstack@n-api.service[99837]: DEBUG nova.quota [None req-58bac0bc-19a1-451f-bfd7-600774990b03 demo demo] Getting quotas for project edcf789cb5874d4a90ef9f8c93e0a9f3. Resources: {'server_groups'} {{(pid=99837) _get_quotas /opt/stack/nova/nova/quota.py:392}}
Mar 27 01:24:05.785111 np0000161114 devstack@n-api.service[99837]: DEBUG nova.quota [None req-58bac0bc-19a1-451f-bfd7-600774990b03 demo demo] Getting quotas for user b8499fdae16e44ed8a8a03d43990b21b and project edcf789cb5874d4a90ef9f8c93e0a9f3. Resources: {'server_groups'} {{(pid=99837) _get_quotas /opt/stack/nova/nova/quota.py:382}}
Mar 27 01:24:05.793512 np0000161114 devstack@n-api.service[99837]: INFO nova.api.openstack.requestlog [None req-58bac0bc-19a1-451f-bfd7-600774990b03 demo demo] 162.253.55.110 "POST /compute/v2.1/os-server-groups" status: 200 len: 265 microversion: 2.15 time: 0.117806
Mar 27 01:24:05.793914 np0000161114 devstack@n-api.service[99837]: [pid: 99837|app: 0|req: 18/72] 162.253.55.110 () {70 vars in 1365 bytes} [Fri Mar 27 01:24:05 2026] POST /compute/v2.1/os-server-groups => generated 265 bytes in 118 msecs (HTTP/1.1 200) 9 headers in 359 bytes (1 switches on core 0)
Mar 27 01:24:07.873009 np0000161114 devstack@n-api.service[99839]: DEBUG nova.api.openstack.wsgi [None req-a0e64721-464b-487b-8266-c5d439bf711c demo demo] Calling method '>' {{(pid=99839) _process_stack /opt/stack/nova/nova/api/openstack/wsgi.py:551}}
Mar 27 01:24:07.900178 np0000161114 devstack@n-api.service[99839]: INFO nova.api.openstack.requestlog [None req-a0e64721-464b-487b-8266-c5d439bf711c demo demo] 162.253.55.110 "GET /compute/v2.1/flavors/detail" status: 200 len: 4022 microversion: 2.15 time: 0.031151
Mar 27 01:24:07.900484 np0000161114 devstack@n-api.service[99839]: [pid: 99839|app: 0|req: 18/73] 162.253.55.110 () {66 vars in 1306 bytes} [Fri Mar 27 01:24:07 2026] GET /compute/v2.1/flavors/detail => generated 4022 bytes in 32 msecs (HTTP/1.1 200) 9 headers in 360 bytes (1 switches on core 0)
Mar 27 01:24:07.919511 np0000161114 devstack@n-api.service[99836]: DEBUG nova.api.openstack.wsgi [None req-4d8795b7-bb16-4770-bef4-956512e39075 demo demo] Calling method '>' {{(pid=99836) _process_stack /opt/stack/nova/nova/api/openstack/wsgi.py:551}}
Mar 27 01:24:07.943708 np0000161114 devstack@n-api.service[99836]: INFO nova.api.openstack.requestlog [None req-4d8795b7-bb16-4770-bef4-956512e39075 demo demo] 162.253.55.110 "GET /compute/v2.1/flavors/detail" status: 200 len: 4022 microversion: 2.15 time: 0.027608
Mar 27 01:24:07.943967 np0000161114 devstack@n-api.service[99836]: [pid: 99836|app: 0|req: 20/74] 162.253.55.110 () {66 vars in 1306 bytes} [Fri Mar 27 01:24:07 2026] GET /compute/v2.1/flavors/detail => generated 4022 bytes in 28 msecs (HTTP/1.1 200) 9 headers in 360 bytes (1 switches on core 0)
Mar 27 01:24:08.157361 np0000161114 devstack@n-api.service[99838]: DEBUG nova.api.openstack.wsgi [None req-b8cf716c-0215-4aa2-97c4-4d2a04814347 demo demo] Calling method '>' {{(pid=99838) _process_stack /opt/stack/nova/nova/api/openstack/wsgi.py:551}}
Mar 27 01:24:08.175786 np0000161114 devstack@n-api.service[99838]: INFO nova.api.openstack.requestlog [None req-b8cf716c-0215-4aa2-97c4-4d2a04814347 demo demo] 162.253.55.110 "GET /compute/v2.1/flavors/detail" status: 200 len: 4022 microversion: 2.15 time: 0.022316
Mar 27 01:24:08.176079 np0000161114 devstack@n-api.service[99838]: [pid: 99838|app: 0|req: 19/75] 162.253.55.110 () {66 vars in 1306 bytes} [Fri Mar 27 01:24:08 2026] GET /compute/v2.1/flavors/detail => generated 4022 bytes in 23 msecs (HTTP/1.1 200) 9 headers in 360 bytes (1 switches on core 0)
Mar 27 01:24:15.599262 np0000161114 devstack@n-api.service[99836]: DEBUG dbcounter [-] [99836] Writing DB stats nova_cell0:SELECT=4 {{(pid=99836) stat_writer /opt/stack/data/venv/lib/python3.12/site-packages/dbcounter.py:115}}
Mar 27 01:24:15.788646 np0000161114 devstack@n-api.service[99837]: DEBUG dbcounter [-] [99837] Writing DB stats nova_cell0:SELECT=4 {{(pid=99837) stat_writer /opt/stack/data/venv/lib/python3.12/site-packages/dbcounter.py:115}}
Mar 27 01:24:15.790455 np0000161114 devstack@n-api.service[99837]: DEBUG dbcounter [-] [99837] Writing DB stats nova_api:SELECT=16,nova_api:INSERT=2 {{(pid=99837) stat_writer /opt/stack/data/venv/lib/python3.12/site-packages/dbcounter.py:115}}
Mar 27 01:24:17.881556 np0000161114 devstack@n-api.service[99839]: DEBUG dbcounter [-] [99839] Writing DB stats nova_api:SELECT=5 {{(pid=99839) stat_writer /opt/stack/data/venv/lib/python3.12/site-packages/dbcounter.py:115}}
Mar 27 01:24:17.926540 np0000161114 devstack@n-api.service[99836]: DEBUG dbcounter [-] [99836] Writing DB stats nova_api:SELECT=17,nova_api:INSERT=2 {{(pid=99836) stat_writer /opt/stack/data/venv/lib/python3.12/site-packages/dbcounter.py:115}}
Mar 27 01:24:18.163555 np0000161114 devstack@n-api.service[99838]: DEBUG dbcounter [-] [99838] Writing DB stats nova_api:SELECT=5 {{(pid=99838) stat_writer /opt/stack/data/venv/lib/python3.12/site-packages/dbcounter.py:115}}
Mar 27 01:24:27.764225 np0000161114 devstack@n-api.service[99837]: DEBUG nova.api.openstack.wsgi [None req-58bac0bc-19a1-451f-bfd7-600774990b03 demo demo] Calling method '>' {{(pid=99837) _process_stack /opt/stack/nova/nova/api/openstack/wsgi.py:551}}
Mar 27 01:24:27.768097 np0000161114 devstack@n-api.service[99837]: INFO nova.api.openstack.requestlog [None req-58bac0bc-19a1-451f-bfd7-600774990b03 demo demo] 172.18.0.2 "GET /compute/v2.1/" status: 200 len: 393 microversion: 2.1 time: 0.004193
Mar 27 01:24:27.768550 np0000161114 devstack@n-api.service[99837]: [pid: 99837|app: 0|req: 19/76] 162.253.55.110 () {64 vars in 1271 bytes} [Fri Mar 27 01:24:27 2026] GET /compute/v2.1/ => generated 393 bytes in 5 msecs (HTTP/1.1 200) 9 headers in 357 bytes (1 switches on core 0)
Mar 27 01:24:27.777660 np0000161114 devstack@n-api.service[99839]: DEBUG nova.api.openstack.wsgi [None req-f398b041-03bb-4601-b9ae-99c622cc99f4 demo demo] Calling method '>' {{(pid=99839) _process_stack /opt/stack/nova/nova/api/openstack/wsgi.py:551}}
Mar 27 01:24:27.781426 np0000161114 devstack@n-api.service[99839]: DEBUG oslo_concurrency.lockutils [None req-f398b041-03bb-4601-b9ae-99c622cc99f4 demo demo] Acquiring lock "00000000-0000-0000-0000-000000000000" by "nova.context.set_target_cell..get_or_set_cached_cell_and_set_connections" {{(pid=99839) inner /opt/stack/data/venv/lib/python3.12/site-packages/oslo_concurrency/lockutils.py:506}}
Mar 27 01:24:27.781897 np0000161114 devstack@n-api.service[99839]: DEBUG oslo_concurrency.lockutils [None req-f398b041-03bb-4601-b9ae-99c622cc99f4 demo demo] Lock "00000000-0000-0000-0000-000000000000" acquired by "nova.context.set_target_cell..get_or_set_cached_cell_and_set_connections" :: waited 0.000s {{(pid=99839) inner /opt/stack/data/venv/lib/python3.12/site-packages/oslo_concurrency/lockutils.py:519}}
Mar 27 01:24:27.782188 np0000161114 devstack@n-api.service[99839]: DEBUG oslo_concurrency.lockutils [None req-f398b041-03bb-4601-b9ae-99c622cc99f4 demo demo] Lock "00000000-0000-0000-0000-000000000000" "released" by "nova.context.set_target_cell..get_or_set_cached_cell_and_set_connections" :: held 0.000s {{(pid=99839) inner /opt/stack/data/venv/lib/python3.12/site-packages/oslo_concurrency/lockutils.py:538}}
Mar 27 01:24:27.783655 np0000161114 devstack@n-api.service[99839]: DEBUG oslo_concurrency.lockutils [None req-f398b041-03bb-4601-b9ae-99c622cc99f4 demo demo] Acquiring lock "bfbb3277-f303-4499-8318-8e3d65fe98cf" by "nova.context.set_target_cell..get_or_set_cached_cell_and_set_connections" {{(pid=99839) inner /opt/stack/data/venv/lib/python3.12/site-packages/oslo_concurrency/lockutils.py:506}}
Mar 27 01:24:27.783895 np0000161114 devstack@n-api.service[99839]: DEBUG oslo_concurrency.lockutils [None req-f398b041-03bb-4601-b9ae-99c622cc99f4 demo demo] Lock "bfbb3277-f303-4499-8318-8e3d65fe98cf" acquired by "nova.context.set_target_cell..get_or_set_cached_cell_and_set_connections" :: waited 0.000s {{(pid=99839) inner /opt/stack/data/venv/lib/python3.12/site-packages/oslo_concurrency/lockutils.py:519}}
Mar 27 01:24:27.784031 np0000161114 devstack@n-api.service[99839]: DEBUG oslo_concurrency.lockutils [None req-f398b041-03bb-4601-b9ae-99c622cc99f4 demo demo] Lock "bfbb3277-f303-4499-8318-8e3d65fe98cf" "released" by "nova.context.set_target_cell..get_or_set_cached_cell_and_set_connections" :: held 0.000s {{(pid=99839) inner /opt/stack/data/venv/lib/python3.12/site-packages/oslo_concurrency/lockutils.py:538}}
Mar 27 01:24:27.814884 np0000161114 devstack@n-api.service[99839]: INFO nova.api.openstack.requestlog [None req-f398b041-03bb-4601-b9ae-99c622cc99f4 demo demo] 172.18.0.2 "GET /compute/v2.1/os-availability-zone" status: 200 len: 97 microversion: 2.38 time: 0.040559
Mar 27 01:24:27.815459 np0000161114 devstack@n-api.service[99839]: [pid: 99839|app: 0|req: 19/77] 162.253.55.110 () {68 vars in 1414 bytes} [Fri Mar 27 01:24:27 2026] GET /compute/v2.1/os-availability-zone => generated 97 bytes in 42 msecs (HTTP/1.1 200) 9 headers in 358 bytes (1 switches on core 0)
Mar 27 01:24:28.656669 np0000161114 devstack@n-api.service[99836]: DEBUG nova.api.openstack.wsgi [None req-4d8795b7-bb16-4770-bef4-956512e39075 demo demo] Calling method '>' {{(pid=99836) _process_stack /opt/stack/nova/nova/api/openstack/wsgi.py:551}}
Mar 27 01:24:28.660792 np0000161114 devstack@n-api.service[99836]: INFO nova.api.openstack.requestlog [None req-4d8795b7-bb16-4770-bef4-956512e39075 demo demo] 172.18.0.2 "GET /compute/v2.1/" status: 200 len: 393 microversion: 2.1 time: 0.004497
Mar 27 01:24:28.661082 np0000161114 devstack@n-api.service[99836]: [pid: 99836|app: 0|req: 21/78] 162.253.55.110 () {64 vars in 1271 bytes} [Fri Mar 27 01:24:28 2026] GET /compute/v2.1/ => generated 393 bytes in 5 msecs (HTTP/1.1 200) 9 headers in 357 bytes (1 switches on core 0)
Mar 27 01:24:28.672255 np0000161114 devstack@n-api.service[99838]: DEBUG nova.api.openstack.wsgi [None req-05663bb0-a824-4db4-b803-54f5eb791622 demo demo] Calling method '>' {{(pid=99838) _process_stack /opt/stack/nova/nova/api/openstack/wsgi.py:551}}
Mar 27 01:24:28.674527 np0000161114 devstack@n-api.service[99838]: DEBUG oslo_concurrency.lockutils [None req-05663bb0-a824-4db4-b803-54f5eb791622 demo demo] Acquiring lock "00000000-0000-0000-0000-000000000000" by "nova.context.set_target_cell..get_or_set_cached_cell_and_set_connections" {{(pid=99838) inner /opt/stack/data/venv/lib/python3.12/site-packages/oslo_concurrency/lockutils.py:506}}
Mar 27 01:24:28.674744 np0000161114 devstack@n-api.service[99838]: DEBUG oslo_concurrency.lockutils [None req-05663bb0-a824-4db4-b803-54f5eb791622 demo demo] Lock "00000000-0000-0000-0000-000000000000" acquired by "nova.context.set_target_cell..get_or_set_cached_cell_and_set_connections" :: waited 0.000s {{(pid=99838) inner /opt/stack/data/venv/lib/python3.12/site-packages/oslo_concurrency/lockutils.py:519}}
Mar 27 01:24:28.675084 np0000161114 devstack@n-api.service[99838]: DEBUG oslo_concurrency.lockutils [None req-05663bb0-a824-4db4-b803-54f5eb791622 demo demo] Lock "00000000-0000-0000-0000-000000000000" "released" by "nova.context.set_target_cell..get_or_set_cached_cell_and_set_connections" :: held 0.000s {{(pid=99838) inner /opt/stack/data/venv/lib/python3.12/site-packages/oslo_concurrency/lockutils.py:538}}
Mar 27 01:24:28.676139 np0000161114 devstack@n-api.service[99838]: DEBUG oslo_concurrency.lockutils [None req-05663bb0-a824-4db4-b803-54f5eb791622 demo demo] Acquiring lock "bfbb3277-f303-4499-8318-8e3d65fe98cf" by "nova.context.set_target_cell..get_or_set_cached_cell_and_set_connections" {{(pid=99838) inner /opt/stack/data/venv/lib/python3.12/site-packages/oslo_concurrency/lockutils.py:506}}
Mar 27 01:24:28.676317 np0000161114 devstack@n-api.service[99838]: DEBUG oslo_concurrency.lockutils [None req-05663bb0-a824-4db4-b803-54f5eb791622 demo demo] Lock "bfbb3277-f303-4499-8318-8e3d65fe98cf" acquired by "nova.context.set_target_cell..get_or_set_cached_cell_and_set_connections" :: waited 0.000s {{(pid=99838) inner /opt/stack/data/venv/lib/python3.12/site-packages/oslo_concurrency/lockutils.py:519}}
Mar 27 01:24:28.676506 np0000161114 devstack@n-api.service[99838]: DEBUG oslo_concurrency.lockutils [None req-05663bb0-a824-4db4-b803-54f5eb791622 demo demo] Lock "bfbb3277-f303-4499-8318-8e3d65fe98cf" "released" by "nova.context.set_target_cell..get_or_set_cached_cell_and_set_connections" :: held 0.000s {{(pid=99838) inner /opt/stack/data/venv/lib/python3.12/site-packages/oslo_concurrency/lockutils.py:538}}
Mar 27 01:24:28.705461 np0000161114 devstack@n-api.service[99837]: DEBUG nova.api.openstack.wsgi [None req-58bac0bc-19a1-451f-bfd7-600774990b03 demo demo] Calling method '>' {{(pid=99837) _process_stack /opt/stack/nova/nova/api/openstack/wsgi.py:551}}
Mar 27 01:24:28.709315 np0000161114 devstack@n-api.service[99837]: INFO nova.api.openstack.requestlog [None req-58bac0bc-19a1-451f-bfd7-600774990b03 demo demo] 172.18.0.2 "GET /compute/v2.1/" status: 200 len: 393 microversion: 2.1 time: 0.004103
Mar 27 01:24:28.709643 np0000161114 devstack@n-api.service[99837]: [pid: 99837|app: 0|req: 20/79] 162.253.55.110 () {64 vars in 1271 bytes} [Fri Mar 27 01:24:28 2026] GET /compute/v2.1/ => generated 393 bytes in 5 msecs (HTTP/1.1 200) 9 headers in 357 bytes (1 switches on core 0)
Mar 27 01:24:28.711360 np0000161114 devstack@n-api.service[99838]: INFO nova.api.openstack.requestlog [None req-05663bb0-a824-4db4-b803-54f5eb791622 demo demo] 172.18.0.2 "GET /compute/v2.1/os-availability-zone" status: 200 len: 97 microversion: 2.38 time: 0.041907
Mar 27 01:24:28.711839 np0000161114 devstack@n-api.service[99838]: [pid: 99838|app: 0|req: 20/80] 162.253.55.110 () {68 vars in 1414 bytes} [Fri Mar 27 01:24:28 2026] GET /compute/v2.1/os-availability-zone => generated 97 bytes in 43 msecs (HTTP/1.1 200) 9 headers in 358 bytes (1 switches on core 0)
Mar 27 01:24:28.773175 np0000161114 devstack@n-api.service[99839]: DEBUG nova.api.openstack.wsgi [None req-b5c934a5-a714-44f6-9a51-9e23be53ae4d demo demo] Calling method '>' {{(pid=99839) _process_stack /opt/stack/nova/nova/api/openstack/wsgi.py:551}}
Mar 27 01:24:28.793862 np0000161114 devstack@n-api.service[99839]: INFO nova.api.openstack.requestlog [None req-b5c934a5-a714-44f6-9a51-9e23be53ae4d demo demo] 172.18.0.2 "GET /compute/v2.1/flavors/detail" status: 200 len: 4022 microversion: 2.38 time: 0.024161
Mar 27 01:24:28.794710 np0000161114 devstack@n-api.service[99839]: [pid: 99839|app: 0|req: 20/81] 162.253.55.110 () {68 vars in 1396 bytes} [Fri Mar 27 01:24:28 2026] GET /compute/v2.1/flavors/detail => generated 4022 bytes in 25 msecs (HTTP/1.1 200) 9 headers in 360 bytes (1 switches on core 0)
Mar 27 01:24:28.887268 np0000161114 devstack@n-api.service[99836]: DEBUG nova.api.openstack.wsgi [None req-4d8795b7-bb16-4770-bef4-956512e39075 demo demo] Calling method '>' {{(pid=99836) _process_stack /opt/stack/nova/nova/api/openstack/wsgi.py:551}}
Mar 27 01:24:28.891290 np0000161114 devstack@n-api.service[99836]: INFO nova.api.openstack.requestlog [None req-4d8795b7-bb16-4770-bef4-956512e39075 demo demo] 172.18.0.2 "GET /compute/v2.1/" status: 200 len: 393 microversion: 2.1 time: 0.004277
Mar 27 01:24:28.891578 np0000161114 devstack@n-api.service[99836]: [pid: 99836|app: 0|req: 22/82] 162.253.55.110 () {64 vars in 1271 bytes} [Fri Mar 27 01:24:28 2026] GET /compute/v2.1/ => generated 393 bytes in 5 msecs (HTTP/1.1 200) 9 headers in 357 bytes (1 switches on core 0)
Mar 27 01:24:28.899995 np0000161114 devstack@n-api.service[99837]: DEBUG nova.api.openstack.wsgi [None req-a22839bc-9ef4-4640-8098-1c595db4c574 demo demo] Calling method '>' {{(pid=99837) _process_stack /opt/stack/nova/nova/api/openstack/wsgi.py:551}}
Mar 27 01:24:28.920373 np0000161114 devstack@n-api.service[99837]: INFO nova.api.openstack.requestlog [None req-a22839bc-9ef4-4640-8098-1c595db4c574 demo demo] 172.18.0.2 "GET /compute/v2.1/flavors/detail" status: 200 len: 4022 microversion: 2.38 time: 0.022954
Mar 27 01:24:28.920842 np0000161114 devstack@n-api.service[99837]: [pid: 99837|app: 0|req: 21/83] 162.253.55.110 () {68 vars in 1396 bytes} [Fri Mar 27 01:24:28 2026] GET /compute/v2.1/flavors/detail => generated 4022 bytes in 24 msecs (HTTP/1.1 200) 9 headers in 360 bytes (1 switches on core 0)
Mar 27 01:24:29.461924 np0000161114 devstack@n-api.service[99838]: DEBUG nova.api.openstack.wsgi [None req-05663bb0-a824-4db4-b803-54f5eb791622 demo demo] Calling method '>' {{(pid=99838) _process_stack /opt/stack/nova/nova/api/openstack/wsgi.py:551}}
Mar 27 01:24:29.467606 np0000161114 devstack@n-api.service[99838]: INFO nova.api.openstack.requestlog [None req-05663bb0-a824-4db4-b803-54f5eb791622 demo demo] 172.18.0.2 "GET /compute/v2.1/" status: 200 len: 393 microversion: 2.1 time: 0.006080
Mar 27 01:24:29.468018 np0000161114 devstack@n-api.service[99838]: [pid: 99838|app: 0|req: 21/84] 162.253.55.110 () {64 vars in 1271 bytes} [Fri Mar 27 01:24:29 2026] GET /compute/v2.1/ => generated 393 bytes in 7 msecs (HTTP/1.1 200) 9 headers in 357 bytes (1 switches on core 0)
Mar 27 01:24:29.477475 np0000161114 devstack@n-api.service[99839]: DEBUG nova.api.openstack.wsgi [None req-1ee9913d-53fb-481e-a6b4-f6748741a3d8 demo demo] Calling method '>' {{(pid=99839) _process_stack /opt/stack/nova/nova/api/openstack/wsgi.py:551}}
Mar 27 01:24:29.482988 np0000161114 devstack@n-api.service[99839]: DEBUG nova.policy [None req-1ee9913d-53fb-481e-a6b4-f6748741a3d8 demo demo] Policy check for os_compute_api:servers:allow_all_filters failed with credentials {'is_admin': False, 'user_id': 'b8499fdae16e44ed8a8a03d43990b21b', 'user_domain_id': 'default', 'system_scope': None, 'domain_id': None, 'project_id': 'edcf789cb5874d4a90ef9f8c93e0a9f3', 'project_domain_id': 'default', 'roles': ['load-balancer_member', 'member', 'anotherrole', 'reader'], 'is_admin_project': True, 'service_user_id': None, 'service_user_domain_id': None, 'service_project_id': None, 'service_project_domain_id': None, 'service_roles': []} {{(pid=99839) authorize /opt/stack/nova/nova/policy.py:192}}
Mar 27 01:24:29.483299 np0000161114 devstack@n-api.service[99839]: DEBUG nova.compute.api [None req-1ee9913d-53fb-481e-a6b4-f6748741a3d8 demo demo] Searching by: {'name': '^kube-uz18s-hggmd-jkw4b$', 'deleted': False, 'project_id': 'edcf789cb5874d4a90ef9f8c93e0a9f3'} {{(pid=99839) get_all /opt/stack/nova/nova/compute/api.py:3089}}
Mar 27 01:24:29.488080 np0000161114 devstack@n-api.service[99839]: DEBUG oslo_concurrency.lockutils [None req-1ee9913d-53fb-481e-a6b4-f6748741a3d8 demo demo] Acquiring lock "00000000-0000-0000-0000-000000000000" by "nova.context.set_target_cell..get_or_set_cached_cell_and_set_connections" {{(pid=99839) inner /opt/stack/data/venv/lib/python3.12/site-packages/oslo_concurrency/lockutils.py:506}}
Mar 27 01:24:29.488319 np0000161114 devstack@n-api.service[99839]: DEBUG oslo_concurrency.lockutils [None req-1ee9913d-53fb-481e-a6b4-f6748741a3d8 demo demo] Lock "00000000-0000-0000-0000-000000000000" acquired by "nova.context.set_target_cell..get_or_set_cached_cell_and_set_connections" :: waited 0.000s {{(pid=99839) inner /opt/stack/data/venv/lib/python3.12/site-packages/oslo_concurrency/lockutils.py:519}}
Mar 27 01:24:29.488563 np0000161114 devstack@n-api.service[99839]: DEBUG oslo_concurrency.lockutils [None req-1ee9913d-53fb-481e-a6b4-f6748741a3d8 demo demo] Lock "00000000-0000-0000-0000-000000000000" "released" by "nova.context.set_target_cell..get_or_set_cached_cell_and_set_connections" :: held 0.000s {{(pid=99839) inner /opt/stack/data/venv/lib/python3.12/site-packages/oslo_concurrency/lockutils.py:538}}
Mar 27 01:24:29.489620 np0000161114 devstack@n-api.service[99839]: DEBUG oslo_concurrency.lockutils [None req-1ee9913d-53fb-481e-a6b4-f6748741a3d8 demo demo] Acquiring lock "bfbb3277-f303-4499-8318-8e3d65fe98cf" by "nova.context.set_target_cell..get_or_set_cached_cell_and_set_connections" {{(pid=99839) inner /opt/stack/data/venv/lib/python3.12/site-packages/oslo_concurrency/lockutils.py:506}}
Mar 27 01:24:29.490088 np0000161114 devstack@n-api.service[99839]: DEBUG oslo_concurrency.lockutils [None req-1ee9913d-53fb-481e-a6b4-f6748741a3d8 demo demo] Lock "bfbb3277-f303-4499-8318-8e3d65fe98cf" acquired by "nova.context.set_target_cell..get_or_set_cached_cell_and_set_connections" :: waited 0.000s {{(pid=99839) inner /opt/stack/data/venv/lib/python3.12/site-packages/oslo_concurrency/lockutils.py:519}}
Mar 27 01:24:29.490377 np0000161114 devstack@n-api.service[99839]: DEBUG oslo_concurrency.lockutils [None req-1ee9913d-53fb-481e-a6b4-f6748741a3d8 demo demo] Lock "bfbb3277-f303-4499-8318-8e3d65fe98cf" "released" by "nova.context.set_target_cell..get_or_set_cached_cell_and_set_connections" :: held 0.000s {{(pid=99839) inner /opt/stack/data/venv/lib/python3.12/site-packages/oslo_concurrency/lockutils.py:538}}
Mar 27 01:24:29.555036 np0000161114 devstack@n-api.service[99839]: DEBUG oslo_concurrency.lockutils [None req-1ee9913d-53fb-481e-a6b4-f6748741a3d8 demo demo] Acquiring lock "00000000-0000-0000-0000-000000000000" by "nova.context.set_target_cell..get_or_set_cached_cell_and_set_connections" {{(pid=99839) inner /opt/stack/data/venv/lib/python3.12/site-packages/oslo_concurrency/lockutils.py:506}}
Mar 27 01:24:29.555333 np0000161114 devstack@n-api.service[99839]: DEBUG oslo_concurrency.lockutils [None req-1ee9913d-53fb-481e-a6b4-f6748741a3d8 demo demo] Lock "00000000-0000-0000-0000-000000000000" acquired by "nova.context.set_target_cell..get_or_set_cached_cell_and_set_connections" :: waited 0.001s {{(pid=99839) inner /opt/stack/data/venv/lib/python3.12/site-packages/oslo_concurrency/lockutils.py:519}}
Mar 27 01:24:29.555600 np0000161114 devstack@n-api.service[99839]: DEBUG oslo_concurrency.lockutils [None req-1ee9913d-53fb-481e-a6b4-f6748741a3d8 demo demo] Lock "00000000-0000-0000-0000-000000000000" "released" by "nova.context.set_target_cell..get_or_set_cached_cell_and_set_connections" :: held 0.000s {{(pid=99839) inner /opt/stack/data/venv/lib/python3.12/site-packages/oslo_concurrency/lockutils.py:538}}
Mar 27 01:24:29.556044 np0000161114 devstack@n-api.service[99839]: DEBUG oslo_concurrency.lockutils [None req-1ee9913d-53fb-481e-a6b4-f6748741a3d8 demo demo] Acquiring lock "bfbb3277-f303-4499-8318-8e3d65fe98cf" by "nova.context.set_target_cell..get_or_set_cached_cell_and_set_connections" {{(pid=99839) inner /opt/stack/data/venv/lib/python3.12/site-packages/oslo_concurrency/lockutils.py:506}}
Mar 27 01:24:29.556325 np0000161114 devstack@n-api.service[99839]: DEBUG oslo_concurrency.lockutils [None req-1ee9913d-53fb-481e-a6b4-f6748741a3d8 demo demo] Lock "bfbb3277-f303-4499-8318-8e3d65fe98cf" acquired by "nova.context.set_target_cell..get_or_set_cached_cell_and_set_connections" :: waited 0.000s {{(pid=99839) inner /opt/stack/data/venv/lib/python3.12/site-packages/oslo_concurrency/lockutils.py:519}}
Mar 27 01:24:29.556589 np0000161114 devstack@n-api.service[99839]: DEBUG oslo_concurrency.lockutils [None req-1ee9913d-53fb-481e-a6b4-f6748741a3d8 demo demo] Lock "bfbb3277-f303-4499-8318-8e3d65fe98cf" "released" by "nova.context.set_target_cell..get_or_set_cached_cell_and_set_connections" :: held 0.000s {{(pid=99839) inner /opt/stack/data/venv/lib/python3.12/site-packages/oslo_concurrency/lockutils.py:538}}
Mar 27 01:24:29.558062 np0000161114 devstack@n-api.service[99839]: DEBUG nova.policy [None req-1ee9913d-53fb-481e-a6b4-f6748741a3d8 demo demo] Policy check for os_compute_api:os-extended-server-attributes failed with credentials {'is_admin': False, 'user_id': 'b8499fdae16e44ed8a8a03d43990b21b', 'user_domain_id': 'default', 'system_scope': None, 'domain_id': None, 'project_id': 'edcf789cb5874d4a90ef9f8c93e0a9f3', 'project_domain_id': 'default', 'roles': ['load-balancer_member', 'member', 'anotherrole', 'reader'], 'is_admin_project': True, 'service_user_id': None, 'service_user_domain_id': None, 'service_project_id': None, 'service_project_domain_id': None, 'service_roles': []} {{(pid=99839) authorize /opt/stack/nova/nova/policy.py:192}}
Mar 27 01:24:29.561722 np0000161114 devstack@n-api.service[99839]: DEBUG nova.policy [None req-1ee9913d-53fb-481e-a6b4-f6748741a3d8 demo demo] Policy check for os_compute_api:servers:show:host_status failed with credentials {'is_admin': False, 'user_id': 'b8499fdae16e44ed8a8a03d43990b21b', 'user_domain_id': 'default', 'system_scope': None, 'domain_id': None, 'project_id': 'edcf789cb5874d4a90ef9f8c93e0a9f3', 'project_domain_id': 'default', 'roles': ['load-balancer_member', 'member', 'anotherrole', 'reader'], 'is_admin_project': True, 'service_user_id': None, 'service_user_domain_id': None, 'service_project_id': None, 'service_project_domain_id': None, 'service_roles': []} {{(pid=99839) authorize /opt/stack/nova/nova/policy.py:192}}
Mar 27 01:24:29.562681 np0000161114 devstack@n-api.service[99839]: DEBUG nova.policy [None req-1ee9913d-53fb-481e-a6b4-f6748741a3d8 demo demo] Policy check for os_compute_api:servers:show:host_status:unknown-only failed with credentials {'is_admin': False, 'user_id': 'b8499fdae16e44ed8a8a03d43990b21b', 'user_domain_id': 'default', 'system_scope': None, 'domain_id': None, 'project_id': 'edcf789cb5874d4a90ef9f8c93e0a9f3', 'project_domain_id': 'default', 'roles': ['load-balancer_member', 'member', 'anotherrole', 'reader'], 'is_admin_project': True, 'service_user_id': None, 'service_user_domain_id': None, 'service_project_id': None, 'service_project_domain_id': None, 'service_roles': []} {{(pid=99839) authorize /opt/stack/nova/nova/policy.py:192}}
Mar 27 01:24:29.563963 np0000161114 devstack@n-api.service[99836]: DEBUG nova.api.openstack.wsgi [None req-4d8795b7-bb16-4770-bef4-956512e39075 demo demo] Calling method '>' {{(pid=99836) _process_stack /opt/stack/nova/nova/api/openstack/wsgi.py:551}}
Mar 27 01:24:29.565232 np0000161114 devstack@n-api.service[99839]: INFO nova.api.openstack.requestlog [None req-1ee9913d-53fb-481e-a6b4-f6748741a3d8 demo demo] 172.18.0.2 "GET /compute/v2.1/servers/detail?name=%5Ekube-uz18s-hggmd-jkw4b%24" status: 200 len: 15 microversion: 2.38 time: 0.091393
Mar 27 01:24:29.565586 np0000161114 devstack@n-api.service[99839]: [pid: 99839|app: 0|req: 21/85] 162.253.55.110 () {68 vars in 1463 bytes} [Fri Mar 27 01:24:29 2026] GET /compute/v2.1/servers/detail?name=%5Ekube-uz18s-hggmd-jkw4b%24 => generated 15 bytes in 92 msecs (HTTP/1.1 200) 9 headers in 358 bytes (1 switches on core 0)
Mar 27 01:24:29.569349 np0000161114 devstack@n-api.service[99836]: INFO nova.api.openstack.requestlog [None req-4d8795b7-bb16-4770-bef4-956512e39075 demo demo] 172.18.0.2 "GET /compute/v2.1/" status: 200 len: 393 microversion: 2.1 time: 0.005821
Mar 27 01:24:29.569621 np0000161114 devstack@n-api.service[99836]: [pid: 99836|app: 0|req: 23/86] 162.253.55.110 () {64 vars in 1271 bytes} [Fri Mar 27 01:24:29 2026] GET /compute/v2.1/ => generated 393 bytes in 6 msecs (HTTP/1.1 200) 9 headers in 357 bytes (1 switches on core 0)
Mar 27 01:24:29.576931 np0000161114 devstack@n-api.service[99837]: DEBUG nova.api.openstack.wsgi [None req-a22839bc-9ef4-4640-8098-1c595db4c574 demo demo] Calling method '>' {{(pid=99837) _process_stack /opt/stack/nova/nova/api/openstack/wsgi.py:551}}
Mar 27 01:24:29.580389 np0000161114 devstack@n-api.service[99838]: DEBUG nova.api.openstack.wsgi [None req-f86c55f7-2cef-4c89-969d-eca9d6c9192e demo demo] Calling method '>' {{(pid=99838) _process_stack /opt/stack/nova/nova/api/openstack/wsgi.py:551}}
Mar 27 01:24:29.580553 np0000161114 devstack@n-api.service[99837]: INFO nova.api.openstack.requestlog [None req-a22839bc-9ef4-4640-8098-1c595db4c574 demo demo] 172.18.0.2 "GET /compute/v2.1/" status: 200 len: 393 microversion: 2.1 time: 0.003923
Mar 27 01:24:29.580877 np0000161114 devstack@n-api.service[99837]: [pid: 99837|app: 0|req: 22/87] 162.253.55.110 () {64 vars in 1271 bytes} [Fri Mar 27 01:24:29 2026] GET /compute/v2.1/ => generated 393 bytes in 4 msecs (HTTP/1.1 200) 9 headers in 357 bytes (1 switches on core 0)
Mar 27 01:24:29.583498 np0000161114 devstack@n-api.service[99838]: DEBUG oslo_concurrency.lockutils [None req-f86c55f7-2cef-4c89-969d-eca9d6c9192e demo demo] Acquiring lock "00000000-0000-0000-0000-000000000000" by "nova.context.set_target_cell..get_or_set_cached_cell_and_set_connections" {{(pid=99838) inner /opt/stack/data/venv/lib/python3.12/site-packages/oslo_concurrency/lockutils.py:506}}
Mar 27 01:24:29.583827 np0000161114 devstack@n-api.service[99838]: DEBUG oslo_concurrency.lockutils [None req-f86c55f7-2cef-4c89-969d-eca9d6c9192e demo demo] Lock "00000000-0000-0000-0000-000000000000" acquired by "nova.context.set_target_cell..get_or_set_cached_cell_and_set_connections" :: waited 0.000s {{(pid=99838) inner /opt/stack/data/venv/lib/python3.12/site-packages/oslo_concurrency/lockutils.py:519}}
Mar 27 01:24:29.584024 np0000161114 devstack@n-api.service[99838]: DEBUG oslo_concurrency.lockutils [None req-f86c55f7-2cef-4c89-969d-eca9d6c9192e demo demo] Lock "00000000-0000-0000-0000-000000000000" "released" by "nova.context.set_target_cell..get_or_set_cached_cell_and_set_connections" :: held 0.000s {{(pid=99838) inner /opt/stack/data/venv/lib/python3.12/site-packages/oslo_concurrency/lockutils.py:538}}
Mar 27 01:24:29.584950 np0000161114 devstack@n-api.service[99838]: DEBUG oslo_concurrency.lockutils [None req-f86c55f7-2cef-4c89-969d-eca9d6c9192e demo demo] Acquiring lock "bfbb3277-f303-4499-8318-8e3d65fe98cf" by "nova.context.set_target_cell..get_or_set_cached_cell_and_set_connections" {{(pid=99838) inner /opt/stack/data/venv/lib/python3.12/site-packages/oslo_concurrency/lockutils.py:506}}
Mar 27 01:24:29.585092 np0000161114 devstack@n-api.service[99838]: DEBUG oslo_concurrency.lockutils [None req-f86c55f7-2cef-4c89-969d-eca9d6c9192e demo demo] Lock "bfbb3277-f303-4499-8318-8e3d65fe98cf" acquired by "nova.context.set_target_cell..get_or_set_cached_cell_and_set_connections" :: waited 0.000s {{(pid=99838) inner /opt/stack/data/venv/lib/python3.12/site-packages/oslo_concurrency/lockutils.py:519}}
Mar 27 01:24:29.585217 np0000161114 devstack@n-api.service[99838]: DEBUG oslo_concurrency.lockutils [None req-f86c55f7-2cef-4c89-969d-eca9d6c9192e demo demo] Lock "bfbb3277-f303-4499-8318-8e3d65fe98cf" "released" by "nova.context.set_target_cell..get_or_set_cached_cell_and_set_connections" :: held 0.000s {{(pid=99838) inner /opt/stack/data/venv/lib/python3.12/site-packages/oslo_concurrency/lockutils.py:538}}
