Mar 27 01:20:31.499163 np0000161114 nova-scheduler[108440]: DEBUG cotyledon.oslo_config_glue [-] workarounds.disable_compute_service_check_for_ffu = False {{(pid=108440) log_opt_values /opt/stack/data/venv/lib/python3.12/site-packages/oslo_config/cfg.py:3006}}
Mar 27 01:20:31.499163 np0000161114 nova-scheduler[108440]: DEBUG cotyledon.oslo_config_glue [-] workarounds.disable_deep_image_inspection = False {{(pid=108440) log_opt_values /opt/stack/data/venv/lib/python3.12/site-packages/oslo_config/cfg.py:3006}}
Mar 27 01:20:31.499163 np0000161114 nova-scheduler[108440]: DEBUG cotyledon.oslo_config_glue [-] workarounds.disable_fallback_pcpu_query = False {{(pid=108440) log_opt_values /opt/stack/data/venv/lib/python3.12/site-packages/oslo_config/cfg.py:3006}}
Mar 27 01:20:31.499163 np0000161114 nova-scheduler[108440]: DEBUG cotyledon.oslo_config_glue [-] workarounds.disable_group_policy_check_upcall = False {{(pid=108440) log_opt_values /opt/stack/data/venv/lib/python3.12/site-packages/oslo_config/cfg.py:3006}}
Mar 27 01:20:31.499163 np0000161114 nova-scheduler[108440]: DEBUG cotyledon.oslo_config_glue [-] workarounds.disable_libvirt_livesnapshot = False {{(pid=108440) log_opt_values /opt/stack/data/venv/lib/python3.12/site-packages/oslo_config/cfg.py:3006}}
Mar 27 01:20:31.499163 np0000161114 nova-scheduler[108440]: DEBUG cotyledon.oslo_config_glue [-] workarounds.disable_rootwrap = False {{(pid=108440) log_opt_values /opt/stack/data/venv/lib/python3.12/site-packages/oslo_config/cfg.py:3006}}
Mar 27 01:20:31.499163 np0000161114 nova-scheduler[108440]: DEBUG cotyledon.oslo_config_glue [-] workarounds.enable_numa_live_migration = False {{(pid=108440) log_opt_values /opt/stack/data/venv/lib/python3.12/site-packages/oslo_config/cfg.py:3006}}
Mar 27 01:20:31.499163 np0000161114 nova-scheduler[108440]: DEBUG cotyledon.oslo_config_glue [-] workarounds.enable_qemu_monitor_announce_self = False {{(pid=108440) log_opt_values /opt/stack/data/venv/lib/python3.12/site-packages/oslo_config/cfg.py:3006}}
Mar 27 01:20:31.499352 np0000161114 nova-scheduler[108440]: DEBUG cotyledon.oslo_config_glue [-] workarounds.ensure_libvirt_rbd_instance_dir_cleanup = False {{(pid=108440) log_opt_values /opt/stack/data/venv/lib/python3.12/site-packages/oslo_config/cfg.py:3006}}
Mar 27 01:20:31.499352 np0000161114 nova-scheduler[108440]: DEBUG cotyledon.oslo_config_glue [-] workarounds.handle_virt_lifecycle_events = True {{(pid=108440) log_opt_values /opt/stack/data/venv/lib/python3.12/site-packages/oslo_config/cfg.py:3006}}
Mar 27 01:20:31.499352 np0000161114 nova-scheduler[108440]: DEBUG cotyledon.oslo_config_glue [-] workarounds.libvirt_disable_apic = False {{(pid=108440) log_opt_values /opt/stack/data/venv/lib/python3.12/site-packages/oslo_config/cfg.py:3006}}
Mar 27 01:20:31.499352 np0000161114 nova-scheduler[108440]: DEBUG cotyledon.oslo_config_glue [-] workarounds.never_download_image_if_on_rbd = False {{(pid=108440) log_opt_values /opt/stack/data/venv/lib/python3.12/site-packages/oslo_config/cfg.py:3006}}
Mar 27 01:20:31.499352 np0000161114 nova-scheduler[108440]: DEBUG cotyledon.oslo_config_glue [-] workarounds.qemu_monitor_announce_self_count = 3 {{(pid=108440) log_opt_values /opt/stack/data/venv/lib/python3.12/site-packages/oslo_config/cfg.py:3006}}
Mar 27 01:20:31.499352 np0000161114 nova-scheduler[108440]: DEBUG cotyledon.oslo_config_glue [-] workarounds.qemu_monitor_announce_self_interval = 1 {{(pid=108440) log_opt_values /opt/stack/data/venv/lib/python3.12/site-packages/oslo_config/cfg.py:3006}}
Mar 27 01:20:31.499352 np0000161114 nova-scheduler[108440]: DEBUG cotyledon.oslo_config_glue [-] workarounds.reserve_disk_resource_for_image_cache = False {{(pid=108440) log_opt_values /opt/stack/data/venv/lib/python3.12/site-packages/oslo_config/cfg.py:3006}}
Mar 27 01:20:31.499352 np0000161114 nova-scheduler[108440]: DEBUG cotyledon.oslo_config_glue [-] workarounds.skip_cpu_compare_at_startup = False {{(pid=108440) log_opt_values /opt/stack/data/venv/lib/python3.12/site-packages/oslo_config/cfg.py:3006}}
Mar 27 01:20:31.499352 np0000161114 nova-scheduler[108440]: DEBUG cotyledon.oslo_config_glue [-] workarounds.skip_cpu_compare_on_dest = False {{(pid=108440) log_opt_values /opt/stack/data/venv/lib/python3.12/site-packages/oslo_config/cfg.py:3006}}
Mar 27 01:20:31.499544 np0000161114 nova-scheduler[108440]: DEBUG cotyledon.oslo_config_glue [-] workarounds.skip_hypervisor_version_check_on_lm = False {{(pid=108440) log_opt_values /opt/stack/data/venv/lib/python3.12/site-packages/oslo_config/cfg.py:3006}}
Mar 27 01:20:31.499544 np0000161114 nova-scheduler[108440]: DEBUG cotyledon.oslo_config_glue [-] workarounds.skip_reserve_in_use_ironic_nodes = False {{(pid=108440) log_opt_values /opt/stack/data/venv/lib/python3.12/site-packages/oslo_config/cfg.py:3006}}
Mar 27 01:20:31.499544 np0000161114 nova-scheduler[108440]: DEBUG cotyledon.oslo_config_glue [-] workarounds.unified_limits_count_pcpu_as_vcpu = False {{(pid=108440) log_opt_values /opt/stack/data/venv/lib/python3.12/site-packages/oslo_config/cfg.py:3006}}
Mar 27 01:20:31.499544 np0000161114 nova-scheduler[108440]: DEBUG cotyledon.oslo_config_glue [-] workarounds.wait_for_vif_plugged_event_during_hard_reboot = [] {{(pid=108440) log_opt_values /opt/stack/data/venv/lib/python3.12/site-packages/oslo_config/cfg.py:3006}}
Mar 27 01:20:31.499544 np0000161114 nova-scheduler[108440]: DEBUG cotyledon.oslo_config_glue [-] wsgi.api_paste_config = /etc/nova/api-paste.ini {{(pid=108440) log_opt_values /opt/stack/data/venv/lib/python3.12/site-packages/oslo_config/cfg.py:3006}}
Mar 27 01:20:31.499544 np0000161114 nova-scheduler[108440]: DEBUG cotyledon.oslo_config_glue [-] wsgi.secure_proxy_ssl_header = None {{(pid=108440) log_opt_values /opt/stack/data/venv/lib/python3.12/site-packages/oslo_config/cfg.py:3006}}
Mar 27 01:20:31.499544 np0000161114 nova-scheduler[108440]: DEBUG cotyledon.oslo_config_glue [-] zvm.ca_file = None {{(pid=108440) log_opt_values /opt/stack/data/venv/lib/python3.12/site-packages/oslo_config/cfg.py:3006}}
Mar 27 01:20:31.499544 np0000161114 nova-scheduler[108440]: DEBUG cotyledon.oslo_config_glue [-] zvm.cloud_connector_url = None {{(pid=108440) log_opt_values /opt/stack/data/venv/lib/python3.12/site-packages/oslo_config/cfg.py:3006}}
Mar 27 01:20:31.499544 np0000161114 nova-scheduler[108440]: DEBUG cotyledon.oslo_config_glue [-] zvm.image_tmp_path = /opt/stack/data/nova/images {{(pid=108440) log_opt_values /opt/stack/data/venv/lib/python3.12/site-packages/oslo_config/cfg.py:3006}}
Mar 27 01:20:31.499740 np0000161114 nova-scheduler[108440]: DEBUG cotyledon.oslo_config_glue [-] zvm.reachable_timeout = 300 {{(pid=108440) log_opt_values /opt/stack/data/venv/lib/python3.12/site-packages/oslo_config/cfg.py:3006}}
Mar 27 01:20:31.499740 np0000161114 nova-scheduler[108440]: DEBUG cotyledon.oslo_config_glue [-] oslo_versionedobjects.fatal_exception_format_errors = False {{(pid=108440) log_opt_values /opt/stack/data/venv/lib/python3.12/site-packages/oslo_config/cfg.py:3006}}
Mar 27 01:20:31.499740 np0000161114 nova-scheduler[108440]: DEBUG cotyledon.oslo_config_glue [-] oslo_middleware.http_basic_auth_user_file = /etc/htpasswd {{(pid=108440) log_opt_values /opt/stack/data/venv/lib/python3.12/site-packages/oslo_config/cfg.py:3006}}
Mar 27 01:20:31.499740 np0000161114 nova-scheduler[108440]: DEBUG cotyledon.oslo_config_glue [-] oslo_messaging_metrics.metrics_buffer_size = 1000 {{(pid=108440) log_opt_values /opt/stack/data/venv/lib/python3.12/site-packages/oslo_config/cfg.py:3006}}
Mar 27 01:20:31.499740 np0000161114 nova-scheduler[108440]: DEBUG cotyledon.oslo_config_glue [-] oslo_messaging_metrics.metrics_enabled = False {{(pid=108440) log_opt_values /opt/stack/data/venv/lib/python3.12/site-packages/oslo_config/cfg.py:3006}}
Mar 27 01:20:31.499740 np0000161114 nova-scheduler[108440]: DEBUG cotyledon.oslo_config_glue [-] oslo_messaging_metrics.metrics_process_name = {{(pid=108440) log_opt_values /opt/stack/data/venv/lib/python3.12/site-packages/oslo_config/cfg.py:3006}}
Mar 27 01:20:31.499740 np0000161114 nova-scheduler[108440]: DEBUG cotyledon.oslo_config_glue [-] oslo_messaging_metrics.metrics_socket_file = /var/tmp/metrics_collector.sock {{(pid=108440) log_opt_values /opt/stack/data/venv/lib/python3.12/site-packages/oslo_config/cfg.py:3006}}
Mar 27 01:20:31.499740 np0000161114 nova-scheduler[108440]: DEBUG cotyledon.oslo_config_glue [-] oslo_messaging_metrics.metrics_thread_stop_timeout = 10 {{(pid=108440) log_opt_values /opt/stack/data/venv/lib/python3.12/site-packages/oslo_config/cfg.py:3006}}
Mar 27 01:20:31.499933 np0000161114 nova-scheduler[108440]: DEBUG cotyledon.oslo_config_glue [-] profiler.connection_string = messaging:// {{(pid=108440) log_opt_values /opt/stack/data/venv/lib/python3.12/site-packages/oslo_config/cfg.py:3006}}
Mar 27 01:20:31.499933 np0000161114 nova-scheduler[108440]: DEBUG cotyledon.oslo_config_glue [-] profiler.enabled = False {{(pid=108440) log_opt_values /opt/stack/data/venv/lib/python3.12/site-packages/oslo_config/cfg.py:3006}}
Mar 27 01:20:31.499933 np0000161114 nova-scheduler[108440]: DEBUG cotyledon.oslo_config_glue [-] profiler.es_doc_type = notification {{(pid=108440) log_opt_values /opt/stack/data/venv/lib/python3.12/site-packages/oslo_config/cfg.py:3006}}
Mar 27 01:20:31.499933 np0000161114 nova-scheduler[108440]: DEBUG cotyledon.oslo_config_glue [-] profiler.es_scroll_size = 10000 {{(pid=108440) log_opt_values /opt/stack/data/venv/lib/python3.12/site-packages/oslo_config/cfg.py:3006}}
Mar 27 01:20:31.499933 np0000161114 nova-scheduler[108440]: DEBUG cotyledon.oslo_config_glue [-] profiler.es_scroll_time = 2m {{(pid=108440) log_opt_values /opt/stack/data/venv/lib/python3.12/site-packages/oslo_config/cfg.py:3006}}
Mar 27 01:20:31.499933 np0000161114 nova-scheduler[108440]: DEBUG cotyledon.oslo_config_glue [-] profiler.filter_error_trace = False {{(pid=108440) log_opt_values /opt/stack/data/venv/lib/python3.12/site-packages/oslo_config/cfg.py:3006}}
Mar 27 01:20:31.499933 np0000161114 nova-scheduler[108440]: DEBUG cotyledon.oslo_config_glue [-] profiler.hmac_keys = **** {{(pid=108440) log_opt_values /opt/stack/data/venv/lib/python3.12/site-packages/oslo_config/cfg.py:3006}}
Mar 27 01:20:31.499933 np0000161114 nova-scheduler[108440]: DEBUG cotyledon.oslo_config_glue [-] profiler.sentinel_service_name = mymaster {{(pid=108440) log_opt_values /opt/stack/data/venv/lib/python3.12/site-packages/oslo_config/cfg.py:3006}}
Mar 27 01:20:31.500092 np0000161114 nova-scheduler[108414]: DEBUG nova.service [None req-19410c60-4b25-439e-81c9-0bf774444402 None None] Creating RPC server for service: nova-scheduler on topic: scheduler {{(pid=108414) start /opt/stack/nova/nova/service.py:195}}
Mar 27 01:20:31.500127 np0000161114 nova-scheduler[108440]: DEBUG cotyledon.oslo_config_glue [-] profiler.socket_timeout = 0.1 {{(pid=108440) log_opt_values /opt/stack/data/venv/lib/python3.12/site-packages/oslo_config/cfg.py:3006}}
Mar 27 01:20:31.500127 np0000161114 nova-scheduler[108440]: DEBUG cotyledon.oslo_config_glue [-] profiler.trace_requests = False {{(pid=108440) log_opt_values /opt/stack/data/venv/lib/python3.12/site-packages/oslo_config/cfg.py:3006}}
Mar 27 01:20:31.500127 np0000161114 nova-scheduler[108440]: DEBUG cotyledon.oslo_config_glue [-] profiler.trace_sqlalchemy = False {{(pid=108440) log_opt_values /opt/stack/data/venv/lib/python3.12/site-packages/oslo_config/cfg.py:3006}}
Mar 27 01:20:31.500127 np0000161114 nova-scheduler[108440]: DEBUG cotyledon.oslo_config_glue [-] profiler_jaeger.process_tags = {} {{(pid=108440) log_opt_values /opt/stack/data/venv/lib/python3.12/site-packages/oslo_config/cfg.py:3006}}
Mar 27 01:20:31.500127 np0000161114 nova-scheduler[108440]: DEBUG cotyledon.oslo_config_glue [-] profiler_jaeger.service_name_prefix = None {{(pid=108440) log_opt_values /opt/stack/data/venv/lib/python3.12/site-packages/oslo_config/cfg.py:3006}}
Mar 27 01:20:31.500127 np0000161114 nova-scheduler[108440]: DEBUG cotyledon.oslo_config_glue [-] profiler_otlp.service_name_prefix = None {{(pid=108440) log_opt_values /opt/stack/data/venv/lib/python3.12/site-packages/oslo_config/cfg.py:3006}}
Mar 27 01:20:31.500127 np0000161114 nova-scheduler[108440]: DEBUG cotyledon.oslo_config_glue [-] oslo_messaging_rabbit.amqp_auto_delete = False {{(pid=108440) log_opt_values /opt/stack/data/venv/lib/python3.12/site-packages/oslo_config/cfg.py:3006}}
Mar 27 01:20:31.500127 np0000161114 nova-scheduler[108440]: DEBUG cotyledon.oslo_config_glue [-] oslo_messaging_rabbit.amqp_durable_queues = False {{(pid=108440) log_opt_values /opt/stack/data/venv/lib/python3.12/site-packages/oslo_config/cfg.py:3006}}
Mar 27 01:20:31.500127 np0000161114 nova-scheduler[108440]: DEBUG cotyledon.oslo_config_glue [-] oslo_messaging_rabbit.conn_pool_min_size = 2 {{(pid=108440) log_opt_values /opt/stack/data/venv/lib/python3.12/site-packages/oslo_config/cfg.py:3006}}
Mar 27 01:20:31.500366 np0000161114 nova-scheduler[108440]: DEBUG cotyledon.oslo_config_glue [-] oslo_messaging_rabbit.conn_pool_ttl = 1200 {{(pid=108440) log_opt_values /opt/stack/data/venv/lib/python3.12/site-packages/oslo_config/cfg.py:3006}}
Mar 27 01:20:31.500366 np0000161114 nova-scheduler[108440]: DEBUG cotyledon.oslo_config_glue [-] oslo_messaging_rabbit.direct_mandatory_flag = True {{(pid=108440) log_opt_values /opt/stack/data/venv/lib/python3.12/site-packages/oslo_config/cfg.py:3006}}
Mar 27 01:20:31.500366 np0000161114 nova-scheduler[108440]: DEBUG cotyledon.oslo_config_glue [-] oslo_messaging_rabbit.enable_cancel_on_failover = False {{(pid=108440) log_opt_values /opt/stack/data/venv/lib/python3.12/site-packages/oslo_config/cfg.py:3006}}
Mar 27 01:20:31.500366 np0000161114 nova-scheduler[108440]: DEBUG cotyledon.oslo_config_glue [-] oslo_messaging_rabbit.heartbeat_in_pthread = False {{(pid=108440) log_opt_values /opt/stack/data/venv/lib/python3.12/site-packages/oslo_config/cfg.py:3006}}
Mar 27 01:20:31.500366 np0000161114 nova-scheduler[108440]: DEBUG cotyledon.oslo_config_glue [-] oslo_messaging_rabbit.heartbeat_rate = 3 {{(pid=108440) log_opt_values /opt/stack/data/venv/lib/python3.12/site-packages/oslo_config/cfg.py:3006}}
Mar 27 01:20:31.500366 np0000161114 nova-scheduler[108440]: DEBUG cotyledon.oslo_config_glue [-] oslo_messaging_rabbit.heartbeat_timeout_threshold = 60 {{(pid=108440) log_opt_values /opt/stack/data/venv/lib/python3.12/site-packages/oslo_config/cfg.py:3006}}
Mar 27 01:20:31.500366 np0000161114 nova-scheduler[108440]: DEBUG cotyledon.oslo_config_glue [-] oslo_messaging_rabbit.hostname = np0000161114 {{(pid=108440) log_opt_values /opt/stack/data/venv/lib/python3.12/site-packages/oslo_config/cfg.py:3006}}
Mar 27 01:20:31.500366 np0000161114 nova-scheduler[108440]: DEBUG cotyledon.oslo_config_glue [-] oslo_messaging_rabbit.kombu_compression = None {{(pid=108440) log_opt_values /opt/stack/data/venv/lib/python3.12/site-packages/oslo_config/cfg.py:3006}}
Mar 27 01:20:31.500366 np0000161114 nova-scheduler[108440]: DEBUG cotyledon.oslo_config_glue [-] oslo_messaging_rabbit.kombu_failover_strategy = round-robin {{(pid=108440) log_opt_values /opt/stack/data/venv/lib/python3.12/site-packages/oslo_config/cfg.py:3006}}
Mar 27 01:20:31.500557 np0000161114 nova-scheduler[108440]: DEBUG cotyledon.oslo_config_glue [-] oslo_messaging_rabbit.kombu_missing_consumer_retry_timeout = 60 {{(pid=108440) log_opt_values /opt/stack/data/venv/lib/python3.12/site-packages/oslo_config/cfg.py:3006}}
Mar 27 01:20:31.500557 np0000161114 nova-scheduler[108440]: DEBUG cotyledon.oslo_config_glue [-] oslo_messaging_rabbit.kombu_reconnect_delay = 1.0 {{(pid=108440) log_opt_values /opt/stack/data/venv/lib/python3.12/site-packages/oslo_config/cfg.py:3006}}
Mar 27 01:20:31.500557 np0000161114 nova-scheduler[108440]: DEBUG cotyledon.oslo_config_glue [-] oslo_messaging_rabbit.kombu_reconnect_splay = 0.0 {{(pid=108440) log_opt_values /opt/stack/data/venv/lib/python3.12/site-packages/oslo_config/cfg.py:3006}}
Mar 27 01:20:31.500557 np0000161114 nova-scheduler[108440]: DEBUG cotyledon.oslo_config_glue [-] oslo_messaging_rabbit.processname = nova-scheduler {{(pid=108440) log_opt_values /opt/stack/data/venv/lib/python3.12/site-packages/oslo_config/cfg.py:3006}}
Mar 27 01:20:31.500557 np0000161114 nova-scheduler[108440]: DEBUG cotyledon.oslo_config_glue [-] oslo_messaging_rabbit.rabbit_ha_queues = False {{(pid=108440) log_opt_values /opt/stack/data/venv/lib/python3.12/site-packages/oslo_config/cfg.py:3006}}
Mar 27 01:20:31.500557 np0000161114 nova-scheduler[108440]: DEBUG cotyledon.oslo_config_glue [-] oslo_messaging_rabbit.rabbit_interval_max = 30 {{(pid=108440) log_opt_values /opt/stack/data/venv/lib/python3.12/site-packages/oslo_config/cfg.py:3006}}
Mar 27 01:20:31.500557 np0000161114 nova-scheduler[108440]: DEBUG cotyledon.oslo_config_glue [-] oslo_messaging_rabbit.rabbit_login_method = AMQPLAIN {{(pid=108440) log_opt_values /opt/stack/data/venv/lib/python3.12/site-packages/oslo_config/cfg.py:3006}}
Mar 27 01:20:31.500557 np0000161114 nova-scheduler[108440]: DEBUG cotyledon.oslo_config_glue [-] oslo_messaging_rabbit.rabbit_qos_prefetch_count = 0 {{(pid=108440) log_opt_values /opt/stack/data/venv/lib/python3.12/site-packages/oslo_config/cfg.py:3006}}
Mar 27 01:20:31.500715 np0000161114 nova-scheduler[108440]: DEBUG cotyledon.oslo_config_glue [-] oslo_messaging_rabbit.rabbit_quorum_delivery_limit = 0 {{(pid=108440) log_opt_values /opt/stack/data/venv/lib/python3.12/site-packages/oslo_config/cfg.py:3006}}
Mar 27 01:20:31.500715 np0000161114 nova-scheduler[108440]: DEBUG cotyledon.oslo_config_glue [-] oslo_messaging_rabbit.rabbit_quorum_max_memory_bytes = 0 {{(pid=108440) log_opt_values /opt/stack/data/venv/lib/python3.12/site-packages/oslo_config/cfg.py:3006}}
Mar 27 01:20:31.500715 np0000161114 nova-scheduler[108440]: DEBUG cotyledon.oslo_config_glue [-] oslo_messaging_rabbit.rabbit_quorum_max_memory_length = 0 {{(pid=108440) log_opt_values /opt/stack/data/venv/lib/python3.12/site-packages/oslo_config/cfg.py:3006}}
Mar 27 01:20:31.500715 np0000161114 nova-scheduler[108440]: DEBUG cotyledon.oslo_config_glue [-] oslo_messaging_rabbit.rabbit_quorum_queue = False {{(pid=108440) log_opt_values /opt/stack/data/venv/lib/python3.12/site-packages/oslo_config/cfg.py:3006}}
Mar 27 01:20:31.500715 np0000161114 nova-scheduler[108440]: DEBUG cotyledon.oslo_config_glue [-] oslo_messaging_rabbit.rabbit_retry_backoff = 2 {{(pid=108440) log_opt_values /opt/stack/data/venv/lib/python3.12/site-packages/oslo_config/cfg.py:3006}}
Mar 27 01:20:31.500715 np0000161114 nova-scheduler[108440]: DEBUG cotyledon.oslo_config_glue [-] oslo_messaging_rabbit.rabbit_retry_interval = 1 {{(pid=108440) log_opt_values /opt/stack/data/venv/lib/python3.12/site-packages/oslo_config/cfg.py:3006}}
Mar 27 01:20:31.500715 np0000161114 nova-scheduler[108440]: DEBUG cotyledon.oslo_config_glue [-] oslo_messaging_rabbit.rabbit_stream_fanout = False {{(pid=108440) log_opt_values /opt/stack/data/venv/lib/python3.12/site-packages/oslo_config/cfg.py:3006}}
Mar 27 01:20:31.500715 np0000161114 nova-scheduler[108440]: DEBUG cotyledon.oslo_config_glue [-] oslo_messaging_rabbit.rabbit_transient_queues_ttl = 1800 {{(pid=108440) log_opt_values /opt/stack/data/venv/lib/python3.12/site-packages/oslo_config/cfg.py:3006}}
Mar 27 01:20:31.500915 np0000161114 nova-scheduler[108440]: DEBUG cotyledon.oslo_config_glue [-] oslo_messaging_rabbit.rabbit_transient_quorum_queue = False {{(pid=108440) log_opt_values /opt/stack/data/venv/lib/python3.12/site-packages/oslo_config/cfg.py:3006}}
Mar 27 01:20:31.500915 np0000161114 nova-scheduler[108440]: DEBUG cotyledon.oslo_config_glue [-] oslo_messaging_rabbit.rpc_conn_pool_size = 30 {{(pid=108440) log_opt_values /opt/stack/data/venv/lib/python3.12/site-packages/oslo_config/cfg.py:3006}}
Mar 27 01:20:31.500915 np0000161114 nova-scheduler[108440]: DEBUG cotyledon.oslo_config_glue [-] oslo_messaging_rabbit.ssl = False {{(pid=108440) log_opt_values /opt/stack/data/venv/lib/python3.12/site-packages/oslo_config/cfg.py:3006}}
Mar 27 01:20:31.500915 np0000161114 nova-scheduler[108440]: DEBUG cotyledon.oslo_config_glue [-] oslo_messaging_rabbit.ssl_ca_file = {{(pid=108440) log_opt_values /opt/stack/data/venv/lib/python3.12/site-packages/oslo_config/cfg.py:3006}}
Mar 27 01:20:31.500915 np0000161114 nova-scheduler[108440]: DEBUG cotyledon.oslo_config_glue [-] oslo_messaging_rabbit.ssl_cert_file = {{(pid=108440) log_opt_values /opt/stack/data/venv/lib/python3.12/site-packages/oslo_config/cfg.py:3006}}
Mar 27 01:20:31.500915 np0000161114 nova-scheduler[108440]: DEBUG cotyledon.oslo_config_glue [-] oslo_messaging_rabbit.ssl_enforce_fips_mode = False {{(pid=108440) log_opt_values /opt/stack/data/venv/lib/python3.12/site-packages/oslo_config/cfg.py:3006}}
Mar 27 01:20:31.500915 np0000161114 nova-scheduler[108440]: DEBUG cotyledon.oslo_config_glue [-] oslo_messaging_rabbit.ssl_key_file = {{(pid=108440) log_opt_values /opt/stack/data/venv/lib/python3.12/site-packages/oslo_config/cfg.py:3006}}
Mar 27 01:20:31.500915 np0000161114 nova-scheduler[108440]: DEBUG cotyledon.oslo_config_glue [-] oslo_messaging_rabbit.ssl_version = {{(pid=108440) log_opt_values /opt/stack/data/venv/lib/python3.12/site-packages/oslo_config/cfg.py:3006}}
Mar 27 01:20:31.500915 np0000161114 nova-scheduler[108440]: DEBUG cotyledon.oslo_config_glue [-] oslo_messaging_rabbit.use_queue_manager = False {{(pid=108440) log_opt_values /opt/stack/data/venv/lib/python3.12/site-packages/oslo_config/cfg.py:3006}}
Mar 27 01:20:31.501099 np0000161114 nova-scheduler[108440]: DEBUG cotyledon.oslo_config_glue [-] oslo_messaging_notifications.driver = ['messagingv2'] {{(pid=108440) log_opt_values /opt/stack/data/venv/lib/python3.12/site-packages/oslo_config/cfg.py:3006}}
Mar 27 01:20:31.501099 np0000161114 nova-scheduler[108440]: DEBUG cotyledon.oslo_config_glue [-] oslo_messaging_notifications.retry = -1 {{(pid=108440) log_opt_values /opt/stack/data/venv/lib/python3.12/site-packages/oslo_config/cfg.py:3006}}
Mar 27 01:20:31.501099 np0000161114 nova-scheduler[108440]: DEBUG cotyledon.oslo_config_glue [-] oslo_messaging_notifications.topics = ['notifications'] {{(pid=108440) log_opt_values /opt/stack/data/venv/lib/python3.12/site-packages/oslo_config/cfg.py:3006}}
Mar 27 01:20:31.501099 np0000161114 nova-scheduler[108440]: DEBUG cotyledon.oslo_config_glue [-] oslo_messaging_notifications.transport_url = **** {{(pid=108440) log_opt_values /opt/stack/data/venv/lib/python3.12/site-packages/oslo_config/cfg.py:3006}}
Mar 27 01:20:31.501099 np0000161114 nova-scheduler[108440]: DEBUG cotyledon.oslo_config_glue [-] oslo_limit.auth_section = None {{(pid=108440) log_opt_values /opt/stack/data/venv/lib/python3.12/site-packages/oslo_config/cfg.py:3006}}
Mar 27 01:20:31.501099 np0000161114 nova-scheduler[108440]: DEBUG cotyledon.oslo_config_glue [-] oslo_limit.auth_type = None {{(pid=108440) log_opt_values /opt/stack/data/venv/lib/python3.12/site-packages/oslo_config/cfg.py:3006}}
Mar 27 01:20:31.501099 np0000161114 nova-scheduler[108440]: DEBUG cotyledon.oslo_config_glue [-] oslo_limit.cafile = None {{(pid=108440) log_opt_values /opt/stack/data/venv/lib/python3.12/site-packages/oslo_config/cfg.py:3006}}
Mar 27 01:20:31.501099 np0000161114 nova-scheduler[108440]: DEBUG cotyledon.oslo_config_glue [-] oslo_limit.certfile = None {{(pid=108440) log_opt_values /opt/stack/data/venv/lib/python3.12/site-packages/oslo_config/cfg.py:3006}}
Mar 27 01:20:31.501099 np0000161114 nova-scheduler[108440]: DEBUG cotyledon.oslo_config_glue [-] oslo_limit.collect_timing = False {{(pid=108440) log_opt_values /opt/stack/data/venv/lib/python3.12/site-packages/oslo_config/cfg.py:3006}}
Mar 27 01:20:31.501273 np0000161114 nova-scheduler[108440]: DEBUG cotyledon.oslo_config_glue [-] oslo_limit.connect_retries = None {{(pid=108440) log_opt_values /opt/stack/data/venv/lib/python3.12/site-packages/oslo_config/cfg.py:3006}}
Mar 27 01:20:31.501273 np0000161114 nova-scheduler[108440]: DEBUG cotyledon.oslo_config_glue [-] oslo_limit.connect_retry_delay = None {{(pid=108440) log_opt_values /opt/stack/data/venv/lib/python3.12/site-packages/oslo_config/cfg.py:3006}}
Mar 27 01:20:31.501273 np0000161114 nova-scheduler[108440]: DEBUG cotyledon.oslo_config_glue [-] oslo_limit.endpoint_id = None {{(pid=108440) log_opt_values /opt/stack/data/venv/lib/python3.12/site-packages/oslo_config/cfg.py:3006}}
Mar 27 01:20:31.501273 np0000161114 nova-scheduler[108440]: DEBUG cotyledon.oslo_config_glue [-] oslo_limit.endpoint_interface = public {{(pid=108440) log_opt_values /opt/stack/data/venv/lib/python3.12/site-packages/oslo_config/cfg.py:3006}}
Mar 27 01:20:31.501273 np0000161114 nova-scheduler[108440]: DEBUG cotyledon.oslo_config_glue [-] oslo_limit.endpoint_override = None {{(pid=108440) log_opt_values /opt/stack/data/venv/lib/python3.12/site-packages/oslo_config/cfg.py:3006}}
Mar 27 01:20:31.501273 np0000161114 nova-scheduler[108440]: DEBUG cotyledon.oslo_config_glue [-] oslo_limit.endpoint_region_name = None {{(pid=108440) log_opt_values /opt/stack/data/venv/lib/python3.12/site-packages/oslo_config/cfg.py:3006}}
Mar 27 01:20:31.501273 np0000161114 nova-scheduler[108440]: DEBUG cotyledon.oslo_config_glue [-] oslo_limit.endpoint_service_name = None {{(pid=108440) log_opt_values /opt/stack/data/venv/lib/python3.12/site-packages/oslo_config/cfg.py:3006}}
Mar 27 01:20:31.501273 np0000161114 nova-scheduler[108440]: DEBUG cotyledon.oslo_config_glue [-] oslo_limit.endpoint_service_type = None {{(pid=108440) log_opt_values /opt/stack/data/venv/lib/python3.12/site-packages/oslo_config/cfg.py:3006}}
Mar 27 01:20:31.501273 np0000161114 nova-scheduler[108440]: DEBUG cotyledon.oslo_config_glue [-] oslo_limit.insecure = False {{(pid=108440) log_opt_values /opt/stack/data/venv/lib/python3.12/site-packages/oslo_config/cfg.py:3006}}
Mar 27 01:20:31.501498 np0000161114 nova-scheduler[108440]: DEBUG cotyledon.oslo_config_glue [-] oslo_limit.keyfile = None {{(pid=108440) log_opt_values /opt/stack/data/venv/lib/python3.12/site-packages/oslo_config/cfg.py:3006}}
Mar 27 01:20:31.501498 np0000161114 nova-scheduler[108440]: DEBUG cotyledon.oslo_config_glue [-] oslo_limit.max_version = None {{(pid=108440) log_opt_values /opt/stack/data/venv/lib/python3.12/site-packages/oslo_config/cfg.py:3006}}
Mar 27 01:20:31.501498 np0000161114 nova-scheduler[108440]: DEBUG cotyledon.oslo_config_glue [-] oslo_limit.min_version = None {{(pid=108440) log_opt_values /opt/stack/data/venv/lib/python3.12/site-packages/oslo_config/cfg.py:3006}}
Mar 27 01:20:31.501498 np0000161114 nova-scheduler[108440]: DEBUG cotyledon.oslo_config_glue [-] oslo_limit.region_name = None {{(pid=108440) log_opt_values /opt/stack/data/venv/lib/python3.12/site-packages/oslo_config/cfg.py:3006}}
Mar 27 01:20:31.501498 np0000161114 nova-scheduler[108440]: DEBUG cotyledon.oslo_config_glue [-] oslo_limit.retriable_status_codes = None {{(pid=108440) log_opt_values /opt/stack/data/venv/lib/python3.12/site-packages/oslo_config/cfg.py:3006}}
Mar 27 01:20:31.501498 np0000161114 nova-scheduler[108440]: DEBUG cotyledon.oslo_config_glue [-] oslo_limit.service_name = None {{(pid=108440) log_opt_values /opt/stack/data/venv/lib/python3.12/site-packages/oslo_config/cfg.py:3006}}
Mar 27 01:20:31.501498 np0000161114 nova-scheduler[108440]: DEBUG cotyledon.oslo_config_glue [-] oslo_limit.service_type = None {{(pid=108440) log_opt_values /opt/stack/data/venv/lib/python3.12/site-packages/oslo_config/cfg.py:3006}}
Mar 27 01:20:31.501498 np0000161114 nova-scheduler[108440]: DEBUG cotyledon.oslo_config_glue [-] oslo_limit.split_loggers = False {{(pid=108440) log_opt_values /opt/stack/data/venv/lib/python3.12/site-packages/oslo_config/cfg.py:3006}}
Mar 27 01:20:31.501498 np0000161114 nova-scheduler[108440]: DEBUG cotyledon.oslo_config_glue [-] oslo_limit.status_code_retries = None {{(pid=108440) log_opt_values /opt/stack/data/venv/lib/python3.12/site-packages/oslo_config/cfg.py:3006}}
Mar 27 01:20:31.501678 np0000161114 nova-scheduler[108440]: DEBUG cotyledon.oslo_config_glue [-] oslo_limit.status_code_retry_delay = None {{(pid=108440) log_opt_values /opt/stack/data/venv/lib/python3.12/site-packages/oslo_config/cfg.py:3006}}
Mar 27 01:20:31.501678 np0000161114 nova-scheduler[108440]: DEBUG cotyledon.oslo_config_glue [-] oslo_limit.timeout = None {{(pid=108440) log_opt_values /opt/stack/data/venv/lib/python3.12/site-packages/oslo_config/cfg.py:3006}}
Mar 27 01:20:31.501678 np0000161114 nova-scheduler[108440]: DEBUG cotyledon.oslo_config_glue [-] oslo_limit.valid_interfaces = None {{(pid=108440) log_opt_values /opt/stack/data/venv/lib/python3.12/site-packages/oslo_config/cfg.py:3006}}
Mar 27 01:20:31.501678 np0000161114 nova-scheduler[108440]: DEBUG cotyledon.oslo_config_glue [-] oslo_limit.version = None {{(pid=108440) log_opt_values /opt/stack/data/venv/lib/python3.12/site-packages/oslo_config/cfg.py:3006}}
Mar 27 01:20:31.501678 np0000161114 nova-scheduler[108440]: DEBUG cotyledon.oslo_config_glue [-] oslo_reports.file_event_handler = None {{(pid=108440) log_opt_values /opt/stack/data/venv/lib/python3.12/site-packages/oslo_config/cfg.py:3006}}
Mar 27 01:20:31.501678 np0000161114 nova-scheduler[108440]: DEBUG cotyledon.oslo_config_glue [-] oslo_reports.file_event_handler_interval = 1 {{(pid=108440) log_opt_values /opt/stack/data/venv/lib/python3.12/site-packages/oslo_config/cfg.py:3006}}
Mar 27 01:20:31.501678 np0000161114 nova-scheduler[108440]: DEBUG cotyledon.oslo_config_glue [-] oslo_reports.log_dir = None {{(pid=108440) log_opt_values /opt/stack/data/venv/lib/python3.12/site-packages/oslo_config/cfg.py:3006}}
Mar 27 01:20:31.501678 np0000161114 nova-scheduler[108440]: DEBUG cotyledon.oslo_config_glue [-] ******************************************************************************** {{(pid=108440) log_opt_values /opt/stack/data/venv/lib/python3.12/site-packages/oslo_config/cfg.py:3013}}
Mar 27 01:20:31.501678 np0000161114 nova-scheduler[108440]: DEBUG cotyledon._service_worker [-] Run service ServiceWrapper(3) [108440] {{(pid=108440) wait_forever /opt/stack/data/venv/lib/python3.12/site-packages/cotyledon/_service_worker.py:218}}
Mar 27 01:20:31.501880 np0000161114 nova-scheduler[108433]: DEBUG oslo_db.sqlalchemy.engines [None req-744ffc5f-8340-478f-84c4-936447359a10 None None] MySQL server mode set to STRICT_TRANS_TABLES,STRICT_ALL_TABLES,NO_ZERO_IN_DATE,NO_ZERO_DATE,ERROR_FOR_DIVISION_BY_ZERO,TRADITIONAL,NO_ENGINE_SUBSTITUTION {{(pid=108433) _check_effective_sql_mode /opt/stack/data/venv/lib/python3.12/site-packages/oslo_db/sqlalchemy/engines.py:325}}
Mar 27 01:20:31.501912 np0000161114 nova-scheduler[108440]: INFO nova.service [-] Starting scheduler node (version 33.1.0)
Mar 27 01:20:31.501935 np0000161114 nova-scheduler[108421]: DEBUG dbcounter [-] [108421] Writer thread running {{(pid=108421) stat_writer /opt/stack/data/venv/lib/python3.12/site-packages/dbcounter.py:102}}
Mar 27 01:20:31.501935 np0000161114 nova-scheduler[108421]: DEBUG nova.service [None req-4a005be3-6b83-400e-aff9-e5531c1568e4 None None] Creating RPC server for service: nova-scheduler on topic: scheduler {{(pid=108421) start /opt/stack/nova/nova/service.py:195}}
Mar 27 01:20:31.501984 np0000161114 nova-scheduler[108440]: INFO dbcounter [None req-bef2247e-fef3-455e-99fc-ea144589b01a None None] Registered counter for database nova_cell0
Mar 27 01:20:31.502007 np0000161114 nova-scheduler[108433]: DEBUG dbcounter [-] [108433] Writer thread running {{(pid=108433) stat_writer /opt/stack/data/venv/lib/python3.12/site-packages/dbcounter.py:102}}
Mar 27 01:20:31.502007 np0000161114 nova-scheduler[108433]: DEBUG nova.service [None req-744ffc5f-8340-478f-84c4-936447359a10 None None] Creating RPC server for service: nova-scheduler on topic: scheduler {{(pid=108433) start /opt/stack/nova/nova/service.py:195}}
Mar 27 01:20:31.503882 np0000161114 nova-scheduler[108440]: DEBUG oslo_db.sqlalchemy.engines [None req-bef2247e-fef3-455e-99fc-ea144589b01a None None] MySQL server mode set to STRICT_TRANS_TABLES,STRICT_ALL_TABLES,NO_ZERO_IN_DATE,NO_ZERO_DATE,ERROR_FOR_DIVISION_BY_ZERO,TRADITIONAL,NO_ENGINE_SUBSTITUTION {{(pid=108440) _check_effective_sql_mode /opt/stack/data/venv/lib/python3.12/site-packages/oslo_db/sqlalchemy/engines.py:325}}
Mar 27 01:20:31.509863 np0000161114 nova-scheduler[108421]: DEBUG nova.service [None req-4a005be3-6b83-400e-aff9-e5531c1568e4 None None] Join ServiceGroup membership for this service scheduler {{(pid=108421) start /opt/stack/nova/nova/service.py:221}}
Mar 27 01:20:31.510071 np0000161114 nova-scheduler[108421]: DEBUG nova.servicegroup.drivers.db [None req-4a005be3-6b83-400e-aff9-e5531c1568e4 None None] DB_Driver: join new ServiceGroup member np0000161114 to the scheduler group, service = {{(pid=108421) join /opt/stack/nova/nova/servicegroup/drivers/db.py:44}}
Mar 27 01:20:31.516866 np0000161114 nova-scheduler[108440]: DEBUG dbcounter [-] [108440] Writer thread running {{(pid=108440) stat_writer /opt/stack/data/venv/lib/python3.12/site-packages/dbcounter.py:102}}
Mar 27 01:20:31.520212 np0000161114 nova-scheduler[108440]: DEBUG nova.service [None req-bef2247e-fef3-455e-99fc-ea144589b01a None None] Creating RPC server for service: nova-scheduler on topic: scheduler {{(pid=108440) start /opt/stack/nova/nova/service.py:195}}
Mar 27 01:20:31.520369 np0000161114 nova-scheduler[108433]: DEBUG nova.service [None req-744ffc5f-8340-478f-84c4-936447359a10 None None] Join ServiceGroup membership for this service scheduler {{(pid=108433) start /opt/stack/nova/nova/service.py:221}}
Mar 27 01:20:31.520493 np0000161114 nova-scheduler[108433]: DEBUG nova.servicegroup.drivers.db [None req-744ffc5f-8340-478f-84c4-936447359a10 None None] DB_Driver: join new ServiceGroup member np0000161114 to the scheduler group, service = {{(pid=108433) join /opt/stack/nova/nova/servicegroup/drivers/db.py:44}}
Mar 27 01:20:31.520537 np0000161114 nova-scheduler[108414]: DEBUG nova.service [None req-19410c60-4b25-439e-81c9-0bf774444402 None None] Join ServiceGroup membership for this service scheduler {{(pid=108414) start /opt/stack/nova/nova/service.py:221}}
Mar 27 01:20:31.520723 np0000161114 nova-scheduler[108414]: DEBUG nova.servicegroup.drivers.db [None req-19410c60-4b25-439e-81c9-0bf774444402 None None] DB_Driver: join new ServiceGroup member np0000161114 to the scheduler group, service = {{(pid=108414) join /opt/stack/nova/nova/servicegroup/drivers/db.py:44}}
Mar 27 01:20:31.536344 np0000161114 nova-scheduler[108440]: DEBUG nova.service [None req-bef2247e-fef3-455e-99fc-ea144589b01a None None] Join ServiceGroup membership for this service scheduler {{(pid=108440) start /opt/stack/nova/nova/service.py:221}}
Mar 27 01:20:31.536506 np0000161114 nova-scheduler[108440]: DEBUG nova.servicegroup.drivers.db [None req-bef2247e-fef3-455e-99fc-ea144589b01a None None] DB_Driver: join new ServiceGroup member np0000161114 to the scheduler group, service = {{(pid=108440) join /opt/stack/nova/nova/servicegroup/drivers/db.py:44}}
Mar 27 01:20:36.533916 np0000161114 nova-scheduler[108421]: DEBUG oslo.service.backend._threading.loopingcall [-] Fixed interval looping call 'nova.servicegroup.drivers.db.DbDriver._report_state' sleeping for 119.98 seconds {{(pid=108421) _run_loop /opt/stack/data/venv/lib/python3.12/site-packages/oslo_service/backend/_threading/loopingcall.py:125}}
Mar 27 01:20:36.535415 np0000161114 nova-scheduler[108414]: DEBUG oslo.service.backend._threading.loopingcall [-] Fixed interval looping call 'nova.servicegroup.drivers.db.DbDriver._report_state' sleeping for 119.99 seconds {{(pid=108414) _run_loop /opt/stack/data/venv/lib/python3.12/site-packages/oslo_service/backend/_threading/loopingcall.py:125}}
Mar 27 01:20:36.536649 np0000161114 nova-scheduler[108433]: DEBUG oslo.service.backend._threading.loopingcall [-] Fixed interval looping call 'nova.servicegroup.drivers.db.DbDriver._report_state' sleeping for 119.99 seconds {{(pid=108433) _run_loop /opt/stack/data/venv/lib/python3.12/site-packages/oslo_service/backend/_threading/loopingcall.py:125}}
Mar 27 01:20:36.551599 np0000161114 nova-scheduler[108440]: DEBUG oslo.service.backend._threading.loopingcall [-] Fixed interval looping call 'nova.servicegroup.drivers.db.DbDriver._report_state' sleeping for 119.99 seconds {{(pid=108440) _run_loop /opt/stack/data/venv/lib/python3.12/site-packages/oslo_service/backend/_threading/loopingcall.py:125}}
Mar 27 01:20:40.147849 np0000161114 nova-scheduler[107691]: DEBUG dbcounter [-] [107691] Writing DB stats nova_api:SELECT=3 {{(pid=107691) stat_writer /opt/stack/data/venv/lib/python3.12/site-packages/dbcounter.py:115}}
Mar 27 01:20:40.249117 np0000161114 nova-scheduler[107691]: DEBUG dbcounter [-] [107691] Writing DB stats nova_cell0:SELECT=1 {{(pid=107691) stat_writer /opt/stack/data/venv/lib/python3.12/site-packages/dbcounter.py:115}}
Mar 27 01:20:40.254071 np0000161114 nova-scheduler[107691]: DEBUG dbcounter [-] [107691] Writing DB stats nova_cell1:SELECT=1 {{(pid=107691) stat_writer /opt/stack/data/venv/lib/python3.12/site-packages/dbcounter.py:115}}
Mar 27 01:20:46.525054 np0000161114 nova-scheduler[108421]: DEBUG dbcounter [-] [108421] Writing DB stats nova_cell0:SELECT=3,nova_cell0:UPDATE=1 {{(pid=108421) stat_writer /opt/stack/data/venv/lib/python3.12/site-packages/dbcounter.py:115}}
Mar 27 01:20:46.533919 np0000161114 nova-scheduler[108414]: DEBUG dbcounter [-] [108414] Writing DB stats nova_cell0:SELECT=4,nova_cell0:INSERT=1,nova_cell0:UPDATE=1 {{(pid=108414) stat_writer /opt/stack/data/venv/lib/python3.12/site-packages/dbcounter.py:115}}
Mar 27 01:20:46.534891 np0000161114 nova-scheduler[108433]: DEBUG dbcounter [-] [108433] Writing DB stats nova_cell0:SELECT=3,nova_cell0:UPDATE=1 {{(pid=108433) stat_writer /opt/stack/data/venv/lib/python3.12/site-packages/dbcounter.py:115}}
Mar 27 01:20:46.548976 np0000161114 nova-scheduler[108440]: DEBUG dbcounter [-] [108440] Writing DB stats nova_cell0:SELECT=3 {{(pid=108440) stat_writer /opt/stack/data/venv/lib/python3.12/site-packages/dbcounter.py:115}}
Mar 27 01:20:53.522837 np0000161114 nova-scheduler[108433]: DEBUG oslo.service.backend._threading.loopingcall [None req-66b8c21f-2266-4400-b5f8-ba413ea2be89 None None] Dynamic interval looping call 'nova.service.Service.periodic_tasks' sleeping for 60.00 seconds {{(pid=108433) _run_loop /opt/stack/data/venv/lib/python3.12/site-packages/oslo_service/backend/_threading/loopingcall.py:125}}
Mar 27 01:21:08.523902 np0000161114 nova-scheduler[108414]: DEBUG oslo.service.backend._threading.loopingcall [None req-a6aabb25-07ae-4035-a11f-021417af2b1a None None] Dynamic interval looping call 'nova.service.Service.periodic_tasks' sleeping for 60.00 seconds {{(pid=108414) _run_loop /opt/stack/data/venv/lib/python3.12/site-packages/oslo_service/backend/_threading/loopingcall.py:125}}
Mar 27 01:21:19.512623 np0000161114 nova-scheduler[108421]: DEBUG oslo.service.backend._threading.loopingcall [None req-e82b990b-4aa9-4b3e-8694-28f7b65491c4 None None] Dynamic interval looping call 'nova.service.Service.periodic_tasks' sleeping for 60.00 seconds {{(pid=108421) _run_loop /opt/stack/data/venv/lib/python3.12/site-packages/oslo_service/backend/_threading/loopingcall.py:125}}
Mar 27 01:21:22.538931 np0000161114 nova-scheduler[108440]: DEBUG oslo.service.backend._threading.loopingcall [None req-0a3ce692-f6e9-4b09-95a3-a4d41b4e57db None None] Dynamic interval looping call 'nova.service.Service.periodic_tasks' sleeping for 60.00 seconds {{(pid=108440) _run_loop /opt/stack/data/venv/lib/python3.12/site-packages/oslo_service/backend/_threading/loopingcall.py:125}}
Mar 27 01:21:53.523742 np0000161114 nova-scheduler[108433]: DEBUG oslo.service.backend._threading.loopingcall [None req-66b8c21f-2266-4400-b5f8-ba413ea2be89 None None] Dynamic interval looping call 'nova.service.Service.periodic_tasks' sleeping for 60.00 seconds {{(pid=108433) _run_loop /opt/stack/data/venv/lib/python3.12/site-packages/oslo_service/backend/_threading/loopingcall.py:125}}
Mar 27 01:22:08.524452 np0000161114 nova-scheduler[108414]: DEBUG oslo.service.backend._threading.loopingcall [None req-a6aabb25-07ae-4035-a11f-021417af2b1a None None] Dynamic interval looping call 'nova.service.Service.periodic_tasks' sleeping for 60.00 seconds {{(pid=108414) _run_loop /opt/stack/data/venv/lib/python3.12/site-packages/oslo_service/backend/_threading/loopingcall.py:125}}
Mar 27 01:22:19.513213 np0000161114 nova-scheduler[108421]: DEBUG oslo.service.backend._threading.loopingcall [None req-e82b990b-4aa9-4b3e-8694-28f7b65491c4 None None] Dynamic interval looping call 'nova.service.Service.periodic_tasks' sleeping for 60.00 seconds {{(pid=108421) _run_loop /opt/stack/data/venv/lib/python3.12/site-packages/oslo_service/backend/_threading/loopingcall.py:125}}
Mar 27 01:22:22.539548 np0000161114 nova-scheduler[108440]: DEBUG oslo.service.backend._threading.loopingcall [None req-0a3ce692-f6e9-4b09-95a3-a4d41b4e57db None None] Dynamic interval looping call 'nova.service.Service.periodic_tasks' sleeping for 60.00 seconds {{(pid=108440) _run_loop /opt/stack/data/venv/lib/python3.12/site-packages/oslo_service/backend/_threading/loopingcall.py:125}}
Mar 27 01:22:36.524878 np0000161114 nova-scheduler[108421]: DEBUG oslo.service.backend._threading.loopingcall [-] Fixed interval looping call 'nova.servicegroup.drivers.db.DbDriver._report_state' sleeping for 119.99 seconds {{(pid=108421) _run_loop /opt/stack/data/venv/lib/python3.12/site-packages/oslo_service/backend/_threading/loopingcall.py:125}}
Mar 27 01:22:36.530363 np0000161114 nova-scheduler[108414]: DEBUG oslo.service.backend._threading.loopingcall [-] Fixed interval looping call 'nova.servicegroup.drivers.db.DbDriver._report_state' sleeping for 120.00 seconds {{(pid=108414) _run_loop /opt/stack/data/venv/lib/python3.12/site-packages/oslo_service/backend/_threading/loopingcall.py:125}}
Mar 27 01:22:36.534537 np0000161114 nova-scheduler[108433]: DEBUG oslo.service.backend._threading.loopingcall [-] Fixed interval looping call 'nova.servicegroup.drivers.db.DbDriver._report_state' sleeping for 119.99 seconds {{(pid=108433) _run_loop /opt/stack/data/venv/lib/python3.12/site-packages/oslo_service/backend/_threading/loopingcall.py:125}}
Mar 27 01:22:36.548552 np0000161114 nova-scheduler[108440]: DEBUG oslo.service.backend._threading.loopingcall [-] Fixed interval looping call 'nova.servicegroup.drivers.db.DbDriver._report_state' sleeping for 119.99 seconds {{(pid=108440) _run_loop /opt/stack/data/venv/lib/python3.12/site-packages/oslo_service/backend/_threading/loopingcall.py:125}}
Mar 27 01:22:46.519227 np0000161114 nova-scheduler[108421]: DEBUG dbcounter [-] [108421] Writing DB stats nova_cell0:SELECT=1,nova_cell0:UPDATE=1 {{(pid=108421) stat_writer /opt/stack/data/venv/lib/python3.12/site-packages/dbcounter.py:115}}
Mar 27 01:22:46.528366 np0000161114 nova-scheduler[108414]: DEBUG dbcounter [-] [108414] Writing DB stats nova_cell0:SELECT=1 {{(pid=108414) stat_writer /opt/stack/data/venv/lib/python3.12/site-packages/dbcounter.py:115}}
Mar 27 01:22:46.531067 np0000161114 nova-scheduler[108433]: DEBUG dbcounter [-] [108433] Writing DB stats nova_cell0:SELECT=1 {{(pid=108433) stat_writer /opt/stack/data/venv/lib/python3.12/site-packages/dbcounter.py:115}}
Mar 27 01:22:46.544723 np0000161114 nova-scheduler[108440]: DEBUG dbcounter [-] [108440] Writing DB stats nova_cell0:SELECT=1 {{(pid=108440) stat_writer /opt/stack/data/venv/lib/python3.12/site-packages/dbcounter.py:115}}
Mar 27 01:22:53.524458 np0000161114 nova-scheduler[108433]: DEBUG oslo.service.backend._threading.loopingcall [None req-66b8c21f-2266-4400-b5f8-ba413ea2be89 None None] Dynamic interval looping call 'nova.service.Service.periodic_tasks' sleeping for 60.00 seconds {{(pid=108433) _run_loop /opt/stack/data/venv/lib/python3.12/site-packages/oslo_service/backend/_threading/loopingcall.py:125}}
Mar 27 01:23:08.525336 np0000161114 nova-scheduler[108414]: DEBUG oslo.service.backend._threading.loopingcall [None req-a6aabb25-07ae-4035-a11f-021417af2b1a None None] Dynamic interval looping call 'nova.service.Service.periodic_tasks' sleeping for 60.00 seconds {{(pid=108414) _run_loop /opt/stack/data/venv/lib/python3.12/site-packages/oslo_service/backend/_threading/loopingcall.py:125}}
Mar 27 01:23:19.513918 np0000161114 nova-scheduler[108421]: DEBUG oslo.service.backend._threading.loopingcall [None req-e82b990b-4aa9-4b3e-8694-28f7b65491c4 None None] Dynamic interval looping call 'nova.service.Service.periodic_tasks' sleeping for 60.00 seconds {{(pid=108421) _run_loop /opt/stack/data/venv/lib/python3.12/site-packages/oslo_service/backend/_threading/loopingcall.py:125}}
Mar 27 01:23:22.540799 np0000161114 nova-scheduler[108440]: DEBUG oslo.service.backend._threading.loopingcall [None req-0a3ce692-f6e9-4b09-95a3-a4d41b4e57db None None] Dynamic interval looping call 'nova.service.Service.periodic_tasks' sleeping for 60.00 seconds {{(pid=108440) _run_loop /opt/stack/data/venv/lib/python3.12/site-packages/oslo_service/backend/_threading/loopingcall.py:125}}
Mar 27 01:23:53.525285 np0000161114 nova-scheduler[108433]: DEBUG oslo.service.backend._threading.loopingcall [None req-66b8c21f-2266-4400-b5f8-ba413ea2be89 None None] Dynamic interval looping call 'nova.service.Service.periodic_tasks' sleeping for 60.00 seconds {{(pid=108433) _run_loop /opt/stack/data/venv/lib/python3.12/site-packages/oslo_service/backend/_threading/loopingcall.py:125}}
Mar 27 01:24:08.526126 np0000161114 nova-scheduler[108414]: DEBUG oslo.service.backend._threading.loopingcall [None req-a6aabb25-07ae-4035-a11f-021417af2b1a None None] Dynamic interval looping call 'nova.service.Service.periodic_tasks' sleeping for 60.00 seconds {{(pid=108414) _run_loop /opt/stack/data/venv/lib/python3.12/site-packages/oslo_service/backend/_threading/loopingcall.py:125}}
Mar 27 01:24:19.514632 np0000161114 nova-scheduler[108421]: DEBUG oslo.service.backend._threading.loopingcall [None req-e82b990b-4aa9-4b3e-8694-28f7b65491c4 None None] Dynamic interval looping call 'nova.service.Service.periodic_tasks' sleeping for 60.00 seconds {{(pid=108421) _run_loop /opt/stack/data/venv/lib/python3.12/site-packages/oslo_service/backend/_threading/loopingcall.py:125}}
Mar 27 01:24:22.541280 np0000161114 nova-scheduler[108440]: DEBUG oslo.service.backend._threading.loopingcall [None req-0a3ce692-f6e9-4b09-95a3-a4d41b4e57db None None] Dynamic interval looping call 'nova.service.Service.periodic_tasks' sleeping for 60.00 seconds {{(pid=108440) _run_loop /opt/stack/data/venv/lib/python3.12/site-packages/oslo_service/backend/_threading/loopingcall.py:125}}
Mar 27 01:24:31.106398 np0000161114 nova-scheduler[108421]: DEBUG nova.scheduler.manager [None req-1ef56c8d-4ff2-4fe6-8255-79ff1a09564e demo demo] Starting to schedule for instances: ['18d4c3de-626f-4ea0-bc69-8c89f06a51e1'] {{(pid=108421) select_destinations /opt/stack/nova/nova/scheduler/manager.py:210}}
Mar 27 01:24:31.110296 np0000161114 nova-scheduler[108421]: DEBUG oslo_db.sqlalchemy.engines [None req-1ef56c8d-4ff2-4fe6-8255-79ff1a09564e demo demo] Parent process 107691 forked (108421) with an open database connection, which is being discarded and recreated. {{(pid=108421) checkout /opt/stack/data/venv/lib/python3.12/site-packages/oslo_db/sqlalchemy/engines.py:402}}
Mar 27 01:24:31.119135 np0000161114 nova-scheduler[108421]: DEBUG dbcounter [-] [108421] Writer thread running {{(pid=108421) stat_writer /opt/stack/data/venv/lib/python3.12/site-packages/dbcounter.py:102}}
Mar 27 01:24:31.121481 np0000161114 nova-scheduler[108421]: DEBUG nova.scheduler.request_filter [None req-1ef56c8d-4ff2-4fe6-8255-79ff1a09564e demo demo] Request filter 'map_az_to_placement_aggregate' took 0.0 seconds {{(pid=108421) wrapper /opt/stack/nova/nova/scheduler/request_filter.py:46}}
Mar 27 01:24:31.121838 np0000161114 nova-scheduler[108421]: DEBUG nova.scheduler.request_filter [None req-1ef56c8d-4ff2-4fe6-8255-79ff1a09564e demo demo] compute_status_filter request filter added forbidden trait COMPUTE_STATUS_DISABLED {{(pid=108421) compute_status_filter /opt/stack/nova/nova/scheduler/request_filter.py:253}}
Mar 27 01:24:31.121992 np0000161114 nova-scheduler[108421]: DEBUG nova.scheduler.request_filter [None req-1ef56c8d-4ff2-4fe6-8255-79ff1a09564e demo demo] Request filter 'compute_status_filter' took 0.0 seconds {{(pid=108421) wrapper /opt/stack/nova/nova/scheduler/request_filter.py:46}}
Mar 27 01:24:31.122101 np0000161114 nova-scheduler[108421]: DEBUG nova.scheduler.request_filter [None req-1ef56c8d-4ff2-4fe6-8255-79ff1a09564e demo demo] Request filter 'accelerators_filter' took 0.0 seconds {{(pid=108421) wrapper /opt/stack/nova/nova/scheduler/request_filter.py:46}}
Mar 27 01:24:31.122307 np0000161114 nova-scheduler[108421]: DEBUG nova.scheduler.request_filter [None req-1ef56c8d-4ff2-4fe6-8255-79ff1a09564e demo demo] Request filter 'packed_virtqueue_filter' took 0.0 seconds {{(pid=108421) wrapper /opt/stack/nova/nova/scheduler/request_filter.py:46}}
Mar 27 01:24:31.124762 np0000161114 nova-scheduler[108421]: WARNING neutronclient.v2_0.client [None req-1ef56c8d-4ff2-4fe6-8255-79ff1a09564e demo demo] The python binding code in neutronclient is deprecated in favor of OpenstackSDK, please use that as this will be removed in a future release.
Mar 27 01:24:31.352152 np0000161114 nova-scheduler[108421]: DEBUG nova.scheduler.request_filter [None req-1ef56c8d-4ff2-4fe6-8255-79ff1a09564e demo demo] Request filter 'remote_managed_ports_filter' took 0.2 seconds {{(pid=108421) wrapper /opt/stack/nova/nova/scheduler/request_filter.py:46}}
Mar 27 01:24:31.352378 np0000161114 nova-scheduler[108421]: DEBUG nova.scheduler.request_filter [None req-1ef56c8d-4ff2-4fe6-8255-79ff1a09564e demo demo] ephemeral_encryption_filter skipped {{(pid=108421) ephemeral_encryption_filter /opt/stack/nova/nova/scheduler/request_filter.py:426}}
