2026-03-09 14:51:02.142 7 INFO placement.requestlog [None req-e3a9655c-30c5-4269-8c85-327673802885 9613f713a9ea491d8d378788e608363a 191d7925385b4b4e98617719a392c101 - - 5fc05fd62f9c43a4bc952a7ca8a0634e 5fc05fd62f9c43a4bc952a7ca8a0634e] 10.0.0.3 "GET /resource_providers/0a3ea885-42c1-42cb-8ad3-d72d5627bb7c/aggregates" status: 404 len: 235 microversion: 1.1 [pid: 7|app: 0|req: 594/1190] 10.0.0.3 () {32 vars in 814 bytes} [Mon Mar 9 14:51:02 2026] GET /resource_providers/0a3ea885-42c1-42cb-8ad3-d72d5627bb7c/aggregates => generated 235 bytes in 12 msecs (HTTP/1.1 404) 5 headers in 202 bytes (1 switches on core 0)
2026-03-09 14:51:02.163 8 INFO placement.requestlog [None req-26e88978-0d59-4681-85c1-ca6dad5dc805 9613f713a9ea491d8d378788e608363a 191d7925385b4b4e98617719a392c101 - - 5fc05fd62f9c43a4bc952a7ca8a0634e 5fc05fd62f9c43a4bc952a7ca8a0634e] 10.0.0.3 "DELETE /resource_providers/0a3ea885-42c1-42cb-8ad3-d72d5627bb7c" status: 404 len: 246 microversion: 1.1 [pid: 8|app: 0|req: 597/1191] 10.0.0.3 () {34 vars in 814 bytes} [Mon Mar 9 14:51:02 2026] DELETE /resource_providers/0a3ea885-42c1-42cb-8ad3-d72d5627bb7c => generated 246 bytes in 9 msecs (HTTP/1.1 404) 6 headers in 231 bytes (1 switches on core 0)
2026-03-09 14:51:02.166 7 INFO placement.requestlog [None req-44a484be-e0a9-42ef-a1a2-ce26a49dcaa6 9613f713a9ea491d8d378788e608363a 191d7925385b4b4e98617719a392c101 - - 5fc05fd62f9c43a4bc952a7ca8a0634e 5fc05fd62f9c43a4bc952a7ca8a0634e] 10.0.0.3 "DELETE /resource_providers/0a3ea885-42c1-42cb-8ad3-d72d5627bb7c" status: 404 len: 246 microversion: 1.1 [pid: 7|app: 0|req: 595/1192] 10.0.0.3 () {34 vars in 814 bytes} [Mon Mar 9 14:51:02 2026] DELETE /resource_providers/0a3ea885-42c1-42cb-8ad3-d72d5627bb7c => generated 246 bytes in 10 msecs (HTTP/1.1 404) 6 headers in 231 bytes (1 switches on core 0)
2026-03-09 14:51:07.206 8 INFO placement.requestlog [None req-7113aeb6-7ca6-45bd-ab3f-df035d28e5a3 - - - - - -] 10.0.0.60 "GET /" status: 200 len: 136 microversion: 1.0
2026-03-09 14:51:07.206 7 INFO placement.requestlog [None req-8198d34c-c637-4507-8fb1-6f6a5d2f2c28 - - - - - -] 10.0.0.60 "GET /" status: 200 len: 136 microversion: 1.0
2026-03-09 14:51:13.118 8 INFO placement.requestlog [req-beb99a3b-8b2f-41f7-a492-5bb595267729 req-6b7f9f4f-97a0-40c7-b128-83ec34baa363 cacb2cbc5b4d46ccac49810ac8aa82a9 191d7925385b4b4e98617719a392c101 - - 5fc05fd62f9c43a4bc952a7ca8a0634e 5fc05fd62f9c43a4bc952a7ca8a0634e] 199.204.45.25 "GET /resource_providers/7d233f33-f4d1-4eab-b7a8-a1f2cfb420be/allocations" status: 200 len: 440 microversion: 1.0 [pid: 8|app: 0|req: 599/1195] 199.204.45.25 () {32 vars in 856 bytes} [Mon Mar 9 14:51:13 2026] GET /resource_providers/7d233f33-f4d1-4eab-b7a8-a1f2cfb420be/allocations => generated 440 bytes in 17 msecs (HTTP/1.1 200) 6 headers in 224 bytes (1 switches on core 0)
2026-03-09 14:51:13.144 7 INFO placement.requestlog [req-beb99a3b-8b2f-41f7-a492-5bb595267729 req-79e45ffe-4ecf-42bb-81db-7556d8963990 cacb2cbc5b4d46ccac49810ac8aa82a9 191d7925385b4b4e98617719a392c101 - - 5fc05fd62f9c43a4bc952a7ca8a0634e 5fc05fd62f9c43a4bc952a7ca8a0634e] 199.204.45.25 "GET /resource_providers/7d233f33-f4d1-4eab-b7a8-a1f2cfb420be/allocations" status: 200 len: 440 microversion: 1.0 [pid: 7|app: 0|req: 597/1196] 199.204.45.25 () {32 vars in 856 bytes} [Mon Mar 9 14:51:13 2026] GET /resource_providers/7d233f33-f4d1-4eab-b7a8-a1f2cfb420be/allocations => generated 440 bytes in 16 msecs (HTTP/1.1 200) 6 headers in 224 bytes (1 switches on core 0)
2026-03-09 14:51:13.169 8 INFO placement.requestlog [req-beb99a3b-8b2f-41f7-a492-5bb595267729 req-da18a4ac-859c-406f-b224-42b6527fa9b7 cacb2cbc5b4d46ccac49810ac8aa82a9 191d7925385b4b4e98617719a392c101 - - 5fc05fd62f9c43a4bc952a7ca8a0634e 5fc05fd62f9c43a4bc952a7ca8a0634e] 199.204.45.25 "GET /allocations/7a985db4-a55f-43b8-8a80-ab312a05a7cf" status: 200 len: 258 microversion: 1.28 [pid: 8|app: 0|req: 600/1197] 199.204.45.25 () {34 vars in 862 bytes} [Mon Mar 9 14:51:13 2026] GET /allocations/7a985db4-a55f-43b8-8a80-ab312a05a7cf => generated 258 bytes in 14 msecs (HTTP/1.1 200) 8 headers in 296 bytes (1 switches on core 0)
2026-03-09 14:51:13.188 7 INFO placement.requestlog [req-beb99a3b-8b2f-41f7-a492-5bb595267729 req-566f4156-83f2-4024-809d-ff2522d4826e cacb2cbc5b4d46ccac49810ac8aa82a9 191d7925385b4b4e98617719a392c101 - - 5fc05fd62f9c43a4bc952a7ca8a0634e 5fc05fd62f9c43a4bc952a7ca8a0634e] 199.204.45.25 "GET /allocations/101cd2cd-4de9-4bbf-9322-02ceb029ac8e" status: 200 len: 258 microversion: 1.28 [pid: 7|app: 0|req: 598/1198] 199.204.45.25 () {34 vars in 862 bytes} [Mon Mar 9 14:51:13 2026] GET /allocations/101cd2cd-4de9-4bbf-9322-02ceb029ac8e => generated 258 bytes in 11 msecs (HTTP/1.1 200) 8 headers in 296 bytes (1 switches on core 0)
2026-03-09 14:51:13.207 8 INFO placement.requestlog [req-beb99a3b-8b2f-41f7-a492-5bb595267729 req-0ada63e1-e0ec-4754-bee6-3b40f816b30c cacb2cbc5b4d46ccac49810ac8aa82a9 191d7925385b4b4e98617719a392c101 - - 5fc05fd62f9c43a4bc952a7ca8a0634e 5fc05fd62f9c43a4bc952a7ca8a0634e] 199.204.45.25 "GET /allocations/44c518c1-f0d3-4d09-8676-35d5d24c29d6" status: 200 len: 258 microversion: 1.28 [pid: 8|app: 0|req: 601/1199] 199.204.45.25 () {34 vars in 862 bytes} [Mon Mar 9 14:51:13 2026] GET /allocations/44c518c1-f0d3-4d09-8676-35d5d24c29d6 => generated 258 bytes in 12 msecs (HTTP/1.1 200) 8 headers in 296 bytes (1 switches on core 0)
2026-03-09 14:51:13.226 7 INFO placement.requestlog [req-beb99a3b-8b2f-41f7-a492-5bb595267729 req-12605751-0194-4227-95bc-12f3e8db5e41 cacb2cbc5b4d46ccac49810ac8aa82a9 191d7925385b4b4e98617719a392c101 - - 5fc05fd62f9c43a4bc952a7ca8a0634e 5fc05fd62f9c43a4bc952a7ca8a0634e] 199.204.45.25 "GET /allocations/f4cb952c-039a-4bb9-909f-d87a62187413" status: 200 len: 245 microversion: 1.28 [pid: 7|app: 0|req: 599/1200] 199.204.45.25 () {34 vars in 862 bytes} [Mon Mar 9 14:51:13 2026] GET /allocations/f4cb952c-039a-4bb9-909f-d87a62187413 => generated 245 bytes in 15 msecs (HTTP/1.1 200) 8 headers in 296 bytes (1 switches on core 0)
2026-03-09 14:51:17.206 8 INFO placement.requestlog [None req-e45c5430-7326-42d5-9732-34808eee624e - - - - - -] 10.0.0.60 "GET /" status: 200 len: 136 microversion: 1.0
2026-03-09 14:51:17.206 7 INFO placement.requestlog [None req-b8a6e81d-e616-4769-a198-2c9bf5231f4e - - - - - -] 10.0.0.60 "GET /" status: 200 len: 136 microversion: 1.0
2026-03-09 14:51:22.534 8 INFO placement.requestlog [req-15065423-440f-4f4a-9b76-becc810ebe5c req-f4a2244a-4e70-4986-95ee-d6bb2a6240d4 cacb2cbc5b4d46ccac49810ac8aa82a9 191d7925385b4b4e98617719a392c101 - - 5fc05fd62f9c43a4bc952a7ca8a0634e 5fc05fd62f9c43a4bc952a7ca8a0634e] 10.0.0.236 "GET /allocation_candidates?limit=1000&resources=DISK_GB%3A1%2CMEMORY_MB%3A512%2CVCPU%3A1&root_required=%21COMPUTE_STATUS_DISABLED" status: 200 len: 2784 microversion: 1.36 [pid: 8|app: 0|req: 603/1203] 10.0.0.236 () {34 vars in 1012 bytes} [Mon Mar 9 14:51:22 2026] GET /allocation_candidates?limit=1000&resources=DISK_GB%3A1%2CMEMORY_MB%3A512%2CVCPU%3A1&root_required=%21COMPUTE_STATUS_DISABLED => generated 2784 bytes in 53 msecs (HTTP/1.1 200) 8 headers in 297 bytes (1 switches on core 0)
2026-03-09 14:51:22.574 7 INFO placement.requestlog [req-15065423-440f-4f4a-9b76-becc810ebe5c req-176c491e-9ed9-4e61-97eb-88d533faa2ab cacb2cbc5b4d46ccac49810ac8aa82a9 191d7925385b4b4e98617719a392c101 - - 5fc05fd62f9c43a4bc952a7ca8a0634e 5fc05fd62f9c43a4bc952a7ca8a0634e] 10.0.0.236 "GET /allocations/39c3110e-9bba-4fa0-87e3-d31f7e3ebf03" status: 200 len: 19 microversion: 1.28 [pid: 7|app: 0|req: 601/1204] 10.0.0.236 () {34 vars in 861 bytes} [Mon Mar 9 14:51:22 2026] GET /allocations/39c3110e-9bba-4fa0-87e3-d31f7e3ebf03 => generated 19 bytes in 13 msecs (HTTP/1.1 200) 8 headers in 295 bytes (1 switches on core 0)
2026-03-09 14:51:22.645 8 INFO placement.requestlog [req-15065423-440f-4f4a-9b76-becc810ebe5c req-42081747-c847-4180-8486-3bb8b9bb0590 cacb2cbc5b4d46ccac49810ac8aa82a9 191d7925385b4b4e98617719a392c101 - - 5fc05fd62f9c43a4bc952a7ca8a0634e 5fc05fd62f9c43a4bc952a7ca8a0634e] 10.0.0.236 "PUT /allocations/39c3110e-9bba-4fa0-87e3-d31f7e3ebf03" status: 204 len: 0 microversion: 1.36 [pid: 8|app: 0|req: 604/1205] 10.0.0.236 () {38 vars in 914 bytes} [Mon Mar 9 14:51:22 2026] PUT /allocations/39c3110e-9bba-4fa0-87e3-d31f7e3ebf03 => generated 0 bytes in 63 msecs (HTTP/1.1 204) 5 headers in 199 bytes (1 switches on core 0)
2026-03-09 14:51:24.152 7 INFO placement.requestlog [req-15065423-440f-4f4a-9b76-becc810ebe5c req-b19bdc10-97cd-4e25-9b86-49840ed20336 cacb2cbc5b4d46ccac49810ac8aa82a9 191d7925385b4b4e98617719a392c101 - - 5fc05fd62f9c43a4bc952a7ca8a0634e 5fc05fd62f9c43a4bc952a7ca8a0634e] 199.204.45.25 "GET /allocations/39c3110e-9bba-4fa0-87e3-d31f7e3ebf03" status: 200 len: 258 microversion: 1.28 [pid: 7|app: 0|req: 602/1206] 199.204.45.25 () {34 vars in 862 bytes} [Mon Mar 9 14:51:24 2026] GET /allocations/39c3110e-9bba-4fa0-87e3-d31f7e3ebf03 => generated 258 bytes in 10 msecs (HTTP/1.1 200) 8 headers in 296 bytes (1 switches on core 0)
2026-03-09 14:51:25.202 8 INFO placement.requestlog [req-15065423-440f-4f4a-9b76-becc810ebe5c req-36036750-84c2-4fae-8faf-b249e056dc2f cacb2cbc5b4d46ccac49810ac8aa82a9 191d7925385b4b4e98617719a392c101 - - 5fc05fd62f9c43a4bc952a7ca8a0634e 5fc05fd62f9c43a4bc952a7ca8a0634e] 199.204.45.25 "GET /resource_providers/7d233f33-f4d1-4eab-b7a8-a1f2cfb420be/allocations" status: 200 len: 540 microversion: 1.0 [pid: 8|app: 0|req: 605/1207] 199.204.45.25 () {32 vars in 856 bytes} [Mon Mar 9 14:51:25 2026] GET /resource_providers/7d233f33-f4d1-4eab-b7a8-a1f2cfb420be/allocations => generated 540 bytes in 29 msecs (HTTP/1.1 200) 6 headers in 224 bytes (1 switches on core 0)
2026-03-09 14:51:25.221 7 INFO placement.requestlog [req-15065423-440f-4f4a-9b76-becc810ebe5c req-b23f724a-34cf-4f8a-9b4d-2b856ff0030b cacb2cbc5b4d46ccac49810ac8aa82a9 191d7925385b4b4e98617719a392c101 - - 5fc05fd62f9c43a4bc952a7ca8a0634e 5fc05fd62f9c43a4bc952a7ca8a0634e] 199.204.45.25 "GET /allocations/39c3110e-9bba-4fa0-87e3-d31f7e3ebf03" status: 200 len: 258 microversion: 1.28 [pid: 7|app: 0|req: 603/1208] 199.204.45.25 () {34 vars in 862 bytes} [Mon Mar 9 14:51:25 2026] GET /allocations/39c3110e-9bba-4fa0-87e3-d31f7e3ebf03 => generated 258 bytes in 13 msecs (HTTP/1.1 200) 8 headers in 296 bytes (1 switches on core 0)
2026-03-09 14:51:25.239 8 INFO placement.requestlog [req-15065423-440f-4f4a-9b76-becc810ebe5c req-623ea8c0-bc9a-47b8-968f-722bbfb1e332 cacb2cbc5b4d46ccac49810ac8aa82a9 191d7925385b4b4e98617719a392c101 - - 5fc05fd62f9c43a4bc952a7ca8a0634e 5fc05fd62f9c43a4bc952a7ca8a0634e] 199.204.45.25 "GET /allocations/44c518c1-f0d3-4d09-8676-35d5d24c29d6" status: 200 len: 258 microversion: 1.28 [pid: 8|app: 0|req: 606/1209] 199.204.45.25 () {34 vars in 862 bytes} [Mon Mar 9 14:51:25 2026] GET /allocations/44c518c1-f0d3-4d09-8676-35d5d24c29d6 => generated 258 bytes in 14 msecs (HTTP/1.1 200) 8 headers in 296 bytes (1 switches on core 0)
2026-03-09 14:51:25.255 7 INFO placement.requestlog [req-15065423-440f-4f4a-9b76-becc810ebe5c req-0504a6ca-c6e3-437b-b99e-983e80fa7114 cacb2cbc5b4d46ccac49810ac8aa82a9 191d7925385b4b4e98617719a392c101 - - 5fc05fd62f9c43a4bc952a7ca8a0634e 5fc05fd62f9c43a4bc952a7ca8a0634e] 199.204.45.25 "GET /allocations/7a985db4-a55f-43b8-8a80-ab312a05a7cf" status: 200 len: 258 microversion: 1.28 [pid: 7|app: 0|req: 604/1210] 199.204.45.25 () {34 vars in 862 bytes} [Mon Mar 9 14:51:25 2026] GET /allocations/7a985db4-a55f-43b8-8a80-ab312a05a7cf => generated 258 bytes in 10 msecs (HTTP/1.1 200) 8 headers in 296 bytes (1 switches on core 0)
2026-03-09 14:51:25.277 8 INFO placement.requestlog [req-15065423-440f-4f4a-9b76-becc810ebe5c req-593e8b90-5ebf-49eb-a303-436e0fa0d8a3 cacb2cbc5b4d46ccac49810ac8aa82a9 191d7925385b4b4e98617719a392c101 - - 5fc05fd62f9c43a4bc952a7ca8a0634e 5fc05fd62f9c43a4bc952a7ca8a0634e] 199.204.45.25 "GET /allocations/101cd2cd-4de9-4bbf-9322-02ceb029ac8e" status: 200 len: 258 microversion: 1.28 [pid: 8|app: 0|req: 607/1211] 199.204.45.25 () {34 vars in 862 bytes} [Mon Mar 9 14:51:25 2026] GET /allocations/101cd2cd-4de9-4bbf-9322-02ceb029ac8e => generated 258 bytes in 16 msecs (HTTP/1.1 200) 8 headers in 296 bytes (1 switches on core 0)
2026-03-09 14:51:25.297 7 INFO placement.requestlog [req-15065423-440f-4f4a-9b76-becc810ebe5c req-888f18fc-4e58-4323-bf59-7184f3da1af4 cacb2cbc5b4d46ccac49810ac8aa82a9 191d7925385b4b4e98617719a392c101 - - 5fc05fd62f9c43a4bc952a7ca8a0634e 5fc05fd62f9c43a4bc952a7ca8a0634e] 199.204.45.25 "GET /allocations/f4cb952c-039a-4bb9-909f-d87a62187413" status: 200 len: 245 microversion: 1.28 [pid: 7|app: 0|req: 605/1212] 199.204.45.25 () {34 vars in 862 bytes} [Mon Mar 9 14:51:25 2026] GET /allocations/f4cb952c-039a-4bb9-909f-d87a62187413 => generated 245 bytes in 13 msecs (HTTP/1.1 200) 8 headers in 296 bytes (1 switches on core 0)
2026-03-09 14:51:25.698 8 INFO placement.requestlog [None req-f892a39f-c645-4368-9159-f93426988d10 73c04842adc04f659ac0641405833ddc 21a5c90188b54cd5a92a25fefbf7ffb5 - - default default] 10.0.0.227 "GET /resource_providers" status: 200 len: 406 microversion: 1.0 [pid: 8|app: 0|req: 608/1213] 10.0.0.227 () {28 vars in 593 bytes} [Mon Mar 9 14:51:25 2026] GET /resource_providers => generated 406 bytes in 200 msecs (HTTP/1.1 200) 6 headers in 224 bytes (1 switches on core 0)
2026-03-09 14:51:25.719 7 INFO placement.requestlog [None req-374cf162-e50a-441c-9572-dc7098bb47da 73c04842adc04f659ac0641405833ddc 21a5c90188b54cd5a92a25fefbf7ffb5 - - default default] 10.0.0.227 "GET /resource_providers/7d233f33-f4d1-4eab-b7a8-a1f2cfb420be/inventories" status: 200 len: 401 microversion: 1.0 [pid: 7|app: 0|req: 606/1214] 10.0.0.227 () {28 vars in 691 bytes} [Mon Mar 9 14:51:25 2026] GET /resource_providers/7d233f33-f4d1-4eab-b7a8-a1f2cfb420be/inventories => generated 401 bytes in 15 msecs (HTTP/1.1 200) 6 headers in 224 bytes (1 switches on core 0)
2026-03-09 14:51:25.741 8 INFO placement.requestlog [None req-074b7254-3b7d-444f-b4e6-02f5664387f9 73c04842adc04f659ac0641405833ddc 21a5c90188b54cd5a92a25fefbf7ffb5 - - default default] 10.0.0.227 "GET /resource_providers/7d233f33-f4d1-4eab-b7a8-a1f2cfb420be/usages" status: 200 len: 92 microversion: 1.0 [pid: 8|app: 0|req: 609/1215] 10.0.0.227 () {28 vars in 681 bytes} [Mon Mar 9 14:51:25 2026] GET /resource_providers/7d233f33-f4d1-4eab-b7a8-a1f2cfb420be/usages => generated 92 bytes in 17 msecs (HTTP/1.1 200) 6 headers in 223 bytes (1 switches on core 0)
2026-03-09 14:51:27.206 8 INFO placement.requestlog [None req-f4c504fd-2f6d-44fe-b68e-da9ea5921d61 - - - - - -] 10.0.0.60 "GET /" status: 200 len: 136 microversion: 1.0
2026-03-09 14:51:27.206 7 INFO placement.requestlog [None req-67abd2c9-2ed7-4e15-96f0-a4c860f6115a - - - - - -] 10.0.0.60 "GET /" status: 200 len: 136 microversion: 1.0
2026-03-09 14:51:37.207 8 INFO placement.requestlog [None req-73bf9b2f-2724-4dce-aac0-351c4172e4cd - - - - - -] 10.0.0.60 "GET /" status: 200 len: 136 microversion: 1.0
2026-03-09 14:51:37.208 7 INFO placement.requestlog [None req-b8908927-1f06-4eca-b5ff-195bef5ba5df - - - - - -] 10.0.0.60 "GET /" status: 200 len: 136 microversion: 1.0
2026-03-09 14:51:47.206 7 INFO placement.requestlog [None req-1170bfbe-637d-4903-869f-d68376ed62d3 - - - - - -] 10.0.0.60 "GET /" status: 200 len: 136 microversion: 1.0
2026-03-09 14:51:47.206 8 INFO placement.requestlog [None req-8113bc06-787a-45d0-98bb-ab02aed16dda - - - - - -] 10.0.0.60 "GET /" status: 200 len: 136 microversion: 1.0
2026-03-09 14:51:57.206 7 INFO placement.requestlog [None req-0badffe1-41de-45f4-99ba-44146417be8e - - - - - -] 10.0.0.60 "GET /" status: 200 len: 136 microversion: 1.0
2026-03-09 14:51:57.206 8 INFO placement.requestlog [None req-200a1712-10c4-4f28-8744-dab2c341ad35 - - - - - -] 10.0.0.60 "GET /" status: 200 len: 136 microversion: 1.0
2026-03-09 14:51:58.822 7 INFO placement.requestlog [req-99e19c69-d068-4e3d-98df-0147a542a3bd req-bb87acb7-fcea-4237-8da2-f4cb80c04ad7 cacb2cbc5b4d46ccac49810ac8aa82a9 191d7925385b4b4e98617719a392c101 - - 5fc05fd62f9c43a4bc952a7ca8a0634e 5fc05fd62f9c43a4bc952a7ca8a0634e] 199.204.45.25 "GET /resource_providers/7d233f33-f4d1-4eab-b7a8-a1f2cfb420be/allocations" status: 200 len: 540 microversion: 1.0 [pid: 7|app: 0|req: 611/1224] 199.204.45.25 () {32 vars in 856 bytes} [Mon Mar 9 14:51:58 2026] GET /resource_providers/7d233f33-f4d1-4eab-b7a8-a1f2cfb420be/allocations => generated 540 bytes in 15 msecs (HTTP/1.1 200) 6 headers in 224 bytes (1 switches on core 0)
2026-03-09 14:51:58.841 8 INFO placement.requestlog [req-99e19c69-d068-4e3d-98df-0147a542a3bd req-08cd6fd9-54b8-48a0-9b61-24511311aff7 cacb2cbc5b4d46ccac49810ac8aa82a9 191d7925385b4b4e98617719a392c101 - - 5fc05fd62f9c43a4bc952a7ca8a0634e 5fc05fd62f9c43a4bc952a7ca8a0634e] 199.204.45.25 "GET /allocations/39c3110e-9bba-4fa0-87e3-d31f7e3ebf03" status: 200 len: 258 microversion: 1.28 [pid: 8|app: 0|req: 614/1225] 199.204.45.25 () {34 vars in 862 bytes} [Mon Mar 9 14:51:58 2026] GET /allocations/39c3110e-9bba-4fa0-87e3-d31f7e3ebf03 => generated 258 bytes in 13 msecs (HTTP/1.1 200) 8 headers in 296 bytes (1 switches on core 0)
2026-03-09 14:51:58.858 7 INFO placement.requestlog [req-99e19c69-d068-4e3d-98df-0147a542a3bd req-3a00cbe5-cf7c-4a8f-868b-de5010ad1e86 cacb2cbc5b4d46ccac49810ac8aa82a9 191d7925385b4b4e98617719a392c101 - - 5fc05fd62f9c43a4bc952a7ca8a0634e 5fc05fd62f9c43a4bc952a7ca8a0634e] 199.204.45.25 "GET /allocations/44c518c1-f0d3-4d09-8676-35d5d24c29d6" status: 200 len: 258 microversion: 1.28 [pid: 7|app: 0|req: 612/1226] 199.204.45.25 () {34 vars in 862 bytes} [Mon Mar 9 14:51:58 2026] GET /allocations/44c518c1-f0d3-4d09-8676-35d5d24c29d6 => generated 258 bytes in 12 msecs (HTTP/1.1 200) 8 headers in 296 bytes (1 switches on core 0)
2026-03-09 14:51:58.876 8 INFO placement.requestlog [req-99e19c69-d068-4e3d-98df-0147a542a3bd req-3f036506-5a12-4504-a4f5-b7f09bce735d cacb2cbc5b4d46ccac49810ac8aa82a9 191d7925385b4b4e98617719a392c101 - - 5fc05fd62f9c43a4bc952a7ca8a0634e 5fc05fd62f9c43a4bc952a7ca8a0634e] 199.204.45.25 "GET /allocations/7a985db4-a55f-43b8-8a80-ab312a05a7cf" status: 200 len: 258 microversion: 1.28 [pid: 8|app: 0|req: 615/1227] 199.204.45.25 () {34 vars in 862 bytes} [Mon Mar 9 14:51:58 2026] GET /allocations/7a985db4-a55f-43b8-8a80-ab312a05a7cf => generated 258 bytes in 13 msecs (HTTP/1.1 200) 8 headers in 296 bytes (1 switches on core 0)
2026-03-09 14:51:58.897 7 INFO placement.requestlog [req-99e19c69-d068-4e3d-98df-0147a542a3bd req-30826ee1-46cc-47ba-86ba-40988a205770 cacb2cbc5b4d46ccac49810ac8aa82a9 191d7925385b4b4e98617719a392c101 - - 5fc05fd62f9c43a4bc952a7ca8a0634e 5fc05fd62f9c43a4bc952a7ca8a0634e] 199.204.45.25 "GET /allocations/101cd2cd-4de9-4bbf-9322-02ceb029ac8e" status: 200 len: 258 microversion: 1.28 [pid: 7|app: 0|req: 613/1228] 199.204.45.25 () {34 vars in 862 bytes} [Mon Mar 9 14:51:58 2026] GET /allocations/101cd2cd-4de9-4bbf-9322-02ceb029ac8e => generated 258 bytes in 14 msecs (HTTP/1.1 200) 8 headers in 296 bytes (1 switches on core 0)
2026-03-09 14:51:58.915 8 INFO placement.requestlog [req-99e19c69-d068-4e3d-98df-0147a542a3bd req-7543197b-f2a7-4f55-9816-86d25b130e0a cacb2cbc5b4d46ccac49810ac8aa82a9 191d7925385b4b4e98617719a392c101 - - 5fc05fd62f9c43a4bc952a7ca8a0634e 5fc05fd62f9c43a4bc952a7ca8a0634e] 199.204.45.25 "GET /allocations/f4cb952c-039a-4bb9-909f-d87a62187413" status: 200 len: 245 microversion: 1.28 [pid: 8|app: 0|req: 616/1229] 199.204.45.25 () {34 vars in 862 bytes} [Mon Mar 9 14:51:58 2026] GET /allocations/f4cb952c-039a-4bb9-909f-d87a62187413 => generated 245 bytes in 13 msecs (HTTP/1.1 200) 8 headers in 296 bytes (1 switches on core 0)
2026-03-09 14:51:59.970 7 INFO placement.requestlog [req-99e19c69-d068-4e3d-98df-0147a542a3bd req-c46bb867-9f84-4cc6-9147-93b04a449f04 cacb2cbc5b4d46ccac49810ac8aa82a9 191d7925385b4b4e98617719a392c101 - - 5fc05fd62f9c43a4bc952a7ca8a0634e 5fc05fd62f9c43a4bc952a7ca8a0634e] 199.204.45.25 "DELETE /allocations/39c3110e-9bba-4fa0-87e3-d31f7e3ebf03" status: 204 len: 0 microversion: 1.0 [pid: 7|app: 0|req: 614/1230] 199.204.45.25 () {34 vars in 840 bytes} [Mon Mar 9 14:51:59 2026] DELETE /allocations/39c3110e-9bba-4fa0-87e3-d31f7e3ebf03 => generated 0 bytes in 30 msecs (HTTP/1.1 204) 5 headers in 198 bytes (1 switches on core 0)
2026-03-09 14:52:05.942 8 INFO placement.requestlog [req-09a568bc-f6a5-4c7f-ba0c-9e4dd77675f6 req-f32b9527-d37b-479c-8359-db1cf917b28e cacb2cbc5b4d46ccac49810ac8aa82a9 191d7925385b4b4e98617719a392c101 - - 5fc05fd62f9c43a4bc952a7ca8a0634e 5fc05fd62f9c43a4bc952a7ca8a0634e] 199.204.45.25 "GET /resource_providers/7d233f33-f4d1-4eab-b7a8-a1f2cfb420be/allocations" status: 200 len: 440 microversion: 1.0 [pid: 8|app: 0|req: 617/1231] 199.204.45.25 () {32 vars in 856 bytes} [Mon Mar 9 14:52:05 2026] GET /resource_providers/7d233f33-f4d1-4eab-b7a8-a1f2cfb420be/allocations => generated 440 bytes in 16 msecs (HTTP/1.1 200) 6 headers in 224 bytes (1 switches on core 0)
2026-03-09 14:52:05.960 7 INFO placement.requestlog [req-09a568bc-f6a5-4c7f-ba0c-9e4dd77675f6 req-cd9dfc62-5053-4207-adac-eaa6c735ad2c cacb2cbc5b4d46ccac49810ac8aa82a9 191d7925385b4b4e98617719a392c101 - - 5fc05fd62f9c43a4bc952a7ca8a0634e 5fc05fd62f9c43a4bc952a7ca8a0634e] 199.204.45.25 "GET /allocations/7a985db4-a55f-43b8-8a80-ab312a05a7cf" status: 200 len: 258 microversion: 1.28 [pid: 7|app: 0|req: 615/1232] 199.204.45.25 () {34 vars in 862 bytes} [Mon Mar 9 14:52:05 2026] GET /allocations/7a985db4-a55f-43b8-8a80-ab312a05a7cf => generated 258 bytes in 11 msecs (HTTP/1.1 200) 8 headers in 296 bytes (1 switches on core 0)
2026-03-09 14:52:05.978 8 INFO placement.requestlog [req-09a568bc-f6a5-4c7f-ba0c-9e4dd77675f6 req-cc610449-e90d-46a7-ba0f-567e106e3da1 cacb2cbc5b4d46ccac49810ac8aa82a9 191d7925385b4b4e98617719a392c101 - - 5fc05fd62f9c43a4bc952a7ca8a0634e 5fc05fd62f9c43a4bc952a7ca8a0634e] 199.204.45.25 "GET /allocations/101cd2cd-4de9-4bbf-9322-02ceb029ac8e" status: 200 len: 258 microversion: 1.28 [pid: 8|app: 0|req: 618/1233] 199.204.45.25 () {34 vars in 862 bytes} [Mon Mar 9 14:52:05 2026] GET /allocations/101cd2cd-4de9-4bbf-9322-02ceb029ac8e => generated 258 bytes in 12 msecs (HTTP/1.1 200) 8 headers in 296 bytes (1 switches on core 0)
2026-03-09 14:52:05.993 7 INFO placement.requestlog [req-09a568bc-f6a5-4c7f-ba0c-9e4dd77675f6 req-05f963d2-6769-415b-aa47-46c5b3f0ce6f cacb2cbc5b4d46ccac49810ac8aa82a9 191d7925385b4b4e98617719a392c101 - - 5fc05fd62f9c43a4bc952a7ca8a0634e 5fc05fd62f9c43a4bc952a7ca8a0634e] 199.204.45.25 "GET /allocations/44c518c1-f0d3-4d09-8676-35d5d24c29d6" status: 200 len: 258 microversion: 1.28 [pid: 7|app: 0|req: 616/1234] 199.204.45.25 () {34 vars in 862 bytes} [Mon Mar 9 14:52:05 2026] GET /allocations/44c518c1-f0d3-4d09-8676-35d5d24c29d6 => generated 258 bytes in 10 msecs (HTTP/1.1 200) 8 headers in 296 bytes (1 switches on core 0)
2026-03-09 14:52:06.011 8 INFO placement.requestlog [req-09a568bc-f6a5-4c7f-ba0c-9e4dd77675f6 req-48e2130c-a23f-4ed6-b6ca-1dedd4b49d8e cacb2cbc5b4d46ccac49810ac8aa82a9 191d7925385b4b4e98617719a392c101 - - 5fc05fd62f9c43a4bc952a7ca8a0634e 5fc05fd62f9c43a4bc952a7ca8a0634e] 199.204.45.25 "GET /allocations/f4cb952c-039a-4bb9-909f-d87a62187413" status: 200 len: 245 microversion: 1.28 [pid: 8|app: 0|req: 619/1235] 199.204.45.25 () {34 vars in 862 bytes} [Mon Mar 9 14:52:05 2026] GET /allocations/f4cb952c-039a-4bb9-909f-d87a62187413 => generated 245 bytes in 13 msecs (HTTP/1.1 200) 8 headers in 296 bytes (1 switches on core 0)
2026-03-09 14:52:07.058 7 INFO placement.requestlog [req-09a568bc-f6a5-4c7f-ba0c-9e4dd77675f6 req-93717167-def6-45ee-bc8a-9473df3f58de cacb2cbc5b4d46ccac49810ac8aa82a9 191d7925385b4b4e98617719a392c101 - - 5fc05fd62f9c43a4bc952a7ca8a0634e 5fc05fd62f9c43a4bc952a7ca8a0634e] 199.204.45.25 "DELETE /allocations/7a985db4-a55f-43b8-8a80-ab312a05a7cf" status: 204 len: 0 microversion: 1.0 [pid: 7|app: 0|req: 617/1236] 199.204.45.25 () {34 vars in 840 bytes} [Mon Mar 9 14:52:07 2026] DELETE /allocations/7a985db4-a55f-43b8-8a80-ab312a05a7cf => generated 0 bytes in 24 msecs (HTTP/1.1 204) 5 headers in 198 bytes (1 switches on core 0)
2026-03-09 14:52:07.206 8 INFO placement.requestlog [None req-f7e0e168-75cc-4e90-81b5-1f548d07eb1b - - - - - -] 10.0.0.60 "GET /" status: 200 len: 136 microversion: 1.0
2026-03-09 14:52:07.209 7 INFO placement.requestlog [None req-38624421-9272-499c-a9c7-0b37d9184506 - - - - - -] 10.0.0.60 "GET /" status: 200 len: 136 microversion: 1.0
2026-03-09 14:52:10.435 8 INFO placement.requestlog [None req-83c556de-7b52-4cb7-83a8-3675aed08843 9613f713a9ea491d8d378788e608363a 191d7925385b4b4e98617719a392c101 - - 5fc05fd62f9c43a4bc952a7ca8a0634e 5fc05fd62f9c43a4bc952a7ca8a0634e] 10.0.0.3 "GET /resource_providers/1d31a47c-3980-4158-a46d-f3b2096693af/aggregates" status: 404 len: 235 microversion: 1.1 [pid: 8|app: 0|req: 621/1239] 10.0.0.3 () {32 vars in 814 bytes} [Mon Mar 9 14:52:10 2026] GET /resource_providers/1d31a47c-3980-4158-a46d-f3b2096693af/aggregates => generated 235 bytes in 39 msecs (HTTP/1.1 404) 5 headers in 202 bytes (1 switches on core 0)
2026-03-09 14:52:10.463 8 INFO placement.requestlog [None req-f5b5b0bd-2f9d-4b85-a192-d337c8a5bee8 9613f713a9ea491d8d378788e608363a 191d7925385b4b4e98617719a392c101 - - 5fc05fd62f9c43a4bc952a7ca8a0634e 5fc05fd62f9c43a4bc952a7ca8a0634e] 10.0.0.3 "DELETE /resource_providers/1d31a47c-3980-4158-a46d-f3b2096693af" status: 404 len: 246 microversion: 1.1 [pid: 8|app: 0|req: 622/1240] 10.0.0.3 () {34 vars in 814 bytes} [Mon Mar 9 14:52:10 2026] DELETE /resource_providers/1d31a47c-3980-4158-a46d-f3b2096693af => generated 246 bytes in 11 msecs (HTTP/1.1 404) 6 headers in 231 bytes (1 switches on core 0)
2026-03-09 14:52:10.463 7 INFO placement.requestlog [None req-f3138068-3889-4487-92ba-77a1aab2f1b1 9613f713a9ea491d8d378788e608363a 191d7925385b4b4e98617719a392c101 - - 5fc05fd62f9c43a4bc952a7ca8a0634e 5fc05fd62f9c43a4bc952a7ca8a0634e] 10.0.0.3 "GET /resource_providers/1d31a47c-3980-4158-a46d-f3b2096693af/aggregates" status: 404 len: 235 microversion: 1.1 [pid: 7|app: 0|req: 619/1241] 10.0.0.3 () {32 vars in 814 bytes} [Mon Mar 9 14:52:10 2026] GET /resource_providers/1d31a47c-3980-4158-a46d-f3b2096693af/aggregates => generated 235 bytes in 63 msecs (HTTP/1.1 404) 5 headers in 202 bytes (1 switches on core 0)
2026-03-09 14:52:10.477 8 INFO placement.requestlog [None req-eff5f015-18d6-4926-9b51-dfbfa562f8bd 9613f713a9ea491d8d378788e608363a 191d7925385b4b4e98617719a392c101 - - 5fc05fd62f9c43a4bc952a7ca8a0634e 5fc05fd62f9c43a4bc952a7ca8a0634e] 10.0.0.3 "DELETE /resource_providers/1d31a47c-3980-4158-a46d-f3b2096693af" status: 404 len: 246 microversion: 1.1 [pid: 8|app: 0|req: 623/1242] 10.0.0.3 () {34 vars in 814 bytes} [Mon Mar 9 14:52:10 2026] DELETE /resource_providers/1d31a47c-3980-4158-a46d-f3b2096693af => generated 246 bytes in 7 msecs (HTTP/1.1 404) 6 headers in 231 bytes (1 switches on core 0)
2026-03-09 14:52:10.712 8 INFO placement.requestlog [None req-a96b6b52-7c6b-412c-9ca3-6b901f7e162f 9613f713a9ea491d8d378788e608363a 191d7925385b4b4e98617719a392c101 - - 5fc05fd62f9c43a4bc952a7ca8a0634e 5fc05fd62f9c43a4bc952a7ca8a0634e] 10.0.0.3 "GET /resource_providers/2edea75c-ca49-42a8-914f-7dbb59d3a84f/aggregates" status: 404 len: 235 microversion: 1.1 [pid: 8|app: 0|req: 624/1243] 10.0.0.3 () {32 vars in 814 bytes} [Mon Mar 9 14:52:10 2026] GET /resource_providers/2edea75c-ca49-42a8-914f-7dbb59d3a84f/aggregates => generated 235 bytes in 50 msecs (HTTP/1.1 404) 5 headers in 202 bytes (1 switches on core 0)
2026-03-09 14:52:10.715 7 INFO placement.requestlog [None req-a3f4edce-b614-43da-9237-4e8e311dcc24 9613f713a9ea491d8d378788e608363a 191d7925385b4b4e98617719a392c101 - - 5fc05fd62f9c43a4bc952a7ca8a0634e 5fc05fd62f9c43a4bc952a7ca8a0634e] 10.0.0.3 "GET /resource_providers/2edea75c-ca49-42a8-914f-7dbb59d3a84f/aggregates" status: 404 len: 235 microversion: 1.1 [pid: 7|app: 0|req: 620/1244] 10.0.0.3 () {32 vars in 814 bytes} [Mon Mar 9 14:52:10 2026] GET /resource_providers/2edea75c-ca49-42a8-914f-7dbb59d3a84f/aggregates => generated 235 bytes in 53 msecs (HTTP/1.1 404) 5 headers in 202 bytes (1 switches on core 0)
2026-03-09 14:52:10.738 8 INFO placement.requestlog [None req-3688e7f7-1fbb-4035-9a71-97ba763d5ced 9613f713a9ea491d8d378788e608363a 191d7925385b4b4e98617719a392c101 - - 5fc05fd62f9c43a4bc952a7ca8a0634e 5fc05fd62f9c43a4bc952a7ca8a0634e] 10.0.0.3 "DELETE /resource_providers/2edea75c-ca49-42a8-914f-7dbb59d3a84f" status: 404 len: 246 microversion: 1.1 [pid: 8|app: 0|req: 625/1245] 10.0.0.3 () {34 vars in 814 bytes} [Mon Mar 9 14:52:10 2026] DELETE /resource_providers/2edea75c-ca49-42a8-914f-7dbb59d3a84f => generated 246 bytes in 16 msecs (HTTP/1.1 404) 6 headers in 231 bytes (1 switches on core 0)
2026-03-09 14:52:10.743 7 INFO placement.requestlog [None req-8673f970-8057-46e0-b866-54415ce7c543 9613f713a9ea491d8d378788e608363a 191d7925385b4b4e98617719a392c101 - - 5fc05fd62f9c43a4bc952a7ca8a0634e 5fc05fd62f9c43a4bc952a7ca8a0634e] 10.0.0.3 "DELETE /resource_providers/2edea75c-ca49-42a8-914f-7dbb59d3a84f" status: 404 len: 246 microversion: 1.1 [pid: 7|app: 0|req: 621/1246] 10.0.0.3 () {34 vars in 814 bytes} [Mon Mar 9 14:52:10 2026] DELETE /resource_providers/2edea75c-ca49-42a8-914f-7dbb59d3a84f => generated 246 bytes in 12 msecs (HTTP/1.1 404) 6 headers in 231 bytes (1 switches on core 0)
2026-03-09 14:52:13.771 8 INFO placement.requestlog [req-674718c1-abfe-4db4-bbbb-94d124b684d2 req-6bdc488c-7878-4adc-81a8-378ffb876289 cacb2cbc5b4d46ccac49810ac8aa82a9 191d7925385b4b4e98617719a392c101 - - 5fc05fd62f9c43a4bc952a7ca8a0634e 5fc05fd62f9c43a4bc952a7ca8a0634e] 199.204.45.25 "GET /resource_providers/7d233f33-f4d1-4eab-b7a8-a1f2cfb420be/allocations" status: 200 len: 340 microversion: 1.0 [pid: 8|app: 0|req: 626/1247] 199.204.45.25 () {32 vars in 856 bytes} [Mon Mar 9 14:52:13 2026] GET /resource_providers/7d233f33-f4d1-4eab-b7a8-a1f2cfb420be/allocations => generated 340 bytes in 20 msecs (HTTP/1.1 200) 6 headers in 224 bytes (1 switches on core 0)
2026-03-09 14:52:13.793 7 INFO placement.requestlog [req-674718c1-abfe-4db4-bbbb-94d124b684d2 req-687a554d-7b85-4b23-ac6a-5ac4f5d8de45 cacb2cbc5b4d46ccac49810ac8aa82a9 191d7925385b4b4e98617719a392c101 - - 5fc05fd62f9c43a4bc952a7ca8a0634e 5fc05fd62f9c43a4bc952a7ca8a0634e] 199.204.45.25 "GET /resource_providers/7d233f33-f4d1-4eab-b7a8-a1f2cfb420be/allocations" status: 200 len: 340 microversion: 1.0 [pid: 7|app: 0|req: 622/1248] 199.204.45.25 () {32 vars in 856 bytes} [Mon Mar 9 14:52:13 2026] GET /resource_providers/7d233f33-f4d1-4eab-b7a8-a1f2cfb420be/allocations => generated 340 bytes in 13 msecs (HTTP/1.1 200) 6 headers in 224 bytes (1 switches on core 0)
2026-03-09 14:52:13.811 8 INFO placement.requestlog [req-674718c1-abfe-4db4-bbbb-94d124b684d2 req-c969a6c2-8f29-4f59-9cc1-273be9ee4aea cacb2cbc5b4d46ccac49810ac8aa82a9 191d7925385b4b4e98617719a392c101 - - 5fc05fd62f9c43a4bc952a7ca8a0634e 5fc05fd62f9c43a4bc952a7ca8a0634e] 199.204.45.25 "GET /allocations/101cd2cd-4de9-4bbf-9322-02ceb029ac8e" status: 200 len: 258 microversion: 1.28 [pid: 8|app: 0|req: 627/1249] 199.204.45.25 () {34 vars in 862 bytes} [Mon Mar 9 14:52:13 2026] GET /allocations/101cd2cd-4de9-4bbf-9322-02ceb029ac8e => generated 258 bytes in 13 msecs (HTTP/1.1 200) 8 headers in 296 bytes (1 switches on core 0)
2026-03-09 14:52:13.827 7 INFO placement.requestlog [req-674718c1-abfe-4db4-bbbb-94d124b684d2 req-97125714-1f5e-4a76-94da-0e30bb8bd4c5 cacb2cbc5b4d46ccac49810ac8aa82a9 191d7925385b4b4e98617719a392c101 - - 5fc05fd62f9c43a4bc952a7ca8a0634e 5fc05fd62f9c43a4bc952a7ca8a0634e] 199.204.45.25 "GET /allocations/44c518c1-f0d3-4d09-8676-35d5d24c29d6" status: 200 len: 258 microversion: 1.28 [pid: 7|app: 0|req: 623/1250] 199.204.45.25 () {34 vars in 862 bytes} [Mon Mar 9 14:52:13 2026] GET /allocations/44c518c1-f0d3-4d09-8676-35d5d24c29d6 => generated 258 bytes in 9 msecs (HTTP/1.1 200) 8 headers in 296 bytes (1 switches on core 0)
2026-03-09 14:52:13.843 8 INFO placement.requestlog [req-674718c1-abfe-4db4-bbbb-94d124b684d2 req-152b7aa0-0df0-4537-8073-85ff185276d1 cacb2cbc5b4d46ccac49810ac8aa82a9 191d7925385b4b4e98617719a392c101 - - 5fc05fd62f9c43a4bc952a7ca8a0634e 5fc05fd62f9c43a4bc952a7ca8a0634e] 199.204.45.25 "GET /allocations/f4cb952c-039a-4bb9-909f-d87a62187413" status: 200 len: 245 microversion: 1.28 [pid: 8|app: 0|req: 628/1251] 199.204.45.25 () {34 vars in 862 bytes} [Mon Mar 9 14:52:13 2026] GET /allocations/f4cb952c-039a-4bb9-909f-d87a62187413 => generated 245 bytes in 13 msecs (HTTP/1.1 200) 8 headers in 296 bytes (1 switches on core 0)
2026-03-09 14:52:17.205 7 INFO placement.requestlog [None req-5daaa05c-a9ca-4df7-8d4a-a26bc9f95816 - - - - - -] 10.0.0.60 "GET /" status: 200 len: 136 microversion: 1.0
2026-03-09 14:52:17.205 8 INFO placement.requestlog [None req-1ef56252-69c0-42bb-bd43-a4b056e97adb - - - - - -] 10.0.0.60 "GET /" status: 200 len: 136 microversion: 1.0
2026-03-09 14:52:25.890 8 INFO placement.requestlog [None req-9b13823b-4841-498a-9bed-ca94b22f14f7 73c04842adc04f659ac0641405833ddc 21a5c90188b54cd5a92a25fefbf7ffb5 - - default default] 10.0.0.227 "GET /resource_providers" status: 200 len: 406 microversion: 1.0 [pid: 8|app: 0|req: 630/1254] 10.0.0.227 () {28 vars in 593 bytes} [Mon Mar 9 14:52:25 2026] GET /resource_providers => generated 406 bytes in 146 msecs (HTTP/1.1 200) 6 headers in 224 bytes (1 switches on core 0)
2026-03-09 14:52:25.915 7 INFO placement.requestlog [None req-4d2fc78d-a325-48b7-893e-bb32e79bc8f9 73c04842adc04f659ac0641405833ddc 21a5c90188b54cd5a92a25fefbf7ffb5 - - default default] 10.0.0.227 "GET /resource_providers/7d233f33-f4d1-4eab-b7a8-a1f2cfb420be/inventories" status: 200 len: 401 microversion: 1.0 [pid: 7|app: 0|req: 625/1255] 10.0.0.227 () {28 vars in 691 bytes} [Mon Mar 9 14:52:25 2026] GET /resource_providers/7d233f33-f4d1-4eab-b7a8-a1f2cfb420be/inventories => generated 401 bytes in 15 msecs (HTTP/1.1 200) 6 headers in 224 bytes (1 switches on core 0)
2026-03-09 14:52:25.936 8 INFO placement.requestlog [None req-5366745d-4271-493c-a4b2-b31b92f3ddaf 73c04842adc04f659ac0641405833ddc 21a5c90188b54cd5a92a25fefbf7ffb5 - - default default] 10.0.0.227 "GET /resource_providers/7d233f33-f4d1-4eab-b7a8-a1f2cfb420be/usages" status: 200 len: 92 microversion: 1.0 [pid: 8|app: 0|req: 631/1256] 10.0.0.227 () {28 vars in 681 bytes} [Mon Mar 9 14:52:25 2026] GET /resource_providers/7d233f33-f4d1-4eab-b7a8-a1f2cfb420be/usages => generated 92 bytes in 18 msecs (HTTP/1.1 200) 6 headers in 223 bytes (1 switches on core 0)
2026-03-09 14:52:27.206 8 INFO placement.requestlog [None req-082120d2-902b-4e03-8e84-12303c489db0 - - - - - -] 10.0.0.60 "GET /" status: 200 len: 136 microversion: 1.0
2026-03-09 14:52:27.206 7 INFO placement.requestlog [None req-a3a284cd-2737-42f1-a9e5-08f8e11ba901 - - - - - -] 10.0.0.60 "GET /" status: 200 len: 136 microversion: 1.0
2026-03-09 14:52:32.165 8 INFO placement.requestlog [None req-258049c6-285a-47bb-9443-0b158f692816 9613f713a9ea491d8d378788e608363a 191d7925385b4b4e98617719a392c101 - - 5fc05fd62f9c43a4bc952a7ca8a0634e 5fc05fd62f9c43a4bc952a7ca8a0634e] 10.0.0.3 "GET /resource_providers/09b2c95d-cf97-40f7-89d5-2db019b15554/aggregates" status: 404 len: 235 microversion: 1.1 [pid: 8|app: 0|req: 633/1259] 10.0.0.3 () {32 vars in 814 bytes} [Mon Mar 9 14:52:32 2026] GET /resource_providers/09b2c95d-cf97-40f7-89d5-2db019b15554/aggregates => generated 235 bytes in 10 msecs (HTTP/1.1 404) 5 headers in 202 bytes (1 switches on core 0)
2026-03-09 14:52:32.169 7 INFO placement.requestlog [None req-5bb38395-9128-4f10-8b98-8b99990c3811 9613f713a9ea491d8d378788e608363a 191d7925385b4b4e98617719a392c101 - - 5fc05fd62f9c43a4bc952a7ca8a0634e 5fc05fd62f9c43a4bc952a7ca8a0634e] 10.0.0.3 "GET /resource_providers/09b2c95d-cf97-40f7-89d5-2db019b15554/aggregates" status: 404 len: 235 microversion: 1.1 [pid: 7|app: 0|req: 627/1260] 10.0.0.3 () {32 vars in 814 bytes} [Mon Mar 9 14:52:32 2026] GET /resource_providers/09b2c95d-cf97-40f7-89d5-2db019b15554/aggregates => generated 235 bytes in 10 msecs (HTTP/1.1 404) 5 headers in 202 bytes (1 switches on core 0)
2026-03-09 14:52:32.185 8 INFO placement.requestlog [None req-a57b5522-c770-4437-bf83-f198d6688465 9613f713a9ea491d8d378788e608363a 191d7925385b4b4e98617719a392c101 - - 5fc05fd62f9c43a4bc952a7ca8a0634e 5fc05fd62f9c43a4bc952a7ca8a0634e] 10.0.0.3 "DELETE /resource_providers/09b2c95d-cf97-40f7-89d5-2db019b15554" status: 404 len: 246 microversion: 1.1 [pid: 8|app: 0|req: 634/1261] 10.0.0.3 () {34 vars in 814 bytes} [Mon Mar 9 14:52:32 2026] DELETE /resource_providers/09b2c95d-cf97-40f7-89d5-2db019b15554 => generated 246 bytes in 8 msecs (HTTP/1.1 404) 6 headers in 231 bytes (1 switches on core 0)
2026-03-09 14:52:32.192 7 INFO placement.requestlog [None req-633f5f30-4fda-4002-9200-c1498210b349 9613f713a9ea491d8d378788e608363a 191d7925385b4b4e98617719a392c101 - - 5fc05fd62f9c43a4bc952a7ca8a0634e 5fc05fd62f9c43a4bc952a7ca8a0634e] 10.0.0.3 "DELETE /resource_providers/09b2c95d-cf97-40f7-89d5-2db019b15554" status: 404 len: 246 microversion: 1.1 [pid: 7|app: 0|req: 628/1262] 10.0.0.3 () {34 vars in 814 bytes} [Mon Mar 9 14:52:32 2026] DELETE /resource_providers/09b2c95d-cf97-40f7-89d5-2db019b15554 => generated 246 bytes in 11 msecs (HTTP/1.1 404) 6 headers in 231 bytes (1 switches on core 0)
2026-03-09 14:52:37.206 7 INFO placement.requestlog [None req-e9e6183b-8e9f-4486-b766-c2ac72765bc3 - - - - - -] 10.0.0.60 "GET /" status: 200 len: 136 microversion: 1.0
2026-03-09 14:52:37.206 8 INFO placement.requestlog [None req-d21b11c6-f7ba-4daf-9b38-aacb41858b9b - - - - - -] 10.0.0.60 "GET /" status: 200 len: 136 microversion: 1.0
2026-03-09 14:52:38.948 7 INFO placement.requestlog [None req-09be4b0b-dbcc-4f6e-8836-1a5e038c7fb0 9613f713a9ea491d8d378788e608363a 191d7925385b4b4e98617719a392c101 - - 5fc05fd62f9c43a4bc952a7ca8a0634e 5fc05fd62f9c43a4bc952a7ca8a0634e] 10.0.0.3 "GET /resource_providers/b4e6d4d7-eb0c-4002-9fa6-12aa09539090/aggregates" status: 404 len: 235 microversion: 1.1 [pid: 7|app: 0|req: 630/1265] 10.0.0.3 () {32 vars in 814 bytes} [Mon Mar 9 14:52:38 2026] GET /resource_providers/b4e6d4d7-eb0c-4002-9fa6-12aa09539090/aggregates => generated 235 bytes in 12 msecs (HTTP/1.1 404) 5 headers in 202 bytes (1 switches on core 0)
2026-03-09 14:52:38.952 8 INFO placement.requestlog [None req-a1cf4eb2-981c-48ca-a8ab-f47c2e3a9c5c 9613f713a9ea491d8d378788e608363a 191d7925385b4b4e98617719a392c101 - - 5fc05fd62f9c43a4bc952a7ca8a0634e 5fc05fd62f9c43a4bc952a7ca8a0634e] 10.0.0.3 "GET /resource_providers/b4e6d4d7-eb0c-4002-9fa6-12aa09539090/aggregates" status: 404 len: 235 microversion: 1.1 [pid: 8|app: 0|req: 636/1266] 10.0.0.3 () {32 vars in 814 bytes} [Mon Mar 9 14:52:38 2026] GET /resource_providers/b4e6d4d7-eb0c-4002-9fa6-12aa09539090/aggregates => generated 235 bytes in 12 msecs (HTTP/1.1 404) 5 headers in 202 bytes (1 switches on core 0)
2026-03-09 14:52:38.971 7 INFO placement.requestlog [None req-ca47c504-8a68-4e18-828d-9c42419a9096 9613f713a9ea491d8d378788e608363a 191d7925385b4b4e98617719a392c101 - - 5fc05fd62f9c43a4bc952a7ca8a0634e 5fc05fd62f9c43a4bc952a7ca8a0634e] 10.0.0.3 "DELETE /resource_providers/b4e6d4d7-eb0c-4002-9fa6-12aa09539090" status: 404 len: 246 microversion: 1.1 [pid: 7|app: 0|req: 631/1267] 10.0.0.3 () {34 vars in 814 bytes} [Mon Mar 9 14:52:38 2026] DELETE /resource_providers/b4e6d4d7-eb0c-4002-9fa6-12aa09539090 => generated 246 bytes in 11 msecs (HTTP/1.1 404) 6 headers in 231 bytes (1 switches on core 0)
2026-03-09 14:52:38.974 8 INFO placement.requestlog [None req-4857fd89-04c9-4e4f-bcf3-564d57f7b340 9613f713a9ea491d8d378788e608363a 191d7925385b4b4e98617719a392c101 - - 5fc05fd62f9c43a4bc952a7ca8a0634e 5fc05fd62f9c43a4bc952a7ca8a0634e] 10.0.0.3 "DELETE /resource_providers/b4e6d4d7-eb0c-4002-9fa6-12aa09539090" status: 404 len: 246 microversion: 1.1 [pid: 8|app: 0|req: 637/1268] 10.0.0.3 () {34 vars in 814 bytes} [Mon Mar 9 14:52:38 2026] DELETE /resource_providers/b4e6d4d7-eb0c-4002-9fa6-12aa09539090 => generated 246 bytes in 11 msecs (HTTP/1.1 404) 6 headers in 231 bytes (1 switches on core 0)
2026-03-09 14:52:47.207 8 INFO placement.requestlog [None req-6531b418-9ff7-40a4-aa77-bb0c9aec1249 - - - - - -] 10.0.0.60 "GET /" status: 200 len: 136 microversion: 1.0
2026-03-09 14:52:47.207 7 INFO placement.requestlog [None req-08e9d80c-91cd-480d-84d7-ab8fce782393 - - - - - -] 10.0.0.60 "GET /" status: 200 len: 136 microversion: 1.0
2026-03-09 14:52:57.206 7 INFO placement.requestlog [None req-1b65e822-4901-45e0-8776-c42c4e2dc114 - - - - - -] 10.0.0.60 "GET /" status: 200 len: 136 microversion: 1.0
2026-03-09 14:52:57.206 8 INFO placement.requestlog [None req-165701cd-acde-4907-b457-013d0b793294 - - - - - -] 10.0.0.60 "GET /" status: 200 len: 136 microversion: 1.0
2026-03-09 14:53:07.206 7 INFO placement.requestlog [None req-04605d54-9f29-4bb3-b0fe-78aa22ecdc2b - - - - - -] 10.0.0.60 "GET /" status: 200 len: 136 microversion: 1.0
2026-03-09 14:53:07.206 8 INFO placement.requestlog [None req-2ed4e0db-4362-41a8-a3da-12feb05b9b25 - - - - - -] 10.0.0.60 "GET /" status: 200 len: 136 microversion: 1.0
2026-03-09 14:53:13.999 7 INFO placement.requestlog [req-51cce5cf-aaca-4136-a243-4a2b81e05052 req-233916dc-5ee8-4955-88df-94137610bead cacb2cbc5b4d46ccac49810ac8aa82a9 191d7925385b4b4e98617719a392c101 - - 5fc05fd62f9c43a4bc952a7ca8a0634e 5fc05fd62f9c43a4bc952a7ca8a0634e] 199.204.45.25 "GET /resource_providers/7d233f33-f4d1-4eab-b7a8-a1f2cfb420be/allocations" status: 200 len: 340 microversion: 1.0 [pid: 7|app: 0|req: 635/1275] 199.204.45.25 () {32 vars in 856 bytes} [Mon Mar 9 14:53:13 2026] GET /resource_providers/7d233f33-f4d1-4eab-b7a8-a1f2cfb420be/allocations => generated 340 bytes in 141 msecs (HTTP/1.1 200) 6 headers in 224 bytes (1 switches on core 0)
2026-03-09 14:53:14.023 8 INFO placement.requestlog [req-51cce5cf-aaca-4136-a243-4a2b81e05052 req-7aefca5d-ad14-4159-a143-d7ddf3d929da cacb2cbc5b4d46ccac49810ac8aa82a9 191d7925385b4b4e98617719a392c101 - - 5fc05fd62f9c43a4bc952a7ca8a0634e 5fc05fd62f9c43a4bc952a7ca8a0634e] 199.204.45.25 "GET /resource_providers?in_tree=7d233f33-f4d1-4eab-b7a8-a1f2cfb420be" status: 200 len: 798 microversion: 1.14 [pid: 8|app: 0|req: 641/1276] 199.204.45.25 () {34 vars in 891 bytes} [Mon Mar 9 14:53:14 2026] GET /resource_providers?in_tree=7d233f33-f4d1-4eab-b7a8-a1f2cfb420be => generated 798 bytes in 15 msecs (HTTP/1.1 200) 6 headers in 225 bytes (1 switches on core 0)
2026-03-09 14:53:14.048 7 INFO placement.requestlog [req-51cce5cf-aaca-4136-a243-4a2b81e05052 req-6f3b9917-049e-48ef-87f7-e58bf0637f04 cacb2cbc5b4d46ccac49810ac8aa82a9 191d7925385b4b4e98617719a392c101 - - 5fc05fd62f9c43a4bc952a7ca8a0634e 5fc05fd62f9c43a4bc952a7ca8a0634e] 199.204.45.25 "GET /resource_providers/7d233f33-f4d1-4eab-b7a8-a1f2cfb420be/inventories" status: 200 len: 401 microversion: 1.0 [pid: 7|app: 0|req: 636/1277] 199.204.45.25 () {32 vars in 856 bytes} [Mon Mar 9 14:53:14 2026] GET /resource_providers/7d233f33-f4d1-4eab-b7a8-a1f2cfb420be/inventories => generated 401 bytes in 15 msecs (HTTP/1.1 200) 6 headers in 224 bytes (1 switches on core 0)
2026-03-09 14:53:14.064 8 INFO placement.requestlog [req-51cce5cf-aaca-4136-a243-4a2b81e05052 req-c713074b-c081-4729-af76-35ae218e9f15 cacb2cbc5b4d46ccac49810ac8aa82a9 191d7925385b4b4e98617719a392c101 - - 5fc05fd62f9c43a4bc952a7ca8a0634e 5fc05fd62f9c43a4bc952a7ca8a0634e] 199.204.45.25 "GET /resource_providers/7d233f33-f4d1-4eab-b7a8-a1f2cfb420be/aggregates" status: 200 len: 54 microversion: 1.19 [pid: 8|app: 0|req: 642/1278] 199.204.45.25 () {34 vars in 898 bytes} [Mon Mar 9 14:53:14 2026] GET /resource_providers/7d233f33-f4d1-4eab-b7a8-a1f2cfb420be/aggregates => generated 54 bytes in 13 msecs (HTTP/1.1 200) 8 headers in 295 bytes (1 switches on core 0)
2026-03-09 14:53:14.089 7 INFO placement.requestlog [req-51cce5cf-aaca-4136-a243-4a2b81e05052 req-5901d36e-5d19-40b1-adce-a60d4edfeb8d cacb2cbc5b4d46ccac49810ac8aa82a9 191d7925385b4b4e98617719a392c101 - - 5fc05fd62f9c43a4bc952a7ca8a0634e 5fc05fd62f9c43a4bc952a7ca8a0634e] 199.204.45.25 "GET /resource_providers/7d233f33-f4d1-4eab-b7a8-a1f2cfb420be/traits" status: 200 len: 2317 microversion: 1.6 [pid: 7|app: 0|req: 637/1279] 199.204.45.25 () {34 vars in 889 bytes} [Mon Mar 9 14:53:14 2026] GET /resource_providers/7d233f33-f4d1-4eab-b7a8-a1f2cfb420be/traits => generated 2317 bytes in 21 msecs (HTTP/1.1 200) 6 headers in 225 bytes (1 switches on core 0)
2026-03-09 14:53:14.109 8 INFO placement.requestlog [req-51cce5cf-aaca-4136-a243-4a2b81e05052 req-d80eb157-dc46-455a-b5d2-36f97d066763 cacb2cbc5b4d46ccac49810ac8aa82a9 191d7925385b4b4e98617719a392c101 - - 5fc05fd62f9c43a4bc952a7ca8a0634e 5fc05fd62f9c43a4bc952a7ca8a0634e] 199.204.45.25 "GET /resource_providers/7d233f33-f4d1-4eab-b7a8-a1f2cfb420be/allocations" status: 200 len: 340 microversion: 1.0 [pid: 8|app: 0|req: 643/1280] 199.204.45.25 () {32 vars in 856 bytes} [Mon Mar 9 14:53:14 2026] GET /resource_providers/7d233f33-f4d1-4eab-b7a8-a1f2cfb420be/allocations => generated 340 bytes in 16 msecs (HTTP/1.1 200) 6 headers in 224 bytes (1 switches on core 0)
2026-03-09 14:53:14.126 7 INFO placement.requestlog [req-51cce5cf-aaca-4136-a243-4a2b81e05052 req-6432d5c5-4526-49c6-8e32-4f26f242b260 cacb2cbc5b4d46ccac49810ac8aa82a9 191d7925385b4b4e98617719a392c101 - - 5fc05fd62f9c43a4bc952a7ca8a0634e 5fc05fd62f9c43a4bc952a7ca8a0634e] 199.204.45.25 "GET /allocations/101cd2cd-4de9-4bbf-9322-02ceb029ac8e" status: 200 len: 258 microversion: 1.28 [pid: 7|app: 0|req: 638/1281] 199.204.45.25 () {34 vars in 862 bytes} [Mon Mar 9 14:53:14 2026] GET /allocations/101cd2cd-4de9-4bbf-9322-02ceb029ac8e => generated 258 bytes in 14 msecs (HTTP/1.1 200) 8 headers in 296 bytes (1 switches on core 0)
2026-03-09 14:53:14.140 8 INFO placement.requestlog [req-51cce5cf-aaca-4136-a243-4a2b81e05052 req-5e5d055a-17ab-4ff4-a1bc-16238ed193d4 cacb2cbc5b4d46ccac49810ac8aa82a9 191d7925385b4b4e98617719a392c101 - - 5fc05fd62f9c43a4bc952a7ca8a0634e 5fc05fd62f9c43a4bc952a7ca8a0634e] 199.204.45.25 "GET /allocations/44c518c1-f0d3-4d09-8676-35d5d24c29d6" status: 200 len: 258 microversion: 1.28 [pid: 8|app: 0|req: 644/1282] 199.204.45.25 () {34 vars in 862 bytes} [Mon Mar 9 14:53:14 2026] GET /allocations/44c518c1-f0d3-4d09-8676-35d5d24c29d6 => generated 258 bytes in 12 msecs (HTTP/1.1 200) 8 headers in 296 bytes (1 switches on core 0)
2026-03-09 14:53:14.153 7 INFO placement.requestlog [req-51cce5cf-aaca-4136-a243-4a2b81e05052 req-65fcaf9f-1cbc-4908-8b69-fe356c201981 cacb2cbc5b4d46ccac49810ac8aa82a9 191d7925385b4b4e98617719a392c101 - - 5fc05fd62f9c43a4bc952a7ca8a0634e 5fc05fd62f9c43a4bc952a7ca8a0634e] 199.204.45.25 "GET /allocations/f4cb952c-039a-4bb9-909f-d87a62187413" status: 200 len: 245 microversion: 1.28 [pid: 7|app: 0|req: 639/1283] 199.204.45.25 () {34 vars in 862 bytes} [Mon Mar 9 14:53:14 2026] GET /allocations/f4cb952c-039a-4bb9-909f-d87a62187413 => generated 245 bytes in 9 msecs (HTTP/1.1 200) 8 headers in 296 bytes (1 switches on core 0)
2026-03-09 14:53:17.205 8 INFO placement.requestlog [None req-1f2513ff-2c56-4f26-aa4d-efd291d47870 - - - - - -] 10.0.0.60 "GET /" status: 200 len: 136 microversion: 1.0
2026-03-09 14:53:17.206 7 INFO placement.requestlog [None req-42494f6a-2ee0-43cd-8693-a8921b87dd85 - - - - - -] 10.0.0.60 "GET /" status: 200 len: 136 microversion: 1.0
2026-03-09 14:53:25.352 8 INFO placement.requestlog [None req-20ff6deb-853e-4609-8d89-b0ace5b7d8b5 73c04842adc04f659ac0641405833ddc 21a5c90188b54cd5a92a25fefbf7ffb5 - - default default] 10.0.0.227 "GET /resource_providers" status: 200 len: 406 microversion: 1.0 [pid: 8|app: 0|req: 646/1286] 10.0.0.227 () {28 vars in 593 bytes} [Mon Mar 9 14:53:25 2026] GET /resource_providers => generated 406 bytes in 74 msecs (HTTP/1.1 200) 6 headers in 224 bytes (1 switches on core 0)
2026-03-09 14:53:25.379 7 INFO placement.requestlog [None req-925f5bd6-3a89-4978-9538-c65223cabaca 73c04842adc04f659ac0641405833ddc 21a5c90188b54cd5a92a25fefbf7ffb5 - - default default] 10.0.0.227 "GET /resource_providers/7d233f33-f4d1-4eab-b7a8-a1f2cfb420be/inventories" status: 200 len: 401 microversion: 1.0 [pid: 7|app: 0|req: 641/1287] 10.0.0.227 () {28 vars in 691 bytes} [Mon Mar 9 14:53:25 2026] GET /resource_providers/7d233f33-f4d1-4eab-b7a8-a1f2cfb420be/inventories => generated 401 bytes in 21 msecs (HTTP/1.1 200) 6 headers in 224 bytes (1 switches on core 0)
2026-03-09 14:53:25.398 8 INFO placement.requestlog [None req-98d9b136-b699-41a8-8e3e-0dc722051b39 73c04842adc04f659ac0641405833ddc 21a5c90188b54cd5a92a25fefbf7ffb5 - - default default] 10.0.0.227 "GET /resource_providers/7d233f33-f4d1-4eab-b7a8-a1f2cfb420be/usages" status: 200 len: 92 microversion: 1.0 [pid: 8|app: 0|req: 647/1288] 10.0.0.227 () {28 vars in 681 bytes} [Mon Mar 9 14:53:25 2026] GET /resource_providers/7d233f33-f4d1-4eab-b7a8-a1f2cfb420be/usages => generated 92 bytes in 12 msecs (HTTP/1.1 200) 6 headers in 223 bytes (1 switches on core 0)
2026-03-09 14:53:27.206 8 INFO placement.requestlog [None req-504bebf0-ddc4-414c-9bc9-a89d7d1c5e58 - - - - - -] 10.0.0.60 "GET /" status: 200 len: 136 microversion: 1.0
2026-03-09 14:53:27.206 7 INFO placement.requestlog [None req-43fcfa45-c52f-40e5-967b-5aa415950df4 - - - - - -] 10.0.0.60 "GET /" status: 200 len: 136 microversion: 1.0
2026-03-09 14:53:37.206 8 INFO placement.requestlog [None req-46d02b16-ec25-4fac-ad9d-b12e8ec961ee - - - - - -] 10.0.0.60 "GET /" status: 200 len: 136 microversion: 1.0
2026-03-09 14:53:37.206 7 INFO placement.requestlog [None req-9789100f-c368-43fb-b418-d810da71b206 - - - - - -] 10.0.0.60 "GET /" status: 200 len: 136 microversion: 1.0
