Apr 10 18:50:32.857534 np0000164918 nova-conductor[111965]: DEBUG cotyledon.oslo_config_glue [-] vmware.task_poll_interval = 0.5 {{(pid=111965) log_opt_values /opt/stack/data/venv/lib/python3.12/site-packages/oslo_config/cfg.py:3006}}
Apr 10 18:50:32.857534 np0000164918 nova-conductor[111965]: DEBUG cotyledon.oslo_config_glue [-] vmware.use_linked_clone = True {{(pid=111965) log_opt_values /opt/stack/data/venv/lib/python3.12/site-packages/oslo_config/cfg.py:3006}}
Apr 10 18:50:32.857534 np0000164918 nova-conductor[111965]: DEBUG cotyledon.oslo_config_glue [-] vmware.vnc_keymap = en-us {{(pid=111965) log_opt_values /opt/stack/data/venv/lib/python3.12/site-packages/oslo_config/cfg.py:3006}}
Apr 10 18:50:32.857534 np0000164918 nova-conductor[111965]: DEBUG cotyledon.oslo_config_glue [-] vmware.vnc_port = 5900 {{(pid=111965) log_opt_values /opt/stack/data/venv/lib/python3.12/site-packages/oslo_config/cfg.py:3006}}
Apr 10 18:50:32.857534 np0000164918 nova-conductor[111965]: DEBUG cotyledon.oslo_config_glue [-] vmware.vnc_port_total = 10000 {{(pid=111965) log_opt_values /opt/stack/data/venv/lib/python3.12/site-packages/oslo_config/cfg.py:3006}}
Apr 10 18:50:32.857534 np0000164918 nova-conductor[111965]: DEBUG cotyledon.oslo_config_glue [-] vnc.auth_schemes = ['none'] {{(pid=111965) log_opt_values /opt/stack/data/venv/lib/python3.12/site-packages/oslo_config/cfg.py:3006}}
Apr 10 18:50:32.857534 np0000164918 nova-conductor[111965]: DEBUG cotyledon.oslo_config_glue [-] vnc.enabled = True {{(pid=111965) log_opt_values /opt/stack/data/venv/lib/python3.12/site-packages/oslo_config/cfg.py:3006}}
Apr 10 18:50:32.857862 np0000164918 nova-conductor[111965]: DEBUG cotyledon.oslo_config_glue [-] vnc.novncproxy_base_url = http://127.0.0.1:6080/vnc_auto.html {{(pid=111965) log_opt_values /opt/stack/data/venv/lib/python3.12/site-packages/oslo_config/cfg.py:3006}}
Apr 10 18:50:32.857862 np0000164918 nova-conductor[111965]: DEBUG cotyledon.oslo_config_glue [-] vnc.novncproxy_host = 0.0.0.0 {{(pid=111965) log_opt_values /opt/stack/data/venv/lib/python3.12/site-packages/oslo_config/cfg.py:3006}}
Apr 10 18:50:32.857862 np0000164918 nova-conductor[111965]: DEBUG cotyledon.oslo_config_glue [-] vnc.novncproxy_port = 6080 {{(pid=111965) log_opt_values /opt/stack/data/venv/lib/python3.12/site-packages/oslo_config/cfg.py:3006}}
Apr 10 18:50:32.857862 np0000164918 nova-conductor[111965]: DEBUG cotyledon.oslo_config_glue [-] vnc.server_listen = 127.0.0.1 {{(pid=111965) log_opt_values /opt/stack/data/venv/lib/python3.12/site-packages/oslo_config/cfg.py:3006}}
Apr 10 18:50:32.857862 np0000164918 nova-conductor[111965]: DEBUG cotyledon.oslo_config_glue [-] vnc.server_proxyclient_address = 127.0.0.1 {{(pid=111965) log_opt_values /opt/stack/data/venv/lib/python3.12/site-packages/oslo_config/cfg.py:3006}}
Apr 10 18:50:32.857862 np0000164918 nova-conductor[111965]: DEBUG cotyledon.oslo_config_glue [-] vnc.vencrypt_ca_certs = None {{(pid=111965) log_opt_values /opt/stack/data/venv/lib/python3.12/site-packages/oslo_config/cfg.py:3006}}
Apr 10 18:50:32.857862 np0000164918 nova-conductor[111965]: DEBUG cotyledon.oslo_config_glue [-] vnc.vencrypt_client_cert = None {{(pid=111965) log_opt_values /opt/stack/data/venv/lib/python3.12/site-packages/oslo_config/cfg.py:3006}}
Apr 10 18:50:32.857862 np0000164918 nova-conductor[111965]: DEBUG cotyledon.oslo_config_glue [-] vnc.vencrypt_client_key = None {{(pid=111965) log_opt_values /opt/stack/data/venv/lib/python3.12/site-packages/oslo_config/cfg.py:3006}}
Apr 10 18:50:32.857862 np0000164918 nova-conductor[111965]: DEBUG cotyledon.oslo_config_glue [-] workarounds.disable_compute_service_check_for_ffu = False {{(pid=111965) log_opt_values /opt/stack/data/venv/lib/python3.12/site-packages/oslo_config/cfg.py:3006}}
Apr 10 18:50:32.858086 np0000164918 nova-conductor[111965]: DEBUG cotyledon.oslo_config_glue [-] workarounds.disable_deep_image_inspection = False {{(pid=111965) log_opt_values /opt/stack/data/venv/lib/python3.12/site-packages/oslo_config/cfg.py:3006}}
Apr 10 18:50:32.858086 np0000164918 nova-conductor[111965]: DEBUG cotyledon.oslo_config_glue [-] workarounds.disable_fallback_pcpu_query = False {{(pid=111965) log_opt_values /opt/stack/data/venv/lib/python3.12/site-packages/oslo_config/cfg.py:3006}}
Apr 10 18:50:32.858086 np0000164918 nova-conductor[111965]: DEBUG cotyledon.oslo_config_glue [-] workarounds.disable_group_policy_check_upcall = False {{(pid=111965) log_opt_values /opt/stack/data/venv/lib/python3.12/site-packages/oslo_config/cfg.py:3006}}
Apr 10 18:50:32.858086 np0000164918 nova-conductor[111965]: DEBUG cotyledon.oslo_config_glue [-] workarounds.disable_libvirt_livesnapshot = False {{(pid=111965) log_opt_values /opt/stack/data/venv/lib/python3.12/site-packages/oslo_config/cfg.py:3006}}
Apr 10 18:50:32.858086 np0000164918 nova-conductor[111965]: DEBUG cotyledon.oslo_config_glue [-] workarounds.disable_rootwrap = False {{(pid=111965) log_opt_values /opt/stack/data/venv/lib/python3.12/site-packages/oslo_config/cfg.py:3006}}
Apr 10 18:50:32.858086 np0000164918 nova-conductor[111965]: DEBUG cotyledon.oslo_config_glue [-] workarounds.enable_numa_live_migration = False {{(pid=111965) log_opt_values /opt/stack/data/venv/lib/python3.12/site-packages/oslo_config/cfg.py:3006}}
Apr 10 18:50:32.858086 np0000164918 nova-conductor[111965]: DEBUG cotyledon.oslo_config_glue [-] workarounds.enable_qemu_monitor_announce_self = False {{(pid=111965) log_opt_values /opt/stack/data/venv/lib/python3.12/site-packages/oslo_config/cfg.py:3006}}
Apr 10 18:50:32.858086 np0000164918 nova-conductor[111965]: DEBUG cotyledon.oslo_config_glue [-] workarounds.ensure_libvirt_rbd_instance_dir_cleanup = False {{(pid=111965) log_opt_values /opt/stack/data/venv/lib/python3.12/site-packages/oslo_config/cfg.py:3006}}
Apr 10 18:50:32.858086 np0000164918 nova-conductor[111965]: DEBUG cotyledon.oslo_config_glue [-] workarounds.handle_virt_lifecycle_events = True {{(pid=111965) log_opt_values /opt/stack/data/venv/lib/python3.12/site-packages/oslo_config/cfg.py:3006}}
Apr 10 18:50:32.858305 np0000164918 nova-conductor[111965]: DEBUG cotyledon.oslo_config_glue [-] workarounds.libvirt_disable_apic = False {{(pid=111965) log_opt_values /opt/stack/data/venv/lib/python3.12/site-packages/oslo_config/cfg.py:3006}}
Apr 10 18:50:32.858305 np0000164918 nova-conductor[111965]: DEBUG cotyledon.oslo_config_glue [-] workarounds.never_download_image_if_on_rbd = False {{(pid=111965) log_opt_values /opt/stack/data/venv/lib/python3.12/site-packages/oslo_config/cfg.py:3006}}
Apr 10 18:50:32.858305 np0000164918 nova-conductor[111965]: DEBUG cotyledon.oslo_config_glue [-] workarounds.qemu_monitor_announce_self_count = 3 {{(pid=111965) log_opt_values /opt/stack/data/venv/lib/python3.12/site-packages/oslo_config/cfg.py:3006}}
Apr 10 18:50:32.858305 np0000164918 nova-conductor[111965]: DEBUG cotyledon.oslo_config_glue [-] workarounds.qemu_monitor_announce_self_interval = 1 {{(pid=111965) log_opt_values /opt/stack/data/venv/lib/python3.12/site-packages/oslo_config/cfg.py:3006}}
Apr 10 18:50:32.858305 np0000164918 nova-conductor[111965]: DEBUG cotyledon.oslo_config_glue [-] workarounds.reserve_disk_resource_for_image_cache = False {{(pid=111965) log_opt_values /opt/stack/data/venv/lib/python3.12/site-packages/oslo_config/cfg.py:3006}}
Apr 10 18:50:32.858305 np0000164918 nova-conductor[111965]: DEBUG cotyledon.oslo_config_glue [-] workarounds.skip_cpu_compare_at_startup = False {{(pid=111965) log_opt_values /opt/stack/data/venv/lib/python3.12/site-packages/oslo_config/cfg.py:3006}}
Apr 10 18:50:32.858305 np0000164918 nova-conductor[111965]: DEBUG cotyledon.oslo_config_glue [-] workarounds.skip_cpu_compare_on_dest = False {{(pid=111965) log_opt_values /opt/stack/data/venv/lib/python3.12/site-packages/oslo_config/cfg.py:3006}}
Apr 10 18:50:32.858305 np0000164918 nova-conductor[111965]: DEBUG cotyledon.oslo_config_glue [-] workarounds.skip_hypervisor_version_check_on_lm = False {{(pid=111965) log_opt_values /opt/stack/data/venv/lib/python3.12/site-packages/oslo_config/cfg.py:3006}}
Apr 10 18:50:32.858305 np0000164918 nova-conductor[111965]: DEBUG cotyledon.oslo_config_glue [-] workarounds.skip_reserve_in_use_ironic_nodes = False {{(pid=111965) log_opt_values /opt/stack/data/venv/lib/python3.12/site-packages/oslo_config/cfg.py:3006}}
Apr 10 18:50:32.858535 np0000164918 nova-conductor[111965]: DEBUG cotyledon.oslo_config_glue [-] workarounds.unified_limits_count_pcpu_as_vcpu = False {{(pid=111965) log_opt_values /opt/stack/data/venv/lib/python3.12/site-packages/oslo_config/cfg.py:3006}}
Apr 10 18:50:32.858535 np0000164918 nova-conductor[111965]: DEBUG cotyledon.oslo_config_glue [-] workarounds.wait_for_vif_plugged_event_during_hard_reboot = [] {{(pid=111965) log_opt_values /opt/stack/data/venv/lib/python3.12/site-packages/oslo_config/cfg.py:3006}}
Apr 10 18:50:32.858535 np0000164918 nova-conductor[111965]: DEBUG cotyledon.oslo_config_glue [-] wsgi.api_paste_config = /etc/nova/api-paste.ini {{(pid=111965) log_opt_values /opt/stack/data/venv/lib/python3.12/site-packages/oslo_config/cfg.py:3006}}
Apr 10 18:50:32.858535 np0000164918 nova-conductor[111965]: DEBUG cotyledon.oslo_config_glue [-] wsgi.secure_proxy_ssl_header = None {{(pid=111965) log_opt_values /opt/stack/data/venv/lib/python3.12/site-packages/oslo_config/cfg.py:3006}}
Apr 10 18:50:32.858535 np0000164918 nova-conductor[111965]: DEBUG cotyledon.oslo_config_glue [-] zvm.ca_file = None {{(pid=111965) log_opt_values /opt/stack/data/venv/lib/python3.12/site-packages/oslo_config/cfg.py:3006}}
Apr 10 18:50:32.858535 np0000164918 nova-conductor[111965]: DEBUG cotyledon.oslo_config_glue [-] zvm.cloud_connector_url = None {{(pid=111965) log_opt_values /opt/stack/data/venv/lib/python3.12/site-packages/oslo_config/cfg.py:3006}}
Apr 10 18:50:32.858535 np0000164918 nova-conductor[111965]: DEBUG cotyledon.oslo_config_glue [-] zvm.image_tmp_path = /opt/stack/data/nova/images {{(pid=111965) log_opt_values /opt/stack/data/venv/lib/python3.12/site-packages/oslo_config/cfg.py:3006}}
Apr 10 18:50:32.858535 np0000164918 nova-conductor[111965]: DEBUG cotyledon.oslo_config_glue [-] zvm.reachable_timeout = 300 {{(pid=111965) log_opt_values /opt/stack/data/venv/lib/python3.12/site-packages/oslo_config/cfg.py:3006}}
Apr 10 18:50:32.858535 np0000164918 nova-conductor[111965]: DEBUG cotyledon.oslo_config_glue [-] oslo_versionedobjects.fatal_exception_format_errors = False {{(pid=111965) log_opt_values /opt/stack/data/venv/lib/python3.12/site-packages/oslo_config/cfg.py:3006}}
Apr 10 18:50:32.858772 np0000164918 nova-conductor[111965]: DEBUG cotyledon.oslo_config_glue [-] oslo_middleware.http_basic_auth_user_file = /etc/htpasswd {{(pid=111965) log_opt_values /opt/stack/data/venv/lib/python3.12/site-packages/oslo_config/cfg.py:3006}}
Apr 10 18:50:32.858772 np0000164918 nova-conductor[111965]: DEBUG cotyledon.oslo_config_glue [-] profiler.connection_string = messaging:// {{(pid=111965) log_opt_values /opt/stack/data/venv/lib/python3.12/site-packages/oslo_config/cfg.py:3006}}
Apr 10 18:50:32.858772 np0000164918 nova-conductor[111965]: DEBUG cotyledon.oslo_config_glue [-] profiler.enabled = False {{(pid=111965) log_opt_values /opt/stack/data/venv/lib/python3.12/site-packages/oslo_config/cfg.py:3006}}
Apr 10 18:50:32.858772 np0000164918 nova-conductor[111965]: DEBUG cotyledon.oslo_config_glue [-] profiler.es_doc_type = notification {{(pid=111965) log_opt_values /opt/stack/data/venv/lib/python3.12/site-packages/oslo_config/cfg.py:3006}}
Apr 10 18:50:32.858772 np0000164918 nova-conductor[111965]: DEBUG cotyledon.oslo_config_glue [-] profiler.es_scroll_size = 10000 {{(pid=111965) log_opt_values /opt/stack/data/venv/lib/python3.12/site-packages/oslo_config/cfg.py:3006}}
Apr 10 18:50:32.858772 np0000164918 nova-conductor[111965]: DEBUG cotyledon.oslo_config_glue [-] profiler.es_scroll_time = 2m {{(pid=111965) log_opt_values /opt/stack/data/venv/lib/python3.12/site-packages/oslo_config/cfg.py:3006}}
Apr 10 18:50:32.858772 np0000164918 nova-conductor[111965]: DEBUG cotyledon.oslo_config_glue [-] profiler.filter_error_trace = False {{(pid=111965) log_opt_values /opt/stack/data/venv/lib/python3.12/site-packages/oslo_config/cfg.py:3006}}
Apr 10 18:50:32.858772 np0000164918 nova-conductor[111965]: DEBUG cotyledon.oslo_config_glue [-] profiler.hmac_keys = **** {{(pid=111965) log_opt_values /opt/stack/data/venv/lib/python3.12/site-packages/oslo_config/cfg.py:3006}}
Apr 10 18:50:32.858772 np0000164918 nova-conductor[111965]: DEBUG cotyledon.oslo_config_glue [-] profiler.sentinel_service_name = mymaster {{(pid=111965) log_opt_values /opt/stack/data/venv/lib/python3.12/site-packages/oslo_config/cfg.py:3006}}
Apr 10 18:50:32.859067 np0000164918 nova-conductor[111965]: DEBUG cotyledon.oslo_config_glue [-] profiler.socket_timeout = 0.1 {{(pid=111965) log_opt_values /opt/stack/data/venv/lib/python3.12/site-packages/oslo_config/cfg.py:3006}}
Apr 10 18:50:32.859067 np0000164918 nova-conductor[111965]: DEBUG cotyledon.oslo_config_glue [-] profiler.trace_requests = False {{(pid=111965) log_opt_values /opt/stack/data/venv/lib/python3.12/site-packages/oslo_config/cfg.py:3006}}
Apr 10 18:50:32.859067 np0000164918 nova-conductor[111965]: DEBUG cotyledon.oslo_config_glue [-] profiler.trace_sqlalchemy = False {{(pid=111965) log_opt_values /opt/stack/data/venv/lib/python3.12/site-packages/oslo_config/cfg.py:3006}}
Apr 10 18:50:32.859067 np0000164918 nova-conductor[111965]: DEBUG cotyledon.oslo_config_glue [-] profiler_jaeger.process_tags = {} {{(pid=111965) log_opt_values /opt/stack/data/venv/lib/python3.12/site-packages/oslo_config/cfg.py:3006}}
Apr 10 18:50:32.859067 np0000164918 nova-conductor[111965]: DEBUG cotyledon.oslo_config_glue [-] profiler_jaeger.service_name_prefix = None {{(pid=111965) log_opt_values /opt/stack/data/venv/lib/python3.12/site-packages/oslo_config/cfg.py:3006}}
Apr 10 18:50:32.859067 np0000164918 nova-conductor[111965]: DEBUG cotyledon.oslo_config_glue [-] profiler_otlp.service_name_prefix = None {{(pid=111965) log_opt_values /opt/stack/data/venv/lib/python3.12/site-packages/oslo_config/cfg.py:3006}}
Apr 10 18:50:32.859067 np0000164918 nova-conductor[111965]: DEBUG cotyledon.oslo_config_glue [-] oslo_messaging_rabbit.amqp_auto_delete = False {{(pid=111965) log_opt_values /opt/stack/data/venv/lib/python3.12/site-packages/oslo_config/cfg.py:3006}}
Apr 10 18:50:32.859067 np0000164918 nova-conductor[111965]: DEBUG cotyledon.oslo_config_glue [-] oslo_messaging_rabbit.amqp_durable_queues = False {{(pid=111965) log_opt_values /opt/stack/data/venv/lib/python3.12/site-packages/oslo_config/cfg.py:3006}}
Apr 10 18:50:32.859067 np0000164918 nova-conductor[111965]: DEBUG cotyledon.oslo_config_glue [-] oslo_messaging_rabbit.conn_pool_min_size = 2 {{(pid=111965) log_opt_values /opt/stack/data/venv/lib/python3.12/site-packages/oslo_config/cfg.py:3006}}
Apr 10 18:50:32.859312 np0000164918 nova-conductor[111965]: DEBUG cotyledon.oslo_config_glue [-] oslo_messaging_rabbit.conn_pool_ttl = 1200 {{(pid=111965) log_opt_values /opt/stack/data/venv/lib/python3.12/site-packages/oslo_config/cfg.py:3006}}
Apr 10 18:50:32.859312 np0000164918 nova-conductor[111965]: DEBUG cotyledon.oslo_config_glue [-] oslo_messaging_rabbit.direct_mandatory_flag = True {{(pid=111965) log_opt_values /opt/stack/data/venv/lib/python3.12/site-packages/oslo_config/cfg.py:3006}}
Apr 10 18:50:32.859312 np0000164918 nova-conductor[111965]: DEBUG cotyledon.oslo_config_glue [-] oslo_messaging_rabbit.enable_cancel_on_failover = False {{(pid=111965) log_opt_values /opt/stack/data/venv/lib/python3.12/site-packages/oslo_config/cfg.py:3006}}
Apr 10 18:50:32.859312 np0000164918 nova-conductor[111965]: DEBUG cotyledon.oslo_config_glue [-] oslo_messaging_rabbit.heartbeat_in_pthread = False {{(pid=111965) log_opt_values /opt/stack/data/venv/lib/python3.12/site-packages/oslo_config/cfg.py:3006}}
Apr 10 18:50:32.859312 np0000164918 nova-conductor[111965]: DEBUG cotyledon.oslo_config_glue [-] oslo_messaging_rabbit.heartbeat_rate = 3 {{(pid=111965) log_opt_values /opt/stack/data/venv/lib/python3.12/site-packages/oslo_config/cfg.py:3006}}
Apr 10 18:50:32.859312 np0000164918 nova-conductor[111965]: DEBUG cotyledon.oslo_config_glue [-] oslo_messaging_rabbit.heartbeat_timeout_threshold = 60 {{(pid=111965) log_opt_values /opt/stack/data/venv/lib/python3.12/site-packages/oslo_config/cfg.py:3006}}
Apr 10 18:50:32.859312 np0000164918 nova-conductor[111965]: DEBUG cotyledon.oslo_config_glue [-] oslo_messaging_rabbit.hostname = np0000164918 {{(pid=111965) log_opt_values /opt/stack/data/venv/lib/python3.12/site-packages/oslo_config/cfg.py:3006}}
Apr 10 18:50:32.859312 np0000164918 nova-conductor[111965]: DEBUG cotyledon.oslo_config_glue [-] oslo_messaging_rabbit.kombu_compression = None {{(pid=111965) log_opt_values /opt/stack/data/venv/lib/python3.12/site-packages/oslo_config/cfg.py:3006}}
Apr 10 18:50:32.859312 np0000164918 nova-conductor[111965]: DEBUG cotyledon.oslo_config_glue [-] oslo_messaging_rabbit.kombu_failover_strategy = round-robin {{(pid=111965) log_opt_values /opt/stack/data/venv/lib/python3.12/site-packages/oslo_config/cfg.py:3006}}
Apr 10 18:50:32.859549 np0000164918 nova-conductor[111965]: DEBUG cotyledon.oslo_config_glue [-] oslo_messaging_rabbit.kombu_missing_consumer_retry_timeout = 60 {{(pid=111965) log_opt_values /opt/stack/data/venv/lib/python3.12/site-packages/oslo_config/cfg.py:3006}}
Apr 10 18:50:32.859549 np0000164918 nova-conductor[111965]: DEBUG cotyledon.oslo_config_glue [-] oslo_messaging_rabbit.kombu_reconnect_delay = 1.0 {{(pid=111965) log_opt_values /opt/stack/data/venv/lib/python3.12/site-packages/oslo_config/cfg.py:3006}}
Apr 10 18:50:32.859549 np0000164918 nova-conductor[111965]: DEBUG cotyledon.oslo_config_glue [-] oslo_messaging_rabbit.kombu_reconnect_splay = 0.0 {{(pid=111965) log_opt_values /opt/stack/data/venv/lib/python3.12/site-packages/oslo_config/cfg.py:3006}}
Apr 10 18:50:32.859549 np0000164918 nova-conductor[111965]: DEBUG cotyledon.oslo_config_glue [-] oslo_messaging_rabbit.processname = nova-conductor {{(pid=111965) log_opt_values /opt/stack/data/venv/lib/python3.12/site-packages/oslo_config/cfg.py:3006}}
Apr 10 18:50:32.859549 np0000164918 nova-conductor[111965]: DEBUG cotyledon.oslo_config_glue [-] oslo_messaging_rabbit.rabbit_ha_queues = False {{(pid=111965) log_opt_values /opt/stack/data/venv/lib/python3.12/site-packages/oslo_config/cfg.py:3006}}
Apr 10 18:50:32.859549 np0000164918 nova-conductor[111965]: DEBUG cotyledon.oslo_config_glue [-] oslo_messaging_rabbit.rabbit_interval_max = 30 {{(pid=111965) log_opt_values /opt/stack/data/venv/lib/python3.12/site-packages/oslo_config/cfg.py:3006}}
Apr 10 18:50:32.859549 np0000164918 nova-conductor[111965]: DEBUG cotyledon.oslo_config_glue [-] oslo_messaging_rabbit.rabbit_login_method = AMQPLAIN {{(pid=111965) log_opt_values /opt/stack/data/venv/lib/python3.12/site-packages/oslo_config/cfg.py:3006}}
Apr 10 18:50:32.859549 np0000164918 nova-conductor[111965]: DEBUG cotyledon.oslo_config_glue [-] oslo_messaging_rabbit.rabbit_qos_prefetch_count = 0 {{(pid=111965) log_opt_values /opt/stack/data/venv/lib/python3.12/site-packages/oslo_config/cfg.py:3006}}
Apr 10 18:50:32.859757 np0000164918 nova-conductor[111965]: DEBUG cotyledon.oslo_config_glue [-] oslo_messaging_rabbit.rabbit_quorum_delivery_limit = 0 {{(pid=111965) log_opt_values /opt/stack/data/venv/lib/python3.12/site-packages/oslo_config/cfg.py:3006}}
Apr 10 18:50:32.859757 np0000164918 nova-conductor[111965]: DEBUG cotyledon.oslo_config_glue [-] oslo_messaging_rabbit.rabbit_quorum_max_memory_bytes = 0 {{(pid=111965) log_opt_values /opt/stack/data/venv/lib/python3.12/site-packages/oslo_config/cfg.py:3006}}
Apr 10 18:50:32.859757 np0000164918 nova-conductor[111965]: DEBUG cotyledon.oslo_config_glue [-] oslo_messaging_rabbit.rabbit_quorum_max_memory_length = 0 {{(pid=111965) log_opt_values /opt/stack/data/venv/lib/python3.12/site-packages/oslo_config/cfg.py:3006}}
Apr 10 18:50:32.859757 np0000164918 nova-conductor[111965]: DEBUG cotyledon.oslo_config_glue [-] oslo_messaging_rabbit.rabbit_quorum_queue = False {{(pid=111965) log_opt_values /opt/stack/data/venv/lib/python3.12/site-packages/oslo_config/cfg.py:3006}}
Apr 10 18:50:32.859757 np0000164918 nova-conductor[111965]: DEBUG cotyledon.oslo_config_glue [-] oslo_messaging_rabbit.rabbit_retry_backoff = 2 {{(pid=111965) log_opt_values /opt/stack/data/venv/lib/python3.12/site-packages/oslo_config/cfg.py:3006}}
Apr 10 18:50:32.859757 np0000164918 nova-conductor[111965]: DEBUG cotyledon.oslo_config_glue [-] oslo_messaging_rabbit.rabbit_retry_interval = 1 {{(pid=111965) log_opt_values /opt/stack/data/venv/lib/python3.12/site-packages/oslo_config/cfg.py:3006}}
Apr 10 18:50:32.859757 np0000164918 nova-conductor[111965]: DEBUG cotyledon.oslo_config_glue [-] oslo_messaging_rabbit.rabbit_stream_fanout = False {{(pid=111965) log_opt_values /opt/stack/data/venv/lib/python3.12/site-packages/oslo_config/cfg.py:3006}}
Apr 10 18:50:32.859757 np0000164918 nova-conductor[111965]: DEBUG cotyledon.oslo_config_glue [-] oslo_messaging_rabbit.rabbit_transient_queues_ttl = 1800 {{(pid=111965) log_opt_values /opt/stack/data/venv/lib/python3.12/site-packages/oslo_config/cfg.py:3006}}
Apr 10 18:50:32.859953 np0000164918 nova-conductor[111965]: DEBUG cotyledon.oslo_config_glue [-] oslo_messaging_rabbit.rabbit_transient_quorum_queue = False {{(pid=111965) log_opt_values /opt/stack/data/venv/lib/python3.12/site-packages/oslo_config/cfg.py:3006}}
Apr 10 18:50:32.859953 np0000164918 nova-conductor[111965]: DEBUG cotyledon.oslo_config_glue [-] oslo_messaging_rabbit.rpc_conn_pool_size = 30 {{(pid=111965) log_opt_values /opt/stack/data/venv/lib/python3.12/site-packages/oslo_config/cfg.py:3006}}
Apr 10 18:50:32.859953 np0000164918 nova-conductor[111965]: DEBUG cotyledon.oslo_config_glue [-] oslo_messaging_rabbit.ssl = False {{(pid=111965) log_opt_values /opt/stack/data/venv/lib/python3.12/site-packages/oslo_config/cfg.py:3006}}
Apr 10 18:50:32.859953 np0000164918 nova-conductor[111965]: DEBUG cotyledon.oslo_config_glue [-] oslo_messaging_rabbit.ssl_ca_file = {{(pid=111965) log_opt_values /opt/stack/data/venv/lib/python3.12/site-packages/oslo_config/cfg.py:3006}}
Apr 10 18:50:32.859953 np0000164918 nova-conductor[111965]: DEBUG cotyledon.oslo_config_glue [-] oslo_messaging_rabbit.ssl_cert_file = {{(pid=111965) log_opt_values /opt/stack/data/venv/lib/python3.12/site-packages/oslo_config/cfg.py:3006}}
Apr 10 18:50:32.859953 np0000164918 nova-conductor[111965]: DEBUG cotyledon.oslo_config_glue [-] oslo_messaging_rabbit.ssl_enforce_fips_mode = False {{(pid=111965) log_opt_values /opt/stack/data/venv/lib/python3.12/site-packages/oslo_config/cfg.py:3006}}
Apr 10 18:50:32.859953 np0000164918 nova-conductor[111965]: DEBUG cotyledon.oslo_config_glue [-] oslo_messaging_rabbit.ssl_key_file = {{(pid=111965) log_opt_values /opt/stack/data/venv/lib/python3.12/site-packages/oslo_config/cfg.py:3006}}
Apr 10 18:50:32.859953 np0000164918 nova-conductor[111965]: DEBUG cotyledon.oslo_config_glue [-] oslo_messaging_rabbit.ssl_version = {{(pid=111965) log_opt_values /opt/stack/data/venv/lib/python3.12/site-packages/oslo_config/cfg.py:3006}}
Apr 10 18:50:32.859953 np0000164918 nova-conductor[111965]: DEBUG cotyledon.oslo_config_glue [-] oslo_messaging_rabbit.use_queue_manager = False {{(pid=111965) log_opt_values /opt/stack/data/venv/lib/python3.12/site-packages/oslo_config/cfg.py:3006}}
Apr 10 18:50:32.860180 np0000164918 nova-conductor[111965]: DEBUG cotyledon.oslo_config_glue [-] oslo_messaging_notifications.driver = ['messagingv2'] {{(pid=111965) log_opt_values /opt/stack/data/venv/lib/python3.12/site-packages/oslo_config/cfg.py:3006}}
Apr 10 18:50:32.860180 np0000164918 nova-conductor[111965]: DEBUG cotyledon.oslo_config_glue [-] oslo_messaging_notifications.retry = -1 {{(pid=111965) log_opt_values /opt/stack/data/venv/lib/python3.12/site-packages/oslo_config/cfg.py:3006}}
Apr 10 18:50:32.860180 np0000164918 nova-conductor[111965]: DEBUG cotyledon.oslo_config_glue [-] oslo_messaging_notifications.topics = ['notifications'] {{(pid=111965) log_opt_values /opt/stack/data/venv/lib/python3.12/site-packages/oslo_config/cfg.py:3006}}
Apr 10 18:50:32.860180 np0000164918 nova-conductor[111965]: DEBUG cotyledon.oslo_config_glue [-] oslo_messaging_notifications.transport_url = **** {{(pid=111965) log_opt_values /opt/stack/data/venv/lib/python3.12/site-packages/oslo_config/cfg.py:3006}}
Apr 10 18:50:32.860180 np0000164918 nova-conductor[111965]: DEBUG cotyledon.oslo_config_glue [-] oslo_limit.auth_section = None {{(pid=111965) log_opt_values /opt/stack/data/venv/lib/python3.12/site-packages/oslo_config/cfg.py:3006}}
Apr 10 18:50:32.860180 np0000164918 nova-conductor[111965]: DEBUG cotyledon.oslo_config_glue [-] oslo_limit.auth_type = None {{(pid=111965) log_opt_values /opt/stack/data/venv/lib/python3.12/site-packages/oslo_config/cfg.py:3006}}
Apr 10 18:50:32.860180 np0000164918 nova-conductor[111965]: DEBUG cotyledon.oslo_config_glue [-] oslo_limit.cafile = None {{(pid=111965) log_opt_values /opt/stack/data/venv/lib/python3.12/site-packages/oslo_config/cfg.py:3006}}
Apr 10 18:50:32.860180 np0000164918 nova-conductor[111965]: DEBUG cotyledon.oslo_config_glue [-] oslo_limit.certfile = None {{(pid=111965) log_opt_values /opt/stack/data/venv/lib/python3.12/site-packages/oslo_config/cfg.py:3006}}
Apr 10 18:50:32.860180 np0000164918 nova-conductor[111965]: DEBUG cotyledon.oslo_config_glue [-] oslo_limit.collect_timing = False {{(pid=111965) log_opt_values /opt/stack/data/venv/lib/python3.12/site-packages/oslo_config/cfg.py:3006}}
Apr 10 18:50:32.860411 np0000164918 nova-conductor[111965]: DEBUG cotyledon.oslo_config_glue [-] oslo_limit.connect_retries = None {{(pid=111965) log_opt_values /opt/stack/data/venv/lib/python3.12/site-packages/oslo_config/cfg.py:3006}}
Apr 10 18:50:32.860411 np0000164918 nova-conductor[111965]: DEBUG cotyledon.oslo_config_glue [-] oslo_limit.connect_retry_delay = None {{(pid=111965) log_opt_values /opt/stack/data/venv/lib/python3.12/site-packages/oslo_config/cfg.py:3006}}
Apr 10 18:50:32.860411 np0000164918 nova-conductor[111965]: DEBUG cotyledon.oslo_config_glue [-] oslo_limit.endpoint_id = None {{(pid=111965) log_opt_values /opt/stack/data/venv/lib/python3.12/site-packages/oslo_config/cfg.py:3006}}
Apr 10 18:50:32.860411 np0000164918 nova-conductor[111965]: DEBUG cotyledon.oslo_config_glue [-] oslo_limit.endpoint_interface = public {{(pid=111965) log_opt_values /opt/stack/data/venv/lib/python3.12/site-packages/oslo_config/cfg.py:3006}}
Apr 10 18:50:32.860411 np0000164918 nova-conductor[111965]: DEBUG cotyledon.oslo_config_glue [-] oslo_limit.endpoint_override = None {{(pid=111965) log_opt_values /opt/stack/data/venv/lib/python3.12/site-packages/oslo_config/cfg.py:3006}}
Apr 10 18:50:32.860411 np0000164918 nova-conductor[111965]: DEBUG cotyledon.oslo_config_glue [-] oslo_limit.endpoint_region_name = None {{(pid=111965) log_opt_values /opt/stack/data/venv/lib/python3.12/site-packages/oslo_config/cfg.py:3006}}
Apr 10 18:50:32.860411 np0000164918 nova-conductor[111965]: DEBUG cotyledon.oslo_config_glue [-] oslo_limit.endpoint_service_name = None {{(pid=111965) log_opt_values /opt/stack/data/venv/lib/python3.12/site-packages/oslo_config/cfg.py:3006}}
Apr 10 18:50:32.860411 np0000164918 nova-conductor[111965]: DEBUG cotyledon.oslo_config_glue [-] oslo_limit.endpoint_service_type = None {{(pid=111965) log_opt_values /opt/stack/data/venv/lib/python3.12/site-packages/oslo_config/cfg.py:3006}}
Apr 10 18:50:32.860411 np0000164918 nova-conductor[111965]: DEBUG cotyledon.oslo_config_glue [-] oslo_limit.insecure = False {{(pid=111965) log_opt_values /opt/stack/data/venv/lib/python3.12/site-packages/oslo_config/cfg.py:3006}}
Apr 10 18:50:32.860656 np0000164918 nova-conductor[111965]: DEBUG cotyledon.oslo_config_glue [-] oslo_limit.keyfile = None {{(pid=111965) log_opt_values /opt/stack/data/venv/lib/python3.12/site-packages/oslo_config/cfg.py:3006}}
Apr 10 18:50:32.860656 np0000164918 nova-conductor[111965]: DEBUG cotyledon.oslo_config_glue [-] oslo_limit.max_version = None {{(pid=111965) log_opt_values /opt/stack/data/venv/lib/python3.12/site-packages/oslo_config/cfg.py:3006}}
Apr 10 18:50:32.860656 np0000164918 nova-conductor[111965]: DEBUG cotyledon.oslo_config_glue [-] oslo_limit.min_version = None {{(pid=111965) log_opt_values /opt/stack/data/venv/lib/python3.12/site-packages/oslo_config/cfg.py:3006}}
Apr 10 18:50:32.860656 np0000164918 nova-conductor[111965]: DEBUG cotyledon.oslo_config_glue [-] oslo_limit.region_name = None {{(pid=111965) log_opt_values /opt/stack/data/venv/lib/python3.12/site-packages/oslo_config/cfg.py:3006}}
Apr 10 18:50:32.860656 np0000164918 nova-conductor[111965]: DEBUG cotyledon.oslo_config_glue [-] oslo_limit.retriable_status_codes = None {{(pid=111965) log_opt_values /opt/stack/data/venv/lib/python3.12/site-packages/oslo_config/cfg.py:3006}}
Apr 10 18:50:32.860656 np0000164918 nova-conductor[111965]: DEBUG cotyledon.oslo_config_glue [-] oslo_limit.service_name = None {{(pid=111965) log_opt_values /opt/stack/data/venv/lib/python3.12/site-packages/oslo_config/cfg.py:3006}}
Apr 10 18:50:32.860656 np0000164918 nova-conductor[111965]: DEBUG cotyledon.oslo_config_glue [-] oslo_limit.service_type = None {{(pid=111965) log_opt_values /opt/stack/data/venv/lib/python3.12/site-packages/oslo_config/cfg.py:3006}}
Apr 10 18:50:32.860656 np0000164918 nova-conductor[111965]: DEBUG cotyledon.oslo_config_glue [-] oslo_limit.split_loggers = False {{(pid=111965) log_opt_values /opt/stack/data/venv/lib/python3.12/site-packages/oslo_config/cfg.py:3006}}
Apr 10 18:50:32.860656 np0000164918 nova-conductor[111965]: DEBUG cotyledon.oslo_config_glue [-] oslo_limit.status_code_retries = None {{(pid=111965) log_opt_values /opt/stack/data/venv/lib/python3.12/site-packages/oslo_config/cfg.py:3006}}
Apr 10 18:50:32.860904 np0000164918 nova-conductor[111965]: DEBUG cotyledon.oslo_config_glue [-] oslo_limit.status_code_retry_delay = None {{(pid=111965) log_opt_values /opt/stack/data/venv/lib/python3.12/site-packages/oslo_config/cfg.py:3006}}
Apr 10 18:50:32.860904 np0000164918 nova-conductor[111965]: DEBUG cotyledon.oslo_config_glue [-] oslo_limit.timeout = None {{(pid=111965) log_opt_values /opt/stack/data/venv/lib/python3.12/site-packages/oslo_config/cfg.py:3006}}
Apr 10 18:50:32.860904 np0000164918 nova-conductor[111965]: DEBUG cotyledon.oslo_config_glue [-] oslo_limit.valid_interfaces = None {{(pid=111965) log_opt_values /opt/stack/data/venv/lib/python3.12/site-packages/oslo_config/cfg.py:3006}}
Apr 10 18:50:32.860904 np0000164918 nova-conductor[111965]: DEBUG cotyledon.oslo_config_glue [-] oslo_limit.version = None {{(pid=111965) log_opt_values /opt/stack/data/venv/lib/python3.12/site-packages/oslo_config/cfg.py:3006}}
Apr 10 18:50:32.860904 np0000164918 nova-conductor[111965]: DEBUG cotyledon.oslo_config_glue [-] oslo_reports.file_event_handler = None {{(pid=111965) log_opt_values /opt/stack/data/venv/lib/python3.12/site-packages/oslo_config/cfg.py:3006}}
Apr 10 18:50:32.860904 np0000164918 nova-conductor[111965]: DEBUG cotyledon.oslo_config_glue [-] oslo_reports.file_event_handler_interval = 1 {{(pid=111965) log_opt_values /opt/stack/data/venv/lib/python3.12/site-packages/oslo_config/cfg.py:3006}}
Apr 10 18:50:32.860904 np0000164918 nova-conductor[111965]: DEBUG cotyledon.oslo_config_glue [-] oslo_reports.log_dir = None {{(pid=111965) log_opt_values /opt/stack/data/venv/lib/python3.12/site-packages/oslo_config/cfg.py:3006}}
Apr 10 18:50:32.860904 np0000164918 nova-conductor[111965]: DEBUG cotyledon.oslo_config_glue [-] ******************************************************************************** {{(pid=111965) log_opt_values /opt/stack/data/venv/lib/python3.12/site-packages/oslo_config/cfg.py:3013}}
Apr 10 18:50:32.860904 np0000164918 nova-conductor[111965]: DEBUG cotyledon._service_worker [-] Run service ServiceWrapper(3) [111965] {{(pid=111965) wait_forever /opt/stack/data/venv/lib/python3.12/site-packages/cotyledon/_service_worker.py:218}}
Apr 10 18:50:32.861137 np0000164918 nova-conductor[111965]: INFO nova.service [-] Starting conductor node (version 33.1.0)
Apr 10 18:50:32.861165 np0000164918 nova-conductor[111954]: DEBUG oslo_db.sqlalchemy.engines [None req-9a3106b7-223a-479a-bb94-5a400453b745 None None] MySQL server mode set to STRICT_TRANS_TABLES,STRICT_ALL_TABLES,NO_ZERO_IN_DATE,NO_ZERO_DATE,ERROR_FOR_DIVISION_BY_ZERO,TRADITIONAL,NO_ENGINE_SUBSTITUTION {{(pid=111954) _check_effective_sql_mode /opt/stack/data/venv/lib/python3.12/site-packages/oslo_db/sqlalchemy/engines.py:325}}
Apr 10 18:50:32.861201 np0000164918 nova-conductor[111947]: DEBUG dbcounter [-] [111947] Writer thread running {{(pid=111947) stat_writer /opt/stack/data/venv/lib/python3.12/site-packages/dbcounter.py:102}}
Apr 10 18:50:32.861232 np0000164918 nova-conductor[111965]: INFO dbcounter [None req-32b7b17e-2a5f-4f5d-9837-9f98a21e1254 None None] Registered counter for database nova_cell0
Apr 10 18:50:32.861260 np0000164918 nova-conductor[111942]: DEBUG nova.service [None req-4996d385-4034-431a-9862-c2b1deb2719c None None] Creating RPC server for service: nova-conductor on topic: conductor {{(pid=111942) start /opt/stack/nova/nova/service.py:195}}
Apr 10 18:50:32.861297 np0000164918 nova-conductor[111954]: DEBUG dbcounter [-] [111954] Writer thread running {{(pid=111954) stat_writer /opt/stack/data/venv/lib/python3.12/site-packages/dbcounter.py:102}}
Apr 10 18:50:32.861326 np0000164918 nova-conductor[111965]: DEBUG oslo_db.sqlalchemy.engines [None req-32b7b17e-2a5f-4f5d-9837-9f98a21e1254 None None] MySQL server mode set to STRICT_TRANS_TABLES,STRICT_ALL_TABLES,NO_ZERO_IN_DATE,NO_ZERO_DATE,ERROR_FOR_DIVISION_BY_ZERO,TRADITIONAL,NO_ENGINE_SUBSTITUTION {{(pid=111965) _check_effective_sql_mode /opt/stack/data/venv/lib/python3.12/site-packages/oslo_db/sqlalchemy/engines.py:325}}
Apr 10 18:50:32.861460 np0000164918 nova-conductor[111954]: DEBUG nova.service [None req-9a3106b7-223a-479a-bb94-5a400453b745 None None] Creating RPC server for service: nova-conductor on topic: conductor {{(pid=111954) start /opt/stack/nova/nova/service.py:195}}
Apr 10 18:50:32.872157 np0000164918 nova-conductor[111947]: DEBUG nova.service [None req-3753137d-12f2-427c-86b4-ad3d138b8bba None None] Creating RPC server for service: nova-conductor on topic: conductor {{(pid=111947) start /opt/stack/nova/nova/service.py:195}}
Apr 10 18:50:32.873160 np0000164918 nova-conductor[111965]: DEBUG dbcounter [-] [111965] Writer thread running {{(pid=111965) stat_writer /opt/stack/data/venv/lib/python3.12/site-packages/dbcounter.py:102}}
Apr 10 18:50:32.876889 np0000164918 nova-conductor[111965]: DEBUG nova.service [None req-32b7b17e-2a5f-4f5d-9837-9f98a21e1254 None None] Creating RPC server for service: nova-conductor on topic: conductor {{(pid=111965) start /opt/stack/nova/nova/service.py:195}}
Apr 10 18:50:32.888850 np0000164918 nova-conductor[111954]: DEBUG nova.service [None req-9a3106b7-223a-479a-bb94-5a400453b745 None None] Join ServiceGroup membership for this service conductor {{(pid=111954) start /opt/stack/nova/nova/service.py:221}}
Apr 10 18:50:32.889199 np0000164918 nova-conductor[111954]: DEBUG nova.servicegroup.drivers.db [None req-9a3106b7-223a-479a-bb94-5a400453b745 None None] DB_Driver: join new ServiceGroup member np0000164918 to the conductor group, service = {{(pid=111954) join /opt/stack/nova/nova/servicegroup/drivers/db.py:44}}
Apr 10 18:50:32.893662 np0000164918 nova-conductor[111942]: DEBUG nova.service [None req-4996d385-4034-431a-9862-c2b1deb2719c None None] Join ServiceGroup membership for this service conductor {{(pid=111942) start /opt/stack/nova/nova/service.py:221}}
Apr 10 18:50:32.894102 np0000164918 nova-conductor[111942]: DEBUG nova.servicegroup.drivers.db [None req-4996d385-4034-431a-9862-c2b1deb2719c None None] DB_Driver: join new ServiceGroup member np0000164918 to the conductor group, service = {{(pid=111942) join /opt/stack/nova/nova/servicegroup/drivers/db.py:44}}
Apr 10 18:50:32.902006 np0000164918 nova-conductor[111947]: DEBUG nova.service [None req-3753137d-12f2-427c-86b4-ad3d138b8bba None None] Join ServiceGroup membership for this service conductor {{(pid=111947) start /opt/stack/nova/nova/service.py:221}}
Apr 10 18:50:32.902410 np0000164918 nova-conductor[111947]: DEBUG nova.servicegroup.drivers.db [None req-3753137d-12f2-427c-86b4-ad3d138b8bba None None] DB_Driver: join new ServiceGroup member np0000164918 to the conductor group, service = {{(pid=111947) join /opt/stack/nova/nova/servicegroup/drivers/db.py:44}}
Apr 10 18:50:32.902519 np0000164918 nova-conductor[111965]: DEBUG nova.service [None req-32b7b17e-2a5f-4f5d-9837-9f98a21e1254 None None] Join ServiceGroup membership for this service conductor {{(pid=111965) start /opt/stack/nova/nova/service.py:221}}
Apr 10 18:50:32.903059 np0000164918 nova-conductor[111965]: DEBUG nova.servicegroup.drivers.db [None req-32b7b17e-2a5f-4f5d-9837-9f98a21e1254 None None] DB_Driver: join new ServiceGroup member np0000164918 to the conductor group, service = {{(pid=111965) join /opt/stack/nova/nova/servicegroup/drivers/db.py:44}}
Apr 10 18:50:38.010358 np0000164918 nova-conductor[111954]: DEBUG oslo.service.backend._threading.loopingcall [-] Fixed interval looping call 'nova.servicegroup.drivers.db.DbDriver._report_state' sleeping for 119.88 seconds {{(pid=111954) _run_loop /opt/stack/data/venv/lib/python3.12/site-packages/oslo_service/backend/_threading/loopingcall.py:125}}
Apr 10 18:50:38.012535 np0000164918 nova-conductor[111942]: DEBUG oslo.service.backend._threading.loopingcall [-] Fixed interval looping call 'nova.servicegroup.drivers.db.DbDriver._report_state' sleeping for 119.88 seconds {{(pid=111942) _run_loop /opt/stack/data/venv/lib/python3.12/site-packages/oslo_service/backend/_threading/loopingcall.py:125}}
Apr 10 18:50:38.013959 np0000164918 nova-conductor[111947]: DEBUG oslo.service.backend._threading.loopingcall [-] Fixed interval looping call 'nova.servicegroup.drivers.db.DbDriver._report_state' sleeping for 119.89 seconds {{(pid=111947) _run_loop /opt/stack/data/venv/lib/python3.12/site-packages/oslo_service/backend/_threading/loopingcall.py:125}}
Apr 10 18:50:38.015912 np0000164918 nova-conductor[111965]: DEBUG oslo.service.backend._threading.loopingcall [-] Fixed interval looping call 'nova.servicegroup.drivers.db.DbDriver._report_state' sleeping for 119.89 seconds {{(pid=111965) _run_loop /opt/stack/data/venv/lib/python3.12/site-packages/oslo_service/backend/_threading/loopingcall.py:125}}
Apr 10 18:50:41.486930 np0000164918 nova-conductor[111186]: DEBUG dbcounter [-] [111186] Writing DB stats nova_api:SELECT=1 {{(pid=111186) stat_writer /opt/stack/data/venv/lib/python3.12/site-packages/dbcounter.py:115}}
Apr 10 18:50:41.592899 np0000164918 nova-conductor[111186]: DEBUG dbcounter [-] [111186] Writing DB stats nova_cell0:SELECT=1 {{(pid=111186) stat_writer /opt/stack/data/venv/lib/python3.12/site-packages/dbcounter.py:115}}
Apr 10 18:50:41.603455 np0000164918 nova-conductor[111186]: DEBUG dbcounter [-] [111186] Writing DB stats nova_cell1:SELECT=1 {{(pid=111186) stat_writer /opt/stack/data/venv/lib/python3.12/site-packages/dbcounter.py:115}}
Apr 10 18:50:47.906515 np0000164918 nova-conductor[111954]: DEBUG dbcounter [-] [111954] Writing DB stats nova_cell0:SELECT=3,nova_cell0:UPDATE=1 {{(pid=111954) stat_writer /opt/stack/data/venv/lib/python3.12/site-packages/dbcounter.py:115}}
Apr 10 18:50:47.907144 np0000164918 nova-conductor[111942]: DEBUG dbcounter [-] [111942] Writing DB stats nova_cell0:SELECT=4,nova_cell0:INSERT=1,nova_cell0:UPDATE=1 {{(pid=111942) stat_writer /opt/stack/data/venv/lib/python3.12/site-packages/dbcounter.py:115}}
Apr 10 18:50:47.914737 np0000164918 nova-conductor[111947]: DEBUG dbcounter [-] [111947] Writing DB stats nova_cell0:SELECT=4,nova_cell0:INSERT=1,nova_cell0:UPDATE=1 {{(pid=111947) stat_writer /opt/stack/data/venv/lib/python3.12/site-packages/dbcounter.py:115}}
Apr 10 18:50:47.921075 np0000164918 nova-conductor[111965]: DEBUG dbcounter [-] [111965] Writing DB stats nova_cell0:SELECT=3,nova_cell0:UPDATE=1 {{(pid=111965) stat_writer /opt/stack/data/venv/lib/python3.12/site-packages/dbcounter.py:115}}
Apr 10 18:50:50.907282 np0000164918 nova-conductor[111965]: DEBUG oslo.service.backend._threading.loopingcall [None req-d8720b8b-750b-47db-9fe8-bd20b66e595b None None] Dynamic interval looping call 'nova.service.Service.periodic_tasks' sleeping for 60.00 seconds {{(pid=111965) _run_loop /opt/stack/data/venv/lib/python3.12/site-packages/oslo_service/backend/_threading/loopingcall.py:125}}
Apr 10 18:50:59.905693 np0000164918 nova-conductor[111947]: DEBUG oslo.service.backend._threading.loopingcall [None req-5c700e0b-4e40-400c-95bb-a04aea05c3c5 None None] Dynamic interval looping call 'nova.service.Service.periodic_tasks' sleeping for 60.00 seconds {{(pid=111947) _run_loop /opt/stack/data/venv/lib/python3.12/site-packages/oslo_service/backend/_threading/loopingcall.py:125}}
Apr 10 18:51:25.893186 np0000164918 nova-conductor[111954]: DEBUG oslo.service.backend._threading.loopingcall [None req-ef33ef61-4fee-4b96-aca9-738dcdabdd6b None None] Dynamic interval looping call 'nova.service.Service.periodic_tasks' sleeping for 60.00 seconds {{(pid=111954) _run_loop /opt/stack/data/venv/lib/python3.12/site-packages/oslo_service/backend/_threading/loopingcall.py:125}}
Apr 10 18:51:25.897244 np0000164918 nova-conductor[111942]: DEBUG oslo.service.backend._threading.loopingcall [None req-9d7f1a84-b734-463d-8a2f-8d3f57232a16 None None] Dynamic interval looping call 'nova.service.Service.periodic_tasks' sleeping for 60.00 seconds {{(pid=111942) _run_loop /opt/stack/data/venv/lib/python3.12/site-packages/oslo_service/backend/_threading/loopingcall.py:125}}
Apr 10 18:51:50.908264 np0000164918 nova-conductor[111965]: DEBUG oslo.service.backend._threading.loopingcall [None req-d8720b8b-750b-47db-9fe8-bd20b66e595b None None] Dynamic interval looping call 'nova.service.Service.periodic_tasks' sleeping for 60.00 seconds {{(pid=111965) _run_loop /opt/stack/data/venv/lib/python3.12/site-packages/oslo_service/backend/_threading/loopingcall.py:125}}
Apr 10 18:51:59.906664 np0000164918 nova-conductor[111947]: DEBUG oslo.service.backend._threading.loopingcall [None req-5c700e0b-4e40-400c-95bb-a04aea05c3c5 None None] Dynamic interval looping call 'nova.service.Service.periodic_tasks' sleeping for 60.00 seconds {{(pid=111947) _run_loop /opt/stack/data/venv/lib/python3.12/site-packages/oslo_service/backend/_threading/loopingcall.py:125}}
Apr 10 18:52:25.894202 np0000164918 nova-conductor[111954]: DEBUG oslo.service.backend._threading.loopingcall [None req-ef33ef61-4fee-4b96-aca9-738dcdabdd6b None None] Dynamic interval looping call 'nova.service.Service.periodic_tasks' sleeping for 60.00 seconds {{(pid=111954) _run_loop /opt/stack/data/venv/lib/python3.12/site-packages/oslo_service/backend/_threading/loopingcall.py:125}}
Apr 10 18:52:25.898250 np0000164918 nova-conductor[111942]: DEBUG oslo.service.backend._threading.loopingcall [None req-9d7f1a84-b734-463d-8a2f-8d3f57232a16 None None] Dynamic interval looping call 'nova.service.Service.periodic_tasks' sleeping for 60.00 seconds {{(pid=111942) _run_loop /opt/stack/data/venv/lib/python3.12/site-packages/oslo_service/backend/_threading/loopingcall.py:125}}
Apr 10 18:52:38.513254 np0000164918 nova-conductor[111954]: DEBUG oslo.service.backend._threading.loopingcall [-] Fixed interval looping call 'nova.servicegroup.drivers.db.DbDriver._report_state' sleeping for 119.38 seconds {{(pid=111954) _run_loop /opt/stack/data/venv/lib/python3.12/site-packages/oslo_service/backend/_threading/loopingcall.py:125}}
Apr 10 18:52:38.514455 np0000164918 nova-conductor[111942]: DEBUG oslo.service.backend._threading.loopingcall [-] Fixed interval looping call 'nova.servicegroup.drivers.db.DbDriver._report_state' sleeping for 119.38 seconds {{(pid=111942) _run_loop /opt/stack/data/venv/lib/python3.12/site-packages/oslo_service/backend/_threading/loopingcall.py:125}}
Apr 10 18:52:38.516962 np0000164918 nova-conductor[111947]: DEBUG oslo.service.backend._threading.loopingcall [-] Fixed interval looping call 'nova.servicegroup.drivers.db.DbDriver._report_state' sleeping for 119.39 seconds {{(pid=111947) _run_loop /opt/stack/data/venv/lib/python3.12/site-packages/oslo_service/backend/_threading/loopingcall.py:125}}
Apr 10 18:52:38.517876 np0000164918 nova-conductor[111965]: DEBUG oslo.service.backend._threading.loopingcall [-] Fixed interval looping call 'nova.servicegroup.drivers.db.DbDriver._report_state' sleeping for 119.39 seconds {{(pid=111965) _run_loop /opt/stack/data/venv/lib/python3.12/site-packages/oslo_service/backend/_threading/loopingcall.py:125}}
Apr 10 18:52:47.900289 np0000164918 nova-conductor[111954]: DEBUG dbcounter [-] [111954] Writing DB stats nova_cell0:SELECT=1,nova_cell0:UPDATE=1 {{(pid=111954) stat_writer /opt/stack/data/venv/lib/python3.12/site-packages/dbcounter.py:115}}
Apr 10 18:52:47.902557 np0000164918 nova-conductor[111942]: DEBUG dbcounter [-] [111942] Writing DB stats nova_cell0:SELECT=1,nova_cell0:UPDATE=1 {{(pid=111942) stat_writer /opt/stack/data/venv/lib/python3.12/site-packages/dbcounter.py:115}}
Apr 10 18:52:47.909364 np0000164918 nova-conductor[111947]: DEBUG dbcounter [-] [111947] Writing DB stats nova_cell0:SELECT=1,nova_cell0:UPDATE=1 {{(pid=111947) stat_writer /opt/stack/data/venv/lib/python3.12/site-packages/dbcounter.py:115}}
Apr 10 18:52:47.920645 np0000164918 nova-conductor[111965]: DEBUG dbcounter [-] [111965] Writing DB stats nova_cell0:SELECT=1,nova_cell0:UPDATE=1 {{(pid=111965) stat_writer /opt/stack/data/venv/lib/python3.12/site-packages/dbcounter.py:115}}
Apr 10 18:52:50.909150 np0000164918 nova-conductor[111965]: DEBUG oslo.service.backend._threading.loopingcall [None req-d8720b8b-750b-47db-9fe8-bd20b66e595b None None] Dynamic interval looping call 'nova.service.Service.periodic_tasks' sleeping for 60.00 seconds {{(pid=111965) _run_loop /opt/stack/data/venv/lib/python3.12/site-packages/oslo_service/backend/_threading/loopingcall.py:125}}
Apr 10 18:52:59.908033 np0000164918 nova-conductor[111947]: DEBUG oslo.service.backend._threading.loopingcall [None req-5c700e0b-4e40-400c-95bb-a04aea05c3c5 None None] Dynamic interval looping call 'nova.service.Service.periodic_tasks' sleeping for 60.00 seconds {{(pid=111947) _run_loop /opt/stack/data/venv/lib/python3.12/site-packages/oslo_service/backend/_threading/loopingcall.py:125}}
Apr 10 18:53:25.894920 np0000164918 nova-conductor[111954]: DEBUG oslo.service.backend._threading.loopingcall [None req-ef33ef61-4fee-4b96-aca9-738dcdabdd6b None None] Dynamic interval looping call 'nova.service.Service.periodic_tasks' sleeping for 60.00 seconds {{(pid=111954) _run_loop /opt/stack/data/venv/lib/python3.12/site-packages/oslo_service/backend/_threading/loopingcall.py:125}}
Apr 10 18:53:25.899298 np0000164918 nova-conductor[111942]: DEBUG oslo.service.backend._threading.loopingcall [None req-9d7f1a84-b734-463d-8a2f-8d3f57232a16 None None] Dynamic interval looping call 'nova.service.Service.periodic_tasks' sleeping for 60.00 seconds {{(pid=111942) _run_loop /opt/stack/data/venv/lib/python3.12/site-packages/oslo_service/backend/_threading/loopingcall.py:125}}
Apr 10 18:53:50.910071 np0000164918 nova-conductor[111965]: DEBUG oslo.service.backend._threading.loopingcall [None req-d8720b8b-750b-47db-9fe8-bd20b66e595b None None] Dynamic interval looping call 'nova.service.Service.periodic_tasks' sleeping for 60.00 seconds {{(pid=111965) _run_loop /opt/stack/data/venv/lib/python3.12/site-packages/oslo_service/backend/_threading/loopingcall.py:125}}
Apr 10 18:53:59.908876 np0000164918 nova-conductor[111947]: DEBUG oslo.service.backend._threading.loopingcall [None req-5c700e0b-4e40-400c-95bb-a04aea05c3c5 None None] Dynamic interval looping call 'nova.service.Service.periodic_tasks' sleeping for 60.00 seconds {{(pid=111947) _run_loop /opt/stack/data/venv/lib/python3.12/site-packages/oslo_service/backend/_threading/loopingcall.py:125}}