Apr 10 18:49:51.859984 np0000164918 neutron-periodic-workers[106337]: DEBUG cotyledon.oslo_config_glue [-] ml2.path_mtu = 0 {{(pid=106337) log_opt_values /opt/stack/data/venv/lib/python3.12/site-packages/oslo_config/cfg.py:3006}}
Apr 10 18:49:51.860033 np0000164918 neutron-periodic-workers[106337]: DEBUG cotyledon.oslo_config_glue [-] ml2.physical_network_mtus = {} {{(pid=106337) log_opt_values /opt/stack/data/venv/lib/python3.12/site-packages/oslo_config/cfg.py:3006}}
Apr 10 18:49:51.860088 np0000164918 neutron-periodic-workers[106337]: DEBUG cotyledon.oslo_config_glue [-] ml2.project_network_types = ['geneve'] {{(pid=106337) log_opt_values /opt/stack/data/venv/lib/python3.12/site-packages/oslo_config/cfg.py:3006}}
Apr 10 18:49:51.860136 np0000164918 neutron-periodic-workers[106337]: DEBUG cotyledon.oslo_config_glue [-] ml2.tunnelled_network_rp_name = rp_tunnelled {{(pid=106337) log_opt_values /opt/stack/data/venv/lib/python3.12/site-packages/oslo_config/cfg.py:3006}}
Apr 10 18:49:51.860190 np0000164918 neutron-periodic-workers[106337]: DEBUG cotyledon.oslo_config_glue [-] ml2.type_drivers = ['local', 'flat', 'vlan', 'geneve'] {{(pid=106337) log_opt_values /opt/stack/data/venv/lib/python3.12/site-packages/oslo_config/cfg.py:3006}}
Apr 10 18:49:51.860259 np0000164918 neutron-periodic-workers[106337]: DEBUG cotyledon.oslo_config_glue [-] ml2_type_flat.flat_networks = ['public'] {{(pid=106337) log_opt_values /opt/stack/data/venv/lib/python3.12/site-packages/oslo_config/cfg.py:3006}}
Apr 10 18:49:51.860320 np0000164918 neutron-periodic-workers[106337]: DEBUG cotyledon.oslo_config_glue [-] ml2_type_geneve.max_header_size = 38 {{(pid=106337) log_opt_values /opt/stack/data/venv/lib/python3.12/site-packages/oslo_config/cfg.py:3006}}
Apr 10 18:49:51.860354 np0000164918 neutron-periodic-workers[106337]: DEBUG cotyledon.oslo_config_glue [-] ml2_type_geneve.vni_ranges = ['1:65536'] {{(pid=106337) log_opt_values /opt/stack/data/venv/lib/python3.12/site-packages/oslo_config/cfg.py:3006}}
Apr 10 18:49:51.860417 np0000164918 neutron-periodic-workers[106337]: DEBUG cotyledon.oslo_config_glue [-] ml2_type_vlan.network_vlan_ranges = ['public'] {{(pid=106337) log_opt_values /opt/stack/data/venv/lib/python3.12/site-packages/oslo_config/cfg.py:3006}}
Apr 10 18:49:51.860505 np0000164918 neutron-periodic-workers[106337]: DEBUG cotyledon.oslo_config_glue [-] network_log.burst_limit = 25 {{(pid=106337) log_opt_values /opt/stack/data/venv/lib/python3.12/site-packages/oslo_config/cfg.py:3006}}
Apr 10 18:49:51.860584 np0000164918 neutron-periodic-workers[106337]: DEBUG cotyledon.oslo_config_glue [-] network_log.local_output_log_base = None {{(pid=106337) log_opt_values /opt/stack/data/venv/lib/python3.12/site-packages/oslo_config/cfg.py:3006}}
Apr 10 18:49:51.860584 np0000164918 neutron-periodic-workers[106337]: DEBUG cotyledon.oslo_config_glue [-] network_log.rate_limit = 100 {{(pid=106337) log_opt_values /opt/stack/data/venv/lib/python3.12/site-packages/oslo_config/cfg.py:3006}}
Apr 10 18:49:51.860650 np0000164918 neutron-periodic-workers[106337]: DEBUG cotyledon.oslo_config_glue [-] database.asyncio_connection = **** {{(pid=106337) log_opt_values /opt/stack/data/venv/lib/python3.12/site-packages/oslo_config/cfg.py:3006}}
Apr 10 18:49:51.860755 np0000164918 neutron-periodic-workers[106337]: DEBUG cotyledon.oslo_config_glue [-] database.asyncio_slave_connection = **** {{(pid=106337) log_opt_values /opt/stack/data/venv/lib/python3.12/site-packages/oslo_config/cfg.py:3006}}
Apr 10 18:49:51.860755 np0000164918 neutron-periodic-workers[106337]: DEBUG cotyledon.oslo_config_glue [-] database.backend = sqlalchemy {{(pid=106337) log_opt_values /opt/stack/data/venv/lib/python3.12/site-packages/oslo_config/cfg.py:3006}}
Apr 10 18:49:51.860851 np0000164918 neutron-periodic-workers[106337]: DEBUG cotyledon.oslo_config_glue [-] database.connection = **** {{(pid=106337) log_opt_values /opt/stack/data/venv/lib/python3.12/site-packages/oslo_config/cfg.py:3006}}
Apr 10 18:49:51.860851 np0000164918 neutron-periodic-workers[106337]: DEBUG cotyledon.oslo_config_glue [-] database.connection_debug = 0 {{(pid=106337) log_opt_values /opt/stack/data/venv/lib/python3.12/site-packages/oslo_config/cfg.py:3006}}
Apr 10 18:49:51.860948 np0000164918 neutron-periodic-workers[106337]: DEBUG cotyledon.oslo_config_glue [-] database.connection_parameters = {{(pid=106337) log_opt_values /opt/stack/data/venv/lib/python3.12/site-packages/oslo_config/cfg.py:3006}}
Apr 10 18:49:51.860948 np0000164918 neutron-periodic-workers[106337]: DEBUG cotyledon.oslo_config_glue [-] database.connection_recycle_time = 3600 {{(pid=106337) log_opt_values /opt/stack/data/venv/lib/python3.12/site-packages/oslo_config/cfg.py:3006}}
Apr 10 18:49:51.860948 np0000164918 neutron-periodic-workers[106337]: DEBUG cotyledon.oslo_config_glue [-] database.connection_trace = False {{(pid=106337) log_opt_values /opt/stack/data/venv/lib/python3.12/site-packages/oslo_config/cfg.py:3006}}
Apr 10 18:49:51.861074 np0000164918 neutron-periodic-workers[106337]: DEBUG cotyledon.oslo_config_glue [-] database.db_inc_retry_interval = True {{(pid=106337) log_opt_values /opt/stack/data/venv/lib/python3.12/site-packages/oslo_config/cfg.py:3006}}
Apr 10 18:49:51.861074 np0000164918 neutron-periodic-workers[106337]: DEBUG cotyledon.oslo_config_glue [-] database.db_max_retries = 20 {{(pid=106337) log_opt_values /opt/stack/data/venv/lib/python3.12/site-packages/oslo_config/cfg.py:3006}}
Apr 10 18:49:51.861074 np0000164918 neutron-periodic-workers[106337]: DEBUG cotyledon.oslo_config_glue [-] database.db_max_retry_interval = 10 {{(pid=106337) log_opt_values /opt/stack/data/venv/lib/python3.12/site-packages/oslo_config/cfg.py:3006}}
Apr 10 18:49:51.861189 np0000164918 neutron-periodic-workers[106337]: DEBUG cotyledon.oslo_config_glue [-] database.db_retry_interval = 1 {{(pid=106337) log_opt_values /opt/stack/data/venv/lib/python3.12/site-packages/oslo_config/cfg.py:3006}}
Apr 10 18:49:51.861189 np0000164918 neutron-periodic-workers[106337]: DEBUG cotyledon.oslo_config_glue [-] database.max_overflow = 50 {{(pid=106337) log_opt_values /opt/stack/data/venv/lib/python3.12/site-packages/oslo_config/cfg.py:3006}}
Apr 10 18:49:51.861189 np0000164918 neutron-periodic-workers[106337]: DEBUG cotyledon.oslo_config_glue [-] database.max_pool_size = 5 {{(pid=106337) log_opt_values /opt/stack/data/venv/lib/python3.12/site-packages/oslo_config/cfg.py:3006}}
Apr 10 18:49:51.861269 np0000164918 neutron-periodic-workers[106337]: DEBUG cotyledon.oslo_config_glue [-] database.max_retries = 10 {{(pid=106337) log_opt_values /opt/stack/data/venv/lib/python3.12/site-packages/oslo_config/cfg.py:3006}}
Apr 10 18:49:51.861269 np0000164918 neutron-periodic-workers[106337]: DEBUG cotyledon.oslo_config_glue [-] database.mysql_sql_mode = TRADITIONAL {{(pid=106337) log_opt_values /opt/stack/data/venv/lib/python3.12/site-packages/oslo_config/cfg.py:3006}}
Apr 10 18:49:51.861326 np0000164918 neutron-periodic-workers[106337]: DEBUG cotyledon.oslo_config_glue [-] database.mysql_wsrep_sync_wait = None {{(pid=106337) log_opt_values /opt/stack/data/venv/lib/python3.12/site-packages/oslo_config/cfg.py:3006}}
Apr 10 18:49:51.861326 np0000164918 neutron-periodic-workers[106337]: DEBUG cotyledon.oslo_config_glue [-] database.pool_timeout = None {{(pid=106337) log_opt_values /opt/stack/data/venv/lib/python3.12/site-packages/oslo_config/cfg.py:3006}}
Apr 10 18:49:51.861386 np0000164918 neutron-periodic-workers[106337]: DEBUG cotyledon.oslo_config_glue [-] database.retry_interval = 10 {{(pid=106337) log_opt_values /opt/stack/data/venv/lib/python3.12/site-packages/oslo_config/cfg.py:3006}}
Apr 10 18:49:51.861417 np0000164918 neutron-periodic-workers[106337]: DEBUG cotyledon.oslo_config_glue [-] database.slave_connection = **** {{(pid=106337) log_opt_values /opt/stack/data/venv/lib/python3.12/site-packages/oslo_config/cfg.py:3006}}
Apr 10 18:49:51.861507 np0000164918 neutron-periodic-workers[106337]: DEBUG cotyledon.oslo_config_glue [-] database.sqlite_synchronous = True {{(pid=106337) log_opt_values /opt/stack/data/venv/lib/python3.12/site-packages/oslo_config/cfg.py:3006}}
Apr 10 18:49:51.861547 np0000164918 neutron-periodic-workers[106337]: DEBUG cotyledon.oslo_config_glue [-] database.synchronous_reader = True {{(pid=106337) log_opt_values /opt/stack/data/venv/lib/python3.12/site-packages/oslo_config/cfg.py:3006}}
Apr 10 18:49:51.861578 np0000164918 neutron-periodic-workers[106337]: DEBUG cotyledon.oslo_config_glue [-] database.use_db_reconnect = False {{(pid=106337) log_opt_values /opt/stack/data/venv/lib/python3.12/site-packages/oslo_config/cfg.py:3006}}
Apr 10 18:49:51.861641 np0000164918 neutron-periodic-workers[106337]: DEBUG cotyledon.oslo_config_glue [-] ovn.bfd_min_rx = 1000 {{(pid=106337) log_opt_values /opt/stack/data/venv/lib/python3.12/site-packages/oslo_config/cfg.py:3006}}
Apr 10 18:49:51.861676 np0000164918 neutron-periodic-workers[106337]: DEBUG cotyledon.oslo_config_glue [-] ovn.bfd_min_tx = 100 {{(pid=106337) log_opt_values /opt/stack/data/venv/lib/python3.12/site-packages/oslo_config/cfg.py:3006}}
Apr 10 18:49:51.861710 np0000164918 neutron-periodic-workers[106337]: DEBUG cotyledon.oslo_config_glue [-] ovn.bfd_mult = 3 {{(pid=106337) log_opt_values /opt/stack/data/venv/lib/python3.12/site-packages/oslo_config/cfg.py:3006}}
Apr 10 18:49:51.861746 np0000164918 neutron-periodic-workers[106337]: DEBUG cotyledon.oslo_config_glue [-] ovn.broadcast_arps_to_all_routers = True {{(pid=106337) log_opt_values /opt/stack/data/venv/lib/python3.12/site-packages/oslo_config/cfg.py:3006}}
Apr 10 18:49:51.861809 np0000164918 neutron-periodic-workers[106337]: DEBUG cotyledon.oslo_config_glue [-] ovn.dhcp_default_lease_time = 43200 {{(pid=106337) log_opt_values /opt/stack/data/venv/lib/python3.12/site-packages/oslo_config/cfg.py:3006}}
Apr 10 18:49:51.861843 np0000164918 neutron-periodic-workers[106337]: DEBUG cotyledon.oslo_config_glue [-] ovn.disable_ovn_dhcp_for_baremetal_ports = False {{(pid=106337) log_opt_values /opt/stack/data/venv/lib/python3.12/site-packages/oslo_config/cfg.py:3006}}
Apr 10 18:49:51.861880 np0000164918 neutron-periodic-workers[106337]: DEBUG cotyledon.oslo_config_glue [-] ovn.dns_records_ovn_owned = False {{(pid=106337) log_opt_values /opt/stack/data/venv/lib/python3.12/site-packages/oslo_config/cfg.py:3006}}
Apr 10 18:49:51.861934 np0000164918 neutron-periodic-workers[106337]: DEBUG cotyledon.oslo_config_glue [-] ovn.dns_servers = [] {{(pid=106337) log_opt_values /opt/stack/data/venv/lib/python3.12/site-packages/oslo_config/cfg.py:3006}}
Apr 10 18:49:51.861968 np0000164918 neutron-periodic-workers[106337]: DEBUG cotyledon.oslo_config_glue [-] ovn.enable_distributed_floating_ip = False {{(pid=106337) log_opt_values /opt/stack/data/venv/lib/python3.12/site-packages/oslo_config/cfg.py:3006}}
Apr 10 18:49:51.862011 np0000164918 neutron-periodic-workers[106337]: DEBUG cotyledon.oslo_config_glue [-] ovn.fdb_age_threshold = 300 {{(pid=106337) log_opt_values /opt/stack/data/venv/lib/python3.12/site-packages/oslo_config/cfg.py:3006}}
Apr 10 18:49:51.862044 np0000164918 neutron-periodic-workers[106337]: DEBUG cotyledon.oslo_config_glue [-] ovn.ha_failover_strategy = normal {{(pid=106337) log_opt_values /opt/stack/data/venv/lib/python3.12/site-packages/oslo_config/cfg.py:3006}}
Apr 10 18:49:51.862088 np0000164918 neutron-periodic-workers[106337]: DEBUG cotyledon.oslo_config_glue [-] ovn.live_migration_activation_strategy = rarp {{(pid=106337) log_opt_values /opt/stack/data/venv/lib/python3.12/site-packages/oslo_config/cfg.py:3006}}
Apr 10 18:49:51.862120 np0000164918 neutron-periodic-workers[106337]: DEBUG cotyledon.oslo_config_glue [-] ovn.localnet_learn_fdb = False {{(pid=106337) log_opt_values /opt/stack/data/venv/lib/python3.12/site-packages/oslo_config/cfg.py:3006}}
Apr 10 18:49:51.862164 np0000164918 neutron-periodic-workers[106337]: DEBUG cotyledon.oslo_config_glue [-] ovn.mac_binding_age_threshold = 300 {{(pid=106337) log_opt_values /opt/stack/data/venv/lib/python3.12/site-packages/oslo_config/cfg.py:3006}}
Apr 10 18:49:51.862218 np0000164918 neutron-periodic-workers[106337]: DEBUG cotyledon.oslo_config_glue [-] ovn.neutron_sync_mode = log {{(pid=106337) log_opt_values /opt/stack/data/venv/lib/python3.12/site-packages/oslo_config/cfg.py:3006}}
Apr 10 18:49:51.862256 np0000164918 neutron-periodic-workers[106337]: DEBUG cotyledon.oslo_config_glue [-] ovn.ovn_dhcp4_global_options = {} {{(pid=106337) log_opt_values /opt/stack/data/venv/lib/python3.12/site-packages/oslo_config/cfg.py:3006}}
Apr 10 18:49:51.862288 np0000164918 neutron-periodic-workers[106337]: DEBUG cotyledon.oslo_config_glue [-] ovn.ovn_dhcp6_global_options = {} {{(pid=106337) log_opt_values /opt/stack/data/venv/lib/python3.12/site-packages/oslo_config/cfg.py:3006}}
Apr 10 18:49:51.862325 np0000164918 neutron-periodic-workers[106337]: DEBUG cotyledon.oslo_config_glue [-] ovn.ovn_l3_scheduler = leastloaded {{(pid=106337) log_opt_values /opt/stack/data/venv/lib/python3.12/site-packages/oslo_config/cfg.py:3006}}
Apr 10 18:49:51.862383 np0000164918 neutron-periodic-workers[106337]: DEBUG cotyledon.oslo_config_glue [-] ovn.ovn_metadata_enabled = True {{(pid=106337) log_opt_values /opt/stack/data/venv/lib/python3.12/site-packages/oslo_config/cfg.py:3006}}
Apr 10 18:49:51.862447 np0000164918 neutron-periodic-workers[106337]: DEBUG cotyledon.oslo_config_glue [-] ovn.ovn_nb_ca_cert = /opt/stack/data/CA/int-ca/ca-chain.pem {{(pid=106337) log_opt_values /opt/stack/data/venv/lib/python3.12/site-packages/oslo_config/cfg.py:3006}}
Apr 10 18:49:51.862510 np0000164918 neutron-periodic-workers[106337]: DEBUG cotyledon.oslo_config_glue [-] ovn.ovn_nb_certificate = /opt/stack/data/CA/int-ca/devstack-cert.crt {{(pid=106337) log_opt_values /opt/stack/data/venv/lib/python3.12/site-packages/oslo_config/cfg.py:3006}}
Apr 10 18:49:51.862551 np0000164918 neutron-periodic-workers[106337]: DEBUG cotyledon.oslo_config_glue [-] ovn.ovn_nb_connection = ['ssl:199.204.45.129:6641'] {{(pid=106337) log_opt_values /opt/stack/data/venv/lib/python3.12/site-packages/oslo_config/cfg.py:3006}}
Apr 10 18:49:51.862604 np0000164918 neutron-periodic-workers[106337]: DEBUG cotyledon.oslo_config_glue [-] ovn.ovn_nb_private_key = /opt/stack/data/CA/int-ca/private/devstack-cert.key {{(pid=106337) log_opt_values /opt/stack/data/venv/lib/python3.12/site-packages/oslo_config/cfg.py:3006}}
Apr 10 18:49:51.862640 np0000164918 neutron-periodic-workers[106337]: DEBUG cotyledon.oslo_config_glue [-] ovn.ovn_router_indirect_snat = False {{(pid=106337) log_opt_values /opt/stack/data/venv/lib/python3.12/site-packages/oslo_config/cfg.py:3006}}
Apr 10 18:49:51.862689 np0000164918 neutron-periodic-workers[106337]: DEBUG cotyledon.oslo_config_glue [-] ovn.ovn_sb_ca_cert = /opt/stack/data/CA/int-ca/ca-chain.pem {{(pid=106337) log_opt_values /opt/stack/data/venv/lib/python3.12/site-packages/oslo_config/cfg.py:3006}}
Apr 10 18:49:51.862726 np0000164918 neutron-periodic-workers[106337]: DEBUG cotyledon.oslo_config_glue [-] ovn.ovn_sb_certificate = /opt/stack/data/CA/int-ca/devstack-cert.crt {{(pid=106337) log_opt_values /opt/stack/data/venv/lib/python3.12/site-packages/oslo_config/cfg.py:3006}}
Apr 10 18:49:51.862759 np0000164918 neutron-periodic-workers[106337]: DEBUG cotyledon.oslo_config_glue [-] ovn.ovn_sb_connection = ['ssl:199.204.45.129:6642'] {{(pid=106337) log_opt_values /opt/stack/data/venv/lib/python3.12/site-packages/oslo_config/cfg.py:3006}}
Apr 10 18:49:51.862790 np0000164918 neutron-periodic-workers[106337]: DEBUG cotyledon.oslo_config_glue [-] ovn.ovn_sb_private_key = /opt/stack/data/CA/int-ca/private/devstack-cert.key {{(pid=106337) log_opt_values /opt/stack/data/venv/lib/python3.12/site-packages/oslo_config/cfg.py:3006}}
Apr 10 18:49:51.862825 np0000164918 neutron-periodic-workers[106337]: DEBUG cotyledon.oslo_config_glue [-] ovn.ovs_create_tap = False {{(pid=106337) log_opt_values /opt/stack/data/venv/lib/python3.12/site-packages/oslo_config/cfg.py:3006}}
Apr 10 18:49:51.862881 np0000164918 neutron-periodic-workers[106337]: DEBUG cotyledon.oslo_config_glue [-] ovn.ovsdb_connection_timeout = 180 {{(pid=106337) log_opt_values /opt/stack/data/venv/lib/python3.12/site-packages/oslo_config/cfg.py:3006}}
Apr 10 18:49:51.862914 np0000164918 neutron-periodic-workers[106337]: DEBUG cotyledon.oslo_config_glue [-] ovn.ovsdb_log_level = INFO {{(pid=106337) log_opt_values /opt/stack/data/venv/lib/python3.12/site-packages/oslo_config/cfg.py:3006}}
Apr 10 18:49:51.862990 np0000164918 neutron-periodic-workers[106337]: DEBUG cotyledon.oslo_config_glue [-] ovn.ovsdb_probe_interval = 60000 {{(pid=106337) log_opt_values /opt/stack/data/venv/lib/python3.12/site-packages/oslo_config/cfg.py:3006}}
Apr 10 18:49:51.863031 np0000164918 neutron-periodic-workers[106337]: DEBUG cotyledon.oslo_config_glue [-] ovn.ovsdb_retry_max_interval = 180 {{(pid=106337) log_opt_values /opt/stack/data/venv/lib/python3.12/site-packages/oslo_config/cfg.py:3006}}
Apr 10 18:49:51.863069 np0000164918 neutron-periodic-workers[106337]: DEBUG cotyledon.oslo_config_glue [-] ovn.stateless_nat_enabled = False {{(pid=106337) log_opt_values /opt/stack/data/venv/lib/python3.12/site-packages/oslo_config/cfg.py:3006}}
Apr 10 18:49:51.863141 np0000164918 neutron-periodic-workers[106337]: DEBUG cotyledon.oslo_config_glue [-] ovn.vhost_sock_dir = /var/run/openvswitch {{(pid=106337) log_opt_values /opt/stack/data/venv/lib/python3.12/site-packages/oslo_config/cfg.py:3006}}
Apr 10 18:49:51.863195 np0000164918 neutron-periodic-workers[106337]: DEBUG cotyledon.oslo_config_glue [-] OVS.bridge_mac_table_size = 50000 {{(pid=106337) log_opt_values /opt/stack/data/venv/lib/python3.12/site-packages/oslo_config/cfg.py:3006}}
Apr 10 18:49:51.863233 np0000164918 neutron-periodic-workers[106337]: DEBUG cotyledon.oslo_config_glue [-] OVS.igmp_flood = False {{(pid=106337) log_opt_values /opt/stack/data/venv/lib/python3.12/site-packages/oslo_config/cfg.py:3006}}
Apr 10 18:49:51.863278 np0000164918 neutron-periodic-workers[106337]: DEBUG cotyledon.oslo_config_glue [-] OVS.igmp_flood_reports = True {{(pid=106337) log_opt_values /opt/stack/data/venv/lib/python3.12/site-packages/oslo_config/cfg.py:3006}}
Apr 10 18:49:51.863328 np0000164918 neutron-periodic-workers[106337]: DEBUG cotyledon.oslo_config_glue [-] OVS.igmp_flood_unregistered = False {{(pid=106337) log_opt_values /opt/stack/data/venv/lib/python3.12/site-packages/oslo_config/cfg.py:3006}}
Apr 10 18:49:51.863363 np0000164918 neutron-periodic-workers[106337]: DEBUG cotyledon.oslo_config_glue [-] OVS.igmp_snooping_enable = False {{(pid=106337) log_opt_values /opt/stack/data/venv/lib/python3.12/site-packages/oslo_config/cfg.py:3006}}
Apr 10 18:49:51.863413 np0000164918 neutron-periodic-workers[106337]: DEBUG cotyledon.oslo_config_glue [-] OVS.ovsdb_timeout = 10 {{(pid=106337) log_opt_values /opt/stack/data/venv/lib/python3.12/site-packages/oslo_config/cfg.py:3006}}
Apr 10 18:49:51.863496 np0000164918 neutron-periodic-workers[106337]: DEBUG cotyledon.oslo_config_glue [-] ovn_nb_global.fdb_removal_limit = 0 {{(pid=106337) log_opt_values /opt/stack/data/venv/lib/python3.12/site-packages/oslo_config/cfg.py:3006}}
Apr 10 18:49:51.863543 np0000164918 neutron-periodic-workers[106337]: DEBUG cotyledon.oslo_config_glue [-] ovn_nb_global.ignore_lsp_down = False {{(pid=106337) log_opt_values /opt/stack/data/venv/lib/python3.12/site-packages/oslo_config/cfg.py:3006}}
Apr 10 18:49:51.863572 np0000164918 neutron-periodic-workers[106337]: DEBUG cotyledon.oslo_config_glue [-] ovn_nb_global.mac_binding_removal_limit = 0 {{(pid=106337) log_opt_values /opt/stack/data/venv/lib/python3.12/site-packages/oslo_config/cfg.py:3006}}
Apr 10 18:49:51.863610 np0000164918 neutron-periodic-workers[106337]: DEBUG cotyledon.oslo_config_glue [-] ******************************************************************************** {{(pid=106337) log_opt_values /opt/stack/data/venv/lib/python3.12/site-packages/oslo_config/cfg.py:3013}}
Apr 10 18:49:51.863807 np0000164918 neutron-periodic-workers[106337]: DEBUG cotyledon._service_worker [-] Run service ServiceWrapper(0) [106337] {{(pid=106337) wait_forever /opt/stack/data/venv/lib/python3.12/site-packages/cotyledon/_service_worker.py:218}}
Apr 10 18:50:01.503807 np0000164918 neutron-periodic-workers[105609]: DEBUG dbcounter [-] [105609] Writing DB stats neutron:SELECT=4 {{(pid=105609) stat_writer /opt/stack/data/venv/lib/python3.12/site-packages/dbcounter.py:115}}
Apr 10 18:50:20.817064 np0000164918 neutron-periodic-workers[106305]: DEBUG oslo_db.sqlalchemy.engines [None req-e381ec27-7dba-46f4-bc88-adb1e840e73e None None] Parent process 105609 forked (106305) with an open database connection, which is being discarded and recreated. {{(pid=106305) checkout /opt/stack/data/venv/lib/python3.12/site-packages/oslo_db/sqlalchemy/engines.py:402}}
Apr 10 18:50:20.848128 np0000164918 neutron-periodic-workers[106305]: DEBUG dbcounter [-] [106305] Writer thread running {{(pid=106305) stat_writer /opt/stack/data/venv/lib/python3.12/site-packages/dbcounter.py:102}}
Apr 10 18:50:20.862600 np0000164918 neutron-periodic-workers[106305]: DEBUG oslo.service.backend._threading.loopingcall [None req-e381ec27-7dba-46f4-bc88-adb1e840e73e None None] Fixed interval looping call 'neutron.services.ovn_l3.plugin.L3_NAT_dbonly_mixin._clean_garbage' sleeping for 299.95 seconds {{(pid=106305) _run_loop /opt/stack/data/venv/lib/python3.12/site-packages/oslo_service/backend/_threading/loopingcall.py:125}}
Apr 10 18:50:30.848916 np0000164918 neutron-periodic-workers[106305]: DEBUG dbcounter [-] [106305] Writing DB stats neutron:SELECT=1 {{(pid=106305) stat_writer /opt/stack/data/venv/lib/python3.12/site-packages/dbcounter.py:115}}
Apr 10 18:50:43.845362 np0000164918 neutron-periodic-workers[106313]: DEBUG dbcounter [-] [106313] Writer thread running {{(pid=106313) stat_writer /opt/stack/data/venv/lib/python3.12/site-packages/dbcounter.py:102}}
Apr 10 18:50:43.854868 np0000164918 neutron-periodic-workers[106313]: DEBUG oslo.service.backend._threading.loopingcall [None req-4d19ac02-d389-42f9-8fc3-1833a8ceae48 None None] Fixed interval looping call 'neutron.plugins.ml2.plugin.DhcpAgentSchedulerDbMixin.remove_networks_from_down_agents' sleeping for 36.98 seconds {{(pid=106313) _run_loop /opt/stack/data/venv/lib/python3.12/site-packages/oslo_service/backend/_threading/loopingcall.py:125}}
Apr 10 18:50:45.864410 np0000164918 neutron-periodic-workers[106326]: DEBUG dbcounter [-] [106326] Writer thread running {{(pid=106326) stat_writer /opt/stack/data/venv/lib/python3.12/site-packages/dbcounter.py:102}}
Apr 10 18:50:45.864410 np0000164918 neutron-periodic-workers[106326]: DEBUG neutron.db.agents_db [None req-503697ec-219b-46d3-b48a-c357361c6545 None None] Agent healthcheck: found 0 active agents {{(pid=106326) agent_health_check /opt/stack/neutron/neutron/db/agents_db.py:317}}
Apr 10 18:50:45.864410 np0000164918 neutron-periodic-workers[106326]: DEBUG oslo.service.backend._threading.loopingcall [None req-503697ec-219b-46d3-b48a-c357361c6545 None None] Fixed interval looping call 'neutron.plugins.ml2.plugin.AgentDbMixin.agent_health_check' sleeping for 36.98 seconds {{(pid=106326) _run_loop /opt/stack/data/venv/lib/python3.12/site-packages/oslo_service/backend/_threading/loopingcall.py:125}}
Apr 10 18:50:53.853797 np0000164918 neutron-periodic-workers[106313]: DEBUG dbcounter [-] [106313] Writing DB stats neutron:SELECT=3 {{(pid=106313) stat_writer /opt/stack/data/venv/lib/python3.12/site-packages/dbcounter.py:115}}
Apr 10 18:50:55.855092 np0000164918 neutron-periodic-workers[106326]: DEBUG dbcounter [-] [106326] Writing DB stats neutron:SELECT=1 {{(pid=106326) stat_writer /opt/stack/data/venv/lib/python3.12/site-packages/dbcounter.py:115}}
Apr 10 18:51:20.844320 np0000164918 neutron-periodic-workers[106313]: DEBUG oslo.service.backend._threading.loopingcall [None req-4d19ac02-d389-42f9-8fc3-1833a8ceae48 None None] Fixed interval looping call 'neutron.plugins.ml2.plugin.DhcpAgentSchedulerDbMixin.remove_networks_from_down_agents' sleeping for 36.99 seconds {{(pid=106313) _run_loop /opt/stack/data/venv/lib/python3.12/site-packages/oslo_service/backend/_threading/loopingcall.py:125}}
Apr 10 18:51:22.845677 np0000164918 neutron-periodic-workers[106326]: DEBUG neutron.db.agents_db [None req-503697ec-219b-46d3-b48a-c357361c6545 None None] Agent healthcheck: found 0 active agents {{(pid=106326) agent_health_check /opt/stack/neutron/neutron/db/agents_db.py:317}}
Apr 10 18:51:22.846498 np0000164918 neutron-periodic-workers[106326]: DEBUG oslo.service.backend._threading.loopingcall [None req-503697ec-219b-46d3-b48a-c357361c6545 None None] Fixed interval looping call 'neutron.plugins.ml2.plugin.AgentDbMixin.agent_health_check' sleeping for 36.99 seconds {{(pid=106326) _run_loop /opt/stack/data/venv/lib/python3.12/site-packages/oslo_service/backend/_threading/loopingcall.py:125}}
Apr 10 18:51:30.842766 np0000164918 neutron-periodic-workers[106313]: DEBUG dbcounter [-] [106313] Writing DB stats neutron:SELECT=3 {{(pid=106313) stat_writer /opt/stack/data/venv/lib/python3.12/site-packages/dbcounter.py:115}}
Apr 10 18:51:32.844076 np0000164918 neutron-periodic-workers[106326]: DEBUG dbcounter [-] [106326] Writing DB stats neutron:SELECT=1 {{(pid=106326) stat_writer /opt/stack/data/venv/lib/python3.12/site-packages/dbcounter.py:115}}
Apr 10 18:51:51.882480 np0000164918 neutron-periodic-workers[106337]: DEBUG dbcounter [-] [106337] Writer thread running {{(pid=106337) stat_writer /opt/stack/data/venv/lib/python3.12/site-packages/dbcounter.py:102}}
Apr 10 18:51:51.884610 np0000164918 neutron-periodic-workers[106337]: DEBUG oslo.service.backend._threading.loopingcall [None req-97cd7191-55af-4dae-8782-2b9635c3b805 None None] Fixed interval looping call 'neutron.db.quota.driver_nolock.DbQuotaNoLockDriver._remove_expired_reservations' sleeping for 119.98 seconds {{(pid=106337) _run_loop /opt/stack/data/venv/lib/python3.12/site-packages/oslo_service/backend/_threading/loopingcall.py:125}}
Apr 10 18:51:57.845607 np0000164918 neutron-periodic-workers[106313]: DEBUG oslo.service.backend._threading.loopingcall [None req-4d19ac02-d389-42f9-8fc3-1833a8ceae48 None None] Fixed interval looping call 'neutron.plugins.ml2.plugin.DhcpAgentSchedulerDbMixin.remove_networks_from_down_agents' sleeping for 36.99 seconds {{(pid=106313) _run_loop /opt/stack/data/venv/lib/python3.12/site-packages/oslo_service/backend/_threading/loopingcall.py:125}}
Apr 10 18:51:59.842045 np0000164918 neutron-periodic-workers[106326]: DEBUG neutron.db.agents_db [None req-503697ec-219b-46d3-b48a-c357361c6545 None None] Agent healthcheck: found 0 active agents {{(pid=106326) agent_health_check /opt/stack/neutron/neutron/db/agents_db.py:317}}
Apr 10 18:51:59.842708 np0000164918 neutron-periodic-workers[106326]: DEBUG oslo.service.backend._threading.loopingcall [None req-503697ec-219b-46d3-b48a-c357361c6545 None None] Fixed interval looping call 'neutron.plugins.ml2.plugin.AgentDbMixin.agent_health_check' sleeping for 36.99 seconds {{(pid=106326) _run_loop /opt/stack/data/venv/lib/python3.12/site-packages/oslo_service/backend/_threading/loopingcall.py:125}}
Apr 10 18:52:01.883257 np0000164918 neutron-periodic-workers[106337]: DEBUG dbcounter [-] [106337] Writing DB stats neutron:DELETE=1 {{(pid=106337) stat_writer /opt/stack/data/venv/lib/python3.12/site-packages/dbcounter.py:115}}
Apr 10 18:52:07.844637 np0000164918 neutron-periodic-workers[106313]: DEBUG dbcounter [-] [106313] Writing DB stats neutron:SELECT=3 {{(pid=106313) stat_writer /opt/stack/data/venv/lib/python3.12/site-packages/dbcounter.py:115}}
Apr 10 18:52:09.839866 np0000164918 neutron-periodic-workers[106326]: DEBUG dbcounter [-] [106326] Writing DB stats neutron:SELECT=1 {{(pid=106326) stat_writer /opt/stack/data/venv/lib/python3.12/site-packages/dbcounter.py:115}}
Apr 10 18:52:34.846973 np0000164918 neutron-periodic-workers[106313]: DEBUG oslo.service.backend._threading.loopingcall [None req-4d19ac02-d389-42f9-8fc3-1833a8ceae48 None None] Fixed interval looping call 'neutron.plugins.ml2.plugin.DhcpAgentSchedulerDbMixin.remove_networks_from_down_agents' sleeping for 36.99 seconds {{(pid=106313) _run_loop /opt/stack/data/venv/lib/python3.12/site-packages/oslo_service/backend/_threading/loopingcall.py:125}}
Apr 10 18:52:36.839564 np0000164918 neutron-periodic-workers[106326]: DEBUG neutron.db.agents_db [None req-503697ec-219b-46d3-b48a-c357361c6545 None None] Agent healthcheck: found 0 active agents {{(pid=106326) agent_health_check /opt/stack/neutron/neutron/db/agents_db.py:317}}
Apr 10 18:52:36.839564 np0000164918 neutron-periodic-workers[106326]: DEBUG oslo.service.backend._threading.loopingcall [None req-503697ec-219b-46d3-b48a-c357361c6545 None None] Fixed interval looping call 'neutron.plugins.ml2.plugin.AgentDbMixin.agent_health_check' sleeping for 36.99 seconds {{(pid=106326) _run_loop /opt/stack/data/venv/lib/python3.12/site-packages/oslo_service/backend/_threading/loopingcall.py:125}}
Apr 10 18:52:44.847000 np0000164918 neutron-periodic-workers[106313]: DEBUG dbcounter [-] [106313] Writing DB stats neutron:SELECT=3 {{(pid=106313) stat_writer /opt/stack/data/venv/lib/python3.12/site-packages/dbcounter.py:115}}
Apr 10 18:52:46.836580 np0000164918 neutron-periodic-workers[106326]: DEBUG dbcounter [-] [106326] Writing DB stats neutron:SELECT=1 {{(pid=106326) stat_writer /opt/stack/data/venv/lib/python3.12/site-packages/dbcounter.py:115}}
Apr 10 18:53:11.846120 np0000164918 neutron-periodic-workers[106313]: DEBUG oslo.service.backend._threading.loopingcall [None req-4d19ac02-d389-42f9-8fc3-1833a8ceae48 None None] Fixed interval looping call 'neutron.plugins.ml2.plugin.DhcpAgentSchedulerDbMixin.remove_networks_from_down_agents' sleeping for 36.99 seconds {{(pid=106313) _run_loop /opt/stack/data/venv/lib/python3.12/site-packages/oslo_service/backend/_threading/loopingcall.py:125}}
Apr 10 18:53:13.839594 np0000164918 neutron-periodic-workers[106326]: DEBUG neutron.db.agents_db [None req-503697ec-219b-46d3-b48a-c357361c6545 None None] Agent healthcheck: found 0 active agents {{(pid=106326) agent_health_check /opt/stack/neutron/neutron/db/agents_db.py:317}}
Apr 10 18:53:13.840340 np0000164918 neutron-periodic-workers[106326]: DEBUG oslo.service.backend._threading.loopingcall [None req-503697ec-219b-46d3-b48a-c357361c6545 None None] Fixed interval looping call 'neutron.plugins.ml2.plugin.AgentDbMixin.agent_health_check' sleeping for 36.99 seconds {{(pid=106326) _run_loop /opt/stack/data/venv/lib/python3.12/site-packages/oslo_service/backend/_threading/loopingcall.py:125}}
Apr 10 18:53:21.844960 np0000164918 neutron-periodic-workers[106313]: DEBUG dbcounter [-] [106313] Writing DB stats neutron:SELECT=3 {{(pid=106313) stat_writer /opt/stack/data/venv/lib/python3.12/site-packages/dbcounter.py:115}}
Apr 10 18:53:23.835670 np0000164918 neutron-periodic-workers[106326]: DEBUG dbcounter [-] [106326] Writing DB stats neutron:SELECT=1 {{(pid=106326) stat_writer /opt/stack/data/venv/lib/python3.12/site-packages/dbcounter.py:115}}
Apr 10 18:53:48.851369 np0000164918 neutron-periodic-workers[106313]: DEBUG oslo.service.backend._threading.loopingcall [None req-4d19ac02-d389-42f9-8fc3-1833a8ceae48 None None] Fixed interval looping call 'neutron.plugins.ml2.plugin.DhcpAgentSchedulerDbMixin.remove_networks_from_down_agents' sleeping for 36.99 seconds {{(pid=106313) _run_loop /opt/stack/data/venv/lib/python3.12/site-packages/oslo_service/backend/_threading/loopingcall.py:125}}
Apr 10 18:53:50.835841 np0000164918 neutron-periodic-workers[106326]: DEBUG neutron.db.agents_db [None req-503697ec-219b-46d3-b48a-c357361c6545 None None] Agent healthcheck: found 0 active agents {{(pid=106326) agent_health_check /opt/stack/neutron/neutron/db/agents_db.py:317}}
Apr 10 18:53:50.836386 np0000164918 neutron-periodic-workers[106326]: DEBUG oslo.service.backend._threading.loopingcall [None req-503697ec-219b-46d3-b48a-c357361c6545 None None] Fixed interval looping call 'neutron.plugins.ml2.plugin.AgentDbMixin.agent_health_check' sleeping for 36.99 seconds {{(pid=106326) _run_loop /opt/stack/data/venv/lib/python3.12/site-packages/oslo_service/backend/_threading/loopingcall.py:125}}
Apr 10 18:53:51.871103 np0000164918 neutron-periodic-workers[106337]: DEBUG oslo.service.backend._threading.loopingcall [None req-97cd7191-55af-4dae-8782-2b9635c3b805 None None] Fixed interval looping call 'neutron.db.quota.driver_nolock.DbQuotaNoLockDriver._remove_expired_reservations' sleeping for 119.99 seconds {{(pid=106337) _run_loop /opt/stack/data/venv/lib/python3.12/site-packages/oslo_service/backend/_threading/loopingcall.py:125}}
Apr 10 18:53:58.848622 np0000164918 neutron-periodic-workers[106313]: DEBUG dbcounter [-] [106313] Writing DB stats neutron:SELECT=3 {{(pid=106313) stat_writer /opt/stack/data/venv/lib/python3.12/site-packages/dbcounter.py:115}}
Apr 10 18:54:00.833652 np0000164918 neutron-periodic-workers[106326]: DEBUG dbcounter [-] [106326] Writing DB stats neutron:SELECT=1 {{(pid=106326) stat_writer /opt/stack/data/venv/lib/python3.12/site-packages/dbcounter.py:115}}
Apr 10 18:54:01.869260 np0000164918 neutron-periodic-workers[106337]: DEBUG dbcounter [-] [106337] Writing DB stats neutron:DELETE=1 {{(pid=106337) stat_writer /opt/stack/data/venv/lib/python3.12/site-packages/dbcounter.py:115}}