Mar 30 12:20:50.546230 np0000161220 neutron-periodic-workers[104038]: DEBUG cotyledon.oslo_config_glue [-] ml2.tunnelled_network_rp_name = rp_tunnelled {{(pid=104038) log_opt_values /opt/stack/data/venv/lib/python3.12/site-packages/oslo_config/cfg.py:3006}}
Mar 30 12:20:50.546300 np0000161220 neutron-periodic-workers[104038]: DEBUG cotyledon.oslo_config_glue [-] ml2.type_drivers = ['local', 'flat', 'vlan', 'geneve'] {{(pid=104038) log_opt_values /opt/stack/data/venv/lib/python3.12/site-packages/oslo_config/cfg.py:3006}}
Mar 30 12:20:50.546390 np0000161220 neutron-periodic-workers[104038]: DEBUG cotyledon.oslo_config_glue [-] ml2_type_flat.flat_networks = ['public'] {{(pid=104038) log_opt_values /opt/stack/data/venv/lib/python3.12/site-packages/oslo_config/cfg.py:3006}}
Mar 30 12:20:50.546457 np0000161220 neutron-periodic-workers[104038]: DEBUG cotyledon.oslo_config_glue [-] ml2_type_geneve.max_header_size = 38 {{(pid=104038) log_opt_values /opt/stack/data/venv/lib/python3.12/site-packages/oslo_config/cfg.py:3006}}
Mar 30 12:20:50.546514 np0000161220 neutron-periodic-workers[104038]: DEBUG cotyledon.oslo_config_glue [-] ml2_type_geneve.vni_ranges = ['1:65536'] {{(pid=104038) log_opt_values /opt/stack/data/venv/lib/python3.12/site-packages/oslo_config/cfg.py:3006}}
Mar 30 12:20:50.546591 np0000161220 neutron-periodic-workers[104038]: DEBUG cotyledon.oslo_config_glue [-] ml2_type_vlan.network_vlan_ranges = ['public'] {{(pid=104038) log_opt_values /opt/stack/data/venv/lib/python3.12/site-packages/oslo_config/cfg.py:3006}}
Mar 30 12:20:50.546674 np0000161220 neutron-periodic-workers[104038]: DEBUG cotyledon.oslo_config_glue [-] network_log.burst_limit = 25 {{(pid=104038) log_opt_values /opt/stack/data/venv/lib/python3.12/site-packages/oslo_config/cfg.py:3006}}
Mar 30 12:20:50.546745 np0000161220 neutron-periodic-workers[104038]: DEBUG cotyledon.oslo_config_glue [-] network_log.local_output_log_base = None {{(pid=104038) log_opt_values /opt/stack/data/venv/lib/python3.12/site-packages/oslo_config/cfg.py:3006}}
Mar 30 12:20:50.546795 np0000161220 neutron-periodic-workers[104038]: DEBUG cotyledon.oslo_config_glue [-] network_log.rate_limit = 100 {{(pid=104038) log_opt_values /opt/stack/data/venv/lib/python3.12/site-packages/oslo_config/cfg.py:3006}}
Mar 30 12:20:50.546891 np0000161220 neutron-periodic-workers[104038]: DEBUG cotyledon.oslo_config_glue [-] database.asyncio_connection = **** {{(pid=104038) log_opt_values /opt/stack/data/venv/lib/python3.12/site-packages/oslo_config/cfg.py:3006}}
Mar 30 12:20:50.546958 np0000161220 neutron-periodic-workers[104038]: DEBUG cotyledon.oslo_config_glue [-] database.asyncio_slave_connection = **** {{(pid=104038) log_opt_values /opt/stack/data/venv/lib/python3.12/site-packages/oslo_config/cfg.py:3006}}
Mar 30 12:20:50.547024 np0000161220 neutron-periodic-workers[104038]: DEBUG cotyledon.oslo_config_glue [-] database.backend = sqlalchemy {{(pid=104038) log_opt_values /opt/stack/data/venv/lib/python3.12/site-packages/oslo_config/cfg.py:3006}}
Mar 30 12:20:50.547098 np0000161220 neutron-periodic-workers[104038]: DEBUG cotyledon.oslo_config_glue [-] database.connection = **** {{(pid=104038) log_opt_values /opt/stack/data/venv/lib/python3.12/site-packages/oslo_config/cfg.py:3006}}
Mar 30 12:20:50.547161 np0000161220 neutron-periodic-workers[104038]: DEBUG cotyledon.oslo_config_glue [-] database.connection_debug = 0 {{(pid=104038) log_opt_values /opt/stack/data/venv/lib/python3.12/site-packages/oslo_config/cfg.py:3006}}
Mar 30 12:20:50.547216 np0000161220 neutron-periodic-workers[104038]: DEBUG cotyledon.oslo_config_glue [-] database.connection_parameters = {{(pid=104038) log_opt_values /opt/stack/data/venv/lib/python3.12/site-packages/oslo_config/cfg.py:3006}}
Mar 30 12:20:50.547286 np0000161220 neutron-periodic-workers[104038]: DEBUG cotyledon.oslo_config_glue [-] database.connection_recycle_time = 3600 {{(pid=104038) log_opt_values /opt/stack/data/venv/lib/python3.12/site-packages/oslo_config/cfg.py:3006}}
Mar 30 12:20:50.547342 np0000161220 neutron-periodic-workers[104038]: DEBUG cotyledon.oslo_config_glue [-] database.connection_trace = False {{(pid=104038) log_opt_values /opt/stack/data/venv/lib/python3.12/site-packages/oslo_config/cfg.py:3006}}
Mar 30 12:20:50.547400 np0000161220 neutron-periodic-workers[104038]: DEBUG cotyledon.oslo_config_glue [-] database.db_inc_retry_interval = True {{(pid=104038) log_opt_values /opt/stack/data/venv/lib/python3.12/site-packages/oslo_config/cfg.py:3006}}
Mar 30 12:20:50.547463 np0000161220 neutron-periodic-workers[104038]: DEBUG cotyledon.oslo_config_glue [-] database.db_max_retries = 20 {{(pid=104038) log_opt_values /opt/stack/data/venv/lib/python3.12/site-packages/oslo_config/cfg.py:3006}}
Mar 30 12:20:50.547522 np0000161220 neutron-periodic-workers[104038]: DEBUG cotyledon.oslo_config_glue [-] database.db_max_retry_interval = 10 {{(pid=104038) log_opt_values /opt/stack/data/venv/lib/python3.12/site-packages/oslo_config/cfg.py:3006}}
Mar 30 12:20:50.547579 np0000161220 neutron-periodic-workers[104038]: DEBUG cotyledon.oslo_config_glue [-] database.db_retry_interval = 1 {{(pid=104038) log_opt_values /opt/stack/data/venv/lib/python3.12/site-packages/oslo_config/cfg.py:3006}}
Mar 30 12:20:50.547637 np0000161220 neutron-periodic-workers[104038]: DEBUG cotyledon.oslo_config_glue [-] database.max_overflow = 50 {{(pid=104038) log_opt_values /opt/stack/data/venv/lib/python3.12/site-packages/oslo_config/cfg.py:3006}}
Mar 30 12:20:50.547705 np0000161220 neutron-periodic-workers[104038]: DEBUG cotyledon.oslo_config_glue [-] database.max_pool_size = 5 {{(pid=104038) log_opt_values /opt/stack/data/venv/lib/python3.12/site-packages/oslo_config/cfg.py:3006}}
Mar 30 12:20:50.547761 np0000161220 neutron-periodic-workers[104038]: DEBUG cotyledon.oslo_config_glue [-] database.max_retries = 10 {{(pid=104038) log_opt_values /opt/stack/data/venv/lib/python3.12/site-packages/oslo_config/cfg.py:3006}}
Mar 30 12:20:50.547819 np0000161220 neutron-periodic-workers[104038]: DEBUG cotyledon.oslo_config_glue [-] database.mysql_sql_mode = TRADITIONAL {{(pid=104038) log_opt_values /opt/stack/data/venv/lib/python3.12/site-packages/oslo_config/cfg.py:3006}}
Mar 30 12:20:50.547895 np0000161220 neutron-periodic-workers[104038]: DEBUG cotyledon.oslo_config_glue [-] database.mysql_wsrep_sync_wait = None {{(pid=104038) log_opt_values /opt/stack/data/venv/lib/python3.12/site-packages/oslo_config/cfg.py:3006}}
Mar 30 12:20:50.547962 np0000161220 neutron-periodic-workers[104038]: DEBUG cotyledon.oslo_config_glue [-] database.pool_timeout = None {{(pid=104038) log_opt_values /opt/stack/data/venv/lib/python3.12/site-packages/oslo_config/cfg.py:3006}}
Mar 30 12:20:50.548020 np0000161220 neutron-periodic-workers[104038]: DEBUG cotyledon.oslo_config_glue [-] database.retry_interval = 10 {{(pid=104038) log_opt_values /opt/stack/data/venv/lib/python3.12/site-packages/oslo_config/cfg.py:3006}}
Mar 30 12:20:50.548081 np0000161220 neutron-periodic-workers[104038]: DEBUG cotyledon.oslo_config_glue [-] database.slave_connection = **** {{(pid=104038) log_opt_values /opt/stack/data/venv/lib/python3.12/site-packages/oslo_config/cfg.py:3006}}
Mar 30 12:20:50.548150 np0000161220 neutron-periodic-workers[104038]: DEBUG cotyledon.oslo_config_glue [-] database.sqlite_synchronous = True {{(pid=104038) log_opt_values /opt/stack/data/venv/lib/python3.12/site-packages/oslo_config/cfg.py:3006}}
Mar 30 12:20:50.548205 np0000161220 neutron-periodic-workers[104038]: DEBUG cotyledon.oslo_config_glue [-] database.synchronous_reader = True {{(pid=104038) log_opt_values /opt/stack/data/venv/lib/python3.12/site-packages/oslo_config/cfg.py:3006}}
Mar 30 12:20:50.548264 np0000161220 neutron-periodic-workers[104038]: DEBUG cotyledon.oslo_config_glue [-] database.use_db_reconnect = False {{(pid=104038) log_opt_values /opt/stack/data/venv/lib/python3.12/site-packages/oslo_config/cfg.py:3006}}
Mar 30 12:20:50.548352 np0000161220 neutron-periodic-workers[104038]: DEBUG cotyledon.oslo_config_glue [-] ovn.bfd_min_rx = 1000 {{(pid=104038) log_opt_values /opt/stack/data/venv/lib/python3.12/site-packages/oslo_config/cfg.py:3006}}
Mar 30 12:20:50.548413 np0000161220 neutron-periodic-workers[104038]: DEBUG cotyledon.oslo_config_glue [-] ovn.bfd_min_tx = 100 {{(pid=104038) log_opt_values /opt/stack/data/venv/lib/python3.12/site-packages/oslo_config/cfg.py:3006}}
Mar 30 12:20:50.548469 np0000161220 neutron-periodic-workers[104038]: DEBUG cotyledon.oslo_config_glue [-] ovn.bfd_mult = 3 {{(pid=104038) log_opt_values /opt/stack/data/venv/lib/python3.12/site-packages/oslo_config/cfg.py:3006}}
Mar 30 12:20:50.548533 np0000161220 neutron-periodic-workers[104038]: DEBUG cotyledon.oslo_config_glue [-] ovn.broadcast_arps_to_all_routers = True {{(pid=104038) log_opt_values /opt/stack/data/venv/lib/python3.12/site-packages/oslo_config/cfg.py:3006}}
Mar 30 12:20:50.548590 np0000161220 neutron-periodic-workers[104038]: DEBUG cotyledon.oslo_config_glue [-] ovn.dhcp_default_lease_time = 43200 {{(pid=104038) log_opt_values /opt/stack/data/venv/lib/python3.12/site-packages/oslo_config/cfg.py:3006}}
Mar 30 12:20:50.548645 np0000161220 neutron-periodic-workers[104038]: DEBUG cotyledon.oslo_config_glue [-] ovn.disable_ovn_dhcp_for_baremetal_ports = False {{(pid=104038) log_opt_values /opt/stack/data/venv/lib/python3.12/site-packages/oslo_config/cfg.py:3006}}
Mar 30 12:20:50.548702 np0000161220 neutron-periodic-workers[104038]: DEBUG cotyledon.oslo_config_glue [-] ovn.dns_records_ovn_owned = False {{(pid=104038) log_opt_values /opt/stack/data/venv/lib/python3.12/site-packages/oslo_config/cfg.py:3006}}
Mar 30 12:20:50.548758 np0000161220 neutron-periodic-workers[104038]: DEBUG cotyledon.oslo_config_glue [-] ovn.dns_servers = [] {{(pid=104038) log_opt_values /opt/stack/data/venv/lib/python3.12/site-packages/oslo_config/cfg.py:3006}}
Mar 30 12:20:50.548813 np0000161220 neutron-periodic-workers[104038]: DEBUG cotyledon.oslo_config_glue [-] ovn.enable_distributed_floating_ip = False {{(pid=104038) log_opt_values /opt/stack/data/venv/lib/python3.12/site-packages/oslo_config/cfg.py:3006}}
Mar 30 12:20:50.548879 np0000161220 neutron-periodic-workers[104038]: DEBUG cotyledon.oslo_config_glue [-] ovn.fdb_age_threshold = 300 {{(pid=104038) log_opt_values /opt/stack/data/venv/lib/python3.12/site-packages/oslo_config/cfg.py:3006}}
Mar 30 12:20:50.548957 np0000161220 neutron-periodic-workers[104038]: DEBUG cotyledon.oslo_config_glue [-] ovn.ha_failover_strategy = normal {{(pid=104038) log_opt_values /opt/stack/data/venv/lib/python3.12/site-packages/oslo_config/cfg.py:3006}}
Mar 30 12:20:50.549019 np0000161220 neutron-periodic-workers[104038]: DEBUG cotyledon.oslo_config_glue [-] ovn.live_migration_activation_strategy = rarp {{(pid=104038) log_opt_values /opt/stack/data/venv/lib/python3.12/site-packages/oslo_config/cfg.py:3006}}
Mar 30 12:20:50.549075 np0000161220 neutron-periodic-workers[104038]: DEBUG cotyledon.oslo_config_glue [-] ovn.localnet_learn_fdb = False {{(pid=104038) log_opt_values /opt/stack/data/venv/lib/python3.12/site-packages/oslo_config/cfg.py:3006}}
Mar 30 12:20:50.549135 np0000161220 neutron-periodic-workers[104038]: DEBUG cotyledon.oslo_config_glue [-] ovn.mac_binding_age_threshold = 300 {{(pid=104038) log_opt_values /opt/stack/data/venv/lib/python3.12/site-packages/oslo_config/cfg.py:3006}}
Mar 30 12:20:50.549201 np0000161220 neutron-periodic-workers[104038]: DEBUG cotyledon.oslo_config_glue [-] ovn.neutron_sync_mode = log {{(pid=104038) log_opt_values /opt/stack/data/venv/lib/python3.12/site-packages/oslo_config/cfg.py:3006}}
Mar 30 12:20:50.549258 np0000161220 neutron-periodic-workers[104038]: DEBUG cotyledon.oslo_config_glue [-] ovn.ovn_dhcp4_global_options = {} {{(pid=104038) log_opt_values /opt/stack/data/venv/lib/python3.12/site-packages/oslo_config/cfg.py:3006}}
Mar 30 12:20:50.549315 np0000161220 neutron-periodic-workers[104038]: DEBUG cotyledon.oslo_config_glue [-] ovn.ovn_dhcp6_global_options = {} {{(pid=104038) log_opt_values /opt/stack/data/venv/lib/python3.12/site-packages/oslo_config/cfg.py:3006}}
Mar 30 12:20:50.549372 np0000161220 neutron-periodic-workers[104038]: DEBUG cotyledon.oslo_config_glue [-] ovn.ovn_l3_scheduler = leastloaded {{(pid=104038) log_opt_values /opt/stack/data/venv/lib/python3.12/site-packages/oslo_config/cfg.py:3006}}
Mar 30 12:20:50.549428 np0000161220 neutron-periodic-workers[104038]: DEBUG cotyledon.oslo_config_glue [-] ovn.ovn_metadata_enabled = True {{(pid=104038) log_opt_values /opt/stack/data/venv/lib/python3.12/site-packages/oslo_config/cfg.py:3006}}
Mar 30 12:20:50.549500 np0000161220 neutron-periodic-workers[104038]: DEBUG cotyledon.oslo_config_glue [-] ovn.ovn_nb_ca_cert = /opt/stack/data/CA/int-ca/ca-chain.pem {{(pid=104038) log_opt_values /opt/stack/data/venv/lib/python3.12/site-packages/oslo_config/cfg.py:3006}}
Mar 30 12:20:50.549568 np0000161220 neutron-periodic-workers[104038]: DEBUG cotyledon.oslo_config_glue [-] ovn.ovn_nb_certificate = /opt/stack/data/CA/int-ca/devstack-cert.crt {{(pid=104038) log_opt_values /opt/stack/data/venv/lib/python3.12/site-packages/oslo_config/cfg.py:3006}}
Mar 30 12:20:50.549627 np0000161220 neutron-periodic-workers[104038]: DEBUG cotyledon.oslo_config_glue [-] ovn.ovn_nb_connection = ['ssl:162.253.55.200:6641'] {{(pid=104038) log_opt_values /opt/stack/data/venv/lib/python3.12/site-packages/oslo_config/cfg.py:3006}}
Mar 30 12:20:50.549685 np0000161220 neutron-periodic-workers[104038]: DEBUG cotyledon.oslo_config_glue [-] ovn.ovn_nb_private_key = /opt/stack/data/CA/int-ca/private/devstack-cert.key {{(pid=104038) log_opt_values /opt/stack/data/venv/lib/python3.12/site-packages/oslo_config/cfg.py:3006}}
Mar 30 12:20:50.549745 np0000161220 neutron-periodic-workers[104038]: DEBUG cotyledon.oslo_config_glue [-] ovn.ovn_router_indirect_snat = False {{(pid=104038) log_opt_values /opt/stack/data/venv/lib/python3.12/site-packages/oslo_config/cfg.py:3006}}
Mar 30 12:20:50.549802 np0000161220 neutron-periodic-workers[104038]: DEBUG cotyledon.oslo_config_glue [-] ovn.ovn_sb_ca_cert = /opt/stack/data/CA/int-ca/ca-chain.pem {{(pid=104038) log_opt_values /opt/stack/data/venv/lib/python3.12/site-packages/oslo_config/cfg.py:3006}}
Mar 30 12:20:50.549862 np0000161220 neutron-periodic-workers[104038]: DEBUG cotyledon.oslo_config_glue [-] ovn.ovn_sb_certificate = /opt/stack/data/CA/int-ca/devstack-cert.crt {{(pid=104038) log_opt_values /opt/stack/data/venv/lib/python3.12/site-packages/oslo_config/cfg.py:3006}}
Mar 30 12:20:50.549939 np0000161220 neutron-periodic-workers[104038]: DEBUG cotyledon.oslo_config_glue [-] ovn.ovn_sb_connection = ['ssl:162.253.55.200:6642'] {{(pid=104038) log_opt_values /opt/stack/data/venv/lib/python3.12/site-packages/oslo_config/cfg.py:3006}}
Mar 30 12:20:50.549999 np0000161220 neutron-periodic-workers[104038]: DEBUG cotyledon.oslo_config_glue [-] ovn.ovn_sb_private_key = /opt/stack/data/CA/int-ca/private/devstack-cert.key {{(pid=104038) log_opt_values /opt/stack/data/venv/lib/python3.12/site-packages/oslo_config/cfg.py:3006}}
Mar 30 12:20:50.550079 np0000161220 neutron-periodic-workers[104038]: DEBUG cotyledon.oslo_config_glue [-] ovn.ovs_create_tap = False {{(pid=104038) log_opt_values /opt/stack/data/venv/lib/python3.12/site-packages/oslo_config/cfg.py:3006}}
Mar 30 12:20:50.550142 np0000161220 neutron-periodic-workers[104038]: DEBUG cotyledon.oslo_config_glue [-] ovn.ovsdb_connection_timeout = 180 {{(pid=104038) log_opt_values /opt/stack/data/venv/lib/python3.12/site-packages/oslo_config/cfg.py:3006}}
Mar 30 12:20:50.550202 np0000161220 neutron-periodic-workers[104038]: DEBUG cotyledon.oslo_config_glue [-] ovn.ovsdb_log_level = INFO {{(pid=104038) log_opt_values /opt/stack/data/venv/lib/python3.12/site-packages/oslo_config/cfg.py:3006}}
Mar 30 12:20:50.550261 np0000161220 neutron-periodic-workers[104038]: DEBUG cotyledon.oslo_config_glue [-] ovn.ovsdb_probe_interval = 60000 {{(pid=104038) log_opt_values /opt/stack/data/venv/lib/python3.12/site-packages/oslo_config/cfg.py:3006}}
Mar 30 12:20:50.550319 np0000161220 neutron-periodic-workers[104038]: DEBUG cotyledon.oslo_config_glue [-] ovn.ovsdb_retry_max_interval = 180 {{(pid=104038) log_opt_values /opt/stack/data/venv/lib/python3.12/site-packages/oslo_config/cfg.py:3006}}
Mar 30 12:20:50.550377 np0000161220 neutron-periodic-workers[104038]: DEBUG cotyledon.oslo_config_glue [-] ovn.stateless_nat_enabled = False {{(pid=104038) log_opt_values /opt/stack/data/venv/lib/python3.12/site-packages/oslo_config/cfg.py:3006}}
Mar 30 12:20:50.550445 np0000161220 neutron-periodic-workers[104038]: DEBUG cotyledon.oslo_config_glue [-] ovn.vhost_sock_dir = /var/run/openvswitch {{(pid=104038) log_opt_values /opt/stack/data/venv/lib/python3.12/site-packages/oslo_config/cfg.py:3006}}
Mar 30 12:20:50.550516 np0000161220 neutron-periodic-workers[104038]: DEBUG cotyledon.oslo_config_glue [-] OVS.bridge_mac_table_size = 50000 {{(pid=104038) log_opt_values /opt/stack/data/venv/lib/python3.12/site-packages/oslo_config/cfg.py:3006}}
Mar 30 12:20:50.550583 np0000161220 neutron-periodic-workers[104038]: DEBUG cotyledon.oslo_config_glue [-] OVS.igmp_flood = False {{(pid=104038) log_opt_values /opt/stack/data/venv/lib/python3.12/site-packages/oslo_config/cfg.py:3006}}
Mar 30 12:20:50.550652 np0000161220 neutron-periodic-workers[104038]: DEBUG cotyledon.oslo_config_glue [-] OVS.igmp_flood_reports = True {{(pid=104038) log_opt_values /opt/stack/data/venv/lib/python3.12/site-packages/oslo_config/cfg.py:3006}}
Mar 30 12:20:50.550712 np0000161220 neutron-periodic-workers[104038]: DEBUG cotyledon.oslo_config_glue [-] OVS.igmp_flood_unregistered = False {{(pid=104038) log_opt_values /opt/stack/data/venv/lib/python3.12/site-packages/oslo_config/cfg.py:3006}}
Mar 30 12:20:50.550780 np0000161220 neutron-periodic-workers[104038]: DEBUG cotyledon.oslo_config_glue [-] OVS.igmp_snooping_enable = False {{(pid=104038) log_opt_values /opt/stack/data/venv/lib/python3.12/site-packages/oslo_config/cfg.py:3006}}
Mar 30 12:20:50.550837 np0000161220 neutron-periodic-workers[104038]: DEBUG cotyledon.oslo_config_glue [-] OVS.ovsdb_timeout = 10 {{(pid=104038) log_opt_values /opt/stack/data/venv/lib/python3.12/site-packages/oslo_config/cfg.py:3006}}
Mar 30 12:20:50.550937 np0000161220 neutron-periodic-workers[104038]: DEBUG cotyledon.oslo_config_glue [-] ovn_nb_global.fdb_removal_limit = 0 {{(pid=104038) log_opt_values /opt/stack/data/venv/lib/python3.12/site-packages/oslo_config/cfg.py:3006}}
Mar 30 12:20:50.551004 np0000161220 neutron-periodic-workers[104038]: DEBUG cotyledon.oslo_config_glue [-] ovn_nb_global.ignore_lsp_down = False {{(pid=104038) log_opt_values /opt/stack/data/venv/lib/python3.12/site-packages/oslo_config/cfg.py:3006}}
Mar 30 12:20:50.551077 np0000161220 neutron-periodic-workers[104038]: DEBUG cotyledon.oslo_config_glue [-] ovn_nb_global.mac_binding_removal_limit = 0 {{(pid=104038) log_opt_values /opt/stack/data/venv/lib/python3.12/site-packages/oslo_config/cfg.py:3006}}
Mar 30 12:20:50.551131 np0000161220 neutron-periodic-workers[104038]: DEBUG cotyledon.oslo_config_glue [-] ******************************************************************************** {{(pid=104038) log_opt_values /opt/stack/data/venv/lib/python3.12/site-packages/oslo_config/cfg.py:3013}}
Mar 30 12:20:50.551330 np0000161220 neutron-periodic-workers[104038]: DEBUG cotyledon._service_worker [-] Run service ServiceWrapper(0) [104038] {{(pid=104038) wait_forever /opt/stack/data/venv/lib/python3.12/site-packages/cotyledon/_service_worker.py:218}}
Mar 30 12:21:00.181641 np0000161220 neutron-periodic-workers[103336]: DEBUG dbcounter [-] [103336] Writing DB stats neutron:SELECT=4 {{(pid=103336) stat_writer /opt/stack/data/venv/lib/python3.12/site-packages/dbcounter.py:115}}
Mar 30 12:21:33.532368 np0000161220 neutron-periodic-workers[104027]: DEBUG oslo_db.sqlalchemy.engines [None req-8935b9b5-d056-4ca0-8be2-f74f4c1c8ebc None None] Parent process 103336 forked (104027) with an open database connection, which is being discarded and recreated. {{(pid=104027) checkout /opt/stack/data/venv/lib/python3.12/site-packages/oslo_db/sqlalchemy/engines.py:402}}
Mar 30 12:21:33.541123 np0000161220 neutron-periodic-workers[104027]: DEBUG dbcounter [-] [104027] Writer thread running {{(pid=104027) stat_writer /opt/stack/data/venv/lib/python3.12/site-packages/dbcounter.py:102}}
Mar 30 12:21:33.544338 np0000161220 neutron-periodic-workers[104027]: DEBUG neutron.db.agents_db [None req-8935b9b5-d056-4ca0-8be2-f74f4c1c8ebc None None] Agent healthcheck: found 0 active agents {{(pid=104027) agent_health_check /opt/stack/neutron/neutron/db/agents_db.py:317}}
Mar 30 12:21:33.544500 np0000161220 neutron-periodic-workers[104027]: DEBUG oslo.service.backend._threading.loopingcall [None req-8935b9b5-d056-4ca0-8be2-f74f4c1c8ebc None None] Fixed interval looping call 'neutron.plugins.ml2.plugin.AgentDbMixin.agent_health_check' sleeping for 36.98 seconds {{(pid=104027) _run_loop /opt/stack/data/venv/lib/python3.12/site-packages/oslo_service/backend/_threading/loopingcall.py:125}}
Mar 30 12:21:43.541684 np0000161220 neutron-periodic-workers[104027]: DEBUG dbcounter [-] [104027] Writing DB stats neutron:SELECT=1 {{(pid=104027) stat_writer /opt/stack/data/venv/lib/python3.12/site-packages/dbcounter.py:115}}
Mar 30 12:21:58.521336 np0000161220 neutron-periodic-workers[104011]: DEBUG dbcounter [-] [104011] Writer thread running {{(pid=104011) stat_writer /opt/stack/data/venv/lib/python3.12/site-packages/dbcounter.py:102}}
Mar 30 12:21:58.531834 np0000161220 neutron-periodic-workers[104011]: DEBUG oslo.service.backend._threading.loopingcall [None req-1e6f698a-0c03-47d4-9e1d-40ac7dc162d3 None None] Fixed interval looping call 'neutron.plugins.ml2.plugin.DhcpAgentSchedulerDbMixin.remove_networks_from_down_agents' sleeping for 36.97 seconds {{(pid=104011) _run_loop /opt/stack/data/venv/lib/python3.12/site-packages/oslo_service/backend/_threading/loopingcall.py:125}}
Mar 30 12:22:08.520264 np0000161220 neutron-periodic-workers[103998]: DEBUG dbcounter [-] [103998] Writer thread running {{(pid=103998) stat_writer /opt/stack/data/venv/lib/python3.12/site-packages/dbcounter.py:102}}
Mar 30 12:22:08.530584 np0000161220 neutron-periodic-workers[104011]: DEBUG dbcounter [-] [104011] Writing DB stats neutron:SELECT=3 {{(pid=104011) stat_writer /opt/stack/data/venv/lib/python3.12/site-packages/dbcounter.py:115}}
Mar 30 12:22:08.531296 np0000161220 neutron-periodic-workers[103998]: DEBUG oslo.service.backend._threading.loopingcall [None req-0dcffa79-607c-4cc9-ae6b-c5aeab2f4b51 None None] Fixed interval looping call 'neutron.services.ovn_l3.plugin.L3_NAT_dbonly_mixin._clean_garbage' sleeping for 299.96 seconds {{(pid=103998) _run_loop /opt/stack/data/venv/lib/python3.12/site-packages/oslo_service/backend/_threading/loopingcall.py:125}}
Mar 30 12:22:10.530083 np0000161220 neutron-periodic-workers[104027]: DEBUG neutron.db.agents_db [None req-8935b9b5-d056-4ca0-8be2-f74f4c1c8ebc None None] Agent healthcheck: found 0 active agents {{(pid=104027) agent_health_check /opt/stack/neutron/neutron/db/agents_db.py:317}}
Mar 30 12:22:10.530833 np0000161220 neutron-periodic-workers[104027]: DEBUG oslo.service.backend._threading.loopingcall [None req-8935b9b5-d056-4ca0-8be2-f74f4c1c8ebc None None] Fixed interval looping call 'neutron.plugins.ml2.plugin.AgentDbMixin.agent_health_check' sleeping for 36.99 seconds {{(pid=104027) _run_loop /opt/stack/data/venv/lib/python3.12/site-packages/oslo_service/backend/_threading/loopingcall.py:125}}
Mar 30 12:22:18.521263 np0000161220 neutron-periodic-workers[103998]: DEBUG dbcounter [-] [103998] Writing DB stats neutron:SELECT=1 {{(pid=103998) stat_writer /opt/stack/data/venv/lib/python3.12/site-packages/dbcounter.py:115}}
Mar 30 12:22:20.529079 np0000161220 neutron-periodic-workers[104027]: DEBUG dbcounter [-] [104027] Writing DB stats neutron:SELECT=1 {{(pid=104027) stat_writer /opt/stack/data/venv/lib/python3.12/site-packages/dbcounter.py:115}}
Mar 30 12:22:35.510308 np0000161220 neutron-periodic-workers[104011]: DEBUG oslo.service.backend._threading.loopingcall [None req-1e6f698a-0c03-47d4-9e1d-40ac7dc162d3 None None] Fixed interval looping call 'neutron.plugins.ml2.plugin.DhcpAgentSchedulerDbMixin.remove_networks_from_down_agents' sleeping for 36.99 seconds {{(pid=104011) _run_loop /opt/stack/data/venv/lib/python3.12/site-packages/oslo_service/backend/_threading/loopingcall.py:125}}
Mar 30 12:22:45.509257 np0000161220 neutron-periodic-workers[104011]: DEBUG dbcounter [-] [104011] Writing DB stats neutron:SELECT=3 {{(pid=104011) stat_writer /opt/stack/data/venv/lib/python3.12/site-packages/dbcounter.py:115}}
Mar 30 12:22:47.525873 np0000161220 neutron-periodic-workers[104027]: DEBUG neutron.db.agents_db [None req-8935b9b5-d056-4ca0-8be2-f74f4c1c8ebc None None] Agent healthcheck: found 0 active agents {{(pid=104027) agent_health_check /opt/stack/neutron/neutron/db/agents_db.py:317}}
Mar 30 12:22:47.526562 np0000161220 neutron-periodic-workers[104027]: DEBUG oslo.service.backend._threading.loopingcall [None req-8935b9b5-d056-4ca0-8be2-f74f4c1c8ebc None None] Fixed interval looping call 'neutron.plugins.ml2.plugin.AgentDbMixin.agent_health_check' sleeping for 36.99 seconds {{(pid=104027) _run_loop /opt/stack/data/venv/lib/python3.12/site-packages/oslo_service/backend/_threading/loopingcall.py:125}}
Mar 30 12:22:50.567502 np0000161220 neutron-periodic-workers[104038]: DEBUG dbcounter [-] [104038] Writer thread running {{(pid=104038) stat_writer /opt/stack/data/venv/lib/python3.12/site-packages/dbcounter.py:102}}
Mar 30 12:22:50.569431 np0000161220 neutron-periodic-workers[104038]: DEBUG oslo.service.backend._threading.loopingcall [None req-711e3012-0327-41d9-a984-cb89b811e20b None None] Fixed interval looping call 'neutron.db.quota.driver_nolock.DbQuotaNoLockDriver._remove_expired_reservations' sleeping for 119.98 seconds {{(pid=104038) _run_loop /opt/stack/data/venv/lib/python3.12/site-packages/oslo_service/backend/_threading/loopingcall.py:125}}
Mar 30 12:22:57.524054 np0000161220 neutron-periodic-workers[104027]: DEBUG dbcounter [-] [104027] Writing DB stats neutron:SELECT=1 {{(pid=104027) stat_writer /opt/stack/data/venv/lib/python3.12/site-packages/dbcounter.py:115}}
Mar 30 12:23:00.568048 np0000161220 neutron-periodic-workers[104038]: DEBUG dbcounter [-] [104038] Writing DB stats neutron:DELETE=1 {{(pid=104038) stat_writer /opt/stack/data/venv/lib/python3.12/site-packages/dbcounter.py:115}}
Mar 30 12:23:12.510568 np0000161220 neutron-periodic-workers[104011]: DEBUG oslo.service.backend._threading.loopingcall [None req-1e6f698a-0c03-47d4-9e1d-40ac7dc162d3 None None] Fixed interval looping call 'neutron.plugins.ml2.plugin.DhcpAgentSchedulerDbMixin.remove_networks_from_down_agents' sleeping for 36.99 seconds {{(pid=104011) _run_loop /opt/stack/data/venv/lib/python3.12/site-packages/oslo_service/backend/_threading/loopingcall.py:125}}
Mar 30 12:23:22.509714 np0000161220 neutron-periodic-workers[104011]: DEBUG dbcounter [-] [104011] Writing DB stats neutron:SELECT=3 {{(pid=104011) stat_writer /opt/stack/data/venv/lib/python3.12/site-packages/dbcounter.py:115}}
Mar 30 12:23:24.522091 np0000161220 neutron-periodic-workers[104027]: DEBUG neutron.db.agents_db [None req-8935b9b5-d056-4ca0-8be2-f74f4c1c8ebc None None] Agent healthcheck: found 0 active agents {{(pid=104027) agent_health_check /opt/stack/neutron/neutron/db/agents_db.py:317}}
Mar 30 12:23:24.522834 np0000161220 neutron-periodic-workers[104027]: DEBUG oslo.service.backend._threading.loopingcall [None req-8935b9b5-d056-4ca0-8be2-f74f4c1c8ebc None None] Fixed interval looping call 'neutron.plugins.ml2.plugin.AgentDbMixin.agent_health_check' sleeping for 36.99 seconds {{(pid=104027) _run_loop /opt/stack/data/venv/lib/python3.12/site-packages/oslo_service/backend/_threading/loopingcall.py:125}}
Mar 30 12:23:34.520010 np0000161220 neutron-periodic-workers[104027]: DEBUG dbcounter [-] [104027] Writing DB stats neutron:SELECT=1 {{(pid=104027) stat_writer /opt/stack/data/venv/lib/python3.12/site-packages/dbcounter.py:115}}
Mar 30 12:23:49.507623 np0000161220 neutron-periodic-workers[104011]: DEBUG oslo.service.backend._threading.loopingcall [None req-1e6f698a-0c03-47d4-9e1d-40ac7dc162d3 None None] Fixed interval looping call 'neutron.plugins.ml2.plugin.DhcpAgentSchedulerDbMixin.remove_networks_from_down_agents' sleeping for 36.99 seconds {{(pid=104011) _run_loop /opt/stack/data/venv/lib/python3.12/site-packages/oslo_service/backend/_threading/loopingcall.py:125}}
Mar 30 12:23:59.506609 np0000161220 neutron-periodic-workers[104011]: DEBUG dbcounter [-] [104011] Writing DB stats neutron:SELECT=3 {{(pid=104011) stat_writer /opt/stack/data/venv/lib/python3.12/site-packages/dbcounter.py:115}}
Mar 30 12:24:01.518194 np0000161220 neutron-periodic-workers[104027]: DEBUG neutron.db.agents_db [None req-8935b9b5-d056-4ca0-8be2-f74f4c1c8ebc None None] Agent healthcheck: found 0 active agents {{(pid=104027) agent_health_check /opt/stack/neutron/neutron/db/agents_db.py:317}}
Mar 30 12:24:01.519016 np0000161220 neutron-periodic-workers[104027]: DEBUG oslo.service.backend._threading.loopingcall [None req-8935b9b5-d056-4ca0-8be2-f74f4c1c8ebc None None] Fixed interval looping call 'neutron.plugins.ml2.plugin.AgentDbMixin.agent_health_check' sleeping for 36.99 seconds {{(pid=104027) _run_loop /opt/stack/data/venv/lib/python3.12/site-packages/oslo_service/backend/_threading/loopingcall.py:125}}
Mar 30 12:24:11.516463 np0000161220 neutron-periodic-workers[104027]: DEBUG dbcounter [-] [104027] Writing DB stats neutron:SELECT=1 {{(pid=104027) stat_writer /opt/stack/data/venv/lib/python3.12/site-packages/dbcounter.py:115}}
Mar 30 12:24:26.506205 np0000161220 neutron-periodic-workers[104011]: DEBUG oslo.service.backend._threading.loopingcall [None req-1e6f698a-0c03-47d4-9e1d-40ac7dc162d3 None None] Fixed interval looping call 'neutron.plugins.ml2.plugin.DhcpAgentSchedulerDbMixin.remove_networks_from_down_agents' sleeping for 36.99 seconds {{(pid=104011) _run_loop /opt/stack/data/venv/lib/python3.12/site-packages/oslo_service/backend/_threading/loopingcall.py:125}}
Mar 30 12:24:36.504626 np0000161220 neutron-periodic-workers[104011]: DEBUG dbcounter [-] [104011] Writing DB stats neutron:SELECT=3 {{(pid=104011) stat_writer /opt/stack/data/venv/lib/python3.12/site-packages/dbcounter.py:115}}
Mar 30 12:24:38.511417 np0000161220 neutron-periodic-workers[104027]: DEBUG neutron.db.agents_db [None req-8935b9b5-d056-4ca0-8be2-f74f4c1c8ebc None None] Agent healthcheck: found 0 active agents {{(pid=104027) agent_health_check /opt/stack/neutron/neutron/db/agents_db.py:317}}
Mar 30 12:24:38.511417 np0000161220 neutron-periodic-workers[104027]: DEBUG oslo.service.backend._threading.loopingcall [None req-8935b9b5-d056-4ca0-8be2-f74f4c1c8ebc None None] Fixed interval looping call 'neutron.plugins.ml2.plugin.AgentDbMixin.agent_health_check' sleeping for 37.00 seconds {{(pid=104027) _run_loop /opt/stack/data/venv/lib/python3.12/site-packages/oslo_service/backend/_threading/loopingcall.py:125}}
Mar 30 12:24:48.510589 np0000161220 neutron-periodic-workers[104027]: DEBUG dbcounter [-] [104027] Writing DB stats neutron:SELECT=1 {{(pid=104027) stat_writer /opt/stack/data/venv/lib/python3.12/site-packages/dbcounter.py:115}}
Mar 30 12:24:50.553313 np0000161220 neutron-periodic-workers[104038]: DEBUG oslo.service.backend._threading.loopingcall [None req-711e3012-0327-41d9-a984-cb89b811e20b None None] Fixed interval looping call 'neutron.db.quota.driver_nolock.DbQuotaNoLockDriver._remove_expired_reservations' sleeping for 120.00 seconds {{(pid=104038) _run_loop /opt/stack/data/venv/lib/python3.12/site-packages/oslo_service/backend/_threading/loopingcall.py:125}}
Mar 30 12:25:00.551947 np0000161220 neutron-periodic-workers[104038]: DEBUG dbcounter [-] [104038] Writing DB stats neutron:DELETE=1 {{(pid=104038) stat_writer /opt/stack/data/venv/lib/python3.12/site-packages/dbcounter.py:115}}
Mar 30 12:25:03.506214 np0000161220 neutron-periodic-workers[104011]: DEBUG oslo.service.backend._threading.loopingcall [None req-1e6f698a-0c03-47d4-9e1d-40ac7dc162d3 None None] Fixed interval looping call 'neutron.plugins.ml2.plugin.DhcpAgentSchedulerDbMixin.remove_networks_from_down_agents' sleeping for 36.99 seconds {{(pid=104011) _run_loop /opt/stack/data/venv/lib/python3.12/site-packages/oslo_service/backend/_threading/loopingcall.py:125}}
Mar 30 12:25:13.505356 np0000161220 neutron-periodic-workers[104011]: DEBUG dbcounter [-] [104011] Writing DB stats neutron:SELECT=3 {{(pid=104011) stat_writer /opt/stack/data/venv/lib/python3.12/site-packages/dbcounter.py:115}}
Mar 30 12:25:15.517153 np0000161220 neutron-periodic-workers[104027]: DEBUG neutron.db.agents_db [None req-8935b9b5-d056-4ca0-8be2-f74f4c1c8ebc None None] Agent healthcheck: found 0 active agents {{(pid=104027) agent_health_check /opt/stack/neutron/neutron/db/agents_db.py:317}}
Mar 30 12:25:15.517970 np0000161220 neutron-periodic-workers[104027]: DEBUG oslo.service.backend._threading.loopingcall [None req-8935b9b5-d056-4ca0-8be2-f74f4c1c8ebc None None] Fixed interval looping call 'neutron.plugins.ml2.plugin.AgentDbMixin.agent_health_check' sleeping for 36.99 seconds {{(pid=104027) _run_loop /opt/stack/data/venv/lib/python3.12/site-packages/oslo_service/backend/_threading/loopingcall.py:125}}
Mar 30 12:25:25.515054 np0000161220 neutron-periodic-workers[104027]: DEBUG dbcounter [-] [104027] Writing DB stats neutron:SELECT=1 {{(pid=104027) stat_writer /opt/stack/data/venv/lib/python3.12/site-packages/dbcounter.py:115}}
Mar 30 12:25:40.504013 np0000161220 neutron-periodic-workers[104011]: DEBUG oslo.service.backend._threading.loopingcall [None req-1e6f698a-0c03-47d4-9e1d-40ac7dc162d3 None None] Fixed interval looping call 'neutron.plugins.ml2.plugin.DhcpAgentSchedulerDbMixin.remove_networks_from_down_agents' sleeping for 36.99 seconds {{(pid=104011) _run_loop /opt/stack/data/venv/lib/python3.12/site-packages/oslo_service/backend/_threading/loopingcall.py:125}}
Mar 30 12:25:50.503065 np0000161220 neutron-periodic-workers[104011]: DEBUG dbcounter [-] [104011] Writing DB stats neutron:SELECT=3 {{(pid=104011) stat_writer /opt/stack/data/venv/lib/python3.12/site-packages/dbcounter.py:115}}
Mar 30 12:25:52.514201 np0000161220 neutron-periodic-workers[104027]: DEBUG neutron.db.agents_db [None req-8935b9b5-d056-4ca0-8be2-f74f4c1c8ebc None None] Agent healthcheck: found 0 active agents {{(pid=104027) agent_health_check /opt/stack/neutron/neutron/db/agents_db.py:317}}
Mar 30 12:25:52.514978 np0000161220 neutron-periodic-workers[104027]: DEBUG oslo.service.backend._threading.loopingcall [None req-8935b9b5-d056-4ca0-8be2-f74f4c1c8ebc None None] Fixed interval looping call 'neutron.plugins.ml2.plugin.AgentDbMixin.agent_health_check' sleeping for 36.99 seconds {{(pid=104027) _run_loop /opt/stack/data/venv/lib/python3.12/site-packages/oslo_service/backend/_threading/loopingcall.py:125}}
Mar 30 12:26:02.512292 np0000161220 neutron-periodic-workers[104027]: DEBUG dbcounter [-] [104027] Writing DB stats neutron:SELECT=1 {{(pid=104027) stat_writer /opt/stack/data/venv/lib/python3.12/site-packages/dbcounter.py:115}}
Mar 30 12:26:17.608996 np0000161220 neutron-periodic-workers[104011]: DEBUG oslo.service.backend._threading.loopingcall [None req-1e6f698a-0c03-47d4-9e1d-40ac7dc162d3 None None] Fixed interval looping call 'neutron.plugins.ml2.plugin.DhcpAgentSchedulerDbMixin.remove_networks_from_down_agents' sleeping for 36.89 seconds {{(pid=104011) _run_loop /opt/stack/data/venv/lib/python3.12/site-packages/oslo_service/backend/_threading/loopingcall.py:125}}
Mar 30 12:26:27.606235 np0000161220 neutron-periodic-workers[104011]: DEBUG dbcounter [-] [104011] Writing DB stats neutron:SELECT=3 {{(pid=104011) stat_writer /opt/stack/data/venv/lib/python3.12/site-packages/dbcounter.py:115}}
Mar 30 12:26:29.510496 np0000161220 neutron-periodic-workers[104027]: DEBUG neutron.db.agents_db [None req-8935b9b5-d056-4ca0-8be2-f74f4c1c8ebc None None] Agent healthcheck: found 0 active agents {{(pid=104027) agent_health_check /opt/stack/neutron/neutron/db/agents_db.py:317}}
Mar 30 12:26:29.511067 np0000161220 neutron-periodic-workers[104027]: DEBUG oslo.service.backend._threading.loopingcall [None req-8935b9b5-d056-4ca0-8be2-f74f4c1c8ebc None None] Fixed interval looping call 'neutron.plugins.ml2.plugin.AgentDbMixin.agent_health_check' sleeping for 36.99 seconds {{(pid=104027) _run_loop /opt/stack/data/venv/lib/python3.12/site-packages/oslo_service/backend/_threading/loopingcall.py:125}}
Mar 30 12:26:39.509606 np0000161220 neutron-periodic-workers[104027]: DEBUG dbcounter [-] [104027] Writing DB stats neutron:SELECT=1 {{(pid=104027) stat_writer /opt/stack/data/venv/lib/python3.12/site-packages/dbcounter.py:115}}
Mar 30 12:26:50.558786 np0000161220 neutron-periodic-workers[104038]: DEBUG oslo.service.backend._threading.loopingcall [None req-711e3012-0327-41d9-a984-cb89b811e20b None None] Fixed interval looping call 'neutron.db.quota.driver_nolock.DbQuotaNoLockDriver._remove_expired_reservations' sleeping for 119.99 seconds {{(pid=104038) _run_loop /opt/stack/data/venv/lib/python3.12/site-packages/oslo_service/backend/_threading/loopingcall.py:125}}
Mar 30 12:26:54.510004 np0000161220 neutron-periodic-workers[104011]: DEBUG oslo.service.backend._threading.loopingcall [None req-1e6f698a-0c03-47d4-9e1d-40ac7dc162d3 None None] Fixed interval looping call 'neutron.plugins.ml2.plugin.DhcpAgentSchedulerDbMixin.remove_networks_from_down_agents' sleeping for 36.99 seconds {{(pid=104011) _run_loop /opt/stack/data/venv/lib/python3.12/site-packages/oslo_service/backend/_threading/loopingcall.py:125}}
Mar 30 12:27:00.557501 np0000161220 neutron-periodic-workers[104038]: DEBUG dbcounter [-] [104038] Writing DB stats neutron:DELETE=1 {{(pid=104038) stat_writer /opt/stack/data/venv/lib/python3.12/site-packages/dbcounter.py:115}}
Mar 30 12:27:04.508326 np0000161220 neutron-periodic-workers[104011]: DEBUG dbcounter [-] [104011] Writing DB stats neutron:SELECT=3 {{(pid=104011) stat_writer /opt/stack/data/venv/lib/python3.12/site-packages/dbcounter.py:115}}
Mar 30 12:27:06.505974 np0000161220 neutron-periodic-workers[104027]: DEBUG neutron.db.agents_db [None req-8935b9b5-d056-4ca0-8be2-f74f4c1c8ebc None None] Agent healthcheck: found 0 active agents {{(pid=104027) agent_health_check /opt/stack/neutron/neutron/db/agents_db.py:317}}
Mar 30 12:27:06.505974 np0000161220 neutron-periodic-workers[104027]: DEBUG oslo.service.backend._threading.loopingcall [None req-8935b9b5-d056-4ca0-8be2-f74f4c1c8ebc None None] Fixed interval looping call 'neutron.plugins.ml2.plugin.AgentDbMixin.agent_health_check' sleeping for 36.99 seconds {{(pid=104027) _run_loop /opt/stack/data/venv/lib/python3.12/site-packages/oslo_service/backend/_threading/loopingcall.py:125}}
Mar 30 12:27:08.503725 np0000161220 neutron-periodic-workers[103998]: DEBUG oslo.service.backend._threading.loopingcall [None req-0dcffa79-607c-4cc9-ae6b-c5aeab2f4b51 None None] Fixed interval looping call 'neutron.services.ovn_l3.plugin.L3_NAT_dbonly_mixin._clean_garbage' sleeping for 299.99 seconds {{(pid=103998) _run_loop /opt/stack/data/venv/lib/python3.12/site-packages/oslo_service/backend/_threading/loopingcall.py:125}}
Mar 30 12:27:16.504674 np0000161220 neutron-periodic-workers[104027]: DEBUG dbcounter [-] [104027] Writing DB stats neutron:SELECT=1 {{(pid=104027) stat_writer /opt/stack/data/venv/lib/python3.12/site-packages/dbcounter.py:115}}
Mar 30 12:27:18.495401 np0000161220 neutron-periodic-workers[103998]: DEBUG dbcounter [-] [103998] Writing DB stats neutron:SELECT=1 {{(pid=103998) stat_writer /opt/stack/data/venv/lib/python3.12/site-packages/dbcounter.py:115}}
Mar 30 12:27:31.509783 np0000161220 neutron-periodic-workers[104011]: DEBUG oslo.service.backend._threading.loopingcall [None req-1e6f698a-0c03-47d4-9e1d-40ac7dc162d3 None None] Fixed interval looping call 'neutron.plugins.ml2.plugin.DhcpAgentSchedulerDbMixin.remove_networks_from_down_agents' sleeping for 36.99 seconds {{(pid=104011) _run_loop /opt/stack/data/venv/lib/python3.12/site-packages/oslo_service/backend/_threading/loopingcall.py:125}}
Mar 30 12:27:41.515899 np0000161220 neutron-periodic-workers[104011]: DEBUG dbcounter [-] [104011] Writing DB stats neutron:SELECT=3 {{(pid=104011) stat_writer /opt/stack/data/venv/lib/python3.12/site-packages/dbcounter.py:115}}
Mar 30 12:27:43.501404 np0000161220 neutron-periodic-workers[104027]: DEBUG neutron.db.agents_db [None req-8935b9b5-d056-4ca0-8be2-f74f4c1c8ebc None None] Agent healthcheck: found 0 active agents {{(pid=104027) agent_health_check /opt/stack/neutron/neutron/db/agents_db.py:317}}
Mar 30 12:27:43.502126 np0000161220 neutron-periodic-workers[104027]: DEBUG oslo.service.backend._threading.loopingcall [None req-8935b9b5-d056-4ca0-8be2-f74f4c1c8ebc None None] Fixed interval looping call 'neutron.plugins.ml2.plugin.AgentDbMixin.agent_health_check' sleeping for 36.99 seconds {{(pid=104027) _run_loop /opt/stack/data/venv/lib/python3.12/site-packages/oslo_service/backend/_threading/loopingcall.py:125}}
Mar 30 12:27:53.499688 np0000161220 neutron-periodic-workers[104027]: DEBUG dbcounter [-] [104027] Writing DB stats neutron:SELECT=1 {{(pid=104027) stat_writer /opt/stack/data/venv/lib/python3.12/site-packages/dbcounter.py:115}}
Mar 30 12:28:08.510555 np0000161220 neutron-periodic-workers[104011]: DEBUG oslo.service.backend._threading.loopingcall [None req-1e6f698a-0c03-47d4-9e1d-40ac7dc162d3 None None] Fixed interval looping call 'neutron.plugins.ml2.plugin.DhcpAgentSchedulerDbMixin.remove_networks_from_down_agents' sleeping for 36.99 seconds {{(pid=104011) _run_loop /opt/stack/data/venv/lib/python3.12/site-packages/oslo_service/backend/_threading/loopingcall.py:125}}
Mar 30 12:28:18.509632 np0000161220 neutron-periodic-workers[104011]: DEBUG dbcounter [-] [104011] Writing DB stats neutron:SELECT=3 {{(pid=104011) stat_writer /opt/stack/data/venv/lib/python3.12/site-packages/dbcounter.py:115}}
Mar 30 12:28:20.495245 np0000161220 neutron-periodic-workers[104027]: DEBUG neutron.db.agents_db [None req-8935b9b5-d056-4ca0-8be2-f74f4c1c8ebc None None] Agent healthcheck: found 0 active agents {{(pid=104027) agent_health_check /opt/stack/neutron/neutron/db/agents_db.py:317}}
Mar 30 12:28:20.495733 np0000161220 neutron-periodic-workers[104027]: DEBUG oslo.service.backend._threading.loopingcall [None req-8935b9b5-d056-4ca0-8be2-f74f4c1c8ebc None None] Fixed interval looping call 'neutron.plugins.ml2.plugin.AgentDbMixin.agent_health_check' sleeping for 37.00 seconds {{(pid=104027) _run_loop /opt/stack/data/venv/lib/python3.12/site-packages/oslo_service/backend/_threading/loopingcall.py:125}}
Mar 30 12:28:30.494961 np0000161220 neutron-periodic-workers[104027]: DEBUG dbcounter [-] [104027] Writing DB stats neutron:SELECT=1 {{(pid=104027) stat_writer /opt/stack/data/venv/lib/python3.12/site-packages/dbcounter.py:115}}
Mar 30 12:28:45.510822 np0000161220 neutron-periodic-workers[104011]: DEBUG oslo.service.backend._threading.loopingcall [None req-1e6f698a-0c03-47d4-9e1d-40ac7dc162d3 None None] Fixed interval looping call 'neutron.plugins.ml2.plugin.DhcpAgentSchedulerDbMixin.remove_networks_from_down_agents' sleeping for 36.99 seconds {{(pid=104011) _run_loop /opt/stack/data/venv/lib/python3.12/site-packages/oslo_service/backend/_threading/loopingcall.py:125}}
Mar 30 12:28:50.554587 np0000161220 neutron-periodic-workers[104038]: DEBUG oslo.service.backend._threading.loopingcall [None req-711e3012-0327-41d9-a984-cb89b811e20b None None] Fixed interval looping call 'neutron.db.quota.driver_nolock.DbQuotaNoLockDriver._remove_expired_reservations' sleeping for 119.99 seconds {{(pid=104038) _run_loop /opt/stack/data/venv/lib/python3.12/site-packages/oslo_service/backend/_threading/loopingcall.py:125}}
Mar 30 12:28:55.509103 np0000161220 neutron-periodic-workers[104011]: DEBUG dbcounter [-] [104011] Writing DB stats neutron:SELECT=3 {{(pid=104011) stat_writer /opt/stack/data/venv/lib/python3.12/site-packages/dbcounter.py:115}}
Mar 30 12:28:57.501852 np0000161220 neutron-periodic-workers[104027]: DEBUG neutron.db.agents_db [None req-8935b9b5-d056-4ca0-8be2-f74f4c1c8ebc None None] Agent healthcheck: found 0 active agents {{(pid=104027) agent_health_check /opt/stack/neutron/neutron/db/agents_db.py:317}}
Mar 30 12:28:57.502330 np0000161220 neutron-periodic-workers[104027]: DEBUG oslo.service.backend._threading.loopingcall [None req-8935b9b5-d056-4ca0-8be2-f74f4c1c8ebc None None] Fixed interval looping call 'neutron.plugins.ml2.plugin.AgentDbMixin.agent_health_check' sleeping for 36.99 seconds {{(pid=104027) _run_loop /opt/stack/data/venv/lib/python3.12/site-packages/oslo_service/backend/_threading/loopingcall.py:125}}
Mar 30 12:29:00.553105 np0000161220 neutron-periodic-workers[104038]: DEBUG dbcounter [-] [104038] Writing DB stats neutron:DELETE=1 {{(pid=104038) stat_writer /opt/stack/data/venv/lib/python3.12/site-packages/dbcounter.py:115}}
Mar 30 12:29:07.499528 np0000161220 neutron-periodic-workers[104027]: DEBUG dbcounter [-] [104027] Writing DB stats neutron:SELECT=1 {{(pid=104027) stat_writer /opt/stack/data/venv/lib/python3.12/site-packages/dbcounter.py:115}}
Mar 30 12:29:22.509080 np0000161220 neutron-periodic-workers[104011]: DEBUG oslo.service.backend._threading.loopingcall [None req-1e6f698a-0c03-47d4-9e1d-40ac7dc162d3 None None] Fixed interval looping call 'neutron.plugins.ml2.plugin.DhcpAgentSchedulerDbMixin.remove_networks_from_down_agents' sleeping for 36.99 seconds {{(pid=104011) _run_loop /opt/stack/data/venv/lib/python3.12/site-packages/oslo_service/backend/_threading/loopingcall.py:125}}
Mar 30 12:29:32.508002 np0000161220 neutron-periodic-workers[104011]: DEBUG dbcounter [-] [104011] Writing DB stats neutron:SELECT=3 {{(pid=104011) stat_writer /opt/stack/data/venv/lib/python3.12/site-packages/dbcounter.py:115}}
Mar 30 12:29:34.497322 np0000161220 neutron-periodic-workers[104027]: DEBUG neutron.db.agents_db [None req-8935b9b5-d056-4ca0-8be2-f74f4c1c8ebc None None] Agent healthcheck: found 0 active agents {{(pid=104027) agent_health_check /opt/stack/neutron/neutron/db/agents_db.py:317}}
Mar 30 12:29:34.498065 np0000161220 neutron-periodic-workers[104027]: DEBUG oslo.service.backend._threading.loopingcall [None req-8935b9b5-d056-4ca0-8be2-f74f4c1c8ebc None None] Fixed interval looping call 'neutron.plugins.ml2.plugin.AgentDbMixin.agent_health_check' sleeping for 36.99 seconds {{(pid=104027) _run_loop /opt/stack/data/venv/lib/python3.12/site-packages/oslo_service/backend/_threading/loopingcall.py:125}}
Mar 30 12:29:44.495530 np0000161220 neutron-periodic-workers[104027]: DEBUG dbcounter [-] [104027] Writing DB stats neutron:SELECT=1 {{(pid=104027) stat_writer /opt/stack/data/venv/lib/python3.12/site-packages/dbcounter.py:115}}
Mar 30 12:29:59.509005 np0000161220 neutron-periodic-workers[104011]: DEBUG oslo.service.backend._threading.loopingcall [None req-1e6f698a-0c03-47d4-9e1d-40ac7dc162d3 None None] Fixed interval looping call 'neutron.plugins.ml2.plugin.DhcpAgentSchedulerDbMixin.remove_networks_from_down_agents' sleeping for 36.99 seconds {{(pid=104011) _run_loop /opt/stack/data/venv/lib/python3.12/site-packages/oslo_service/backend/_threading/loopingcall.py:125}}
Mar 30 12:30:09.508031 np0000161220 neutron-periodic-workers[104011]: DEBUG dbcounter [-] [104011] Writing DB stats neutron:SELECT=3 {{(pid=104011) stat_writer /opt/stack/data/venv/lib/python3.12/site-packages/dbcounter.py:115}}
Mar 30 12:30:11.493342 np0000161220 neutron-periodic-workers[104027]: DEBUG neutron.db.agents_db [None req-8935b9b5-d056-4ca0-8be2-f74f4c1c8ebc None None] Agent healthcheck: found 0 active agents {{(pid=104027) agent_health_check /opt/stack/neutron/neutron/db/agents_db.py:317}}
Mar 30 12:30:11.494045 np0000161220 neutron-periodic-workers[104027]: DEBUG oslo.service.backend._threading.loopingcall [None req-8935b9b5-d056-4ca0-8be2-f74f4c1c8ebc None None] Fixed interval looping call 'neutron.plugins.ml2.plugin.AgentDbMixin.agent_health_check' sleeping for 36.99 seconds {{(pid=104027) _run_loop /opt/stack/data/venv/lib/python3.12/site-packages/oslo_service/backend/_threading/loopingcall.py:125}}
Mar 30 12:30:21.491385 np0000161220 neutron-periodic-workers[104027]: DEBUG dbcounter [-] [104027] Writing DB stats neutron:SELECT=1 {{(pid=104027) stat_writer /opt/stack/data/venv/lib/python3.12/site-packages/dbcounter.py:115}}
Mar 30 12:30:36.508693 np0000161220 neutron-periodic-workers[104011]: DEBUG oslo.service.backend._threading.loopingcall [None req-1e6f698a-0c03-47d4-9e1d-40ac7dc162d3 None None] Fixed interval looping call 'neutron.plugins.ml2.plugin.DhcpAgentSchedulerDbMixin.remove_networks_from_down_agents' sleeping for 36.99 seconds {{(pid=104011) _run_loop /opt/stack/data/venv/lib/python3.12/site-packages/oslo_service/backend/_threading/loopingcall.py:125}}
Mar 30 12:30:46.507097 np0000161220 neutron-periodic-workers[104011]: DEBUG dbcounter [-] [104011] Writing DB stats neutron:SELECT=3 {{(pid=104011) stat_writer /opt/stack/data/venv/lib/python3.12/site-packages/dbcounter.py:115}}
Mar 30 12:30:48.490269 np0000161220 neutron-periodic-workers[104027]: DEBUG neutron.db.agents_db [None req-8935b9b5-d056-4ca0-8be2-f74f4c1c8ebc None None] Agent healthcheck: found 0 active agents {{(pid=104027) agent_health_check /opt/stack/neutron/neutron/db/agents_db.py:317}}
Mar 30 12:30:48.490868 np0000161220 neutron-periodic-workers[104027]: DEBUG oslo.service.backend._threading.loopingcall [None req-8935b9b5-d056-4ca0-8be2-f74f4c1c8ebc None None] Fixed interval looping call 'neutron.plugins.ml2.plugin.AgentDbMixin.agent_health_check' sleeping for 36.99 seconds {{(pid=104027) _run_loop /opt/stack/data/venv/lib/python3.12/site-packages/oslo_service/backend/_threading/loopingcall.py:125}}
