2026-05-11 22:20:39.789 8 INFO neutron.db.ovn_revision_numbers_db [None req-9ee7c163-0105-44fa-be15-5d40c9155926 4647a56aef024a23b8d8ee7b24176e2f 161ff73df7ab40b6b7c59d3ab78941d1 - - default default] Successfully bumped revision number for resource 04a8cf87-d692-4794-a1fc-5254dcdce4dd (type: ports) to 1 [pid: 8|app: 0|req: 1151/2465] 10.0.0.205 () {34 vars in 670 bytes} [Mon May 11 22:20:39 2026] POST /v2.0/networks => generated 669 bytes in 762 msecs (HTTP/1.1 201) 4 headers in 162 bytes (1 switches on core 0)
2026-05-11 22:20:39.923 7 INFO neutron.db.segments_db [None req-9a4669a7-48f8-42a4-9f03-d714bed9e594 4647a56aef024a23b8d8ee7b24176e2f 161ff73df7ab40b6b7c59d3ab78941d1 - - default default] Added segment 647ccf0f-2966-45dd-98fd-34cf64f636d3 of type geneve for network 71974e03-33d8-40e6-a516-30c6bf1921ff
2026-05-11 22:20:40.029 7 INFO neutron.db.ovn_revision_numbers_db [None req-9a4669a7-48f8-42a4-9f03-d714bed9e594 4647a56aef024a23b8d8ee7b24176e2f 161ff73df7ab40b6b7c59d3ab78941d1 - - default default] Successfully bumped revision number for resource 71974e03-33d8-40e6-a516-30c6bf1921ff (type: networks) to 1
2026-05-11 22:20:40.204 7 WARNING neutron.scheduler.dhcp_agent_scheduler [None req-9a4669a7-48f8-42a4-9f03-d714bed9e594 4647a56aef024a23b8d8ee7b24176e2f 161ff73df7ab40b6b7c59d3ab78941d1 - - default default] No more DHCP agents
2026-05-11 22:20:40.206 7 WARNING neutron.api.rpc.agentnotifiers.dhcp_rpc_agent_api [None req-9a4669a7-48f8-42a4-9f03-d714bed9e594 4647a56aef024a23b8d8ee7b24176e2f 161ff73df7ab40b6b7c59d3ab78941d1 - - default default] Unable to schedule network 71974e03-33d8-40e6-a516-30c6bf1921ff: no agents available; will retry on subsequent port and subnet creation events.
2026-05-11 22:20:40.264 8 INFO neutron.plugins.ml2.drivers.ovn.mech_driver.mech_driver [None req-cfaf5787-847a-40a6-b204-94c43a787194 - - - - - -] OVN reports status down for port: 7d1d526b-1146-40e6-852d-012ddb9f044d
2026-05-11 22:20:40.295 7 INFO neutron.db.ovn_revision_numbers_db [None req-9a4669a7-48f8-42a4-9f03-d714bed9e594 4647a56aef024a23b8d8ee7b24176e2f 161ff73df7ab40b6b7c59d3ab78941d1 - - default default] Successfully bumped revision number for resource 7d1d526b-1146-40e6-852d-012ddb9f044d (type: ports) to 1 [pid: 7|app: 0|req: 1315/2466] 10.0.0.205 () {34 vars in 670 bytes} [Mon May 11 22:20:39 2026] POST /v2.0/networks => generated 670 bytes in 492 msecs (HTTP/1.1 201) 4 headers in 162 bytes (1 switches on core 0) [pid: 8|app: 0|req: 1152/2467] 10.0.0.205 () {34 vars in 753 bytes} [Mon May 11 22:20:40 2026] PUT /v2.0/networks/cab6aac2-e3ec-48ec-a1d3-de059ce5b81c/tags => generated 25 bytes in 78 msecs (HTTP/1.1 200) 4 headers in 156 bytes (1 switches on core 0) [pid: 7|app: 0|req: 1316/2468] 10.0.0.205 () {32 vars in 733 bytes} [Mon May 11 22:20:40 2026] GET /v2.0/networks/cab6aac2-e3ec-48ec-a1d3-de059ce5b81c/tags => generated 25 bytes in 44 msecs (HTTP/1.1 200) 4 headers in 156 bytes (1 switches on core 0) [pid: 8|app: 0|req: 1153/2469] 10.0.0.205 () {34 vars in 753 bytes} [Mon May 11 22:20:40 2026] PUT /v2.0/networks/71974e03-33d8-40e6-a516-30c6bf1921ff/tags => generated 17 bytes in 44 msecs (HTTP/1.1 200) 4 headers in 156 bytes (1 switches on core 0) [pid: 7|app: 0|req: 1317/2470] 10.0.0.205 () {32 vars in 733 bytes} [Mon May 11 22:20:40 2026] GET /v2.0/networks/71974e03-33d8-40e6-a516-30c6bf1921ff/tags => generated 17 bytes in 50 msecs (HTTP/1.1 200) 4 headers in 156 bytes (1 switches on core 0) [pid: 8|app: 0|req: 1154/2471] 10.0.0.205 () {34 vars in 753 bytes} [Mon May 11 22:20:40 2026] PUT /v2.0/networks/71974e03-33d8-40e6-a516-30c6bf1921ff/tags => generated 12 bytes in 52 msecs (HTTP/1.1 200) 4 headers in 156 bytes (1 switches on core 0) [pid: 7|app: 0|req: 1318/2472] 10.0.0.205 () {32 vars in 733 bytes} [Mon May 11 22:20:40 2026] GET /v2.0/networks/71974e03-33d8-40e6-a516-30c6bf1921ff/tags => generated 12 bytes in 41 msecs (HTTP/1.1 200) 4 headers in 156 bytes (1 switches on core 0) [pid: 8|app: 0|req: 1155/2473] 10.0.0.205 () {32 vars in 733 bytes} [Mon May 11 22:20:40 2026] GET /v2.0/networks/cab6aac2-e3ec-48ec-a1d3-de059ce5b81c/tags => generated 25 bytes in 49 msecs (HTTP/1.1 200) 4 headers in 156 bytes (1 switches on core 0)
2026-05-11 22:20:40.847 7 INFO neutron_taas.services.taas.taas_plugin [None req-e7de9fb8-1cda-4b29-9892-79b295369533 4647a56aef024a23b8d8ee7b24176e2f 161ff73df7ab40b6b7c59d3ab78941d1 - - default default] TaaS: Handle Delete Port: 04a8cf87-d692-4794-a1fc-5254dcdce4dd
2026-05-11 22:20:40.850 7 INFO neutron_taas.services.taas.tap_mirror_plugin [None req-e7de9fb8-1cda-4b29-9892-79b295369533 4647a56aef024a23b8d8ee7b24176e2f 161ff73df7ab40b6b7c59d3ab78941d1 - - default default] Tap Mirror: Handle Delete Port: 04a8cf87-d692-4794-a1fc-5254dcdce4dd
2026-05-11 22:20:41.029 7 INFO neutron.services.segments.plugin [-] Segment 997e6b46-902c-434b-a703-4a84d088678f resource provider aggregate not found
2026-05-11 22:20:41.036 7 INFO neutron.services.segments.plugin [-] Segment 997e6b46-902c-434b-a703-4a84d088678f resource provider aggregate not found
2026-05-11 22:20:41.052 7 INFO neutron.services.segments.plugin [-] Segment 997e6b46-902c-434b-a703-4a84d088678f resource provider not found; error: Placement Client Error (4xx): {"errors": [{"status": 404, "title": "Not Found", "detail": "The resource could not be found.\n\n No resource provider with uuid 997e6b46-902c-434b-a703-4a84d088678f found for delete ", "request_id": "req-cc32a1e8-1942-430a-9fca-f552cd5f1296"}]}
2026-05-11 22:20:41.057 7 INFO neutron.services.segments.plugin [-] Segment 997e6b46-902c-434b-a703-4a84d088678f resource provider not found; error: Placement Client Error (4xx): {"errors": [{"status": 404, "title": "Not Found", "detail": "The resource could not be found.\n\n No resource provider with uuid 997e6b46-902c-434b-a703-4a84d088678f found for delete ", "request_id": "req-24a9596e-afcb-41f1-984a-4606f7bb3188"}]} [pid: 7|app: 0|req: 1319/2474] 10.0.0.205 () {32 vars in 726 bytes} [Mon May 11 22:20:40 2026] DELETE /v2.0/networks/cab6aac2-e3ec-48ec-a1d3-de059ce5b81c => generated 0 bytes in 346 msecs (HTTP/1.1 204) 3 headers in 131 bytes (1 switches on core 0)
2026-05-11 22:20:41.205 8 INFO neutron_taas.services.taas.taas_plugin [None req-cb415cb3-cb8c-400e-8677-649b973f3c89 4647a56aef024a23b8d8ee7b24176e2f 161ff73df7ab40b6b7c59d3ab78941d1 - - default default] TaaS: Handle Delete Port: 7d1d526b-1146-40e6-852d-012ddb9f044d
2026-05-11 22:20:41.208 8 INFO neutron_taas.services.taas.tap_mirror_plugin [None req-cb415cb3-cb8c-400e-8677-649b973f3c89 4647a56aef024a23b8d8ee7b24176e2f 161ff73df7ab40b6b7c59d3ab78941d1 - - default default] Tap Mirror: Handle Delete Port: 7d1d526b-1146-40e6-852d-012ddb9f044d
2026-05-11 22:20:41.387 8 INFO neutron.services.segments.plugin [-] Segment 647ccf0f-2966-45dd-98fd-34cf64f636d3 resource provider aggregate not found
2026-05-11 22:20:41.390 8 INFO neutron.services.segments.plugin [-] Segment 647ccf0f-2966-45dd-98fd-34cf64f636d3 resource provider aggregate not found
2026-05-11 22:20:41.410 8 INFO neutron.services.segments.plugin [-] Segment 647ccf0f-2966-45dd-98fd-34cf64f636d3 resource provider not found; error: Placement Client Error (4xx): {"errors": [{"status": 404, "title": "Not Found", "detail": "The resource could not be found.\n\n No resource provider with uuid 647ccf0f-2966-45dd-98fd-34cf64f636d3 found for delete ", "request_id": "req-1beee3bd-9174-4abb-87ac-d2323238f40d"}]}
2026-05-11 22:20:41.416 8 INFO neutron.services.segments.plugin [-] Segment 647ccf0f-2966-45dd-98fd-34cf64f636d3 resource provider not found; error: Placement Client Error (4xx): {"errors": [{"status": 404, "title": "Not Found", "detail": "The resource could not be found.\n\n No resource provider with uuid 647ccf0f-2966-45dd-98fd-34cf64f636d3 found for delete ", "request_id": "req-02f0eb83-a347-4772-849a-b0c6ee443b55"}]} [pid: 8|app: 0|req: 1156/2475] 10.0.0.205 () {32 vars in 726 bytes} [Mon May 11 22:20:41 2026] DELETE /v2.0/networks/71974e03-33d8-40e6-a516-30c6bf1921ff => generated 0 bytes in 351 msecs (HTTP/1.1 204) 3 headers in 131 bytes (1 switches on core 0)
2026-05-11 22:20:42.309 7 INFO neutron.db.ovn_revision_numbers_db [None req-0d941760-94a5-4d4d-9b3c-03f5c7e111e2 13a75f8aa2a14f8f8b4344483f8a8cb0 fdb288f6b9394553868b5c20442b0e26 - - default default] Successfully bumped revision number for resource 34692737-1be1-4c8a-9042-7c3b13220910 (type: security_groups) to 1
2026-05-11 22:20:42.321 7 INFO neutron.db.ovn_revision_numbers_db [None req-0d941760-94a5-4d4d-9b3c-03f5c7e111e2 13a75f8aa2a14f8f8b4344483f8a8cb0 fdb288f6b9394553868b5c20442b0e26 - - default default] Successfully bumped revision number for resource 1fa90b1c-dc32-4e78-abf8-fae4f5688fc3 (type: security_group_rules) to 0
2026-05-11 22:20:42.332 7 INFO neutron.db.ovn_revision_numbers_db [None req-0d941760-94a5-4d4d-9b3c-03f5c7e111e2 13a75f8aa2a14f8f8b4344483f8a8cb0 fdb288f6b9394553868b5c20442b0e26 - - default default] Successfully bumped revision number for resource 2f61f65f-36d9-4e1b-9e3d-42744d6d5e14 (type: security_group_rules) to 0
2026-05-11 22:20:42.344 7 INFO neutron.db.ovn_revision_numbers_db [None req-0d941760-94a5-4d4d-9b3c-03f5c7e111e2 13a75f8aa2a14f8f8b4344483f8a8cb0 fdb288f6b9394553868b5c20442b0e26 - - default default] Successfully bumped revision number for resource 34292b3b-69c5-4a54-83cc-c876c3fd4b7d (type: security_group_rules) to 0
2026-05-11 22:20:42.356 7 INFO neutron.db.ovn_revision_numbers_db [None req-0d941760-94a5-4d4d-9b3c-03f5c7e111e2 13a75f8aa2a14f8f8b4344483f8a8cb0 fdb288f6b9394553868b5c20442b0e26 - - default default] Successfully bumped revision number for resource 9f296bab-d13a-498e-9cb1-96c349272598 (type: security_group_rules) to 0 [pid: 7|app: 0|req: 1320/2476] 10.0.0.205 () {32 vars in 774 bytes} [Mon May 11 22:20:42 2026] GET /v2.0/security-groups?tenant_id=a6235f350d644e52bb8ac6b30ef5f01d&name=default => generated 2925 bytes in 318 msecs (HTTP/1.1 200) 4 headers in 158 bytes (1 switches on core 0) [pid: 8|app: 0|req: 1157/2477] 10.0.0.205 () {32 vars in 740 bytes} [Mon May 11 22:20:42 2026] DELETE /v2.0/security-groups/34692737-1be1-4c8a-9042-7c3b13220910 => generated 0 bytes in 211 msecs (HTTP/1.1 204) 2 headers in 112 bytes (1 switches on core 0) [pid: 7|app: 0|req: 1321/2478] 10.0.0.205 () {32 vars in 774 bytes} [Mon May 11 22:20:42 2026] GET /v2.0/security-groups?tenant_id=161ff73df7ab40b6b7c59d3ab78941d1&name=default => generated 2925 bytes in 35 msecs (HTTP/1.1 200) 4 headers in 158 bytes (1 switches on core 0) [pid: 8|app: 0|req: 1158/2479] 10.0.0.205 () {32 vars in 740 bytes} [Mon May 11 22:20:42 2026] DELETE /v2.0/security-groups/72355f30-31b6-4e92-9fcf-b2c40656c9d8 => generated 0 bytes in 203 msecs (HTTP/1.1 204) 2 headers in 112 bytes (1 switches on core 0)
2026-05-11 22:20:44.583 7 INFO neutron.db.ovn_revision_numbers_db [None req-70834169-42cc-46e2-8363-35a3e60e66c5 13a75f8aa2a14f8f8b4344483f8a8cb0 fdb288f6b9394553868b5c20442b0e26 - - default default] Successfully bumped revision number for resource 46d9827f-47e3-4481-80f9-58867013fa3f (type: security_groups) to 1
2026-05-11 22:20:44.602 7 INFO neutron.db.ovn_revision_numbers_db [None req-70834169-42cc-46e2-8363-35a3e60e66c5 13a75f8aa2a14f8f8b4344483f8a8cb0 fdb288f6b9394553868b5c20442b0e26 - - default default] Successfully bumped revision number for resource 65f03e19-875b-4c80-b0af-67a4bb1ac935 (type: security_group_rules) to 0
2026-05-11 22:20:44.615 7 INFO neutron.db.ovn_revision_numbers_db [None req-70834169-42cc-46e2-8363-35a3e60e66c5 13a75f8aa2a14f8f8b4344483f8a8cb0 fdb288f6b9394553868b5c20442b0e26 - - default default] Successfully bumped revision number for resource d438cfc6-1b6d-41cc-98c9-c24a1223d146 (type: security_group_rules) to 0
2026-05-11 22:20:44.626 7 INFO neutron.db.ovn_revision_numbers_db [None req-70834169-42cc-46e2-8363-35a3e60e66c5 13a75f8aa2a14f8f8b4344483f8a8cb0 fdb288f6b9394553868b5c20442b0e26 - - default default] Successfully bumped revision number for resource f03c5c26-5d49-4996-8c17-840f76ef033a (type: security_group_rules) to 0
2026-05-11 22:20:44.640 7 INFO neutron.db.ovn_revision_numbers_db [None req-70834169-42cc-46e2-8363-35a3e60e66c5 13a75f8aa2a14f8f8b4344483f8a8cb0 fdb288f6b9394553868b5c20442b0e26 - - default default] Successfully bumped revision number for resource f142affc-2a08-4483-9fc7-a6660d68463c (type: security_group_rules) to 0 [pid: 7|app: 0|req: 1322/2480] 10.0.0.205 () {32 vars in 774 bytes} [Mon May 11 22:20:44 2026] GET /v2.0/security-groups?tenant_id=32afc93058e14492b9664683f8599a98&name=default => generated 2925 bytes in 368 msecs (HTTP/1.1 200) 4 headers in 158 bytes (1 switches on core 0) [pid: 8|app: 0|req: 1159/2481] 10.0.0.205 () {32 vars in 740 bytes} [Mon May 11 22:20:44 2026] DELETE /v2.0/security-groups/46d9827f-47e3-4481-80f9-58867013fa3f => generated 0 bytes in 240 msecs (HTTP/1.1 204) 2 headers in 112 bytes (1 switches on core 0) [pid: 7|app: 0|req: 1323/2482] 10.0.0.184 () {32 vars in 802 bytes} [Mon May 11 22:20:48 2026] GET /v2.0/extensions => generated 20541 bytes in 103 msecs (HTTP/1.1 200) 4 headers in 159 bytes (1 switches on core 0) [pid: 8|app: 0|req: 1160/2483] 10.0.0.184 () {30 vars in 724 bytes} [Mon May 11 22:20:48 2026] GET /v2.0/quotas/1fd1c2cd708548899f57c63251c0220b/details => generated 847 bytes in 114 msecs (HTTP/1.1 200) 4 headers in 157 bytes (1 switches on core 0) [pid: 8|app: 0|req: 1162/2486] 10.0.0.184 () {32 vars in 802 bytes} [Mon May 11 22:20:51 2026] GET /v2.0/extensions => generated 20541 bytes in 8 msecs (HTTP/1.1 200) 4 headers in 159 bytes (1 switches on core 0) [pid: 7|app: 0|req: 1325/2487] 10.0.0.184 () {30 vars in 724 bytes} [Mon May 11 22:20:51 2026] GET /v2.0/quotas/1fd1c2cd708548899f57c63251c0220b/details => generated 847 bytes in 101 msecs (HTTP/1.1 200) 4 headers in 157 bytes (1 switches on core 0)
2026-05-11 22:20:52.279 8 INFO neutron.db.ovn_revision_numbers_db [None req-b5b2a69e-2f56-4b0c-b750-85cdadf55dff 4bdff4667c2a41999078ea621789191d 50db7b5e05994dd3a962b9d48cb1ebf4 - - default default] Successfully bumped revision number for resource 04e668df-562c-4d71-aba9-17b70c869e76 (type: security_groups) to 1
2026-05-11 22:20:52.291 8 INFO neutron.db.ovn_revision_numbers_db [None req-b5b2a69e-2f56-4b0c-b750-85cdadf55dff 4bdff4667c2a41999078ea621789191d 50db7b5e05994dd3a962b9d48cb1ebf4 - - default default] Successfully bumped revision number for resource 6a78c589-468b-48f7-b135-f38798aa7e07 (type: security_group_rules) to 0
2026-05-11 22:20:52.303 8 INFO neutron.db.ovn_revision_numbers_db [None req-b5b2a69e-2f56-4b0c-b750-85cdadf55dff 4bdff4667c2a41999078ea621789191d 50db7b5e05994dd3a962b9d48cb1ebf4 - - default default] Successfully bumped revision number for resource ab25a7aa-7dee-4fb8-87cc-7c13275c61ea (type: security_group_rules) to 0
2026-05-11 22:20:52.313 8 INFO neutron.db.ovn_revision_numbers_db [None req-b5b2a69e-2f56-4b0c-b750-85cdadf55dff 4bdff4667c2a41999078ea621789191d 50db7b5e05994dd3a962b9d48cb1ebf4 - - default default] Successfully bumped revision number for resource e1dc86a5-3317-413b-8b60-022588f895c2 (type: security_group_rules) to 0
2026-05-11 22:20:52.325 8 INFO neutron.db.ovn_revision_numbers_db [None req-b5b2a69e-2f56-4b0c-b750-85cdadf55dff 4bdff4667c2a41999078ea621789191d 50db7b5e05994dd3a962b9d48cb1ebf4 - - default default] Successfully bumped revision number for resource f88bbafb-aef2-4e36-8734-04aeaffe12de (type: security_group_rules) to 0
2026-05-11 22:20:52.404 8 INFO neutron.db.segments_db [None req-b5b2a69e-2f56-4b0c-b750-85cdadf55dff 4bdff4667c2a41999078ea621789191d 50db7b5e05994dd3a962b9d48cb1ebf4 - - default default] Added segment 39a3f6d8-0305-42d7-b67e-4e304a25abf8 of type geneve for network 544bb1d3-21f8-4737-8ec4-f1228843f3ce
2026-05-11 22:20:52.510 8 INFO neutron.db.ovn_revision_numbers_db [None req-b5b2a69e-2f56-4b0c-b750-85cdadf55dff 4bdff4667c2a41999078ea621789191d 50db7b5e05994dd3a962b9d48cb1ebf4 - - default default] Successfully bumped revision number for resource 544bb1d3-21f8-4737-8ec4-f1228843f3ce (type: networks) to 1
2026-05-11 22:20:52.683 8 WARNING neutron.scheduler.dhcp_agent_scheduler [None req-b5b2a69e-2f56-4b0c-b750-85cdadf55dff 4bdff4667c2a41999078ea621789191d 50db7b5e05994dd3a962b9d48cb1ebf4 - - default default] No more DHCP agents
2026-05-11 22:20:52.684 8 WARNING neutron.api.rpc.agentnotifiers.dhcp_rpc_agent_api [None req-b5b2a69e-2f56-4b0c-b750-85cdadf55dff 4bdff4667c2a41999078ea621789191d 50db7b5e05994dd3a962b9d48cb1ebf4 - - default default] Unable to schedule network 544bb1d3-21f8-4737-8ec4-f1228843f3ce: no agents available; will retry on subsequent port and subnet creation events.
2026-05-11 22:20:52.751 7 INFO neutron.plugins.ml2.drivers.ovn.mech_driver.mech_driver [None req-057d11df-0969-4c2b-aac0-de451fcf36c4 - - - - - -] OVN reports status down for port: 2e83c8de-f484-41dd-bdad-5c655a674b42
2026-05-11 22:20:52.773 8 INFO neutron.db.ovn_revision_numbers_db [None req-b5b2a69e-2f56-4b0c-b750-85cdadf55dff 4bdff4667c2a41999078ea621789191d 50db7b5e05994dd3a962b9d48cb1ebf4 - - default default] Successfully bumped revision number for resource 2e83c8de-f484-41dd-bdad-5c655a674b42 (type: ports) to 1 [pid: 8|app: 0|req: 1163/2488] 10.0.0.205 () {34 vars in 670 bytes} [Mon May 11 22:20:51 2026] POST /v2.0/networks => generated 677 bytes in 823 msecs (HTTP/1.1 201) 4 headers in 162 bytes (1 switches on core 0)
2026-05-11 22:20:53.013 7 WARNING neutron.scheduler.dhcp_agent_scheduler [None req-2b329d50-4da8-4871-ac1e-a7620b09b6a2 4bdff4667c2a41999078ea621789191d 50db7b5e05994dd3a962b9d48cb1ebf4 - - default default] No more DHCP agents
2026-05-11 22:20:53.014 7 WARNING neutron.api.rpc.agentnotifiers.dhcp_rpc_agent_api [None req-2b329d50-4da8-4871-ac1e-a7620b09b6a2 4bdff4667c2a41999078ea621789191d 50db7b5e05994dd3a962b9d48cb1ebf4 - - default default] Unable to schedule network 544bb1d3-21f8-4737-8ec4-f1228843f3ce: no agents available; will retry on subsequent port and subnet creation events.
2026-05-11 22:20:53.428 7 INFO neutron.db.ovn_revision_numbers_db [None req-ae046b79-2415-461d-a05a-a2a3f08288cd - - - - - -] Successfully bumped revision number for resource 2e83c8de-f484-41dd-bdad-5c655a674b42 (type: ports) to 2
2026-05-11 22:20:53.460 7 INFO neutron.db.ovn_revision_numbers_db [None req-ae046b79-2415-461d-a05a-a2a3f08288cd - - - - - -] Successfully bumped revision number for resource 2e49843d-4e28-41bd-97a3-9e60db5555c3 (type: subnets) to 0 [pid: 7|app: 0|req: 1326/2489] 10.0.0.205 () {34 vars in 669 bytes} [Mon May 11 22:20:52 2026] POST /v2.0/subnets => generated 658 bytes in 674 msecs (HTTP/1.1 201) 4 headers in 162 bytes (1 switches on core 0) [pid: 8|app: 0|req: 1164/2490] 10.0.0.205 () {32 vars in 722 bytes} [Mon May 11 22:20:53 2026] GET /v2.0/subnetpools?name=shared-default-subnetpool-v6 => generated 19 bytes in 40 msecs (HTTP/1.1 200) 4 headers in 156 bytes (1 switches on core 0)
2026-05-11 22:20:53.738 7 WARNING neutron.scheduler.dhcp_agent_scheduler [None req-54ab1b2c-efbf-4b86-8cc0-89a8d19aea2a 4bdff4667c2a41999078ea621789191d 50db7b5e05994dd3a962b9d48cb1ebf4 - - default default] No more DHCP agents
2026-05-11 22:20:53.745 7 WARNING neutron.api.rpc.agentnotifiers.dhcp_rpc_agent_api [None req-54ab1b2c-efbf-4b86-8cc0-89a8d19aea2a 4bdff4667c2a41999078ea621789191d 50db7b5e05994dd3a962b9d48cb1ebf4 - - default default] Unable to schedule network 544bb1d3-21f8-4737-8ec4-f1228843f3ce: no agents available; will retry on subsequent port and subnet creation events.
2026-05-11 22:20:53.769 7 INFO neutron.db.ovn_revision_numbers_db [None req-54ab1b2c-efbf-4b86-8cc0-89a8d19aea2a 4bdff4667c2a41999078ea621789191d 50db7b5e05994dd3a962b9d48cb1ebf4 - - default default] Successfully bumped revision number for resource f60fa4eb-799f-48c9-8bc1-2c2b310c7ab0 (type: subnets) to 0 [pid: 7|app: 0|req: 1327/2491] 10.0.0.205 () {34 vars in 669 bytes} [Mon May 11 22:20:53 2026] POST /v2.0/subnets => generated 731 bytes in 255 msecs (HTTP/1.1 201) 4 headers in 162 bytes (1 switches on core 0)
2026-05-11 22:20:53.882 8 INFO neutron.db.segments_db [None req-dd3b09cc-8d53-4076-a6aa-5577a68f4f45 4bdff4667c2a41999078ea621789191d 50db7b5e05994dd3a962b9d48cb1ebf4 - - default default] Added segment d874afc1-0053-42ba-922f-ca2b0b311e46 of type geneve for network ffd13574-1585-4a7d-adb8-0da392abb698
2026-05-11 22:20:54.012 8 INFO neutron.db.ovn_revision_numbers_db [None req-dd3b09cc-8d53-4076-a6aa-5577a68f4f45 4bdff4667c2a41999078ea621789191d 50db7b5e05994dd3a962b9d48cb1ebf4 - - default default] Successfully bumped revision number for resource ffd13574-1585-4a7d-adb8-0da392abb698 (type: networks) to 1
2026-05-11 22:20:54.175 8 WARNING neutron.scheduler.dhcp_agent_scheduler [None req-dd3b09cc-8d53-4076-a6aa-5577a68f4f45 4bdff4667c2a41999078ea621789191d 50db7b5e05994dd3a962b9d48cb1ebf4 - - default default] No more DHCP agents
2026-05-11 22:20:54.176 8 WARNING neutron.api.rpc.agentnotifiers.dhcp_rpc_agent_api [None req-dd3b09cc-8d53-4076-a6aa-5577a68f4f45 4bdff4667c2a41999078ea621789191d 50db7b5e05994dd3a962b9d48cb1ebf4 - - default default] Unable to schedule network ffd13574-1585-4a7d-adb8-0da392abb698: no agents available; will retry on subsequent port and subnet creation events.
2026-05-11 22:20:54.239 7 INFO neutron.plugins.ml2.drivers.ovn.mech_driver.mech_driver [None req-057d11df-0969-4c2b-aac0-de451fcf36c4 - - - - - -] OVN reports status down for port: 4fa835b4-f49e-463a-951c-ee6457ed4261
2026-05-11 22:20:54.259 8 INFO neutron.db.ovn_revision_numbers_db [None req-dd3b09cc-8d53-4076-a6aa-5577a68f4f45 4bdff4667c2a41999078ea621789191d 50db7b5e05994dd3a962b9d48cb1ebf4 - - default default] Successfully bumped revision number for resource 4fa835b4-f49e-463a-951c-ee6457ed4261 (type: ports) to 1 [pid: 8|app: 0|req: 1165/2492] 10.0.0.205 () {34 vars in 670 bytes} [Mon May 11 22:20:53 2026] POST /v2.0/networks => generated 675 bytes in 495 msecs (HTTP/1.1 201) 4 headers in 162 bytes (1 switches on core 0)
2026-05-11 22:20:54.473 7 WARNING neutron.scheduler.dhcp_agent_scheduler [None req-c304d0e2-4d49-4226-adde-dc2effcd922a 4bdff4667c2a41999078ea621789191d 50db7b5e05994dd3a962b9d48cb1ebf4 - - default default] No more DHCP agents
2026-05-11 22:20:54.475 7 WARNING neutron.api.rpc.agentnotifiers.dhcp_rpc_agent_api [None req-c304d0e2-4d49-4226-adde-dc2effcd922a 4bdff4667c2a41999078ea621789191d 50db7b5e05994dd3a962b9d48cb1ebf4 - - default default] Unable to schedule network ffd13574-1585-4a7d-adb8-0da392abb698: no agents available; will retry on subsequent port and subnet creation events.
2026-05-11 22:20:54.883 7 INFO neutron.db.ovn_revision_numbers_db [None req-0197cecf-df32-489b-9596-e42bf3847293 - - - - - -] Successfully bumped revision number for resource 4fa835b4-f49e-463a-951c-ee6457ed4261 (type: ports) to 2
2026-05-11 22:20:54.913 7 INFO neutron.db.ovn_revision_numbers_db [None req-0197cecf-df32-489b-9596-e42bf3847293 - - - - - -] Successfully bumped revision number for resource b8767208-0fa4-4628-bfb6-eee713dd0d6a (type: subnets) to 0 [pid: 7|app: 0|req: 1328/2493] 10.0.0.205 () {34 vars in 669 bytes} [Mon May 11 22:20:54 2026] POST /v2.0/subnets => generated 655 bytes in 638 msecs (HTTP/1.1 201) 4 headers in 162 bytes (1 switches on core 0)
2026-05-11 22:20:55.052 8 INFO neutron.db.ovn_revision_numbers_db [None req-ec1e18ed-beb0-41c0-93bd-90a0bcf69abb 13a75f8aa2a14f8f8b4344483f8a8cb0 fdb288f6b9394553868b5c20442b0e26 - - default default] Successfully bumped revision number for resource 55f8079e-33aa-4037-af62-71628c62aca6 (type: security_groups) to 1
2026-05-11 22:20:55.063 8 INFO neutron.db.ovn_revision_numbers_db [None req-ec1e18ed-beb0-41c0-93bd-90a0bcf69abb 13a75f8aa2a14f8f8b4344483f8a8cb0 fdb288f6b9394553868b5c20442b0e26 - - default default] Successfully bumped revision number for resource 79d79191-f46a-4832-a7cb-d9f4892d3359 (type: security_group_rules) to 0
2026-05-11 22:20:55.075 8 INFO neutron.db.ovn_revision_numbers_db [None req-ec1e18ed-beb0-41c0-93bd-90a0bcf69abb 13a75f8aa2a14f8f8b4344483f8a8cb0 fdb288f6b9394553868b5c20442b0e26 - - default default] Successfully bumped revision number for resource a81dca83-70e0-4f6b-bb14-4d3dbdfeb751 (type: security_group_rules) to 0
2026-05-11 22:20:55.092 8 INFO neutron.db.ovn_revision_numbers_db [None req-ec1e18ed-beb0-41c0-93bd-90a0bcf69abb 13a75f8aa2a14f8f8b4344483f8a8cb0 fdb288f6b9394553868b5c20442b0e26 - - default default] Successfully bumped revision number for resource cb27f955-fca4-474f-ba96-c71dcb217c9b (type: security_group_rules) to 0
2026-05-11 22:20:55.101 8 INFO neutron.db.ovn_revision_numbers_db [None req-ec1e18ed-beb0-41c0-93bd-90a0bcf69abb 13a75f8aa2a14f8f8b4344483f8a8cb0 fdb288f6b9394553868b5c20442b0e26 - - default default] Successfully bumped revision number for resource eaefcc0d-b9d4-4366-9bc8-71cf070afda0 (type: security_group_rules) to 0
2026-05-11 22:20:55.103 7 WARNING neutron.scheduler.dhcp_agent_scheduler [None req-76279931-0398-413e-942a-3edb8fe5b351 4bdff4667c2a41999078ea621789191d 50db7b5e05994dd3a962b9d48cb1ebf4 - - default default] No more DHCP agents
2026-05-11 22:20:55.104 7 WARNING neutron.api.rpc.agentnotifiers.dhcp_rpc_agent_api [None req-76279931-0398-413e-942a-3edb8fe5b351 4bdff4667c2a41999078ea621789191d 50db7b5e05994dd3a962b9d48cb1ebf4 - - default default] Unable to schedule network ffd13574-1585-4a7d-adb8-0da392abb698: no agents available; will retry on subsequent port and subnet creation events.
2026-05-11 22:20:55.136 7 INFO neutron.db.ovn_revision_numbers_db [None req-76279931-0398-413e-942a-3edb8fe5b351 4bdff4667c2a41999078ea621789191d 50db7b5e05994dd3a962b9d48cb1ebf4 - - default default] Successfully bumped revision number for resource e4c30f5d-d049-402b-a779-08c62a48661f (type: subnets) to 0 [pid: 8|app: 0|req: 1166/2494] 10.0.0.205 () {32 vars in 774 bytes} [Mon May 11 22:20:54 2026] GET /v2.0/security-groups?tenant_id=1fd1c2cd708548899f57c63251c0220b&name=default => generated 2929 bytes in 337 msecs (HTTP/1.1 200) 4 headers in 158 bytes (1 switches on core 0) [pid: 7|app: 0|req: 1329/2495] 10.0.0.205 () {34 vars in 669 bytes} [Mon May 11 22:20:54 2026] POST /v2.0/subnets => generated 726 bytes in 220 msecs (HTTP/1.1 201) 4 headers in 162 bytes (1 switches on core 0)
2026-05-11 22:20:55.253 7 INFO neutron.db.segments_db [None req-6f86e520-334a-427c-a0d5-6a38547aa3cd 4bdff4667c2a41999078ea621789191d 50db7b5e05994dd3a962b9d48cb1ebf4 - - default default] Added segment 8df6d382-397b-4405-9ed1-d219427b019d of type geneve for network 83adc484-37f3-4168-82dd-0cbc18d4883d [pid: 8|app: 0|req: 1167/2496] 10.0.0.205 () {32 vars in 740 bytes} [Mon May 11 22:20:55 2026] DELETE /v2.0/security-groups/55f8079e-33aa-4037-af62-71628c62aca6 => generated 0 bytes in 229 msecs (HTTP/1.1 204) 2 headers in 112 bytes (1 switches on core 0)
2026-05-11 22:20:55.381 7 INFO neutron.db.ovn_revision_numbers_db [None req-6f86e520-334a-427c-a0d5-6a38547aa3cd 4bdff4667c2a41999078ea621789191d 50db7b5e05994dd3a962b9d48cb1ebf4 - - default default] Successfully bumped revision number for resource 83adc484-37f3-4168-82dd-0cbc18d4883d (type: networks) to 1
2026-05-11 22:20:55.554 7 WARNING neutron.scheduler.dhcp_agent_scheduler [None req-6f86e520-334a-427c-a0d5-6a38547aa3cd 4bdff4667c2a41999078ea621789191d 50db7b5e05994dd3a962b9d48cb1ebf4 - - default default] No more DHCP agents
2026-05-11 22:20:55.556 7 WARNING neutron.api.rpc.agentnotifiers.dhcp_rpc_agent_api [None req-6f86e520-334a-427c-a0d5-6a38547aa3cd 4bdff4667c2a41999078ea621789191d 50db7b5e05994dd3a962b9d48cb1ebf4 - - default default] Unable to schedule network 83adc484-37f3-4168-82dd-0cbc18d4883d: no agents available; will retry on subsequent port and subnet creation events.
2026-05-11 22:20:55.612 7 INFO neutron.plugins.ml2.drivers.ovn.mech_driver.mech_driver [None req-057d11df-0969-4c2b-aac0-de451fcf36c4 - - - - - -] OVN reports status down for port: 5439b5fc-b6c6-4882-bb03-12d20c345c02
2026-05-11 22:20:55.685 7 INFO neutron.db.ovn_revision_numbers_db [None req-6f86e520-334a-427c-a0d5-6a38547aa3cd 4bdff4667c2a41999078ea621789191d 50db7b5e05994dd3a962b9d48cb1ebf4 - - default default] Successfully bumped revision number for resource 5439b5fc-b6c6-4882-bb03-12d20c345c02 (type: ports) to 1 [pid: 7|app: 0|req: 1330/2497] 10.0.0.205 () {34 vars in 670 bytes} [Mon May 11 22:20:55 2026] POST /v2.0/networks => generated 675 bytes in 566 msecs (HTTP/1.1 201) 4 headers in 162 bytes (1 switches on core 0)
2026-05-11 22:20:55.912 8 WARNING neutron.scheduler.dhcp_agent_scheduler [None req-fb609651-fdee-4d8d-9f67-5114f88f88cb 4bdff4667c2a41999078ea621789191d 50db7b5e05994dd3a962b9d48cb1ebf4 - - default default] No more DHCP agents
2026-05-11 22:20:55.914 8 WARNING neutron.api.rpc.agentnotifiers.dhcp_rpc_agent_api [None req-fb609651-fdee-4d8d-9f67-5114f88f88cb 4bdff4667c2a41999078ea621789191d 50db7b5e05994dd3a962b9d48cb1ebf4 - - default default] Unable to schedule network 83adc484-37f3-4168-82dd-0cbc18d4883d: no agents available; will retry on subsequent port and subnet creation events.
2026-05-11 22:20:56.350 8 INFO neutron.db.ovn_revision_numbers_db [None req-c8764734-8772-40ad-811e-4649528b7e6b - - - - - -] Successfully bumped revision number for resource 5439b5fc-b6c6-4882-bb03-12d20c345c02 (type: ports) to 2
2026-05-11 22:20:56.383 8 INFO neutron.db.ovn_revision_numbers_db [None req-c8764734-8772-40ad-811e-4649528b7e6b - - - - - -] Successfully bumped revision number for resource 64be29fe-fc48-4959-a67e-7780b2f52a7e (type: subnets) to 0 [pid: 8|app: 0|req: 1168/2498] 10.0.0.205 () {34 vars in 669 bytes} [Mon May 11 22:20:55 2026] POST /v2.0/subnets => generated 654 bytes in 670 msecs (HTTP/1.1 201) 4 headers in 162 bytes (1 switches on core 0)
2026-05-11 22:20:56.604 7 WARNING neutron.scheduler.dhcp_agent_scheduler [None req-41c9fa74-5d5f-4bb0-a082-508fc0b17892 4bdff4667c2a41999078ea621789191d 50db7b5e05994dd3a962b9d48cb1ebf4 - - default default] No more DHCP agents
2026-05-11 22:20:56.605 7 WARNING neutron.api.rpc.agentnotifiers.dhcp_rpc_agent_api [None req-41c9fa74-5d5f-4bb0-a082-508fc0b17892 4bdff4667c2a41999078ea621789191d 50db7b5e05994dd3a962b9d48cb1ebf4 - - default default] Unable to schedule network 83adc484-37f3-4168-82dd-0cbc18d4883d: no agents available; will retry on subsequent port and subnet creation events.
2026-05-11 22:20:56.640 7 INFO neutron.db.ovn_revision_numbers_db [None req-41c9fa74-5d5f-4bb0-a082-508fc0b17892 4bdff4667c2a41999078ea621789191d 50db7b5e05994dd3a962b9d48cb1ebf4 - - default default] Successfully bumped revision number for resource bbc3fe09-e631-4984-b4e2-47fd9c8805b6 (type: subnets) to 0 [pid: 7|app: 0|req: 1331/2499] 10.0.0.205 () {34 vars in 669 bytes} [Mon May 11 22:20:56 2026] POST /v2.0/subnets => generated 730 bytes in 250 msecs (HTTP/1.1 201) 4 headers in 162 bytes (1 switches on core 0)
2026-05-11 22:20:57.060 8 WARNING neutron.scheduler.dhcp_agent_scheduler [None req-d61bdead-0e89-4d38-b327-35681ab47856 4bdff4667c2a41999078ea621789191d 50db7b5e05994dd3a962b9d48cb1ebf4 - - default default] No more DHCP agents
2026-05-11 22:20:57.061 8 WARNING neutron.api.rpc.agentnotifiers.dhcp_rpc_agent_api [None req-d61bdead-0e89-4d38-b327-35681ab47856 4bdff4667c2a41999078ea621789191d 50db7b5e05994dd3a962b9d48cb1ebf4 - - default default] Unable to schedule network 899d4bb9-cec5-4370-966f-fc2daf527d77: no agents available; will retry on subsequent port and subnet creation events.
2026-05-11 22:20:57.170 8 INFO neutron.plugins.ml2.drivers.ovn.mech_driver.mech_driver [None req-cfaf5787-847a-40a6-b204-94c43a787194 - - - - - -] OVN reports status down for port: 9e54f8ab-52f2-4778-8b2f-69dd2a98c018
2026-05-11 22:20:57.234 8 INFO neutron.db.ovn_revision_numbers_db [None req-d61bdead-0e89-4d38-b327-35681ab47856 4bdff4667c2a41999078ea621789191d 50db7b5e05994dd3a962b9d48cb1ebf4 - - default default] Successfully bumped revision number for resource 9e54f8ab-52f2-4778-8b2f-69dd2a98c018 (type: ports) to 1
2026-05-11 22:20:57.856 8 INFO neutron.plugins.ml2.drivers.ovn.mech_driver.ovsdb.commands [None req-0a1e7bf7-e830-46f4-85b4-b8340185b35f - - - - - -] Schedule LRP lrp-9e54f8ab-52f2-4778-8b2f-69dd2a98c018 on gateway 1931bcf7-5536-4dfc-90e6-4ca20b8ef2c7 with priority 1
2026-05-11 22:20:57.903 8 INFO neutron.plugins.ml2.drivers.ovn.mech_driver.ovsdb.ovsdb_monitor [None req-8fd09da5-6f43-4d40-9a7b-aa2ed67ecd2c - - - - - -] Router c85bb8da-fef3-4815-b5c0-3b1a91d537ef is bound to host instance
2026-05-11 22:20:57.956 8 INFO neutron.plugins.ml2.drivers.ovn.mech_driver.mech_driver [None req-cfaf5787-847a-40a6-b204-94c43a787194 - - - - - -] OVN reports status up for port: 9e54f8ab-52f2-4778-8b2f-69dd2a98c018
2026-05-11 22:20:58.006 8 INFO neutron.plugins.ml2.plugin [None req-cfaf5787-847a-40a6-b204-94c43a787194 - - - - - -] Attempt 1 to provision port 9e54f8ab-52f2-4778-8b2f-69dd2a98c018
2026-05-11 22:20:58.044 8 INFO neutron.db.ovn_revision_numbers_db [None req-d61bdead-0e89-4d38-b327-35681ab47856 4bdff4667c2a41999078ea621789191d 50db7b5e05994dd3a962b9d48cb1ebf4 - - default default] Successfully bumped revision number for resource 9e54f8ab-52f2-4778-8b2f-69dd2a98c018 (type: router_ports) to 1
2026-05-11 22:20:58.230 8 INFO neutron.db.ovn_revision_numbers_db [None req-d61bdead-0e89-4d38-b327-35681ab47856 4bdff4667c2a41999078ea621789191d 50db7b5e05994dd3a962b9d48cb1ebf4 - - default default] Successfully bumped revision number for resource c85bb8da-fef3-4815-b5c0-3b1a91d537ef (type: routers) to 2 [pid: 8|app: 0|req: 1169/2500] 10.0.0.205 () {34 vars in 669 bytes} [Mon May 11 22:20:56 2026] POST /v2.0/routers => generated 945 bytes in 1612 msecs (HTTP/1.1 201) 4 headers in 162 bytes (1 switches on core 0)
2026-05-11 22:20:58.358 7 INFO neutron.db.ovn_revision_numbers_db [None req-6f023ee9-a4ac-4135-8ba0-dcb265aadaeb d4f667f062054f81a670dede9373037b fd2370d1640f438c9c1963ea4d5cd9c6 - - default default] Successfully bumped revision number for resource 6a01baee-a640-406e-bf6b-cf951c24b9f1 (type: security_groups) to 1
2026-05-11 22:20:58.370 7 INFO neutron.db.ovn_revision_numbers_db [None req-6f023ee9-a4ac-4135-8ba0-dcb265aadaeb d4f667f062054f81a670dede9373037b fd2370d1640f438c9c1963ea4d5cd9c6 - - default default] Successfully bumped revision number for resource 1d05899e-ed38-4181-9436-adcbd569e269 (type: security_group_rules) to 0
2026-05-11 22:20:58.383 7 INFO neutron.db.ovn_revision_numbers_db [None req-6f023ee9-a4ac-4135-8ba0-dcb265aadaeb d4f667f062054f81a670dede9373037b fd2370d1640f438c9c1963ea4d5cd9c6 - - default default] Successfully bumped revision number for resource 8c0320d9-991a-4715-a4cd-aab3c201d54a (type: security_group_rules) to 0
2026-05-11 22:20:58.398 7 INFO neutron.db.ovn_revision_numbers_db [None req-6f023ee9-a4ac-4135-8ba0-dcb265aadaeb d4f667f062054f81a670dede9373037b fd2370d1640f438c9c1963ea4d5cd9c6 - - default default] Successfully bumped revision number for resource a4daf8a4-6f42-423f-ba30-263ca716d933 (type: security_group_rules) to 0
2026-05-11 22:20:58.412 7 INFO neutron.db.ovn_revision_numbers_db [None req-6f023ee9-a4ac-4135-8ba0-dcb265aadaeb d4f667f062054f81a670dede9373037b fd2370d1640f438c9c1963ea4d5cd9c6 - - default default] Successfully bumped revision number for resource deb26f9f-1676-4685-a9cd-a012e26198a5 (type: security_group_rules) to 0
2026-05-11 22:20:58.495 7 INFO neutron.db.segments_db [None req-6f023ee9-a4ac-4135-8ba0-dcb265aadaeb d4f667f062054f81a670dede9373037b fd2370d1640f438c9c1963ea4d5cd9c6 - - default default] Added segment 0a741ea1-7c9f-4856-a2de-bfa10b2d6b9d of type geneve for network 9fa4fed0-cfcc-494e-bc1a-752c915b3a9f
2026-05-11 22:20:58.628 7 INFO neutron.db.ovn_revision_numbers_db [None req-6f023ee9-a4ac-4135-8ba0-dcb265aadaeb d4f667f062054f81a670dede9373037b fd2370d1640f438c9c1963ea4d5cd9c6 - - default default] Successfully bumped revision number for resource 9fa4fed0-cfcc-494e-bc1a-752c915b3a9f (type: networks) to 1
2026-05-11 22:20:58.801 7 WARNING neutron.scheduler.dhcp_agent_scheduler [None req-6f023ee9-a4ac-4135-8ba0-dcb265aadaeb d4f667f062054f81a670dede9373037b fd2370d1640f438c9c1963ea4d5cd9c6 - - default default] No more DHCP agents
2026-05-11 22:20:58.803 7 WARNING neutron.api.rpc.agentnotifiers.dhcp_rpc_agent_api [None req-6f023ee9-a4ac-4135-8ba0-dcb265aadaeb d4f667f062054f81a670dede9373037b fd2370d1640f438c9c1963ea4d5cd9c6 - - default default] Unable to schedule network 9fa4fed0-cfcc-494e-bc1a-752c915b3a9f: no agents available; will retry on subsequent port and subnet creation events.
2026-05-11 22:20:58.861 7 INFO neutron.plugins.ml2.drivers.ovn.mech_driver.mech_driver [None req-057d11df-0969-4c2b-aac0-de451fcf36c4 - - - - - -] OVN reports status down for port: 7aafbb31-fd3b-474f-be12-b3851cbb963b
2026-05-11 22:20:58.920 7 INFO neutron.db.ovn_revision_numbers_db [None req-6f023ee9-a4ac-4135-8ba0-dcb265aadaeb d4f667f062054f81a670dede9373037b fd2370d1640f438c9c1963ea4d5cd9c6 - - default default] Successfully bumped revision number for resource 7aafbb31-fd3b-474f-be12-b3851cbb963b (type: ports) to 1 [pid: 7|app: 0|req: 1332/2501] 10.0.0.205 () {34 vars in 671 bytes} [Mon May 11 22:20:58 2026] POST /v2.0/networks => generated 671 bytes in 931 msecs (HTTP/1.1 201) 4 headers in 162 bytes (1 switches on core 0)
2026-05-11 22:20:59.294 8 WARNING neutron.scheduler.dhcp_agent_scheduler [None req-7776b942-021d-41b5-b9ea-54e3f183160f 4bdff4667c2a41999078ea621789191d 50db7b5e05994dd3a962b9d48cb1ebf4 - - default default] No more DHCP agents
2026-05-11 22:20:59.298 8 WARNING neutron.api.rpc.agentnotifiers.dhcp_rpc_agent_api [None req-7776b942-021d-41b5-b9ea-54e3f183160f 4bdff4667c2a41999078ea621789191d 50db7b5e05994dd3a962b9d48cb1ebf4 - - default default] Unable to schedule network 544bb1d3-21f8-4737-8ec4-f1228843f3ce: no agents available; will retry on subsequent port and subnet creation events.
2026-05-11 22:20:59.377 7 WARNING neutron.scheduler.dhcp_agent_scheduler [None req-a2586eae-0d85-4e0e-9822-635ec1c3a7ac d4f667f062054f81a670dede9373037b fd2370d1640f438c9c1963ea4d5cd9c6 - - default default] No more DHCP agents
2026-05-11 22:20:59.378 7 WARNING neutron.api.rpc.agentnotifiers.dhcp_rpc_agent_api [None req-a2586eae-0d85-4e0e-9822-635ec1c3a7ac d4f667f062054f81a670dede9373037b fd2370d1640f438c9c1963ea4d5cd9c6 - - default default] Unable to schedule network 899d4bb9-cec5-4370-966f-fc2daf527d77: no agents available; will retry on subsequent port and subnet creation events.
2026-05-11 22:20:59.477 7 INFO neutron.plugins.ml2.drivers.ovn.mech_driver.mech_driver [None req-057d11df-0969-4c2b-aac0-de451fcf36c4 - - - - - -] OVN reports status down for port: 43875d24-fe7c-483c-b636-53fb453e8d4e
2026-05-11 22:20:59.551 7 INFO neutron.db.ovn_revision_numbers_db [None req-a2586eae-0d85-4e0e-9822-635ec1c3a7ac d4f667f062054f81a670dede9373037b fd2370d1640f438c9c1963ea4d5cd9c6 - - default default] Successfully bumped revision number for resource 43875d24-fe7c-483c-b636-53fb453e8d4e (type: ports) to 1
2026-05-11 22:20:59.591 8 INFO neutron.db.ovn_revision_numbers_db [None req-7776b942-021d-41b5-b9ea-54e3f183160f 4bdff4667c2a41999078ea621789191d 50db7b5e05994dd3a962b9d48cb1ebf4 - - default default] Successfully bumped revision number for resource 520a808c-d432-4ffa-9b4b-9b44ffadf4f1 (type: ports) to 1
2026-05-11 22:20:59.631 8 INFO neutron.db.ovn_revision_numbers_db [None req-1d7a619a-fc88-459c-915a-a902b28f5e25 - - - - - -] Successfully bumped revision number for resource 9e54f8ab-52f2-4778-8b2f-69dd2a98c018 (type: ports) to 4
2026-05-11 22:20:59.644 7 INFO neutron.plugins.ml2.drivers.ovn.mech_driver.mech_driver [None req-057d11df-0969-4c2b-aac0-de451fcf36c4 - - - - - -] OVN reports status down for port: 520a808c-d432-4ffa-9b4b-9b44ffadf4f1
2026-05-11 22:21:00.258 7 INFO neutron.plugins.ml2.drivers.ovn.mech_driver.ovsdb.commands [None req-bf01bd5b-e69e-4c84-89d3-1eeb9ee30220 - - - - - -] Schedule LRP lrp-43875d24-fe7c-483c-b636-53fb453e8d4e on gateway 1931bcf7-5536-4dfc-90e6-4ca20b8ef2c7 with priority 1
2026-05-11 22:21:00.296 7 INFO neutron.plugins.ml2.drivers.ovn.mech_driver.mech_driver [None req-057d11df-0969-4c2b-aac0-de451fcf36c4 - - - - - -] OVN reports status up for port: 43875d24-fe7c-483c-b636-53fb453e8d4e
2026-05-11 22:21:00.320 7 INFO neutron.plugins.ml2.plugin [None req-057d11df-0969-4c2b-aac0-de451fcf36c4 - - - - - -] Attempt 1 to provision port 43875d24-fe7c-483c-b636-53fb453e8d4e
2026-05-11 22:21:00.355 7 INFO neutron.db.ovn_revision_numbers_db [None req-a2586eae-0d85-4e0e-9822-635ec1c3a7ac d4f667f062054f81a670dede9373037b fd2370d1640f438c9c1963ea4d5cd9c6 - - default default] Successfully bumped revision number for resource 43875d24-fe7c-483c-b636-53fb453e8d4e (type: router_ports) to 1
2026-05-11 22:21:00.380 8 INFO neutron.db.ovn_revision_numbers_db [None req-1d7a619a-fc88-459c-915a-a902b28f5e25 - - - - - -] Successfully bumped revision number for resource 9e54f8ab-52f2-4778-8b2f-69dd2a98c018 (type: ports) to 5
2026-05-11 22:21:00.462 7 INFO neutron.db.ovn_revision_numbers_db [None req-a2586eae-0d85-4e0e-9822-635ec1c3a7ac d4f667f062054f81a670dede9373037b fd2370d1640f438c9c1963ea4d5cd9c6 - - default default] Successfully bumped revision number for resource 3871f016-b644-4308-920c-b9224297327d (type: routers) to 2 [pid: 7|app: 0|req: 1333/2502] 10.0.0.205 () {34 vars in 669 bytes} [Mon May 11 22:20:58 2026] POST /v2.0/routers => generated 954 bytes in 1501 msecs (HTTP/1.1 201) 4 headers in 162 bytes (1 switches on core 0) [pid: 7|app: 0|req: 1334/2503] 10.0.0.205 () {32 vars in 776 bytes} [Mon May 11 22:21:00 2026] GET /v2.0/subnets?project_id=fd2370d1640f438c9c1963ea4d5cd9c6&cidr=10.100.0.0%2F28 => generated 14 bytes in 62 msecs (HTTP/1.1 200) 4 headers in 156 bytes (1 switches on core 0)
2026-05-11 22:21:00.568 8 INFO neutron.plugins.ml2.drivers.ovn.mech_driver.ovsdb.ovsdb_monitor [None req-1d7a619a-fc88-459c-915a-a902b28f5e25 - - - - - -] Router 3871f016-b644-4308-920c-b9224297327d is bound to host instance [pid: 7|app: 0|req: 1335/2504] 10.0.0.205 () {32 vars in 694 bytes} [Mon May 11 22:21:00 2026] GET /v2.0/networks?router%3Aexternal=True => generated 791 bytes in 52 msecs (HTTP/1.1 200) 4 headers in 157 bytes (1 switches on core 0) [pid: 7|app: 0|req: 1336/2505] 10.0.0.205 () {32 vars in 784 bytes} [Mon May 11 22:21:00 2026] GET /v2.0/subnets?network_id=899d4bb9-cec5-4370-966f-fc2daf527d77&cidr=10.100.0.0%2F28 => generated 14 bytes in 27 msecs (HTTP/1.1 200) 4 headers in 156 bytes (1 switches on core 0)
2026-05-11 22:21:00.827 7 WARNING neutron.scheduler.dhcp_agent_scheduler [None req-00198d4b-7b24-4d87-a121-21e4ec902165 d4f667f062054f81a670dede9373037b fd2370d1640f438c9c1963ea4d5cd9c6 - - default default] No more DHCP agents
2026-05-11 22:21:00.828 7 WARNING neutron.api.rpc.agentnotifiers.dhcp_rpc_agent_api [None req-00198d4b-7b24-4d87-a121-21e4ec902165 d4f667f062054f81a670dede9373037b fd2370d1640f438c9c1963ea4d5cd9c6 - - default default] Unable to schedule network 9fa4fed0-cfcc-494e-bc1a-752c915b3a9f: no agents available; will retry on subsequent port and subnet creation events.
2026-05-11 22:21:01.063 8 WARNING neutron.scheduler.dhcp_agent_scheduler [None req-7776b942-021d-41b5-b9ea-54e3f183160f 4bdff4667c2a41999078ea621789191d 50db7b5e05994dd3a962b9d48cb1ebf4 - - default default] No more DHCP agents
2026-05-11 22:21:01.066 8 WARNING neutron.api.rpc.agentnotifiers.dhcp_rpc_agent_api [None req-7776b942-021d-41b5-b9ea-54e3f183160f 4bdff4667c2a41999078ea621789191d 50db7b5e05994dd3a962b9d48cb1ebf4 - - default default] Unable to schedule network 544bb1d3-21f8-4737-8ec4-f1228843f3ce: no agents available; will retry on subsequent port and subnet creation events.
2026-05-11 22:21:01.300 7 INFO neutron.db.ovn_revision_numbers_db [None req-674b90ff-afcd-4c4a-a74a-c7839fbd9f80 - - - - - -] Successfully bumped revision number for resource 7aafbb31-fd3b-474f-be12-b3851cbb963b (type: ports) to 2
2026-05-11 22:21:01.332 7 INFO neutron.db.ovn_revision_numbers_db [None req-674b90ff-afcd-4c4a-a74a-c7839fbd9f80 - - - - - -] Successfully bumped revision number for resource 4410e691-b770-432a-b599-39050c0acb73 (type: subnets) to 0 [pid: 7|app: 0|req: 1337/2506] 10.0.0.205 () {34 vars in 669 bytes} [Mon May 11 22:21:00 2026] POST /v2.0/subnets => generated 657 bytes in 709 msecs (HTTP/1.1 201) 4 headers in 162 bytes (1 switches on core 0)
2026-05-11 22:21:01.708 8 INFO neutron.db.ovn_revision_numbers_db [None req-7776b942-021d-41b5-b9ea-54e3f183160f 4bdff4667c2a41999078ea621789191d 50db7b5e05994dd3a962b9d48cb1ebf4 - - default default] Successfully bumped revision number for resource 520a808c-d432-4ffa-9b4b-9b44ffadf4f1 (type: router_ports) to 1 [pid: 8|app: 0|req: 1170/2507] 10.0.0.205 () {34 vars in 783 bytes} [Mon May 11 22:20:58 2026] PUT /v2.0/routers/c85bb8da-fef3-4815-b5c0-3b1a91d537ef/add_router_interface => generated 309 bytes in 3444 msecs (HTTP/1.1 200) 4 headers in 157 bytes (1 switches on core 0)
2026-05-11 22:21:01.954 7 WARNING neutron.scheduler.dhcp_agent_scheduler [None req-6dc8bb6a-750c-47b5-ad1d-9fc071c91b18 d4f667f062054f81a670dede9373037b fd2370d1640f438c9c1963ea4d5cd9c6 - - default default] No more DHCP agents
2026-05-11 22:21:01.955 7 WARNING neutron.api.rpc.agentnotifiers.dhcp_rpc_agent_api [None req-6dc8bb6a-750c-47b5-ad1d-9fc071c91b18 d4f667f062054f81a670dede9373037b fd2370d1640f438c9c1963ea4d5cd9c6 - - default default] Unable to schedule network 9fa4fed0-cfcc-494e-bc1a-752c915b3a9f: no agents available; will retry on subsequent port and subnet creation events.
2026-05-11 22:21:02.117 7 INFO neutron.db.ovn_revision_numbers_db [None req-6dc8bb6a-750c-47b5-ad1d-9fc071c91b18 d4f667f062054f81a670dede9373037b fd2370d1640f438c9c1963ea4d5cd9c6 - - default default] Successfully bumped revision number for resource a39980df-90d6-4869-b89f-d428f0f4cf19 (type: ports) to 1
2026-05-11 22:21:02.123 8 INFO neutron.db.ovn_revision_numbers_db [None req-a844cfd2-4512-4a9e-ace5-f219afa66827 - - - - - -] Successfully bumped revision number for resource 43875d24-fe7c-483c-b636-53fb453e8d4e (type: ports) to 4
2026-05-11 22:21:02.746 7 INFO neutron.plugins.ml2.drivers.ovn.mech_driver.mech_driver [None req-057d11df-0969-4c2b-aac0-de451fcf36c4 - - - - - -] OVN reports status up for port: 520a808c-d432-4ffa-9b4b-9b44ffadf4f1
2026-05-11 22:21:02.765 8 INFO neutron.db.ovn_revision_numbers_db [None req-a844cfd2-4512-4a9e-ace5-f219afa66827 - - - - - -] Successfully bumped revision number for resource 43875d24-fe7c-483c-b636-53fb453e8d4e (type: ports) to 5
2026-05-11 22:21:02.770 8 WARNING neutron.scheduler.dhcp_agent_scheduler [None req-fb5f197a-6c4c-4a99-a3b5-df62c097e179 4bdff4667c2a41999078ea621789191d 50db7b5e05994dd3a962b9d48cb1ebf4 - - default default] No more DHCP agents
2026-05-11 22:21:02.771 7 INFO neutron.plugins.ml2.plugin [None req-057d11df-0969-4c2b-aac0-de451fcf36c4 - - - - - -] Attempt 1 to provision port 520a808c-d432-4ffa-9b4b-9b44ffadf4f1
2026-05-11 22:21:02.773 8 WARNING neutron.api.rpc.agentnotifiers.dhcp_rpc_agent_api [None req-fb5f197a-6c4c-4a99-a3b5-df62c097e179 4bdff4667c2a41999078ea621789191d 50db7b5e05994dd3a962b9d48cb1ebf4 - - default default] Unable to schedule network ffd13574-1585-4a7d-adb8-0da392abb698: no agents available; will retry on subsequent port and subnet creation events.
2026-05-11 22:21:02.886 7 WARNING neutron.scheduler.dhcp_agent_scheduler [None req-6dc8bb6a-750c-47b5-ad1d-9fc071c91b18 d4f667f062054f81a670dede9373037b fd2370d1640f438c9c1963ea4d5cd9c6 - - default default] No more DHCP agents
2026-05-11 22:21:02.889 7 WARNING neutron.api.rpc.agentnotifiers.dhcp_rpc_agent_api [None req-6dc8bb6a-750c-47b5-ad1d-9fc071c91b18 d4f667f062054f81a670dede9373037b fd2370d1640f438c9c1963ea4d5cd9c6 - - default default] Unable to schedule network 9fa4fed0-cfcc-494e-bc1a-752c915b3a9f: no agents available; will retry on subsequent port and subnet creation events.
2026-05-11 22:21:02.955 8 INFO neutron.db.ovn_revision_numbers_db [None req-fb5f197a-6c4c-4a99-a3b5-df62c097e179 4bdff4667c2a41999078ea621789191d 50db7b5e05994dd3a962b9d48cb1ebf4 - - default default] Successfully bumped revision number for resource f085b69c-6687-4a20-a1cd-ff6e3d706cb3 (type: ports) to 1
2026-05-11 22:21:03.593 7 INFO neutron.db.ovn_revision_numbers_db [None req-057d11df-0969-4c2b-aac0-de451fcf36c4 - - - - - -] Successfully bumped revision number for resource 520a808c-d432-4ffa-9b4b-9b44ffadf4f1 (type: ports) to 2
2026-05-11 22:21:03.643 8 WARNING neutron.scheduler.dhcp_agent_scheduler [None req-fb5f197a-6c4c-4a99-a3b5-df62c097e179 4bdff4667c2a41999078ea621789191d 50db7b5e05994dd3a962b9d48cb1ebf4 - - default default] No more DHCP agents
2026-05-11 22:21:03.645 8 WARNING neutron.api.rpc.agentnotifiers.dhcp_rpc_agent_api [None req-fb5f197a-6c4c-4a99-a3b5-df62c097e179 4bdff4667c2a41999078ea621789191d 50db7b5e05994dd3a962b9d48cb1ebf4 - - default default] Unable to schedule network ffd13574-1585-4a7d-adb8-0da392abb698: no agents available; will retry on subsequent port and subnet creation events.
2026-05-11 22:21:03.755 7 INFO neutron.db.ovn_revision_numbers_db [None req-6dc8bb6a-750c-47b5-ad1d-9fc071c91b18 d4f667f062054f81a670dede9373037b fd2370d1640f438c9c1963ea4d5cd9c6 - - default default] Successfully bumped revision number for resource a39980df-90d6-4869-b89f-d428f0f4cf19 (type: router_ports) to 1 [pid: 7|app: 0|req: 1338/2508] 10.0.0.205 () {34 vars in 783 bytes} [Mon May 11 22:21:01 2026] PUT /v2.0/routers/3871f016-b644-4308-920c-b9224297327d/add_router_interface => generated 309 bytes in 2405 msecs (HTTP/1.1 200) 4 headers in 157 bytes (1 switches on core 0) [pid: 7|app: 0|req: 1339/2509] 10.0.0.205 () {32 vars in 649 bytes} [Mon May 11 22:21:03 2026] GET /v2.0/networks => generated 5555 bytes in 68 msecs (HTTP/1.1 200) 4 headers in 158 bytes (1 switches on core 0) [pid: 7|app: 0|req: 1340/2510] 10.0.0.205 () {32 vars in 647 bytes} [Mon May 11 22:21:03 2026] GET /v2.0/subnets => generated 6175 bytes in 57 msecs (HTTP/1.1 200) 4 headers in 158 bytes (1 switches on core 0)
