2026-05-11 22:17:45.015 7 INFO neutron.services.segments.plugin [-] Segment 42a5d73a-c304-4850-b881-58431ead2c48 resource provider not found; error: Placement Client Error (4xx): {"errors": [{"status": 404, "title": "Not Found", "detail": "The resource could not be found.\n\n No resource provider with uuid 42a5d73a-c304-4850-b881-58431ead2c48 found for delete ", "request_id": "req-b1aeeea1-509b-4cc2-a409-8d4697152596"}]}
2026-05-11 22:17:45.018 7 INFO neutron.services.segments.plugin [-] Segment 42a5d73a-c304-4850-b881-58431ead2c48 resource provider not found; error: Placement Client Error (4xx): {"errors": [{"status": 404, "title": "Not Found", "detail": "The resource could not be found.\n\n No resource provider with uuid 42a5d73a-c304-4850-b881-58431ead2c48 found for delete ", "request_id": "req-02078d09-1bc3-4c26-9c75-8347ced723c7"}]}
2026-05-11 22:17:45.029 8 INFO neutron.db.ovn_revision_numbers_db [None req-25e1e550-d0a7-458f-a6dd-c8f3f0a4967d 4dda28483f3d4b1fb3ba2e05ef9f4177 282a0032d7394a2a96c52def65dba362 - - default default] Successfully bumped revision number for resource 41d4c0c0-cff8-43e3-8105-5d7de43cfa3b (type: security_group_rules) to 0
2026-05-11 22:17:45.042 8 INFO neutron.db.ovn_revision_numbers_db [None req-25e1e550-d0a7-458f-a6dd-c8f3f0a4967d 4dda28483f3d4b1fb3ba2e05ef9f4177 282a0032d7394a2a96c52def65dba362 - - default default] Successfully bumped revision number for resource 5dca0e00-4f47-4c49-a414-586cc1d26e61 (type: security_group_rules) to 0 [pid: 7|app: 0|req: 716/1294] 10.0.0.205 () {32 vars in 726 bytes} [Mon May 11 22:17:44 2026] DELETE /v2.0/networks/1d5ed0e8-499b-4078-b482-4de49c4a0108 => generated 0 bytes in 370 msecs (HTTP/1.1 204) 3 headers in 131 bytes (1 switches on core 0)
2026-05-11 22:17:45.056 8 INFO neutron.db.ovn_revision_numbers_db [None req-25e1e550-d0a7-458f-a6dd-c8f3f0a4967d 4dda28483f3d4b1fb3ba2e05ef9f4177 282a0032d7394a2a96c52def65dba362 - - default default] Successfully bumped revision number for resource 61bff630-c761-40a8-86ae-fc10eb2390d1 (type: security_group_rules) to 0
2026-05-11 22:17:45.070 8 INFO neutron.db.ovn_revision_numbers_db [None req-25e1e550-d0a7-458f-a6dd-c8f3f0a4967d 4dda28483f3d4b1fb3ba2e05ef9f4177 282a0032d7394a2a96c52def65dba362 - - default default] Successfully bumped revision number for resource 7d94f100-4d3f-48a8-bde3-6992bf8343af (type: security_group_rules) to 0 [pid: 7|app: 0|req: 717/1295] 10.0.0.20 () {34 vars in 989 bytes} [Mon May 11 22:17:45 2026] GET /v2.0/ports?device_id=ea534b75-9b90-42e9-9c98-faa2e66d3aec => generated 973 bytes in 53 msecs (HTTP/1.1 200) 4 headers in 157 bytes (1 switches on core 0) [pid: 7|app: 0|req: 718/1296] 199.204.45.242 () {34 vars in 1080 bytes} [Mon May 11 22:17:45 2026] GET /v2.0/ports?tenant_id=baac199b6890410c98f9d45611faa492&device_id=ea534b75-9b90-42e9-9c98-faa2e66d3aec => generated 1211 bytes in 29 msecs (HTTP/1.1 200) 4 headers in 158 bytes (1 switches on core 0) [pid: 7|app: 0|req: 719/1297] 10.0.0.20 () {34 vars in 1039 bytes} [Mon May 11 22:17:45 2026] GET /v2.0/security-groups?id=9b53380e-4fe9-415b-9319-143a4b33a64c&fields=id&fields=name => generated 113 bytes in 39 msecs (HTTP/1.1 200) 4 headers in 157 bytes (1 switches on core 0)
2026-05-11 22:17:45.181 8 INFO neutron.db.segments_db [None req-25e1e550-d0a7-458f-a6dd-c8f3f0a4967d 4dda28483f3d4b1fb3ba2e05ef9f4177 282a0032d7394a2a96c52def65dba362 - - default default] Added segment cc2f71b6-f704-4c62-957e-b199692a4a45 of type geneve for network cfdb8cab-fd8e-482c-b89b-0389b5ce163b [pid: 7|app: 0|req: 720/1298] 199.204.45.242 () {34 vars in 1018 bytes} [Mon May 11 22:17:45 2026] GET /v2.0/networks?tenant_id=baac199b6890410c98f9d45611faa492&shared=False => generated 811 bytes in 45 msecs (HTTP/1.1 200) 4 headers in 157 bytes (1 switches on core 0)
2026-05-11 22:17:45.291 8 INFO neutron.db.segments_db [None req-25e1e550-d0a7-458f-a6dd-c8f3f0a4967d 4dda28483f3d4b1fb3ba2e05ef9f4177 282a0032d7394a2a96c52def65dba362 - - default default] Added segment 5ef1c458-055c-402a-81e5-20229056ad99 of type geneve for network d0d990f8-cb6d-4947-89b7-94e4ce412b6c
2026-05-11 22:17:45.397 8 INFO neutron.db.ovn_revision_numbers_db [None req-25e1e550-d0a7-458f-a6dd-c8f3f0a4967d 4dda28483f3d4b1fb3ba2e05ef9f4177 282a0032d7394a2a96c52def65dba362 - - default default] Successfully bumped revision number for resource cfdb8cab-fd8e-482c-b89b-0389b5ce163b (type: networks) to 1
2026-05-11 22:17:45.582 8 WARNING neutron.scheduler.dhcp_agent_scheduler [None req-25e1e550-d0a7-458f-a6dd-c8f3f0a4967d 4dda28483f3d4b1fb3ba2e05ef9f4177 282a0032d7394a2a96c52def65dba362 - - default default] No more DHCP agents
2026-05-11 22:17:45.583 8 WARNING neutron.api.rpc.agentnotifiers.dhcp_rpc_agent_api [None req-25e1e550-d0a7-458f-a6dd-c8f3f0a4967d 4dda28483f3d4b1fb3ba2e05ef9f4177 282a0032d7394a2a96c52def65dba362 - - default default] Unable to schedule network cfdb8cab-fd8e-482c-b89b-0389b5ce163b: no agents available; will retry on subsequent port and subnet creation events.
2026-05-11 22:17:45.659 8 INFO neutron.db.ovn_revision_numbers_db [None req-25e1e550-d0a7-458f-a6dd-c8f3f0a4967d 4dda28483f3d4b1fb3ba2e05ef9f4177 282a0032d7394a2a96c52def65dba362 - - default default] Successfully bumped revision number for resource 7b548594-b94a-4f54-841a-16798b8d7f21 (type: ports) to 1
2026-05-11 22:17:45.730 8 INFO neutron.db.ovn_revision_numbers_db [None req-25e1e550-d0a7-458f-a6dd-c8f3f0a4967d 4dda28483f3d4b1fb3ba2e05ef9f4177 282a0032d7394a2a96c52def65dba362 - - default default] Successfully bumped revision number for resource d0d990f8-cb6d-4947-89b7-94e4ce412b6c (type: networks) to 1
2026-05-11 22:17:45.847 7 INFO neutron.plugins.ml2.drivers.ovn.mech_driver.mech_driver [None req-79913ec2-d7d6-466b-83f7-1843027d2533 - - - - - -] OVN reports status down for port: 7b548594-b94a-4f54-841a-16798b8d7f21
2026-05-11 22:17:45.905 8 WARNING neutron.scheduler.dhcp_agent_scheduler [None req-25e1e550-d0a7-458f-a6dd-c8f3f0a4967d 4dda28483f3d4b1fb3ba2e05ef9f4177 282a0032d7394a2a96c52def65dba362 - - default default] No more DHCP agents
2026-05-11 22:17:45.906 8 WARNING neutron.api.rpc.agentnotifiers.dhcp_rpc_agent_api [None req-25e1e550-d0a7-458f-a6dd-c8f3f0a4967d 4dda28483f3d4b1fb3ba2e05ef9f4177 282a0032d7394a2a96c52def65dba362 - - default default] Unable to schedule network d0d990f8-cb6d-4947-89b7-94e4ce412b6c: no agents available; will retry on subsequent port and subnet creation events. [pid: 7|app: 0|req: 721/1299] 199.204.45.242 () {34 vars in 930 bytes} [Mon May 11 22:17:45 2026] GET /v2.0/networks?shared=True => generated 791 bytes in 687 msecs (HTTP/1.1 200) 4 headers in 157 bytes (1 switches on core 0)
2026-05-11 22:17:45.989 7 INFO neutron.plugins.ml2.drivers.ovn.mech_driver.mech_driver [None req-79913ec2-d7d6-466b-83f7-1843027d2533 - - - - - -] OVN reports status down for port: 2e90eb56-f163-4bb0-a2e2-0db36dba82a8
2026-05-11 22:17:45.997 8 INFO neutron.db.ovn_revision_numbers_db [None req-25e1e550-d0a7-458f-a6dd-c8f3f0a4967d 4dda28483f3d4b1fb3ba2e05ef9f4177 282a0032d7394a2a96c52def65dba362 - - default default] Successfully bumped revision number for resource 2e90eb56-f163-4bb0-a2e2-0db36dba82a8 (type: ports) to 1 [pid: 8|app: 0|req: 579/1300] 10.0.0.205 () {34 vars in 670 bytes} [Mon May 11 22:17:44 2026] POST /v2.0/networks => generated 1321 bytes in 1309 msecs (HTTP/1.1 201) 4 headers in 163 bytes (1 switches on core 0) [pid: 7|app: 0|req: 722/1301] 10.0.0.205 () {32 vars in 740 bytes} [Mon May 11 22:17:45 2026] DELETE /v2.0/security-groups/9a330aae-ed35-4a8d-a637-256c631c9a8c => generated 0 bytes in 207 msecs (HTTP/1.1 204) 2 headers in 112 bytes (1 switches on core 0) [pid: 8|app: 0|req: 580/1302] 10.0.0.205 () {32 vars in 774 bytes} [Mon May 11 22:17:46 2026] GET /v2.0/security-groups?tenant_id=5d01bd8be5b84c04815ddfde3ebbc7ec&name=default => generated 2925 bytes in 118 msecs (HTTP/1.1 200) 4 headers in 158 bytes (1 switches on core 0)
2026-05-11 22:17:46.146 8 INFO neutron.api.v2.resource [None req-2e9a6ba2-7faf-4486-995a-91baeb4559cd 9dcbeb6e992f400fb0cdfb0c86448dd3 7422f7fa008845889574b3cf8449ba1b - - default default] show failed (client error): The resource could not be found. [pid: 8|app: 0|req: 581/1303] 10.0.0.205 () {32 vars in 737 bytes} [Mon May 11 22:17:46 2026] GET /v2.0/security-groups/9a330aae-ed35-4a8d-a637-256c631c9a8c => generated 146 bytes in 8 msecs (HTTP/1.1 404) 4 headers in 164 bytes (1 switches on core 0) [pid: 7|app: 0|req: 723/1304] 10.0.0.205 () {32 vars in 649 bytes} [Mon May 11 22:17:46 2026] GET /v2.0/networks => generated 1970 bytes in 62 msecs (HTTP/1.1 200) 4 headers in 158 bytes (1 switches on core 0)
2026-05-11 22:17:46.280 7 INFO neutron_taas.services.taas.taas_plugin [None req-180bc8a9-1417-45bb-9354-a595ab3d9036 9dcbeb6e992f400fb0cdfb0c86448dd3 7422f7fa008845889574b3cf8449ba1b - - default default] TaaS: Handle Delete Port: 0ff289e3-be75-41c0-84b7-59c37c26fbbf
2026-05-11 22:17:46.282 7 INFO neutron_taas.services.taas.tap_mirror_plugin [None req-180bc8a9-1417-45bb-9354-a595ab3d9036 9dcbeb6e992f400fb0cdfb0c86448dd3 7422f7fa008845889574b3cf8449ba1b - - default default] Tap Mirror: Handle Delete Port: 0ff289e3-be75-41c0-84b7-59c37c26fbbf [pid: 8|app: 0|req: 582/1305] 10.0.0.205 () {32 vars in 740 bytes} [Mon May 11 22:17:46 2026] DELETE /v2.0/security-groups/26fb3b29-4ebf-4bdd-927f-1b1871aff593 => generated 0 bytes in 200 msecs (HTTP/1.1 204) 2 headers in 112 bytes (1 switches on core 0) [pid: 7|app: 0|req: 724/1306] 10.0.0.205 () {32 vars in 732 bytes} [Mon May 11 22:17:46 2026] DELETE /v2.0/floatingips/31a104f1-e1ec-429f-8b81-dd8c60d7c917 => generated 0 bytes in 234 msecs (HTTP/1.1 204) 2 headers in 112 bytes (1 switches on core 0) [pid: 7|app: 0|req: 725/1307] 10.0.0.20 () {34 vars in 989 bytes} [Mon May 11 22:17:46 2026] GET /v2.0/ports?device_id=ea534b75-9b90-42e9-9c98-faa2e66d3aec => generated 973 bytes in 33 msecs (HTTP/1.1 200) 4 headers in 157 bytes (1 switches on core 0)
2026-05-11 22:17:46.451 8 INFO neutron_taas.services.taas.taas_plugin [None req-b36e7496-64ba-41e8-853b-bb49426436ea 4dda28483f3d4b1fb3ba2e05ef9f4177 282a0032d7394a2a96c52def65dba362 - - default default] TaaS: Handle Delete Port: 7b548594-b94a-4f54-841a-16798b8d7f21
2026-05-11 22:17:46.454 8 INFO neutron_taas.services.taas.tap_mirror_plugin [None req-b36e7496-64ba-41e8-853b-bb49426436ea 4dda28483f3d4b1fb3ba2e05ef9f4177 282a0032d7394a2a96c52def65dba362 - - default default] Tap Mirror: Handle Delete Port: 7b548594-b94a-4f54-841a-16798b8d7f21
2026-05-11 22:17:46.646 8 INFO neutron.services.segments.plugin [-] Segment cc2f71b6-f704-4c62-957e-b199692a4a45 resource provider aggregate not found
2026-05-11 22:17:46.653 8 INFO neutron.services.segments.plugin [-] Segment cc2f71b6-f704-4c62-957e-b199692a4a45 resource provider aggregate not found
2026-05-11 22:17:46.668 8 INFO neutron.services.segments.plugin [-] Segment cc2f71b6-f704-4c62-957e-b199692a4a45 resource provider not found; error: Placement Client Error (4xx): {"errors": [{"status": 404, "title": "Not Found", "detail": "The resource could not be found.\n\n No resource provider with uuid cc2f71b6-f704-4c62-957e-b199692a4a45 found for delete ", "request_id": "req-fb411a6d-bed2-4255-b8bc-47e19d549890"}]}
2026-05-11 22:17:46.678 8 INFO neutron.services.segments.plugin [-] Segment cc2f71b6-f704-4c62-957e-b199692a4a45 resource provider not found; error: Placement Client Error (4xx): {"errors": [{"status": 404, "title": "Not Found", "detail": "The resource could not be found.\n\n No resource provider with uuid cc2f71b6-f704-4c62-957e-b199692a4a45 found for delete ", "request_id": "req-fd84f555-9c52-4886-a9e6-368cca16896b"}]} [pid: 8|app: 0|req: 583/1308] 10.0.0.205 () {32 vars in 726 bytes} [Mon May 11 22:17:46 2026] DELETE /v2.0/networks/cfdb8cab-fd8e-482c-b89b-0389b5ce163b => generated 0 bytes in 338 msecs (HTTP/1.1 204) 3 headers in 131 bytes (1 switches on core 0) [pid: 8|app: 0|req: 584/1309] 10.0.0.20 () {34 vars in 1039 bytes} [Mon May 11 22:17:46 2026] GET /v2.0/security-groups?id=9b53380e-4fe9-415b-9319-143a4b33a64c&fields=id&fields=name => generated 113 bytes in 25 msecs (HTTP/1.1 200) 4 headers in 157 bytes (1 switches on core 0)
2026-05-11 22:17:46.738 7 INFO neutron_taas.services.taas.taas_plugin [None req-baef5249-6c77-404e-baa6-3156a4f159e4 13a75f8aa2a14f8f8b4344483f8a8cb0 fdb288f6b9394553868b5c20442b0e26 - - default default] TaaS: Handle Delete Port: 696d915e-7f11-45f9-b7ad-1ac8a5240f4d
2026-05-11 22:17:46.741 7 INFO neutron_taas.services.taas.tap_mirror_plugin [None req-baef5249-6c77-404e-baa6-3156a4f159e4 13a75f8aa2a14f8f8b4344483f8a8cb0 fdb288f6b9394553868b5c20442b0e26 - - default default] Tap Mirror: Handle Delete Port: 696d915e-7f11-45f9-b7ad-1ac8a5240f4d
2026-05-11 22:17:46.836 8 INFO neutron_taas.services.taas.taas_plugin [None req-5579b6fc-ff70-4cd2-830e-72db8dccafa8 4dda28483f3d4b1fb3ba2e05ef9f4177 282a0032d7394a2a96c52def65dba362 - - default default] TaaS: Handle Delete Port: 2e90eb56-f163-4bb0-a2e2-0db36dba82a8
2026-05-11 22:17:46.839 8 INFO neutron_taas.services.taas.tap_mirror_plugin [None req-5579b6fc-ff70-4cd2-830e-72db8dccafa8 4dda28483f3d4b1fb3ba2e05ef9f4177 282a0032d7394a2a96c52def65dba362 - - default default] Tap Mirror: Handle Delete Port: 2e90eb56-f163-4bb0-a2e2-0db36dba82a8 [pid: 8|app: 0|req: 585/1310] 10.0.0.205 () {32 vars in 726 bytes} [Mon May 11 22:17:46 2026] DELETE /v2.0/networks/d0d990f8-cb6d-4947-89b7-94e4ce412b6c => generated 0 bytes in 358 msecs (HTTP/1.1 204) 3 headers in 131 bytes (1 switches on core 0) [pid: 8|app: 0|req: 586/1311] 199.204.45.242 () {34 vars in 1080 bytes} [Mon May 11 22:17:47 2026] GET /v2.0/ports?tenant_id=baac199b6890410c98f9d45611faa492&device_id=ea534b75-9b90-42e9-9c98-faa2e66d3aec => generated 1211 bytes in 34 msecs (HTTP/1.1 200) 4 headers in 158 bytes (1 switches on core 0) [pid: 8|app: 0|req: 587/1312] 10.0.0.205 () {32 vars in 649 bytes} [Mon May 11 22:17:47 2026] GET /v2.0/networks => generated 689 bytes in 45 msecs (HTTP/1.1 200) 4 headers in 157 bytes (1 switches on core 0) [pid: 8|app: 0|req: 588/1313] 199.204.45.242 () {34 vars in 1060 bytes} [Mon May 11 22:17:47 2026] GET /v2.0/floatingips?fixed_ip_address=10.100.0.14&port_id=ddce5ab2-3817-45b2-9318-986f5a903322 => generated 19 bytes in 18 msecs (HTTP/1.1 200) 4 headers in 156 bytes (1 switches on core 0)
2026-05-11 22:17:47.253 8 INFO neutron.db.segments_db [None req-bfb091e7-cf21-4b26-a7a0-b410d00ab643 4dda28483f3d4b1fb3ba2e05ef9f4177 282a0032d7394a2a96c52def65dba362 - - default default] Added segment 7a4644d8-f401-4ee5-87a4-fea0fcd6a43e of type geneve for network 1d736d67-9b0e-4e3c-a50c-b95cadca8d7c
2026-05-11 22:17:47.372 8 INFO neutron.db.ovn_revision_numbers_db [None req-bfb091e7-cf21-4b26-a7a0-b410d00ab643 4dda28483f3d4b1fb3ba2e05ef9f4177 282a0032d7394a2a96c52def65dba362 - - default default] Successfully bumped revision number for resource 1d736d67-9b0e-4e3c-a50c-b95cadca8d7c (type: networks) to 1 [pid: 7|app: 0|req: 726/1314] 10.0.0.205 () {34 vars in 789 bytes} [Mon May 11 22:17:46 2026] PUT /v2.0/routers/046c5070-7d18-4ee4-8c69-44e0a8585563/remove_router_interface => generated 309 bytes in 946 msecs (HTTP/1.1 200) 4 headers in 157 bytes (1 switches on core 0) /var/lib/openstack/lib/python3.12/site-packages/pycadf/identifier.py:70: UserWarning: Invalid uuid: neutron. To ensure interoperability, identifiers should be a valid uuid. warnings.warn(('Invalid uuid: %s. To ensure interoperability, ' [pid: 7|app: 0|req: 727/1315] 199.204.45.242 () {34 vars in 984 bytes} [Mon May 11 22:17:47 2026] GET /v2.0/subnets?id=e82adcfe-3f0d-4d7b-aa80-6449280ca30b => generated 693 bytes in 37 msecs (HTTP/1.1 200) 4 headers in 157 bytes (1 switches on core 0)
2026-05-11 22:17:47.537 8 WARNING neutron.scheduler.dhcp_agent_scheduler [None req-bfb091e7-cf21-4b26-a7a0-b410d00ab643 4dda28483f3d4b1fb3ba2e05ef9f4177 282a0032d7394a2a96c52def65dba362 - - default default] No more DHCP agents
2026-05-11 22:17:47.539 8 WARNING neutron.api.rpc.agentnotifiers.dhcp_rpc_agent_api [None req-bfb091e7-cf21-4b26-a7a0-b410d00ab643 4dda28483f3d4b1fb3ba2e05ef9f4177 282a0032d7394a2a96c52def65dba362 - - default default] Unable to schedule network 1d736d67-9b0e-4e3c-a50c-b95cadca8d7c: no agents available; will retry on subsequent port and subnet creation events.
2026-05-11 22:17:47.613 7 INFO neutron.plugins.ml2.drivers.ovn.mech_driver.mech_driver [None req-79913ec2-d7d6-466b-83f7-1843027d2533 - - - - - -] OVN reports status down for port: 38f4e498-d4cd-4bef-b4df-4be29600b099
2026-05-11 22:17:47.622 8 INFO neutron.db.ovn_revision_numbers_db [None req-bfb091e7-cf21-4b26-a7a0-b410d00ab643 4dda28483f3d4b1fb3ba2e05ef9f4177 282a0032d7394a2a96c52def65dba362 - - default default] Successfully bumped revision number for resource 38f4e498-d4cd-4bef-b4df-4be29600b099 (type: ports) to 1 [pid: 8|app: 0|req: 589/1316] 10.0.0.205 () {34 vars in 670 bytes} [Mon May 11 22:17:47 2026] POST /v2.0/networks => generated 691 bytes in 476 msecs (HTTP/1.1 201) 4 headers in 162 bytes (1 switches on core 0) [pid: 8|app: 0|req: 590/1317] 199.204.45.242 () {34 vars in 1052 bytes} [Mon May 11 22:17:47 2026] GET /v2.0/ports?network_id=cfb337bb-244e-4777-973d-2dc2ffdb9152&device_owner=network%3Adhcp => generated 12 bytes in 20 msecs (HTTP/1.1 200) 4 headers in 156 bytes (1 switches on core 0)
2026-05-11 22:17:47.747 8 INFO neutron.db.segments_db [None req-3e44ed70-62ff-4f8d-96ac-1d3438f17831 4dda28483f3d4b1fb3ba2e05ef9f4177 282a0032d7394a2a96c52def65dba362 - - default default] Added segment 5f458fc7-2dc8-4fa3-bf87-c614eb11ef99 of type geneve for network adf1e94e-2010-4f72-a8e4-d7cfad1bf702
2026-05-11 22:17:47.806 7 INFO neutron_taas.services.taas.taas_plugin [None req-44a2f7e3-7510-4bfa-b8ab-16721fa70bea 13a75f8aa2a14f8f8b4344483f8a8cb0 fdb288f6b9394553868b5c20442b0e26 - - default default] TaaS: Handle Delete Port: 615d77ee-8058-485c-9577-2c4977b50cf5
2026-05-11 22:17:47.809 7 INFO neutron_taas.services.taas.tap_mirror_plugin [None req-44a2f7e3-7510-4bfa-b8ab-16721fa70bea 13a75f8aa2a14f8f8b4344483f8a8cb0 fdb288f6b9394553868b5c20442b0e26 - - default default] Tap Mirror: Handle Delete Port: 615d77ee-8058-485c-9577-2c4977b50cf5
2026-05-11 22:17:47.854 8 INFO neutron.db.ovn_revision_numbers_db [None req-3e44ed70-62ff-4f8d-96ac-1d3438f17831 4dda28483f3d4b1fb3ba2e05ef9f4177 282a0032d7394a2a96c52def65dba362 - - default default] Successfully bumped revision number for resource adf1e94e-2010-4f72-a8e4-d7cfad1bf702 (type: networks) to 1
2026-05-11 22:17:48.034 8 WARNING neutron.scheduler.dhcp_agent_scheduler [None req-3e44ed70-62ff-4f8d-96ac-1d3438f17831 4dda28483f3d4b1fb3ba2e05ef9f4177 282a0032d7394a2a96c52def65dba362 - - default default] No more DHCP agents
2026-05-11 22:17:48.036 8 WARNING neutron.api.rpc.agentnotifiers.dhcp_rpc_agent_api [None req-3e44ed70-62ff-4f8d-96ac-1d3438f17831 4dda28483f3d4b1fb3ba2e05ef9f4177 282a0032d7394a2a96c52def65dba362 - - default default] Unable to schedule network adf1e94e-2010-4f72-a8e4-d7cfad1bf702: no agents available; will retry on subsequent port and subnet creation events.
2026-05-11 22:17:48.091 8 INFO neutron.plugins.ml2.drivers.ovn.mech_driver.mech_driver [None req-2303fd43-a238-4e43-a94a-9d4d3f231db8 - - - - - -] OVN reports status down for port: 5587792f-ceb7-4470-a28e-555d575fcb52
2026-05-11 22:17:48.146 8 INFO neutron.db.ovn_revision_numbers_db [None req-3e44ed70-62ff-4f8d-96ac-1d3438f17831 4dda28483f3d4b1fb3ba2e05ef9f4177 282a0032d7394a2a96c52def65dba362 - - default default] Successfully bumped revision number for resource 5587792f-ceb7-4470-a28e-555d575fcb52 (type: ports) to 1 [pid: 8|app: 0|req: 591/1318] 10.0.0.205 () {34 vars in 670 bytes} [Mon May 11 22:17:47 2026] POST /v2.0/networks => generated 692 bytes in 514 msecs (HTTP/1.1 201) 4 headers in 162 bytes (1 switches on core 0) [pid: 7|app: 0|req: 728/1319] 10.0.0.205 () {32 vars in 724 bytes} [Mon May 11 22:17:47 2026] DELETE /v2.0/routers/046c5070-7d18-4ee4-8c69-44e0a8585563 => generated 0 bytes in 796 msecs (HTTP/1.1 204) 2 headers in 112 bytes (1 switches on core 0) [pid: 8|app: 0|req: 592/1320] 199.204.45.242 () {34 vars in 1012 bytes} [Mon May 11 22:17:48 2026] GET /v2.0/networks/cfb337bb-244e-4777-973d-2dc2ffdb9152?fields=segments => generated 14 bytes in 60 msecs (HTTP/1.1 200) 4 headers in 156 bytes (1 switches on core 0) [pid: 7|app: 0|req: 729/1321] 10.0.0.20 () {34 vars in 989 bytes} [Mon May 11 22:17:48 2026] GET /v2.0/ports?device_id=ea534b75-9b90-42e9-9c98-faa2e66d3aec => generated 973 bytes in 38 msecs (HTTP/1.1 200) 4 headers in 157 bytes (1 switches on core 0)
2026-05-11 22:17:48.513 8 INFO neutron.db.ovn_revision_numbers_db [None req-33496ea7-aae2-4299-af12-4f172509b1c4 22fb18aaeaae4d4ca19baa243886ce01 625367e73bf4496eaee655483fbd20ba - - default default] Successfully bumped revision number for resource 5feed044-d1e0-4757-8626-127e331f23ac (type: security_groups) to 1
2026-05-11 22:17:48.524 8 INFO neutron.db.ovn_revision_numbers_db [None req-33496ea7-aae2-4299-af12-4f172509b1c4 22fb18aaeaae4d4ca19baa243886ce01 625367e73bf4496eaee655483fbd20ba - - default default] Successfully bumped revision number for resource 34542919-d090-47fa-b8fe-6283a6035298 (type: security_group_rules) to 0
2026-05-11 22:17:48.533 8 INFO neutron.db.ovn_revision_numbers_db [None req-33496ea7-aae2-4299-af12-4f172509b1c4 22fb18aaeaae4d4ca19baa243886ce01 625367e73bf4496eaee655483fbd20ba - - default default] Successfully bumped revision number for resource 63ef9e6f-5c3a-45b6-8ae8-f792e5328bf3 (type: security_group_rules) to 0
2026-05-11 22:17:48.543 8 INFO neutron.db.ovn_revision_numbers_db [None req-33496ea7-aae2-4299-af12-4f172509b1c4 22fb18aaeaae4d4ca19baa243886ce01 625367e73bf4496eaee655483fbd20ba - - default default] Successfully bumped revision number for resource a94a7308-5c97-48c6-87c0-68959dfe8e36 (type: security_group_rules) to 0
2026-05-11 22:17:48.555 8 INFO neutron.db.ovn_revision_numbers_db [None req-33496ea7-aae2-4299-af12-4f172509b1c4 22fb18aaeaae4d4ca19baa243886ce01 625367e73bf4496eaee655483fbd20ba - - default default] Successfully bumped revision number for resource f26c1545-bceb-4774-9267-2aa9af75175c (type: security_group_rules) to 0
2026-05-11 22:17:48.642 8 INFO neutron.db.segments_db [None req-33496ea7-aae2-4299-af12-4f172509b1c4 22fb18aaeaae4d4ca19baa243886ce01 625367e73bf4496eaee655483fbd20ba - - default default] Added segment 84a6bec9-f903-48ce-944d-5bfe50dca1c3 of type geneve for network f56ac821-191d-4d98-b221-35a7d0cb50fc
2026-05-11 22:17:48.666 7 WARNING neutron.scheduler.dhcp_agent_scheduler [None req-3704a9d2-aea7-4233-ad7d-dc9d58a0d3cd 4dda28483f3d4b1fb3ba2e05ef9f4177 282a0032d7394a2a96c52def65dba362 - - default default] No more DHCP agents
2026-05-11 22:17:48.667 7 WARNING neutron.api.rpc.agentnotifiers.dhcp_rpc_agent_api [None req-3704a9d2-aea7-4233-ad7d-dc9d58a0d3cd 4dda28483f3d4b1fb3ba2e05ef9f4177 282a0032d7394a2a96c52def65dba362 - - default default] Unable to schedule network 1d736d67-9b0e-4e3c-a50c-b95cadca8d7c: no agents available; will retry on subsequent port and subnet creation events.
2026-05-11 22:17:48.690 8 INFO neutron.services.segments.plugin [-] Segment 5ef1c458-055c-402a-81e5-20229056ad99 resource provider aggregate not found
2026-05-11 22:17:48.700 8 INFO neutron.services.segments.plugin [-] Segment 5ef1c458-055c-402a-81e5-20229056ad99 resource provider aggregate not found
2026-05-11 22:17:48.712 8 INFO neutron.services.segments.plugin [-] Segment 5ef1c458-055c-402a-81e5-20229056ad99 resource provider not found; error: Placement Client Error (4xx): {"errors": [{"status": 404, "title": "Not Found", "detail": "The resource could not be found.\n\n No resource provider with uuid 5ef1c458-055c-402a-81e5-20229056ad99 found for delete ", "request_id": "req-218456fd-48c1-4292-af89-5b5b66b40b59"}]}
2026-05-11 22:17:48.729 8 INFO neutron.services.segments.plugin [-] Segment 5ef1c458-055c-402a-81e5-20229056ad99 resource provider not found; error: Placement Client Error (4xx): {"errors": [{"status": 404, "title": "Not Found", "detail": "The resource could not be found.\n\n No resource provider with uuid 5ef1c458-055c-402a-81e5-20229056ad99 found for delete ", "request_id": "req-f4215d8d-ed89-4789-bf05-78b30356cb0d"}]}
2026-05-11 22:17:48.758 8 INFO neutron.plugins.ml2.drivers.ovn.mech_driver.mech_driver [None req-2303fd43-a238-4e43-a94a-9d4d3f231db8 - - - - - -] OVN reports status down for port: 189eb4ae-29ac-40fd-ae1e-cce028b7cff9
2026-05-11 22:17:48.760 7 INFO neutron.db.ovn_revision_numbers_db [None req-3704a9d2-aea7-4233-ad7d-dc9d58a0d3cd 4dda28483f3d4b1fb3ba2e05ef9f4177 282a0032d7394a2a96c52def65dba362 - - default default] Successfully bumped revision number for resource 189eb4ae-29ac-40fd-ae1e-cce028b7cff9 (type: ports) to 1
2026-05-11 22:17:48.801 7 WARNING neutron.scheduler.dhcp_agent_scheduler [None req-3704a9d2-aea7-4233-ad7d-dc9d58a0d3cd 4dda28483f3d4b1fb3ba2e05ef9f4177 282a0032d7394a2a96c52def65dba362 - - default default] No more DHCP agents
2026-05-11 22:17:48.803 7 WARNING neutron.api.rpc.agentnotifiers.dhcp_rpc_agent_api [None req-3704a9d2-aea7-4233-ad7d-dc9d58a0d3cd 4dda28483f3d4b1fb3ba2e05ef9f4177 282a0032d7394a2a96c52def65dba362 - - default default] Unable to schedule network adf1e94e-2010-4f72-a8e4-d7cfad1bf702: no agents available; will retry on subsequent port and subnet creation events.
2026-05-11 22:17:48.828 8 INFO neutron.db.ovn_revision_numbers_db [None req-33496ea7-aae2-4299-af12-4f172509b1c4 22fb18aaeaae4d4ca19baa243886ce01 625367e73bf4496eaee655483fbd20ba - - default default] Successfully bumped revision number for resource f56ac821-191d-4d98-b221-35a7d0cb50fc (type: networks) to 1
2026-05-11 22:17:48.906 7 INFO neutron.db.ovn_revision_numbers_db [None req-3704a9d2-aea7-4233-ad7d-dc9d58a0d3cd 4dda28483f3d4b1fb3ba2e05ef9f4177 282a0032d7394a2a96c52def65dba362 - - default default] Successfully bumped revision number for resource 7fe85772-591a-41d9-a297-ea5f2bd872c8 (type: ports) to 1
2026-05-11 22:17:48.918 8 INFO neutron.plugins.ml2.drivers.ovn.mech_driver.mech_driver [None req-2303fd43-a238-4e43-a94a-9d4d3f231db8 - - - - - -] OVN reports status down for port: 7fe85772-591a-41d9-a297-ea5f2bd872c8 [pid: 7|app: 0|req: 730/1322] 10.0.0.205 () {34 vars in 665 bytes} [Mon May 11 22:17:48 2026] POST /v2.0/ports => generated 1506 bytes in 711 msecs (HTTP/1.1 201) 4 headers in 163 bytes (1 switches on core 0) /var/lib/openstack/lib/python3.12/site-packages/pycadf/identifier.py:70: UserWarning: Invalid uuid: neutron. To ensure interoperability, identifiers should be a valid uuid. warnings.warn(('Invalid uuid: %s. To ensure interoperability, '
2026-05-11 22:17:49.111 8 WARNING neutron.scheduler.dhcp_agent_scheduler [None req-33496ea7-aae2-4299-af12-4f172509b1c4 22fb18aaeaae4d4ca19baa243886ce01 625367e73bf4496eaee655483fbd20ba - - default default] No more DHCP agents
2026-05-11 22:17:49.113 8 WARNING neutron.api.rpc.agentnotifiers.dhcp_rpc_agent_api [None req-33496ea7-aae2-4299-af12-4f172509b1c4 22fb18aaeaae4d4ca19baa243886ce01 625367e73bf4496eaee655483fbd20ba - - default default] Unable to schedule network f56ac821-191d-4d98-b221-35a7d0cb50fc: no agents available; will retry on subsequent port and subnet creation events. [pid: 7|app: 0|req: 731/1323] 10.0.0.205 () {32 vars in 724 bytes} [Mon May 11 22:17:48 2026] DELETE /v2.0/subnets/e9b83fdc-5ef9-46aa-b1a0-60577e8e105f => generated 0 bytes in 148 msecs (HTTP/1.1 204) 3 headers in 131 bytes (1 switches on core 0)
2026-05-11 22:17:49.165 7 INFO neutron.plugins.ml2.drivers.ovn.mech_driver.mech_driver [None req-79913ec2-d7d6-466b-83f7-1843027d2533 - - - - - -] OVN reports status down for port: 5f39d3f6-cc0e-4e74-8461-440b076b13d1
2026-05-11 22:17:49.195 8 INFO neutron.db.ovn_revision_numbers_db [None req-33496ea7-aae2-4299-af12-4f172509b1c4 22fb18aaeaae4d4ca19baa243886ce01 625367e73bf4496eaee655483fbd20ba - - default default] Successfully bumped revision number for resource 5f39d3f6-cc0e-4e74-8461-440b076b13d1 (type: ports) to 1 [pid: 7|app: 0|req: 732/1324] 199.204.45.242 () {34 vars in 1112 bytes} [Mon May 11 22:17:49 2026] GET /v2.0/networks/cfb337bb-244e-4777-973d-2dc2ffdb9152?fields=provider%3Aphysical_network&fields=provider%3Anetwork_type => generated 79 bytes in 76 msecs (HTTP/1.1 200) 4 headers in 156 bytes (1 switches on core 0) [pid: 8|app: 0|req: 593/1325] 10.0.0.205 () {34 vars in 670 bytes} [Mon May 11 22:17:48 2026] POST /v2.0/networks => generated 683 bytes in 973 msecs (HTTP/1.1 201) 4 headers in 162 bytes (1 switches on core 0) [pid: 7|app: 0|req: 733/1326] 10.0.0.20 () {34 vars in 1039 bytes} [Mon May 11 22:17:49 2026] GET /v2.0/security-groups?id=9b53380e-4fe9-415b-9319-143a4b33a64c&fields=id&fields=name => generated 113 bytes in 62 msecs (HTTP/1.1 200) 4 headers in 157 bytes (1 switches on core 0) [pid: 8|app: 0|req: 594/1327] 10.0.0.205 () {32 vars in 643 bytes} [Mon May 11 22:17:49 2026] GET /v2.0/ports => generated 3018 bytes in 116 msecs (HTTP/1.1 200) 4 headers in 158 bytes (1 switches on core 0)
2026-05-11 22:17:49.382 7 INFO neutron_taas.services.taas.taas_plugin [None req-f146c129-4039-4f97-9242-da7777ba8259 13a75f8aa2a14f8f8b4344483f8a8cb0 fdb288f6b9394553868b5c20442b0e26 - - default default] TaaS: Handle Delete Port: c22487f1-3e33-4e4c-b474-1833754d43c2
2026-05-11 22:17:49.385 7 INFO neutron_taas.services.taas.tap_mirror_plugin [None req-f146c129-4039-4f97-9242-da7777ba8259 13a75f8aa2a14f8f8b4344483f8a8cb0 fdb288f6b9394553868b5c20442b0e26 - - default default] Tap Mirror: Handle Delete Port: c22487f1-3e33-4e4c-b474-1833754d43c2
2026-05-11 22:17:49.544 8 WARNING neutron.scheduler.dhcp_agent_scheduler [None req-f98fbbf4-16fb-486b-bc48-f75db35eb655 22fb18aaeaae4d4ca19baa243886ce01 625367e73bf4496eaee655483fbd20ba - - default default] No more DHCP agents
2026-05-11 22:17:49.545 8 WARNING neutron.api.rpc.agentnotifiers.dhcp_rpc_agent_api [None req-f98fbbf4-16fb-486b-bc48-f75db35eb655 22fb18aaeaae4d4ca19baa243886ce01 625367e73bf4496eaee655483fbd20ba - - default default] Unable to schedule network f56ac821-191d-4d98-b221-35a7d0cb50fc: no agents available; will retry on subsequent port and subnet creation events.
2026-05-11 22:17:49.560 7 INFO neutron.services.segments.plugin [-] Segment 4b9605fe-51a9-4a00-bb6d-4bfea1fa1c09 resource provider aggregate not found
2026-05-11 22:17:49.569 7 INFO neutron.services.segments.plugin [-] Segment 4b9605fe-51a9-4a00-bb6d-4bfea1fa1c09 resource provider aggregate not found
2026-05-11 22:17:49.586 7 INFO neutron.services.segments.plugin [-] Segment 4b9605fe-51a9-4a00-bb6d-4bfea1fa1c09 resource provider not found; error: Placement Client Error (4xx): {"errors": [{"status": 404, "title": "Not Found", "detail": "The resource could not be found.\n\n No resource provider with uuid 4b9605fe-51a9-4a00-bb6d-4bfea1fa1c09 found for delete ", "request_id": "req-729bd4f6-1898-4a31-8b87-bc4a04f79e74"}]}
2026-05-11 22:17:49.599 7 INFO neutron.services.segments.plugin [-] Segment 4b9605fe-51a9-4a00-bb6d-4bfea1fa1c09 resource provider not found; error: Placement Client Error (4xx): {"errors": [{"status": 404, "title": "Not Found", "detail": "The resource could not be found.\n\n No resource provider with uuid 4b9605fe-51a9-4a00-bb6d-4bfea1fa1c09 found for delete ", "request_id": "req-ccf48ca9-f1ed-457b-871f-c6d7e9372a4f"}]}
2026-05-11 22:17:49.600 7 INFO neutron.plugins.ml2.drivers.ovn.mech_driver.mech_driver [None req-79913ec2-d7d6-466b-83f7-1843027d2533 - - - - - -] OVN reports status down for port: 235b2c39-5bbf-48bf-a77b-205c492365ce
2026-05-11 22:17:49.629 8 INFO neutron.db.ovn_revision_numbers_db [None req-f98fbbf4-16fb-486b-bc48-f75db35eb655 22fb18aaeaae4d4ca19baa243886ce01 625367e73bf4496eaee655483fbd20ba - - default default] Successfully bumped revision number for resource 235b2c39-5bbf-48bf-a77b-205c492365ce (type: ports) to 1 [pid: 7|app: 0|req: 734/1328] 10.0.0.205 () {32 vars in 726 bytes} [Mon May 11 22:17:49 2026] DELETE /v2.0/networks/55ea55b8-53c6-4ae3-ab98-2d93173f54db => generated 0 bytes in 400 msecs (HTTP/1.1 204) 3 headers in 131 bytes (1 switches on core 0) [pid: 8|app: 0|req: 595/1329] 10.0.0.205 () {34 vars in 665 bytes} [Mon May 11 22:17:49 2026] POST /v2.0/ports => generated 775 bytes in 341 msecs (HTTP/1.1 201) 4 headers in 162 bytes (1 switches on core 0) /var/lib/openstack/lib/python3.12/site-packages/pycadf/identifier.py:70: UserWarning: Invalid uuid: neutron. To ensure interoperability, identifiers should be a valid uuid. warnings.warn(('Invalid uuid: %s. To ensure interoperability, '
2026-05-11 22:17:49.754 8 INFO neutron.db.segments_db [None req-7a86435f-368e-413e-bbc7-284751239da0 22fb18aaeaae4d4ca19baa243886ce01 625367e73bf4496eaee655483fbd20ba - - default default] Added segment bf042b49-a2d2-452c-8a25-e7fa9a0064dd of type geneve for network 17733b58-d154-4a43-b47c-2acfa9c35a63
2026-05-11 22:17:49.799 7 INFO neutron_taas.services.taas.taas_plugin [None req-daddcdc4-68d3-4877-b78f-03bc64eb4833 4dda28483f3d4b1fb3ba2e05ef9f4177 282a0032d7394a2a96c52def65dba362 - - default default] TaaS: Handle Delete Port: 189eb4ae-29ac-40fd-ae1e-cce028b7cff9
2026-05-11 22:17:49.802 7 INFO neutron_taas.services.taas.tap_mirror_plugin [None req-daddcdc4-68d3-4877-b78f-03bc64eb4833 4dda28483f3d4b1fb3ba2e05ef9f4177 282a0032d7394a2a96c52def65dba362 - - default default] Tap Mirror: Handle Delete Port: 189eb4ae-29ac-40fd-ae1e-cce028b7cff9
2026-05-11 22:17:49.837 8 INFO neutron.db.ovn_revision_numbers_db [None req-7a86435f-368e-413e-bbc7-284751239da0 22fb18aaeaae4d4ca19baa243886ce01 625367e73bf4496eaee655483fbd20ba - - default default] Successfully bumped revision number for resource 17733b58-d154-4a43-b47c-2acfa9c35a63 (type: networks) to 1 [pid: 7|app: 0|req: 735/1330] 10.0.0.205 () {32 vars in 720 bytes} [Mon May 11 22:17:49 2026] DELETE /v2.0/ports/189eb4ae-29ac-40fd-ae1e-cce028b7cff9 => generated 0 bytes in 280 msecs (HTTP/1.1 204) 3 headers in 131 bytes (1 switches on core 0) [pid: 7|app: 0|req: 736/1331] 10.0.0.205 () {32 vars in 774 bytes} [Mon May 11 22:17:49 2026] GET /v2.0/security-groups?tenant_id=7422f7fa008845889574b3cf8449ba1b&name=default => generated 2925 bytes in 31 msecs (HTTP/1.1 200) 4 headers in 158 bytes (1 switches on core 0)
2026-05-11 22:17:49.993 8 WARNING neutron.scheduler.dhcp_agent_scheduler [None req-7a86435f-368e-413e-bbc7-284751239da0 22fb18aaeaae4d4ca19baa243886ce01 625367e73bf4496eaee655483fbd20ba - - default default] No more DHCP agents
2026-05-11 22:17:49.994 8 WARNING neutron.api.rpc.agentnotifiers.dhcp_rpc_agent_api [None req-7a86435f-368e-413e-bbc7-284751239da0 22fb18aaeaae4d4ca19baa243886ce01 625367e73bf4496eaee655483fbd20ba - - default default] Unable to schedule network 17733b58-d154-4a43-b47c-2acfa9c35a63: no agents available; will retry on subsequent port and subnet creation events.
2026-05-11 22:17:50.041 8 INFO neutron.plugins.ml2.drivers.ovn.mech_driver.mech_driver [None req-2303fd43-a238-4e43-a94a-9d4d3f231db8 - - - - - -] OVN reports status down for port: b17f07a6-cbff-4d76-b2df-82ec0ace6d35
2026-05-11 22:17:50.087 8 INFO neutron.db.ovn_revision_numbers_db [None req-7a86435f-368e-413e-bbc7-284751239da0 22fb18aaeaae4d4ca19baa243886ce01 625367e73bf4496eaee655483fbd20ba - - default default] Successfully bumped revision number for resource b17f07a6-cbff-4d76-b2df-82ec0ace6d35 (type: ports) to 1 [pid: 8|app: 0|req: 596/1332] 10.0.0.205 () {34 vars in 670 bytes} [Mon May 11 22:17:49 2026] POST /v2.0/networks => generated 670 bytes in 443 msecs (HTTP/1.1 201) 4 headers in 162 bytes (1 switches on core 0)
2026-05-11 22:17:50.128 7 INFO neutron_taas.services.taas.taas_plugin [None req-2bdf2310-f8c9-4f70-87fa-b8a9381c96bc 4dda28483f3d4b1fb3ba2e05ef9f4177 282a0032d7394a2a96c52def65dba362 - - default default] TaaS: Handle Delete Port: 7fe85772-591a-41d9-a297-ea5f2bd872c8
2026-05-11 22:17:50.131 7 INFO neutron_taas.services.taas.tap_mirror_plugin [None req-2bdf2310-f8c9-4f70-87fa-b8a9381c96bc 4dda28483f3d4b1fb3ba2e05ef9f4177 282a0032d7394a2a96c52def65dba362 - - default default] Tap Mirror: Handle Delete Port: 7fe85772-591a-41d9-a297-ea5f2bd872c8 [pid: 7|app: 0|req: 737/1333] 10.0.0.205 () {32 vars in 720 bytes} [Mon May 11 22:17:49 2026] DELETE /v2.0/ports/7fe85772-591a-41d9-a297-ea5f2bd872c8 => generated 0 bytes in 296 msecs (HTTP/1.1 204) 3 headers in 131 bytes (1 switches on core 0) [pid: 8|app: 0|req: 597/1334] 10.0.0.205 () {32 vars in 740 bytes} [Mon May 11 22:17:50 2026] DELETE /v2.0/security-groups/b94f7c97-d714-4ad3-a5d4-cf7bf4e8edc5 => generated 0 bytes in 246 msecs (HTTP/1.1 204) 2 headers in 112 bytes (1 switches on core 0) [pid: 8|app: 0|req: 598/1335] 10.0.0.205 () {32 vars in 643 bytes} [Mon May 11 22:17:50 2026] GET /v2.0/ports => generated 1523 bytes in 37 msecs (HTTP/1.1 200) 4 headers in 158 bytes (1 switches on core 0)
2026-05-11 22:17:50.458 7 WARNING neutron.scheduler.dhcp_agent_scheduler [None req-a70369e2-8a93-4f4e-84d3-e298cf6b2edd 22fb18aaeaae4d4ca19baa243886ce01 625367e73bf4496eaee655483fbd20ba - - default default] No more DHCP agents
2026-05-11 22:17:50.459 7 WARNING neutron.api.rpc.agentnotifiers.dhcp_rpc_agent_api [None req-a70369e2-8a93-4f4e-84d3-e298cf6b2edd 22fb18aaeaae4d4ca19baa243886ce01 625367e73bf4496eaee655483fbd20ba - - default default] Unable to schedule network 17733b58-d154-4a43-b47c-2acfa9c35a63: no agents available; will retry on subsequent port and subnet creation events. [pid: 8|app: 0|req: 599/1336] 10.0.0.20 () {34 vars in 989 bytes} [Mon May 11 22:17:50 2026] GET /v2.0/ports?device_id=ea534b75-9b90-42e9-9c98-faa2e66d3aec => generated 973 bytes in 65 msecs (HTTP/1.1 200) 4 headers in 157 bytes (1 switches on core 0)
2026-05-11 22:17:50.557 8 INFO neutron.db.segments_db [None req-a7c1f7c8-da2d-48fe-a8f1-f852846b6aa9 4dda28483f3d4b1fb3ba2e05ef9f4177 282a0032d7394a2a96c52def65dba362 - - default default] Added segment 6f8421bf-da0e-4566-82be-411e6fce12c6 of type geneve for network 6f702bea-99a3-45ee-8d38-756d41497678
2026-05-11 22:17:50.658 8 INFO neutron.db.ovn_revision_numbers_db [None req-a7c1f7c8-da2d-48fe-a8f1-f852846b6aa9 4dda28483f3d4b1fb3ba2e05ef9f4177 282a0032d7394a2a96c52def65dba362 - - default default] Successfully bumped revision number for resource 6f702bea-99a3-45ee-8d38-756d41497678 (type: networks) to 1
2026-05-11 22:17:50.815 8 WARNING neutron.scheduler.dhcp_agent_scheduler [None req-a7c1f7c8-da2d-48fe-a8f1-f852846b6aa9 4dda28483f3d4b1fb3ba2e05ef9f4177 282a0032d7394a2a96c52def65dba362 - - default default] No more DHCP agents
2026-05-11 22:17:50.817 8 WARNING neutron.api.rpc.agentnotifiers.dhcp_rpc_agent_api [None req-a7c1f7c8-da2d-48fe-a8f1-f852846b6aa9 4dda28483f3d4b1fb3ba2e05ef9f4177 282a0032d7394a2a96c52def65dba362 - - default default] Unable to schedule network 6f702bea-99a3-45ee-8d38-756d41497678: no agents available; will retry on subsequent port and subnet creation events.
2026-05-11 22:17:50.864 7 INFO neutron.plugins.ml2.drivers.ovn.mech_driver.mech_driver [None req-79913ec2-d7d6-466b-83f7-1843027d2533 - - - - - -] OVN reports status down for port: 33ac1d21-fca6-46b9-ad86-77eaba47c0b4
2026-05-11 22:17:50.893 8 INFO neutron.db.ovn_revision_numbers_db [None req-a7c1f7c8-da2d-48fe-a8f1-f852846b6aa9 4dda28483f3d4b1fb3ba2e05ef9f4177 282a0032d7394a2a96c52def65dba362 - - default default] Successfully bumped revision number for resource 33ac1d21-fca6-46b9-ad86-77eaba47c0b4 (type: ports) to 1 [pid: 8|app: 0|req: 600/1337] 10.0.0.205 () {34 vars in 670 bytes} [Mon May 11 22:17:50 2026] POST /v2.0/networks => generated 691 bytes in 440 msecs (HTTP/1.1 201) 4 headers in 162 bytes (1 switches on core 0)
2026-05-11 22:17:50.924 7 INFO neutron.db.ovn_revision_numbers_db [None req-f93b9c62-c487-47bd-bad8-5b33ca23bfa3 - - - - - -] Successfully bumped revision number for resource b17f07a6-cbff-4d76-b2df-82ec0ace6d35 (type: ports) to 2 [pid: 8|app: 0|req: 603/1340] 10.0.0.20 () {34 vars in 1039 bytes} [Mon May 11 22:17:50 2026] GET /v2.0/security-groups?id=9b53380e-4fe9-415b-9319-143a4b33a64c&fields=id&fields=name => generated 113 bytes in 33 msecs (HTTP/1.1 200) 4 headers in 157 bytes (1 switches on core 0)
2026-05-11 22:17:50.981 7 INFO neutron.db.ovn_revision_numbers_db [None req-f93b9c62-c487-47bd-bad8-5b33ca23bfa3 - - - - - -] Successfully bumped revision number for resource b932af3a-66df-49c6-9bfd-1fab1b70bdee (type: subnets) to 0
2026-05-11 22:17:51.022 8 INFO neutron.db.segments_db [None req-7b2f5eca-6410-4552-92db-882766c3c8f4 4dda28483f3d4b1fb3ba2e05ef9f4177 282a0032d7394a2a96c52def65dba362 - - default default] Added segment 3cf04d83-8c91-4a55-8365-f4c5ef8612db of type geneve for network 342f2b16-781d-4570-a09e-6bb3489ed7d7 [pid: 7|app: 0|req: 738/1341] 10.0.0.205 () {34 vars in 669 bytes} [Mon May 11 22:17:50 2026] POST /v2.0/subnets => generated 626 bytes in 750 msecs (HTTP/1.1 201) 4 headers in 162 bytes (1 switches on core 0)
2026-05-11 22:17:51.117 8 INFO neutron.db.ovn_revision_numbers_db [None req-7b2f5eca-6410-4552-92db-882766c3c8f4 4dda28483f3d4b1fb3ba2e05ef9f4177 282a0032d7394a2a96c52def65dba362 - - default default] Successfully bumped revision number for resource 342f2b16-781d-4570-a09e-6bb3489ed7d7 (type: networks) to 1
2026-05-11 22:17:51.255 8 WARNING neutron.scheduler.dhcp_agent_scheduler [None req-7b2f5eca-6410-4552-92db-882766c3c8f4 4dda28483f3d4b1fb3ba2e05ef9f4177 282a0032d7394a2a96c52def65dba362 - - default default] No more DHCP agents
2026-05-11 22:17:51.257 8 WARNING neutron.api.rpc.agentnotifiers.dhcp_rpc_agent_api [None req-7b2f5eca-6410-4552-92db-882766c3c8f4 4dda28483f3d4b1fb3ba2e05ef9f4177 282a0032d7394a2a96c52def65dba362 - - default default] Unable to schedule network 342f2b16-781d-4570-a09e-6bb3489ed7d7: no agents available; will retry on subsequent port and subnet creation events.
2026-05-11 22:17:51.310 7 WARNING neutron.scheduler.dhcp_agent_scheduler [None req-17663f93-8b0b-476e-b2c9-978f19ed528c 22fb18aaeaae4d4ca19baa243886ce01 625367e73bf4496eaee655483fbd20ba - - default default] No more DHCP agents
2026-05-11 22:17:51.311 7 WARNING neutron.api.rpc.agentnotifiers.dhcp_rpc_agent_api [None req-17663f93-8b0b-476e-b2c9-978f19ed528c 22fb18aaeaae4d4ca19baa243886ce01 625367e73bf4496eaee655483fbd20ba - - default default] Unable to schedule network 17733b58-d154-4a43-b47c-2acfa9c35a63: no agents available; will retry on subsequent port and subnet creation events.
2026-05-11 22:17:51.318 8 INFO neutron.plugins.ml2.drivers.ovn.mech_driver.mech_driver [None req-2303fd43-a238-4e43-a94a-9d4d3f231db8 - - - - - -] OVN reports status down for port: 06a2061d-6834-4215-836a-70b5ce2b9c46
2026-05-11 22:17:51.380 8 INFO neutron.db.ovn_revision_numbers_db [None req-7b2f5eca-6410-4552-92db-882766c3c8f4 4dda28483f3d4b1fb3ba2e05ef9f4177 282a0032d7394a2a96c52def65dba362 - - default default] Successfully bumped revision number for resource 06a2061d-6834-4215-836a-70b5ce2b9c46 (type: ports) to 1 [pid: 8|app: 0|req: 604/1342] 10.0.0.205 () {34 vars in 670 bytes} [Mon May 11 22:17:50 2026] POST /v2.0/networks => generated 691 bytes in 481 msecs (HTTP/1.1 201) 4 headers in 162 bytes (1 switches on core 0)
2026-05-11 22:17:51.449 7 INFO neutron.plugins.ml2.drivers.ovn.mech_driver.mech_driver [None req-79913ec2-d7d6-466b-83f7-1843027d2533 - - - - - -] OVN reports status down for port: 6159fdf5-1615-40de-ae4e-0d5cb06f9b44
2026-05-11 22:17:51.518 7 INFO neutron.db.ovn_revision_numbers_db [None req-17663f93-8b0b-476e-b2c9-978f19ed528c 22fb18aaeaae4d4ca19baa243886ce01 625367e73bf4496eaee655483fbd20ba - - default default] Successfully bumped revision number for resource 6159fdf5-1615-40de-ae4e-0d5cb06f9b44 (type: ports) to 1 [pid: 7|app: 0|req: 739/1343] 10.0.0.205 () {34 vars in 665 bytes} [Mon May 11 22:17:51 2026] POST /v2.0/ports => generated 948 bytes in 532 msecs (HTTP/1.1 201) 4 headers in 162 bytes (1 switches on core 0)
2026-05-11 22:17:51.736 8 INFO neutron_taas.services.taas.taas_plugin [None req-dbbe9ddf-f339-4730-941a-5ef54fa80351 22fb18aaeaae4d4ca19baa243886ce01 625367e73bf4496eaee655483fbd20ba - - default default] TaaS: Handle Delete Port: 6159fdf5-1615-40de-ae4e-0d5cb06f9b44
2026-05-11 22:17:51.739 8 INFO neutron_taas.services.taas.tap_mirror_plugin [None req-dbbe9ddf-f339-4730-941a-5ef54fa80351 22fb18aaeaae4d4ca19baa243886ce01 625367e73bf4496eaee655483fbd20ba - - default default] Tap Mirror: Handle Delete Port: 6159fdf5-1615-40de-ae4e-0d5cb06f9b44
2026-05-11 22:17:51.909 8 INFO neutron.plugins.ml2.drivers.ovn.mech_driver.mech_driver [None req-2303fd43-a238-4e43-a94a-9d4d3f231db8 - - - - - -] OVN reports status up for port: ddce5ab2-3817-45b2-9318-986f5a903322 /var/lib/openstack/lib/python3.12/site-packages/pycadf/identifier.py:70: UserWarning: Invalid uuid: neutron. To ensure interoperability, identifiers should be a valid uuid. warnings.warn(('Invalid uuid: %s. To ensure interoperability, ' [pid: 8|app: 0|req: 605/1344] 10.0.0.205 () {32 vars in 720 bytes} [Mon May 11 22:17:51 2026] DELETE /v2.0/ports/6159fdf5-1615-40de-ae4e-0d5cb06f9b44 => generated 0 bytes in 376 msecs (HTTP/1.1 204) 3 headers in 131 bytes (1 switches on core 0)
2026-05-11 22:17:51.943 8 INFO neutron.plugins.ml2.plugin [None req-2303fd43-a238-4e43-a94a-9d4d3f231db8 - - - - - -] Attempt 1 to provision port ddce5ab2-3817-45b2-9318-986f5a903322
2026-05-11 22:17:51.982 8 INFO neutron.pecan_wsgi.hooks.translation [None req-224fb832-3f07-4c65-8a29-9195d65ad156 22fb18aaeaae4d4ca19baa243886ce01 625367e73bf4496eaee655483fbd20ba - - default default] DELETE failed (client error): The resource could not be found. [pid: 8|app: 0|req: 606/1345] 10.0.0.205 () {32 vars in 720 bytes} [Mon May 11 22:17:51 2026] DELETE /v2.0/ports/6159fdf5-1615-40de-ae4e-0d5cb06f9b44 => generated 132 bytes in 39 msecs (HTTP/1.1 404) 4 headers in 164 bytes (1 switches on core 0)
2026-05-11 22:17:52.018 8 INFO neutron.pecan_wsgi.hooks.translation [None req-7defffe2-ce9d-4e48-b247-55c10a6eaa02 22fb18aaeaae4d4ca19baa243886ce01 625367e73bf4496eaee655483fbd20ba - - default default] GET failed (client error): The resource could not be found. [pid: 8|app: 0|req: 607/1346] 10.0.0.205 () {32 vars in 717 bytes} [Mon May 11 22:17:51 2026] GET /v2.0/ports/6159fdf5-1615-40de-ae4e-0d5cb06f9b44 => generated 132 bytes in 30 msecs (HTTP/1.1 404) 4 headers in 164 bytes (1 switches on core 0) [pid: 8|app: 0|req: 608/1347] 10.0.0.20 () {34 vars in 989 bytes} [Mon May 11 22:17:52 2026] GET /v2.0/ports?device_id=ea534b75-9b90-42e9-9c98-faa2e66d3aec => generated 973 bytes in 51 msecs (HTTP/1.1 200) 4 headers in 157 bytes (1 switches on core 0)
2026-05-11 22:17:52.166 8 INFO neutron.notifiers.nova [-] Nova event matching ['req-0d468a33-29a2-4212-90f8-978481d51973'] response: {'server_uuid': 'ea534b75-9b90-42e9-9c98-faa2e66d3aec', 'name': 'network-vif-plugged', 'status': 'completed', 'tag': 'ddce5ab2-3817-45b2-9318-986f5a903322', 'code': 200}
2026-05-11 22:17:52.300 7 WARNING neutron.scheduler.dhcp_agent_scheduler [None req-be7071cd-09fb-4a70-acd9-b22fa4d2d789 4dda28483f3d4b1fb3ba2e05ef9f4177 282a0032d7394a2a96c52def65dba362 - - default default] No more DHCP agents
2026-05-11 22:17:52.302 7 WARNING neutron.api.rpc.agentnotifiers.dhcp_rpc_agent_api [None req-be7071cd-09fb-4a70-acd9-b22fa4d2d789 4dda28483f3d4b1fb3ba2e05ef9f4177 282a0032d7394a2a96c52def65dba362 - - default default] Unable to schedule network 6f702bea-99a3-45ee-8d38-756d41497678: no agents available; will retry on subsequent port and subnet creation events.
2026-05-11 22:17:52.328 7 INFO neutron.db.ovn_revision_numbers_db [None req-be7071cd-09fb-4a70-acd9-b22fa4d2d789 4dda28483f3d4b1fb3ba2e05ef9f4177 282a0032d7394a2a96c52def65dba362 - - default default] Successfully bumped revision number for resource da1c2736-f50e-4680-a8de-f4775784ec3c (type: subnets) to 0
2026-05-11 22:17:52.356 7 WARNING neutron.scheduler.dhcp_agent_scheduler [None req-be7071cd-09fb-4a70-acd9-b22fa4d2d789 4dda28483f3d4b1fb3ba2e05ef9f4177 282a0032d7394a2a96c52def65dba362 - - default default] No more DHCP agents
2026-05-11 22:17:52.357 7 WARNING neutron.api.rpc.agentnotifiers.dhcp_rpc_agent_api [None req-be7071cd-09fb-4a70-acd9-b22fa4d2d789 4dda28483f3d4b1fb3ba2e05ef9f4177 282a0032d7394a2a96c52def65dba362 - - default default] Unable to schedule network 342f2b16-781d-4570-a09e-6bb3489ed7d7: no agents available; will retry on subsequent port and subnet creation events.
2026-05-11 22:17:52.394 7 INFO neutron.db.ovn_revision_numbers_db [None req-be7071cd-09fb-4a70-acd9-b22fa4d2d789 4dda28483f3d4b1fb3ba2e05ef9f4177 282a0032d7394a2a96c52def65dba362 - - default default] Successfully bumped revision number for resource bf8379b9-e666-4c30-877c-5a69cfdf7ce0 (type: subnets) to 0 [pid: 7|app: 0|req: 740/1348] 10.0.0.205 () {34 vars in 669 bytes} [Mon May 11 22:17:51 2026] POST /v2.0/subnets => generated 1323 bytes in 504 msecs (HTTP/1.1 201) 4 headers in 163 bytes (1 switches on core 0) [pid: 8|app: 0|req: 609/1349] 10.0.0.205 () {32 vars in 724 bytes} [Mon May 11 22:17:52 2026] DELETE /v2.0/subnets/b932af3a-66df-49c6-9bfd-1fab1b70bdee => generated 0 bytes in 363 msecs (HTTP/1.1 204) 3 headers in 131 bytes (1 switches on core 0)
2026-05-11 22:17:52.447 8 INFO neutron.db.ovn_revision_numbers_db [None req-2303fd43-a238-4e43-a94a-9d4d3f231db8 - - - - - -] Successfully bumped revision number for resource ddce5ab2-3817-45b2-9318-986f5a903322 (type: ports) to 5 [pid: 7|app: 0|req: 741/1350] 10.0.0.20 () {34 vars in 1039 bytes} [Mon May 11 22:17:52 2026] GET /v2.0/security-groups?id=9b53380e-4fe9-415b-9319-143a4b33a64c&fields=id&fields=name => generated 113 bytes in 43 msecs (HTTP/1.1 200) 4 headers in 157 bytes (1 switches on core 0) [pid: 8|app: 0|req: 610/1351] 10.0.0.205 () {32 vars in 647 bytes} [Mon May 11 22:17:52 2026] GET /v2.0/subnets => generated 1959 bytes in 81 msecs (HTTP/1.1 200) 4 headers in 158 bytes (1 switches on core 0) /var/lib/openstack/lib/python3.12/site-packages/pycadf/identifier.py:70: UserWarning: Invalid uuid: neutron. To ensure interoperability, identifiers should be a valid uuid. warnings.warn(('Invalid uuid: %s. To ensure interoperability, '
