2026-05-09 06:20:32.449 7 INFO placement.requestlog [None req-40d7c0f5-0f42-47bc-8320-75131be9a776 - - - - - -] 10.0.0.152 "GET /" status: 200 len: 136 microversion: 1.0
2026-05-09 06:20:32.449 8 INFO placement.requestlog [None req-ab573912-2d6f-4031-9f97-6c0afaa09ab5 - - - - - -] 10.0.0.152 "GET /" status: 200 len: 136 microversion: 1.0
2026-05-09 06:20:34.743 7 INFO placement.requestlog [req-72370c4d-e38d-4fa0-b4ba-8e4472c26c27 req-aea66901-1fc6-4195-8a4e-45cb2284dce8 855e9e50a1594462a16e71ba8964193c d0cdcc18e8ff477d849f3b4c0c4041ba - - f60cd8e3ebd34b618c77afc8f32868b5 f60cd8e3ebd34b618c77afc8f32868b5] 199.204.45.113 "GET /resource_providers/bfbda6de-0a1a-48a5-b3d0-a55710f69f89/allocations" status: 200 len: 152 microversion: 1.0 [pid: 7|app: 0|req: 376/747] 199.204.45.113 () {32 vars in 857 bytes} [Sat May 9 06:20:34 2026] GET /resource_providers/bfbda6de-0a1a-48a5-b3d0-a55710f69f89/allocations => generated 152 bytes in 37 msecs (HTTP/1.1 200) 6 headers in 224 bytes (1 switches on core 0)
2026-05-09 06:20:34.762 8 INFO placement.requestlog [req-72370c4d-e38d-4fa0-b4ba-8e4472c26c27 req-b092ed95-75c5-40ab-952d-de093aa56719 855e9e50a1594462a16e71ba8964193c d0cdcc18e8ff477d849f3b4c0c4041ba - - f60cd8e3ebd34b618c77afc8f32868b5 f60cd8e3ebd34b618c77afc8f32868b5] 199.204.45.113 "GET /allocations/beefd03a-bc38-4d41-87d8-8fd78c303ee2" status: 200 len: 257 microversion: 1.28 [pid: 8|app: 0|req: 372/748] 199.204.45.113 () {34 vars in 863 bytes} [Sat May 9 06:20:34 2026] GET /allocations/beefd03a-bc38-4d41-87d8-8fd78c303ee2 => generated 257 bytes in 9 msecs (HTTP/1.1 200) 8 headers in 296 bytes (1 switches on core 0)
2026-05-09 06:20:34.843 7 INFO placement.requestlog [req-72370c4d-e38d-4fa0-b4ba-8e4472c26c27 req-20bd95aa-82a9-401d-b0bf-c34ffd372b0e 855e9e50a1594462a16e71ba8964193c d0cdcc18e8ff477d849f3b4c0c4041ba - - f60cd8e3ebd34b618c77afc8f32868b5 f60cd8e3ebd34b618c77afc8f32868b5] 199.204.45.113 "DELETE /allocations/beefd03a-bc38-4d41-87d8-8fd78c303ee2" status: 204 len: 0 microversion: 1.0 [pid: 7|app: 0|req: 377/749] 199.204.45.113 () {34 vars in 841 bytes} [Sat May 9 06:20:34 2026] DELETE /allocations/beefd03a-bc38-4d41-87d8-8fd78c303ee2 => generated 0 bytes in 34 msecs (HTTP/1.1 204) 5 headers in 198 bytes (1 switches on core 0)
2026-05-09 06:20:37.309 8 INFO placement.requestlog [None req-318b0533-7364-4cee-9a57-010f55beb6e4 9428e046437f43a285fc290eca7c4888 d0cdcc18e8ff477d849f3b4c0c4041ba - - f60cd8e3ebd34b618c77afc8f32868b5 f60cd8e3ebd34b618c77afc8f32868b5] 10.0.0.53 "GET /resource_providers/55b697eb-154b-412d-a2c7-b23167529a9f/aggregates" status: 404 len: 235 microversion: 1.1 [pid: 8|app: 0|req: 373/750] 10.0.0.53 () {32 vars in 824 bytes} [Sat May 9 06:20:37 2026] GET /resource_providers/55b697eb-154b-412d-a2c7-b23167529a9f/aggregates => generated 235 bytes in 17 msecs (HTTP/1.1 404) 5 headers in 202 bytes (1 switches on core 0)
2026-05-09 06:20:37.315 7 INFO placement.requestlog [None req-91cc5f05-3e5a-44b3-aac3-74cf172b1723 9428e046437f43a285fc290eca7c4888 d0cdcc18e8ff477d849f3b4c0c4041ba - - f60cd8e3ebd34b618c77afc8f32868b5 f60cd8e3ebd34b618c77afc8f32868b5] 10.0.0.53 "GET /resource_providers/55b697eb-154b-412d-a2c7-b23167529a9f/aggregates" status: 404 len: 235 microversion: 1.1 [pid: 7|app: 0|req: 378/751] 10.0.0.53 () {32 vars in 824 bytes} [Sat May 9 06:20:37 2026] GET /resource_providers/55b697eb-154b-412d-a2c7-b23167529a9f/aggregates => generated 235 bytes in 21 msecs (HTTP/1.1 404) 5 headers in 202 bytes (1 switches on core 0)
2026-05-09 06:20:37.343 8 INFO placement.requestlog [None req-a84b4532-da0c-4b07-9bf4-b667919e8d4f 9428e046437f43a285fc290eca7c4888 d0cdcc18e8ff477d849f3b4c0c4041ba - - f60cd8e3ebd34b618c77afc8f32868b5 f60cd8e3ebd34b618c77afc8f32868b5] 10.0.0.53 "DELETE /resource_providers/55b697eb-154b-412d-a2c7-b23167529a9f" status: 404 len: 246 microversion: 1.1 [pid: 8|app: 0|req: 374/752] 10.0.0.53 () {34 vars in 824 bytes} [Sat May 9 06:20:37 2026] DELETE /resource_providers/55b697eb-154b-412d-a2c7-b23167529a9f => generated 246 bytes in 15 msecs (HTTP/1.1 404) 6 headers in 231 bytes (1 switches on core 0)
2026-05-09 06:20:37.344 7 INFO placement.requestlog [None req-688355c7-835e-4bca-a716-15cbabf30d47 9428e046437f43a285fc290eca7c4888 d0cdcc18e8ff477d849f3b4c0c4041ba - - f60cd8e3ebd34b618c77afc8f32868b5 f60cd8e3ebd34b618c77afc8f32868b5] 10.0.0.53 "DELETE /resource_providers/55b697eb-154b-412d-a2c7-b23167529a9f" status: 404 len: 246 microversion: 1.1 [pid: 7|app: 0|req: 379/753] 10.0.0.53 () {34 vars in 824 bytes} [Sat May 9 06:20:37 2026] DELETE /resource_providers/55b697eb-154b-412d-a2c7-b23167529a9f => generated 246 bytes in 15 msecs (HTTP/1.1 404) 6 headers in 231 bytes (1 switches on core 0)
2026-05-09 06:20:39.380 8 INFO placement.requestlog [None req-a67e6456-d7a2-48cb-8d40-c29372b56ee1 9428e046437f43a285fc290eca7c4888 d0cdcc18e8ff477d849f3b4c0c4041ba - - f60cd8e3ebd34b618c77afc8f32868b5 f60cd8e3ebd34b618c77afc8f32868b5] 10.0.0.53 "GET /resource_providers/05d65263-7c54-44b4-a228-590b6c3f0b6d/aggregates" status: 404 len: 235 microversion: 1.1 [pid: 8|app: 0|req: 375/754] 10.0.0.53 () {32 vars in 824 bytes} [Sat May 9 06:20:39 2026] GET /resource_providers/05d65263-7c54-44b4-a228-590b6c3f0b6d/aggregates => generated 235 bytes in 17 msecs (HTTP/1.1 404) 5 headers in 202 bytes (1 switches on core 0)
2026-05-09 06:20:39.382 7 INFO placement.requestlog [None req-b9f04986-6d2b-4c37-9fe7-c245d25ff3b1 9428e046437f43a285fc290eca7c4888 d0cdcc18e8ff477d849f3b4c0c4041ba - - f60cd8e3ebd34b618c77afc8f32868b5 f60cd8e3ebd34b618c77afc8f32868b5] 10.0.0.53 "GET /resource_providers/05d65263-7c54-44b4-a228-590b6c3f0b6d/aggregates" status: 404 len: 235 microversion: 1.1 [pid: 7|app: 0|req: 380/755] 10.0.0.53 () {32 vars in 824 bytes} [Sat May 9 06:20:39 2026] GET /resource_providers/05d65263-7c54-44b4-a228-590b6c3f0b6d/aggregates => generated 235 bytes in 12 msecs (HTTP/1.1 404) 5 headers in 202 bytes (1 switches on core 0)
2026-05-09 06:20:39.400 8 INFO placement.requestlog [None req-64cea9c5-63c6-4622-be18-63c2baab31b9 9428e046437f43a285fc290eca7c4888 d0cdcc18e8ff477d849f3b4c0c4041ba - - f60cd8e3ebd34b618c77afc8f32868b5 f60cd8e3ebd34b618c77afc8f32868b5] 10.0.0.53 "DELETE /resource_providers/05d65263-7c54-44b4-a228-590b6c3f0b6d" status: 404 len: 246 microversion: 1.1 [pid: 8|app: 0|req: 376/756] 10.0.0.53 () {34 vars in 824 bytes} [Sat May 9 06:20:39 2026] DELETE /resource_providers/05d65263-7c54-44b4-a228-590b6c3f0b6d => generated 246 bytes in 11 msecs (HTTP/1.1 404) 6 headers in 231 bytes (1 switches on core 0)
2026-05-09 06:20:39.405 7 INFO placement.requestlog [None req-457c77a0-feab-47c9-82bf-414af10435ea 9428e046437f43a285fc290eca7c4888 d0cdcc18e8ff477d849f3b4c0c4041ba - - f60cd8e3ebd34b618c77afc8f32868b5 f60cd8e3ebd34b618c77afc8f32868b5] 10.0.0.53 "DELETE /resource_providers/05d65263-7c54-44b4-a228-590b6c3f0b6d" status: 404 len: 246 microversion: 1.1 [pid: 7|app: 0|req: 381/757] 10.0.0.53 () {34 vars in 824 bytes} [Sat May 9 06:20:39 2026] DELETE /resource_providers/05d65263-7c54-44b4-a228-590b6c3f0b6d => generated 246 bytes in 15 msecs (HTTP/1.1 404) 6 headers in 231 bytes (1 switches on core 0)
2026-05-09 06:20:42.448 8 INFO placement.requestlog [None req-1e7b2a1c-5e85-488b-aa7b-3120da5df66d - - - - - -] 10.0.0.152 "GET /" status: 200 len: 136 microversion: 1.0
2026-05-09 06:20:42.449 7 INFO placement.requestlog [None req-7d5a19cb-dafd-473f-954d-bd16a53ab59e - - - - - -] 10.0.0.152 "GET /" status: 200 len: 136 microversion: 1.0
2026-05-09 06:20:46.968 7 INFO placement.requestlog [None req-cdc876e2-4478-4a2b-bf24-a92779ff4c9e 9428e046437f43a285fc290eca7c4888 d0cdcc18e8ff477d849f3b4c0c4041ba - - f60cd8e3ebd34b618c77afc8f32868b5 f60cd8e3ebd34b618c77afc8f32868b5] 10.0.0.53 "GET /resource_providers/e316baa9-1de3-45ce-b427-42e6224ea84d/aggregates" status: 404 len: 235 microversion: 1.1 [pid: 7|app: 0|req: 383/760] 10.0.0.53 () {32 vars in 824 bytes} [Sat May 9 06:20:46 2026] GET /resource_providers/e316baa9-1de3-45ce-b427-42e6224ea84d/aggregates => generated 235 bytes in 14 msecs (HTTP/1.1 404) 5 headers in 202 bytes (1 switches on core 0)
2026-05-09 06:20:46.974 8 INFO placement.requestlog [None req-574de541-fe6b-4779-9651-1b7b633d138e 9428e046437f43a285fc290eca7c4888 d0cdcc18e8ff477d849f3b4c0c4041ba - - f60cd8e3ebd34b618c77afc8f32868b5 f60cd8e3ebd34b618c77afc8f32868b5] 10.0.0.53 "GET /resource_providers/e316baa9-1de3-45ce-b427-42e6224ea84d/aggregates" status: 404 len: 235 microversion: 1.1 [pid: 8|app: 0|req: 378/761] 10.0.0.53 () {32 vars in 824 bytes} [Sat May 9 06:20:46 2026] GET /resource_providers/e316baa9-1de3-45ce-b427-42e6224ea84d/aggregates => generated 235 bytes in 16 msecs (HTTP/1.1 404) 5 headers in 202 bytes (1 switches on core 0)
2026-05-09 06:20:46.992 8 INFO placement.requestlog [None req-a26e9e3b-b5db-416e-a2a4-4e8f94a53357 9428e046437f43a285fc290eca7c4888 d0cdcc18e8ff477d849f3b4c0c4041ba - - f60cd8e3ebd34b618c77afc8f32868b5 f60cd8e3ebd34b618c77afc8f32868b5] 10.0.0.53 "DELETE /resource_providers/e316baa9-1de3-45ce-b427-42e6224ea84d" status: 404 len: 246 microversion: 1.1 [pid: 8|app: 0|req: 379/762] 10.0.0.53 () {34 vars in 824 bytes} [Sat May 9 06:20:46 2026] DELETE /resource_providers/e316baa9-1de3-45ce-b427-42e6224ea84d => generated 246 bytes in 9 msecs (HTTP/1.1 404) 6 headers in 231 bytes (1 switches on core 0)
2026-05-09 06:20:46.998 7 INFO placement.requestlog [None req-ae8e7a9f-01ed-4801-b01a-032a53e01314 9428e046437f43a285fc290eca7c4888 d0cdcc18e8ff477d849f3b4c0c4041ba - - f60cd8e3ebd34b618c77afc8f32868b5 f60cd8e3ebd34b618c77afc8f32868b5] 10.0.0.53 "DELETE /resource_providers/e316baa9-1de3-45ce-b427-42e6224ea84d" status: 404 len: 246 microversion: 1.1 [pid: 7|app: 0|req: 384/763] 10.0.0.53 () {34 vars in 824 bytes} [Sat May 9 06:20:46 2026] DELETE /resource_providers/e316baa9-1de3-45ce-b427-42e6224ea84d => generated 246 bytes in 15 msecs (HTTP/1.1 404) 6 headers in 231 bytes (1 switches on core 0)
2026-05-09 06:20:52.089 8 INFO placement.requestlog [None req-52eb70a0-c6a0-4fe7-b4e3-53180a5070f5 9428e046437f43a285fc290eca7c4888 d0cdcc18e8ff477d849f3b4c0c4041ba - - f60cd8e3ebd34b618c77afc8f32868b5 f60cd8e3ebd34b618c77afc8f32868b5] 10.0.0.53 "GET /resource_providers/17115d3e-4c1a-4a0f-acec-b216f3a0f01d/aggregates" status: 404 len: 235 microversion: 1.1 [pid: 8|app: 0|req: 380/764] 10.0.0.53 () {32 vars in 824 bytes} [Sat May 9 06:20:52 2026] GET /resource_providers/17115d3e-4c1a-4a0f-acec-b216f3a0f01d/aggregates => generated 235 bytes in 9 msecs (HTTP/1.1 404) 5 headers in 202 bytes (1 switches on core 0)
2026-05-09 06:20:52.091 7 INFO placement.requestlog [None req-f07b28c8-3acd-4f5e-a4b8-ddf1a4ebae86 9428e046437f43a285fc290eca7c4888 d0cdcc18e8ff477d849f3b4c0c4041ba - - f60cd8e3ebd34b618c77afc8f32868b5 f60cd8e3ebd34b618c77afc8f32868b5] 10.0.0.53 "GET /resource_providers/17115d3e-4c1a-4a0f-acec-b216f3a0f01d/aggregates" status: 404 len: 235 microversion: 1.1 [pid: 7|app: 0|req: 385/765] 10.0.0.53 () {32 vars in 824 bytes} [Sat May 9 06:20:52 2026] GET /resource_providers/17115d3e-4c1a-4a0f-acec-b216f3a0f01d/aggregates => generated 235 bytes in 11 msecs (HTTP/1.1 404) 5 headers in 202 bytes (1 switches on core 0)
2026-05-09 06:20:52.116 7 INFO placement.requestlog [None req-01145194-e507-49b1-b8f7-9c9f1df21c4a 9428e046437f43a285fc290eca7c4888 d0cdcc18e8ff477d849f3b4c0c4041ba - - f60cd8e3ebd34b618c77afc8f32868b5 f60cd8e3ebd34b618c77afc8f32868b5] 10.0.0.53 "DELETE /resource_providers/17115d3e-4c1a-4a0f-acec-b216f3a0f01d" status: 404 len: 246 microversion: 1.1 [pid: 7|app: 0|req: 386/766] 10.0.0.53 () {34 vars in 824 bytes} [Sat May 9 06:20:52 2026] DELETE /resource_providers/17115d3e-4c1a-4a0f-acec-b216f3a0f01d => generated 246 bytes in 6 msecs (HTTP/1.1 404) 6 headers in 231 bytes (1 switches on core 0)
2026-05-09 06:20:52.121 8 INFO placement.requestlog [None req-bc346a64-9abf-4ba6-90c5-a2a037d5827b 9428e046437f43a285fc290eca7c4888 d0cdcc18e8ff477d849f3b4c0c4041ba - - f60cd8e3ebd34b618c77afc8f32868b5 f60cd8e3ebd34b618c77afc8f32868b5] 10.0.0.53 "DELETE /resource_providers/17115d3e-4c1a-4a0f-acec-b216f3a0f01d" status: 404 len: 246 microversion: 1.1 [pid: 8|app: 0|req: 381/767] 10.0.0.53 () {34 vars in 824 bytes} [Sat May 9 06:20:52 2026] DELETE /resource_providers/17115d3e-4c1a-4a0f-acec-b216f3a0f01d => generated 246 bytes in 12 msecs (HTTP/1.1 404) 6 headers in 231 bytes (1 switches on core 0)
2026-05-09 06:20:52.449 7 INFO placement.requestlog [None req-ba9e9b4c-9e28-42b6-8789-13eb94811dc7 - - - - - -] 10.0.0.152 "GET /" status: 200 len: 136 microversion: 1.0
2026-05-09 06:20:52.449 8 INFO placement.requestlog [None req-4eedbf7a-aefb-4849-be14-5b62401da125 - - - - - -] 10.0.0.152 "GET /" status: 200 len: 136 microversion: 1.0
2026-05-09 06:20:52.693 8 INFO placement.requestlog [None req-a366031f-8cd7-4174-83a5-a861c647d06c 9428e046437f43a285fc290eca7c4888 d0cdcc18e8ff477d849f3b4c0c4041ba - - f60cd8e3ebd34b618c77afc8f32868b5 f60cd8e3ebd34b618c77afc8f32868b5] 10.0.0.53 "GET /resource_providers/3989e632-4aba-4df4-b4d6-ac064e54fe61/aggregates" status: 404 len: 235 microversion: 1.1 [pid: 8|app: 0|req: 383/770] 10.0.0.53 () {32 vars in 824 bytes} [Sat May 9 06:20:52 2026] GET /resource_providers/3989e632-4aba-4df4-b4d6-ac064e54fe61/aggregates => generated 235 bytes in 21 msecs (HTTP/1.1 404) 5 headers in 202 bytes (1 switches on core 0)
2026-05-09 06:20:52.697 7 INFO placement.requestlog [None req-ffcbcce6-0e66-4220-a301-d3c8eb5008ca 9428e046437f43a285fc290eca7c4888 d0cdcc18e8ff477d849f3b4c0c4041ba - - f60cd8e3ebd34b618c77afc8f32868b5 f60cd8e3ebd34b618c77afc8f32868b5] 10.0.0.53 "GET /resource_providers/3989e632-4aba-4df4-b4d6-ac064e54fe61/aggregates" status: 404 len: 235 microversion: 1.1 [pid: 7|app: 0|req: 388/771] 10.0.0.53 () {32 vars in 824 bytes} [Sat May 9 06:20:52 2026] GET /resource_providers/3989e632-4aba-4df4-b4d6-ac064e54fe61/aggregates => generated 235 bytes in 21 msecs (HTTP/1.1 404) 5 headers in 202 bytes (1 switches on core 0)
2026-05-09 06:20:52.709 8 INFO placement.requestlog [None req-da982436-381a-4fc3-be72-2789d0503cb5 9428e046437f43a285fc290eca7c4888 d0cdcc18e8ff477d849f3b4c0c4041ba - - f60cd8e3ebd34b618c77afc8f32868b5 f60cd8e3ebd34b618c77afc8f32868b5] 10.0.0.53 "DELETE /resource_providers/3989e632-4aba-4df4-b4d6-ac064e54fe61" status: 404 len: 246 microversion: 1.1 [pid: 8|app: 0|req: 384/772] 10.0.0.53 () {34 vars in 824 bytes} [Sat May 9 06:20:52 2026] DELETE /resource_providers/3989e632-4aba-4df4-b4d6-ac064e54fe61 => generated 246 bytes in 10 msecs (HTTP/1.1 404) 6 headers in 231 bytes (1 switches on core 0)
2026-05-09 06:20:52.723 7 INFO placement.requestlog [None req-5c204d48-5c02-49aa-8a55-074e27d2af61 9428e046437f43a285fc290eca7c4888 d0cdcc18e8ff477d849f3b4c0c4041ba - - f60cd8e3ebd34b618c77afc8f32868b5 f60cd8e3ebd34b618c77afc8f32868b5] 10.0.0.53 "DELETE /resource_providers/3989e632-4aba-4df4-b4d6-ac064e54fe61" status: 404 len: 246 microversion: 1.1 [pid: 7|app: 0|req: 389/773] 10.0.0.53 () {34 vars in 824 bytes} [Sat May 9 06:20:52 2026] DELETE /resource_providers/3989e632-4aba-4df4-b4d6-ac064e54fe61 => generated 246 bytes in 11 msecs (HTTP/1.1 404) 6 headers in 231 bytes (1 switches on core 0)
2026-05-09 06:20:59.711 7 INFO placement.requestlog [None req-13ab1144-e2cf-48c1-863f-84061bca8ba6 9428e046437f43a285fc290eca7c4888 d0cdcc18e8ff477d849f3b4c0c4041ba - - f60cd8e3ebd34b618c77afc8f32868b5 f60cd8e3ebd34b618c77afc8f32868b5] 10.0.0.53 "GET /resource_providers/9b2ddb21-6c28-4473-9e36-128bca79fc1b/aggregates" status: 404 len: 235 microversion: 1.1 [pid: 7|app: 0|req: 390/774] 10.0.0.53 () {32 vars in 824 bytes} [Sat May 9 06:20:59 2026] GET /resource_providers/9b2ddb21-6c28-4473-9e36-128bca79fc1b/aggregates => generated 235 bytes in 11 msecs (HTTP/1.1 404) 5 headers in 202 bytes (1 switches on core 0)
2026-05-09 06:20:59.712 8 INFO placement.requestlog [None req-8938a0b3-5f1a-4a43-b870-dfb9315d6207 9428e046437f43a285fc290eca7c4888 d0cdcc18e8ff477d849f3b4c0c4041ba - - f60cd8e3ebd34b618c77afc8f32868b5 f60cd8e3ebd34b618c77afc8f32868b5] 10.0.0.53 "GET /resource_providers/9b2ddb21-6c28-4473-9e36-128bca79fc1b/aggregates" status: 404 len: 235 microversion: 1.1 [pid: 8|app: 0|req: 385/775] 10.0.0.53 () {32 vars in 824 bytes} [Sat May 9 06:20:59 2026] GET /resource_providers/9b2ddb21-6c28-4473-9e36-128bca79fc1b/aggregates => generated 235 bytes in 12 msecs (HTTP/1.1 404) 5 headers in 202 bytes (1 switches on core 0)
2026-05-09 06:20:59.740 8 INFO placement.requestlog [None req-2271439d-3302-42c6-9a7a-0b20b25b4b5e 9428e046437f43a285fc290eca7c4888 d0cdcc18e8ff477d849f3b4c0c4041ba - - f60cd8e3ebd34b618c77afc8f32868b5 f60cd8e3ebd34b618c77afc8f32868b5] 10.0.0.53 "DELETE /resource_providers/9b2ddb21-6c28-4473-9e36-128bca79fc1b" status: 404 len: 246 microversion: 1.1 [pid: 8|app: 0|req: 386/776] 10.0.0.53 () {34 vars in 824 bytes} [Sat May 9 06:20:59 2026] DELETE /resource_providers/9b2ddb21-6c28-4473-9e36-128bca79fc1b => generated 246 bytes in 10 msecs (HTTP/1.1 404) 6 headers in 231 bytes (1 switches on core 0)
2026-05-09 06:20:59.741 7 INFO placement.requestlog [None req-3f3907ed-f2d1-46b9-987b-3210081fd870 9428e046437f43a285fc290eca7c4888 d0cdcc18e8ff477d849f3b4c0c4041ba - - f60cd8e3ebd34b618c77afc8f32868b5 f60cd8e3ebd34b618c77afc8f32868b5] 10.0.0.53 "DELETE /resource_providers/9b2ddb21-6c28-4473-9e36-128bca79fc1b" status: 404 len: 246 microversion: 1.1 [pid: 7|app: 0|req: 391/777] 10.0.0.53 () {34 vars in 824 bytes} [Sat May 9 06:20:59 2026] DELETE /resource_providers/9b2ddb21-6c28-4473-9e36-128bca79fc1b => generated 246 bytes in 12 msecs (HTTP/1.1 404) 6 headers in 231 bytes (1 switches on core 0)
2026-05-09 06:21:00.182 7 INFO placement.requestlog [None req-129803d7-101d-423e-b9b7-dc47cd54071d 9428e046437f43a285fc290eca7c4888 d0cdcc18e8ff477d849f3b4c0c4041ba - - f60cd8e3ebd34b618c77afc8f32868b5 f60cd8e3ebd34b618c77afc8f32868b5] 10.0.0.53 "GET /resource_providers/978753f4-40cb-4c77-aa11-27f484d53285/aggregates" status: 404 len: 235 microversion: 1.1 [pid: 7|app: 0|req: 392/778] 10.0.0.53 () {32 vars in 824 bytes} [Sat May 9 06:21:00 2026] GET /resource_providers/978753f4-40cb-4c77-aa11-27f484d53285/aggregates => generated 235 bytes in 11 msecs (HTTP/1.1 404) 5 headers in 202 bytes (1 switches on core 0)
2026-05-09 06:21:00.182 8 INFO placement.requestlog [None req-c921a04a-241e-4401-8884-0548fd0191a0 9428e046437f43a285fc290eca7c4888 d0cdcc18e8ff477d849f3b4c0c4041ba - - f60cd8e3ebd34b618c77afc8f32868b5 f60cd8e3ebd34b618c77afc8f32868b5] 10.0.0.53 "GET /resource_providers/978753f4-40cb-4c77-aa11-27f484d53285/aggregates" status: 404 len: 235 microversion: 1.1 [pid: 8|app: 0|req: 387/779] 10.0.0.53 () {32 vars in 824 bytes} [Sat May 9 06:21:00 2026] GET /resource_providers/978753f4-40cb-4c77-aa11-27f484d53285/aggregates => generated 235 bytes in 12 msecs (HTTP/1.1 404) 5 headers in 202 bytes (1 switches on core 0)
2026-05-09 06:21:00.207 7 INFO placement.requestlog [None req-4b13d917-f10f-4ced-a3b4-0a199a35fac0 9428e046437f43a285fc290eca7c4888 d0cdcc18e8ff477d849f3b4c0c4041ba - - f60cd8e3ebd34b618c77afc8f32868b5 f60cd8e3ebd34b618c77afc8f32868b5] 10.0.0.53 "DELETE /resource_providers/978753f4-40cb-4c77-aa11-27f484d53285" status: 404 len: 246 microversion: 1.1 [pid: 7|app: 0|req: 393/780] 10.0.0.53 () {34 vars in 824 bytes} [Sat May 9 06:21:00 2026] DELETE /resource_providers/978753f4-40cb-4c77-aa11-27f484d53285 => generated 246 bytes in 11 msecs (HTTP/1.1 404) 6 headers in 231 bytes (1 switches on core 0)
2026-05-09 06:21:00.212 8 INFO placement.requestlog [None req-63ef9a66-10c1-457d-9d3c-f4efa03d16da 9428e046437f43a285fc290eca7c4888 d0cdcc18e8ff477d849f3b4c0c4041ba - - f60cd8e3ebd34b618c77afc8f32868b5 f60cd8e3ebd34b618c77afc8f32868b5] 10.0.0.53 "DELETE /resource_providers/978753f4-40cb-4c77-aa11-27f484d53285" status: 404 len: 246 microversion: 1.1 [pid: 8|app: 0|req: 388/781] 10.0.0.53 () {34 vars in 824 bytes} [Sat May 9 06:21:00 2026] DELETE /resource_providers/978753f4-40cb-4c77-aa11-27f484d53285 => generated 246 bytes in 16 msecs (HTTP/1.1 404) 6 headers in 231 bytes (1 switches on core 0)
2026-05-09 06:21:01.771 8 INFO placement.requestlog [None req-5db44685-f1d0-4a61-86ac-7459787461c6 9428e046437f43a285fc290eca7c4888 d0cdcc18e8ff477d849f3b4c0c4041ba - - f60cd8e3ebd34b618c77afc8f32868b5 f60cd8e3ebd34b618c77afc8f32868b5] 10.0.0.53 "GET /resource_providers/30fac8df-6a5d-46e2-8196-6e66c4e4ea44/aggregates" status: 404 len: 235 microversion: 1.1 [pid: 8|app: 0|req: 389/782] 10.0.0.53 () {32 vars in 824 bytes} [Sat May 9 06:21:01 2026] GET /resource_providers/30fac8df-6a5d-46e2-8196-6e66c4e4ea44/aggregates => generated 235 bytes in 11 msecs (HTTP/1.1 404) 5 headers in 202 bytes (1 switches on core 0)
2026-05-09 06:21:01.773 7 INFO placement.requestlog [None req-13bfa039-c1ed-4c3a-beb8-ecf726c553d7 9428e046437f43a285fc290eca7c4888 d0cdcc18e8ff477d849f3b4c0c4041ba - - f60cd8e3ebd34b618c77afc8f32868b5 f60cd8e3ebd34b618c77afc8f32868b5] 10.0.0.53 "GET /resource_providers/30fac8df-6a5d-46e2-8196-6e66c4e4ea44/aggregates" status: 404 len: 235 microversion: 1.1 [pid: 7|app: 0|req: 394/783] 10.0.0.53 () {32 vars in 824 bytes} [Sat May 9 06:21:01 2026] GET /resource_providers/30fac8df-6a5d-46e2-8196-6e66c4e4ea44/aggregates => generated 235 bytes in 13 msecs (HTTP/1.1 404) 5 headers in 202 bytes (1 switches on core 0)
2026-05-09 06:21:01.789 8 INFO placement.requestlog [None req-84c56046-b361-4faa-a197-78b58f3a74e2 9428e046437f43a285fc290eca7c4888 d0cdcc18e8ff477d849f3b4c0c4041ba - - f60cd8e3ebd34b618c77afc8f32868b5 f60cd8e3ebd34b618c77afc8f32868b5] 10.0.0.53 "DELETE /resource_providers/30fac8df-6a5d-46e2-8196-6e66c4e4ea44" status: 404 len: 246 microversion: 1.1 [pid: 8|app: 0|req: 390/784] 10.0.0.53 () {34 vars in 824 bytes} [Sat May 9 06:21:01 2026] DELETE /resource_providers/30fac8df-6a5d-46e2-8196-6e66c4e4ea44 => generated 246 bytes in 8 msecs (HTTP/1.1 404) 6 headers in 231 bytes (1 switches on core 0)
2026-05-09 06:21:01.796 7 INFO placement.requestlog [None req-44d0ba8e-cb3d-4802-b495-92eee65f36e9 9428e046437f43a285fc290eca7c4888 d0cdcc18e8ff477d849f3b4c0c4041ba - - f60cd8e3ebd34b618c77afc8f32868b5 f60cd8e3ebd34b618c77afc8f32868b5] 10.0.0.53 "DELETE /resource_providers/30fac8df-6a5d-46e2-8196-6e66c4e4ea44" status: 404 len: 246 microversion: 1.1 [pid: 7|app: 0|req: 395/785] 10.0.0.53 () {34 vars in 824 bytes} [Sat May 9 06:21:01 2026] DELETE /resource_providers/30fac8df-6a5d-46e2-8196-6e66c4e4ea44 => generated 246 bytes in 14 msecs (HTTP/1.1 404) 6 headers in 231 bytes (1 switches on core 0)
2026-05-09 06:21:01.809 8 INFO placement.requestlog [None req-984c71fb-ab60-4a35-a49f-581f7f0255c7 9428e046437f43a285fc290eca7c4888 d0cdcc18e8ff477d849f3b4c0c4041ba - - f60cd8e3ebd34b618c77afc8f32868b5 f60cd8e3ebd34b618c77afc8f32868b5] 10.0.0.53 "GET /resource_providers/d78bf810-7301-4a00-882b-4690d2d0b114/aggregates" status: 404 len: 235 microversion: 1.1 [pid: 8|app: 0|req: 391/786] 10.0.0.53 () {32 vars in 824 bytes} [Sat May 9 06:21:01 2026] GET /resource_providers/d78bf810-7301-4a00-882b-4690d2d0b114/aggregates => generated 235 bytes in 12 msecs (HTTP/1.1 404) 5 headers in 202 bytes (1 switches on core 0)
2026-05-09 06:21:01.813 7 INFO placement.requestlog [None req-75f21dd5-f277-4e7f-8e5e-66e7b9e32f05 9428e046437f43a285fc290eca7c4888 d0cdcc18e8ff477d849f3b4c0c4041ba - - f60cd8e3ebd34b618c77afc8f32868b5 f60cd8e3ebd34b618c77afc8f32868b5] 10.0.0.53 "GET /resource_providers/d78bf810-7301-4a00-882b-4690d2d0b114/aggregates" status: 404 len: 235 microversion: 1.1 [pid: 7|app: 0|req: 396/787] 10.0.0.53 () {32 vars in 824 bytes} [Sat May 9 06:21:01 2026] GET /resource_providers/d78bf810-7301-4a00-882b-4690d2d0b114/aggregates => generated 235 bytes in 12 msecs (HTTP/1.1 404) 5 headers in 202 bytes (1 switches on core 0)
2026-05-09 06:21:01.831 8 INFO placement.requestlog [None req-3c25e714-72ab-4191-b5c4-cb9389f196f4 9428e046437f43a285fc290eca7c4888 d0cdcc18e8ff477d849f3b4c0c4041ba - - f60cd8e3ebd34b618c77afc8f32868b5 f60cd8e3ebd34b618c77afc8f32868b5] 10.0.0.53 "DELETE /resource_providers/d78bf810-7301-4a00-882b-4690d2d0b114" status: 404 len: 246 microversion: 1.1 [pid: 8|app: 0|req: 392/788] 10.0.0.53 () {34 vars in 824 bytes} [Sat May 9 06:21:01 2026] DELETE /resource_providers/d78bf810-7301-4a00-882b-4690d2d0b114 => generated 246 bytes in 10 msecs (HTTP/1.1 404) 6 headers in 231 bytes (1 switches on core 0)
2026-05-09 06:21:01.832 7 INFO placement.requestlog [None req-06a19bbb-2014-4089-9736-5e27573c3bdd 9428e046437f43a285fc290eca7c4888 d0cdcc18e8ff477d849f3b4c0c4041ba - - f60cd8e3ebd34b618c77afc8f32868b5 f60cd8e3ebd34b618c77afc8f32868b5] 10.0.0.53 "DELETE /resource_providers/d78bf810-7301-4a00-882b-4690d2d0b114" status: 404 len: 246 microversion: 1.1 [pid: 7|app: 0|req: 397/789] 10.0.0.53 () {34 vars in 824 bytes} [Sat May 9 06:21:01 2026] DELETE /resource_providers/d78bf810-7301-4a00-882b-4690d2d0b114 => generated 246 bytes in 11 msecs (HTTP/1.1 404) 6 headers in 231 bytes (1 switches on core 0)
2026-05-09 06:21:01.851 8 INFO placement.requestlog [None req-c5b48b7d-7456-44ca-beec-d9e5310850cd 9428e046437f43a285fc290eca7c4888 d0cdcc18e8ff477d849f3b4c0c4041ba - - f60cd8e3ebd34b618c77afc8f32868b5 f60cd8e3ebd34b618c77afc8f32868b5] 10.0.0.53 "GET /resource_providers/b6f863da-3cee-495b-b0b1-aba41316796f/aggregates" status: 404 len: 235 microversion: 1.1 [pid: 8|app: 0|req: 393/790] 10.0.0.53 () {32 vars in 824 bytes} [Sat May 9 06:21:01 2026] GET /resource_providers/b6f863da-3cee-495b-b0b1-aba41316796f/aggregates => generated 235 bytes in 9 msecs (HTTP/1.1 404) 5 headers in 202 bytes (1 switches on core 0)
2026-05-09 06:21:01.879 8 INFO placement.requestlog [None req-67c9e553-4fd6-41f4-8e3a-db1a55908e69 9428e046437f43a285fc290eca7c4888 d0cdcc18e8ff477d849f3b4c0c4041ba - - f60cd8e3ebd34b618c77afc8f32868b5 f60cd8e3ebd34b618c77afc8f32868b5] 10.0.0.53 "DELETE /resource_providers/b6f863da-3cee-495b-b0b1-aba41316796f" status: 404 len: 246 microversion: 1.1
2026-05-09 06:21:01.879 7 INFO placement.requestlog [None req-dacbbe4a-0936-4e88-877d-3d80b07002e9 9428e046437f43a285fc290eca7c4888 d0cdcc18e8ff477d849f3b4c0c4041ba - - f60cd8e3ebd34b618c77afc8f32868b5 f60cd8e3ebd34b618c77afc8f32868b5] 10.0.0.53 "GET /resource_providers/b6f863da-3cee-495b-b0b1-aba41316796f/aggregates" status: 404 len: 235 microversion: 1.1 [pid: 8|app: 0|req: 394/791] 10.0.0.53 () {34 vars in 824 bytes} [Sat May 9 06:21:01 2026] DELETE /resource_providers/b6f863da-3cee-495b-b0b1-aba41316796f => generated 246 bytes in 13 msecs (HTTP/1.1 404) 6 headers in 231 bytes (1 switches on core 0) [pid: 7|app: 0|req: 398/792] 10.0.0.53 () {32 vars in 824 bytes} [Sat May 9 06:21:01 2026] GET /resource_providers/b6f863da-3cee-495b-b0b1-aba41316796f/aggregates => generated 235 bytes in 31 msecs (HTTP/1.1 404) 5 headers in 202 bytes (1 switches on core 0)
2026-05-09 06:21:01.903 8 INFO placement.requestlog [None req-0b87b01e-e885-494f-aced-0fdab3919fad 9428e046437f43a285fc290eca7c4888 d0cdcc18e8ff477d849f3b4c0c4041ba - - f60cd8e3ebd34b618c77afc8f32868b5 f60cd8e3ebd34b618c77afc8f32868b5] 10.0.0.53 "DELETE /resource_providers/b6f863da-3cee-495b-b0b1-aba41316796f" status: 404 len: 246 microversion: 1.1 [pid: 8|app: 0|req: 395/793] 10.0.0.53 () {34 vars in 824 bytes} [Sat May 9 06:21:01 2026] DELETE /resource_providers/b6f863da-3cee-495b-b0b1-aba41316796f => generated 246 bytes in 10 msecs (HTTP/1.1 404) 6 headers in 231 bytes (1 switches on core 0)
2026-05-09 06:21:01.909 7 INFO placement.requestlog [None req-9a35ed0d-6bcb-465b-a636-6c3ad1d50d1a 9428e046437f43a285fc290eca7c4888 d0cdcc18e8ff477d849f3b4c0c4041ba - - f60cd8e3ebd34b618c77afc8f32868b5 f60cd8e3ebd34b618c77afc8f32868b5] 10.0.0.53 "GET /resource_providers/6bb61124-a327-441d-b860-d92045fdbc61/aggregates" status: 404 len: 235 microversion: 1.1 [pid: 7|app: 0|req: 399/794] 10.0.0.53 () {32 vars in 824 bytes} [Sat May 9 06:21:01 2026] GET /resource_providers/6bb61124-a327-441d-b860-d92045fdbc61/aggregates => generated 235 bytes in 17 msecs (HTTP/1.1 404) 5 headers in 202 bytes (1 switches on core 0)
2026-05-09 06:21:01.915 8 INFO placement.requestlog [None req-7d0de58c-0f64-4e68-8794-b5a395ed14be 9428e046437f43a285fc290eca7c4888 d0cdcc18e8ff477d849f3b4c0c4041ba - - f60cd8e3ebd34b618c77afc8f32868b5 f60cd8e3ebd34b618c77afc8f32868b5] 10.0.0.53 "GET /resource_providers/6bb61124-a327-441d-b860-d92045fdbc61/aggregates" status: 404 len: 235 microversion: 1.1 [pid: 8|app: 0|req: 396/795] 10.0.0.53 () {32 vars in 824 bytes} [Sat May 9 06:21:01 2026] GET /resource_providers/6bb61124-a327-441d-b860-d92045fdbc61/aggregates => generated 235 bytes in 6 msecs (HTTP/1.1 404) 5 headers in 202 bytes (1 switches on core 0)
2026-05-09 06:21:01.924 7 INFO placement.requestlog [None req-ae842122-eacf-4efb-8001-71c6cba556d3 9428e046437f43a285fc290eca7c4888 d0cdcc18e8ff477d849f3b4c0c4041ba - - f60cd8e3ebd34b618c77afc8f32868b5 f60cd8e3ebd34b618c77afc8f32868b5] 10.0.0.53 "DELETE /resource_providers/6bb61124-a327-441d-b860-d92045fdbc61" status: 404 len: 246 microversion: 1.1 [pid: 7|app: 0|req: 400/796] 10.0.0.53 () {34 vars in 824 bytes} [Sat May 9 06:21:01 2026] DELETE /resource_providers/6bb61124-a327-441d-b860-d92045fdbc61 => generated 246 bytes in 10 msecs (HTTP/1.1 404) 6 headers in 231 bytes (1 switches on core 0)
2026-05-09 06:21:01.925 8 INFO placement.requestlog [None req-19033394-2461-435a-b226-5c45eb095d39 9428e046437f43a285fc290eca7c4888 d0cdcc18e8ff477d849f3b4c0c4041ba - - f60cd8e3ebd34b618c77afc8f32868b5 f60cd8e3ebd34b618c77afc8f32868b5] 10.0.0.53 "DELETE /resource_providers/6bb61124-a327-441d-b860-d92045fdbc61" status: 404 len: 246 microversion: 1.1 [pid: 8|app: 0|req: 397/797] 10.0.0.53 () {34 vars in 824 bytes} [Sat May 9 06:21:01 2026] DELETE /resource_providers/6bb61124-a327-441d-b860-d92045fdbc61 => generated 246 bytes in 6 msecs (HTTP/1.1 404) 6 headers in 231 bytes (1 switches on core 0)
2026-05-09 06:21:02.226 7 INFO placement.requestlog [None req-a1d71cb5-b511-420b-a57c-1d6bc1d11bef 9428e046437f43a285fc290eca7c4888 d0cdcc18e8ff477d849f3b4c0c4041ba - - f60cd8e3ebd34b618c77afc8f32868b5 f60cd8e3ebd34b618c77afc8f32868b5] 10.0.0.53 "GET /resource_providers/de28b15c-2673-4334-8c36-aafbf0dad272/aggregates" status: 404 len: 235 microversion: 1.1 [pid: 7|app: 0|req: 401/798] 10.0.0.53 () {32 vars in 824 bytes} [Sat May 9 06:21:02 2026] GET /resource_providers/de28b15c-2673-4334-8c36-aafbf0dad272/aggregates => generated 235 bytes in 12 msecs (HTTP/1.1 404) 5 headers in 202 bytes (1 switches on core 0)
2026-05-09 06:21:02.232 8 INFO placement.requestlog [None req-39177af6-a7b5-4830-b917-8b1cb56bb40b 9428e046437f43a285fc290eca7c4888 d0cdcc18e8ff477d849f3b4c0c4041ba - - f60cd8e3ebd34b618c77afc8f32868b5 f60cd8e3ebd34b618c77afc8f32868b5] 10.0.0.53 "GET /resource_providers/de28b15c-2673-4334-8c36-aafbf0dad272/aggregates" status: 404 len: 235 microversion: 1.1 [pid: 8|app: 0|req: 398/799] 10.0.0.53 () {32 vars in 824 bytes} [Sat May 9 06:21:02 2026] GET /resource_providers/de28b15c-2673-4334-8c36-aafbf0dad272/aggregates => generated 235 bytes in 9 msecs (HTTP/1.1 404) 5 headers in 202 bytes (1 switches on core 0)
2026-05-09 06:21:02.253 7 INFO placement.requestlog [None req-a2f9a3c9-3a3a-4a41-98c0-087da0dcb6b6 9428e046437f43a285fc290eca7c4888 d0cdcc18e8ff477d849f3b4c0c4041ba - - f60cd8e3ebd34b618c77afc8f32868b5 f60cd8e3ebd34b618c77afc8f32868b5] 10.0.0.53 "DELETE /resource_providers/de28b15c-2673-4334-8c36-aafbf0dad272" status: 404 len: 246 microversion: 1.1 [pid: 7|app: 0|req: 402/800] 10.0.0.53 () {34 vars in 824 bytes} [Sat May 9 06:21:02 2026] DELETE /resource_providers/de28b15c-2673-4334-8c36-aafbf0dad272 => generated 246 bytes in 17 msecs (HTTP/1.1 404) 6 headers in 231 bytes (1 switches on core 0)
2026-05-09 06:21:02.265 8 INFO placement.requestlog [None req-847174eb-cca8-40f4-919b-1a2244a6dc6c 9428e046437f43a285fc290eca7c4888 d0cdcc18e8ff477d849f3b4c0c4041ba - - f60cd8e3ebd34b618c77afc8f32868b5 f60cd8e3ebd34b618c77afc8f32868b5] 10.0.0.53 "DELETE /resource_providers/de28b15c-2673-4334-8c36-aafbf0dad272" status: 404 len: 246 microversion: 1.1 [pid: 8|app: 0|req: 399/801] 10.0.0.53 () {34 vars in 824 bytes} [Sat May 9 06:21:02 2026] DELETE /resource_providers/de28b15c-2673-4334-8c36-aafbf0dad272 => generated 246 bytes in 12 msecs (HTTP/1.1 404) 6 headers in 231 bytes (1 switches on core 0)
2026-05-09 06:21:02.270 7 INFO placement.requestlog [None req-fd9bee2f-496d-492b-9082-310fb893fafa 9428e046437f43a285fc290eca7c4888 d0cdcc18e8ff477d849f3b4c0c4041ba - - f60cd8e3ebd34b618c77afc8f32868b5 f60cd8e3ebd34b618c77afc8f32868b5] 10.0.0.53 "GET /resource_providers/db64a1e3-57bd-40a2-be03-a2daf4d187bc/aggregates" status: 404 len: 235 microversion: 1.1 [pid: 7|app: 0|req: 403/802] 10.0.0.53 () {32 vars in 824 bytes} [Sat May 9 06:21:02 2026] GET /resource_providers/db64a1e3-57bd-40a2-be03-a2daf4d187bc/aggregates => generated 235 bytes in 8 msecs (HTTP/1.1 404) 5 headers in 202 bytes (1 switches on core 0)
2026-05-09 06:21:02.293 8 INFO placement.requestlog [None req-70134371-c471-431d-a4ed-3ab0b96f08aa 9428e046437f43a285fc290eca7c4888 d0cdcc18e8ff477d849f3b4c0c4041ba - - f60cd8e3ebd34b618c77afc8f32868b5 f60cd8e3ebd34b618c77afc8f32868b5] 10.0.0.53 "GET /resource_providers/db64a1e3-57bd-40a2-be03-a2daf4d187bc/aggregates" status: 404 len: 235 microversion: 1.1 [pid: 8|app: 0|req: 400/803] 10.0.0.53 () {32 vars in 824 bytes} [Sat May 9 06:21:02 2026] GET /resource_providers/db64a1e3-57bd-40a2-be03-a2daf4d187bc/aggregates => generated 235 bytes in 9 msecs (HTTP/1.1 404) 5 headers in 202 bytes (1 switches on core 0)
2026-05-09 06:21:02.297 7 INFO placement.requestlog [None req-3ec1e364-8a8e-4fbd-acfa-7c4ecea23114 9428e046437f43a285fc290eca7c4888 d0cdcc18e8ff477d849f3b4c0c4041ba - - f60cd8e3ebd34b618c77afc8f32868b5 f60cd8e3ebd34b618c77afc8f32868b5] 10.0.0.53 "DELETE /resource_providers/db64a1e3-57bd-40a2-be03-a2daf4d187bc" status: 404 len: 246 microversion: 1.1 [pid: 7|app: 0|req: 404/804] 10.0.0.53 () {34 vars in 824 bytes} [Sat May 9 06:21:02 2026] DELETE /resource_providers/db64a1e3-57bd-40a2-be03-a2daf4d187bc => generated 246 bytes in 13 msecs (HTTP/1.1 404) 6 headers in 231 bytes (1 switches on core 0)
2026-05-09 06:21:02.321 8 INFO placement.requestlog [None req-d39e6d64-fb54-4e36-8526-9cccf15a712e 9428e046437f43a285fc290eca7c4888 d0cdcc18e8ff477d849f3b4c0c4041ba - - f60cd8e3ebd34b618c77afc8f32868b5 f60cd8e3ebd34b618c77afc8f32868b5] 10.0.0.53 "DELETE /resource_providers/db64a1e3-57bd-40a2-be03-a2daf4d187bc" status: 404 len: 246 microversion: 1.1 [pid: 8|app: 0|req: 401/805] 10.0.0.53 () {34 vars in 824 bytes} [Sat May 9 06:21:02 2026] DELETE /resource_providers/db64a1e3-57bd-40a2-be03-a2daf4d187bc => generated 246 bytes in 8 msecs (HTTP/1.1 404) 6 headers in 231 bytes (1 switches on core 0)
2026-05-09 06:21:02.449 8 INFO placement.requestlog [None req-2169b860-e805-4c9d-909b-e6de3a02f021 - - - - - -] 10.0.0.152 "GET /" status: 200 len: 136 microversion: 1.0
2026-05-09 06:21:02.450 7 INFO placement.requestlog [None req-73297a88-a266-428c-bb9b-85ae98a31221 - - - - - -] 10.0.0.152 "GET /" status: 200 len: 136 microversion: 1.0
2026-05-09 06:21:02.539 8 INFO placement.requestlog [req-2bb44b90-052c-4d9e-8a6e-774862c7136a req-dde9506b-a094-4161-a92a-743c024f11b8 855e9e50a1594462a16e71ba8964193c d0cdcc18e8ff477d849f3b4c0c4041ba - - f60cd8e3ebd34b618c77afc8f32868b5 f60cd8e3ebd34b618c77afc8f32868b5] 10.0.0.223 "GET /allocation_candidates?limit=1000&resources=DISK_GB%3A1%2CMEMORY_MB%3A512%2CVCPU%3A1&root_required=%21COMPUTE_STATUS_DISABLED" status: 200 len: 2188 microversion: 1.36 [pid: 8|app: 0|req: 403/808] 10.0.0.223 () {34 vars in 1012 bytes} [Sat May 9 06:21:02 2026] GET /allocation_candidates?limit=1000&resources=DISK_GB%3A1%2CMEMORY_MB%3A512%2CVCPU%3A1&root_required=%21COMPUTE_STATUS_DISABLED => generated 2188 bytes in 59 msecs (HTTP/1.1 200) 8 headers in 297 bytes (1 switches on core 0)
2026-05-09 06:21:02.590 7 INFO placement.requestlog [req-2bb44b90-052c-4d9e-8a6e-774862c7136a req-e56e3f28-8b0e-4ff8-99f4-04ecf147aab1 855e9e50a1594462a16e71ba8964193c d0cdcc18e8ff477d849f3b4c0c4041ba - - f60cd8e3ebd34b618c77afc8f32868b5 f60cd8e3ebd34b618c77afc8f32868b5] 10.0.0.223 "GET /allocations/bf8d49c7-adf6-410d-8c5f-3a9ecce00bb9" status: 200 len: 19 microversion: 1.28 [pid: 7|app: 0|req: 406/809] 10.0.0.223 () {34 vars in 861 bytes} [Sat May 9 06:21:02 2026] GET /allocations/bf8d49c7-adf6-410d-8c5f-3a9ecce00bb9 => generated 19 bytes in 12 msecs (HTTP/1.1 200) 8 headers in 295 bytes (1 switches on core 0)
2026-05-09 06:21:02.683 8 INFO placement.requestlog [req-2bb44b90-052c-4d9e-8a6e-774862c7136a req-374444b2-61ff-46ca-a3be-5a77b1d9ba32 855e9e50a1594462a16e71ba8964193c d0cdcc18e8ff477d849f3b4c0c4041ba - - f60cd8e3ebd34b618c77afc8f32868b5 f60cd8e3ebd34b618c77afc8f32868b5] 10.0.0.223 "PUT /allocations/bf8d49c7-adf6-410d-8c5f-3a9ecce00bb9" status: 204 len: 0 microversion: 1.36 [pid: 8|app: 0|req: 404/810] 10.0.0.223 () {38 vars in 914 bytes} [Sat May 9 06:21:02 2026] PUT /allocations/bf8d49c7-adf6-410d-8c5f-3a9ecce00bb9 => generated 0 bytes in 86 msecs (HTTP/1.1 204) 5 headers in 199 bytes (1 switches on core 0)
2026-05-09 06:21:02.965 7 INFO placement.requestlog [req-2bb44b90-052c-4d9e-8a6e-774862c7136a req-221b9757-4953-4d62-a12b-7d6fd8028e34 855e9e50a1594462a16e71ba8964193c d0cdcc18e8ff477d849f3b4c0c4041ba - - f60cd8e3ebd34b618c77afc8f32868b5 f60cd8e3ebd34b618c77afc8f32868b5] 199.204.45.113 "GET /allocations/bf8d49c7-adf6-410d-8c5f-3a9ecce00bb9" status: 200 len: 258 microversion: 1.28 [pid: 7|app: 0|req: 407/811] 199.204.45.113 () {34 vars in 863 bytes} [Sat May 9 06:21:02 2026] GET /allocations/bf8d49c7-adf6-410d-8c5f-3a9ecce00bb9 => generated 258 bytes in 26 msecs (HTTP/1.1 200) 8 headers in 296 bytes (1 switches on core 0)
2026-05-09 06:21:03.056 8 INFO placement.requestlog [req-2bb44b90-052c-4d9e-8a6e-774862c7136a req-ad807164-803f-457f-b3c9-1abd8ce37bbe 855e9e50a1594462a16e71ba8964193c d0cdcc18e8ff477d849f3b4c0c4041ba - - f60cd8e3ebd34b618c77afc8f32868b5 f60cd8e3ebd34b618c77afc8f32868b5] 199.204.45.113 "GET /resource_providers/bfbda6de-0a1a-48a5-b3d0-a55710f69f89/allocations" status: 200 len: 153 microversion: 1.0 [pid: 8|app: 0|req: 405/812] 199.204.45.113 () {32 vars in 857 bytes} [Sat May 9 06:21:03 2026] GET /resource_providers/bfbda6de-0a1a-48a5-b3d0-a55710f69f89/allocations => generated 153 bytes in 15 msecs (HTTP/1.1 200) 6 headers in 224 bytes (1 switches on core 0)
2026-05-09 06:21:03.089 7 INFO placement.requestlog [req-2bb44b90-052c-4d9e-8a6e-774862c7136a req-11eb0f1d-55d6-48a1-91c8-e783e6b1a9e1 855e9e50a1594462a16e71ba8964193c d0cdcc18e8ff477d849f3b4c0c4041ba - - f60cd8e3ebd34b618c77afc8f32868b5 f60cd8e3ebd34b618c77afc8f32868b5] 199.204.45.113 "GET /allocations/bf8d49c7-adf6-410d-8c5f-3a9ecce00bb9" status: 200 len: 258 microversion: 1.28 [pid: 7|app: 0|req: 408/813] 199.204.45.113 () {34 vars in 863 bytes} [Sat May 9 06:21:03 2026] GET /allocations/bf8d49c7-adf6-410d-8c5f-3a9ecce00bb9 => generated 258 bytes in 22 msecs (HTTP/1.1 200) 8 headers in 296 bytes (1 switches on core 0)
2026-05-09 06:21:04.332 8 INFO placement.requestlog [None req-465a66ee-b2d0-477b-9811-c2efa141f860 9428e046437f43a285fc290eca7c4888 d0cdcc18e8ff477d849f3b4c0c4041ba - - f60cd8e3ebd34b618c77afc8f32868b5 f60cd8e3ebd34b618c77afc8f32868b5] 10.0.0.53 "GET /resource_providers/6c389b53-4c29-4e9b-a30f-3879e4cb2a78/aggregates" status: 404 len: 235 microversion: 1.1 [pid: 8|app: 0|req: 406/814] 10.0.0.53 () {32 vars in 824 bytes} [Sat May 9 06:21:04 2026] GET /resource_providers/6c389b53-4c29-4e9b-a30f-3879e4cb2a78/aggregates => generated 235 bytes in 10 msecs (HTTP/1.1 404) 5 headers in 202 bytes (1 switches on core 0)
2026-05-09 06:21:04.342 7 INFO placement.requestlog [None req-45bbff1f-8d52-4647-a6b3-823274ec913f 9428e046437f43a285fc290eca7c4888 d0cdcc18e8ff477d849f3b4c0c4041ba - - f60cd8e3ebd34b618c77afc8f32868b5 f60cd8e3ebd34b618c77afc8f32868b5] 10.0.0.53 "GET /resource_providers/6c389b53-4c29-4e9b-a30f-3879e4cb2a78/aggregates" status: 404 len: 235 microversion: 1.1 [pid: 7|app: 0|req: 409/815] 10.0.0.53 () {32 vars in 824 bytes} [Sat May 9 06:21:04 2026] GET /resource_providers/6c389b53-4c29-4e9b-a30f-3879e4cb2a78/aggregates => generated 235 bytes in 14 msecs (HTTP/1.1 404) 5 headers in 202 bytes (1 switches on core 0)
2026-05-09 06:21:04.363 8 INFO placement.requestlog [None req-cad06957-d215-4c13-b812-73ab5e24af51 9428e046437f43a285fc290eca7c4888 d0cdcc18e8ff477d849f3b4c0c4041ba - - f60cd8e3ebd34b618c77afc8f32868b5 f60cd8e3ebd34b618c77afc8f32868b5] 10.0.0.53 "DELETE /resource_providers/6c389b53-4c29-4e9b-a30f-3879e4cb2a78" status: 404 len: 246 microversion: 1.1 [pid: 8|app: 0|req: 407/816] 10.0.0.53 () {34 vars in 824 bytes} [Sat May 9 06:21:04 2026] DELETE /resource_providers/6c389b53-4c29-4e9b-a30f-3879e4cb2a78 => generated 246 bytes in 23 msecs (HTTP/1.1 404) 6 headers in 231 bytes (1 switches on core 0)
2026-05-09 06:21:04.381 7 INFO placement.requestlog [None req-6d6e15da-f763-48da-b321-770b270af61a 9428e046437f43a285fc290eca7c4888 d0cdcc18e8ff477d849f3b4c0c4041ba - - f60cd8e3ebd34b618c77afc8f32868b5 f60cd8e3ebd34b618c77afc8f32868b5] 10.0.0.53 "DELETE /resource_providers/6c389b53-4c29-4e9b-a30f-3879e4cb2a78" status: 404 len: 246 microversion: 1.1 [pid: 7|app: 0|req: 410/817] 10.0.0.53 () {34 vars in 824 bytes} [Sat May 9 06:21:04 2026] DELETE /resource_providers/6c389b53-4c29-4e9b-a30f-3879e4cb2a78 => generated 246 bytes in 27 msecs (HTTP/1.1 404) 6 headers in 231 bytes (1 switches on core 0)
2026-05-09 06:21:06.928 8 INFO placement.requestlog [None req-fb706b38-5ad7-4e30-90b2-a1c02ef93b44 9428e046437f43a285fc290eca7c4888 d0cdcc18e8ff477d849f3b4c0c4041ba - - f60cd8e3ebd34b618c77afc8f32868b5 f60cd8e3ebd34b618c77afc8f32868b5] 10.0.0.53 "GET /resource_providers/82975387-db0a-4e4f-b437-b2d627fb61e0/aggregates" status: 404 len: 235 microversion: 1.1 [pid: 8|app: 0|req: 408/818] 10.0.0.53 () {32 vars in 824 bytes} [Sat May 9 06:21:06 2026] GET /resource_providers/82975387-db0a-4e4f-b437-b2d627fb61e0/aggregates => generated 235 bytes in 12 msecs (HTTP/1.1 404) 5 headers in 202 bytes (1 switches on core 0)
2026-05-09 06:21:06.939 7 INFO placement.requestlog [None req-ac02531e-9830-47d0-adaa-39425bffb3bd 9428e046437f43a285fc290eca7c4888 d0cdcc18e8ff477d849f3b4c0c4041ba - - f60cd8e3ebd34b618c77afc8f32868b5 f60cd8e3ebd34b618c77afc8f32868b5] 10.0.0.53 "GET /resource_providers/82975387-db0a-4e4f-b437-b2d627fb61e0/aggregates" status: 404 len: 235 microversion: 1.1 [pid: 7|app: 0|req: 411/819] 10.0.0.53 () {32 vars in 824 bytes} [Sat May 9 06:21:06 2026] GET /resource_providers/82975387-db0a-4e4f-b437-b2d627fb61e0/aggregates => generated 235 bytes in 17 msecs (HTTP/1.1 404) 5 headers in 202 bytes (1 switches on core 0)
2026-05-09 06:21:06.961 8 INFO placement.requestlog [None req-018656b2-d7c9-4f34-a441-685e1c885de2 9428e046437f43a285fc290eca7c4888 d0cdcc18e8ff477d849f3b4c0c4041ba - - f60cd8e3ebd34b618c77afc8f32868b5 f60cd8e3ebd34b618c77afc8f32868b5] 10.0.0.53 "DELETE /resource_providers/82975387-db0a-4e4f-b437-b2d627fb61e0" status: 404 len: 246 microversion: 1.1 [pid: 8|app: 0|req: 409/820] 10.0.0.53 () {34 vars in 824 bytes} [Sat May 9 06:21:06 2026] DELETE /resource_providers/82975387-db0a-4e4f-b437-b2d627fb61e0 => generated 246 bytes in 12 msecs (HTTP/1.1 404) 6 headers in 231 bytes (1 switches on core 0)
2026-05-09 06:21:06.977 7 INFO placement.requestlog [None req-519b2a95-5e4b-4dd4-9d25-4707293ea3fe 9428e046437f43a285fc290eca7c4888 d0cdcc18e8ff477d849f3b4c0c4041ba - - f60cd8e3ebd34b618c77afc8f32868b5 f60cd8e3ebd34b618c77afc8f32868b5] 10.0.0.53 "DELETE /resource_providers/82975387-db0a-4e4f-b437-b2d627fb61e0" status: 404 len: 246 microversion: 1.1 [pid: 7|app: 0|req: 412/821] 10.0.0.53 () {34 vars in 824 bytes} [Sat May 9 06:21:06 2026] DELETE /resource_providers/82975387-db0a-4e4f-b437-b2d627fb61e0 => generated 246 bytes in 21 msecs (HTTP/1.1 404) 6 headers in 231 bytes (1 switches on core 0)
2026-05-09 06:21:09.008 7 INFO placement.requestlog [None req-549e18c1-807b-45c3-b9f9-30c36ed5cc88 9428e046437f43a285fc290eca7c4888 d0cdcc18e8ff477d849f3b4c0c4041ba - - f60cd8e3ebd34b618c77afc8f32868b5 f60cd8e3ebd34b618c77afc8f32868b5] 10.0.0.53 "GET /resource_providers/218742ec-7632-4250-bcfe-2524cbf84205/aggregates" status: 404 len: 235 microversion: 1.1 [pid: 7|app: 0|req: 413/822] 10.0.0.53 () {32 vars in 824 bytes} [Sat May 9 06:21:08 2026] GET /resource_providers/218742ec-7632-4250-bcfe-2524cbf84205/aggregates => generated 235 bytes in 12 msecs (HTTP/1.1 404) 5 headers in 202 bytes (1 switches on core 0)
2026-05-09 06:21:09.010 8 INFO placement.requestlog [None req-8d14dbfd-8794-4113-88ee-686d329e5436 9428e046437f43a285fc290eca7c4888 d0cdcc18e8ff477d849f3b4c0c4041ba - - f60cd8e3ebd34b618c77afc8f32868b5 f60cd8e3ebd34b618c77afc8f32868b5] 10.0.0.53 "GET /resource_providers/218742ec-7632-4250-bcfe-2524cbf84205/aggregates" status: 404 len: 235 microversion: 1.1 [pid: 8|app: 0|req: 410/823] 10.0.0.53 () {32 vars in 824 bytes} [Sat May 9 06:21:08 2026] GET /resource_providers/218742ec-7632-4250-bcfe-2524cbf84205/aggregates => generated 235 bytes in 14 msecs (HTTP/1.1 404) 5 headers in 202 bytes (1 switches on core 0)
2026-05-09 06:21:09.035 8 INFO placement.requestlog [None req-559c2c46-e43c-485e-80d2-9fe4284c85f3 9428e046437f43a285fc290eca7c4888 d0cdcc18e8ff477d849f3b4c0c4041ba - - f60cd8e3ebd34b618c77afc8f32868b5 f60cd8e3ebd34b618c77afc8f32868b5] 10.0.0.53 "DELETE /resource_providers/218742ec-7632-4250-bcfe-2524cbf84205" status: 404 len: 246 microversion: 1.1 [pid: 8|app: 0|req: 411/824] 10.0.0.53 () {34 vars in 824 bytes} [Sat May 9 06:21:09 2026] DELETE /resource_providers/218742ec-7632-4250-bcfe-2524cbf84205 => generated 246 bytes in 9 msecs (HTTP/1.1 404) 6 headers in 231 bytes (1 switches on core 0)
2026-05-09 06:21:09.037 7 INFO placement.requestlog [None req-a97703f3-00bf-4f2c-9341-fa8a31c7c0f6 9428e046437f43a285fc290eca7c4888 d0cdcc18e8ff477d849f3b4c0c4041ba - - f60cd8e3ebd34b618c77afc8f32868b5 f60cd8e3ebd34b618c77afc8f32868b5] 10.0.0.53 "DELETE /resource_providers/218742ec-7632-4250-bcfe-2524cbf84205" status: 404 len: 246 microversion: 1.1 [pid: 7|app: 0|req: 414/825] 10.0.0.53 () {34 vars in 824 bytes} [Sat May 9 06:21:09 2026] DELETE /resource_providers/218742ec-7632-4250-bcfe-2524cbf84205 => generated 246 bytes in 11 msecs (HTTP/1.1 404) 6 headers in 231 bytes (1 switches on core 0)
2026-05-09 06:21:12.449 7 INFO placement.requestlog [None req-65f487c6-b6d8-4831-b9e2-7845f8a1fd74 - - - - - -] 10.0.0.152 "GET /" status: 200 len: 136 microversion: 1.0
2026-05-09 06:21:12.449 8 INFO placement.requestlog [None req-1db685db-7488-413e-b85c-35c36a4f5f26 - - - - - -] 10.0.0.152 "GET /" status: 200 len: 136 microversion: 1.0
2026-05-09 06:21:12.778 7 INFO placement.requestlog [req-25d9572b-01f1-43f2-94b3-78807cae691e req-2c800316-ba85-4f50-8bdd-536cb7608b34 855e9e50a1594462a16e71ba8964193c d0cdcc18e8ff477d849f3b4c0c4041ba - - f60cd8e3ebd34b618c77afc8f32868b5 f60cd8e3ebd34b618c77afc8f32868b5] 199.204.45.113 "GET /resource_providers/bfbda6de-0a1a-48a5-b3d0-a55710f69f89/allocations" status: 200 len: 153 microversion: 1.0 [pid: 7|app: 0|req: 416/828] 199.204.45.113 () {32 vars in 857 bytes} [Sat May 9 06:21:12 2026] GET /resource_providers/bfbda6de-0a1a-48a5-b3d0-a55710f69f89/allocations => generated 153 bytes in 19 msecs (HTTP/1.1 200) 6 headers in 224 bytes (1 switches on core 0)
2026-05-09 06:21:12.808 8 INFO placement.requestlog [req-25d9572b-01f1-43f2-94b3-78807cae691e req-ff1681c6-f94c-4ce0-9b97-d5287ca4464b 855e9e50a1594462a16e71ba8964193c d0cdcc18e8ff477d849f3b4c0c4041ba - - f60cd8e3ebd34b618c77afc8f32868b5 f60cd8e3ebd34b618c77afc8f32868b5] 199.204.45.113 "GET /resource_providers/bfbda6de-0a1a-48a5-b3d0-a55710f69f89/allocations" status: 200 len: 153 microversion: 1.0 [pid: 8|app: 0|req: 413/829] 199.204.45.113 () {32 vars in 857 bytes} [Sat May 9 06:21:12 2026] GET /resource_providers/bfbda6de-0a1a-48a5-b3d0-a55710f69f89/allocations => generated 153 bytes in 20 msecs (HTTP/1.1 200) 6 headers in 224 bytes (1 switches on core 0)
2026-05-09 06:21:12.839 7 INFO placement.requestlog [req-25d9572b-01f1-43f2-94b3-78807cae691e req-8e204a57-029d-4930-9a96-c925195d3fa0 855e9e50a1594462a16e71ba8964193c d0cdcc18e8ff477d849f3b4c0c4041ba - - f60cd8e3ebd34b618c77afc8f32868b5 f60cd8e3ebd34b618c77afc8f32868b5] 199.204.45.113 "GET /allocations/bf8d49c7-adf6-410d-8c5f-3a9ecce00bb9" status: 200 len: 258 microversion: 1.28 [pid: 7|app: 0|req: 417/830] 199.204.45.113 () {34 vars in 863 bytes} [Sat May 9 06:21:12 2026] GET /allocations/bf8d49c7-adf6-410d-8c5f-3a9ecce00bb9 => generated 258 bytes in 26 msecs (HTTP/1.1 200) 8 headers in 296 bytes (1 switches on core 0)
2026-05-09 06:21:18.767 7 INFO placement.requestlog [None req-d6b14431-e50f-4f3f-a26d-f5396d45c776 9428e046437f43a285fc290eca7c4888 d0cdcc18e8ff477d849f3b4c0c4041ba - - f60cd8e3ebd34b618c77afc8f32868b5 f60cd8e3ebd34b618c77afc8f32868b5] 10.0.0.53 "GET /resource_providers/d30306e9-4bb5-40b7-9130-ac37dc1b9322/aggregates" status: 404 len: 235 microversion: 1.1 [pid: 7|app: 0|req: 418/831] 10.0.0.53 () {32 vars in 824 bytes} [Sat May 9 06:21:18 2026] GET /resource_providers/d30306e9-4bb5-40b7-9130-ac37dc1b9322/aggregates => generated 235 bytes in 16 msecs (HTTP/1.1 404) 5 headers in 202 bytes (1 switches on core 0)
2026-05-09 06:21:18.768 8 INFO placement.requestlog [None req-7b3d85ac-3550-41a4-8304-3a010634072f 9428e046437f43a285fc290eca7c4888 d0cdcc18e8ff477d849f3b4c0c4041ba - - f60cd8e3ebd34b618c77afc8f32868b5 f60cd8e3ebd34b618c77afc8f32868b5] 10.0.0.53 "GET /resource_providers/d30306e9-4bb5-40b7-9130-ac37dc1b9322/aggregates" status: 404 len: 235 microversion: 1.1 [pid: 8|app: 0|req: 414/832] 10.0.0.53 () {32 vars in 824 bytes} [Sat May 9 06:21:18 2026] GET /resource_providers/d30306e9-4bb5-40b7-9130-ac37dc1b9322/aggregates => generated 235 bytes in 17 msecs (HTTP/1.1 404) 5 headers in 202 bytes (1 switches on core 0)
