Jul 31 00:49:42.322906 np0000187730 devstack@n-api.service[98211]: DEBUG dbcounter [-] [98211] Writing DB stats nova_api:SELECT=2 {{(pid=98211) stat_writer /opt/stack/data/venv/lib/python3.12/site-packages/dbcounter.py:115}}
Jul 31 00:50:06.590291 np0000187730 devstack@n-api.service[98212]: DEBUG nova.api.openstack.wsgi [None req-df21818b-7428-461b-955e-0e109e93496f admin admin] Calling method '>' {{(pid=98212) _process_stack /opt/stack/nova/nova/api/openstack/wsgi.py:551}}
Jul 31 00:50:06.596074 np0000187730 devstack@n-api.service[98212]: INFO nova.api.openstack.requestlog [None req-df21818b-7428-461b-955e-0e109e93496f admin admin] 199.204.45.77 "GET /compute/v2.1" status: 200 len: 392 microversion: 2.1 time: 0.006130
Jul 31 00:50:06.596509 np0000187730 devstack@n-api.service[98212]: [pid: 98212|app: 0|req: 15/61] 199.204.45.77 () {62 vars in 1056 bytes} [Fri Jul 31 00:50:06 2026] GET /compute/v2.1 => generated 392 bytes in 7 msecs (HTTP/1.1 200) 9 headers in 357 bytes (1 switches on core 0)
Jul 31 00:50:06.637897 np0000187730 devstack@n-api.service[98214]: DEBUG nova.api.openstack.wsgi [None req-8f99d3e0-36ce-410f-8a93-9631cbe5dfbc admin admin] Calling method '>' {{(pid=98214) _process_stack /opt/stack/nova/nova/api/openstack/wsgi.py:551}}
Jul 31 00:50:06.643793 np0000187730 devstack@n-api.service[98214]: INFO nova.api.openstack.requestlog [None req-8f99d3e0-36ce-410f-8a93-9631cbe5dfbc admin admin] 199.204.45.77 "GET /compute/v2.1/" status: 200 len: 392 microversion: 2.1 time: 0.006295
Jul 31 00:50:06.644062 np0000187730 devstack@n-api.service[98214]: [pid: 98214|app: 0|req: 17/62] 199.204.45.77 () {62 vars in 1059 bytes} [Fri Jul 31 00:50:06 2026] GET /compute/v2.1/ => generated 392 bytes in 7 msecs (HTTP/1.1 200) 9 headers in 357 bytes (1 switches on core 0)
Jul 31 00:50:06.687619 np0000187730 devstack@n-api.service[98213]: DEBUG nova.api.openstack.wsgi [None req-159bb635-29a3-4678-997c-a747ed22a935 demo demo] Calling method '>' {{(pid=98213) _process_stack /opt/stack/nova/nova/api/openstack/wsgi.py:551}}
Jul 31 00:50:06.717316 np0000187730 devstack@n-api.service[98213]: INFO nova.api.openstack.requestlog [None req-159bb635-29a3-4678-997c-a747ed22a935 demo demo] 199.204.45.77 "GET /compute/v2.1/flavors/detail?is_public=None" status: 200 len: 5240 microversion: 2.61 time: 0.033102
Jul 31 00:50:06.717590 np0000187730 devstack@n-api.service[98213]: [pid: 98213|app: 0|req: 16/63] 199.204.45.77 () {68 vars in 1417 bytes} [Fri Jul 31 00:50:06 2026] GET /compute/v2.1/flavors/detail?is_public=None => generated 5240 bytes in 34 msecs (HTTP/1.1 200) 9 headers in 360 bytes (1 switches on core 0)
Jul 31 00:50:06.772126 np0000187730 devstack@n-api.service[98211]: DEBUG nova.api.openstack.wsgi [None req-606532aa-751d-45a0-afe8-8aa7f8987bf9 demo demo] Calling method '>' {{(pid=98211) _process_stack /opt/stack/nova/nova/api/openstack/wsgi.py:551}}
Jul 31 00:50:06.806098 np0000187730 devstack@n-api.service[98211]: INFO nova.api.openstack.requestlog [None req-606532aa-751d-45a0-afe8-8aa7f8987bf9 demo demo] 199.204.45.77 "GET /compute/v2.1/flavors/detail?is_public=None" status: 200 len: 5240 microversion: 2.61 time: 0.037814
Jul 31 00:50:06.806459 np0000187730 devstack@n-api.service[98211]: [pid: 98211|app: 0|req: 16/64] 199.204.45.77 () {68 vars in 1417 bytes} [Fri Jul 31 00:50:06 2026] GET /compute/v2.1/flavors/detail?is_public=None => generated 5240 bytes in 39 msecs (HTTP/1.1 200) 9 headers in 360 bytes (1 switches on core 0)
Jul 31 00:50:07.114352 np0000187730 devstack@n-api.service[98212]: DEBUG nova.api.openstack.wsgi [None req-df21818b-7428-461b-955e-0e109e93496f admin admin] Calling method '>' {{(pid=98212) _process_stack /opt/stack/nova/nova/api/openstack/wsgi.py:551}}
Jul 31 00:50:07.119815 np0000187730 devstack@n-api.service[98212]: INFO nova.api.openstack.requestlog [None req-df21818b-7428-461b-955e-0e109e93496f admin admin] 199.204.45.77 "GET /compute/v2.1" status: 200 len: 392 microversion: 2.1 time: 0.005913
Jul 31 00:50:07.120238 np0000187730 devstack@n-api.service[98212]: [pid: 98212|app: 0|req: 16/65] 199.204.45.77 () {62 vars in 1056 bytes} [Fri Jul 31 00:50:07 2026] GET /compute/v2.1 => generated 392 bytes in 7 msecs (HTTP/1.1 200) 9 headers in 357 bytes (1 switches on core 0)
Jul 31 00:50:07.161165 np0000187730 devstack@n-api.service[98214]: DEBUG nova.api.openstack.wsgi [None req-8f99d3e0-36ce-410f-8a93-9631cbe5dfbc admin admin] Calling method '>' {{(pid=98214) _process_stack /opt/stack/nova/nova/api/openstack/wsgi.py:551}}
Jul 31 00:50:07.167072 np0000187730 devstack@n-api.service[98214]: INFO nova.api.openstack.requestlog [None req-8f99d3e0-36ce-410f-8a93-9631cbe5dfbc admin admin] 199.204.45.77 "GET /compute/v2.1/" status: 200 len: 392 microversion: 2.1 time: 0.006143
Jul 31 00:50:07.167536 np0000187730 devstack@n-api.service[98214]: [pid: 98214|app: 0|req: 18/66] 199.204.45.77 () {62 vars in 1059 bytes} [Fri Jul 31 00:50:07 2026] GET /compute/v2.1/ => generated 392 bytes in 7 msecs (HTTP/1.1 200) 9 headers in 357 bytes (1 switches on core 0)
Jul 31 00:50:07.214495 np0000187730 devstack@n-api.service[98213]: DEBUG nova.api.openstack.wsgi [None req-6c3dbeb3-2ca4-44ff-924b-655f12308c24 demo demo] Calling method '>' {{(pid=98213) _process_stack /opt/stack/nova/nova/api/openstack/wsgi.py:551}}
Jul 31 00:50:07.236244 np0000187730 devstack@n-api.service[98213]: INFO nova.api.openstack.requestlog [None req-6c3dbeb3-2ca4-44ff-924b-655f12308c24 demo demo] 199.204.45.77 "GET /compute/v2.1/flavors/detail?is_public=None" status: 200 len: 5240 microversion: 2.61 time: 0.026427
Jul 31 00:50:07.236519 np0000187730 devstack@n-api.service[98213]: [pid: 98213|app: 0|req: 17/67] 199.204.45.77 () {68 vars in 1417 bytes} [Fri Jul 31 00:50:07 2026] GET /compute/v2.1/flavors/detail?is_public=None => generated 5240 bytes in 27 msecs (HTTP/1.1 200) 9 headers in 360 bytes (1 switches on core 0)
Jul 31 00:50:07.290990 np0000187730 devstack@n-api.service[98211]: DEBUG nova.api.openstack.wsgi [None req-e61a81c0-1ce4-4cfa-9389-869c2aa8c786 demo demo] Calling method '>' {{(pid=98211) _process_stack /opt/stack/nova/nova/api/openstack/wsgi.py:551}}
Jul 31 00:50:07.310818 np0000187730 devstack@n-api.service[98211]: INFO nova.api.openstack.requestlog [None req-e61a81c0-1ce4-4cfa-9389-869c2aa8c786 demo demo] 199.204.45.77 "GET /compute/v2.1/flavors/detail?is_public=None" status: 200 len: 5240 microversion: 2.61 time: 0.023473
Jul 31 00:50:07.310983 np0000187730 devstack@n-api.service[98211]: [pid: 98211|app: 0|req: 17/68] 199.204.45.77 () {68 vars in 1417 bytes} [Fri Jul 31 00:50:07 2026] GET /compute/v2.1/flavors/detail?is_public=None => generated 5240 bytes in 24 msecs (HTTP/1.1 200) 9 headers in 360 bytes (1 switches on core 0)
Jul 31 00:50:11.385457 np0000187730 devstack@n-api.service[98212]: DEBUG nova.api.openstack.wsgi [None req-df21818b-7428-461b-955e-0e109e93496f admin admin] Calling method '>' {{(pid=98212) _process_stack /opt/stack/nova/nova/api/openstack/wsgi.py:551}}
Jul 31 00:50:11.390828 np0000187730 devstack@n-api.service[98212]: INFO nova.api.openstack.requestlog [None req-df21818b-7428-461b-955e-0e109e93496f admin admin] 199.204.45.77 "GET /compute/v2.1" status: 200 len: 392 microversion: 2.1 time: 0.006160
Jul 31 00:50:11.391757 np0000187730 devstack@n-api.service[98212]: [pid: 98212|app: 0|req: 17/69] 199.204.45.77 () {62 vars in 1056 bytes} [Fri Jul 31 00:50:11 2026] GET /compute/v2.1 => generated 392 bytes in 7 msecs (HTTP/1.1 200) 9 headers in 357 bytes (1 switches on core 0)
Jul 31 00:50:11.433629 np0000187730 devstack@n-api.service[98214]: DEBUG nova.api.openstack.wsgi [None req-8f99d3e0-36ce-410f-8a93-9631cbe5dfbc admin admin] Calling method '>' {{(pid=98214) _process_stack /opt/stack/nova/nova/api/openstack/wsgi.py:551}}
Jul 31 00:50:11.438650 np0000187730 devstack@n-api.service[98214]: INFO nova.api.openstack.requestlog [None req-8f99d3e0-36ce-410f-8a93-9631cbe5dfbc admin admin] 199.204.45.77 "GET /compute/v2.1/" status: 200 len: 392 microversion: 2.1 time: 0.005487
Jul 31 00:50:11.438895 np0000187730 devstack@n-api.service[98214]: [pid: 98214|app: 0|req: 19/70] 199.204.45.77 () {62 vars in 1059 bytes} [Fri Jul 31 00:50:11 2026] GET /compute/v2.1/ => generated 392 bytes in 7 msecs (HTTP/1.1 200) 9 headers in 357 bytes (1 switches on core 0)
Jul 31 00:50:11.481227 np0000187730 devstack@n-api.service[98213]: DEBUG nova.api.openstack.wsgi [None req-1ecdfb1c-fd0a-4bc8-a6d6-9c66bdfb7c0f demo demo] Calling method '>' {{(pid=98213) _process_stack /opt/stack/nova/nova/api/openstack/wsgi.py:551}}
Jul 31 00:50:11.499997 np0000187730 devstack@n-api.service[98213]: INFO nova.api.openstack.requestlog [None req-1ecdfb1c-fd0a-4bc8-a6d6-9c66bdfb7c0f demo demo] 199.204.45.77 "GET /compute/v2.1/flavors/detail?is_public=None" status: 200 len: 5240 microversion: 2.61 time: 0.022441
Jul 31 00:50:11.500224 np0000187730 devstack@n-api.service[98213]: [pid: 98213|app: 0|req: 18/71] 199.204.45.77 () {68 vars in 1417 bytes} [Fri Jul 31 00:50:11 2026] GET /compute/v2.1/flavors/detail?is_public=None => generated 5240 bytes in 23 msecs (HTTP/1.1 200) 9 headers in 360 bytes (1 switches on core 0)
Jul 31 00:50:11.549233 np0000187730 devstack@n-api.service[98211]: DEBUG nova.api.openstack.wsgi [None req-d86f1eb2-5ad2-44f1-a01e-0ad562062d19 demo demo] Calling method '>' {{(pid=98211) _process_stack /opt/stack/nova/nova/api/openstack/wsgi.py:551}}
Jul 31 00:50:11.573431 np0000187730 devstack@n-api.service[98211]: INFO nova.api.openstack.requestlog [None req-d86f1eb2-5ad2-44f1-a01e-0ad562062d19 demo demo] 199.204.45.77 "GET /compute/v2.1/flavors/detail?is_public=None" status: 200 len: 5240 microversion: 2.61 time: 0.027840
Jul 31 00:50:11.573694 np0000187730 devstack@n-api.service[98211]: [pid: 98211|app: 0|req: 18/72] 199.204.45.77 () {68 vars in 1417 bytes} [Fri Jul 31 00:50:11 2026] GET /compute/v2.1/flavors/detail?is_public=None => generated 5240 bytes in 28 msecs (HTTP/1.1 200) 9 headers in 360 bytes (1 switches on core 0)
Jul 31 00:50:11.726077 np0000187730 devstack@n-api.service[98212]: DEBUG nova.api.openstack.wsgi [None req-df21818b-7428-461b-955e-0e109e93496f admin admin] Calling method '>' {{(pid=98212) _process_stack /opt/stack/nova/nova/api/openstack/wsgi.py:551}}
Jul 31 00:50:11.730927 np0000187730 devstack@n-api.service[98212]: INFO nova.api.openstack.requestlog [None req-df21818b-7428-461b-955e-0e109e93496f admin admin] 199.204.45.77 "GET /compute/v2.1" status: 200 len: 392 microversion: 2.1 time: 0.005358
Jul 31 00:50:11.731170 np0000187730 devstack@n-api.service[98212]: [pid: 98212|app: 0|req: 18/73] 199.204.45.77 () {62 vars in 1056 bytes} [Fri Jul 31 00:50:11 2026] GET /compute/v2.1 => generated 392 bytes in 6 msecs (HTTP/1.1 200) 9 headers in 357 bytes (1 switches on core 0)
Jul 31 00:50:11.772839 np0000187730 devstack@n-api.service[98214]: DEBUG nova.api.openstack.wsgi [None req-8f99d3e0-36ce-410f-8a93-9631cbe5dfbc admin admin] Calling method '>' {{(pid=98214) _process_stack /opt/stack/nova/nova/api/openstack/wsgi.py:551}}
Jul 31 00:50:11.779328 np0000187730 devstack@n-api.service[98214]: INFO nova.api.openstack.requestlog [None req-8f99d3e0-36ce-410f-8a93-9631cbe5dfbc admin admin] 199.204.45.77 "GET /compute/v2.1/" status: 200 len: 392 microversion: 2.1 time: 0.006988
Jul 31 00:50:11.779691 np0000187730 devstack@n-api.service[98214]: [pid: 98214|app: 0|req: 20/74] 199.204.45.77 () {62 vars in 1059 bytes} [Fri Jul 31 00:50:11 2026] GET /compute/v2.1/ => generated 392 bytes in 8 msecs (HTTP/1.1 200) 9 headers in 357 bytes (1 switches on core 0)
Jul 31 00:50:11.821043 np0000187730 devstack@n-api.service[98213]: DEBUG nova.api.openstack.wsgi [None req-ada6d5ec-6ccc-4227-b464-d4f08fba6c2d demo demo] Calling method '>' {{(pid=98213) _process_stack /opt/stack/nova/nova/api/openstack/wsgi.py:551}}
Jul 31 00:50:11.845224 np0000187730 devstack@n-api.service[98213]: INFO nova.api.openstack.requestlog [None req-ada6d5ec-6ccc-4227-b464-d4f08fba6c2d demo demo] 199.204.45.77 "GET /compute/v2.1/flavors/detail?is_public=None" status: 200 len: 5240 microversion: 2.61 time: 0.027444
Jul 31 00:50:11.845488 np0000187730 devstack@n-api.service[98213]: [pid: 98213|app: 0|req: 19/75] 199.204.45.77 () {68 vars in 1417 bytes} [Fri Jul 31 00:50:11 2026] GET /compute/v2.1/flavors/detail?is_public=None => generated 5240 bytes in 28 msecs (HTTP/1.1 200) 9 headers in 360 bytes (1 switches on core 0)
Jul 31 00:50:11.896959 np0000187730 devstack@n-api.service[98211]: DEBUG nova.api.openstack.wsgi [None req-990d8930-6048-4566-a37b-ca0736587db6 demo demo] Calling method '>' {{(pid=98211) _process_stack /opt/stack/nova/nova/api/openstack/wsgi.py:551}}
Jul 31 00:50:11.919860 np0000187730 devstack@n-api.service[98211]: INFO nova.api.openstack.requestlog [None req-990d8930-6048-4566-a37b-ca0736587db6 demo demo] 199.204.45.77 "GET /compute/v2.1/flavors/detail?is_public=None" status: 200 len: 5240 microversion: 2.61 time: 0.026629
Jul 31 00:50:11.920043 np0000187730 devstack@n-api.service[98211]: [pid: 98211|app: 0|req: 19/76] 199.204.45.77 () {68 vars in 1417 bytes} [Fri Jul 31 00:50:11 2026] GET /compute/v2.1/flavors/detail?is_public=None => generated 5240 bytes in 27 msecs (HTTP/1.1 200) 9 headers in 360 bytes (1 switches on core 0)
Jul 31 00:50:15.656686 np0000187730 devstack@n-api.service[98212]: DEBUG nova.api.openstack.wsgi [None req-df21818b-7428-461b-955e-0e109e93496f admin admin] Calling method '>' {{(pid=98212) _process_stack /opt/stack/nova/nova/api/openstack/wsgi.py:551}}
Jul 31 00:50:15.662254 np0000187730 devstack@n-api.service[98212]: INFO nova.api.openstack.requestlog [None req-df21818b-7428-461b-955e-0e109e93496f admin admin] 199.204.45.77 "GET /compute/v2.1" status: 200 len: 392 microversion: 2.1 time: 0.005919
Jul 31 00:50:15.662738 np0000187730 devstack@n-api.service[98212]: [pid: 98212|app: 0|req: 19/77] 199.204.45.77 () {62 vars in 1067 bytes} [Fri Jul 31 00:50:15 2026] GET /compute/v2.1 => generated 392 bytes in 7 msecs (HTTP/1.1 200) 9 headers in 357 bytes (1 switches on core 0)
Jul 31 00:50:15.695037 np0000187730 devstack@n-api.service[98214]: DEBUG nova.api.openstack.wsgi [None req-8f99d3e0-36ce-410f-8a93-9631cbe5dfbc admin admin] Calling method '>' {{(pid=98214) _process_stack /opt/stack/nova/nova/api/openstack/wsgi.py:551}}
Jul 31 00:50:15.700398 np0000187730 devstack@n-api.service[98214]: INFO nova.api.openstack.requestlog [None req-8f99d3e0-36ce-410f-8a93-9631cbe5dfbc admin admin] 199.204.45.77 "GET /compute/v2.1/" status: 200 len: 392 microversion: 2.1 time: 0.005595
Jul 31 00:50:15.700773 np0000187730 devstack@n-api.service[98214]: [pid: 98214|app: 0|req: 21/78] 199.204.45.77 () {62 vars in 1070 bytes} [Fri Jul 31 00:50:15 2026] GET /compute/v2.1/ => generated 392 bytes in 6 msecs (HTTP/1.1 200) 9 headers in 357 bytes (1 switches on core 0)
Jul 31 00:50:15.740165 np0000187730 devstack@n-api.service[98213]: DEBUG nova.api.openstack.wsgi [None req-bd998348-1706-442c-92cc-6a87cd925017 demo demo] Calling method '>' {{(pid=98213) _process_stack /opt/stack/nova/nova/api/openstack/wsgi.py:551}}
Jul 31 00:50:15.763366 np0000187730 devstack@n-api.service[98213]: INFO nova.api.openstack.requestlog [None req-bd998348-1706-442c-92cc-6a87cd925017 demo demo] 199.204.45.77 "GET /compute/v2.1/os-server-groups" status: 200 len: 21 microversion: 2.64 time: 0.027423
Jul 31 00:50:15.763668 np0000187730 devstack@n-api.service[98213]: [pid: 98213|app: 0|req: 20/79] 199.204.45.77 () {68 vars in 1405 bytes} [Fri Jul 31 00:50:15 2026] GET /compute/v2.1/os-server-groups => generated 21 bytes in 28 msecs (HTTP/1.1 200) 9 headers in 358 bytes (1 switches on core 0)
Jul 31 00:50:15.811857 np0000187730 devstack@n-api.service[98211]: DEBUG nova.api.openstack.wsgi [None req-990d8930-6048-4566-a37b-ca0736587db6 demo demo] Calling method '>' {{(pid=98211) _process_stack /opt/stack/nova/nova/api/openstack/wsgi.py:551}}
Jul 31 00:50:15.814586 np0000187730 devstack@n-api.service[98211]: INFO nova.api.openstack.requestlog [None req-990d8930-6048-4566-a37b-ca0736587db6 demo demo] 199.204.45.77 "GET /compute/v2.1" status: 200 len: 392 microversion: 2.1 time: 0.003040
Jul 31 00:50:15.814777 np0000187730 devstack@n-api.service[98211]: [pid: 98211|app: 0|req: 20/80] 199.204.45.77 () {62 vars in 1067 bytes} [Fri Jul 31 00:50:15 2026] GET /compute/v2.1 => generated 392 bytes in 3 msecs (HTTP/1.1 200) 9 headers in 357 bytes (1 switches on core 0)
Jul 31 00:50:15.852571 np0000187730 devstack@n-api.service[98212]: DEBUG nova.api.openstack.wsgi [None req-df21818b-7428-461b-955e-0e109e93496f admin admin] Calling method '>' {{(pid=98212) _process_stack /opt/stack/nova/nova/api/openstack/wsgi.py:551}}
Jul 31 00:50:15.856617 np0000187730 devstack@n-api.service[98212]: INFO nova.api.openstack.requestlog [None req-df21818b-7428-461b-955e-0e109e93496f admin admin] 199.204.45.77 "GET /compute/v2.1/" status: 200 len: 392 microversion: 2.1 time: 0.004161
Jul 31 00:50:15.856826 np0000187730 devstack@n-api.service[98212]: [pid: 98212|app: 0|req: 20/81] 199.204.45.77 () {62 vars in 1070 bytes} [Fri Jul 31 00:50:15 2026] GET /compute/v2.1/ => generated 392 bytes in 5 msecs (HTTP/1.1 200) 9 headers in 357 bytes (1 switches on core 0)
Jul 31 00:50:15.896042 np0000187730 devstack@n-api.service[98214]: DEBUG nova.api.openstack.wsgi [None req-fe20faee-0e25-4596-8f3a-194f22dcf592 demo demo] Action: 'create', calling method: >, body: {"server_group": {"name": "kube-dlhy3", "policy": "soft-anti-affinity"}} {{(pid=98214) _process_stack /opt/stack/nova/nova/api/openstack/wsgi.py:549}}
Jul 31 00:50:15.918082 np0000187730 devstack@n-api.service[98214]: DEBUG nova.quota [None req-fe20faee-0e25-4596-8f3a-194f22dcf592 demo demo] Getting quotas for project eb0a0792e0384485a4dec9badf97dddc. Resources: {'server_groups'} {{(pid=98214) _get_quotas /opt/stack/nova/nova/quota.py:389}}
Jul 31 00:50:15.921451 np0000187730 devstack@n-api.service[98214]: DEBUG nova.quota [None req-fe20faee-0e25-4596-8f3a-194f22dcf592 demo demo] Getting quotas for user fa0a3f0bf08645be9d1eaaa82da022ff and project eb0a0792e0384485a4dec9badf97dddc. Resources: {'server_groups'} {{(pid=98214) _get_quotas /opt/stack/nova/nova/quota.py:379}}
Jul 31 00:50:15.978173 np0000187730 devstack@n-api.service[98214]: DEBUG nova.quota [None req-fe20faee-0e25-4596-8f3a-194f22dcf592 demo demo] Getting quotas for project eb0a0792e0384485a4dec9badf97dddc. Resources: {'server_groups'} {{(pid=98214) _get_quotas /opt/stack/nova/nova/quota.py:389}}
Jul 31 00:50:15.981047 np0000187730 devstack@n-api.service[98214]: DEBUG nova.quota [None req-fe20faee-0e25-4596-8f3a-194f22dcf592 demo demo] Getting quotas for user fa0a3f0bf08645be9d1eaaa82da022ff and project eb0a0792e0384485a4dec9badf97dddc. Resources: {'server_groups'} {{(pid=98214) _get_quotas /opt/stack/nova/nova/quota.py:379}}
Jul 31 00:50:15.989209 np0000187730 devstack@n-api.service[98214]: INFO nova.api.openstack.requestlog [None req-fe20faee-0e25-4596-8f3a-194f22dcf592 demo demo] 199.204.45.77 "POST /compute/v2.1/os-server-groups" status: 200 len: 243 microversion: 2.64 time: 0.097133
Jul 31 00:50:15.989485 np0000187730 devstack@n-api.service[98214]: [pid: 98214|app: 0|req: 22/82] 199.204.45.77 () {72 vars in 1445 bytes} [Fri Jul 31 00:50:15 2026] POST /compute/v2.1/os-server-groups => generated 243 bytes in 98 msecs (HTTP/1.1 200) 9 headers in 359 bytes (1 switches on core 0)
Jul 31 00:50:16.037180 np0000187730 devstack@n-api.service[98213]: DEBUG nova.api.openstack.wsgi [None req-bd998348-1706-442c-92cc-6a87cd925017 demo demo] Calling method '>' {{(pid=98213) _process_stack /opt/stack/nova/nova/api/openstack/wsgi.py:551}}
Jul 31 00:50:16.043237 np0000187730 devstack@n-api.service[98213]: INFO nova.api.openstack.requestlog [None req-bd998348-1706-442c-92cc-6a87cd925017 demo demo] 199.204.45.77 "GET /compute/v2.1" status: 200 len: 392 microversion: 2.1 time: 0.006543
Jul 31 00:50:16.043661 np0000187730 devstack@n-api.service[98213]: [pid: 98213|app: 0|req: 21/83] 199.204.45.77 () {62 vars in 1067 bytes} [Fri Jul 31 00:50:16 2026] GET /compute/v2.1 => generated 392 bytes in 8 msecs (HTTP/1.1 200) 9 headers in 357 bytes (1 switches on core 0)
Jul 31 00:50:16.080877 np0000187730 devstack@n-api.service[98211]: DEBUG nova.api.openstack.wsgi [None req-990d8930-6048-4566-a37b-ca0736587db6 demo demo] Calling method '>' {{(pid=98211) _process_stack /opt/stack/nova/nova/api/openstack/wsgi.py:551}}
Jul 31 00:50:16.083577 np0000187730 devstack@n-api.service[98211]: INFO nova.api.openstack.requestlog [None req-990d8930-6048-4566-a37b-ca0736587db6 demo demo] 199.204.45.77 "GET /compute/v2.1/" status: 200 len: 392 microversion: 2.1 time: 0.002954
Jul 31 00:50:16.083747 np0000187730 devstack@n-api.service[98211]: [pid: 98211|app: 0|req: 21/84] 199.204.45.77 () {62 vars in 1070 bytes} [Fri Jul 31 00:50:16 2026] GET /compute/v2.1/ => generated 392 bytes in 3 msecs (HTTP/1.1 200) 9 headers in 357 bytes (1 switches on core 0)
Jul 31 00:50:16.121964 np0000187730 devstack@n-api.service[98212]: DEBUG nova.api.openstack.wsgi [None req-466bcc91-f127-4b0b-b549-8a58e55fdc9f demo demo] Calling method '>' {{(pid=98212) _process_stack /opt/stack/nova/nova/api/openstack/wsgi.py:551}}
Jul 31 00:50:16.145498 np0000187730 devstack@n-api.service[98212]: INFO nova.api.openstack.requestlog [None req-466bcc91-f127-4b0b-b549-8a58e55fdc9f demo demo] 199.204.45.77 "GET /compute/v2.1/os-server-groups" status: 200 len: 246 microversion: 2.64 time: 0.028143
Jul 31 00:50:16.145713 np0000187730 devstack@n-api.service[98212]: [pid: 98212|app: 0|req: 21/85] 199.204.45.77 () {68 vars in 1405 bytes} [Fri Jul 31 00:50:16 2026] GET /compute/v2.1/os-server-groups => generated 246 bytes in 29 msecs (HTTP/1.1 200) 9 headers in 359 bytes (1 switches on core 0)
Jul 31 00:50:16.188220 np0000187730 devstack@n-api.service[98214]: DEBUG nova.api.openstack.wsgi [None req-fe20faee-0e25-4596-8f3a-194f22dcf592 demo demo] Calling method '>' {{(pid=98214) _process_stack /opt/stack/nova/nova/api/openstack/wsgi.py:551}}
Jul 31 00:50:16.193746 np0000187730 devstack@n-api.service[98214]: INFO nova.api.openstack.requestlog [None req-fe20faee-0e25-4596-8f3a-194f22dcf592 demo demo] 199.204.45.77 "GET /compute/v2.1" status: 200 len: 392 microversion: 2.1 time: 0.006017
Jul 31 00:50:16.194470 np0000187730 devstack@n-api.service[98214]: [pid: 98214|app: 0|req: 23/86] 199.204.45.77 () {62 vars in 1067 bytes} [Fri Jul 31 00:50:16 2026] GET /compute/v2.1 => generated 392 bytes in 7 msecs (HTTP/1.1 200) 9 headers in 357 bytes (1 switches on core 0)
Jul 31 00:50:16.234214 np0000187730 devstack@n-api.service[98213]: DEBUG nova.api.openstack.wsgi [None req-bd998348-1706-442c-92cc-6a87cd925017 demo demo] Calling method '>' {{(pid=98213) _process_stack /opt/stack/nova/nova/api/openstack/wsgi.py:551}}
Jul 31 00:50:16.240330 np0000187730 devstack@n-api.service[98213]: INFO nova.api.openstack.requestlog [None req-bd998348-1706-442c-92cc-6a87cd925017 demo demo] 199.204.45.77 "GET /compute/v2.1/" status: 200 len: 392 microversion: 2.1 time: 0.006792
Jul 31 00:50:16.240576 np0000187730 devstack@n-api.service[98213]: [pid: 98213|app: 0|req: 22/87] 199.204.45.77 () {62 vars in 1070 bytes} [Fri Jul 31 00:50:16 2026] GET /compute/v2.1/ => generated 392 bytes in 7 msecs (HTTP/1.1 200) 9 headers in 357 bytes (1 switches on core 0)
Jul 31 00:50:16.279292 np0000187730 devstack@n-api.service[98211]: DEBUG nova.api.openstack.wsgi [None req-f2d292c0-5b63-423c-9ee2-e2faa13d549f demo demo] Action: 'create', calling method: >, body: {"server_group": {"name": "kube-dlhy3-default-worker", "policy": "soft-anti-affinity"}} {{(pid=98211) _process_stack /opt/stack/nova/nova/api/openstack/wsgi.py:549}}
Jul 31 00:50:16.316794 np0000187730 devstack@n-api.service[98211]: DEBUG nova.quota [None req-f2d292c0-5b63-423c-9ee2-e2faa13d549f demo demo] Getting quotas for project eb0a0792e0384485a4dec9badf97dddc. Resources: {'server_groups'} {{(pid=98211) _get_quotas /opt/stack/nova/nova/quota.py:389}}
Jul 31 00:50:16.324019 np0000187730 devstack@n-api.service[98211]: DEBUG nova.quota [None req-f2d292c0-5b63-423c-9ee2-e2faa13d549f demo demo] Getting quotas for user fa0a3f0bf08645be9d1eaaa82da022ff and project eb0a0792e0384485a4dec9badf97dddc. Resources: {'server_groups'} {{(pid=98211) _get_quotas /opt/stack/nova/nova/quota.py:379}}
Jul 31 00:50:16.383078 np0000187730 devstack@n-api.service[98211]: DEBUG nova.quota [None req-f2d292c0-5b63-423c-9ee2-e2faa13d549f demo demo] Getting quotas for project eb0a0792e0384485a4dec9badf97dddc. Resources: {'server_groups'} {{(pid=98211) _get_quotas /opt/stack/nova/nova/quota.py:389}}
Jul 31 00:50:16.385050 np0000187730 devstack@n-api.service[98211]: DEBUG nova.quota [None req-f2d292c0-5b63-423c-9ee2-e2faa13d549f demo demo] Getting quotas for user fa0a3f0bf08645be9d1eaaa82da022ff and project eb0a0792e0384485a4dec9badf97dddc. Resources: {'server_groups'} {{(pid=98211) _get_quotas /opt/stack/nova/nova/quota.py:379}}
Jul 31 00:50:16.393432 np0000187730 devstack@n-api.service[98211]: INFO nova.api.openstack.requestlog [None req-f2d292c0-5b63-423c-9ee2-e2faa13d549f demo demo] 199.204.45.77 "POST /compute/v2.1/os-server-groups" status: 200 len: 258 microversion: 2.64 time: 0.116080
Jul 31 00:50:16.393748 np0000187730 devstack@n-api.service[98211]: [pid: 98211|app: 0|req: 22/88] 199.204.45.77 () {72 vars in 1445 bytes} [Fri Jul 31 00:50:16 2026] POST /compute/v2.1/os-server-groups => generated 258 bytes in 116 msecs (HTTP/1.1 200) 9 headers in 359 bytes (1 switches on core 0)
Jul 31 00:50:19.347271 np0000187730 devstack@n-api.service[98212]: DEBUG nova.api.openstack.wsgi [None req-466bcc91-f127-4b0b-b549-8a58e55fdc9f demo demo] Calling method '>' {{(pid=98212) _process_stack /opt/stack/nova/nova/api/openstack/wsgi.py:551}}
Jul 31 00:50:19.353251 np0000187730 devstack@n-api.service[98212]: INFO nova.api.openstack.requestlog [None req-466bcc91-f127-4b0b-b549-8a58e55fdc9f demo demo] 199.204.45.77 "GET /compute/v2.1" status: 200 len: 392 microversion: 2.1 time: 0.006454
Jul 31 00:50:19.353569 np0000187730 devstack@n-api.service[98212]: [pid: 98212|app: 0|req: 22/89] 199.204.45.77 () {62 vars in 1067 bytes} [Fri Jul 31 00:50:19 2026] GET /compute/v2.1 => generated 392 bytes in 7 msecs (HTTP/1.1 200) 9 headers in 357 bytes (1 switches on core 0)
Jul 31 00:50:19.391421 np0000187730 devstack@n-api.service[98214]: DEBUG nova.api.openstack.wsgi [None req-fe20faee-0e25-4596-8f3a-194f22dcf592 demo demo] Calling method '>' {{(pid=98214) _process_stack /opt/stack/nova/nova/api/openstack/wsgi.py:551}}
Jul 31 00:50:19.398159 np0000187730 devstack@n-api.service[98214]: INFO nova.api.openstack.requestlog [None req-fe20faee-0e25-4596-8f3a-194f22dcf592 demo demo] 199.204.45.77 "GET /compute/v2.1/" status: 200 len: 392 microversion: 2.1 time: 0.007292
Jul 31 00:50:19.398399 np0000187730 devstack@n-api.service[98214]: [pid: 98214|app: 0|req: 24/90] 199.204.45.77 () {62 vars in 1070 bytes} [Fri Jul 31 00:50:19 2026] GET /compute/v2.1/ => generated 392 bytes in 8 msecs (HTTP/1.1 200) 9 headers in 357 bytes (1 switches on core 0)
Jul 31 00:50:19.437096 np0000187730 devstack@n-api.service[98213]: DEBUG nova.api.openstack.wsgi [None req-59268b94-025c-45f7-8866-62cfc6aac1f6 demo demo] Calling method '>' {{(pid=98213) _process_stack /opt/stack/nova/nova/api/openstack/wsgi.py:551}}
Jul 31 00:50:19.463841 np0000187730 devstack@n-api.service[98213]: INFO nova.api.openstack.requestlog [None req-59268b94-025c-45f7-8866-62cfc6aac1f6 demo demo] 199.204.45.77 "GET /compute/v2.1/flavors/detail?is_public=None" status: 200 len: 5240 microversion: 2.61 time: 0.029387
Jul 31 00:50:19.463841 np0000187730 devstack@n-api.service[98213]: [pid: 98213|app: 0|req: 23/91] 199.204.45.77 () {68 vars in 1428 bytes} [Fri Jul 31 00:50:19 2026] GET /compute/v2.1/flavors/detail?is_public=None => generated 5240 bytes in 30 msecs (HTTP/1.1 200) 9 headers in 360 bytes (1 switches on core 0)
Jul 31 00:50:19.527957 np0000187730 devstack@n-api.service[98211]: DEBUG nova.api.openstack.wsgi [None req-fbdccd84-87ef-4760-b12d-84f4fa07f2df demo demo] Calling method '>' {{(pid=98211) _process_stack /opt/stack/nova/nova/api/openstack/wsgi.py:551}}
Jul 31 00:50:19.548574 np0000187730 devstack@n-api.service[98211]: INFO nova.api.openstack.requestlog [None req-fbdccd84-87ef-4760-b12d-84f4fa07f2df demo demo] 199.204.45.77 "GET /compute/v2.1/flavors/detail?is_public=None" status: 200 len: 5240 microversion: 2.61 time: 0.024288
Jul 31 00:50:19.548926 np0000187730 devstack@n-api.service[98211]: [pid: 98211|app: 0|req: 23/92] 199.204.45.77 () {68 vars in 1428 bytes} [Fri Jul 31 00:50:19 2026] GET /compute/v2.1/flavors/detail?is_public=None => generated 5240 bytes in 25 msecs (HTTP/1.1 200) 9 headers in 360 bytes (1 switches on core 0)
Jul 31 00:50:19.699444 np0000187730 devstack@n-api.service[98212]: DEBUG nova.api.openstack.wsgi [None req-466bcc91-f127-4b0b-b549-8a58e55fdc9f demo demo] Calling method '>' {{(pid=98212) _process_stack /opt/stack/nova/nova/api/openstack/wsgi.py:551}}
Jul 31 00:50:19.705505 np0000187730 devstack@n-api.service[98212]: INFO nova.api.openstack.requestlog [None req-466bcc91-f127-4b0b-b549-8a58e55fdc9f demo demo] 199.204.45.77 "GET /compute/v2.1" status: 200 len: 392 microversion: 2.1 time: 0.006745
Jul 31 00:50:19.705667 np0000187730 devstack@n-api.service[98212]: [pid: 98212|app: 0|req: 23/93] 199.204.45.77 () {62 vars in 1067 bytes} [Fri Jul 31 00:50:19 2026] GET /compute/v2.1 => generated 392 bytes in 7 msecs (HTTP/1.1 200) 9 headers in 357 bytes (1 switches on core 0)
Jul 31 00:50:19.742314 np0000187730 devstack@n-api.service[98214]: DEBUG nova.api.openstack.wsgi [None req-fe20faee-0e25-4596-8f3a-194f22dcf592 demo demo] Calling method '>' {{(pid=98214) _process_stack /opt/stack/nova/nova/api/openstack/wsgi.py:551}}
Jul 31 00:50:19.747543 np0000187730 devstack@n-api.service[98214]: INFO nova.api.openstack.requestlog [None req-fe20faee-0e25-4596-8f3a-194f22dcf592 demo demo] 199.204.45.77 "GET /compute/v2.1/" status: 200 len: 392 microversion: 2.1 time: 0.005839
Jul 31 00:50:19.747854 np0000187730 devstack@n-api.service[98214]: [pid: 98214|app: 0|req: 25/94] 199.204.45.77 () {62 vars in 1070 bytes} [Fri Jul 31 00:50:19 2026] GET /compute/v2.1/ => generated 392 bytes in 7 msecs (HTTP/1.1 200) 9 headers in 357 bytes (1 switches on core 0)
Jul 31 00:50:19.789353 np0000187730 devstack@n-api.service[98213]: DEBUG nova.api.openstack.wsgi [None req-0fbd4708-1ae9-4dbb-ba43-9baa4d860be7 demo demo] Calling method '>' {{(pid=98213) _process_stack /opt/stack/nova/nova/api/openstack/wsgi.py:551}}
Jul 31 00:50:19.816567 np0000187730 devstack@n-api.service[98213]: INFO nova.api.openstack.requestlog [None req-0fbd4708-1ae9-4dbb-ba43-9baa4d860be7 demo demo] 199.204.45.77 "GET /compute/v2.1/flavors/detail?is_public=None" status: 200 len: 5240 microversion: 2.61 time: 0.030575
Jul 31 00:50:19.816878 np0000187730 devstack@n-api.service[98213]: [pid: 98213|app: 0|req: 24/95] 199.204.45.77 () {68 vars in 1428 bytes} [Fri Jul 31 00:50:19 2026] GET /compute/v2.1/flavors/detail?is_public=None => generated 5240 bytes in 31 msecs (HTTP/1.1 200) 9 headers in 360 bytes (1 switches on core 0)
Jul 31 00:50:25.984830 np0000187730 devstack@n-api.service[98214]: DEBUG dbcounter [-] [98214] Writing DB stats nova_cell0:SELECT=4 {{(pid=98214) stat_writer /opt/stack/data/venv/lib/python3.12/site-packages/dbcounter.py:115}}
Jul 31 00:50:25.986740 np0000187730 devstack@n-api.service[98214]: DEBUG dbcounter [-] [98214] Writing DB stats nova_api:SELECT=14,nova_api:INSERT=2 {{(pid=98214) stat_writer /opt/stack/data/venv/lib/python3.12/site-packages/dbcounter.py:115}}
Jul 31 00:50:26.142576 np0000187730 devstack@n-api.service[98212]: DEBUG dbcounter [-] [98212] Writing DB stats nova_api:SELECT=2 {{(pid=98212) stat_writer /opt/stack/data/venv/lib/python3.12/site-packages/dbcounter.py:115}}
Jul 31 00:50:26.388991 np0000187730 devstack@n-api.service[98211]: DEBUG dbcounter [-] [98211] Writing DB stats nova_cell0:SELECT=4 {{(pid=98211) stat_writer /opt/stack/data/venv/lib/python3.12/site-packages/dbcounter.py:115}}
Jul 31 00:50:29.535559 np0000187730 devstack@n-api.service[98211]: DEBUG dbcounter [-] [98211] Writing DB stats nova_api:SELECT=19,nova_api:INSERT=2 {{(pid=98211) stat_writer /opt/stack/data/venv/lib/python3.12/site-packages/dbcounter.py:115}}
Jul 31 00:50:29.797324 np0000187730 devstack@n-api.service[98213]: DEBUG dbcounter [-] [98213] Writing DB stats nova_api:SELECT=8 {{(pid=98213) stat_writer /opt/stack/data/venv/lib/python3.12/site-packages/dbcounter.py:115}}
Jul 31 00:50:42.393659 np0000187730 devstack@n-api.service[98211]: DEBUG nova.api.openstack.wsgi [None req-fbdccd84-87ef-4760-b12d-84f4fa07f2df demo demo] Calling method '>' {{(pid=98211) _process_stack /opt/stack/nova/nova/api/openstack/wsgi.py:551}}
Jul 31 00:50:42.399936 np0000187730 devstack@n-api.service[98211]: INFO nova.api.openstack.requestlog [None req-fbdccd84-87ef-4760-b12d-84f4fa07f2df demo demo] 172.18.0.2 "GET /compute/v2.1/" status: 200 len: 392 microversion: 2.1 time: 0.006485
Jul 31 00:50:42.400302 np0000187730 devstack@n-api.service[98211]: [pid: 98211|app: 0|req: 24/96] 199.204.45.77 () {64 vars in 1266 bytes} [Fri Jul 31 00:50:42 2026] GET /compute/v2.1/ => generated 392 bytes in 8 msecs (HTTP/1.1 200) 9 headers in 357 bytes (1 switches on core 0)
Jul 31 00:50:42.409679 np0000187730 devstack@n-api.service[98212]: DEBUG nova.api.openstack.wsgi [None req-3ec54255-1f87-49c9-863d-bb25d6dc5617 demo demo] Calling method '>' {{(pid=98212) _process_stack /opt/stack/nova/nova/api/openstack/wsgi.py:551}}
Jul 31 00:50:42.412139 np0000187730 devstack@n-api.service[98212]: DEBUG oslo_concurrency.lockutils [None req-3ec54255-1f87-49c9-863d-bb25d6dc5617 demo demo] Acquiring lock "00000000-0000-0000-0000-000000000000" by "nova.context.set_target_cell..get_or_set_cached_cell_and_set_connections" {{(pid=98212) inner /opt/stack/data/venv/lib/python3.12/site-packages/oslo_concurrency/lockutils.py:512}}
Jul 31 00:50:42.412366 np0000187730 devstack@n-api.service[98212]: DEBUG oslo_concurrency.lockutils [None req-3ec54255-1f87-49c9-863d-bb25d6dc5617 demo demo] Lock "00000000-0000-0000-0000-000000000000" acquired by "nova.context.set_target_cell..get_or_set_cached_cell_and_set_connections" :: waited 0.000s {{(pid=98212) inner /opt/stack/data/venv/lib/python3.12/site-packages/oslo_concurrency/lockutils.py:525}}
Jul 31 00:50:42.412575 np0000187730 devstack@n-api.service[98212]: DEBUG oslo_concurrency.lockutils [None req-3ec54255-1f87-49c9-863d-bb25d6dc5617 demo demo] Lock "00000000-0000-0000-0000-000000000000" "released" by "nova.context.set_target_cell..get_or_set_cached_cell_and_set_connections" :: held 0.000s {{(pid=98212) inner /opt/stack/data/venv/lib/python3.12/site-packages/oslo_concurrency/lockutils.py:544}}
Jul 31 00:50:42.413657 np0000187730 devstack@n-api.service[98212]: DEBUG oslo_concurrency.lockutils [None req-3ec54255-1f87-49c9-863d-bb25d6dc5617 demo demo] Acquiring lock "a32916e5-a9a2-40c3-b0bf-ec15dacdd4fa" by "nova.context.set_target_cell..get_or_set_cached_cell_and_set_connections" {{(pid=98212) inner /opt/stack/data/venv/lib/python3.12/site-packages/oslo_concurrency/lockutils.py:512}}
Jul 31 00:50:42.413858 np0000187730 devstack@n-api.service[98212]: DEBUG oslo_concurrency.lockutils [None req-3ec54255-1f87-49c9-863d-bb25d6dc5617 demo demo] Lock "a32916e5-a9a2-40c3-b0bf-ec15dacdd4fa" acquired by "nova.context.set_target_cell..get_or_set_cached_cell_and_set_connections" :: waited 0.000s {{(pid=98212) inner /opt/stack/data/venv/lib/python3.12/site-packages/oslo_concurrency/lockutils.py:525}}
Jul 31 00:50:42.414037 np0000187730 devstack@n-api.service[98212]: DEBUG oslo_concurrency.lockutils [None req-3ec54255-1f87-49c9-863d-bb25d6dc5617 demo demo] Lock "a32916e5-a9a2-40c3-b0bf-ec15dacdd4fa" "released" by "nova.context.set_target_cell..get_or_set_cached_cell_and_set_connections" :: held 0.000s {{(pid=98212) inner /opt/stack/data/venv/lib/python3.12/site-packages/oslo_concurrency/lockutils.py:544}}
Jul 31 00:50:42.479866 np0000187730 devstack@n-api.service[98212]: INFO nova.api.openstack.requestlog [None req-3ec54255-1f87-49c9-863d-bb25d6dc5617 demo demo] 172.18.0.2 "GET /compute/v2.1/os-availability-zone" status: 200 len: 97 microversion: 2.38 time: 0.072869
Jul 31 00:50:42.480175 np0000187730 devstack@n-api.service[98212]: [pid: 98212|app: 0|req: 24/97] 199.204.45.77 () {68 vars in 1409 bytes} [Fri Jul 31 00:50:42 2026] GET /compute/v2.1/os-availability-zone => generated 97 bytes in 74 msecs (HTTP/1.1 200) 9 headers in 358 bytes (1 switches on core 0)
Jul 31 00:50:43.458553 np0000187730 devstack@n-api.service[98214]: DEBUG nova.api.openstack.wsgi [None req-fe20faee-0e25-4596-8f3a-194f22dcf592 demo demo] Calling method '>' {{(pid=98214) _process_stack /opt/stack/nova/nova/api/openstack/wsgi.py:551}}
Jul 31 00:50:43.462821 np0000187730 devstack@n-api.service[98214]: INFO nova.api.openstack.requestlog [None req-fe20faee-0e25-4596-8f3a-194f22dcf592 demo demo] 172.18.0.2 "GET /compute/v2.1/" status: 200 len: 392 microversion: 2.1 time: 0.004688
Jul 31 00:50:43.463095 np0000187730 devstack@n-api.service[98214]: [pid: 98214|app: 0|req: 26/98] 199.204.45.77 () {64 vars in 1266 bytes} [Fri Jul 31 00:50:43 2026] GET /compute/v2.1/ => generated 392 bytes in 7 msecs (HTTP/1.1 200) 9 headers in 357 bytes (1 switches on core 0)
Jul 31 00:50:43.473989 np0000187730 devstack@n-api.service[98213]: DEBUG nova.api.openstack.wsgi [None req-38f19d12-e8eb-4dd4-b581-85aa1ddca909 demo demo] Calling method '>' {{(pid=98213) _process_stack /opt/stack/nova/nova/api/openstack/wsgi.py:551}}
Jul 31 00:50:43.477869 np0000187730 devstack@n-api.service[98213]: DEBUG oslo_concurrency.lockutils [None req-38f19d12-e8eb-4dd4-b581-85aa1ddca909 demo demo] Acquiring lock "00000000-0000-0000-0000-000000000000" by "nova.context.set_target_cell..get_or_set_cached_cell_and_set_connections" {{(pid=98213) inner /opt/stack/data/venv/lib/python3.12/site-packages/oslo_concurrency/lockutils.py:512}}
Jul 31 00:50:43.478194 np0000187730 devstack@n-api.service[98213]: DEBUG oslo_concurrency.lockutils [None req-38f19d12-e8eb-4dd4-b581-85aa1ddca909 demo demo] Lock "00000000-0000-0000-0000-000000000000" acquired by "nova.context.set_target_cell..get_or_set_cached_cell_and_set_connections" :: waited 0.000s {{(pid=98213) inner /opt/stack/data/venv/lib/python3.12/site-packages/oslo_concurrency/lockutils.py:525}}
Jul 31 00:50:43.478323 np0000187730 devstack@n-api.service[98213]: DEBUG oslo_concurrency.lockutils [None req-38f19d12-e8eb-4dd4-b581-85aa1ddca909 demo demo] Lock "00000000-0000-0000-0000-000000000000" "released" by "nova.context.set_target_cell..get_or_set_cached_cell_and_set_connections" :: held 0.000s {{(pid=98213) inner /opt/stack/data/venv/lib/python3.12/site-packages/oslo_concurrency/lockutils.py:544}}
Jul 31 00:50:43.479197 np0000187730 devstack@n-api.service[98213]: DEBUG oslo_concurrency.lockutils [None req-38f19d12-e8eb-4dd4-b581-85aa1ddca909 demo demo] Acquiring lock "a32916e5-a9a2-40c3-b0bf-ec15dacdd4fa" by "nova.context.set_target_cell..get_or_set_cached_cell_and_set_connections" {{(pid=98213) inner /opt/stack/data/venv/lib/python3.12/site-packages/oslo_concurrency/lockutils.py:512}}
Jul 31 00:50:43.479339 np0000187730 devstack@n-api.service[98213]: DEBUG oslo_concurrency.lockutils [None req-38f19d12-e8eb-4dd4-b581-85aa1ddca909 demo demo] Lock "a32916e5-a9a2-40c3-b0bf-ec15dacdd4fa" acquired by "nova.context.set_target_cell..get_or_set_cached_cell_and_set_connections" :: waited 0.000s {{(pid=98213) inner /opt/stack/data/venv/lib/python3.12/site-packages/oslo_concurrency/lockutils.py:525}}
Jul 31 00:50:43.479493 np0000187730 devstack@n-api.service[98213]: DEBUG oslo_concurrency.lockutils [None req-38f19d12-e8eb-4dd4-b581-85aa1ddca909 demo demo] Lock "a32916e5-a9a2-40c3-b0bf-ec15dacdd4fa" "released" by "nova.context.set_target_cell..get_or_set_cached_cell_and_set_connections" :: held 0.000s {{(pid=98213) inner /opt/stack/data/venv/lib/python3.12/site-packages/oslo_concurrency/lockutils.py:544}}
Jul 31 00:50:43.554699 np0000187730 devstack@n-api.service[98213]: INFO nova.api.openstack.requestlog [None req-38f19d12-e8eb-4dd4-b581-85aa1ddca909 demo demo] 172.18.0.2 "GET /compute/v2.1/os-availability-zone" status: 200 len: 97 microversion: 2.38 time: 0.084125
Jul 31 00:50:43.555859 np0000187730 devstack@n-api.service[98213]: [pid: 98213|app: 0|req: 25/99] 199.204.45.77 () {68 vars in 1409 bytes} [Fri Jul 31 00:50:43 2026] GET /compute/v2.1/os-availability-zone => generated 97 bytes in 86 msecs (HTTP/1.1 200) 9 headers in 358 bytes (1 switches on core 0)
Jul 31 00:50:44.177257 np0000187730 devstack@n-api.service[98211]: DEBUG nova.api.openstack.wsgi [None req-fbdccd84-87ef-4760-b12d-84f4fa07f2df demo demo] Calling method '>' {{(pid=98211) _process_stack /opt/stack/nova/nova/api/openstack/wsgi.py:551}}
Jul 31 00:50:44.181925 np0000187730 devstack@n-api.service[98211]: INFO nova.api.openstack.requestlog [None req-fbdccd84-87ef-4760-b12d-84f4fa07f2df demo demo] 172.18.0.2 "GET /compute/v2.1/" status: 200 len: 392 microversion: 2.1 time: 0.005373
Jul 31 00:50:44.182162 np0000187730 devstack@n-api.service[98211]: [pid: 98211|app: 0|req: 25/100] 199.204.45.77 () {64 vars in 1266 bytes} [Fri Jul 31 00:50:44 2026] GET /compute/v2.1/ => generated 392 bytes in 7 msecs (HTTP/1.1 200) 9 headers in 357 bytes (1 switches on core 0)
Jul 31 00:50:44.193548 np0000187730 devstack@n-api.service[98212]: DEBUG nova.api.openstack.wsgi [None req-3f8999c4-6bfc-4a28-89a7-49b699f43b09 demo demo] Calling method '>' {{(pid=98212) _process_stack /opt/stack/nova/nova/api/openstack/wsgi.py:551}}
Jul 31 00:50:44.197954 np0000187730 devstack@n-api.service[98212]: DEBUG oslo_concurrency.lockutils [None req-3f8999c4-6bfc-4a28-89a7-49b699f43b09 demo demo] Acquiring lock "00000000-0000-0000-0000-000000000000" by "nova.context.set_target_cell..get_or_set_cached_cell_and_set_connections" {{(pid=98212) inner /opt/stack/data/venv/lib/python3.12/site-packages/oslo_concurrency/lockutils.py:512}}
Jul 31 00:50:44.197954 np0000187730 devstack@n-api.service[98212]: DEBUG oslo_concurrency.lockutils [None req-3f8999c4-6bfc-4a28-89a7-49b699f43b09 demo demo] Lock "00000000-0000-0000-0000-000000000000" acquired by "nova.context.set_target_cell..get_or_set_cached_cell_and_set_connections" :: waited 0.000s {{(pid=98212) inner /opt/stack/data/venv/lib/python3.12/site-packages/oslo_concurrency/lockutils.py:525}}
Jul 31 00:50:44.197954 np0000187730 devstack@n-api.service[98212]: DEBUG oslo_concurrency.lockutils [None req-3f8999c4-6bfc-4a28-89a7-49b699f43b09 demo demo] Lock "00000000-0000-0000-0000-000000000000" "released" by "nova.context.set_target_cell..get_or_set_cached_cell_and_set_connections" :: held 0.000s {{(pid=98212) inner /opt/stack/data/venv/lib/python3.12/site-packages/oslo_concurrency/lockutils.py:544}}
Jul 31 00:50:44.199807 np0000187730 devstack@n-api.service[98212]: DEBUG oslo_concurrency.lockutils [None req-3f8999c4-6bfc-4a28-89a7-49b699f43b09 demo demo] Acquiring lock "a32916e5-a9a2-40c3-b0bf-ec15dacdd4fa" by "nova.context.set_target_cell..get_or_set_cached_cell_and_set_connections" {{(pid=98212) inner /opt/stack/data/venv/lib/python3.12/site-packages/oslo_concurrency/lockutils.py:512}}
Jul 31 00:50:44.199807 np0000187730 devstack@n-api.service[98212]: DEBUG oslo_concurrency.lockutils [None req-3f8999c4-6bfc-4a28-89a7-49b699f43b09 demo demo] Lock "a32916e5-a9a2-40c3-b0bf-ec15dacdd4fa" acquired by "nova.context.set_target_cell..get_or_set_cached_cell_and_set_connections" :: waited 0.000s {{(pid=98212) inner /opt/stack/data/venv/lib/python3.12/site-packages/oslo_concurrency/lockutils.py:525}}
Jul 31 00:50:44.199807 np0000187730 devstack@n-api.service[98212]: DEBUG oslo_concurrency.lockutils [None req-3f8999c4-6bfc-4a28-89a7-49b699f43b09 demo demo] Lock "a32916e5-a9a2-40c3-b0bf-ec15dacdd4fa" "released" by "nova.context.set_target_cell..get_or_set_cached_cell_and_set_connections" :: held 0.000s {{(pid=98212) inner /opt/stack/data/venv/lib/python3.12/site-packages/oslo_concurrency/lockutils.py:544}}
Jul 31 00:50:44.219618 np0000187730 devstack@n-api.service[98212]: INFO nova.api.openstack.requestlog [None req-3f8999c4-6bfc-4a28-89a7-49b699f43b09 demo demo] 172.18.0.2 "GET /compute/v2.1/os-availability-zone" status: 200 len: 97 microversion: 2.38 time: 0.030269
Jul 31 00:50:44.220507 np0000187730 devstack@n-api.service[98212]: [pid: 98212|app: 0|req: 25/101] 199.204.45.77 () {68 vars in 1409 bytes} [Fri Jul 31 00:50:44 2026] GET /compute/v2.1/os-availability-zone => generated 97 bytes in 32 msecs (HTTP/1.1 200) 9 headers in 358 bytes (1 switches on core 0)
Jul 31 00:50:49.153757 np0000187730 devstack@n-api.service[98214]: DEBUG nova.api.openstack.wsgi [None req-fe20faee-0e25-4596-8f3a-194f22dcf592 demo demo] Calling method '>' {{(pid=98214) _process_stack /opt/stack/nova/nova/api/openstack/wsgi.py:551}}
Jul 31 00:50:49.158217 np0000187730 devstack@n-api.service[98214]: INFO nova.api.openstack.requestlog [None req-fe20faee-0e25-4596-8f3a-194f22dcf592 demo demo] 172.18.0.2 "GET /compute/v2.1/" status: 200 len: 392 microversion: 2.1 time: 0.004734
Jul 31 00:50:49.158509 np0000187730 devstack@n-api.service[98214]: [pid: 98214|app: 0|req: 27/102] 199.204.45.77 () {64 vars in 1266 bytes} [Fri Jul 31 00:50:49 2026] GET /compute/v2.1/ => generated 392 bytes in 5 msecs (HTTP/1.1 200) 9 headers in 357 bytes (1 switches on core 0)
Jul 31 00:50:49.169265 np0000187730 devstack@n-api.service[98213]: DEBUG nova.api.openstack.wsgi [None req-5c5f74bc-35e7-47c5-a24f-c61960416822 demo demo] Calling method '>' {{(pid=98213) _process_stack /opt/stack/nova/nova/api/openstack/wsgi.py:551}}
Jul 31 00:50:49.186918 np0000187730 devstack@n-api.service[98213]: INFO nova.api.openstack.requestlog [None req-5c5f74bc-35e7-47c5-a24f-c61960416822 demo demo] 172.18.0.2 "GET /compute/v2.1/flavors/detail" status: 200 len: 4000 microversion: 2.38 time: 0.021395
Jul 31 00:50:49.187215 np0000187730 devstack@n-api.service[98213]: [pid: 98213|app: 0|req: 26/103] 199.204.45.77 () {68 vars in 1391 bytes} [Fri Jul 31 00:50:49 2026] GET /compute/v2.1/flavors/detail => generated 4000 bytes in 22 msecs (HTTP/1.1 200) 9 headers in 360 bytes (1 switches on core 0)
Jul 31 00:50:49.244925 np0000187730 devstack@n-api.service[98211]: DEBUG nova.api.openstack.wsgi [None req-fbdccd84-87ef-4760-b12d-84f4fa07f2df demo demo] Calling method '>' {{(pid=98211) _process_stack /opt/stack/nova/nova/api/openstack/wsgi.py:551}}
Jul 31 00:50:49.256577 np0000187730 devstack@n-api.service[98211]: INFO nova.api.openstack.requestlog [None req-fbdccd84-87ef-4760-b12d-84f4fa07f2df demo demo] 172.18.0.2 "GET /compute/v2.1/" status: 200 len: 392 microversion: 2.1 time: 0.011621
Jul 31 00:50:49.256976 np0000187730 devstack@n-api.service[98211]: [pid: 98211|app: 0|req: 26/104] 199.204.45.77 () {64 vars in 1266 bytes} [Fri Jul 31 00:50:49 2026] GET /compute/v2.1/ => generated 392 bytes in 13 msecs (HTTP/1.1 200) 9 headers in 357 bytes (1 switches on core 0)
Jul 31 00:50:49.266988 np0000187730 devstack@n-api.service[98212]: DEBUG nova.api.openstack.wsgi [None req-24ec9b66-e39e-4f76-92d8-8c6a51596e8a demo demo] Calling method '>' {{(pid=98212) _process_stack /opt/stack/nova/nova/api/openstack/wsgi.py:551}}
Jul 31 00:50:49.291386 np0000187730 devstack@n-api.service[98212]: INFO nova.api.openstack.requestlog [None req-24ec9b66-e39e-4f76-92d8-8c6a51596e8a demo demo] 172.18.0.2 "GET /compute/v2.1/flavors/detail" status: 200 len: 4000 microversion: 2.38 time: 0.026926
Jul 31 00:50:49.291701 np0000187730 devstack@n-api.service[98212]: [pid: 98212|app: 0|req: 26/105] 199.204.45.77 () {68 vars in 1391 bytes} [Fri Jul 31 00:50:49 2026] GET /compute/v2.1/flavors/detail => generated 4000 bytes in 27 msecs (HTTP/1.1 200) 9 headers in 360 bytes (2 switches on core 0)
Jul 31 00:50:49.887217 np0000187730 devstack@n-api.service[98214]: DEBUG nova.api.openstack.wsgi [None req-fe20faee-0e25-4596-8f3a-194f22dcf592 demo demo] Calling method '>' {{(pid=98214) _process_stack /opt/stack/nova/nova/api/openstack/wsgi.py:551}}
Jul 31 00:50:49.891347 np0000187730 devstack@n-api.service[98214]: INFO nova.api.openstack.requestlog [None req-fe20faee-0e25-4596-8f3a-194f22dcf592 demo demo] 172.18.0.2 "GET /compute/v2.1/" status: 200 len: 392 microversion: 2.1 time: 0.004482
Jul 31 00:50:49.891641 np0000187730 devstack@n-api.service[98214]: [pid: 98214|app: 0|req: 28/106] 199.204.45.77 () {64 vars in 1266 bytes} [Fri Jul 31 00:50:49 2026] GET /compute/v2.1/ => generated 392 bytes in 5 msecs (HTTP/1.1 200) 9 headers in 357 bytes (1 switches on core 0)
Jul 31 00:50:49.897611 np0000187730 devstack@n-api.service[98213]: DEBUG nova.api.openstack.wsgi [None req-26d1b181-5d06-4e87-b8c6-e9e95a4be6cf demo demo] Calling method '>' {{(pid=98213) _process_stack /opt/stack/nova/nova/api/openstack/wsgi.py:551}}
Jul 31 00:50:49.900299 np0000187730 devstack@n-api.service[98213]: DEBUG nova.policy [None req-26d1b181-5d06-4e87-b8c6-e9e95a4be6cf demo demo] Policy check for os_compute_api:servers:allow_all_filters failed with credentials {'is_admin': False, 'user_id': 'fa0a3f0bf08645be9d1eaaa82da022ff', 'user_domain_id': 'default', 'system_scope': None, 'domain_id': None, 'project_id': 'eb0a0792e0384485a4dec9badf97dddc', 'project_domain_id': 'default', 'roles': ['reader', 'anotherrole', 'load-balancer_member', 'member'], 'is_admin_project': True, 'service_user_id': None, 'service_user_domain_id': None, 'service_project_id': None, 'service_project_domain_id': None, 'service_roles': []} {{(pid=98213) authorize /opt/stack/nova/nova/policy.py:202}}
Jul 31 00:50:49.900640 np0000187730 devstack@n-api.service[98213]: DEBUG nova.compute.api [None req-26d1b181-5d06-4e87-b8c6-e9e95a4be6cf demo demo] Searching by: {'name': '^kube-dlhy3-wvqr9-8qqf7$', 'deleted': False, 'project_id': 'eb0a0792e0384485a4dec9badf97dddc'} {{(pid=98213) get_all /opt/stack/nova/nova/compute/api.py:3110}}
