2026-05-11 06:10:43.494 8 INFO neutron.db.ovn_revision_numbers_db [None req-f3779870-62e5-45b2-8bc2-b90f19ef3646 4ce469081a304b6e99cb50d43decc425 93aefd8d496242b19155fa56775f3e1d - - default default] Successfully bumped revision number for resource 839b5090-e6ff-4c00-a7a5-08ff7c7f88ac (type: security_group_rules) to 0
2026-05-11 06:10:43.507 8 INFO neutron.db.ovn_revision_numbers_db [None req-f3779870-62e5-45b2-8bc2-b90f19ef3646 4ce469081a304b6e99cb50d43decc425 93aefd8d496242b19155fa56775f3e1d - - default default] Successfully bumped revision number for resource b4a4eee7-cdbf-4aaf-b2f8-dfe22d728bc7 (type: security_group_rules) to 0
2026-05-11 06:10:43.523 8 INFO neutron.db.ovn_revision_numbers_db [None req-f3779870-62e5-45b2-8bc2-b90f19ef3646 4ce469081a304b6e99cb50d43decc425 93aefd8d496242b19155fa56775f3e1d - - default default] Successfully bumped revision number for resource bf39b8a4-e98a-4c30-8cc9-96d6f18f26a8 (type: security_group_rules) to 0 [pid: 8|app: 0|req: 848/1901] 10.0.0.145 () {32 vars in 774 bytes} [Mon May 11 06:10:43 2026] GET /v2.0/security-groups?tenant_id=83df9e36dd804a37ac324a5205f1ab7e&name=default => generated 2925 bytes in 237 msecs (HTTP/1.1 200) 4 headers in 158 bytes (1 switches on core 0)
2026-05-11 06:10:43.786 8 WARNING neutron.scheduler.dhcp_agent_scheduler [None req-d510b794-f7f2-46f5-b689-a18d4cde1274 c29cf4efa8b244799a9c6efef8bf17f2 49b6259502b3493a879c464dc9e09d31 - - default default] No more DHCP agents
2026-05-11 06:10:43.787 8 WARNING neutron.api.rpc.agentnotifiers.dhcp_rpc_agent_api [None req-d510b794-f7f2-46f5-b689-a18d4cde1274 c29cf4efa8b244799a9c6efef8bf17f2 49b6259502b3493a879c464dc9e09d31 - - default default] Unable to schedule network 31ae70a6-6339-4186-b5b6-c1b251a34db0: no agents available; will retry on subsequent port and subnet creation events.
2026-05-11 06:10:43.814 7 INFO neutron.db.ovn_revision_numbers_db [None req-b09eb3b8-760f-4363-b3bc-3dbf78fda935 - - - - - -] Successfully bumped revision number for resource 3aaaf6a5-0750-4fab-ba8b-dd733962abf9 (type: ports) to 2
2026-05-11 06:10:43.855 7 INFO neutron.db.ovn_revision_numbers_db [None req-1758bbd3-f376-4f64-88d0-67f28b3d4aba - - - - - -] Successfully bumped revision number for resource dd850e5a-ee2e-4b63-9cb3-fef835d10902 (type: ports) to 2
2026-05-11 06:10:43.903 7 INFO neutron.db.ovn_revision_numbers_db [None req-1758bbd3-f376-4f64-88d0-67f28b3d4aba - - - - - -] Successfully bumped revision number for resource 90d74acf-4ad3-4707-afab-c2061ddfe879 (type: subnets) to 0 [pid: 7|app: 0|req: 1054/1902] 10.0.0.145 () {34 vars in 669 bytes} [Mon May 11 06:10:42 2026] POST /v2.0/subnets => generated 688 bytes in 1184 msecs (HTTP/1.1 201) 4 headers in 162 bytes (1 switches on core 0)
2026-05-11 06:10:44.062 7 INFO neutron_taas.services.taas.taas_plugin [None req-33fa451e-795a-40fa-a1bd-e58c1cd172ff 880334834b1944b899cbd8efc98fabe1 c972ca5ffe3c4332a9bec2e2bcb0fe05 - - default default] TaaS: Handle Delete Port: 729f9cf9-47eb-461e-a253-c64ce7e8230c
2026-05-11 06:10:44.065 7 INFO neutron_taas.services.taas.tap_mirror_plugin [None req-33fa451e-795a-40fa-a1bd-e58c1cd172ff 880334834b1944b899cbd8efc98fabe1 c972ca5ffe3c4332a9bec2e2bcb0fe05 - - default default] Tap Mirror: Handle Delete Port: 729f9cf9-47eb-461e-a253-c64ce7e8230c
2026-05-11 06:10:44.258 8 INFO neutron.db.ovn_revision_numbers_db [None req-5366c06a-015b-4823-85a2-5dbfa074d1d4 - - - - - -] Successfully bumped revision number for resource 2121c10c-29b0-430b-a864-e32762d35048 (type: ports) to 2
2026-05-11 06:10:44.272 7 INFO neutron.services.segments.plugin [-] Segment d22acfd7-6203-4063-ab33-67729dae8439 resource provider aggregate not found
2026-05-11 06:10:44.280 7 INFO neutron.services.segments.plugin [-] Segment d22acfd7-6203-4063-ab33-67729dae8439 resource provider aggregate not found
2026-05-11 06:10:44.286 8 INFO neutron.db.ovn_revision_numbers_db [None req-5366c06a-015b-4823-85a2-5dbfa074d1d4 - - - - - -] Successfully bumped revision number for resource 92762360-7efe-4438-8a84-4e32e211cf17 (type: subnets) to 0
2026-05-11 06:10:44.289 7 INFO neutron.services.segments.plugin [-] Segment d22acfd7-6203-4063-ab33-67729dae8439 resource provider not found; error: Placement Client Error (4xx): {"errors": [{"status": 404, "title": "Not Found", "detail": "The resource could not be found.\n\n No resource provider with uuid d22acfd7-6203-4063-ab33-67729dae8439 found for delete ", "request_id": "req-1fbd1b00-034c-4f4e-8ad1-c95afcdb8ebf"}]}
2026-05-11 06:10:44.298 7 INFO neutron.services.segments.plugin [-] Segment d22acfd7-6203-4063-ab33-67729dae8439 resource provider not found; error: Placement Client Error (4xx): {"errors": [{"status": 404, "title": "Not Found", "detail": "The resource could not be found.\n\n No resource provider with uuid d22acfd7-6203-4063-ab33-67729dae8439 found for delete ", "request_id": "req-657de768-4cea-49eb-afa3-6c67fbbaa3ff"}]} [pid: 8|app: 0|req: 849/1903] 10.0.0.145 () {34 vars in 669 bytes} [Mon May 11 06:10:43 2026] POST /v2.0/subnets => generated 629 bytes in 736 msecs (HTTP/1.1 201) 4 headers in 162 bytes (1 switches on core 0) [pid: 7|app: 0|req: 1055/1904] 10.0.0.145 () {32 vars in 726 bytes} [Mon May 11 06:10:43 2026] DELETE /v2.0/networks/ebc9975f-9d4a-4c6f-ad65-a6be349e52af => generated 0 bytes in 394 msecs (HTTP/1.1 204) 3 headers in 131 bytes (1 switches on core 0) [pid: 8|app: 0|req: 850/1905] 10.0.0.145 () {32 vars in 740 bytes} [Mon May 11 06:10:44 2026] DELETE /v2.0/security-groups/34ea2ca5-6815-4da3-a3ea-3fcdc2e6b289 => generated 0 bytes in 207 msecs (HTTP/1.1 204) 2 headers in 112 bytes (1 switches on core 0)
2026-05-11 06:10:44.755 7 WARNING neutron.scheduler.dhcp_agent_scheduler [None req-040c00fe-af06-4c8d-b11f-a30c5e5d4ee7 4ce469081a304b6e99cb50d43decc425 93aefd8d496242b19155fa56775f3e1d - - default default] No more DHCP agents
2026-05-11 06:10:44.756 7 WARNING neutron.api.rpc.agentnotifiers.dhcp_rpc_agent_api [None req-040c00fe-af06-4c8d-b11f-a30c5e5d4ee7 4ce469081a304b6e99cb50d43decc425 93aefd8d496242b19155fa56775f3e1d - - default default] Unable to schedule network a358325c-3f16-40f5-a608-92abae24985c: no agents available; will retry on subsequent port and subnet creation events.
2026-05-11 06:10:44.893 7 INFO neutron.db.ovn_revision_numbers_db [None req-040c00fe-af06-4c8d-b11f-a30c5e5d4ee7 4ce469081a304b6e99cb50d43decc425 93aefd8d496242b19155fa56775f3e1d - - default default] Successfully bumped revision number for resource 47786be7-289d-42c3-95ad-9696aca81225 (type: ports) to 1
2026-05-11 06:10:44.940 8 WARNING neutron.scheduler.dhcp_agent_scheduler [None req-5ea15a97-d252-4049-9bb0-61c8f9fce911 c29cf4efa8b244799a9c6efef8bf17f2 49b6259502b3493a879c464dc9e09d31 - - default default] No more DHCP agents
2026-05-11 06:10:44.942 8 WARNING neutron.api.rpc.agentnotifiers.dhcp_rpc_agent_api [None req-5ea15a97-d252-4049-9bb0-61c8f9fce911 c29cf4efa8b244799a9c6efef8bf17f2 49b6259502b3493a879c464dc9e09d31 - - default default] Unable to schedule network a358325c-3f16-40f5-a608-92abae24985c: no agents available; will retry on subsequent port and subnet creation events.
2026-05-11 06:10:45.107 8 INFO neutron.db.ovn_revision_numbers_db [None req-5ea15a97-d252-4049-9bb0-61c8f9fce911 c29cf4efa8b244799a9c6efef8bf17f2 49b6259502b3493a879c464dc9e09d31 - - default default] Successfully bumped revision number for resource 32a06aff-cad0-4707-89b7-305b3cd3cb56 (type: ports) to 1
2026-05-11 06:10:45.621 7 INFO neutron.plugins.ml2.drivers.ovn.mech_driver.ovsdb.commands [None req-e2c0019d-6335-4c31-93ff-5e87968a72bf - - - - - -] Schedule LRP lrp-47786be7-289d-42c3-95ad-9696aca81225 on gateway 4c858eb5-3bb7-4d07-a266-9c5fd89cbcfb with priority 1
2026-05-11 06:10:45.641 8 INFO neutron.plugins.ml2.drivers.ovn.mech_driver.ovsdb.ovsdb_monitor [None req-170eec8f-9942-4ec6-8184-79a55a0fcb58 - - - - - -] Router d68704aa-42ff-453b-ada4-2ff253f067cc is bound to host instance
2026-05-11 06:10:45.706 7 INFO neutron.db.ovn_revision_numbers_db [None req-040c00fe-af06-4c8d-b11f-a30c5e5d4ee7 4ce469081a304b6e99cb50d43decc425 93aefd8d496242b19155fa56775f3e1d - - default default] Successfully bumped revision number for resource 47786be7-289d-42c3-95ad-9696aca81225 (type: router_ports) to 1
2026-05-11 06:10:45.795 7 INFO neutron.db.ovn_revision_numbers_db [None req-040c00fe-af06-4c8d-b11f-a30c5e5d4ee7 4ce469081a304b6e99cb50d43decc425 93aefd8d496242b19155fa56775f3e1d - - default default] Successfully bumped revision number for resource d68704aa-42ff-453b-ada4-2ff253f067cc (type: routers) to 2 [pid: 7|app: 0|req: 1056/1906] 10.0.0.145 () {34 vars in 669 bytes} [Mon May 11 06:10:44 2026] POST /v2.0/routers => generated 966 bytes in 1484 msecs (HTTP/1.1 201) 4 headers in 162 bytes (1 switches on core 0)
2026-05-11 06:10:46.134 8 INFO neutron.plugins.ml2.drivers.ovn.mech_driver.ovsdb.commands [None req-db48a4eb-ad58-410f-bdce-d1eeece8a5ba - - - - - -] Schedule LRP lrp-32a06aff-cad0-4707-89b7-305b3cd3cb56 on gateway 4c858eb5-3bb7-4d07-a266-9c5fd89cbcfb with priority 1
2026-05-11 06:10:46.233 8 INFO neutron.db.ovn_revision_numbers_db [None req-5ea15a97-d252-4049-9bb0-61c8f9fce911 c29cf4efa8b244799a9c6efef8bf17f2 49b6259502b3493a879c464dc9e09d31 - - default default] Successfully bumped revision number for resource 32a06aff-cad0-4707-89b7-305b3cd3cb56 (type: router_ports) to 1
2026-05-11 06:10:46.266 7 WARNING neutron.scheduler.dhcp_agent_scheduler [None req-b9bedf06-dd7c-43aa-9732-e871cd2f9c09 880334834b1944b899cbd8efc98fabe1 c972ca5ffe3c4332a9bec2e2bcb0fe05 - - default default] No more DHCP agents
2026-05-11 06:10:46.267 7 WARNING neutron.api.rpc.agentnotifiers.dhcp_rpc_agent_api [None req-b9bedf06-dd7c-43aa-9732-e871cd2f9c09 880334834b1944b899cbd8efc98fabe1 c972ca5ffe3c4332a9bec2e2bcb0fe05 - - default default] Unable to schedule network a358325c-3f16-40f5-a608-92abae24985c: no agents available; will retry on subsequent port and subnet creation events.
2026-05-11 06:10:46.291 8 WARNING neutron.plugins.ml2.drivers.ovn.mech_driver.ovsdb.ovn_client [None req-23e93022-1cad-4685-8373-9ce08e77f0e8 - - - - - -] No port found with ID b0933f76-630d-479b-a9d4-8e5d87d8abcd: RuntimeError: No port found with ID b0933f76-630d-479b-a9d4-8e5d87d8abcd
2026-05-11 06:10:46.364 8 INFO neutron.plugins.ml2.drivers.ovn.mech_driver.mech_driver [None req-23e93022-1cad-4685-8373-9ce08e77f0e8 - - - - - -] OVN reports status down for port: dd850e5a-ee2e-4b63-9cb3-fef835d10902
2026-05-11 06:10:46.393 8 INFO neutron.db.ovn_revision_numbers_db [None req-5ea15a97-d252-4049-9bb0-61c8f9fce911 c29cf4efa8b244799a9c6efef8bf17f2 49b6259502b3493a879c464dc9e09d31 - - default default] Successfully bumped revision number for resource e610f5d9-6632-4cc9-b1d8-2a8bf579e844 (type: routers) to 2 [pid: 8|app: 0|req: 851/1907] 10.0.0.145 () {34 vars in 669 bytes} [Mon May 11 06:10:44 2026] POST /v2.0/routers => generated 936 bytes in 1952 msecs (HTTP/1.1 201) 4 headers in 162 bytes (1 switches on core 0)
2026-05-11 06:10:46.493 7 INFO neutron.db.ovn_revision_numbers_db [None req-b9bedf06-dd7c-43aa-9732-e871cd2f9c09 880334834b1944b899cbd8efc98fabe1 c972ca5ffe3c4332a9bec2e2bcb0fe05 - - default default] Successfully bumped revision number for resource c215fbeb-7973-45c1-9885-acea8c56218d (type: ports) to 1
2026-05-11 06:10:46.581 8 INFO neutron.plugins.ml2.drivers.ovn.mech_driver.mech_driver [None req-23e93022-1cad-4685-8373-9ce08e77f0e8 - - - - - -] OVN reports status down for port: 2121c10c-29b0-430b-a864-e32762d35048
2026-05-11 06:10:46.825 8 INFO neutron.plugins.ml2.drivers.ovn.mech_driver.mech_driver [None req-23e93022-1cad-4685-8373-9ce08e77f0e8 - - - - - -] OVN reports status down for port: 47786be7-289d-42c3-95ad-9696aca81225
2026-05-11 06:10:47.033 8 WARNING neutron.plugins.ml2.drivers.ovn.mech_driver.ovsdb.ovn_client [None req-23e93022-1cad-4685-8373-9ce08e77f0e8 - - - - - -] Logical_Switch_Port %s host information not removed, the port state is up
2026-05-11 06:10:47.034 8 INFO neutron.plugins.ml2.drivers.ovn.mech_driver.mech_driver [None req-23e93022-1cad-4685-8373-9ce08e77f0e8 - - - - - -] OVN reports status up for port: 47786be7-289d-42c3-95ad-9696aca81225
2026-05-11 06:10:47.065 7 INFO neutron.plugins.ml2.drivers.ovn.mech_driver.ovsdb.commands [None req-e2c0019d-6335-4c31-93ff-5e87968a72bf - - - - - -] Schedule LRP lrp-c215fbeb-7973-45c1-9885-acea8c56218d on gateway 4c858eb5-3bb7-4d07-a266-9c5fd89cbcfb with priority 1
2026-05-11 06:10:47.138 7 INFO neutron.db.ovn_revision_numbers_db [None req-b9bedf06-dd7c-43aa-9732-e871cd2f9c09 880334834b1944b899cbd8efc98fabe1 c972ca5ffe3c4332a9bec2e2bcb0fe05 - - default default] Successfully bumped revision number for resource c215fbeb-7973-45c1-9885-acea8c56218d (type: router_ports) to 1
2026-05-11 06:10:47.169 8 INFO neutron.plugins.ml2.plugin [None req-23e93022-1cad-4685-8373-9ce08e77f0e8 - - - - - -] Attempt 1 to provision port 47786be7-289d-42c3-95ad-9696aca81225
2026-05-11 06:10:47.187 7 INFO neutron.db.ovn_revision_numbers_db [None req-b9bedf06-dd7c-43aa-9732-e871cd2f9c09 880334834b1944b899cbd8efc98fabe1 c972ca5ffe3c4332a9bec2e2bcb0fe05 - - default default] Successfully bumped revision number for resource 1201f14f-005f-4bce-9253-fa5a9d9babaf (type: routers) to 2 [pid: 7|app: 0|req: 1057/1908] 10.0.0.145 () {34 vars in 669 bytes} [Mon May 11 06:10:45 2026] POST /v2.0/routers => generated 947 bytes in 1385 msecs (HTTP/1.1 201) 4 headers in 162 bytes (1 switches on core 0)
2026-05-11 06:10:47.641 7 WARNING neutron.scheduler.dhcp_agent_scheduler [None req-bb7661fd-c902-4aec-96b7-e7e4f9bb24c5 c29cf4efa8b244799a9c6efef8bf17f2 49b6259502b3493a879c464dc9e09d31 - - default default] No more DHCP agents
2026-05-11 06:10:47.642 7 WARNING neutron.api.rpc.agentnotifiers.dhcp_rpc_agent_api [None req-bb7661fd-c902-4aec-96b7-e7e4f9bb24c5 c29cf4efa8b244799a9c6efef8bf17f2 49b6259502b3493a879c464dc9e09d31 - - default default] Unable to schedule network 31ae70a6-6339-4186-b5b6-c1b251a34db0: no agents available; will retry on subsequent port and subnet creation events.
2026-05-11 06:10:47.720 8 WARNING neutron.scheduler.dhcp_agent_scheduler [None req-d4d4aa10-2e09-413d-881a-5f9300eebb5e 4ce469081a304b6e99cb50d43decc425 93aefd8d496242b19155fa56775f3e1d - - default default] No more DHCP agents
2026-05-11 06:10:47.726 8 WARNING neutron.api.rpc.agentnotifiers.dhcp_rpc_agent_api [None req-d4d4aa10-2e09-413d-881a-5f9300eebb5e 4ce469081a304b6e99cb50d43decc425 93aefd8d496242b19155fa56775f3e1d - - default default] Unable to schedule network 1c7a8121-e4e3-4fd5-8b99-05b7473a5ee5: no agents available; will retry on subsequent port and subnet creation events.
2026-05-11 06:10:47.800 7 INFO neutron.db.ovn_revision_numbers_db [None req-bb7661fd-c902-4aec-96b7-e7e4f9bb24c5 c29cf4efa8b244799a9c6efef8bf17f2 49b6259502b3493a879c464dc9e09d31 - - default default] Successfully bumped revision number for resource fd0d3056-7411-43a7-a602-1e824487f148 (type: ports) to 1
2026-05-11 06:10:47.840 8 INFO neutron.db.ovn_revision_numbers_db [None req-f3cc0559-a950-4f22-8dc9-c97866644ab6 - - - - - -] Successfully bumped revision number for resource 47786be7-289d-42c3-95ad-9696aca81225 (type: ports) to 4
2026-05-11 06:10:48.094 8 INFO neutron.db.ovn_revision_numbers_db [None req-d4d4aa10-2e09-413d-881a-5f9300eebb5e 4ce469081a304b6e99cb50d43decc425 93aefd8d496242b19155fa56775f3e1d - - default default] Successfully bumped revision number for resource c6b7015e-b211-4620-a5b7-03fc8d7381a9 (type: ports) to 1
2026-05-11 06:10:48.103 8 INFO neutron.db.ovn_revision_numbers_db [None req-23e93022-1cad-4685-8373-9ce08e77f0e8 - - - - - -] Successfully bumped revision number for resource 47786be7-289d-42c3-95ad-9696aca81225 (type: ports) to 5
2026-05-11 06:10:48.278 8 INFO neutron.plugins.ml2.drivers.ovn.mech_driver.mech_driver [None req-96d6f205-f8b9-403a-b12e-cdeab03516bc - - - - - -] OVN reports status down for port: c215fbeb-7973-45c1-9885-acea8c56218d
2026-05-11 06:10:48.368 8 WARNING neutron.plugins.ml2.drivers.ovn.mech_driver.ovsdb.ovn_client [None req-96d6f205-f8b9-403a-b12e-cdeab03516bc - - - - - -] Logical_Switch_Port %s host information not removed, the port state is up
2026-05-11 06:10:48.368 8 INFO neutron.plugins.ml2.drivers.ovn.mech_driver.mech_driver [None req-96d6f205-f8b9-403a-b12e-cdeab03516bc - - - - - -] OVN reports status up for port: c215fbeb-7973-45c1-9885-acea8c56218d
2026-05-11 06:10:48.395 8 INFO neutron.plugins.ml2.plugin [None req-96d6f205-f8b9-403a-b12e-cdeab03516bc - - - - - -] Attempt 1 to provision port c215fbeb-7973-45c1-9885-acea8c56218d
2026-05-11 06:10:48.543 7 WARNING neutron.scheduler.dhcp_agent_scheduler [None req-bb7661fd-c902-4aec-96b7-e7e4f9bb24c5 c29cf4efa8b244799a9c6efef8bf17f2 49b6259502b3493a879c464dc9e09d31 - - default default] No more DHCP agents
2026-05-11 06:10:48.554 7 WARNING neutron.api.rpc.agentnotifiers.dhcp_rpc_agent_api [None req-bb7661fd-c902-4aec-96b7-e7e4f9bb24c5 c29cf4efa8b244799a9c6efef8bf17f2 49b6259502b3493a879c464dc9e09d31 - - default default] Unable to schedule network 31ae70a6-6339-4186-b5b6-c1b251a34db0: no agents available; will retry on subsequent port and subnet creation events.
2026-05-11 06:10:48.961 8 WARNING neutron.scheduler.dhcp_agent_scheduler [None req-d4d4aa10-2e09-413d-881a-5f9300eebb5e 4ce469081a304b6e99cb50d43decc425 93aefd8d496242b19155fa56775f3e1d - - default default] No more DHCP agents
2026-05-11 06:10:48.962 8 WARNING neutron.api.rpc.agentnotifiers.dhcp_rpc_agent_api [None req-d4d4aa10-2e09-413d-881a-5f9300eebb5e 4ce469081a304b6e99cb50d43decc425 93aefd8d496242b19155fa56775f3e1d - - default default] Unable to schedule network 1c7a8121-e4e3-4fd5-8b99-05b7473a5ee5: no agents available; will retry on subsequent port and subnet creation events.
2026-05-11 06:10:48.977 7 INFO neutron.db.ovn_revision_numbers_db [None req-bb7661fd-c902-4aec-96b7-e7e4f9bb24c5 c29cf4efa8b244799a9c6efef8bf17f2 49b6259502b3493a879c464dc9e09d31 - - default default] Successfully bumped revision number for resource fd0d3056-7411-43a7-a602-1e824487f148 (type: router_ports) to 1 [pid: 7|app: 0|req: 1058/1909] 10.0.0.145 () {34 vars in 783 bytes} [Mon May 11 06:10:47 2026] PUT /v2.0/routers/e610f5d9-6632-4cc9-b1d8-2a8bf579e844/add_router_interface => generated 309 bytes in 1782 msecs (HTTP/1.1 200) 4 headers in 157 bytes (1 switches on core 0) [pid: 7|app: 0|req: 1059/1910] 10.0.0.145 () {32 vars in 721 bytes} [Mon May 11 06:10:48 2026] GET /v2.0/routers/1201f14f-005f-4bce-9253-fa5a9d9babaf => generated 953 bytes in 68 msecs (HTTP/1.1 200) 4 headers in 157 bytes (1 switches on core 0)
2026-05-11 06:10:49.119 7 WARNING neutron.plugins.ml2.drivers.ovn.mech_driver.ovsdb.ovn_client [None req-9deccf59-4636-4aa7-a709-74f3497818cd - - - - - -] No hosting information found for port 3aaaf6a5-0750-4fab-ba8b-dd733962abf9: RuntimeError: No hosting information found for port 3aaaf6a5-0750-4fab-ba8b-dd733962abf9
2026-05-11 06:10:49.204 7 INFO neutron.db.ovn_revision_numbers_db [None req-9deccf59-4636-4aa7-a709-74f3497818cd - - - - - -] Successfully bumped revision number for resource 3aaaf6a5-0750-4fab-ba8b-dd733962abf9 (type: router_ports) to 2
2026-05-11 06:10:49.205 7 INFO neutron.plugins.ml2.drivers.ovn.mech_driver.mech_driver [None req-9deccf59-4636-4aa7-a709-74f3497818cd - - - - - -] OVN reports status down for port: d7fb32b7-e13b-4255-a222-78552e690e36
2026-05-11 06:10:49.312 7 WARNING neutron.plugins.ml2.drivers.ovn.mech_driver.ovsdb.ovn_client [None req-9deccf59-4636-4aa7-a709-74f3497818cd - - - - - -] Logical_Switch_Port %s host information not removed, the port state is up
2026-05-11 06:10:49.443 8 INFO neutron.db.ovn_revision_numbers_db [None req-d4d4aa10-2e09-413d-881a-5f9300eebb5e 4ce469081a304b6e99cb50d43decc425 93aefd8d496242b19155fa56775f3e1d - - default default] Successfully bumped revision number for resource c6b7015e-b211-4620-a5b7-03fc8d7381a9 (type: router_ports) to 1 [pid: 8|app: 0|req: 852/1911] 10.0.0.145 () {34 vars in 783 bytes} [Mon May 11 06:10:46 2026] PUT /v2.0/routers/d68704aa-42ff-453b-ada4-2ff253f067cc/add_router_interface => generated 309 bytes in 2984 msecs (HTTP/1.1 200) 4 headers in 157 bytes (1 switches on core 0)
2026-05-11 06:10:49.609 7 INFO neutron.db.ovn_revision_numbers_db [None req-88a9ce7f-867a-4233-8f20-835a35e07965 b6ef1f906aea46a9be0b697cb251c412 c0b1bcdfeb6047068d50f30d25a8a7b3 - - default default] Successfully bumped revision number for resource 0a142b5c-ba0a-4720-ac6f-0af6bf3d43fe (type: security_groups) to 1
2026-05-11 06:10:49.633 7 INFO neutron.db.ovn_revision_numbers_db [None req-88a9ce7f-867a-4233-8f20-835a35e07965 b6ef1f906aea46a9be0b697cb251c412 c0b1bcdfeb6047068d50f30d25a8a7b3 - - default default] Successfully bumped revision number for resource 4051f3d4-4519-435c-b36c-35354f92faa8 (type: security_group_rules) to 0
2026-05-11 06:10:49.654 7 INFO neutron.plugins.ml2.drivers.ovn.mech_driver.mech_driver [None req-9deccf59-4636-4aa7-a709-74f3497818cd - - - - - -] OVN reports status down for port: 32a06aff-cad0-4707-89b7-305b3cd3cb56
2026-05-11 06:10:49.657 7 INFO neutron.db.ovn_revision_numbers_db [None req-88a9ce7f-867a-4233-8f20-835a35e07965 b6ef1f906aea46a9be0b697cb251c412 c0b1bcdfeb6047068d50f30d25a8a7b3 - - default default] Successfully bumped revision number for resource a9bc3c60-46b8-4648-b4ec-cfe82a6638eb (type: security_group_rules) to 0
2026-05-11 06:10:49.683 7 INFO neutron.db.ovn_revision_numbers_db [None req-88a9ce7f-867a-4233-8f20-835a35e07965 b6ef1f906aea46a9be0b697cb251c412 c0b1bcdfeb6047068d50f30d25a8a7b3 - - default default] Successfully bumped revision number for resource b7bede98-c0e3-4d95-b9b7-4d17b47e0751 (type: security_group_rules) to 0
2026-05-11 06:10:49.707 7 INFO neutron.db.ovn_revision_numbers_db [None req-88a9ce7f-867a-4233-8f20-835a35e07965 b6ef1f906aea46a9be0b697cb251c412 c0b1bcdfeb6047068d50f30d25a8a7b3 - - default default] Successfully bumped revision number for resource fc3fbf97-36e3-4aca-837a-0e9d93fba8e2 (type: security_group_rules) to 0
2026-05-11 06:10:49.745 7 WARNING neutron.plugins.ml2.drivers.ovn.mech_driver.ovsdb.ovn_client [None req-9deccf59-4636-4aa7-a709-74f3497818cd - - - - - -] Logical_Switch_Port %s host information not removed, the port state is up
2026-05-11 06:10:49.746 7 INFO neutron.plugins.ml2.drivers.ovn.mech_driver.mech_driver [None req-9deccf59-4636-4aa7-a709-74f3497818cd - - - - - -] OVN reports status up for port: c2b0d99e-c696-4d93-b3c1-97b545239a7b
2026-05-11 06:10:49.768 7 INFO neutron.plugins.ml2.plugin [None req-9deccf59-4636-4aa7-a709-74f3497818cd - - - - - -] Attempt 1 to provision port c2b0d99e-c696-4d93-b3c1-97b545239a7b
2026-05-11 06:10:49.844 7 INFO neutron.db.segments_db [None req-88a9ce7f-867a-4233-8f20-835a35e07965 b6ef1f906aea46a9be0b697cb251c412 c0b1bcdfeb6047068d50f30d25a8a7b3 - - default default] Added segment 3ea642c2-a3dd-486e-98b7-3f58299ad622 of type geneve for network 47ea0c3c-62ae-42e9-9fd6-ed21856eadc9
2026-05-11 06:10:50.025 7 INFO neutron.db.ovn_revision_numbers_db [None req-88a9ce7f-867a-4233-8f20-835a35e07965 b6ef1f906aea46a9be0b697cb251c412 c0b1bcdfeb6047068d50f30d25a8a7b3 - - default default] Successfully bumped revision number for resource 47ea0c3c-62ae-42e9-9fd6-ed21856eadc9 (type: networks) to 1
2026-05-11 06:10:50.104 7 INFO neutron.db.ovn_revision_numbers_db [None req-9deccf59-4636-4aa7-a709-74f3497818cd - - - - - -] Successfully bumped revision number for resource c2b0d99e-c696-4d93-b3c1-97b545239a7b (type: ports) to 4
2026-05-11 06:10:50.323 7 WARNING neutron.scheduler.dhcp_agent_scheduler [None req-88a9ce7f-867a-4233-8f20-835a35e07965 b6ef1f906aea46a9be0b697cb251c412 c0b1bcdfeb6047068d50f30d25a8a7b3 - - default default] No more DHCP agents
2026-05-11 06:10:50.326 7 WARNING neutron.api.rpc.agentnotifiers.dhcp_rpc_agent_api [None req-88a9ce7f-867a-4233-8f20-835a35e07965 b6ef1f906aea46a9be0b697cb251c412 c0b1bcdfeb6047068d50f30d25a8a7b3 - - default default] Unable to schedule network 47ea0c3c-62ae-42e9-9fd6-ed21856eadc9: no agents available; will retry on subsequent port and subnet creation events.
2026-05-11 06:10:50.353 7 INFO neutron.plugins.ml2.drivers.ovn.mech_driver.mech_driver [None req-2484543f-d14f-4d1c-a1ac-ebbeb5625495 - - - - - -] OVN reports status up for port: 32a06aff-cad0-4707-89b7-305b3cd3cb56
2026-05-11 06:10:50.380 7 INFO neutron.plugins.ml2.plugin [None req-2484543f-d14f-4d1c-a1ac-ebbeb5625495 - - - - - -] Attempt 1 to provision port 32a06aff-cad0-4707-89b7-305b3cd3cb56
2026-05-11 06:10:50.505 7 INFO neutron.db.ovn_revision_numbers_db [None req-88a9ce7f-867a-4233-8f20-835a35e07965 b6ef1f906aea46a9be0b697cb251c412 c0b1bcdfeb6047068d50f30d25a8a7b3 - - default default] Successfully bumped revision number for resource a2c34603-272e-4b78-addb-c1d7591e1950 (type: ports) to 1 [pid: 7|app: 0|req: 1060/1912] 10.0.0.145 () {34 vars in 670 bytes} [Mon May 11 06:10:49 2026] POST /v2.0/networks => generated 651 bytes in 1484 msecs (HTTP/1.1 201) 4 headers in 162 bytes (1 switches on core 0)
2026-05-11 06:10:50.608 8 WARNING neutron.scheduler.dhcp_agent_scheduler [None req-0445d5e6-08a4-47cf-968f-8b9c2edb0f9b - - - - - -] No more DHCP agents
2026-05-11 06:10:50.609 8 WARNING neutron.api.rpc.agentnotifiers.dhcp_rpc_agent_api [None req-0445d5e6-08a4-47cf-968f-8b9c2edb0f9b - - - - - -] Unable to schedule network a358325c-3f16-40f5-a608-92abae24985c: no agents available; will retry on subsequent port and subnet creation events. [pid: 7|app: 0|req: 1061/1913] 10.0.0.145 () {32 vars in 647 bytes} [Mon May 11 06:10:50 2026] GET /v2.0/routers => generated 956 bytes in 100 msecs (HTTP/1.1 200) 4 headers in 157 bytes (1 switches on core 0)
2026-05-11 06:10:50.720 7 INFO neutron.db.segments_db [None req-e0bd2f04-9cc3-4985-9b96-313f8e258086 b6ef1f906aea46a9be0b697cb251c412 c0b1bcdfeb6047068d50f30d25a8a7b3 - - default default] Added segment 2509dc21-74d1-411e-8f2d-bdebd1582681 of type geneve for network 15826fb0-66e0-458c-8a48-a0f1164da894
2026-05-11 06:10:50.774 8 INFO neutron.db.ovn_revision_numbers_db [None req-0445d5e6-08a4-47cf-968f-8b9c2edb0f9b - - - - - -] Successfully bumped revision number for resource 74289618-1082-49ea-a7c1-b94a07f2f94a (type: ports) to 1
2026-05-11 06:10:50.842 7 INFO neutron.db.ovn_revision_numbers_db [None req-e0bd2f04-9cc3-4985-9b96-313f8e258086 b6ef1f906aea46a9be0b697cb251c412 c0b1bcdfeb6047068d50f30d25a8a7b3 - - default default] Successfully bumped revision number for resource 15826fb0-66e0-458c-8a48-a0f1164da894 (type: networks) to 1
2026-05-11 06:10:51.005 7 WARNING neutron.scheduler.dhcp_agent_scheduler [None req-e0bd2f04-9cc3-4985-9b96-313f8e258086 b6ef1f906aea46a9be0b697cb251c412 c0b1bcdfeb6047068d50f30d25a8a7b3 - - default default] No more DHCP agents
2026-05-11 06:10:51.006 7 WARNING neutron.api.rpc.agentnotifiers.dhcp_rpc_agent_api [None req-e0bd2f04-9cc3-4985-9b96-313f8e258086 b6ef1f906aea46a9be0b697cb251c412 c0b1bcdfeb6047068d50f30d25a8a7b3 - - default default] Unable to schedule network 15826fb0-66e0-458c-8a48-a0f1164da894: no agents available; will retry on subsequent port and subnet creation events.
2026-05-11 06:10:51.009 8 INFO neutron.db.ovn_revision_numbers_db [None req-0445d5e6-08a4-47cf-968f-8b9c2edb0f9b - - - - - -] Successfully bumped revision number for resource 74289618-1082-49ea-a7c1-b94a07f2f94a (type: ports) to 3
2026-05-11 06:10:51.065 8 INFO neutron.db.segments_db [None req-0445d5e6-08a4-47cf-968f-8b9c2edb0f9b - - - - - -] Added segment 88df78f6-7f6f-49eb-89ed-81556e08b72a of type geneve for network d068c3f4-50a3-4200-8eb6-814fc0422f1d
2026-05-11 06:10:51.092 7 INFO neutron.db.ovn_revision_numbers_db [None req-e0bd2f04-9cc3-4985-9b96-313f8e258086 b6ef1f906aea46a9be0b697cb251c412 c0b1bcdfeb6047068d50f30d25a8a7b3 - - default default] Successfully bumped revision number for resource 69359325-97e5-401e-aaa5-1389056a91ce (type: ports) to 1 [pid: 7|app: 0|req: 1064/1916] 10.0.0.145 () {34 vars in 670 bytes} [Mon May 11 06:10:50 2026] POST /v2.0/networks => generated 650 bytes in 472 msecs (HTTP/1.1 201) 4 headers in 162 bytes (1 switches on core 0)
2026-05-11 06:10:51.162 8 INFO neutron.db.ovn_revision_numbers_db [None req-9dac83fe-bea2-475b-9482-bf1e829184d9 - - - - - -] Successfully bumped revision number for resource d068c3f4-50a3-4200-8eb6-814fc0422f1d (type: networks) to 1
2026-05-11 06:10:51.366 8 WARNING neutron.scheduler.dhcp_agent_scheduler [None req-9dac83fe-bea2-475b-9482-bf1e829184d9 - - - - - -] No more DHCP agents
2026-05-11 06:10:51.368 8 WARNING neutron.api.rpc.agentnotifiers.dhcp_rpc_agent_api [None req-9dac83fe-bea2-475b-9482-bf1e829184d9 - - - - - -] Unable to schedule network d068c3f4-50a3-4200-8eb6-814fc0422f1d: no agents available; will retry on subsequent port and subnet creation events.
2026-05-11 06:10:51.458 8 INFO neutron.db.ovn_revision_numbers_db [None req-9dac83fe-bea2-475b-9482-bf1e829184d9 - - - - - -] Successfully bumped revision number for resource fe7871e0-55a8-4c35-9c25-e7d3d5b075b4 (type: ports) to 1
2026-05-11 06:10:51.537 7 INFO neutron.db.ovn_revision_numbers_db [None req-f636e410-f7e1-4cb6-a060-e448960adf75 880334834b1944b899cbd8efc98fabe1 c972ca5ffe3c4332a9bec2e2bcb0fe05 - - default default] Successfully bumped revision number for resource 1201f14f-005f-4bce-9253-fa5a9d9babaf (type: routers) to 3 [pid: 7|app: 0|req: 1065/1917] 10.0.0.145 () {34 vars in 741 bytes} [Mon May 11 06:10:51 2026] PUT /v2.0/routers/1201f14f-005f-4bce-9253-fa5a9d9babaf => generated 960 bytes in 432 msecs (HTTP/1.1 200) 4 headers in 157 bytes (1 switches on core 0)
2026-05-11 06:10:51.568 8 WARNING neutron.scheduler.dhcp_agent_scheduler [None req-9dac83fe-bea2-475b-9482-bf1e829184d9 - - - - - -] No more DHCP agents
2026-05-11 06:10:51.569 8 WARNING neutron.api.rpc.agentnotifiers.dhcp_rpc_agent_api [None req-9dac83fe-bea2-475b-9482-bf1e829184d9 - - - - - -] Unable to schedule network d068c3f4-50a3-4200-8eb6-814fc0422f1d: no agents available; will retry on subsequent port and subnet creation events.
2026-05-11 06:10:51.590 8 INFO neutron.db.ovn_revision_numbers_db [None req-9dac83fe-bea2-475b-9482-bf1e829184d9 - - - - - -] Successfully bumped revision number for resource 26d2eab8-382c-4849-a6bd-aa35fcca50f9 (type: subnets) to 0
2026-05-11 06:10:51.701 7 INFO neutron.db.ovn_revision_numbers_db [None req-2efe4430-477c-44a0-b760-5010242707e1 4ce469081a304b6e99cb50d43decc425 93aefd8d496242b19155fa56775f3e1d - - default default] Successfully bumped revision number for resource 70f4290f-fc3e-47d0-b3d5-4b33d4465604 (type: security_groups) to 1
2026-05-11 06:10:51.715 7 INFO neutron.db.ovn_revision_numbers_db [None req-2efe4430-477c-44a0-b760-5010242707e1 4ce469081a304b6e99cb50d43decc425 93aefd8d496242b19155fa56775f3e1d - - default default] Successfully bumped revision number for resource 42ff7979-0b20-4638-b2d7-996e7d9f9475 (type: security_group_rules) to 0
2026-05-11 06:10:51.736 7 INFO neutron.db.ovn_revision_numbers_db [None req-2efe4430-477c-44a0-b760-5010242707e1 4ce469081a304b6e99cb50d43decc425 93aefd8d496242b19155fa56775f3e1d - - default default] Successfully bumped revision number for resource 65fcf582-dd14-4f9c-8f6a-97b61ac7db5f (type: security_group_rules) to 0
2026-05-11 06:10:51.748 7 INFO neutron.db.ovn_revision_numbers_db [None req-2efe4430-477c-44a0-b760-5010242707e1 4ce469081a304b6e99cb50d43decc425 93aefd8d496242b19155fa56775f3e1d - - default default] Successfully bumped revision number for resource 787d2fdd-9ede-4cfc-bee4-606ed6fd1b4d (type: security_group_rules) to 0
2026-05-11 06:10:51.764 7 INFO neutron.db.ovn_revision_numbers_db [None req-2efe4430-477c-44a0-b760-5010242707e1 4ce469081a304b6e99cb50d43decc425 93aefd8d496242b19155fa56775f3e1d - - default default] Successfully bumped revision number for resource e486fc3a-9c34-4967-b1e3-a07af15d9097 (type: security_group_rules) to 0
2026-05-11 06:10:51.847 7 INFO neutron.db.segments_db [None req-2efe4430-477c-44a0-b760-5010242707e1 4ce469081a304b6e99cb50d43decc425 93aefd8d496242b19155fa56775f3e1d - - default default] Added segment 96fb13d5-a3f2-436d-b77e-4d1d8a229c29 of type geneve for network 24de9281-85e9-490f-9634-3a85e5c5a6dd
2026-05-11 06:10:51.953 7 INFO neutron.db.ovn_revision_numbers_db [None req-2efe4430-477c-44a0-b760-5010242707e1 4ce469081a304b6e99cb50d43decc425 93aefd8d496242b19155fa56775f3e1d - - default default] Successfully bumped revision number for resource 24de9281-85e9-490f-9634-3a85e5c5a6dd (type: networks) to 1
2026-05-11 06:10:51.988 8 WARNING neutron.scheduler.dhcp_agent_scheduler [None req-9dac83fe-bea2-475b-9482-bf1e829184d9 - - - - - -] No more DHCP agents
2026-05-11 06:10:51.990 8 WARNING neutron.api.rpc.agentnotifiers.dhcp_rpc_agent_api [None req-9dac83fe-bea2-475b-9482-bf1e829184d9 - - - - - -] Unable to schedule network d068c3f4-50a3-4200-8eb6-814fc0422f1d: no agents available; will retry on subsequent port and subnet creation events.
2026-05-11 06:10:52.137 8 INFO neutron.db.ovn_revision_numbers_db [None req-9dac83fe-bea2-475b-9482-bf1e829184d9 - - - - - -] Successfully bumped revision number for resource 2e0aeb41-f8de-4057-bd82-aa8aac7e36a9 (type: ports) to 1
2026-05-11 06:10:52.146 7 WARNING neutron.scheduler.dhcp_agent_scheduler [None req-2efe4430-477c-44a0-b760-5010242707e1 4ce469081a304b6e99cb50d43decc425 93aefd8d496242b19155fa56775f3e1d - - default default] No more DHCP agents
2026-05-11 06:10:52.147 7 WARNING neutron.api.rpc.agentnotifiers.dhcp_rpc_agent_api [None req-2efe4430-477c-44a0-b760-5010242707e1 4ce469081a304b6e99cb50d43decc425 93aefd8d496242b19155fa56775f3e1d - - default default] Unable to schedule network 24de9281-85e9-490f-9634-3a85e5c5a6dd: no agents available; will retry on subsequent port and subnet creation events.
2026-05-11 06:10:52.243 7 INFO neutron.db.ovn_revision_numbers_db [None req-2efe4430-477c-44a0-b760-5010242707e1 4ce469081a304b6e99cb50d43decc425 93aefd8d496242b19155fa56775f3e1d - - default default] Successfully bumped revision number for resource adbbd610-7c89-4175-8b0c-7cccf08fd5cd (type: ports) to 1 [pid: 7|app: 0|req: 1066/1918] 10.0.0.145 () {34 vars in 671 bytes} [Mon May 11 06:10:51 2026] POST /v2.0/networks => generated 762 bytes in 716 msecs (HTTP/1.1 201) 4 headers in 162 bytes (1 switches on core 0) [pid: 7|app: 0|req: 1067/1919] 10.0.0.145 () {34 vars in 753 bytes} [Mon May 11 06:10:52 2026] PUT /v2.0/networks/47ea0c3c-62ae-42e9-9fd6-ed21856eadc9/tags => generated 25 bytes in 49 msecs (HTTP/1.1 200) 4 headers in 156 bytes (1 switches on core 0) [pid: 7|app: 0|req: 1068/1920] 10.0.0.145 () {32 vars in 721 bytes} [Mon May 11 06:10:52 2026] GET /v2.0/routers/1201f14f-005f-4bce-9253-fa5a9d9babaf => generated 960 bytes in 60 msecs (HTTP/1.1 200) 4 headers in 157 bytes (1 switches on core 0)
2026-05-11 06:10:52.494 7 WARNING neutron.scheduler.dhcp_agent_scheduler [None req-032da3fe-ec4c-41ff-93c3-a4b99fbe1f80 4ce469081a304b6e99cb50d43decc425 93aefd8d496242b19155fa56775f3e1d - - default default] No more DHCP agents
2026-05-11 06:10:52.496 7 WARNING neutron.api.rpc.agentnotifiers.dhcp_rpc_agent_api [None req-032da3fe-ec4c-41ff-93c3-a4b99fbe1f80 4ce469081a304b6e99cb50d43decc425 93aefd8d496242b19155fa56775f3e1d - - default default] Unable to schedule network 24de9281-85e9-490f-9634-3a85e5c5a6dd: no agents available; will retry on subsequent port and subnet creation events.
2026-05-11 06:10:52.736 8 WARNING neutron.scheduler.dhcp_agent_scheduler [None req-9dac83fe-bea2-475b-9482-bf1e829184d9 - - - - - -] No more DHCP agents
2026-05-11 06:10:52.738 8 WARNING neutron.api.rpc.agentnotifiers.dhcp_rpc_agent_api [None req-9dac83fe-bea2-475b-9482-bf1e829184d9 - - - - - -] Unable to schedule network d068c3f4-50a3-4200-8eb6-814fc0422f1d: no agents available; will retry on subsequent port and subnet creation events.
2026-05-11 06:10:52.962 7 INFO neutron.db.ovn_revision_numbers_db [None req-925921f1-5e40-4b79-9a7c-e3b1de514bc8 - - - - - -] Successfully bumped revision number for resource adbbd610-7c89-4175-8b0c-7cccf08fd5cd (type: ports) to 2
2026-05-11 06:10:52.991 7 INFO neutron.db.ovn_revision_numbers_db [None req-925921f1-5e40-4b79-9a7c-e3b1de514bc8 - - - - - -] Successfully bumped revision number for resource d33e1dcc-197a-4a01-a05c-2c7ce18056ce (type: subnets) to 0 [pid: 7|app: 0|req: 1069/1921] 10.0.0.145 () {34 vars in 669 bytes} [Mon May 11 06:10:52 2026] POST /v2.0/subnets => generated 687 bytes in 634 msecs (HTTP/1.1 201) 4 headers in 162 bytes (1 switches on core 0) [pid: 7|app: 0|req: 1070/1922] 10.0.0.145 () {32 vars in 733 bytes} [Mon May 11 06:10:53 2026] GET /v2.0/networks/47ea0c3c-62ae-42e9-9fd6-ed21856eadc9/tags => generated 25 bytes in 46 msecs (HTTP/1.1 200) 4 headers in 156 bytes (1 switches on core 0) [pid: 7|app: 0|req: 1071/1923] 10.0.0.145 () {32 vars in 736 bytes} [Mon May 11 06:10:53 2026] GET /v2.0/ports?device_id=1201f14f-005f-4bce-9253-fa5a9d9babaf => generated 12 bytes in 17 msecs (HTTP/1.1 200) 4 headers in 156 bytes (1 switches on core 0)
2026-05-11 06:10:53.187 8 INFO neutron.db.ovn_revision_numbers_db [None req-9dac83fe-bea2-475b-9482-bf1e829184d9 - - - - - -] Successfully bumped revision number for resource 2e0aeb41-f8de-4057-bd82-aa8aac7e36a9 (type: router_ports) to 1
2026-05-11 06:10:53.422 8 WARNING neutron.scheduler.dhcp_agent_scheduler [None req-9dac83fe-bea2-475b-9482-bf1e829184d9 - - - - - -] No more DHCP agents
2026-05-11 06:10:53.424 8 WARNING neutron.api.rpc.agentnotifiers.dhcp_rpc_agent_api [None req-9dac83fe-bea2-475b-9482-bf1e829184d9 - - - - - -] Unable to schedule network d068c3f4-50a3-4200-8eb6-814fc0422f1d: no agents available; will retry on subsequent port and subnet creation events.
2026-05-11 06:10:53.561 8 WARNING neutron.plugins.ml2.drivers.ovn.mech_driver.ovsdb.ovn_client [None req-96d6f205-f8b9-403a-b12e-cdeab03516bc - - - - - -] No hosting information found for port c215fbeb-7973-45c1-9885-acea8c56218d: RuntimeError: No hosting information found for port c215fbeb-7973-45c1-9885-acea8c56218d
2026-05-11 06:10:53.561 8 INFO neutron.plugins.ml2.drivers.ovn.mech_driver.mech_driver [None req-96d6f205-f8b9-403a-b12e-cdeab03516bc - - - - - -] OVN reports status down for port: 74289618-1082-49ea-a7c1-b94a07f2f94a
2026-05-11 06:10:53.585 7 WARNING neutron.scheduler.dhcp_agent_scheduler [None req-128809a6-0a8a-4412-9e36-74844e07d107 4ce469081a304b6e99cb50d43decc425 93aefd8d496242b19155fa56775f3e1d - - default default] No more DHCP agents
2026-05-11 06:10:53.586 7 WARNING neutron.api.rpc.agentnotifiers.dhcp_rpc_agent_api [None req-128809a6-0a8a-4412-9e36-74844e07d107 4ce469081a304b6e99cb50d43decc425 93aefd8d496242b19155fa56775f3e1d - - default default] Unable to schedule network a358325c-3f16-40f5-a608-92abae24985c: no agents available; will retry on subsequent port and subnet creation events.
2026-05-11 06:10:53.619 8 INFO neutron.db.ovn_revision_numbers_db [None req-9dac83fe-bea2-475b-9482-bf1e829184d9 - - - - - -] Successfully bumped revision number for resource aac0267e-7266-4bd2-bdac-ae0e9a4625a0 (type: ports) to 1
2026-05-11 06:10:53.657 8 INFO neutron.plugins.ml2.drivers.ovn.mech_driver.mech_driver [None req-96d6f205-f8b9-403a-b12e-cdeab03516bc - - - - - -] OVN reports status down for port: fe7871e0-55a8-4c35-9c25-e7d3d5b075b4
2026-05-11 06:10:53.714 7 INFO neutron.db.ovn_revision_numbers_db [None req-128809a6-0a8a-4412-9e36-74844e07d107 4ce469081a304b6e99cb50d43decc425 93aefd8d496242b19155fa56775f3e1d - - default default] Successfully bumped revision number for resource ba2775a8-a1aa-45ad-9cb1-c4e465438429 (type: ports) to 1
2026-05-11 06:10:53.801 8 INFO neutron.plugins.ml2.drivers.ovn.mech_driver.mech_driver [None req-96d6f205-f8b9-403a-b12e-cdeab03516bc - - - - - -] OVN reports status down for port: aac0267e-7266-4bd2-bdac-ae0e9a4625a0
2026-05-11 06:10:53.891 8 INFO neutron.plugins.ml2.drivers.ovn.mech_driver.mech_driver [None req-96d6f205-f8b9-403a-b12e-cdeab03516bc - - - - - -] OVN reports status down for port: ba2775a8-a1aa-45ad-9cb1-c4e465438429
2026-05-11 06:10:53.994 8 INFO neutron.db.ovn_revision_numbers_db [None req-9dac83fe-bea2-475b-9482-bf1e829184d9 - - - - - -] Successfully bumped revision number for resource aac0267e-7266-4bd2-bdac-ae0e9a4625a0 (type: ports) to 3 [pid: 8|app: 0|req: 853/1924] 10.0.0.145 () {34 vars in 685 bytes} [Mon May 11 06:10:49 2026] POST /v2.0/vpn/vpnservices => generated 457 bytes in 4718 msecs (HTTP/1.1 201) 4 headers in 162 bytes (1 switches on core 0) [pid: 8|app: 0|req: 854/1925] 10.0.0.145 () {34 vars in 753 bytes} [Mon May 11 06:10:54 2026] PUT /v2.0/networks/15826fb0-66e0-458c-8a48-a0f1164da894/tags => generated 17 bytes in 46 msecs (HTTP/1.1 200) 4 headers in 156 bytes (1 switches on core 0)
2026-05-11 06:10:54.269 7 INFO neutron.plugins.ml2.drivers.ovn.mech_driver.ovsdb.commands [None req-e2c0019d-6335-4c31-93ff-5e87968a72bf - - - - - -] Schedule LRP lrp-ba2775a8-a1aa-45ad-9cb1-c4e465438429 on gateway 4c858eb5-3bb7-4d07-a266-9c5fd89cbcfb with priority 1
2026-05-11 06:10:54.291 7 INFO neutron.plugins.ml2.drivers.ovn.mech_driver.ovsdb.ovsdb_monitor [None req-383f0c1c-0222-45b3-aa10-8e41b6f77c0a - - - - - -] Router 8635dec0-2672-4697-97b3-06ef06551194 is bound to host instance
2026-05-11 06:10:54.308 8 INFO neutron.plugins.ml2.drivers.ovn.mech_driver.mech_driver [None req-96d6f205-f8b9-403a-b12e-cdeab03516bc - - - - - -] OVN reports status up for port: ba2775a8-a1aa-45ad-9cb1-c4e465438429
2026-05-11 06:10:54.340 8 INFO neutron.plugins.ml2.plugin [None req-96d6f205-f8b9-403a-b12e-cdeab03516bc - - - - - -] Attempt 1 to provision port ba2775a8-a1aa-45ad-9cb1-c4e465438429
2026-05-11 06:10:54.371 7 INFO neutron.db.ovn_revision_numbers_db [None req-128809a6-0a8a-4412-9e36-74844e07d107 4ce469081a304b6e99cb50d43decc425 93aefd8d496242b19155fa56775f3e1d - - default default] Successfully bumped revision number for resource ba2775a8-a1aa-45ad-9cb1-c4e465438429 (type: router_ports) to 1
2026-05-11 06:10:54.491 7 INFO neutron.db.ovn_revision_numbers_db [None req-128809a6-0a8a-4412-9e36-74844e07d107 4ce469081a304b6e99cb50d43decc425 93aefd8d496242b19155fa56775f3e1d - - default default] Successfully bumped revision number for resource 8635dec0-2672-4697-97b3-06ef06551194 (type: routers) to 2 [pid: 7|app: 0|req: 1072/1926] 10.0.0.145 () {34 vars in 669 bytes} [Mon May 11 06:10:53 2026] POST /v2.0/routers => generated 965 bytes in 1446 msecs (HTTP/1.1 201) 4 headers in 162 bytes (1 switches on core 0) [pid: 7|app: 0|req: 1073/1927] 10.0.0.145 () {32 vars in 663 bytes} [Mon May 11 06:10:54 2026] GET /v2.0/vpn/vpnservices => generated 1306 bytes in 31 msecs (HTTP/1.1 200) 4 headers in 158 bytes (1 switches on core 0)
2026-05-11 06:10:54.613 8 INFO neutron_taas.services.taas.taas_plugin [None req-9ba2fece-4c43-49dd-adda-072e885e1c99 880334834b1944b899cbd8efc98fabe1 c972ca5ffe3c4332a9bec2e2bcb0fe05 - - default default] TaaS: Handle Delete Port: c215fbeb-7973-45c1-9885-acea8c56218d
2026-05-11 06:10:54.616 8 INFO neutron_taas.services.taas.tap_mirror_plugin [None req-9ba2fece-4c43-49dd-adda-072e885e1c99 880334834b1944b899cbd8efc98fabe1 c972ca5ffe3c4332a9bec2e2bcb0fe05 - - default default] Tap Mirror: Handle Delete Port: c215fbeb-7973-45c1-9885-acea8c56218d [pid: 7|app: 0|req: 1074/1928] 10.0.0.145 () {32 vars in 733 bytes} [Mon May 11 06:10:54 2026] GET /v2.0/networks/15826fb0-66e0-458c-8a48-a0f1164da894/tags => generated 17 bytes in 90 msecs (HTTP/1.1 200) 4 headers in 156 bytes (1 switches on core 0) [pid: 8|app: 0|req: 855/1929] 10.0.0.145 () {32 vars in 724 bytes} [Mon May 11 06:10:54 2026] DELETE /v2.0/routers/1201f14f-005f-4bce-9253-fa5a9d9babaf => generated 0 bytes in 761 msecs (HTTP/1.1 204) 2 headers in 112 bytes (1 switches on core 0)
2026-05-11 06:10:55.245 8 INFO neutron_taas.services.taas.taas_plugin [None req-eccfa592-68b1-4ce2-84a6-1b28bea5b685 0e1e01a883e1492d81a11f4a7478c908 834c35da69f849148442f6d7b78e3d28 - - default default] TaaS: Handle Delete Port: 74289618-1082-49ea-a7c1-b94a07f2f94a
2026-05-11 06:10:55.248 8 INFO neutron_taas.services.taas.tap_mirror_plugin [None req-eccfa592-68b1-4ce2-84a6-1b28bea5b685 0e1e01a883e1492d81a11f4a7478c908 834c35da69f849148442f6d7b78e3d28 - - default default] Tap Mirror: Handle Delete Port: 74289618-1082-49ea-a7c1-b94a07f2f94a
2026-05-11 06:10:55.405 7 WARNING neutron.scheduler.dhcp_agent_scheduler [None req-034ffb86-eb86-473d-ab37-b4800d1e0cab 4ce469081a304b6e99cb50d43decc425 93aefd8d496242b19155fa56775f3e1d - - default default] No more DHCP agents
2026-05-11 06:10:55.409 7 WARNING neutron.api.rpc.agentnotifiers.dhcp_rpc_agent_api [None req-034ffb86-eb86-473d-ab37-b4800d1e0cab 4ce469081a304b6e99cb50d43decc425 93aefd8d496242b19155fa56775f3e1d - - default default] Unable to schedule network 24de9281-85e9-490f-9634-3a85e5c5a6dd: no agents available; will retry on subsequent port and subnet creation events.
2026-05-11 06:10:55.479 7 WARNING neutron.plugins.ml2.drivers.ovn.mech_driver.ovsdb.ovn_client [None req-2484543f-d14f-4d1c-a1ac-ebbeb5625495 - - - - - -] No hosting information found for port 32a06aff-cad0-4707-89b7-305b3cd3cb56: RuntimeError: No hosting information found for port 32a06aff-cad0-4707-89b7-305b3cd3cb56
2026-05-11 06:10:55.479 7 INFO neutron.plugins.ml2.drivers.ovn.mech_driver.mech_driver [None req-2484543f-d14f-4d1c-a1ac-ebbeb5625495 - - - - - -] OVN reports status up for port: d7fb32b7-e13b-4255-a222-78552e690e36
2026-05-11 06:10:55.512 7 INFO neutron.plugins.ml2.plugin [None req-2484543f-d14f-4d1c-a1ac-ebbeb5625495 - - - - - -] Attempt 1 to provision port d7fb32b7-e13b-4255-a222-78552e690e36
2026-05-11 06:10:55.516 8 INFO neutron_taas.services.taas.taas_plugin [None req-69b8e5d5-f40d-4a8f-abbc-123d49558088 - - - - - -] TaaS: Handle Delete Port: aac0267e-7266-4bd2-bdac-ae0e9a4625a0
2026-05-11 06:10:55.521 8 INFO neutron_taas.services.taas.tap_mirror_plugin [None req-69b8e5d5-f40d-4a8f-abbc-123d49558088 - - - - - -] Tap Mirror: Handle Delete Port: aac0267e-7266-4bd2-bdac-ae0e9a4625a0
2026-05-11 06:10:55.728 7 INFO neutron.db.ovn_revision_numbers_db [None req-034ffb86-eb86-473d-ab37-b4800d1e0cab 4ce469081a304b6e99cb50d43decc425 93aefd8d496242b19155fa56775f3e1d - - default default] Successfully bumped revision number for resource b321e888-0dc6-4153-948c-9f356821270f (type: ports) to 1
2026-05-11 06:10:55.978 7 INFO neutron.db.ovn_revision_numbers_db [None req-679aae82-ac3f-4f10-9811-e7a67c53f2bd - - - - - -] Successfully bumped revision number for resource ba2775a8-a1aa-45ad-9cb1-c4e465438429 (type: ports) to 4
2026-05-11 06:10:56.006 8 INFO neutron_taas.services.taas.taas_plugin [None req-879c07ab-3a3c-4144-afa9-044ebb3686e9 - - - - - -] TaaS: Handle Delete Port: 2e0aeb41-f8de-4057-bd82-aa8aac7e36a9
2026-05-11 06:10:56.009 8 INFO neutron_taas.services.taas.tap_mirror_plugin [None req-879c07ab-3a3c-4144-afa9-044ebb3686e9 - - - - - -] Tap Mirror: Handle Delete Port: 2e0aeb41-f8de-4057-bd82-aa8aac7e36a9
2026-05-11 06:10:56.186 7 INFO neutron.db.ovn_revision_numbers_db [None req-2484543f-d14f-4d1c-a1ac-ebbeb5625495 - - - - - -] Successfully bumped revision number for resource d7fb32b7-e13b-4255-a222-78552e690e36 (type: ports) to 4
2026-05-11 06:10:56.562 7 INFO neutron.plugins.ml2.drivers.ovn.mech_driver.mech_driver [None req-ff64fb85-3851-4b5f-bb19-b2b8830fc7c8 - - - - - -] OVN reports status down for port: fd0d3056-7411-43a7-a602-1e824487f148
2026-05-11 06:10:56.807 7 WARNING neutron.plugins.ml2.drivers.ovn.mech_driver.ovsdb.ovn_client [None req-ff64fb85-3851-4b5f-bb19-b2b8830fc7c8 - - - - - -] Logical_Switch_Port %s host information not removed, the port state is up
2026-05-11 06:10:56.808 7 INFO neutron.plugins.ml2.drivers.ovn.mech_driver.mech_driver [None req-ff64fb85-3851-4b5f-bb19-b2b8830fc7c8 - - - - - -] OVN reports status down for port: c6b7015e-b211-4620-a5b7-03fc8d7381a9
2026-05-11 06:10:56.887 8 INFO neutron_taas.services.taas.taas_plugin [None req-879c07ab-3a3c-4144-afa9-044ebb3686e9 - - - - - -] TaaS: Handle Delete Port: fe7871e0-55a8-4c35-9c25-e7d3d5b075b4
2026-05-11 06:10:56.891 8 INFO neutron_taas.services.taas.tap_mirror_plugin [None req-879c07ab-3a3c-4144-afa9-044ebb3686e9 - - - - - -] Tap Mirror: Handle Delete Port: fe7871e0-55a8-4c35-9c25-e7d3d5b075b4
2026-05-11 06:10:57.010 7 INFO neutron.db.ovn_revision_numbers_db [None req-679aae82-ac3f-4f10-9811-e7a67c53f2bd - - - - - -] Successfully bumped revision number for resource ba2775a8-a1aa-45ad-9cb1-c4e465438429 (type: ports) to 5
2026-05-11 06:10:57.044 7 WARNING neutron.plugins.ml2.drivers.ovn.mech_driver.ovsdb.ovn_client [None req-ff64fb85-3851-4b5f-bb19-b2b8830fc7c8 - - - - - -] Logical_Switch_Port %s host information not removed, the port state is up
2026-05-11 06:10:57.045 7 INFO neutron.plugins.ml2.drivers.ovn.mech_driver.mech_driver [None req-ff64fb85-3851-4b5f-bb19-b2b8830fc7c8 - - - - - -] OVN reports status up for port: fd0d3056-7411-43a7-a602-1e824487f148
2026-05-11 06:10:57.081 7 INFO neutron.plugins.ml2.plugin [None req-ff64fb85-3851-4b5f-bb19-b2b8830fc7c8 - - - - - -] Attempt 1 to provision port fd0d3056-7411-43a7-a602-1e824487f148
2026-05-11 06:10:57.092 8 INFO neutron.services.segments.plugin [-] Segment 88df78f6-7f6f-49eb-89ed-81556e08b72a resource provider aggregate not found
2026-05-11 06:10:57.100 8 INFO neutron.services.segments.plugin [-] Segment 88df78f6-7f6f-49eb-89ed-81556e08b72a resource provider aggregate not found
2026-05-11 06:10:57.105 8 INFO neutron.services.segments.plugin [-] Segment 88df78f6-7f6f-49eb-89ed-81556e08b72a resource provider not found; error: Placement Client Error (4xx): {"errors": [{"status": 404, "title": "Not Found", "detail": "The resource could not be found.\n\n No resource provider with uuid 88df78f6-7f6f-49eb-89ed-81556e08b72a found for delete ", "request_id": "req-8dcd8aa9-fe66-4282-b53c-465e9a88242e"}]}
