2026-04-23 14:49:11.775 10 INFO neutron.plugins.ml2.plugin [None req-f39aeff9-28c9-4805-bcb1-e82c56e8a4f3 - - - - - -] Attempt 1 to provision port 3f81a1ce-a6f2-4843-9541-ae60198f1374
2026-04-23 14:49:12.217 9 INFO neutron.plugins.ml2.plugin [None req-1fe41f9b-35d6-48cd-b95e-4b830ec1e2d7 - - - - - -] Attempt 1 to provision port 65a3e633-f479-4203-aabd-9b7da0d7a41e
2026-04-23 14:49:12.395 10 INFO neutron.plugins.ml2.plugin [None req-117940a6-ba25-48aa-a1cf-208b600c52af - - - - - -] Attempt 1 to provision port 3f81a1ce-a6f2-4843-9541-ae60198f1374
2026-04-23 14:49:12.884 9 INFO neutron.plugins.ml2.plugin [None req-48dea1d0-24e6-4870-825d-6a725605d8a8 - - - - - -] Attempt 1 to provision port 65a3e633-f479-4203-aabd-9b7da0d7a41e
2026-04-23 14:49:14.429 10 INFO neutron.plugins.ml2.plugin [None req-117940a6-ba25-48aa-a1cf-208b600c52af - - - - - -] Attempt 1 to provision port faf5ff4d-f672-4a1a-a0ca-6168af67ecd2
2026-04-23 14:49:14.555 9 INFO neutron.plugins.ml2.plugin [None req-b4a1e85f-66c8-4465-9121-78cc4204eff8 - - - - - -] Attempt 1 to provision port cf8e59ca-1bb2-46dc-81fb-0700888d71e9
2026-04-23 14:49:14.960 10 INFO neutron.plugins.ml2.plugin [None req-117940a6-ba25-48aa-a1cf-208b600c52af - - - - - -] Attempt 1 to provision port f28d41ef-8ea9-4368-b22e-fb495396d2f9
2026-04-23 14:49:16.382 9 INFO neutron.plugins.ml2.plugin [None req-117940a6-ba25-48aa-a1cf-208b600c52af - - - - - -] Attempt 1 to provision port faf5ff4d-f672-4a1a-a0ca-6168af67ecd2
2026-04-23 14:49:16.424 9 INFO neutron.plugins.ml2.plugin [None req-51a951eb-9e93-4e48-972b-da20d1ea5da2 - - - - - -] Attempt 1 to provision port f28d41ef-8ea9-4368-b22e-fb495396d2f9
2026-04-23 14:49:16.847 9 INFO neutron.plugins.ml2.plugin [None req-117940a6-ba25-48aa-a1cf-208b600c52af - - - - - -] Attempt 1 to provision port f28d41ef-8ea9-4368-b22e-fb495396d2f9
2026-04-23 14:49:17.024 9 INFO neutron.plugins.ml2.plugin [None req-27b223f2-a18d-48c0-b67a-b3c35d8421dd - - - - - -] Attempt 1 to provision port f28d41ef-8ea9-4368-b22e-fb495396d2f9
2026-04-23 14:49:17.332 10 INFO neutron.plugins.ml2.plugin [None req-e8e6e371-51f1-4c19-bbbe-a262b59505c1 - - - - - -] Attempt 1 to provision port 39c1e6ce-e1db-4a5b-aed8-6d213c90e8e6
2026-04-23 14:49:18.001 9 INFO neutron.plugins.ml2.plugin [None req-56ee9c98-0682-428d-a8e4-f5ab4905c163 - - - - - -] Attempt 1 to provision port 39c1e6ce-e1db-4a5b-aed8-6d213c90e8e6
2026-04-23 14:49:18.468 10 INFO neutron.plugins.ml2.plugin [None req-117940a6-ba25-48aa-a1cf-208b600c52af - - - - - -] Attempt 1 to provision port b29f1c63-49c5-4063-b1fa-b503a2c3ed06
2026-04-23 14:49:18.995 10 INFO neutron.plugins.ml2.plugin [None req-117940a6-ba25-48aa-a1cf-208b600c52af - - - - - -] Attempt 1 to provision port 0bf421be-0f3c-4fe7-b86a-9ab5630cb49b
2026-04-23 14:49:19.885 10 INFO neutron.plugins.ml2.plugin [None req-1fffc56f-8c0b-4279-bf21-b078516c65e5 - - - - - -] Attempt 1 to provision port 0bf421be-0f3c-4fe7-b86a-9ab5630cb49b
2026-04-23 14:49:20.287 9 INFO neutron.plugins.ml2.plugin [None req-cbde2e8b-07e1-4b51-81a8-c6595887e837 - - - - - -] Attempt 1 to provision port 0bf421be-0f3c-4fe7-b86a-9ab5630cb49b
2026-04-23 14:49:20.372 9 INFO neutron.plugins.ml2.plugin [None req-cbde2e8b-07e1-4b51-81a8-c6595887e837 - - - - - -] Attempt 1 to provision port 2a63e7f8-1625-4293-886b-6d4f47b279cb
2026-04-23 14:49:20.440 10 INFO neutron.plugins.ml2.plugin [None req-117940a6-ba25-48aa-a1cf-208b600c52af - - - - - -] Attempt 1 to provision port 0bf421be-0f3c-4fe7-b86a-9ab5630cb49b
2026-04-23 14:49:20.512 9 INFO neutron.plugins.ml2.plugin [None req-e5a41759-b983-405d-8326-b1ac756e5199 - - - - - -] Attempt 1 to provision port 2a63e7f8-1625-4293-886b-6d4f47b279cb
2026-04-23 14:49:20.901 10 INFO neutron.plugins.ml2.plugin [None req-719f76d7-4c0b-4562-93a1-e5d5fa65bcd1 - - - - - -] Attempt 1 to provision port 2a63e7f8-1625-4293-886b-6d4f47b279cb
2026-04-23 14:49:21.023 10 INFO neutron.plugins.ml2.plugin [None req-117940a6-ba25-48aa-a1cf-208b600c52af - - - - - -] Attempt 1 to provision port 8e0c147b-99da-4523-b33d-c4753da00e90
2026-04-23 14:49:21.192 10 INFO neutron.plugins.ml2.plugin [None req-36227e38-d98f-49f6-a00a-495de857b397 - - - - - -] Attempt 1 to provision port b29f1c63-49c5-4063-b1fa-b503a2c3ed06
2026-04-23 14:49:21.557 9 INFO neutron.plugins.ml2.plugin [None req-14086625-62d2-4c51-9007-29079ff6d073 - - - - - -] Attempt 1 to provision port 8649744e-8559-4110-bdee-14fbce6b2a99
2026-04-23 14:49:21.610 9 INFO neutron.plugins.ml2.plugin [None req-14086625-62d2-4c51-9007-29079ff6d073 - - - - - -] Attempt 1 to provision port b29f1c63-49c5-4063-b1fa-b503a2c3ed06
2026-04-23 14:49:22.014 10 INFO neutron.plugins.ml2.plugin [None req-9cb3526a-4349-4c20-b2d9-2d975bedbda1 - - - - - -] Attempt 1 to provision port 8649744e-8559-4110-bdee-14fbce6b2a99
2026-04-23 14:49:22.049 10 INFO neutron.plugins.ml2.plugin [None req-117940a6-ba25-48aa-a1cf-208b600c52af - - - - - -] Attempt 1 to provision port b29f1c63-49c5-4063-b1fa-b503a2c3ed06
2026-04-23 14:49:22.424 9 INFO neutron.plugins.ml2.plugin [None req-91344ee8-a546-43d8-aa67-6233a6d24200 - - - - - -] Attempt 1 to provision port 8649744e-8559-4110-bdee-14fbce6b2a99
2026-04-23 14:49:22.992 9 INFO neutron.plugins.ml2.plugin [None req-117940a6-ba25-48aa-a1cf-208b600c52af - - - - - -] Attempt 1 to provision port 8e0c147b-99da-4523-b33d-c4753da00e90
2026-04-23 14:49:25.830 10 INFO neutron.plugins.ml2.plugin [None req-99abd3ce-a073-4138-92e7-5ac9d5e492e3 - - - - - -] Attempt 1 to provision port 3c7f0217-d722-44b5-bbc4-53dd49619d93
2026-04-23 14:49:26.377 9 INFO neutron.plugins.ml2.plugin [None req-3e4feb1a-973a-4504-8c2e-5b303f4531d7 - - - - - -] Attempt 1 to provision port b7f18738-8860-4f59-a1ff-fb61691d14a8
2026-04-23 14:49:28.967 9 INFO neutron.plugins.ml2.plugin [None req-117940a6-ba25-48aa-a1cf-208b600c52af - - - - - -] Attempt 1 to provision port 3c7f0217-d722-44b5-bbc4-53dd49619d93
2026-04-23 14:49:29.079 9 INFO neutron.notifiers.nova [-] Nova event matching ['req-21a8e415-3302-44c4-a919-a4b3b6da7ff3'] response: {'server_uuid': '4a90312e-0985-4305-84c2-f7fd35e41875', 'name': 'network-vif-plugged', 'status': 'completed', 'tag': '3c7f0217-d722-44b5-bbc4-53dd49619d93', 'code': 200}
2026-04-23 14:49:29.769 9 INFO neutron.plugins.ml2.plugin [None req-117940a6-ba25-48aa-a1cf-208b600c52af - - - - - -] Attempt 1 to provision port b7f18738-8860-4f59-a1ff-fb61691d14a8
2026-04-23 14:49:30.968 10 INFO neutron.plugins.ml2.plugin [None req-117940a6-ba25-48aa-a1cf-208b600c52af - - - - - -] Attempt 1 to provision port 217b6ab3-5725-4c29-a6c5-cdeeae977fc3
2026-04-23 14:49:31.135 9 INFO neutron.notifiers.nova [-] Nova event matching ['req-5cc0d543-4ff5-4b0e-bdb4-c910adc0f453'] response: {'server_uuid': 'b6a63d05-e7bf-4668-a5b1-2db86a959e16', 'name': 'network-vif-plugged', 'status': 'completed', 'tag': 'b7f18738-8860-4f59-a1ff-fb61691d14a8', 'code': 200}
2026-04-23 14:49:31.522 10 INFO neutron.plugins.ml2.plugin [None req-117940a6-ba25-48aa-a1cf-208b600c52af - - - - - -] Attempt 1 to provision port 3c7f0217-d722-44b5-bbc4-53dd49619d93
2026-04-23 14:49:32.133 10 INFO neutron.plugins.ml2.plugin [None req-117940a6-ba25-48aa-a1cf-208b600c52af - - - - - -] Attempt 1 to provision port b7f18738-8860-4f59-a1ff-fb61691d14a8
2026-04-23 14:49:32.918 9 INFO neutron.plugins.ml2.plugin [None req-117940a6-ba25-48aa-a1cf-208b600c52af - - - - - -] Attempt 1 to provision port 217b6ab3-5725-4c29-a6c5-cdeeae977fc3
2026-04-23 14:49:32.983 9 INFO neutron.plugins.ml2.plugin [None req-92f23956-3731-4fad-a3bf-c3253f545f23 - - - - - -] Attempt 1 to provision port 217b6ab3-5725-4c29-a6c5-cdeeae977fc3
2026-04-23 14:49:33.264 9 INFO neutron.plugins.ml2.plugin [None req-117940a6-ba25-48aa-a1cf-208b600c52af - - - - - -] Attempt 1 to provision port 65a3e633-f479-4203-aabd-9b7da0d7a41e
2026-04-23 14:49:33.397 10 INFO neutron.plugins.ml2.plugin [None req-befa5cb7-f39c-4281-b6d8-9729451fbc13 - - - - - -] Attempt 1 to provision port 217b6ab3-5725-4c29-a6c5-cdeeae977fc3
2026-04-23 14:49:33.520 10 INFO neutron.plugins.ml2.plugin [None req-befa5cb7-f39c-4281-b6d8-9729451fbc13 - - - - - -] Attempt 1 to provision port 01f75e15-37f7-481c-8918-2734c5d4978b
2026-04-23 14:49:33.693 9 INFO neutron.plugins.ml2.plugin [None req-7676219d-c5dc-4635-8216-3ebffae05377 - - - - - -] Attempt 1 to provision port 01f75e15-37f7-481c-8918-2734c5d4978b
2026-04-23 14:49:34.951 10 INFO neutron.plugins.ml2.plugin [None req-117940a6-ba25-48aa-a1cf-208b600c52af - - - - - -] Attempt 1 to provision port 65a3e633-f479-4203-aabd-9b7da0d7a41e
2026-04-23 14:49:35.534 10 INFO neutron.plugins.ml2.plugin [None req-117940a6-ba25-48aa-a1cf-208b600c52af - - - - - -] Attempt 1 to provision port 928f2fcd-6bb9-4a27-811e-0982ca48730e
2026-04-23 14:49:36.903 9 INFO neutron.plugins.ml2.plugin [None req-117940a6-ba25-48aa-a1cf-208b600c52af - - - - - -] Attempt 1 to provision port cf8e59ca-1bb2-46dc-81fb-0700888d71e9 /var/lib/openstack/lib/python3.10/site-packages/oslo_db/sqlalchemy/enginefacade.py:676: SAWarning: DELETE statement on table 'portsecuritybindings' expected to delete 1 row(s); 0 were matched. Please set confirm_deleted_rows=False within the mapper configuration to prevent this warning. self.session.flush() /var/lib/openstack/lib/python3.10/site-packages/oslo_db/sqlalchemy/enginefacade.py:676: SAWarning: DELETE statement on table 'ml2_port_bindings' expected to delete 1 row(s); 0 were matched. Please set confirm_deleted_rows=False within the mapper configuration to prevent this warning. self.session.flush() /var/lib/openstack/lib/python3.10/site-packages/oslo_db/sqlalchemy/enginefacade.py:676: SAWarning: DELETE statement on table 'ml2_port_binding_levels' expected to delete 1 row(s); 0 were matched. Please set confirm_deleted_rows=False within the mapper configuration to prevent this warning. self.session.flush() /var/lib/openstack/lib/python3.10/site-packages/oslo_db/sqlalchemy/enginefacade.py:676: SAWarning: DELETE statement on table 'ports' expected to delete 1 row(s); 0 were matched. Please set confirm_deleted_rows=False within the mapper configuration to prevent this warning. self.session.flush()
2026-04-23 14:49:37.265 9 INFO neutron.plugins.ml2.plugin [None req-117940a6-ba25-48aa-a1cf-208b600c52af - - - - - -] Attempt 1 to provision port 928f2fcd-6bb9-4a27-811e-0982ca48730e
2026-04-23 14:49:41.012 10 INFO neutron.plugins.ml2.plugin [None req-117940a6-ba25-48aa-a1cf-208b600c52af - - - - - -] Attempt 1 to provision port 30a22ebd-1e2b-4c1d-be43-0f9e40a5fa7c
2026-04-23 14:49:41.340 10 INFO neutron.plugins.ml2.plugin [None req-153e3cb1-6bf9-43a8-a568-e1b68f51047a - - - - - -] Attempt 1 to provision port 30a22ebd-1e2b-4c1d-be43-0f9e40a5fa7c
2026-04-23 14:49:41.633 10 INFO neutron.plugins.ml2.plugin [None req-c01837ca-b802-4401-b2eb-28dc8776075b - - - - - -] Attempt 1 to provision port 30a22ebd-1e2b-4c1d-be43-0f9e40a5fa7c
2026-04-23 14:49:41.697 10 INFO neutron.plugins.ml2.plugin [None req-c01837ca-b802-4401-b2eb-28dc8776075b - - - - - -] Attempt 1 to provision port 00ee06fb-6f0c-4746-b390-528418b22015
2026-04-23 14:49:42.039 10 INFO neutron.plugins.ml2.plugin [None req-38ebfe33-88da-4f6d-90e6-d7ace50ee826 - - - - - -] Attempt 1 to provision port 00ee06fb-6f0c-4746-b390-528418b22015
2026-04-23 14:49:42.965 9 INFO neutron.plugins.ml2.plugin [None req-117940a6-ba25-48aa-a1cf-208b600c52af - - - - - -] Attempt 1 to provision port 30a22ebd-1e2b-4c1d-be43-0f9e40a5fa7c /var/lib/openstack/lib/python3.10/site-packages/oslo_db/sqlalchemy/enginefacade.py:676: SAWarning: DELETE statement on table 'portsecuritybindings' expected to delete 1 row(s); 0 were matched. Please set confirm_deleted_rows=False within the mapper configuration to prevent this warning. self.session.flush() /var/lib/openstack/lib/python3.10/site-packages/oslo_db/sqlalchemy/enginefacade.py:676: SAWarning: DELETE statement on table 'ml2_port_bindings' expected to delete 1 row(s); 0 were matched. Please set confirm_deleted_rows=False within the mapper configuration to prevent this warning. self.session.flush() /var/lib/openstack/lib/python3.10/site-packages/oslo_db/sqlalchemy/enginefacade.py:676: SAWarning: DELETE statement on table 'ml2_port_binding_levels' expected to delete 1 row(s); 0 were matched. Please set confirm_deleted_rows=False within the mapper configuration to prevent this warning. self.session.flush() /var/lib/openstack/lib/python3.10/site-packages/oslo_db/sqlalchemy/enginefacade.py:676: SAWarning: DELETE statement on table 'ports' expected to delete 1 row(s); 0 were matched. Please set confirm_deleted_rows=False within the mapper configuration to prevent this warning. self.session.flush()
2026-04-23 14:49:46.336 9 INFO neutron.plugins.ml2.plugin [None req-f2f47c6c-351c-469f-8cce-15c30a2de794 - - - - - -] Attempt 1 to provision port d1b93ba4-7067-475d-a98a-3c4fb200481e
2026-04-23 14:50:08.339 10 INFO neutron.plugins.ml2.plugin [None req-20c135e1-6205-4ddf-a0ee-e9e97d87f4ce - - - - - -] Attempt 1 to provision port ed5a0e52-82ca-4943-990b-ab24b1781c21
2026-04-23 14:50:08.889 9 INFO neutron.plugins.ml2.plugin [None req-117940a6-ba25-48aa-a1cf-208b600c52af - - - - - -] Attempt 1 to provision port a843e97b-3f66-4b42-8bbd-030134ee6a07
2026-04-23 14:50:09.402 9 INFO neutron.plugins.ml2.plugin [None req-117940a6-ba25-48aa-a1cf-208b600c52af - - - - - -] Attempt 1 to provision port 31486759-eb21-479a-ae4a-dc066ab33105
2026-04-23 14:50:10.299 9 INFO neutron.plugins.ml2.plugin [None req-abfe5db1-91be-4b07-b91c-766fe094265e - - - - - -] Attempt 1 to provision port 31486759-eb21-479a-ae4a-dc066ab33105
2026-04-23 14:50:11.176 10 INFO neutron.plugins.ml2.plugin [None req-117940a6-ba25-48aa-a1cf-208b600c52af - - - - - -] Attempt 1 to provision port 31486759-eb21-479a-ae4a-dc066ab33105
2026-04-23 14:50:11.439 9 INFO neutron.plugins.ml2.plugin [None req-95381bfb-d6f0-431c-a49d-1e09a7b98239 - - - - - -] Attempt 1 to provision port d1738477-8d0e-4270-8dc0-a1f03d7c0aa2
2026-04-23 14:50:11.492 9 INFO neutron.plugins.ml2.plugin [None req-95381bfb-d6f0-431c-a49d-1e09a7b98239 - - - - - -] Attempt 1 to provision port 31486759-eb21-479a-ae4a-dc066ab33105
2026-04-23 14:50:11.896 10 INFO neutron.plugins.ml2.plugin [None req-7ea27745-156c-49f8-9162-acb652a3858d - - - - - -] Attempt 1 to provision port d1738477-8d0e-4270-8dc0-a1f03d7c0aa2
2026-04-23 14:50:12.158 9 INFO neutron.plugins.ml2.plugin [None req-763d5bf2-835c-46cf-9fea-d5c264cfe689 - - - - - -] Attempt 1 to provision port d1738477-8d0e-4270-8dc0-a1f03d7c0aa2
2026-04-23 14:50:12.885 10 INFO neutron.plugins.ml2.plugin [None req-117940a6-ba25-48aa-a1cf-208b600c52af - - - - - -] Attempt 1 to provision port 955af0c4-b36c-402e-88ff-e893f0c04e20
2026-04-23 14:50:14.882 10 INFO neutron.plugins.ml2.plugin [None req-117940a6-ba25-48aa-a1cf-208b600c52af - - - - - -] Attempt 1 to provision port 955af0c4-b36c-402e-88ff-e893f0c04e20
2026-04-23 14:50:17.549 9 INFO neutron.plugins.ml2.plugin [None req-1968c2fe-a1b2-4597-aa07-51d36d3c0359 - - - - - -] Attempt 1 to provision port 28dac3c9-1baa-4fa9-a3db-e642c38b64f0
2026-04-23 14:50:17.698 10 INFO neutron.plugins.ml2.plugin [None req-bf8902fa-e5e3-4083-9e0d-b08eff85f2da - - - - - -] Attempt 1 to provision port 8d11ea6a-4387-4acb-8326-fabe11f76032
2026-04-23 14:50:21.022 10 INFO neutron.plugins.ml2.plugin [None req-117940a6-ba25-48aa-a1cf-208b600c52af - - - - - -] Attempt 1 to provision port 8d11ea6a-4387-4acb-8326-fabe11f76032
2026-04-23 14:50:21.201 10 INFO neutron.notifiers.nova [-] Nova event matching ['req-72e370b6-8ab9-4484-9684-773660a47c3e'] response: {'server_uuid': 'b6eef5c4-6d10-484c-affd-e5194aa82ade', 'name': 'network-vif-plugged', 'status': 'completed', 'tag': '8d11ea6a-4387-4acb-8326-fabe11f76032', 'code': 200}
2026-04-23 14:50:23.108 9 INFO neutron.plugins.ml2.plugin [None req-117940a6-ba25-48aa-a1cf-208b600c52af - - - - - -] Attempt 1 to provision port 8d11ea6a-4387-4acb-8326-fabe11f76032
2026-04-23 14:50:31.178 10 INFO neutron.plugins.ml2.plugin [None req-117940a6-ba25-48aa-a1cf-208b600c52af - - - - - -] Attempt 1 to provision port 23a5344c-b9f0-4726-864b-5a83e984a12b
2026-04-23 14:50:31.883 10 INFO neutron.plugins.ml2.plugin [None req-b7756c96-fa44-41c9-a7c8-d8f41439ba8f - - - - - -] Attempt 1 to provision port 23a5344c-b9f0-4726-864b-5a83e984a12b
2026-04-23 14:50:32.179 9 INFO neutron.plugins.ml2.plugin [None req-b7a4cc71-5bde-4c84-bb06-9b38729b4a9b - - - - - -] Attempt 1 to provision port 23a5344c-b9f0-4726-864b-5a83e984a12b
2026-04-23 14:50:54.913 9 INFO neutron.plugins.ml2.plugin [None req-117940a6-ba25-48aa-a1cf-208b600c52af - - - - - -] Attempt 1 to provision port 51003eb6-5151-4cae-9798-8a12a9b2c067
2026-04-23 14:51:00.899 10 INFO neutron.plugins.ml2.plugin [None req-117940a6-ba25-48aa-a1cf-208b600c52af - - - - - -] Attempt 1 to provision port 61cff07d-f71a-4788-abcb-82df1fcecf0a
2026-04-23 14:51:01.487 9 INFO neutron.plugins.ml2.plugin [None req-91c8d755-20e2-4c4c-9f88-37dc0bd9a5b2 - - - - - -] Attempt 1 to provision port f3831b65-7f64-4a23-a8f2-b7f893485099
2026-04-23 14:51:02.831 9 INFO neutron.plugins.ml2.plugin [None req-b07439f1-bcb9-4ba6-87da-6de557e9fa08 - - - - - -] Attempt 1 to provision port 61cff07d-f71a-4788-abcb-82df1fcecf0a
2026-04-23 14:51:02.898 10 INFO neutron.plugins.ml2.plugin [None req-117940a6-ba25-48aa-a1cf-208b600c52af - - - - - -] Attempt 1 to provision port 61cff07d-f71a-4788-abcb-82df1fcecf0a
2026-04-23 14:51:03.108 9 INFO neutron.plugins.ml2.plugin [None req-f86386e0-2486-4357-a2cf-65fa1b1d450b - - - - - -] Attempt 1 to provision port 61cff07d-f71a-4788-abcb-82df1fcecf0a
2026-04-23 14:51:04.442 9 INFO neutron.plugins.ml2.plugin [None req-6151fc0f-8cd8-4293-a0f7-9937f5aff3cc - - - - - -] Attempt 1 to provision port cb5b1561-7b77-4a1c-80b3-66f64f8b10c3
2026-04-23 14:51:04.926 10 INFO neutron.plugins.ml2.plugin [None req-117940a6-ba25-48aa-a1cf-208b600c52af - - - - - -] Attempt 1 to provision port e13995ca-3da4-4f9c-b146-2ac0d64bbdd6
2026-04-23 14:51:05.194 9 INFO neutron.plugins.ml2.plugin [None req-3480576a-121c-4fa0-8b53-5225c5224615 - - - - - -] Attempt 1 to provision port cb5b1561-7b77-4a1c-80b3-66f64f8b10c3
2026-04-23 14:51:06.886 10 INFO neutron.plugins.ml2.plugin [None req-117940a6-ba25-48aa-a1cf-208b600c52af - - - - - -] Attempt 1 to provision port e13995ca-3da4-4f9c-b146-2ac0d64bbdd6
2026-04-23 14:51:09.094 9 INFO neutron.plugins.ml2.plugin [None req-142d0f60-09c6-4603-8d43-ab8914db8962 - - - - - -] Attempt 1 to provision port 7a9c9055-fa2d-48cf-894d-c7ebb5743812
2026-04-23 14:51:09.167 10 INFO neutron.plugins.ml2.plugin [None req-117940a6-ba25-48aa-a1cf-208b600c52af - - - - - -] Attempt 1 to provision port 7fdee743-6fbc-4f50-9bdb-c731d871f560
2026-04-23 14:51:09.348 9 INFO neutron.plugins.ml2.plugin [None req-0a12e45f-a466-485d-b217-bd515c40df5b - - - - - -] Attempt 1 to provision port 7a38f1d9-e9d4-4142-8a59-123466df7313
2026-04-23 14:51:09.787 10 INFO neutron.plugins.ml2.plugin [None req-117940a6-ba25-48aa-a1cf-208b600c52af - - - - - -] Attempt 1 to provision port f7067f12-da1c-4f7a-b38f-4985b9607ecd
2026-04-23 14:51:09.942 9 INFO neutron.plugins.ml2.plugin [None req-8fe8e948-4a89-4dc7-9530-96d1438b5f65 - - - - - -] Attempt 1 to provision port 7a38f1d9-e9d4-4142-8a59-123466df7313
2026-04-23 14:51:10.259 10 INFO neutron.plugins.ml2.plugin [None req-117940a6-ba25-48aa-a1cf-208b600c52af - - - - - -] Attempt 1 to provision port 7a38f1d9-e9d4-4142-8a59-123466df7313
2026-04-23 14:51:10.493 10 INFO neutron.plugins.ml2.plugin [None req-f5d5f902-5d49-40af-8895-c4bb0e7521b8 - - - - - -] Attempt 1 to provision port 7fdee743-6fbc-4f50-9bdb-c731d871f560
2026-04-23 14:51:10.792 10 INFO neutron.plugins.ml2.plugin [None req-e5855152-a1e7-4d83-9825-7b9efaadf20e - - - - - -] Attempt 1 to provision port f7067f12-da1c-4f7a-b38f-4985b9607ecd
2026-04-23 14:51:11.019 9 INFO neutron.plugins.ml2.plugin [None req-1adebed2-021d-43f6-9df0-2819a35137e6 - - - - - -] Attempt 1 to provision port 7fdee743-6fbc-4f50-9bdb-c731d871f560
2026-04-23 14:51:11.124 10 INFO neutron.plugins.ml2.plugin [None req-117940a6-ba25-48aa-a1cf-208b600c52af - - - - - -] Attempt 1 to provision port 7fdee743-6fbc-4f50-9bdb-c731d871f560
2026-04-23 14:51:11.217 9 INFO neutron.plugins.ml2.plugin [None req-a5010950-4e00-4335-a882-9168b4e0a3ca - - - - - -] Attempt 1 to provision port f7067f12-da1c-4f7a-b38f-4985b9607ecd
2026-04-23 14:51:11.513 10 INFO neutron.plugins.ml2.plugin [None req-09e28ac1-3df5-4274-97d9-bf3c47b8bd42 - - - - - -] Attempt 1 to provision port a6eded39-7c3e-4546-9d3e-edcd7fe986f9
2026-04-23 14:51:11.539 10 INFO neutron.plugins.ml2.plugin [None req-117940a6-ba25-48aa-a1cf-208b600c52af - - - - - -] Attempt 1 to provision port f7067f12-da1c-4f7a-b38f-4985b9607ecd
2026-04-23 14:51:12.010 10 INFO neutron.plugins.ml2.plugin [None req-117940a6-ba25-48aa-a1cf-208b600c52af - - - - - -] Attempt 1 to provision port 7a38f1d9-e9d4-4142-8a59-123466df7313
2026-04-23 14:51:12.067 9 INFO neutron.plugins.ml2.plugin [None req-f48cd27a-741c-4b63-9e0a-c00b1347ad8b - - - - - -] Attempt 1 to provision port 1448be40-6f18-49f4-899d-0857f0f77a5e
2026-04-23 14:51:12.323 10 INFO neutron.plugins.ml2.plugin [None req-12641d36-b197-4a7b-ba9d-01b5d8c981da - - - - - -] Attempt 1 to provision port a6eded39-7c3e-4546-9d3e-edcd7fe986f9
2026-04-23 14:51:12.676 10 INFO neutron.plugins.ml2.plugin [None req-39c1ebce-c51e-42e3-b12a-39eadb893eae - - - - - -] Attempt 1 to provision port 1448be40-6f18-49f4-899d-0857f0f77a5e
2026-04-23 14:51:13.071 9 INFO neutron.plugins.ml2.plugin [None req-117940a6-ba25-48aa-a1cf-208b600c52af - - - - - -] Attempt 1 to provision port 1966eaee-88fd-46dc-8d10-dd2ff9ecc5ba
2026-04-23 14:51:13.640 10 INFO neutron.plugins.ml2.plugin [None req-f3f2200d-65d1-4e2f-886a-bfbbaaaa5c3b - - - - - -] Attempt 1 to provision port ccce8e44-a847-4215-a366-c2e04a88a4bc
2026-04-23 14:51:14.802 9 INFO neutron.plugins.ml2.plugin [None req-e0d72d36-de82-45c5-8608-f03696c27361 - - - - - -] Attempt 1 to provision port ccce8e44-a847-4215-a366-c2e04a88a4bc
2026-04-23 14:51:15.042 10 INFO neutron.plugins.ml2.plugin [None req-117940a6-ba25-48aa-a1cf-208b600c52af - - - - - -] Attempt 1 to provision port 1966eaee-88fd-46dc-8d10-dd2ff9ecc5ba
2026-04-23 14:51:22.710 10 INFO neutron.plugins.ml2.plugin [None req-e0d58d82-11d5-4b41-966d-11e0426de423 - - - - - -] Attempt 1 to provision port e9502689-9158-4807-a666-12f4eab91f2e
2026-04-23 14:51:23.155 10 INFO neutron.plugins.ml2.plugin [None req-117940a6-ba25-48aa-a1cf-208b600c52af - - - - - -] Attempt 1 to provision port f3831b65-7f64-4a23-a8f2-b7f893485099
2026-04-23 14:51:23.263 10 INFO neutron.plugins.ml2.plugin [None req-42eaec89-babf-4d12-a454-f9a663066d70 - - - - - -] Attempt 1 to provision port 38f86400-c7d8-4ff0-97c0-fb9934479ce0
2026-04-23 14:51:23.686 10 INFO neutron.plugins.ml2.plugin [None req-117940a6-ba25-48aa-a1cf-208b600c52af - - - - - -] Attempt 1 to provision port 38f86400-c7d8-4ff0-97c0-fb9934479ce0
2026-04-23 14:51:23.758 10 INFO neutron.plugins.ml2.plugin [None req-c79c56db-fecc-46ea-ab12-f6954e7a531e - - - - - -] Attempt 1 to provision port 38f86400-c7d8-4ff0-97c0-fb9934479ce0
2026-04-23 14:51:23.870 10 INFO neutron.plugins.ml2.plugin [None req-c79c56db-fecc-46ea-ab12-f6954e7a531e - - - - - -] Attempt 1 to provision port 60383c23-4eb8-4f1c-a228-ce3b670e8522
2026-04-23 14:51:24.002 10 INFO neutron.plugins.ml2.plugin [None req-117940a6-ba25-48aa-a1cf-208b600c52af - - - - - -] Attempt 1 to provision port cb5b1561-7b77-4a1c-80b3-66f64f8b10c3
2026-04-23 14:51:24.026 10 INFO neutron.plugins.ml2.plugin [None req-73a62a0c-6bb8-4f40-8325-713007fb5fea - - - - - -] Attempt 1 to provision port 60383c23-4eb8-4f1c-a228-ce3b670e8522
2026-04-23 14:51:25.111 9 INFO neutron.plugins.ml2.plugin [None req-e23f54b2-264c-4b10-b091-9a339fd7f6ca - - - - - -] Attempt 1 to provision port 60383c23-4eb8-4f1c-a228-ce3b670e8522
2026-04-23 14:51:25.253 10 INFO neutron.plugins.ml2.plugin [None req-117940a6-ba25-48aa-a1cf-208b600c52af - - - - - -] Attempt 1 to provision port e9502689-9158-4807-a666-12f4eab91f2e
2026-04-23 14:51:25.377 10 INFO neutron.notifiers.nova [-] Nova event matching ['req-6d38610d-1b91-4383-ac79-adf2ea221e47'] response: {'server_uuid': '5e9aac90-fe78-4bb4-8731-ca3e4a666eac', 'name': 'network-vif-plugged', 'status': 'completed', 'tag': 'e9502689-9158-4807-a666-12f4eab91f2e', 'code': 200}
2026-04-23 14:51:25.673 10 INFO neutron.plugins.ml2.plugin [None req-117940a6-ba25-48aa-a1cf-208b600c52af - - - - - -] Attempt 1 to provision port 38f86400-c7d8-4ff0-97c0-fb9934479ce0
2026-04-23 14:51:26.041 10 INFO neutron.plugins.ml2.plugin [None req-117940a6-ba25-48aa-a1cf-208b600c52af - - - - - -] Attempt 1 to provision port cb5b1561-7b77-4a1c-80b3-66f64f8b10c3
2026-04-23 14:51:26.322 10 INFO neutron.plugins.ml2.plugin [None req-117940a6-ba25-48aa-a1cf-208b600c52af - - - - - -] Attempt 1 to provision port f3831b65-7f64-4a23-a8f2-b7f893485099
2026-04-23 14:51:27.132 10 INFO neutron.plugins.ml2.plugin [None req-117940a6-ba25-48aa-a1cf-208b600c52af - - - - - -] Attempt 1 to provision port e9502689-9158-4807-a666-12f4eab91f2e /var/lib/openstack/lib/python3.10/site-packages/oslo_db/sqlalchemy/enginefacade.py:676: SAWarning: DELETE statement on table 'portsecuritybindings' expected to delete 1 row(s); 0 were matched. Please set confirm_deleted_rows=False within the mapper configuration to prevent this warning. self.session.flush() /var/lib/openstack/lib/python3.10/site-packages/oslo_db/sqlalchemy/enginefacade.py:676: SAWarning: DELETE statement on table 'ml2_port_bindings' expected to delete 1 row(s); 0 were matched. Please set confirm_deleted_rows=False within the mapper configuration to prevent this warning. self.session.flush() /var/lib/openstack/lib/python3.10/site-packages/oslo_db/sqlalchemy/enginefacade.py:676: SAWarning: DELETE statement on table 'ml2_port_binding_levels' expected to delete 1 row(s); 0 were matched. Please set confirm_deleted_rows=False within the mapper configuration to prevent this warning. self.session.flush() /var/lib/openstack/lib/python3.10/site-packages/oslo_db/sqlalchemy/enginefacade.py:676: SAWarning: DELETE statement on table 'ports' expected to delete 1 row(s); 0 were matched. Please set confirm_deleted_rows=False within the mapper configuration to prevent this warning. self.session.flush()
2026-04-23 14:51:29.090 9 INFO neutron.plugins.ml2.plugin [None req-117940a6-ba25-48aa-a1cf-208b600c52af - - - - - -] Attempt 1 to provision port 1448be40-6f18-49f4-899d-0857f0f77a5e
2026-04-23 14:51:29.451 9 INFO neutron.plugins.ml2.plugin [None req-117940a6-ba25-48aa-a1cf-208b600c52af - - - - - -] Attempt 1 to provision port 7a9c9055-fa2d-48cf-894d-c7ebb5743812
2026-04-23 14:51:31.158 9 INFO neutron.plugins.ml2.plugin [None req-117940a6-ba25-48aa-a1cf-208b600c52af - - - - - -] Attempt 1 to provision port 1448be40-6f18-49f4-899d-0857f0f77a5e
2026-04-23 14:51:31.501 9 INFO neutron.plugins.ml2.plugin [None req-117940a6-ba25-48aa-a1cf-208b600c52af - - - - - -] Attempt 1 to provision port db50df5e-09b7-4a67-87d1-69fba34a417a
2026-04-23 14:51:32.021 9 INFO neutron.plugins.ml2.plugin [None req-117940a6-ba25-48aa-a1cf-208b600c52af - - - - - -] Attempt 1 to provision port 7a9c9055-fa2d-48cf-894d-c7ebb5743812
2026-04-23 14:51:33.168 10 INFO neutron.plugins.ml2.plugin [None req-117940a6-ba25-48aa-a1cf-208b600c52af - - - - - -] Attempt 1 to provision port db50df5e-09b7-4a67-87d1-69fba34a417a
2026-04-23 14:51:33.270 10 INFO neutron.plugins.ml2.plugin [None req-cb90bdd6-5081-4dfd-a9f2-c85bed0c56cd - - - - - -] Attempt 1 to provision port db50df5e-09b7-4a67-87d1-69fba34a417a
2026-04-23 14:51:33.722 10 INFO neutron.plugins.ml2.plugin [None req-4d1fe6b9-8add-47ed-af8a-e252c8b6590c - - - - - -] Attempt 1 to provision port 8218e220-28b5-44a0-b613-2da0dfc682c2
2026-04-23 14:51:33.768 10 INFO neutron.plugins.ml2.plugin [None req-4d1fe6b9-8add-47ed-af8a-e252c8b6590c - - - - - -] Attempt 1 to provision port db50df5e-09b7-4a67-87d1-69fba34a417a
2026-04-23 14:51:34.311 9 INFO neutron.plugins.ml2.plugin [None req-a5c580b2-6229-46db-8254-98aad1ea4fe6 - - - - - -] Attempt 1 to provision port 8218e220-28b5-44a0-b613-2da0dfc682c2
2026-04-23 14:51:35.190 10 INFO neutron.plugins.ml2.plugin [None req-0bfd9a1e-0467-4d3d-80d0-672df1a7e203 - - - - - -] Attempt 1 to provision port a07612de-86f4-40e4-8f5c-3b2d22cd4d9e
2026-04-23 14:51:35.216 10 INFO neutron.plugins.ml2.plugin [None req-117940a6-ba25-48aa-a1cf-208b600c52af - - - - - -] Attempt 1 to provision port 2760e02e-006b-4aba-acbe-ca9bddd72dcf
2026-04-23 14:51:35.882 10 INFO neutron.plugins.ml2.plugin [None req-117940a6-ba25-48aa-a1cf-208b600c52af - - - - - -] Attempt 1 to provision port d5e63a52-d025-47da-b438-ec07a6311302
2026-04-23 14:51:36.024 9 INFO neutron.plugins.ml2.plugin [None req-38cf32f3-8633-4b2d-907d-4dd7d1c1a1ae - - - - - -] Attempt 1 to provision port a07612de-86f4-40e4-8f5c-3b2d22cd4d9e
2026-04-23 14:51:36.250 9 INFO neutron.plugins.ml2.plugin [None req-194fcedd-13f7-4812-afbf-b0d41b25e498 - - - - - -] Attempt 1 to provision port 2760e02e-006b-4aba-acbe-ca9bddd72dcf
2026-04-23 14:51:36.535 10 INFO neutron.plugins.ml2.plugin [None req-117940a6-ba25-48aa-a1cf-208b600c52af - - - - - -] Attempt 1 to provision port 59ece8f6-9051-405c-a4cd-7ca01ea547d7
2026-04-23 14:51:36.565 10 INFO neutron.plugins.ml2.plugin [None req-bbceaa97-dd15-4e73-9214-d14defb90793 - - - - - -] Attempt 1 to provision port 59ece8f6-9051-405c-a4cd-7ca01ea547d7
2026-04-23 14:51:37.223 10 INFO neutron.plugins.ml2.plugin [None req-117940a6-ba25-48aa-a1cf-208b600c52af - - - - - -] Attempt 1 to provision port a07612de-86f4-40e4-8f5c-3b2d22cd4d9e
2026-04-23 14:51:37.373 10 INFO neutron.plugins.ml2.plugin [None req-02466a90-e374-4696-b249-1cc7019100ce - - - - - -] Attempt 1 to provision port 59ece8f6-9051-405c-a4cd-7ca01ea547d7
2026-04-23 14:51:37.467 10 INFO neutron.plugins.ml2.plugin [None req-02466a90-e374-4696-b249-1cc7019100ce - - - - - -] Attempt 1 to provision port 2760e02e-006b-4aba-acbe-ca9bddd72dcf
2026-04-23 14:51:37.559 10 INFO neutron.plugins.ml2.plugin [None req-02466a90-e374-4696-b249-1cc7019100ce - - - - - -] Attempt 1 to provision port d5e63a52-d025-47da-b438-ec07a6311302
2026-04-23 14:51:37.693 9 INFO neutron.plugins.ml2.plugin [None req-117940a6-ba25-48aa-a1cf-208b600c52af - - - - - -] Attempt 1 to provision port d5e63a52-d025-47da-b438-ec07a6311302
2026-04-23 14:51:37.797 10 INFO neutron.plugins.ml2.plugin [None req-36b07102-212d-42b3-a37e-44be86c64f66 - - - - - -] Attempt 1 to provision port d5e63a52-d025-47da-b438-ec07a6311302
2026-04-23 14:51:38.023 9 INFO neutron.plugins.ml2.plugin [None req-117940a6-ba25-48aa-a1cf-208b600c52af - - - - - -] Attempt 1 to provision port 59ece8f6-9051-405c-a4cd-7ca01ea547d7
2026-04-23 14:51:38.108 9 INFO neutron.plugins.ml2.plugin [None req-117940a6-ba25-48aa-a1cf-208b600c52af - - - - - -] No ports have port_id starting with 59ece8f6-9051-405c-a4cd-7ca01ea547d7
2026-04-23 14:51:38.150 9 INFO neutron.plugins.ml2.plugin [None req-117940a6-ba25-48aa-a1cf-208b600c52af - - - - - -] Attempt 1 to provision port 6d22843d-18d9-4ad9-96cc-58ab117db550
2026-04-23 14:51:38.484 9 INFO neutron.plugins.ml2.plugin [None req-8e587d92-782f-45c9-8b03-211d566a0abe - - - - - -] Attempt 1 to provision port 75074916-6ce4-478f-aba6-45a2780f5634
2026-04-23 14:51:38.946 9 INFO neutron.plugins.ml2.plugin [None req-135f2ee5-4b69-4f5a-92d2-eea67da50f2f - - - - - -] Attempt 1 to provision port 6d22843d-18d9-4ad9-96cc-58ab117db550
2026-04-23 14:51:49.395 9 INFO neutron.plugins.ml2.plugin [None req-ff24fbb7-e5aa-42b4-b291-f48b08b24531 - - - - - -] Attempt 1 to provision port 998ab582-0b8d-41ce-a8ee-44b2082cd415
2026-04-23 14:51:53.714 10 INFO neutron.plugins.ml2.plugin [None req-117940a6-ba25-48aa-a1cf-208b600c52af - - - - - -] Attempt 1 to provision port 04407a3f-efc6-421d-bf44-6558a23cdf0e
2026-04-23 14:51:54.532 10 INFO neutron.plugins.ml2.plugin [None req-117940a6-ba25-48aa-a1cf-208b600c52af - - - - - -] Attempt 1 to provision port cc192688-b6d0-4477-b27e-83c44c6b36b0
2026-04-23 14:51:55.609 10 INFO neutron.plugins.ml2.plugin [None req-117940a6-ba25-48aa-a1cf-208b600c52af - - - - - -] Attempt 1 to provision port 04407a3f-efc6-421d-bf44-6558a23cdf0e
2026-04-23 14:51:55.787 10 INFO neutron.plugins.ml2.plugin [None req-ae848163-4fc2-4037-a1c3-a346a722405b - - - - - -] Attempt 1 to provision port cc192688-b6d0-4477-b27e-83c44c6b36b0
2026-04-23 14:51:56.115 10 INFO neutron.plugins.ml2.plugin [None req-117940a6-ba25-48aa-a1cf-208b600c52af - - - - - -] Attempt 1 to provision port cc192688-b6d0-4477-b27e-83c44c6b36b0
2026-04-23 14:51:56.153 10 INFO neutron.plugins.ml2.plugin [None req-ac791ea3-a277-4b22-8f4b-9ba829883c99 - - - - - -] Attempt 1 to provision port cc192688-b6d0-4477-b27e-83c44c6b36b0
2026-04-23 14:51:56.278 10 INFO neutron.plugins.ml2.plugin [None req-ac791ea3-a277-4b22-8f4b-9ba829883c99 - - - - - -] Attempt 1 to provision port a67d608a-500e-47f1-9ce3-9ae4d371938a
2026-04-23 14:51:56.553 10 INFO neutron.plugins.ml2.plugin [None req-ed57886f-e382-4d6d-85ce-c4ef044c6cc0 - - - - - -] Attempt 1 to provision port a67d608a-500e-47f1-9ce3-9ae4d371938a
2026-04-23 14:51:56.926 10 INFO neutron.plugins.ml2.plugin [None req-3e9d3e4a-b325-44c9-82cc-a8c96a76aafc - - - - - -] Attempt 1 to provision port a67d608a-500e-47f1-9ce3-9ae4d371938a
2026-04-23 14:52:00.322 10 INFO neutron.plugins.ml2.plugin [None req-444ca01a-a3cc-461e-b6a1-f82292612510 - - - - - -] Attempt 1 to provision port 1f03ddfc-2a57-4abc-9fbe-5b206f0f92c8
2026-04-23 14:52:01.702 10 INFO neutron.plugins.ml2.plugin [None req-117940a6-ba25-48aa-a1cf-208b600c52af - - - - - -] Attempt 1 to provision port 1f03ddfc-2a57-4abc-9fbe-5b206f0f92c8
2026-04-23 14:52:01.704 10 ERROR neutron.plugins.ml2.managers [None req-8d526b50-438e-453e-9aaa-d085518c8adb - - - - - -] Mechanism driver openvswitch failed in bind_port: neutron_lib.exceptions.SubnetNotFound: Subnet 8d48511c-95b3-4e1e-8d71-b53c2070135c could not be found.
2026-04-23 14:52:01.704 10 ERROR neutron.plugins.ml2.managers
Traceback (most recent call last):
2026-04-23 14:52:01.704 10 ERROR neutron.plugins.ml2.managers
File "/var/lib/openstack/lib/python3.10/site-packages/neutron/plugins/ml2/managers.py", line 866, in _bind_port_level
2026-04-23 14:52:01.704 10 ERROR neutron.plugins.ml2.managers driver.obj.bind_port(context)
2026-04-23 14:52:01.704 10 ERROR neutron.plugins.ml2.managers
File "/var/lib/openstack/lib/python3.10/site-packages/neutron/plugins/ml2/drivers/openvswitch/mech_driver/mech_openvswitch.py", line 133, in bind_port
2026-04-23 14:52:01.704 10 ERROR neutron.plugins.ml2.managers super(OpenvswitchMechanismDriver, self).bind_port(context)
2026-04-23 14:52:01.704 10 ERROR neutron.plugins.ml2.managers
File "/var/lib/openstack/lib/python3.10/site-packages/neutron/plugins/ml2/drivers/mech_agent.py", line 104, in bind_port
2026-04-23 14:52:01.704 10 ERROR neutron.plugins.ml2.managers subnets = self.get_subnets_from_fixed_ips(context)
2026-04-23 14:52:01.704 10 ERROR neutron.plugins.ml2.managers
File "/var/lib/openstack/lib/python3.10/site-packages/neutron/plugins/ml2/drivers/mech_agent.py", line 149, in get_subnets_from_fixed_ips
2026-04-23 14:52:01.704 10 ERROR neutron.plugins.ml2.managers subnets.append(context._plugin.get_subnet(
2026-04-23 14:52:01.704 10 ERROR neutron.plugins.ml2.managers
File "/var/lib/openstack/lib/python3.10/site-packages/neutron_lib/db/api.py", line 226, in wrapped
2026-04-23 14:52:01.704 10 ERROR neutron.plugins.ml2.managers return f_with_retry(*args, **kwargs,
2026-04-23 14:52:01.704 10 ERROR neutron.plugins.ml2.managers
File "/var/lib/openstack/lib/python3.10/site-packages/neutron_lib/db/api.py", line 140, in wrapped
2026-04-23 14:52:01.704 10 ERROR neutron.plugins.ml2.managers with excutils.save_and_reraise_exception():
2026-04-23 14:52:01.704 10 ERROR neutron.plugins.ml2.managers
File "/var/lib/openstack/lib/python3.10/site-packages/oslo_utils/excutils.py", line 227, in __exit__
2026-04-23 14:52:01.704 10 ERROR neutron.plugins.ml2.managers self.force_reraise()
2026-04-23 14:52:01.704 10 ERROR neutron.plugins.ml2.managers
File "/var/lib/openstack/lib/python3.10/site-packages/oslo_utils/excutils.py", line 200, in force_reraise
2026-04-23 14:52:01.704 10 ERROR neutron.plugins.ml2.managers raise self.value
2026-04-23 14:52:01.704 10 ERROR neutron.plugins.ml2.managers
File "/var/lib/openstack/lib/python3.10/site-packages/neutron_lib/db/api.py", line 138, in wrapped
2026-04-23 14:52:01.704 10 ERROR neutron.plugins.ml2.managers return f(*args, **kwargs)
2026-04-23 14:52:01.704 10 ERROR neutron.plugins.ml2.managers
File "/var/lib/openstack/lib/python3.10/site-packages/oslo_db/api.py", line 144, in wrapper
2026-04-23 14:52:01.704 10 ERROR neutron.plugins.ml2.managers with excutils.save_and_reraise_exception() as ectxt:
2026-04-23 14:52:01.704 10 ERROR neutron.plugins.ml2.managers
File "/var/lib/openstack/lib/python3.10/site-packages/oslo_utils/excutils.py", line 227, in __exit__
2026-04-23 14:52:01.704 10 ERROR neutron.plugins.ml2.managers self.force_reraise()
2026-04-23 14:52:01.704 10 ERROR neutron.plugins.ml2.managers
File "/var/lib/openstack/lib/python3.10/site-packages/oslo_utils/excutils.py", line 200, in force_reraise
2026-04-23 14:52:01.704 10 ERROR neutron.plugins.ml2.managers raise self.value
2026-04-23 14:52:01.704 10 ERROR neutron.plugins.ml2.managers
File "/var/lib/openstack/lib/python3.10/site-packages/oslo_db/api.py", line 142, in wrapper
2026-04-23 14:52:01.704 10 ERROR neutron.plugins.ml2.managers return f(*args, **kwargs)
2026-04-23 14:52:01.704 10 ERROR neutron.plugins.ml2.managers
File "/var/lib/openstack/lib/python3.10/site-packages/neutron_lib/db/api.py", line 186, in wrapped
2026-04-23 14:52:01.704 10 ERROR neutron.plugins.ml2.managers with excutils.save_and_reraise_exception():
2026-04-23 14:52:01.704 10 ERROR neutron.plugins.ml2.managers
File "/var/lib/openstack/lib/python3.10/site-packages/oslo_utils/excutils.py", line 227, in __exit__
2026-04-23 14:52:01.704 10 ERROR neutron.plugins.ml2.managers self.force_reraise()
2026-04-23 14:52:01.704 10 ERROR neutron.plugins.ml2.managers
File "/var/lib/openstack/lib/python3.10/site-packages/oslo_utils/excutils.py", line 200, in force_reraise
2026-04-23 14:52:01.704 10 ERROR neutron.plugins.ml2.managers raise self.value
2026-04-23 14:52:01.704 10 ERROR neutron.plugins.ml2.managers
File "/var/lib/openstack/lib/python3.10/site-packages/neutron_lib/db/api.py", line 184, in wrapped
2026-04-23 14:52:01.704 10 ERROR neutron.plugins.ml2.managers return f(*dup_args, **dup_kwargs)
2026-04-23 14:52:01.704 10 ERROR neutron.plugins.ml2.managers
File "/var/lib/openstack/lib/python3.10/site-packages/neutron/db/db_base_plugin_v2.py", line 1121, in get_subnet
2026-04-23 14:52:01.704 10 ERROR neutron.plugins.ml2.managers subnet_obj = self._get_subnet_object(context, id)
2026-04-23 14:52:01.704 10 ERROR neutron.plugins.ml2.managers
File "/var/lib/openstack/lib/python3.10/site-packages/neutron/db/db_base_plugin_common.py", line 279, in _get_subnet_object
2026-04-23 14:52:01.704 10 ERROR neutron.plugins.ml2.managers raise exceptions.SubnetNotFound(subnet_id=id)
2026-04-23 14:52:01.704 10 ERROR neutron.plugins.ml2.managers neutron_lib.exceptions.SubnetNotFound: Subnet 8d48511c-95b3-4e1e-8d71-b53c2070135c could not be found.
2026-04-23 14:52:01.704 10 ERROR neutron.plugins.ml2.managers 
2026-04-23 14:52:01.706 10 ERROR neutron.plugins.ml2.managers [None req-8d526b50-438e-453e-9aaa-d085518c8adb - - - - - -] Failed to bind port d1391a58-4fc1-4846-95e4-7c5a6781af24 on host instance for vnic_type normal using segments [{'id': 'c97862b6-9ba1-4889-b3a5-549f48887864', 'network_type': 'vxlan', 'physical_network': None, 'segmentation_id': 56, 'network_id': '25dc4e1b-e499-4482-baba-87c2243d1e0c'}]
2026-04-23 14:52:01.706 10 INFO neutron.plugins.ml2.plugin [None req-8d526b50-438e-453e-9aaa-d085518c8adb - - - - - -] Attempt 2 to bind port d1391a58-4fc1-4846-95e4-7c5a6781af24
2026-04-23 14:52:01.740 10 ERROR neutron.plugins.ml2.managers [None req-8d526b50-438e-453e-9aaa-d085518c8adb - - - - - -] Mechanism driver openvswitch failed in bind_port: neutron_lib.exceptions.SubnetNotFound: Subnet 8d48511c-95b3-4e1e-8d71-b53c2070135c could not be found.
2026-04-23 14:52:01.740 10 ERROR neutron.plugins.ml2.managers
Traceback (most recent call last):
2026-04-23 14:52:01.740 10 ERROR neutron.plugins.ml2.managers
File "/var/lib/openstack/lib/python3.10/site-packages/neutron/plugins/ml2/managers.py", line 866, in _bind_port_level
2026-04-23 14:52:01.740 10 ERROR neutron.plugins.ml2.managers driver.obj.bind_port(context)
2026-04-23 14:52:01.740 10 ERROR neutron.plugins.ml2.managers
File "/var/lib/openstack/lib/python3.10/site-packages/neutron/plugins/ml2/drivers/openvswitch/mech_driver/mech_openvswitch.py", line 133, in bind_port
2026-04-23 14:52:01.740 10 ERROR neutron.plugins.ml2.managers super(OpenvswitchMechanismDriver, self).bind_port(context)
2026-04-23 14:52:01.740 10 ERROR neutron.plugins.ml2.managers
File "/var/lib/openstack/lib/python3.10/site-packages/neutron/plugins/ml2/drivers/mech_agent.py", line 104, in bind_port
2026-04-23 14:52:01.740 10 ERROR neutron.plugins.ml2.managers subnets = self.get_subnets_from_fixed_ips(context)
2026-04-23 14:52:01.740 10 ERROR neutron.plugins.ml2.managers
File "/var/lib/openstack/lib/python3.10/site-packages/neutron/plugins/ml2/drivers/mech_agent.py", line 149, in get_subnets_from_fixed_ips
2026-04-23 14:52:01.740 10 ERROR neutron.plugins.ml2.managers subnets.append(context._plugin.get_subnet(
2026-04-23 14:52:01.740 10 ERROR neutron.plugins.ml2.managers
File "/var/lib/openstack/lib/python3.10/site-packages/neutron_lib/db/api.py", line 226, in wrapped
2026-04-23 14:52:01.740 10 ERROR neutron.plugins.ml2.managers return f_with_retry(*args, **kwargs,
2026-04-23 14:52:01.740 10 ERROR neutron.plugins.ml2.managers
File "/var/lib/openstack/lib/python3.10/site-packages/neutron_lib/db/api.py", line 140, in wrapped
2026-04-23 14:52:01.740 10 ERROR neutron.plugins.ml2.managers with excutils.save_and_reraise_exception():
2026-04-23 14:52:01.740 10 ERROR neutron.plugins.ml2.managers
File "/var/lib/openstack/lib/python3.10/site-packages/oslo_utils/excutils.py", line 227, in __exit__
2026-04-23 14:52:01.740 10 ERROR neutron.plugins.ml2.managers self.force_reraise()
2026-04-23 14:52:01.740 10 ERROR neutron.plugins.ml2.managers
File "/var/lib/openstack/lib/python3.10/site-packages/oslo_utils/excutils.py", line 200, in force_reraise
2026-04-23 14:52:01.740 10 ERROR neutron.plugins.ml2.managers raise self.value
2026-04-23 14:52:01.740 10 ERROR neutron.plugins.ml2.managers
File "/var/lib/openstack/lib/python3.10/site-packages/neutron_lib/db/api.py", line 138, in wrapped
2026-04-23 14:52:01.740 10 ERROR neutron.plugins.ml2.managers return f(*args, **kwargs)
2026-04-23 14:52:01.740 10 ERROR neutron.plugins.ml2.managers
File "/var/lib/openstack/lib/python3.10/site-packages/oslo_db/api.py", line 144, in wrapper
2026-04-23 14:52:01.740 10 ERROR neutron.plugins.ml2.managers with excutils.save_and_reraise_exception() as ectxt:
2026-04-23 14:52:01.740 10 ERROR neutron.plugins.ml2.managers
File "/var/lib/openstack/lib/python3.10/site-packages/oslo_utils/excutils.py", line 227, in __exit__
2026-04-23 14:52:01.740 10 ERROR neutron.plugins.ml2.managers self.force_reraise()
2026-04-23 14:52:01.740 10 ERROR neutron.plugins.ml2.managers
File "/var/lib/openstack/lib/python3.10/site-packages/oslo_utils/excutils.py", line 200, in force_reraise
2026-04-23 14:52:01.740 10 ERROR neutron.plugins.ml2.managers raise self.value
2026-04-23 14:52:01.740 10 ERROR neutron.plugins.ml2.managers
File "/var/lib/openstack/lib/python3.10/site-packages/oslo_db/api.py", line 142, in wrapper
2026-04-23 14:52:01.740 10 ERROR neutron.plugins.ml2.managers return f(*args, **kwargs)
2026-04-23 14:52:01.740 10 ERROR neutron.plugins.ml2.managers
File "/var/lib/openstack/lib/python3.10/site-packages/neutron_lib/db/api.py", line 186, in wrapped
2026-04-23 14:52:01.740 10 ERROR neutron.plugins.ml2.managers with excutils.save_and_reraise_exception():
2026-04-23 14:52:01.740 10 ERROR neutron.plugins.ml2.managers
File "/var/lib/openstack/lib/python3.10/site-packages/oslo_utils/excutils.py", line 227, in __exit__
2026-04-23 14:52:01.740 10 ERROR neutron.plugins.ml2.managers self.force_reraise()
2026-04-23 14:52:01.740 10 ERROR neutron.plugins.ml2.managers
File "/var/lib/openstack/lib/python3.10/site-packages/oslo_utils/excutils.py", line 200, in force_reraise
2026-04-23 14:52:01.740 10 ERROR neutron.plugins.ml2.managers raise self.value
2026-04-23 14:52:01.740 10 ERROR neutron.plugins.ml2.managers
File "/var/lib/openstack/lib/python3.10/site-packages/neutron_lib/db/api.py", line 184, in wrapped
2026-04-23 14:52:01.740 10 ERROR neutron.plugins.ml2.managers return f(*dup_args, **dup_kwargs)
2026-04-23 14:52:01.740 10 ERROR neutron.plugins.ml2.managers
File "/var/lib/openstack/lib/python3.10/site-packages/neutron/db/db_base_plugin_v2.py", line 1121, in get_subnet
2026-04-23 14:52:01.740 10 ERROR neutron.plugins.ml2.managers subnet_obj = self._get_subnet_object(context, id)
2026-04-23 14:52:01.740 10 ERROR neutron.plugins.ml2.managers
File "/var/lib/openstack/lib/python3.10/site-packages/neutron/db/db_base_plugin_common.py", line 279, in _get_subnet_object
2026-04-23 14:52:01.740 10 ERROR neutron.plugins.ml2.managers raise exceptions.SubnetNotFound(subnet_id=id)
2026-04-23 14:52:01.740 10 ERROR neutron.plugins.ml2.managers neutron_lib.exceptions.SubnetNotFound: Subnet 8d48511c-95b3-4e1e-8d71-b53c2070135c could not be found.
2026-04-23 14:52:01.740 10 ERROR neutron.plugins.ml2.managers 
2026-04-23 14:52:01.741 10 ERROR neutron.plugins.ml2.managers [None req-8d526b50-438e-453e-9aaa-d085518c8adb - - - - - -] Failed to bind port d1391a58-4fc1-4846-95e4-7c5a6781af24 on host instance for vnic_type normal using segments [{'id': 'c97862b6-9ba1-4889-b3a5-549f48887864', 'network_type': 'vxlan', 'physical_network': None, 'segmentation_id': 56, 'network_id': '25dc4e1b-e499-4482-baba-87c2243d1e0c'}]
2026-04-23 14:52:01.742 10 INFO neutron.plugins.ml2.plugin [None req-8d526b50-438e-453e-9aaa-d085518c8adb - - - - - -] Attempt 3 to bind port d1391a58-4fc1-4846-95e4-7c5a6781af24
2026-04-23 14:52:01.768 10 ERROR neutron.plugins.ml2.managers [None req-8d526b50-438e-453e-9aaa-d085518c8adb - - - - - -] Mechanism driver openvswitch failed in bind_port: neutron_lib.exceptions.SubnetNotFound: Subnet 8d48511c-95b3-4e1e-8d71-b53c2070135c could not be found.
2026-04-23 14:52:01.768 10 ERROR neutron.plugins.ml2.managers
Traceback (most recent call last):
2026-04-23 14:52:01.768 10 ERROR neutron.plugins.ml2.managers
File "/var/lib/openstack/lib/python3.10/site-packages/neutron/plugins/ml2/managers.py", line 866, in _bind_port_level
2026-04-23 14:52:01.768 10 ERROR neutron.plugins.ml2.managers driver.obj.bind_port(context)
2026-04-23 14:52:01.768 10 ERROR neutron.plugins.ml2.managers
File "/var/lib/openstack/lib/python3.10/site-packages/neutron/plugins/ml2/drivers/openvswitch/mech_driver/mech_openvswitch.py", line 133, in bind_port
2026-04-23 14:52:01.768 10 ERROR neutron.plugins.ml2.managers super(OpenvswitchMechanismDriver, self).bind_port(context)
2026-04-23 14:52:01.768 10 ERROR neutron.plugins.ml2.managers
File "/var/lib/openstack/lib/python3.10/site-packages/neutron/plugins/ml2/drivers/mech_agent.py", line 104, in bind_port
2026-04-23 14:52:01.768 10 ERROR neutron.plugins.ml2.managers subnets = self.get_subnets_from_fixed_ips(context)
2026-04-23 14:52:01.768 10 ERROR neutron.plugins.ml2.managers
File "/var/lib/openstack/lib/python3.10/site-packages/neutron/plugins/ml2/drivers/mech_agent.py", line 149, in get_subnets_from_fixed_ips
2026-04-23 14:52:01.768 10 ERROR neutron.plugins.ml2.managers subnets.append(context._plugin.get_subnet(
2026-04-23 14:52:01.768 10 ERROR neutron.plugins.ml2.managers
File "/var/lib/openstack/lib/python3.10/site-packages/neutron_lib/db/api.py", line 226, in wrapped
2026-04-23 14:52:01.768 10 ERROR neutron.plugins.ml2.managers return f_with_retry(*args, **kwargs,
2026-04-23 14:52:01.768 10 ERROR neutron.plugins.ml2.managers
File "/var/lib/openstack/lib/python3.10/site-packages/neutron_lib/db/api.py", line 140, in wrapped
2026-04-23 14:52:01.768 10 ERROR neutron.plugins.ml2.managers with excutils.save_and_reraise_exception():
2026-04-23 14:52:01.768 10 ERROR neutron.plugins.ml2.managers
File "/var/lib/openstack/lib/python3.10/site-packages/oslo_utils/excutils.py", line 227, in __exit__
2026-04-23 14:52:01.768 10 ERROR neutron.plugins.ml2.managers self.force_reraise()
2026-04-23 14:52:01.768 10 ERROR neutron.plugins.ml2.managers
File "/var/lib/openstack/lib/python3.10/site-packages/oslo_utils/excutils.py", line 200, in force_reraise
2026-04-23 14:52:01.768 10 ERROR neutron.plugins.ml2.managers raise self.value
2026-04-23 14:52:01.768 10 ERROR neutron.plugins.ml2.managers
File "/var/lib/openstack/lib/python3.10/site-packages/neutron_lib/db/api.py", line 138, in wrapped
2026-04-23 14:52:01.768 10 ERROR neutron.plugins.ml2.managers return f(*args, **kwargs)
2026-04-23 14:52:01.768 10 ERROR neutron.plugins.ml2.managers
File "/var/lib/openstack/lib/python3.10/site-packages/oslo_db/api.py", line 144, in wrapper
2026-04-23 14:52:01.768 10 ERROR neutron.plugins.ml2.managers with excutils.save_and_reraise_exception() as ectxt:
2026-04-23 14:52:01.768 10 ERROR neutron.plugins.ml2.managers
File "/var/lib/openstack/lib/python3.10/site-packages/oslo_utils/excutils.py", line 227, in __exit__
2026-04-23 14:52:01.768 10 ERROR neutron.plugins.ml2.managers self.force_reraise()
2026-04-23 14:52:01.768 10 ERROR neutron.plugins.ml2.managers
File "/var/lib/openstack/lib/python3.10/site-packages/oslo_utils/excutils.py", line 200, in force_reraise
2026-04-23 14:52:01.768 10 ERROR neutron.plugins.ml2.managers raise self.value
2026-04-23 14:52:01.768 10 ERROR neutron.plugins.ml2.managers
File "/var/lib/openstack/lib/python3.10/site-packages/oslo_db/api.py", line 142, in wrapper
2026-04-23 14:52:01.768 10 ERROR neutron.plugins.ml2.managers return f(*args, **kwargs)
2026-04-23 14:52:01.768 10 ERROR neutron.plugins.ml2.managers
