2026-04-23 14:52:03.159 9 ERROR oslo_messaging.rpc.server with excutils.save_and_reraise_exception():
2026-04-23 14:52:03.159 9 ERROR oslo_messaging.rpc.server
File "/var/lib/openstack/lib/python3.10/site-packages/oslo_utils/excutils.py", line 227, in __exit__
2026-04-23 14:52:03.159 9 ERROR oslo_messaging.rpc.server self.force_reraise()
2026-04-23 14:52:03.159 9 ERROR oslo_messaging.rpc.server
File "/var/lib/openstack/lib/python3.10/site-packages/oslo_utils/excutils.py", line 200, in force_reraise
2026-04-23 14:52:03.159 9 ERROR oslo_messaging.rpc.server raise self.value
2026-04-23 14:52:03.159 9 ERROR oslo_messaging.rpc.server
File "/var/lib/openstack/lib/python3.10/site-packages/neutron_lib/db/api.py", line 184, in wrapped
2026-04-23 14:52:03.159 9 ERROR oslo_messaging.rpc.server return f(*dup_args, **dup_kwargs)
2026-04-23 14:52:03.159 9 ERROR oslo_messaging.rpc.server
File "/var/lib/openstack/lib/python3.10/site-packages/neutron/quota/resource_registry.py", line 95, in wrapper
2026-04-23 14:52:03.159 9 ERROR oslo_messaging.rpc.server ret_val = f(_self, context, *args, **kwargs)
2026-04-23 14:52:03.159 9 ERROR oslo_messaging.rpc.server
File "/var/lib/openstack/lib/python3.10/site-packages/neutron/api/rpc/handlers/dhcp_rpc.py", line 292, in create_dhcp_port
2026-04-23 14:52:03.159 9 ERROR oslo_messaging.rpc.server return self._port_action(plugin, context, port, 'create_port')
2026-04-23 14:52:03.159 9 ERROR oslo_messaging.rpc.server
File "/var/lib/openstack/lib/python3.10/site-packages/neutron/api/rpc/handlers/dhcp_rpc.py", line 118, in _port_action
2026-04-23 14:52:03.159 9 ERROR oslo_messaging.rpc.server return p_utils.create_port(plugin, context, port)
2026-04-23 14:52:03.159 9 ERROR oslo_messaging.rpc.server
File "/var/lib/openstack/lib/python3.10/site-packages/neutron_lib/plugins/utils.py", line 337, in create_port
2026-04-23 14:52:03.159 9 ERROR oslo_messaging.rpc.server return core_plugin.create_port(
2026-04-23 14:52:03.159 9 ERROR oslo_messaging.rpc.server
File "/var/lib/openstack/lib/python3.10/site-packages/neutron/common/utils.py", line 707, in inner
2026-04-23 14:52:03.159 9 ERROR oslo_messaging.rpc.server return f(*args, **kwargs)
2026-04-23 14:52:03.159 9 ERROR oslo_messaging.rpc.server
File "/var/lib/openstack/lib/python3.10/site-packages/neutron_lib/db/api.py", line 226, in wrapped
2026-04-23 14:52:03.159 9 ERROR oslo_messaging.rpc.server return f_with_retry(*args, **kwargs,
2026-04-23 14:52:03.159 9 ERROR oslo_messaging.rpc.server
File "/var/lib/openstack/lib/python3.10/site-packages/neutron_lib/db/api.py", line 140, in wrapped
2026-04-23 14:52:03.159 9 ERROR oslo_messaging.rpc.server with excutils.save_and_reraise_exception():
2026-04-23 14:52:03.159 9 ERROR oslo_messaging.rpc.server
File "/var/lib/openstack/lib/python3.10/site-packages/oslo_utils/excutils.py", line 227, in __exit__
2026-04-23 14:52:03.159 9 ERROR oslo_messaging.rpc.server self.force_reraise()
2026-04-23 14:52:03.159 9 ERROR oslo_messaging.rpc.server
File "/var/lib/openstack/lib/python3.10/site-packages/oslo_utils/excutils.py", line 200, in force_reraise
2026-04-23 14:52:03.159 9 ERROR oslo_messaging.rpc.server raise self.value
2026-04-23 14:52:03.159 9 ERROR oslo_messaging.rpc.server
File "/var/lib/openstack/lib/python3.10/site-packages/neutron_lib/db/api.py", line 138, in wrapped
2026-04-23 14:52:03.159 9 ERROR oslo_messaging.rpc.server return f(*args, **kwargs)
2026-04-23 14:52:03.159 9 ERROR oslo_messaging.rpc.server
File "/var/lib/openstack/lib/python3.10/site-packages/oslo_db/api.py", line 144, in wrapper
2026-04-23 14:52:03.159 9 ERROR oslo_messaging.rpc.server with excutils.save_and_reraise_exception() as ectxt:
2026-04-23 14:52:03.159 9 ERROR oslo_messaging.rpc.server
File "/var/lib/openstack/lib/python3.10/site-packages/oslo_utils/excutils.py", line 227, in __exit__
2026-04-23 14:52:03.159 9 ERROR oslo_messaging.rpc.server self.force_reraise()
2026-04-23 14:52:03.159 9 ERROR oslo_messaging.rpc.server
File "/var/lib/openstack/lib/python3.10/site-packages/oslo_utils/excutils.py", line 200, in force_reraise
2026-04-23 14:52:03.159 9 ERROR oslo_messaging.rpc.server raise self.value
2026-04-23 14:52:03.159 9 ERROR oslo_messaging.rpc.server
File "/var/lib/openstack/lib/python3.10/site-packages/oslo_db/api.py", line 142, in wrapper
2026-04-23 14:52:03.159 9 ERROR oslo_messaging.rpc.server return f(*args, **kwargs)
2026-04-23 14:52:03.159 9 ERROR oslo_messaging.rpc.server
File "/var/lib/openstack/lib/python3.10/site-packages/neutron_lib/db/api.py", line 186, in wrapped
2026-04-23 14:52:03.159 9 ERROR oslo_messaging.rpc.server with excutils.save_and_reraise_exception():
2026-04-23 14:52:03.159 9 ERROR oslo_messaging.rpc.server
File "/var/lib/openstack/lib/python3.10/site-packages/oslo_utils/excutils.py", line 227, in __exit__
2026-04-23 14:52:03.159 9 ERROR oslo_messaging.rpc.server self.force_reraise()
2026-04-23 14:52:03.159 9 ERROR oslo_messaging.rpc.server
File "/var/lib/openstack/lib/python3.10/site-packages/oslo_utils/excutils.py", line 200, in force_reraise
2026-04-23 14:52:03.159 9 ERROR oslo_messaging.rpc.server raise self.value
2026-04-23 14:52:03.159 9 ERROR oslo_messaging.rpc.server
File "/var/lib/openstack/lib/python3.10/site-packages/neutron_lib/db/api.py", line 184, in wrapped
2026-04-23 14:52:03.159 9 ERROR oslo_messaging.rpc.server return f(*dup_args, **dup_kwargs)
2026-04-23 14:52:03.159 9 ERROR oslo_messaging.rpc.server
File "/var/lib/openstack/lib/python3.10/site-packages/neutron/plugins/ml2/plugin.py", line 1579, in create_port
2026-04-23 14:52:03.159 9 ERROR oslo_messaging.rpc.server result, mech_context = self._create_port_db(context, port)
2026-04-23 14:52:03.159 9 ERROR oslo_messaging.rpc.server
File "/var/lib/openstack/lib/python3.10/site-packages/neutron/plugins/ml2/plugin.py", line 1544, in _create_port_db
2026-04-23 14:52:03.159 9 ERROR oslo_messaging.rpc.server port_db = self.create_port_db(context, port)
2026-04-23 14:52:03.159 9 ERROR oslo_messaging.rpc.server
File "/var/lib/openstack/lib/python3.10/site-packages/neutron/db/db_base_plugin_v2.py", line 1491, in create_port_db
2026-04-23 14:52:03.159 9 ERROR oslo_messaging.rpc.server self.ipam.allocate_ips_for_port_and_store(
2026-04-23 14:52:03.159 9 ERROR oslo_messaging.rpc.server
File "/var/lib/openstack/lib/python3.10/site-packages/neutron/db/ipam_pluggable_backend.py", line 219, in allocate_ips_for_port_and_store
2026-04-23 14:52:03.159 9 ERROR oslo_messaging.rpc.server ips = self.allocate_ips_for_port(context, port_copy)
2026-04-23 14:52:03.159 9 ERROR oslo_messaging.rpc.server
File "/var/lib/openstack/lib/python3.10/site-packages/neutron_lib/db/api.py", line 224, in wrapped
2026-04-23 14:52:03.159 9 ERROR oslo_messaging.rpc.server return f(*args, **kwargs)
2026-04-23 14:52:03.159 9 ERROR oslo_messaging.rpc.server
File "/var/lib/openstack/lib/python3.10/site-packages/oslo_db/sqlalchemy/enginefacade.py", line 1010, in wrapper
2026-04-23 14:52:03.159 9 ERROR oslo_messaging.rpc.server return fn(*args, **kwargs)
2026-04-23 14:52:03.159 9 ERROR oslo_messaging.rpc.server
File "/var/lib/openstack/lib/python3.10/site-packages/neutron/db/ipam_pluggable_backend.py", line 226, in allocate_ips_for_port
2026-04-23 14:52:03.159 9 ERROR oslo_messaging.rpc.server return self._allocate_ips_for_port(context, port)
2026-04-23 14:52:03.159 9 ERROR oslo_messaging.rpc.server
File "/var/lib/openstack/lib/python3.10/site-packages/neutron/db/ipam_pluggable_backend.py", line 258, in _allocate_ips_for_port
2026-04-23 14:52:03.159 9 ERROR oslo_messaging.rpc.server subnets = self._ipam_get_subnets(
2026-04-23 14:52:03.159 9 ERROR oslo_messaging.rpc.server
File "/var/lib/openstack/lib/python3.10/site-packages/neutron/db/ipam_backend_mixin.py", line 686, in _ipam_get_subnets
2026-04-23 14:52:03.159 9 ERROR oslo_messaging.rpc.server subnet.read_lock_register(
2026-04-23 14:52:03.159 9 ERROR oslo_messaging.rpc.server
File "/var/lib/openstack/lib/python3.10/site-packages/neutron/db/models_v2.py", line 81, in read_lock_register
2026-04-23 14:52:03.159 9 ERROR oslo_messaging.rpc.server raise exception
2026-04-23 14:52:03.159 9 ERROR oslo_messaging.rpc.server neutron_lib.exceptions.SubnetInUse: Unable to complete operation on subnet cc4b92da-3723-4250-905d-402726fb2e73: This subnet is being modified by another concurrent operation.
2026-04-23 14:52:03.159 9 ERROR oslo_messaging.rpc.server 
2026-04-23 14:52:03.665 10 INFO neutron.plugins.ml2.plugin [None req-117940a6-ba25-48aa-a1cf-208b600c52af - - - - - -] Attempt 1 to provision port 1f03ddfc-2a57-4abc-9fbe-5b206f0f92c8
2026-04-23 14:52:09.608 10 INFO neutron.plugins.ml2.plugin [None req-117940a6-ba25-48aa-a1cf-208b600c52af - - - - - -] Attempt 1 to provision port 998ab582-0b8d-41ce-a8ee-44b2082cd415
2026-04-23 14:52:11.606 9 INFO neutron.plugins.ml2.plugin [None req-117940a6-ba25-48aa-a1cf-208b600c52af - - - - - -] Attempt 1 to provision port 998ab582-0b8d-41ce-a8ee-44b2082cd415
2026-04-23 14:52:11.831 9 INFO neutron.plugins.ml2.plugin [None req-117940a6-ba25-48aa-a1cf-208b600c52af - - - - - -] Attempt 1 to provision port a67d608a-500e-47f1-9ce3-9ae4d371938a
2026-04-23 14:52:13.610 10 INFO neutron.plugins.ml2.plugin [None req-117940a6-ba25-48aa-a1cf-208b600c52af - - - - - -] Attempt 1 to provision port a67d608a-500e-47f1-9ce3-9ae4d371938a
2026-04-23 14:52:25.593 9 INFO neutron.plugins.ml2.plugin [None req-9ebdab3f-a2d5-475e-8d4a-30df67719180 - - - - - -] Attempt 1 to provision port c8fd05f1-9d44-4abd-a90d-feef83d15d72
2026-04-23 14:52:27.682 9 INFO neutron.plugins.ml2.plugin [None req-117940a6-ba25-48aa-a1cf-208b600c52af - - - - - -] Attempt 1 to provision port c8fd05f1-9d44-4abd-a90d-feef83d15d72
2026-04-23 14:52:27.803 9 INFO neutron.notifiers.nova [-] Nova event matching ['req-4ab24f9b-1374-4a6a-81e6-31ddfd35b660'] response: {'server_uuid': 'ce03503c-2a6f-4309-ad7c-9375024fa428', 'name': 'network-vif-plugged', 'status': 'completed', 'tag': 'c8fd05f1-9d44-4abd-a90d-feef83d15d72', 'code': 200}
2026-04-23 14:52:29.630 9 INFO neutron.plugins.ml2.plugin [None req-117940a6-ba25-48aa-a1cf-208b600c52af - - - - - -] Attempt 1 to provision port c8fd05f1-9d44-4abd-a90d-feef83d15d72
2026-04-23 14:52:31.792 10 INFO neutron.plugins.ml2.plugin [None req-117940a6-ba25-48aa-a1cf-208b600c52af - - - - - -] Attempt 1 to provision port 0af87a3b-0942-4f5a-b686-9b2f357698a4
2026-04-23 14:52:32.312 10 INFO neutron.plugins.ml2.plugin [None req-117940a6-ba25-48aa-a1cf-208b600c52af - - - - - -] Attempt 1 to provision port 0354e45e-f951-43ff-8686-4c98ab726840
2026-04-23 14:52:32.395 9 INFO neutron.plugins.ml2.plugin [None req-cf53c077-9fad-48c8-83f2-07b74e8cdc3d - - - - - -] Attempt 1 to provision port 0354e45e-f951-43ff-8686-4c98ab726840
2026-04-23 14:52:33.680 10 INFO neutron.plugins.ml2.plugin [None req-18e30736-24f4-4918-bb96-15ad119d92f7 - - - - - -] Attempt 1 to provision port e92f4ca0-5572-40b7-aa4c-55cbfd50952d
2026-04-23 14:52:33.699 9 INFO neutron.plugins.ml2.plugin [None req-117940a6-ba25-48aa-a1cf-208b600c52af - - - - - -] Attempt 1 to provision port 0af87a3b-0942-4f5a-b686-9b2f357698a4
2026-04-23 14:52:33.865 9 INFO neutron.plugins.ml2.plugin [None req-82d7bb47-b3f4-4afe-a2d2-66d02c52d452 - - - - - -] Attempt 1 to provision port 0354e45e-f951-43ff-8686-4c98ab726840
2026-04-23 14:52:34.169 9 INFO neutron.plugins.ml2.plugin [None req-117940a6-ba25-48aa-a1cf-208b600c52af - - - - - -] Attempt 1 to provision port 885def07-ac9a-49a3-9856-0238ca894022
2026-04-23 14:52:34.191 9 INFO neutron.plugins.ml2.plugin [None req-1082530f-98b7-4237-9088-6e08c1bb3c40 - - - - - -] Attempt 1 to provision port 0af87a3b-0942-4f5a-b686-9b2f357698a4
2026-04-23 14:52:34.484 10 INFO neutron.plugins.ml2.plugin [None req-a69c317e-21af-49a2-bbe6-a58064721897 - - - - - -] Attempt 1 to provision port 0354e45e-f951-43ff-8686-4c98ab726840
2026-04-23 14:52:34.645 9 INFO neutron.plugins.ml2.plugin [None req-117940a6-ba25-48aa-a1cf-208b600c52af - - - - - -] Attempt 1 to provision port 0354e45e-f951-43ff-8686-4c98ab726840
2026-04-23 14:52:34.776 10 INFO neutron.plugins.ml2.plugin [None req-0fb648d8-3c27-4bb1-8050-f5a43f89db2f - - - - - -] Attempt 1 to provision port 885def07-ac9a-49a3-9856-0238ca894022
2026-04-23 14:52:35.100 9 INFO neutron.plugins.ml2.plugin [None req-f1f437e7-971b-40e4-9934-282931637602 - - - - - -] Attempt 1 to provision port 0af87a3b-0942-4f5a-b686-9b2f357698a4
2026-04-23 14:52:35.536 10 INFO neutron.plugins.ml2.plugin [None req-217adcb8-a85b-405f-9049-40e2e8df4751 - - - - - -] Attempt 1 to provision port 0af87a3b-0942-4f5a-b686-9b2f357698a4
2026-04-23 14:52:35.661 9 INFO neutron.plugins.ml2.plugin [None req-117940a6-ba25-48aa-a1cf-208b600c52af - - - - - -] Attempt 1 to provision port 0af87a3b-0942-4f5a-b686-9b2f357698a4
2026-04-23 14:52:35.842 10 INFO neutron.plugins.ml2.plugin [None req-dc5af8c6-f3a8-41d9-8e77-a92750a9f1b1 - - - - - -] Attempt 1 to provision port 885def07-ac9a-49a3-9856-0238ca894022
2026-04-23 14:52:35.896 9 INFO neutron.plugins.ml2.plugin [None req-117940a6-ba25-48aa-a1cf-208b600c52af - - - - - -] Attempt 1 to provision port 885def07-ac9a-49a3-9856-0238ca894022
2026-04-23 14:52:36.170 10 INFO neutron.plugins.ml2.plugin [None req-ed4de6f5-12c4-425e-9584-10eb5adc42a9 - - - - - -] Attempt 1 to provision port 85f6e329-4e0a-40d4-b9fc-869482b9068e
2026-04-23 14:52:36.527 9 INFO neutron.plugins.ml2.plugin [None req-ac9d78ea-d4ad-49b7-83ea-d70353ba7c82 - - - - - -] Attempt 1 to provision port 885def07-ac9a-49a3-9856-0238ca894022
2026-04-23 14:52:36.909 10 INFO neutron.plugins.ml2.plugin [None req-e9c21830-9d44-4ad9-864e-eb1ffd83b019 - - - - - -] Attempt 1 to provision port 85f6e329-4e0a-40d4-b9fc-869482b9068e
2026-04-23 14:52:37.644 9 INFO neutron.plugins.ml2.plugin [None req-117940a6-ba25-48aa-a1cf-208b600c52af - - - - - -] Attempt 1 to provision port 8e3d58a7-510e-4944-9951-cf7e6de29c6c
2026-04-23 14:52:37.959 10 INFO neutron.plugins.ml2.plugin [None req-53f7be79-5840-4f03-ada3-58228c364a3d - - - - - -] Attempt 1 to provision port 0196d982-dc2c-46e4-aca7-beafdf3370c3
2026-04-23 14:52:39.311 9 INFO neutron.plugins.ml2.plugin [None req-caa217f5-ae05-417a-aec5-e52ee3cdab8d - - - - - -] Attempt 1 to provision port 0196d982-dc2c-46e4-aca7-beafdf3370c3
2026-04-23 14:52:39.627 10 INFO neutron.plugins.ml2.plugin [None req-117940a6-ba25-48aa-a1cf-208b600c52af - - - - - -] Attempt 1 to provision port 8e3d58a7-510e-4944-9951-cf7e6de29c6c
2026-04-23 14:52:40.372 10 INFO neutron.plugins.ml2.plugin [None req-3ef6cc8b-7bde-4126-9c15-f319a7bc413c - - - - - -] Attempt 1 to provision port 66e78779-2cbb-41e4-ac9d-c8d48599a211
2026-04-23 14:52:41.126 10 INFO neutron.plugins.ml2.plugin [None req-fedf6e3d-9367-4f64-9d2e-3eca5835f5d1 - - - - - -] Attempt 1 to provision port 66e78779-2cbb-41e4-ac9d-c8d48599a211
2026-04-23 14:52:45.943 9 INFO neutron.plugins.ml2.plugin [None req-b3a23095-051c-4973-940f-3229791f1fb2 - - - - - -] Attempt 1 to provision port 16526804-f343-4ecc-bb8f-40114a13ae6c
2026-04-23 14:52:47.692 9 INFO neutron.plugins.ml2.plugin [None req-117940a6-ba25-48aa-a1cf-208b600c52af - - - - - -] Attempt 1 to provision port 16526804-f343-4ecc-bb8f-40114a13ae6c
2026-04-23 14:52:47.814 9 INFO neutron.notifiers.nova [-] Nova event matching ['req-fd2e68c4-943d-4976-88e4-cf54263fddfb'] response: {'server_uuid': '8caf4bd9-4dca-42d3-8c31-7d5ff8bb8191', 'name': 'network-vif-plugged', 'status': 'completed', 'tag': '16526804-f343-4ecc-bb8f-40114a13ae6c', 'code': 200}
2026-04-23 14:52:49.849 10 INFO neutron.plugins.ml2.plugin [None req-117940a6-ba25-48aa-a1cf-208b600c52af - - - - - -] Attempt 1 to provision port 16526804-f343-4ecc-bb8f-40114a13ae6c
2026-04-23 14:52:53.455 10 INFO neutron.plugins.ml2.plugin [None req-71569cb2-3b08-486c-8234-ea5d6d310c75 - - - - - -] Attempt 1 to provision port 8fdd7e3a-4e03-4d8c-92df-a75cbe6f9209
2026-04-23 14:52:55.673 9 INFO neutron.plugins.ml2.plugin [None req-117940a6-ba25-48aa-a1cf-208b600c52af - - - - - -] Attempt 1 to provision port 8fdd7e3a-4e03-4d8c-92df-a75cbe6f9209
2026-04-23 14:52:55.817 9 INFO neutron.notifiers.nova [-] Nova event matching ['req-d2985392-56d1-493d-a52d-dad42f3efce0'] response: {'server_uuid': 'd0be45c5-25c7-4768-a2f2-ec4bb3f87392', 'name': 'network-vif-plugged', 'status': 'completed', 'tag': '8fdd7e3a-4e03-4d8c-92df-a75cbe6f9209', 'code': 200}
2026-04-23 14:52:57.641 9 INFO neutron.plugins.ml2.plugin [None req-117940a6-ba25-48aa-a1cf-208b600c52af - - - - - -] Attempt 1 to provision port 8fdd7e3a-4e03-4d8c-92df-a75cbe6f9209
2026-04-23 14:53:03.733 10 INFO neutron.plugins.ml2.plugin [None req-117940a6-ba25-48aa-a1cf-208b600c52af - - - - - -] Attempt 1 to provision port 0196d982-dc2c-46e4-aca7-beafdf3370c3
2026-04-23 14:53:04.120 10 INFO neutron.plugins.ml2.plugin [None req-117940a6-ba25-48aa-a1cf-208b600c52af - - - - - -] Attempt 1 to provision port 66e78779-2cbb-41e4-ac9d-c8d48599a211
2026-04-23 14:53:05.663 9 INFO neutron.plugins.ml2.plugin [None req-117940a6-ba25-48aa-a1cf-208b600c52af - - - - - -] Attempt 1 to provision port 85f6e329-4e0a-40d4-b9fc-869482b9068e
2026-04-23 14:53:05.990 9 INFO neutron.plugins.ml2.plugin [None req-117940a6-ba25-48aa-a1cf-208b600c52af - - - - - -] Attempt 1 to provision port e92f4ca0-5572-40b7-aa4c-55cbfd50952d
2026-04-23 14:53:06.323 9 INFO neutron.plugins.ml2.plugin [None req-117940a6-ba25-48aa-a1cf-208b600c52af - - - - - -] Attempt 1 to provision port 0196d982-dc2c-46e4-aca7-beafdf3370c3
2026-04-23 14:53:06.589 9 INFO neutron.plugins.ml2.plugin [None req-117940a6-ba25-48aa-a1cf-208b600c52af - - - - - -] Attempt 1 to provision port 66e78779-2cbb-41e4-ac9d-c8d48599a211
2026-04-23 14:53:07.637 10 INFO neutron.plugins.ml2.plugin [None req-117940a6-ba25-48aa-a1cf-208b600c52af - - - - - -] Attempt 1 to provision port 85f6e329-4e0a-40d4-b9fc-869482b9068e
2026-04-23 14:53:07.923 10 INFO neutron.plugins.ml2.plugin [None req-117940a6-ba25-48aa-a1cf-208b600c52af - - - - - -] Attempt 1 to provision port e92f4ca0-5572-40b7-aa4c-55cbfd50952d
2026-04-23 14:53:14.568 10 INFO neutron.plugins.ml2.plugin [None req-ed35f2f0-6b51-4f21-a88d-3983cf2c6541 - - - - - -] Attempt 1 to provision port dc3f3082-af0d-4ecd-9c82-f70587a8363d
2026-04-23 14:53:26.510 10 INFO neutron.plugins.ml2.plugin [None req-f76273bb-2fd9-4ef4-a502-68c16bb673e7 - - - - - -] Attempt 1 to provision port a0a5f03c-d3c6-4900-aee9-c565ddffb942
2026-04-23 14:53:27.709 10 INFO neutron.plugins.ml2.plugin [None req-117940a6-ba25-48aa-a1cf-208b600c52af - - - - - -] Attempt 1 to provision port a0a5f03c-d3c6-4900-aee9-c565ddffb942
2026-04-23 14:53:27.941 10 INFO neutron.notifiers.nova [-] Nova event matching ['req-fb8b5ba2-5c59-46dd-be4c-d1c048d6c2e7'] response: {'server_uuid': 'ae0aa36e-18f1-4032-b1fe-c5296f3cca5d', 'name': 'network-vif-plugged', 'status': 'completed', 'tag': 'a0a5f03c-d3c6-4900-aee9-c565ddffb942', 'code': 200}
2026-04-23 14:53:29.671 9 INFO neutron.plugins.ml2.plugin [None req-117940a6-ba25-48aa-a1cf-208b600c52af - - - - - -] Attempt 1 to provision port a0a5f03c-d3c6-4900-aee9-c565ddffb942
2026-04-23 14:53:49.855 9 INFO neutron.plugins.ml2.plugin [None req-117940a6-ba25-48aa-a1cf-208b600c52af - - - - - -] Attempt 1 to provision port 398b1294-13cf-43df-9718-2d50a827d86b
2026-04-23 14:54:04.363 10 INFO neutron.plugins.ml2.plugin [None req-9e94d646-8ade-4f03-8a53-813666a2720b - - - - - -] Attempt 1 to provision port c87aca9d-1575-4c57-97a2-5cd4c11c849c
2026-04-23 14:54:07.725 10 INFO neutron.plugins.ml2.plugin [None req-117940a6-ba25-48aa-a1cf-208b600c52af - - - - - -] Attempt 1 to provision port c87aca9d-1575-4c57-97a2-5cd4c11c849c
2026-04-23 14:54:07.906 10 INFO neutron.notifiers.nova [-] Nova event matching ['req-68e0a87a-b8ec-42d2-81dd-9c95f33862d9'] response: {'server_uuid': 'ae0aa36e-18f1-4032-b1fe-c5296f3cca5d', 'name': 'network-vif-plugged', 'status': 'completed', 'tag': 'c87aca9d-1575-4c57-97a2-5cd4c11c849c', 'code': 200}
2026-04-23 14:54:09.687 9 INFO neutron.plugins.ml2.plugin [None req-117940a6-ba25-48aa-a1cf-208b600c52af - - - - - -] Attempt 1 to provision port c87aca9d-1575-4c57-97a2-5cd4c11c849c
2026-04-23 14:54:30.409 10 INFO neutron.plugins.ml2.plugin [None req-3f81ea8b-c2d4-4b98-ab38-edda38ce3597 - - - - - -] Attempt 1 to provision port f527e031-4088-45d1-b55a-e5105822dfdc
2026-04-23 14:54:33.921 9 INFO neutron.plugins.ml2.plugin [None req-117940a6-ba25-48aa-a1cf-208b600c52af - - - - - -] Attempt 1 to provision port f527e031-4088-45d1-b55a-e5105822dfdc
2026-04-23 14:54:34.097 9 INFO neutron.notifiers.nova [-] Nova event matching ['req-d2e4585b-55de-425a-8ca8-9269d59adac9'] response: {'server_uuid': 'ae0aa36e-18f1-4032-b1fe-c5296f3cca5d', 'name': 'network-vif-plugged', 'status': 'completed', 'tag': 'f527e031-4088-45d1-b55a-e5105822dfdc', 'code': 200}
2026-04-23 14:54:35.701 10 INFO neutron.plugins.ml2.plugin [None req-117940a6-ba25-48aa-a1cf-208b600c52af - - - - - -] Attempt 1 to provision port f527e031-4088-45d1-b55a-e5105822dfdc
2026-04-23 14:54:41.155 9 INFO neutron.plugins.ml2.plugin [None req-946eca34-e03b-4995-b50e-bd4ba8438925 - - - - - -] Attempt 1 to provision port 193571ba-b232-464c-92af-e98f25127542
2026-04-23 14:54:44.024 9 INFO neutron.plugins.ml2.plugin [None req-379d1967-21ef-4321-be79-9baf9ee4b3cc - - - - - -] Attempt 1 to provision port 193571ba-b232-464c-92af-e98f25127542
2026-04-23 14:54:44.125 9 INFO neutron.notifiers.nova [-] Nova event matching ['req-d1f10ffd-6971-40df-9d72-89651633e4fb'] response: {'server_uuid': 'ae0aa36e-18f1-4032-b1fe-c5296f3cca5d', 'name': 'network-vif-plugged', 'status': 'completed', 'tag': '193571ba-b232-464c-92af-e98f25127542', 'code': 200}
2026-04-23 14:54:45.745 10 INFO neutron.plugins.ml2.plugin [None req-117940a6-ba25-48aa-a1cf-208b600c52af - - - - - -] Attempt 1 to provision port 193571ba-b232-464c-92af-e98f25127542
2026-04-23 14:54:54.788 9 INFO neutron.plugins.ml2.plugin [None req-be2263ac-4314-4310-98f6-23481b9ff54d - - - - - -] Attempt 1 to provision port 193571ba-b232-464c-92af-e98f25127542
2026-04-23 14:55:00.219 9 INFO neutron.plugins.ml2.plugin [None req-abe71575-3012-4e10-82b7-89af02c469d5 - - - - - -] Attempt 1 to provision port f527e031-4088-45d1-b55a-e5105822dfdc
2026-04-23 14:55:44.351 9 INFO neutron.plugins.ml2.plugin [None req-d2745ed5-3c13-4ffc-9b34-58d86a5580ad - - - - - -] Attempt 1 to provision port 0af87a3b-0942-4f5a-b686-9b2f357698a4 /var/lib/openstack/lib/python3.10/site-packages/oslo_db/sqlalchemy/enginefacade.py:676: SAWarning: DELETE statement on table 'portsecuritybindings' expected to delete 1 row(s); 0 were matched. Please set confirm_deleted_rows=False within the mapper configuration to prevent this warning. self.session.flush() /var/lib/openstack/lib/python3.10/site-packages/oslo_db/sqlalchemy/enginefacade.py:676: SAWarning: DELETE statement on table 'ml2_port_bindings' expected to delete 1 row(s); 0 were matched. Please set confirm_deleted_rows=False within the mapper configuration to prevent this warning. self.session.flush() /var/lib/openstack/lib/python3.10/site-packages/oslo_db/sqlalchemy/enginefacade.py:676: SAWarning: DELETE statement on table 'ml2_port_binding_levels' expected to delete 1 row(s); 0 were matched. Please set confirm_deleted_rows=False within the mapper configuration to prevent this warning. self.session.flush() /var/lib/openstack/lib/python3.10/site-packages/oslo_db/sqlalchemy/enginefacade.py:676: SAWarning: DELETE statement on table 'ports' expected to delete 1 row(s); 0 were matched. Please set confirm_deleted_rows=False within the mapper configuration to prevent this warning. self.session.flush()