Jun 08 08:01:14.415590 np0000178848 systemd[1]: Starting devstack@n-api-meta.service - Devstack devstack@n-api-meta.service...
Jun 08 08:01:14.425995 np0000178848 devstack@n-api-meta.service[108529]: [uWSGI] getting INI configuration from /etc/nova/nova-metadata-uwsgi.ini
Jun 08 08:01:14.429442 np0000178848 devstack@n-api-meta.service[108529]: *** Starting uWSGI 2.0.24-debian (64bit) on [Mon Jun 8 08:01:14 2026] ***
Jun 08 08:01:14.429442 np0000178848 devstack@n-api-meta.service[108529]: compiled with version: 13.2.0 on 17 April 2024 16:23:48
Jun 08 08:01:14.429442 np0000178848 devstack@n-api-meta.service[108529]: os: Linux-6.8.0-124-generic #124-Ubuntu SMP PREEMPT_DYNAMIC Tue May 26 13:00:45 UTC 2026
Jun 08 08:01:14.429442 np0000178848 devstack@n-api-meta.service[108529]: nodename: np0000178848
Jun 08 08:01:14.429442 np0000178848 devstack@n-api-meta.service[108529]: machine: x86_64
Jun 08 08:01:14.429442 np0000178848 devstack@n-api-meta.service[108529]: clock source: unix
Jun 08 08:01:14.429442 np0000178848 devstack@n-api-meta.service[108529]: pcre jit disabled
Jun 08 08:01:14.429442 np0000178848 devstack@n-api-meta.service[108529]: detected number of CPU cores: 16
Jun 08 08:01:14.429442 np0000178848 devstack@n-api-meta.service[108529]: current working directory: /
Jun 08 08:01:14.429442 np0000178848 devstack@n-api-meta.service[108529]: detected binary path: /usr/bin/uwsgi-core
Jun 08 08:01:14.429442 np0000178848 devstack@n-api-meta.service[108529]: your processes number limit is 256917
Jun 08 08:01:14.429442 np0000178848 devstack@n-api-meta.service[108529]: your memory page size is 4096 bytes
Jun 08 08:01:14.429442 np0000178848 devstack@n-api-meta.service[108529]: detected max file descriptor number: 2048
Jun 08 08:01:14.429442 np0000178848 devstack@n-api-meta.service[108529]: lock engine: pthread robust mutexes
Jun 08 08:01:14.430203 np0000178848 devstack@n-api-meta.service[108529]: thunder lock: enabled
Jun 08 08:01:14.430203 np0000178848 devstack@n-api-meta.service[108529]: uWSGI http bound on 0.0.0.0:8775 fd 5
Jun 08 08:01:14.430203 np0000178848 devstack@n-api-meta.service[108529]: uwsgi socket 0 bound to TCP address 127.0.0.1:34859 (port auto-assigned) fd 4
Jun 08 08:01:14.430203 np0000178848 devstack@n-api-meta.service[108529]: Python version: 3.12.3 (main, Mar 23 2026, 19:04:32) [GCC 13.3.0]
Jun 08 08:01:14.430203 np0000178848 devstack@n-api-meta.service[108529]: PEP 405 virtualenv detected: /opt/stack/data/venv
Jun 08 08:01:14.430203 np0000178848 devstack@n-api-meta.service[108529]: Set PythonHome to /opt/stack/data/venv
Jun 08 08:01:14.463404 np0000178848 devstack@n-api-meta.service[108529]: Python main interpreter initialized at 0x7f46948a3668
Jun 08 08:01:14.463404 np0000178848 devstack@n-api-meta.service[108529]: python threads support enabled
Jun 08 08:01:14.463404 np0000178848 devstack@n-api-meta.service[108529]: your server socket listen backlog is limited to 100 connections
Jun 08 08:01:14.463404 np0000178848 devstack@n-api-meta.service[108529]: your mercy for graceful operations on workers is 80 seconds
Jun 08 08:01:14.463881 np0000178848 devstack@n-api-meta.service[108529]: mapped 671795 bytes (656 KB) for 4 cores
Jun 08 08:01:14.464480 np0000178848 devstack@n-api-meta.service[108529]: *** Operational MODE: preforking ***
Jun 08 08:01:14.464480 np0000178848 devstack@n-api-meta.service[108529]: *** uWSGI is running in multiple interpreter mode ***
Jun 08 08:01:14.464480 np0000178848 devstack@n-api-meta.service[108529]: spawned uWSGI master process (pid: 108529)
Jun 08 08:01:14.464306 np0000178848 systemd[1]: Started devstack@n-api-meta.service - Devstack devstack@n-api-meta.service.
Jun 08 08:01:14.464828 np0000178848 devstack@n-api-meta.service[108529]: spawned uWSGI worker 1 (pid: 108530, cores: 1)
Jun 08 08:01:14.465211 np0000178848 devstack@n-api-meta.service[108529]: spawned uWSGI worker 2 (pid: 108531, cores: 1)
Jun 08 08:01:14.465658 np0000178848 devstack@n-api-meta.service[108529]: spawned uWSGI worker 3 (pid: 108532, cores: 1)
Jun 08 08:01:14.466132 np0000178848 devstack@n-api-meta.service[108529]: spawned uWSGI worker 4 (pid: 108533, cores: 1)
Jun 08 08:01:14.466624 np0000178848 devstack@n-api-meta.service[108529]: spawned uWSGI http 1 (pid: 108534)
Jun 08 08:01:14.466624 np0000178848 devstack@n-api-meta.service[108529]: running "unix_signal:15 gracefully_kill_them_all" (master-start)...
Jun 08 08:01:16.064140 np0000178848 devstack@n-api-meta.service[108533]: INFO dbcounter [None req-feecb7b9-9047-41de-bd8a-ce37b314f685 None None] Registered counter for database nova_api
Jun 08 08:01:16.094230 np0000178848 devstack@n-api-meta.service[108532]: INFO dbcounter [None req-e31246c2-3016-4e80-aa8b-2e75487732a6 None None] Registered counter for database nova_api
Jun 08 08:01:16.110462 np0000178848 devstack@n-api-meta.service[108530]: INFO dbcounter [None req-69ae2a6a-9350-480b-aaf1-c59beb65f6fc None None] Registered counter for database nova_api
Jun 08 08:01:16.110927 np0000178848 devstack@n-api-meta.service[108533]: DEBUG oslo_db.sqlalchemy.engines [None req-feecb7b9-9047-41de-bd8a-ce37b314f685 None None] MySQL server mode set to STRICT_TRANS_TABLES,STRICT_ALL_TABLES,NO_ZERO_IN_DATE,NO_ZERO_DATE,ERROR_FOR_DIVISION_BY_ZERO,TRADITIONAL,NO_ENGINE_SUBSTITUTION {{(pid=108533) _check_effective_sql_mode /opt/stack/data/venv/lib/python3.12/site-packages/oslo_db/sqlalchemy/engines.py:325}}
Jun 08 08:01:16.144065 np0000178848 devstack@n-api-meta.service[108532]: DEBUG oslo_db.sqlalchemy.engines [None req-e31246c2-3016-4e80-aa8b-2e75487732a6 None None] MySQL server mode set to STRICT_TRANS_TABLES,STRICT_ALL_TABLES,NO_ZERO_IN_DATE,NO_ZERO_DATE,ERROR_FOR_DIVISION_BY_ZERO,TRADITIONAL,NO_ENGINE_SUBSTITUTION {{(pid=108532) _check_effective_sql_mode /opt/stack/data/venv/lib/python3.12/site-packages/oslo_db/sqlalchemy/engines.py:325}}
Jun 08 08:01:16.145582 np0000178848 devstack@n-api-meta.service[108533]: DEBUG dbcounter [-] [108533] Writer thread running {{(pid=108533) stat_writer /opt/stack/data/venv/lib/python3.12/site-packages/dbcounter.py:102}}
Jun 08 08:01:16.146872 np0000178848 devstack@n-api-meta.service[108531]: INFO dbcounter [None req-7404553a-fdb8-4ced-8ef4-53a97c0dfd14 None None] Registered counter for database nova_api
Jun 08 08:01:16.147862 np0000178848 devstack@n-api-meta.service[108533]: DEBUG nova.context [None req-feecb7b9-9047-41de-bd8a-ce37b314f685 None None] Found 2 cells: 00000000-0000-0000-0000-000000000000(cell0),e2f8c08d-dd60-4fb8-84f4-12371dacdba9(cell1) {{(pid=108533) load_cells /opt/stack/nova/nova/context.py:509}}
Jun 08 08:01:16.148094 np0000178848 devstack@n-api-meta.service[108533]: INFO nova.utils [None req-feecb7b9-9047-41de-bd8a-ce37b314f685 None None] The cell worker thread pool MainProcess.cell_worker is initialized
Jun 08 08:01:16.149738 np0000178848 devstack@n-api-meta.service[108533]: DEBUG oslo_concurrency.lockutils [None req-feecb7b9-9047-41de-bd8a-ce37b314f685 None None] Acquiring lock "00000000-0000-0000-0000-000000000000" by "nova.context.set_target_cell..get_or_set_cached_cell_and_set_connections" {{(pid=108533) inner /opt/stack/data/venv/lib/python3.12/site-packages/oslo_concurrency/lockutils.py:511}}
Jun 08 08:01:16.149897 np0000178848 devstack@n-api-meta.service[108533]: DEBUG oslo_concurrency.lockutils [None req-feecb7b9-9047-41de-bd8a-ce37b314f685 None None] Lock "00000000-0000-0000-0000-000000000000" acquired by "nova.context.set_target_cell..get_or_set_cached_cell_and_set_connections" :: waited 0.000s {{(pid=108533) inner /opt/stack/data/venv/lib/python3.12/site-packages/oslo_concurrency/lockutils.py:524}}
Jun 08 08:01:16.150238 np0000178848 devstack@n-api-meta.service[108533]: DEBUG oslo_concurrency.lockutils [None req-feecb7b9-9047-41de-bd8a-ce37b314f685 None None] Lock "00000000-0000-0000-0000-000000000000" "released" by "nova.context.set_target_cell..get_or_set_cached_cell_and_set_connections" :: held 0.000s {{(pid=108533) inner /opt/stack/data/venv/lib/python3.12/site-packages/oslo_concurrency/lockutils.py:543}}
Jun 08 08:01:16.151005 np0000178848 devstack@n-api-meta.service[108533]: DEBUG oslo_concurrency.lockutils [None req-feecb7b9-9047-41de-bd8a-ce37b314f685 None None] Acquiring lock "e2f8c08d-dd60-4fb8-84f4-12371dacdba9" by "nova.context.set_target_cell..get_or_set_cached_cell_and_set_connections" {{(pid=108533) inner /opt/stack/data/venv/lib/python3.12/site-packages/oslo_concurrency/lockutils.py:511}}
Jun 08 08:01:16.151143 np0000178848 devstack@n-api-meta.service[108533]: DEBUG oslo_concurrency.lockutils [None req-feecb7b9-9047-41de-bd8a-ce37b314f685 None None] Lock "e2f8c08d-dd60-4fb8-84f4-12371dacdba9" acquired by "nova.context.set_target_cell..get_or_set_cached_cell_and_set_connections" :: waited 0.000s {{(pid=108533) inner /opt/stack/data/venv/lib/python3.12/site-packages/oslo_concurrency/lockutils.py:524}}
Jun 08 08:01:16.151969 np0000178848 devstack@n-api-meta.service[108533]: DEBUG oslo_concurrency.lockutils [None req-feecb7b9-9047-41de-bd8a-ce37b314f685 None None] Lock "e2f8c08d-dd60-4fb8-84f4-12371dacdba9" "released" by "nova.context.set_target_cell..get_or_set_cached_cell_and_set_connections" :: held 0.001s {{(pid=108533) inner /opt/stack/data/venv/lib/python3.12/site-packages/oslo_concurrency/lockutils.py:543}}
Jun 08 08:01:16.155337 np0000178848 devstack@n-api-meta.service[108533]: INFO dbcounter [None req-feecb7b9-9047-41de-bd8a-ce37b314f685 None None] Registered counter for database nova_cell0
Jun 08 08:01:16.159399 np0000178848 devstack@n-api-meta.service[108533]: INFO dbcounter [None req-feecb7b9-9047-41de-bd8a-ce37b314f685 None None] Registered counter for database nova_cell1
Jun 08 08:01:16.162261 np0000178848 devstack@n-api-meta.service[108530]: DEBUG oslo_db.sqlalchemy.engines [None req-69ae2a6a-9350-480b-aaf1-c59beb65f6fc None None] MySQL server mode set to STRICT_TRANS_TABLES,STRICT_ALL_TABLES,NO_ZERO_IN_DATE,NO_ZERO_DATE,ERROR_FOR_DIVISION_BY_ZERO,TRADITIONAL,NO_ENGINE_SUBSTITUTION {{(pid=108530) _check_effective_sql_mode /opt/stack/data/venv/lib/python3.12/site-packages/oslo_db/sqlalchemy/engines.py:325}}
Jun 08 08:01:16.179383 np0000178848 devstack@n-api-meta.service[108532]: DEBUG dbcounter [-] [108532] Writer thread running {{(pid=108532) stat_writer /opt/stack/data/venv/lib/python3.12/site-packages/dbcounter.py:102}}
Jun 08 08:01:16.181867 np0000178848 devstack@n-api-meta.service[108532]: DEBUG nova.context [None req-e31246c2-3016-4e80-aa8b-2e75487732a6 None None] Found 2 cells: 00000000-0000-0000-0000-000000000000(cell0),e2f8c08d-dd60-4fb8-84f4-12371dacdba9(cell1) {{(pid=108532) load_cells /opt/stack/nova/nova/context.py:509}}
Jun 08 08:01:16.182089 np0000178848 devstack@n-api-meta.service[108532]: INFO nova.utils [None req-e31246c2-3016-4e80-aa8b-2e75487732a6 None None] The cell worker thread pool MainProcess.cell_worker is initialized
Jun 08 08:01:16.184386 np0000178848 devstack@n-api-meta.service[108532]: DEBUG oslo_concurrency.lockutils [None req-e31246c2-3016-4e80-aa8b-2e75487732a6 None None] Acquiring lock "00000000-0000-0000-0000-000000000000" by "nova.context.set_target_cell..get_or_set_cached_cell_and_set_connections" {{(pid=108532) inner /opt/stack/data/venv/lib/python3.12/site-packages/oslo_concurrency/lockutils.py:511}}
Jun 08 08:01:16.184386 np0000178848 devstack@n-api-meta.service[108532]: DEBUG oslo_concurrency.lockutils [None req-e31246c2-3016-4e80-aa8b-2e75487732a6 None None] Lock "00000000-0000-0000-0000-000000000000" acquired by "nova.context.set_target_cell..get_or_set_cached_cell_and_set_connections" :: waited 0.000s {{(pid=108532) inner /opt/stack/data/venv/lib/python3.12/site-packages/oslo_concurrency/lockutils.py:524}}
Jun 08 08:01:16.184386 np0000178848 devstack@n-api-meta.service[108532]: DEBUG oslo_concurrency.lockutils [None req-e31246c2-3016-4e80-aa8b-2e75487732a6 None None] Lock "00000000-0000-0000-0000-000000000000" "released" by "nova.context.set_target_cell..get_or_set_cached_cell_and_set_connections" :: held 0.000s {{(pid=108532) inner /opt/stack/data/venv/lib/python3.12/site-packages/oslo_concurrency/lockutils.py:543}}
Jun 08 08:01:16.185215 np0000178848 devstack@n-api-meta.service[108532]: DEBUG oslo_concurrency.lockutils [None req-e31246c2-3016-4e80-aa8b-2e75487732a6 None None] Acquiring lock "e2f8c08d-dd60-4fb8-84f4-12371dacdba9" by "nova.context.set_target_cell..get_or_set_cached_cell_and_set_connections" {{(pid=108532) inner /opt/stack/data/venv/lib/python3.12/site-packages/oslo_concurrency/lockutils.py:511}}
Jun 08 08:01:16.185356 np0000178848 devstack@n-api-meta.service[108532]: DEBUG oslo_concurrency.lockutils [None req-e31246c2-3016-4e80-aa8b-2e75487732a6 None None] Lock "e2f8c08d-dd60-4fb8-84f4-12371dacdba9" acquired by "nova.context.set_target_cell..get_or_set_cached_cell_and_set_connections" :: waited 0.000s {{(pid=108532) inner /opt/stack/data/venv/lib/python3.12/site-packages/oslo_concurrency/lockutils.py:524}}
Jun 08 08:01:16.186203 np0000178848 devstack@n-api-meta.service[108532]: DEBUG oslo_concurrency.lockutils [None req-e31246c2-3016-4e80-aa8b-2e75487732a6 None None] Lock "e2f8c08d-dd60-4fb8-84f4-12371dacdba9" "released" by "nova.context.set_target_cell..get_or_set_cached_cell_and_set_connections" :: held 0.001s {{(pid=108532) inner /opt/stack/data/venv/lib/python3.12/site-packages/oslo_concurrency/lockutils.py:543}}
Jun 08 08:01:16.189708 np0000178848 devstack@n-api-meta.service[108532]: INFO dbcounter [None req-e31246c2-3016-4e80-aa8b-2e75487732a6 None None] Registered counter for database nova_cell0
Jun 08 08:01:16.196708 np0000178848 devstack@n-api-meta.service[108531]: DEBUG oslo_db.sqlalchemy.engines [None req-7404553a-fdb8-4ced-8ef4-53a97c0dfd14 None None] MySQL server mode set to STRICT_TRANS_TABLES,STRICT_ALL_TABLES,NO_ZERO_IN_DATE,NO_ZERO_DATE,ERROR_FOR_DIVISION_BY_ZERO,TRADITIONAL,NO_ENGINE_SUBSTITUTION {{(pid=108531) _check_effective_sql_mode /opt/stack/data/venv/lib/python3.12/site-packages/oslo_db/sqlalchemy/engines.py:325}}
Jun 08 08:01:16.197200 np0000178848 devstack@n-api-meta.service[108530]: DEBUG dbcounter [-] [108530] Writer thread running {{(pid=108530) stat_writer /opt/stack/data/venv/lib/python3.12/site-packages/dbcounter.py:102}}
Jun 08 08:01:16.199478 np0000178848 devstack@n-api-meta.service[108530]: DEBUG nova.context [None req-69ae2a6a-9350-480b-aaf1-c59beb65f6fc None None] Found 2 cells: 00000000-0000-0000-0000-000000000000(cell0),e2f8c08d-dd60-4fb8-84f4-12371dacdba9(cell1) {{(pid=108530) load_cells /opt/stack/nova/nova/context.py:509}}
Jun 08 08:01:16.199709 np0000178848 devstack@n-api-meta.service[108530]: INFO nova.utils [None req-69ae2a6a-9350-480b-aaf1-c59beb65f6fc None None] The cell worker thread pool MainProcess.cell_worker is initialized
Jun 08 08:01:16.201491 np0000178848 devstack@n-api-meta.service[108530]: DEBUG oslo_concurrency.lockutils [None req-69ae2a6a-9350-480b-aaf1-c59beb65f6fc None None] Acquiring lock "00000000-0000-0000-0000-000000000000" by "nova.context.set_target_cell..get_or_set_cached_cell_and_set_connections" {{(pid=108530) inner /opt/stack/data/venv/lib/python3.12/site-packages/oslo_concurrency/lockutils.py:511}}
Jun 08 08:01:16.201659 np0000178848 devstack@n-api-meta.service[108530]: DEBUG oslo_concurrency.lockutils [None req-69ae2a6a-9350-480b-aaf1-c59beb65f6fc None None] Lock "00000000-0000-0000-0000-000000000000" acquired by "nova.context.set_target_cell..get_or_set_cached_cell_and_set_connections" :: waited 0.000s {{(pid=108530) inner /opt/stack/data/venv/lib/python3.12/site-packages/oslo_concurrency/lockutils.py:524}}
Jun 08 08:01:16.202035 np0000178848 devstack@n-api-meta.service[108530]: DEBUG oslo_concurrency.lockutils [None req-69ae2a6a-9350-480b-aaf1-c59beb65f6fc None None] Lock "00000000-0000-0000-0000-000000000000" "released" by "nova.context.set_target_cell..get_or_set_cached_cell_and_set_connections" :: held 0.000s {{(pid=108530) inner /opt/stack/data/venv/lib/python3.12/site-packages/oslo_concurrency/lockutils.py:543}}
Jun 08 08:01:16.202690 np0000178848 devstack@n-api-meta.service[108530]: DEBUG oslo_concurrency.lockutils [None req-69ae2a6a-9350-480b-aaf1-c59beb65f6fc None None] Acquiring lock "e2f8c08d-dd60-4fb8-84f4-12371dacdba9" by "nova.context.set_target_cell..get_or_set_cached_cell_and_set_connections" {{(pid=108530) inner /opt/stack/data/venv/lib/python3.12/site-packages/oslo_concurrency/lockutils.py:511}}
Jun 08 08:01:16.202837 np0000178848 devstack@n-api-meta.service[108530]: DEBUG oslo_concurrency.lockutils [None req-69ae2a6a-9350-480b-aaf1-c59beb65f6fc None None] Lock "e2f8c08d-dd60-4fb8-84f4-12371dacdba9" acquired by "nova.context.set_target_cell..get_or_set_cached_cell_and_set_connections" :: waited 0.000s {{(pid=108530) inner /opt/stack/data/venv/lib/python3.12/site-packages/oslo_concurrency/lockutils.py:524}}
Jun 08 08:01:16.203886 np0000178848 devstack@n-api-meta.service[108530]: DEBUG oslo_concurrency.lockutils [None req-69ae2a6a-9350-480b-aaf1-c59beb65f6fc None None] Lock "e2f8c08d-dd60-4fb8-84f4-12371dacdba9" "released" by "nova.context.set_target_cell..get_or_set_cached_cell_and_set_connections" :: held 0.001s {{(pid=108530) inner /opt/stack/data/venv/lib/python3.12/site-packages/oslo_concurrency/lockutils.py:543}}
Jun 08 08:01:16.206791 np0000178848 devstack@n-api-meta.service[108530]: INFO dbcounter [None req-69ae2a6a-9350-480b-aaf1-c59beb65f6fc None None] Registered counter for database nova_cell0
Jun 08 08:01:16.212561 np0000178848 devstack@n-api-meta.service[108530]: INFO dbcounter [None req-69ae2a6a-9350-480b-aaf1-c59beb65f6fc None None] Registered counter for database nova_cell1
Jun 08 08:01:16.226562 np0000178848 devstack@n-api-meta.service[108531]: DEBUG dbcounter [-] [108531] Writer thread running {{(pid=108531) stat_writer /opt/stack/data/venv/lib/python3.12/site-packages/dbcounter.py:102}}
Jun 08 08:01:16.229023 np0000178848 devstack@n-api-meta.service[108531]: DEBUG nova.context [None req-7404553a-fdb8-4ced-8ef4-53a97c0dfd14 None None] Found 2 cells: 00000000-0000-0000-0000-000000000000(cell0),e2f8c08d-dd60-4fb8-84f4-12371dacdba9(cell1) {{(pid=108531) load_cells /opt/stack/nova/nova/context.py:509}}
Jun 08 08:01:16.229241 np0000178848 devstack@n-api-meta.service[108531]: INFO nova.utils [None req-7404553a-fdb8-4ced-8ef4-53a97c0dfd14 None None] The cell worker thread pool MainProcess.cell_worker is initialized
Jun 08 08:01:16.230967 np0000178848 devstack@n-api-meta.service[108531]: DEBUG oslo_concurrency.lockutils [None req-7404553a-fdb8-4ced-8ef4-53a97c0dfd14 None None] Acquiring lock "00000000-0000-0000-0000-000000000000" by "nova.context.set_target_cell..get_or_set_cached_cell_and_set_connections" {{(pid=108531) inner /opt/stack/data/venv/lib/python3.12/site-packages/oslo_concurrency/lockutils.py:511}}
Jun 08 08:01:16.231134 np0000178848 devstack@n-api-meta.service[108531]: DEBUG oslo_concurrency.lockutils [None req-7404553a-fdb8-4ced-8ef4-53a97c0dfd14 None None] Lock "00000000-0000-0000-0000-000000000000" acquired by "nova.context.set_target_cell..get_or_set_cached_cell_and_set_connections" :: waited 0.000s {{(pid=108531) inner /opt/stack/data/venv/lib/python3.12/site-packages/oslo_concurrency/lockutils.py:524}}
Jun 08 08:01:16.231479 np0000178848 devstack@n-api-meta.service[108531]: DEBUG oslo_concurrency.lockutils [None req-7404553a-fdb8-4ced-8ef4-53a97c0dfd14 None None] Lock "00000000-0000-0000-0000-000000000000" "released" by "nova.context.set_target_cell..get_or_set_cached_cell_and_set_connections" :: held 0.000s {{(pid=108531) inner /opt/stack/data/venv/lib/python3.12/site-packages/oslo_concurrency/lockutils.py:543}}
Jun 08 08:01:16.231953 np0000178848 devstack@n-api-meta.service[108532]: INFO dbcounter [None req-e31246c2-3016-4e80-aa8b-2e75487732a6 None None] Registered counter for database nova_cell1
Jun 08 08:01:16.232095 np0000178848 devstack@n-api-meta.service[108531]: DEBUG oslo_concurrency.lockutils [None req-7404553a-fdb8-4ced-8ef4-53a97c0dfd14 None None] Acquiring lock "e2f8c08d-dd60-4fb8-84f4-12371dacdba9" by "nova.context.set_target_cell..get_or_set_cached_cell_and_set_connections" {{(pid=108531) inner /opt/stack/data/venv/lib/python3.12/site-packages/oslo_concurrency/lockutils.py:511}}
Jun 08 08:01:16.232230 np0000178848 devstack@n-api-meta.service[108531]: DEBUG oslo_concurrency.lockutils [None req-7404553a-fdb8-4ced-8ef4-53a97c0dfd14 None None] Lock "e2f8c08d-dd60-4fb8-84f4-12371dacdba9" acquired by "nova.context.set_target_cell..get_or_set_cached_cell_and_set_connections" :: waited 0.000s {{(pid=108531) inner /opt/stack/data/venv/lib/python3.12/site-packages/oslo_concurrency/lockutils.py:524}}
Jun 08 08:01:16.233077 np0000178848 devstack@n-api-meta.service[108531]: DEBUG oslo_concurrency.lockutils [None req-7404553a-fdb8-4ced-8ef4-53a97c0dfd14 None None] Lock "e2f8c08d-dd60-4fb8-84f4-12371dacdba9" "released" by "nova.context.set_target_cell..get_or_set_cached_cell_and_set_connections" :: held 0.001s {{(pid=108531) inner /opt/stack/data/venv/lib/python3.12/site-packages/oslo_concurrency/lockutils.py:543}}
Jun 08 08:01:16.235213 np0000178848 devstack@n-api-meta.service[108531]: INFO dbcounter [None req-7404553a-fdb8-4ced-8ef4-53a97c0dfd14 None None] Registered counter for database nova_cell0
Jun 08 08:01:16.240251 np0000178848 devstack@n-api-meta.service[108533]: DEBUG oslo_db.sqlalchemy.engines [None req-feecb7b9-9047-41de-bd8a-ce37b314f685 None None] MySQL server mode set to STRICT_TRANS_TABLES,STRICT_ALL_TABLES,NO_ZERO_IN_DATE,NO_ZERO_DATE,ERROR_FOR_DIVISION_BY_ZERO,TRADITIONAL,NO_ENGINE_SUBSTITUTION {{(pid=108533) _check_effective_sql_mode /opt/stack/data/venv/lib/python3.12/site-packages/oslo_db/sqlalchemy/engines.py:325}}
Jun 08 08:01:16.240643 np0000178848 devstack@n-api-meta.service[108531]: INFO dbcounter [None req-7404553a-fdb8-4ced-8ef4-53a97c0dfd14 None None] Registered counter for database nova_cell1
Jun 08 08:01:16.250089 np0000178848 devstack@n-api-meta.service[108532]: DEBUG oslo_db.sqlalchemy.engines [None req-e31246c2-3016-4e80-aa8b-2e75487732a6 None None] MySQL server mode set to STRICT_TRANS_TABLES,STRICT_ALL_TABLES,NO_ZERO_IN_DATE,NO_ZERO_DATE,ERROR_FOR_DIVISION_BY_ZERO,TRADITIONAL,NO_ENGINE_SUBSTITUTION {{(pid=108532) _check_effective_sql_mode /opt/stack/data/venv/lib/python3.12/site-packages/oslo_db/sqlalchemy/engines.py:325}}
Jun 08 08:01:16.250377 np0000178848 devstack@n-api-meta.service[108533]: DEBUG oslo_db.sqlalchemy.engines [None req-feecb7b9-9047-41de-bd8a-ce37b314f685 None None] MySQL server mode set to STRICT_TRANS_TABLES,STRICT_ALL_TABLES,NO_ZERO_IN_DATE,NO_ZERO_DATE,ERROR_FOR_DIVISION_BY_ZERO,TRADITIONAL,NO_ENGINE_SUBSTITUTION {{(pid=108533) _check_effective_sql_mode /opt/stack/data/venv/lib/python3.12/site-packages/oslo_db/sqlalchemy/engines.py:325}}
Jun 08 08:01:16.272423 np0000178848 devstack@n-api-meta.service[108530]: DEBUG oslo_db.sqlalchemy.engines [None req-69ae2a6a-9350-480b-aaf1-c59beb65f6fc None None] MySQL server mode set to STRICT_TRANS_TABLES,STRICT_ALL_TABLES,NO_ZERO_IN_DATE,NO_ZERO_DATE,ERROR_FOR_DIVISION_BY_ZERO,TRADITIONAL,NO_ENGINE_SUBSTITUTION {{(pid=108530) _check_effective_sql_mode /opt/stack/data/venv/lib/python3.12/site-packages/oslo_db/sqlalchemy/engines.py:325}}
Jun 08 08:01:16.277611 np0000178848 devstack@n-api-meta.service[108530]: DEBUG oslo_db.sqlalchemy.engines [None req-69ae2a6a-9350-480b-aaf1-c59beb65f6fc None None] MySQL server mode set to STRICT_TRANS_TABLES,STRICT_ALL_TABLES,NO_ZERO_IN_DATE,NO_ZERO_DATE,ERROR_FOR_DIVISION_BY_ZERO,TRADITIONAL,NO_ENGINE_SUBSTITUTION {{(pid=108530) _check_effective_sql_mode /opt/stack/data/venv/lib/python3.12/site-packages/oslo_db/sqlalchemy/engines.py:325}}
Jun 08 08:01:16.305482 np0000178848 devstack@n-api-meta.service[108531]: DEBUG oslo_db.sqlalchemy.engines [None req-7404553a-fdb8-4ced-8ef4-53a97c0dfd14 None None] MySQL server mode set to STRICT_TRANS_TABLES,STRICT_ALL_TABLES,NO_ZERO_IN_DATE,NO_ZERO_DATE,ERROR_FOR_DIVISION_BY_ZERO,TRADITIONAL,NO_ENGINE_SUBSTITUTION {{(pid=108531) _check_effective_sql_mode /opt/stack/data/venv/lib/python3.12/site-packages/oslo_db/sqlalchemy/engines.py:325}}
Jun 08 08:01:16.312023 np0000178848 devstack@n-api-meta.service[108531]: DEBUG oslo_db.sqlalchemy.engines [None req-7404553a-fdb8-4ced-8ef4-53a97c0dfd14 None None] MySQL server mode set to STRICT_TRANS_TABLES,STRICT_ALL_TABLES,NO_ZERO_IN_DATE,NO_ZERO_DATE,ERROR_FOR_DIVISION_BY_ZERO,TRADITIONAL,NO_ENGINE_SUBSTITUTION {{(pid=108531) _check_effective_sql_mode /opt/stack/data/venv/lib/python3.12/site-packages/oslo_db/sqlalchemy/engines.py:325}}
Jun 08 08:01:16.330367 np0000178848 devstack@n-api-meta.service[108533]: DEBUG dbcounter [-] [108533] Writer thread running {{(pid=108533) stat_writer /opt/stack/data/venv/lib/python3.12/site-packages/dbcounter.py:102}}
Jun 08 08:01:16.340034 np0000178848 devstack@n-api-meta.service[108533]: DEBUG dbcounter [-] [108533] Writer thread running {{(pid=108533) stat_writer /opt/stack/data/venv/lib/python3.12/site-packages/dbcounter.py:102}}
Jun 08 08:01:16.347050 np0000178848 devstack@n-api-meta.service[108532]: DEBUG dbcounter [-] [108532] Writer thread running {{(pid=108532) stat_writer /opt/stack/data/venv/lib/python3.12/site-packages/dbcounter.py:102}}
Jun 08 08:01:16.350297 np0000178848 devstack@n-api-meta.service[108533]: INFO dbcounter [None req-feecb7b9-9047-41de-bd8a-ce37b314f685 None None] Registered counter for database nova_cell0
Jun 08 08:01:16.355449 np0000178848 devstack@n-api-meta.service[108532]: DEBUG oslo_db.sqlalchemy.engines [None req-e31246c2-3016-4e80-aa8b-2e75487732a6 None None] MySQL server mode set to STRICT_TRANS_TABLES,STRICT_ALL_TABLES,NO_ZERO_IN_DATE,NO_ZERO_DATE,ERROR_FOR_DIVISION_BY_ZERO,TRADITIONAL,NO_ENGINE_SUBSTITUTION {{(pid=108532) _check_effective_sql_mode /opt/stack/data/venv/lib/python3.12/site-packages/oslo_db/sqlalchemy/engines.py:325}}
Jun 08 08:01:16.364339 np0000178848 devstack@n-api-meta.service[108532]: DEBUG dbcounter [-] [108532] Writer thread running {{(pid=108532) stat_writer /opt/stack/data/venv/lib/python3.12/site-packages/dbcounter.py:102}}
Jun 08 08:01:16.368489 np0000178848 devstack@n-api-meta.service[108530]: DEBUG dbcounter [-] [108530] Writer thread running {{(pid=108530) stat_writer /opt/stack/data/venv/lib/python3.12/site-packages/dbcounter.py:102}}
Jun 08 08:01:16.369695 np0000178848 devstack@n-api-meta.service[108532]: INFO dbcounter [None req-e31246c2-3016-4e80-aa8b-2e75487732a6 None None] Registered counter for database nova_cell0
Jun 08 08:01:16.375079 np0000178848 devstack@n-api-meta.service[108530]: DEBUG dbcounter [-] [108530] Writer thread running {{(pid=108530) stat_writer /opt/stack/data/venv/lib/python3.12/site-packages/dbcounter.py:102}}
Jun 08 08:01:16.381123 np0000178848 devstack@n-api-meta.service[108530]: INFO dbcounter [None req-69ae2a6a-9350-480b-aaf1-c59beb65f6fc None None] Registered counter for database nova_cell0
Jun 08 08:01:16.395113 np0000178848 devstack@n-api-meta.service[108531]: DEBUG dbcounter [-] [108531] Writer thread running {{(pid=108531) stat_writer /opt/stack/data/venv/lib/python3.12/site-packages/dbcounter.py:102}}
Jun 08 08:01:16.399824 np0000178848 devstack@n-api-meta.service[108531]: DEBUG dbcounter [-] [108531] Writer thread running {{(pid=108531) stat_writer /opt/stack/data/venv/lib/python3.12/site-packages/dbcounter.py:102}}
Jun 08 08:01:16.403111 np0000178848 devstack@n-api-meta.service[108531]: INFO dbcounter [None req-7404553a-fdb8-4ced-8ef4-53a97c0dfd14 None None] Registered counter for database nova_cell0
Jun 08 08:01:16.404275 np0000178848 devstack@n-api-meta.service[108533]: DEBUG oslo_db.sqlalchemy.engines [None req-feecb7b9-9047-41de-bd8a-ce37b314f685 None None] MySQL server mode set to STRICT_TRANS_TABLES,STRICT_ALL_TABLES,NO_ZERO_IN_DATE,NO_ZERO_DATE,ERROR_FOR_DIVISION_BY_ZERO,TRADITIONAL,NO_ENGINE_SUBSTITUTION {{(pid=108533) _check_effective_sql_mode /opt/stack/data/venv/lib/python3.12/site-packages/oslo_db/sqlalchemy/engines.py:325}}
Jun 08 08:01:16.416042 np0000178848 devstack@n-api-meta.service[108533]: DEBUG dbcounter [-] [108533] Writer thread running {{(pid=108533) stat_writer /opt/stack/data/venv/lib/python3.12/site-packages/dbcounter.py:102}}
Jun 08 08:01:16.433148 np0000178848 devstack@n-api-meta.service[108532]: DEBUG oslo_db.sqlalchemy.engines [None req-e31246c2-3016-4e80-aa8b-2e75487732a6 None None] MySQL server mode set to STRICT_TRANS_TABLES,STRICT_ALL_TABLES,NO_ZERO_IN_DATE,NO_ZERO_DATE,ERROR_FOR_DIVISION_BY_ZERO,TRADITIONAL,NO_ENGINE_SUBSTITUTION {{(pid=108532) _check_effective_sql_mode /opt/stack/data/venv/lib/python3.12/site-packages/oslo_db/sqlalchemy/engines.py:325}}
Jun 08 08:01:16.436169 np0000178848 devstack@n-api-meta.service[108530]: DEBUG oslo_db.sqlalchemy.engines [None req-69ae2a6a-9350-480b-aaf1-c59beb65f6fc None None] MySQL server mode set to STRICT_TRANS_TABLES,STRICT_ALL_TABLES,NO_ZERO_IN_DATE,NO_ZERO_DATE,ERROR_FOR_DIVISION_BY_ZERO,TRADITIONAL,NO_ENGINE_SUBSTITUTION {{(pid=108530) _check_effective_sql_mode /opt/stack/data/venv/lib/python3.12/site-packages/oslo_db/sqlalchemy/engines.py:325}}
Jun 08 08:01:16.442152 np0000178848 devstack@n-api-meta.service[108531]: DEBUG oslo_db.sqlalchemy.engines [None req-7404553a-fdb8-4ced-8ef4-53a97c0dfd14 None None] MySQL server mode set to STRICT_TRANS_TABLES,STRICT_ALL_TABLES,NO_ZERO_IN_DATE,NO_ZERO_DATE,ERROR_FOR_DIVISION_BY_ZERO,TRADITIONAL,NO_ENGINE_SUBSTITUTION {{(pid=108531) _check_effective_sql_mode /opt/stack/data/venv/lib/python3.12/site-packages/oslo_db/sqlalchemy/engines.py:325}}
Jun 08 08:01:16.449115 np0000178848 devstack@n-api-meta.service[108532]: DEBUG dbcounter [-] [108532] Writer thread running {{(pid=108532) stat_writer /opt/stack/data/venv/lib/python3.12/site-packages/dbcounter.py:102}}
Jun 08 08:01:16.452921 np0000178848 devstack@n-api-meta.service[108531]: DEBUG dbcounter [-] [108531] Writer thread running {{(pid=108531) stat_writer /opt/stack/data/venv/lib/python3.12/site-packages/dbcounter.py:102}}
Jun 08 08:01:16.452969 np0000178848 devstack@n-api-meta.service[108530]: DEBUG dbcounter [-] [108530] Writer thread running {{(pid=108530) stat_writer /opt/stack/data/venv/lib/python3.12/site-packages/dbcounter.py:102}}
Jun 08 08:01:16.460191 np0000178848 devstack@n-api-meta.service[108533]: WARNING nova.api.metadata.handler [None req-feecb7b9-9047-41de-bd8a-ce37b314f685 None None] metadata_proxy_shared_secret is not configured, the metadata information returned by the proxy cannot be trusted
Jun 08 08:01:16.462433 np0000178848 devstack@n-api-meta.service[108533]: DEBUG nova.api.openstack.wsgi_app [None req-feecb7b9-9047-41de-bd8a-ce37b314f685 None None] ******************************************************************************** {{(pid=108533) log_opt_values /opt/stack/data/venv/lib/python3.12/site-packages/oslo_config/cfg.py:3229}}
Jun 08 08:01:16.462551 np0000178848 devstack@n-api-meta.service[108533]: DEBUG nova.api.openstack.wsgi_app [None req-feecb7b9-9047-41de-bd8a-ce37b314f685 None None] Configuration options gathered from: {{(pid=108533) log_opt_values /opt/stack/data/venv/lib/python3.12/site-packages/oslo_config/cfg.py:3230}}
Jun 08 08:01:16.462657 np0000178848 devstack@n-api-meta.service[108533]: DEBUG nova.api.openstack.wsgi_app [None req-feecb7b9-9047-41de-bd8a-ce37b314f685 None None] command line args: [] {{(pid=108533) log_opt_values /opt/stack/data/venv/lib/python3.12/site-packages/oslo_config/cfg.py:3231}}
Jun 08 08:01:16.462811 np0000178848 devstack@n-api-meta.service[108533]: DEBUG nova.api.openstack.wsgi_app [None req-feecb7b9-9047-41de-bd8a-ce37b314f685 None None] config files: ['/etc/nova/api-paste.ini', '/etc/nova/nova.conf'] {{(pid=108533) log_opt_values /opt/stack/data/venv/lib/python3.12/site-packages/oslo_config/cfg.py:3232}}
Jun 08 08:01:16.462938 np0000178848 devstack@n-api-meta.service[108533]: DEBUG nova.api.openstack.wsgi_app [None req-feecb7b9-9047-41de-bd8a-ce37b314f685 None None] ================================================================================ {{(pid=108533) log_opt_values /opt/stack/data/venv/lib/python3.12/site-packages/oslo_config/cfg.py:3237}}
Jun 08 08:01:16.463108 np0000178848 devstack@n-api-meta.service[108533]: DEBUG nova.api.openstack.wsgi_app [None req-feecb7b9-9047-41de-bd8a-ce37b314f685 None None] allow_resize_to_same_host = True {{(pid=108533) log_opt_values /opt/stack/data/venv/lib/python3.12/site-packages/oslo_config/cfg.py:3245}}
Jun 08 08:01:16.463238 np0000178848 devstack@n-api-meta.service[108533]: DEBUG nova.api.openstack.wsgi_app [None req-feecb7b9-9047-41de-bd8a-ce37b314f685 None None] arq_binding_timeout = 300 {{(pid=108533) log_opt_values /opt/stack/data/venv/lib/python3.12/site-packages/oslo_config/cfg.py:3245}}
Jun 08 08:01:16.463382 np0000178848 devstack@n-api-meta.service[108533]: DEBUG nova.api.openstack.wsgi_app [None req-feecb7b9-9047-41de-bd8a-ce37b314f685 None None] block_device_allocate_retries = 60 {{(pid=108533) log_opt_values /opt/stack/data/venv/lib/python3.12/site-packages/oslo_config/cfg.py:3245}}
Jun 08 08:01:16.463520 np0000178848 devstack@n-api-meta.service[108533]: DEBUG nova.api.openstack.wsgi_app [None req-feecb7b9-9047-41de-bd8a-ce37b314f685 None None] block_device_allocate_retries_interval = 3 {{(pid=108533) log_opt_values /opt/stack/data/venv/lib/python3.12/site-packages/oslo_config/cfg.py:3245}}
Jun 08 08:01:16.463645 np0000178848 devstack@n-api-meta.service[108533]: DEBUG nova.api.openstack.wsgi_app [None req-feecb7b9-9047-41de-bd8a-ce37b314f685 None None] cell_worker_thread_pool_size = 5 {{(pid=108533) log_opt_values /opt/stack/data/venv/lib/python3.12/site-packages/oslo_config/cfg.py:3245}}
Jun 08 08:01:16.463778 np0000178848 devstack@n-api-meta.service[108533]: DEBUG nova.api.openstack.wsgi_app [None req-feecb7b9-9047-41de-bd8a-ce37b314f685 None None] cert = self.pem {{(pid=108533) log_opt_values /opt/stack/data/venv/lib/python3.12/site-packages/oslo_config/cfg.py:3245}}
Jun 08 08:01:16.463932 np0000178848 devstack@n-api-meta.service[108533]: DEBUG nova.api.openstack.wsgi_app [None req-feecb7b9-9047-41de-bd8a-ce37b314f685 None None] compute_driver = libvirt.LibvirtDriver {{(pid=108533) log_opt_values /opt/stack/data/venv/lib/python3.12/site-packages/oslo_config/cfg.py:3245}}
Jun 08 08:01:16.464066 np0000178848 devstack@n-api-meta.service[108533]: DEBUG nova.api.openstack.wsgi_app [None req-feecb7b9-9047-41de-bd8a-ce37b314f685 None None] compute_monitors = [] {{(pid=108533) log_opt_values /opt/stack/data/venv/lib/python3.12/site-packages/oslo_config/cfg.py:3245}}
Jun 08 08:01:16.464203 np0000178848 devstack@n-api-meta.service[108533]: DEBUG nova.api.openstack.wsgi_app [None req-feecb7b9-9047-41de-bd8a-ce37b314f685 None None] config_dir = [] {{(pid=108533) log_opt_values /opt/stack/data/venv/lib/python3.12/site-packages/oslo_config/cfg.py:3245}}
Jun 08 08:01:16.464340 np0000178848 devstack@n-api-meta.service[108533]: DEBUG nova.api.openstack.wsgi_app [None req-feecb7b9-9047-41de-bd8a-ce37b314f685 None None] config_drive_format = iso9660 {{(pid=108533) log_opt_values /opt/stack/data/venv/lib/python3.12/site-packages/oslo_config/cfg.py:3245}}
Jun 08 08:01:16.464445 np0000178848 devstack@n-api-meta.service[108533]: DEBUG nova.api.openstack.wsgi_app [None req-feecb7b9-9047-41de-bd8a-ce37b314f685 None None] config_file = ['/etc/nova/api-paste.ini', '/etc/nova/nova.conf'] {{(pid=108533) log_opt_values /opt/stack/data/venv/lib/python3.12/site-packages/oslo_config/cfg.py:3245}}
Jun 08 08:01:16.464576 np0000178848 devstack@n-api-meta.service[108533]: DEBUG nova.api.openstack.wsgi_app [None req-feecb7b9-9047-41de-bd8a-ce37b314f685 None None] config_source = [] {{(pid=108533) log_opt_values /opt/stack/data/venv/lib/python3.12/site-packages/oslo_config/cfg.py:3245}}
Jun 08 08:01:16.464708 np0000178848 devstack@n-api-meta.service[108533]: DEBUG nova.api.openstack.wsgi_app [None req-feecb7b9-9047-41de-bd8a-ce37b314f685 None None] console_host = np0000178848 {{(pid=108533) log_opt_values /opt/stack/data/venv/lib/python3.12/site-packages/oslo_config/cfg.py:3245}}
Jun 08 08:01:16.464839 np0000178848 devstack@n-api-meta.service[108533]: DEBUG nova.api.openstack.wsgi_app [None req-feecb7b9-9047-41de-bd8a-ce37b314f685 None None] control_exchange = nova {{(pid=108533) log_opt_values /opt/stack/data/venv/lib/python3.12/site-packages/oslo_config/cfg.py:3245}}
Jun 08 08:01:16.464978 np0000178848 devstack@n-api-meta.service[108533]: DEBUG nova.api.openstack.wsgi_app [None req-feecb7b9-9047-41de-bd8a-ce37b314f685 None None] cpu_allocation_ratio = None {{(pid=108533) log_opt_values /opt/stack/data/venv/lib/python3.12/site-packages/oslo_config/cfg.py:3245}}
Jun 08 08:01:16.465106 np0000178848 devstack@n-api-meta.service[108533]: DEBUG nova.api.openstack.wsgi_app [None req-feecb7b9-9047-41de-bd8a-ce37b314f685 None None] daemon = False {{(pid=108533) log_opt_values /opt/stack/data/venv/lib/python3.12/site-packages/oslo_config/cfg.py:3245}}
Jun 08 08:01:16.465236 np0000178848 devstack@n-api-meta.service[108533]: DEBUG nova.api.openstack.wsgi_app [None req-feecb7b9-9047-41de-bd8a-ce37b314f685 None None] debug = True {{(pid=108533) log_opt_values /opt/stack/data/venv/lib/python3.12/site-packages/oslo_config/cfg.py:3245}}
Jun 08 08:01:16.465362 np0000178848 devstack@n-api-meta.service[108533]: DEBUG nova.api.openstack.wsgi_app [None req-feecb7b9-9047-41de-bd8a-ce37b314f685 None None] default_access_ip_network_name = None {{(pid=108533) log_opt_values /opt/stack/data/venv/lib/python3.12/site-packages/oslo_config/cfg.py:3245}}
Jun 08 08:01:16.465498 np0000178848 devstack@n-api-meta.service[108533]: DEBUG nova.api.openstack.wsgi_app [None req-feecb7b9-9047-41de-bd8a-ce37b314f685 None None] default_availability_zone = nova {{(pid=108533) log_opt_values /opt/stack/data/venv/lib/python3.12/site-packages/oslo_config/cfg.py:3245}}
Jun 08 08:01:16.465628 np0000178848 devstack@n-api-meta.service[108533]: DEBUG nova.api.openstack.wsgi_app [None req-feecb7b9-9047-41de-bd8a-ce37b314f685 None None] default_ephemeral_format = ext4 {{(pid=108533) log_opt_values /opt/stack/data/venv/lib/python3.12/site-packages/oslo_config/cfg.py:3245}}
Jun 08 08:01:16.465755 np0000178848 devstack@n-api-meta.service[108533]: DEBUG nova.api.openstack.wsgi_app [None req-feecb7b9-9047-41de-bd8a-ce37b314f685 None None] default_green_pool_size = 1000 {{(pid=108533) log_opt_values /opt/stack/data/venv/lib/python3.12/site-packages/oslo_config/cfg.py:3245}}
Jun 08 08:01:16.466008 np0000178848 devstack@n-api-meta.service[108533]: DEBUG nova.api.openstack.wsgi_app [None req-feecb7b9-9047-41de-bd8a-ce37b314f685 None None] default_log_levels = ['amqp=WARN', 'boto=WARN', 'sqlalchemy=WARN', 'suds=INFO', 'oslo.messaging=INFO', 'oslo_messaging=INFO', 'iso8601=WARN', 'requests.packages.urllib3.connectionpool=WARN', 'urllib3.connectionpool=WARN', 'websocket=WARN', 'requests.packages.urllib3.util.retry=WARN', 'urllib3.util.retry=WARN', 'keystonemiddleware=WARN', 'routes.middleware=WARN', 'stevedore=WARN', 'taskflow=WARN', 'keystoneauth=WARN', 'oslo.cache=INFO', 'oslo_policy=INFO', 'dogpile.core.dogpile=INFO', 'glanceclient=WARN', 'oslo.privsep.daemon=INFO'] {{(pid=108533) log_opt_values /opt/stack/data/venv/lib/python3.12/site-packages/oslo_config/cfg.py:3245}}
Jun 08 08:01:16.466132 np0000178848 devstack@n-api-meta.service[108533]: DEBUG nova.api.openstack.wsgi_app [None req-feecb7b9-9047-41de-bd8a-ce37b314f685 None None] default_schedule_zone = None {{(pid=108533) log_opt_values /opt/stack/data/venv/lib/python3.12/site-packages/oslo_config/cfg.py:3245}}
Jun 08 08:01:16.466257 np0000178848 devstack@n-api-meta.service[108533]: DEBUG nova.api.openstack.wsgi_app [None req-feecb7b9-9047-41de-bd8a-ce37b314f685 None None] default_thread_pool_size = 10 {{(pid=108533) log_opt_values /opt/stack/data/venv/lib/python3.12/site-packages/oslo_config/cfg.py:3245}}
Jun 08 08:01:16.466378 np0000178848 devstack@n-api-meta.service[108533]: DEBUG nova.api.openstack.wsgi_app [None req-feecb7b9-9047-41de-bd8a-ce37b314f685 None None] disk_allocation_ratio = None {{(pid=108533) log_opt_values /opt/stack/data/venv/lib/python3.12/site-packages/oslo_config/cfg.py:3245}}
Jun 08 08:01:16.466501 np0000178848 devstack@n-api-meta.service[108533]: DEBUG nova.api.openstack.wsgi_app [None req-feecb7b9-9047-41de-bd8a-ce37b314f685 None None] enable_new_services = True {{(pid=108533) log_opt_values /opt/stack/data/venv/lib/python3.12/site-packages/oslo_config/cfg.py:3245}}
Jun 08 08:01:16.466624 np0000178848 devstack@n-api-meta.service[108533]: DEBUG nova.api.openstack.wsgi_app [None req-feecb7b9-9047-41de-bd8a-ce37b314f685 None None] flat_injected = False {{(pid=108533) log_opt_values /opt/stack/data/venv/lib/python3.12/site-packages/oslo_config/cfg.py:3245}}
Jun 08 08:01:16.466748 np0000178848 devstack@n-api-meta.service[108533]: DEBUG nova.api.openstack.wsgi_app [None req-feecb7b9-9047-41de-bd8a-ce37b314f685 None None] force_config_drive = False {{(pid=108533) log_opt_values /opt/stack/data/venv/lib/python3.12/site-packages/oslo_config/cfg.py:3245}}
Jun 08 08:01:16.466870 np0000178848 devstack@n-api-meta.service[108533]: DEBUG nova.api.openstack.wsgi_app [None req-feecb7b9-9047-41de-bd8a-ce37b314f685 None None] force_raw_images = True {{(pid=108533) log_opt_values /opt/stack/data/venv/lib/python3.12/site-packages/oslo_config/cfg.py:3245}}
Jun 08 08:01:16.467025 np0000178848 devstack@n-api-meta.service[108533]: DEBUG nova.api.openstack.wsgi_app [None req-feecb7b9-9047-41de-bd8a-ce37b314f685 None None] graceful_shutdown_timeout = 5 {{(pid=108533) log_opt_values /opt/stack/data/venv/lib/python3.12/site-packages/oslo_config/cfg.py:3245}}
Jun 08 08:01:16.467151 np0000178848 devstack@n-api-meta.service[108533]: DEBUG nova.api.openstack.wsgi_app [None req-feecb7b9-9047-41de-bd8a-ce37b314f685 None None] heal_instance_info_cache_interval = -1 {{(pid=108533) log_opt_values /opt/stack/data/venv/lib/python3.12/site-packages/oslo_config/cfg.py:3245}}
Jun 08 08:01:16.467324 np0000178848 devstack@n-api-meta.service[108533]: DEBUG nova.api.openstack.wsgi_app [None req-feecb7b9-9047-41de-bd8a-ce37b314f685 None None] host = np0000178848 {{(pid=108533) log_opt_values /opt/stack/data/venv/lib/python3.12/site-packages/oslo_config/cfg.py:3245}}
Jun 08 08:01:16.467473 np0000178848 devstack@n-api-meta.service[108533]: DEBUG nova.api.openstack.wsgi_app [None req-feecb7b9-9047-41de-bd8a-ce37b314f685 None None] initial_cpu_allocation_ratio = 4.0 {{(pid=108533) log_opt_values /opt/stack/data/venv/lib/python3.12/site-packages/oslo_config/cfg.py:3245}}
Jun 08 08:01:16.467600 np0000178848 devstack@n-api-meta.service[108533]: DEBUG nova.api.openstack.wsgi_app [None req-feecb7b9-9047-41de-bd8a-ce37b314f685 None None] initial_disk_allocation_ratio = 1.0 {{(pid=108533) log_opt_values /opt/stack/data/venv/lib/python3.12/site-packages/oslo_config/cfg.py:3245}}
Jun 08 08:01:16.467724 np0000178848 devstack@n-api-meta.service[108533]: DEBUG nova.api.openstack.wsgi_app [None req-feecb7b9-9047-41de-bd8a-ce37b314f685 None None] initial_ram_allocation_ratio = 1.0 {{(pid=108533) log_opt_values /opt/stack/data/venv/lib/python3.12/site-packages/oslo_config/cfg.py:3245}}
Jun 08 08:01:16.467893 np0000178848 devstack@n-api-meta.service[108533]: DEBUG nova.api.openstack.wsgi_app [None req-feecb7b9-9047-41de-bd8a-ce37b314f685 None None] injected_network_template = /opt/stack/nova/nova/virt/interfaces.template {{(pid=108533) log_opt_values /opt/stack/data/venv/lib/python3.12/site-packages/oslo_config/cfg.py:3245}}
Jun 08 08:01:16.468046 np0000178848 devstack@n-api-meta.service[108533]: DEBUG nova.api.openstack.wsgi_app [None req-feecb7b9-9047-41de-bd8a-ce37b314f685 None None] instance_build_timeout = 0 {{(pid=108533) log_opt_values /opt/stack/data/venv/lib/python3.12/site-packages/oslo_config/cfg.py:3245}}
Jun 08 08:01:16.468228 np0000178848 devstack@n-api-meta.service[108533]: DEBUG nova.api.openstack.wsgi_app [None req-feecb7b9-9047-41de-bd8a-ce37b314f685 None None] instance_delete_interval = 300 {{(pid=108533) log_opt_values /opt/stack/data/venv/lib/python3.12/site-packages/oslo_config/cfg.py:3245}}
Jun 08 08:01:16.468378 np0000178848 devstack@n-api-meta.service[108533]: DEBUG nova.api.openstack.wsgi_app [None req-feecb7b9-9047-41de-bd8a-ce37b314f685 None None] instance_format = [instance: %(uuid)s] {{(pid=108533) log_opt_values /opt/stack/data/venv/lib/python3.12/site-packages/oslo_config/cfg.py:3245}}
Jun 08 08:01:16.468512 np0000178848 devstack@n-api-meta.service[108533]: DEBUG nova.api.openstack.wsgi_app [None req-feecb7b9-9047-41de-bd8a-ce37b314f685 None None] instance_name_template = instance-%08x {{(pid=108533) log_opt_values /opt/stack/data/venv/lib/python3.12/site-packages/oslo_config/cfg.py:3245}}
Jun 08 08:01:16.468633 np0000178848 devstack@n-api-meta.service[108533]: DEBUG nova.api.openstack.wsgi_app [None req-feecb7b9-9047-41de-bd8a-ce37b314f685 None None] instance_usage_audit = False {{(pid=108533) log_opt_values /opt/stack/data/venv/lib/python3.12/site-packages/oslo_config/cfg.py:3245}}
Jun 08 08:01:16.468765 np0000178848 devstack@n-api-meta.service[108533]: DEBUG nova.api.openstack.wsgi_app [None req-feecb7b9-9047-41de-bd8a-ce37b314f685 None None] instance_usage_audit_period = month {{(pid=108533) log_opt_values /opt/stack/data/venv/lib/python3.12/site-packages/oslo_config/cfg.py:3245}}
Jun 08 08:01:16.468893 np0000178848 devstack@n-api-meta.service[108533]: DEBUG nova.api.openstack.wsgi_app [None req-feecb7b9-9047-41de-bd8a-ce37b314f685 None None] instance_uuid_format = [instance: %(uuid)s] {{(pid=108533) log_opt_values /opt/stack/data/venv/lib/python3.12/site-packages/oslo_config/cfg.py:3245}}
Jun 08 08:01:16.469039 np0000178848 devstack@n-api-meta.service[108533]: DEBUG nova.api.openstack.wsgi_app [None req-feecb7b9-9047-41de-bd8a-ce37b314f685 None None] instances_path = /opt/stack/data/nova/instances {{(pid=108533) log_opt_values /opt/stack/data/venv/lib/python3.12/site-packages/oslo_config/cfg.py:3245}}
Jun 08 08:01:16.469169 np0000178848 devstack@n-api-meta.service[108533]: DEBUG nova.api.openstack.wsgi_app [None req-feecb7b9-9047-41de-bd8a-ce37b314f685 None None] internal_service_availability_zone = internal {{(pid=108533) log_opt_values /opt/stack/data/venv/lib/python3.12/site-packages/oslo_config/cfg.py:3245}}
Jun 08 08:01:16.469305 np0000178848 devstack@n-api-meta.service[108533]: DEBUG nova.api.openstack.wsgi_app [None req-feecb7b9-9047-41de-bd8a-ce37b314f685 None None] key = None {{(pid=108533) log_opt_values /opt/stack/data/venv/lib/python3.12/site-packages/oslo_config/cfg.py:3245}}
Jun 08 08:01:16.469429 np0000178848 devstack@n-api-meta.service[108533]: DEBUG nova.api.openstack.wsgi_app [None req-feecb7b9-9047-41de-bd8a-ce37b314f685 None None] live_migration_retry_count = 30 {{(pid=108533) log_opt_values /opt/stack/data/venv/lib/python3.12/site-packages/oslo_config/cfg.py:3245}}
Jun 08 08:01:16.469567 np0000178848 devstack@n-api-meta.service[108533]: DEBUG nova.api.openstack.wsgi_app [None req-feecb7b9-9047-41de-bd8a-ce37b314f685 None None] log_color = False {{(pid=108533) log_opt_values /opt/stack/data/venv/lib/python3.12/site-packages/oslo_config/cfg.py:3245}}
Jun 08 08:01:16.469697 np0000178848 devstack@n-api-meta.service[108533]: DEBUG nova.api.openstack.wsgi_app [None req-feecb7b9-9047-41de-bd8a-ce37b314f685 None None] log_config_append = None {{(pid=108533) log_opt_values /opt/stack/data/venv/lib/python3.12/site-packages/oslo_config/cfg.py:3245}}
Jun 08 08:01:16.469828 np0000178848 devstack@n-api-meta.service[108533]: DEBUG nova.api.openstack.wsgi_app [None req-feecb7b9-9047-41de-bd8a-ce37b314f685 None None] log_date_format = %Y-%m-%d %H:%M:%S {{(pid=108533) log_opt_values /opt/stack/data/venv/lib/python3.12/site-packages/oslo_config/cfg.py:3245}}
Jun 08 08:01:16.470041 np0000178848 devstack@n-api-meta.service[108533]: DEBUG nova.api.openstack.wsgi_app [None req-feecb7b9-9047-41de-bd8a-ce37b314f685 None None] log_dir = None {{(pid=108533) log_opt_values /opt/stack/data/venv/lib/python3.12/site-packages/oslo_config/cfg.py:3245}}
Jun 08 08:01:16.470174 np0000178848 devstack@n-api-meta.service[108533]: DEBUG nova.api.openstack.wsgi_app [None req-feecb7b9-9047-41de-bd8a-ce37b314f685 None None] log_file = None {{(pid=108533) log_opt_values /opt/stack/data/venv/lib/python3.12/site-packages/oslo_config/cfg.py:3245}}
Jun 08 08:01:16.470280 np0000178848 devstack@n-api-meta.service[108533]: DEBUG nova.api.openstack.wsgi_app [None req-feecb7b9-9047-41de-bd8a-ce37b314f685 None None] log_options = True {{(pid=108533) log_opt_values /opt/stack/data/venv/lib/python3.12/site-packages/oslo_config/cfg.py:3245}}
Jun 08 08:01:16.470405 np0000178848 devstack@n-api-meta.service[108533]: DEBUG nova.api.openstack.wsgi_app [None req-feecb7b9-9047-41de-bd8a-ce37b314f685 None None] log_rotate_interval = 1 {{(pid=108533) log_opt_values /opt/stack/data/venv/lib/python3.12/site-packages/oslo_config/cfg.py:3245}}
Jun 08 08:01:16.470531 np0000178848 devstack@n-api-meta.service[108533]: DEBUG nova.api.openstack.wsgi_app [None req-feecb7b9-9047-41de-bd8a-ce37b314f685 None None] log_rotate_interval_type = days {{(pid=108533) log_opt_values /opt/stack/data/venv/lib/python3.12/site-packages/oslo_config/cfg.py:3245}}
Jun 08 08:01:16.470662 np0000178848 devstack@n-api-meta.service[108533]: DEBUG nova.api.openstack.wsgi_app [None req-feecb7b9-9047-41de-bd8a-ce37b314f685 None None] log_rotation_type = none {{(pid=108533) log_opt_values /opt/stack/data/venv/lib/python3.12/site-packages/oslo_config/cfg.py:3245}}
Jun 08 08:01:16.470762 np0000178848 devstack@n-api-meta.service[108533]: DEBUG nova.api.openstack.wsgi_app [None req-feecb7b9-9047-41de-bd8a-ce37b314f685 None None] logging_context_format_string = %(color)s%(levelname)s %(name)s [%(global_request_id)s %(request_id)s %(project_name)s %(user_name)s%(color)s] %(instance)s%(color)s%(message)s {{(pid=108533) log_opt_values /opt/stack/data/venv/lib/python3.12/site-packages/oslo_config/cfg.py:3245}}
