2026-05-28 00:21:42.040 8 INFO neutron.services.segments.plugin [-] Segment 9428f3f9-6183-4476-8570-a9157101deda resource provider aggregate not found
2026-05-28 00:21:42.041 8 INFO neutron.services.segments.plugin [-] Segment 9428f3f9-6183-4476-8570-a9157101deda resource provider aggregate not found
2026-05-28 00:21:42.062 8 INFO neutron.services.segments.plugin [-] Segment 9428f3f9-6183-4476-8570-a9157101deda resource provider not found; error: Placement Client Error (4xx): {"errors": [{"status": 404, "title": "Not Found", "detail": "The resource could not be found.\n\n No resource provider with uuid 9428f3f9-6183-4476-8570-a9157101deda found for delete ", "request_id": "req-b382084f-1466-4315-9989-07884fcdc472"}]}
2026-05-28 00:21:42.073 8 INFO neutron.services.segments.plugin [-] Segment 9428f3f9-6183-4476-8570-a9157101deda resource provider not found; error: Placement Client Error (4xx): {"errors": [{"status": 404, "title": "Not Found", "detail": "The resource could not be found.\n\n No resource provider with uuid 9428f3f9-6183-4476-8570-a9157101deda found for delete ", "request_id": "req-5dbf3b57-b770-4ade-816b-96ad0269e9cd"}]} [pid: 8|app: 0|req: 944/1964] 10.0.0.156 () {32 vars in 726 bytes} [Thu May 28 00:21:41 2026] DELETE /v2.0/networks/e2dc2f7b-0462-44d7-9ca7-9b254cfb6369 => generated 0 bytes in 366 msecs (HTTP/1.1 204) 3 headers in 131 bytes (1 switches on core 0)
2026-05-28 00:21:42.507 7 INFO neutron.plugins.ml2.drivers.ovn.mech_driver.ovsdb.commands [-] Schedule LRP lrp-1e14b281-0d22-4cfc-b24a-c2d093ce380e on gateway ac0ea211-242e-4a45-8724-f0169742b198 with priority 1
2026-05-28 00:21:42.562 8 WARNING neutron.scheduler.dhcp_agent_scheduler [None req-95e18ba2-f6a0-4a0c-8de4-8945cc1e47c9 - - - - - -] No more DHCP agents
2026-05-28 00:21:42.566 8 WARNING neutron.api.rpc.agentnotifiers.dhcp_rpc_agent_api [None req-95e18ba2-f6a0-4a0c-8de4-8945cc1e47c9 - - - - - -] Unable to schedule network 71e13e28-a49e-4c01-bdcf-0070f82ef240: no agents available; will retry on subsequent port and subnet creation events.
2026-05-28 00:21:42.638 7 INFO neutron.db.ovn_revision_numbers_db [None req-3514d127-721b-40cb-8d4e-578a630fd78f f17ed26e91ae4f608dd3c3a6c83739b4 63949e0e6615491cbcf3142fcf7e2abf - - default default] Successfully bumped revision number for resource 1e14b281-0d22-4cfc-b24a-c2d093ce380e (type: router_ports) to 1
2026-05-28 00:21:42.678 8 INFO neutron.plugins.ml2.drivers.ovn.mech_driver.ovsdb.ovsdb_monitor [None req-45007390-3dc4-4279-8dc4-654386583ab4 - - - - - -] Router e20deff1-8b05-418e-978f-c94bc0b5543e is bound to host instance
2026-05-28 00:21:42.695 7 INFO neutron.db.ovn_revision_numbers_db [None req-3514d127-721b-40cb-8d4e-578a630fd78f f17ed26e91ae4f608dd3c3a6c83739b4 63949e0e6615491cbcf3142fcf7e2abf - - default default] Successfully bumped revision number for resource e20deff1-8b05-418e-978f-c94bc0b5543e (type: routers) to 2 [pid: 7|app: 0|req: 1021/1967] 10.0.0.156 () {34 vars in 669 bytes} [Thu May 28 00:21:40 2026] POST /v2.0/routers => generated 965 bytes in 1926 msecs (HTTP/1.1 201) 4 headers in 162 bytes (1 switches on core 0) [pid: 7|app: 0|req: 1022/1968] 10.0.0.50 () {28 vars in 584 bytes} [Thu May 28 00:21:42 2026] GET /v2.0/networks => generated 6624 bytes in 65 msecs (HTTP/1.1 200) 4 headers in 158 bytes (1 switches on core 0) [pid: 7|app: 0|req: 1023/1969] 10.0.0.156 () {32 vars in 717 bytes} [Thu May 28 00:21:42 2026] GET /v2.0/ports/1d31037c-364c-44ed-9bc7-7d907fab5330 => generated 945 bytes in 109 msecs (HTTP/1.1 200) 4 headers in 157 bytes (1 switches on core 0)
2026-05-28 00:21:42.911 8 INFO neutron.db.ovn_revision_numbers_db [None req-95e18ba2-f6a0-4a0c-8de4-8945cc1e47c9 - - - - - -] Successfully bumped revision number for resource 8af889b4-2fa2-4106-a655-049810798271 (type: ports) to 1 [pid: 7|app: 0|req: 1024/1970] 10.0.0.156 () {32 vars in 774 bytes} [Thu May 28 00:21:42 2026] GET /v2.0/security-groups?tenant_id=84f34e1c69024cc5b0be682fa7b7c1f0&name=default => generated 2925 bytes in 25 msecs (HTTP/1.1 200) 4 headers in 158 bytes (1 switches on core 0)
2026-05-28 00:21:43.258 8 WARNING neutron.plugins.ml2.drivers.ovn.mech_driver.ovsdb.ovn_client [None req-32bcc500-a9f9-4129-8b02-e29fa8225445 - - - - - -] No hosting information found for port 5ce352f7-c5f1-4b50-8c0b-84d9655e5a6f: RuntimeError: No hosting information found for port 5ce352f7-c5f1-4b50-8c0b-84d9655e5a6f
2026-05-28 00:21:43.353 7 WARNING neutron.scheduler.dhcp_agent_scheduler [None req-01976b06-f813-496d-8fb4-dbcbac12fa39 f17ed26e91ae4f608dd3c3a6c83739b4 63949e0e6615491cbcf3142fcf7e2abf - - default default] No more DHCP agents
2026-05-28 00:21:43.354 7 WARNING neutron.api.rpc.agentnotifiers.dhcp_rpc_agent_api [None req-01976b06-f813-496d-8fb4-dbcbac12fa39 f17ed26e91ae4f608dd3c3a6c83739b4 63949e0e6615491cbcf3142fcf7e2abf - - default default] Unable to schedule network c2b12740-7895-4f61-b9f5-25a1425520f5: no agents available; will retry on subsequent port and subnet creation events.
2026-05-28 00:21:43.388 8 INFO neutron.db.ovn_revision_numbers_db [None req-95e18ba2-f6a0-4a0c-8de4-8945cc1e47c9 - - - - - -] Successfully bumped revision number for resource 8af889b4-2fa2-4106-a655-049810798271 (type: ports) to 3
2026-05-28 00:21:43.509 8 INFO neutron.db.segments_db [None req-95e18ba2-f6a0-4a0c-8de4-8945cc1e47c9 - - - - - -] Added segment 5dbd1167-92ba-45ad-803b-95bb3a2298be of type geneve for network 79146bab-584d-4228-913f-38071d195be5
2026-05-28 00:21:43.513 8 INFO neutron.db.ovn_revision_numbers_db [None req-32bcc500-a9f9-4129-8b02-e29fa8225445 - - - - - -] Successfully bumped revision number for resource 5ce352f7-c5f1-4b50-8c0b-84d9655e5a6f (type: router_ports) to 2
2026-05-28 00:21:43.514 8 INFO neutron.plugins.ml2.drivers.ovn.mech_driver.mech_driver [None req-32bcc500-a9f9-4129-8b02-e29fa8225445 - - - - - -] OVN reports status down for port: 1d31037c-364c-44ed-9bc7-7d907fab5330
2026-05-28 00:21:43.543 7 INFO neutron.db.ovn_revision_numbers_db [None req-01976b06-f813-496d-8fb4-dbcbac12fa39 f17ed26e91ae4f608dd3c3a6c83739b4 63949e0e6615491cbcf3142fcf7e2abf - - default default] Successfully bumped revision number for resource dfc613e8-5dd1-48f1-bcf3-8530e8951f97 (type: ports) to 1
2026-05-28 00:21:43.716 8 WARNING neutron.plugins.ml2.drivers.ovn.mech_driver.ovsdb.ovn_client [None req-32bcc500-a9f9-4129-8b02-e29fa8225445 - - - - - -] Logical_Switch_Port 1d31037c-364c-44ed-9bc7-7d907fab5330 host information not removed, the port state is up
2026-05-28 00:21:43.716 8 INFO neutron.plugins.ml2.drivers.ovn.mech_driver.mech_driver [None req-32bcc500-a9f9-4129-8b02-e29fa8225445 - - - - - -] OVN reports status down for port: 585cd3b3-6e8a-4c54-ae6f-1e1ff8a381df
2026-05-28 00:21:43.785 8 INFO neutron.db.ovn_revision_numbers_db [None req-7190962b-6110-471a-960a-7987bf0a490a - - - - - -] Successfully bumped revision number for resource 79146bab-584d-4228-913f-38071d195be5 (type: networks) to 1
2026-05-28 00:21:44.208 7 WARNING neutron.scheduler.dhcp_agent_scheduler [None req-01976b06-f813-496d-8fb4-dbcbac12fa39 f17ed26e91ae4f608dd3c3a6c83739b4 63949e0e6615491cbcf3142fcf7e2abf - - default default] No more DHCP agents
2026-05-28 00:21:44.209 7 WARNING neutron.api.rpc.agentnotifiers.dhcp_rpc_agent_api [None req-01976b06-f813-496d-8fb4-dbcbac12fa39 f17ed26e91ae4f608dd3c3a6c83739b4 63949e0e6615491cbcf3142fcf7e2abf - - default default] Unable to schedule network c2b12740-7895-4f61-b9f5-25a1425520f5: no agents available; will retry on subsequent port and subnet creation events.
2026-05-28 00:21:44.444 8 INFO neutron.plugins.ml2.drivers.ovn.mech_driver.mech_driver [None req-32bcc500-a9f9-4129-8b02-e29fa8225445 - - - - - -] OVN reports status up for port: 1d31037c-364c-44ed-9bc7-7d907fab5330
2026-05-28 00:21:44.469 8 INFO neutron.plugins.ml2.plugin [None req-32bcc500-a9f9-4129-8b02-e29fa8225445 - - - - - -] Attempt 1 to provision port 1d31037c-364c-44ed-9bc7-7d907fab5330
2026-05-28 00:21:44.663 7 INFO neutron.db.ovn_revision_numbers_db [None req-01976b06-f813-496d-8fb4-dbcbac12fa39 f17ed26e91ae4f608dd3c3a6c83739b4 63949e0e6615491cbcf3142fcf7e2abf - - default default] Successfully bumped revision number for resource dfc613e8-5dd1-48f1-bcf3-8530e8951f97 (type: router_ports) to 1 [pid: 7|app: 0|req: 1025/1971] 10.0.0.156 () {34 vars in 783 bytes} [Thu May 28 00:21:42 2026] PUT /v2.0/routers/e20deff1-8b05-418e-978f-c94bc0b5543e/add_router_interface => generated 309 bytes in 1756 msecs (HTTP/1.1 200) 4 headers in 157 bytes (1 switches on core 0) [pid: 7|app: 0|req: 1026/1972] 10.0.0.50 () {28 vars in 598 bytes} [Thu May 28 00:21:44 2026] GET /v2.0/security-groups => generated 31917 bytes in 38 msecs (HTTP/1.1 200) 4 headers in 159 bytes (1 switches on core 0)
2026-05-28 00:21:44.770 8 WARNING neutron.scheduler.dhcp_agent_scheduler [None req-7190962b-6110-471a-960a-7987bf0a490a - - - - - -] No more DHCP agents
2026-05-28 00:21:44.774 8 WARNING neutron.api.rpc.agentnotifiers.dhcp_rpc_agent_api [None req-7190962b-6110-471a-960a-7987bf0a490a - - - - - -] Unable to schedule network 79146bab-584d-4228-913f-38071d195be5: no agents available; will retry on subsequent port and subnet creation events. [pid: 7|app: 0|req: 1027/1973] 10.0.0.156 () {32 vars in 740 bytes} [Thu May 28 00:21:44 2026] DELETE /v2.0/security-groups/44b3a3b6-c023-4460-a2a7-83bb2e2495cb => generated 0 bytes in 247 msecs (HTTP/1.1 204) 2 headers in 112 bytes (1 switches on core 0) [pid: 7|app: 0|req: 1028/1974] 10.0.0.156 () {32 vars in 717 bytes} [Thu May 28 00:21:44 2026] GET /v2.0/ports/1d31037c-364c-44ed-9bc7-7d907fab5330 => generated 947 bytes in 31 msecs (HTTP/1.1 200) 4 headers in 157 bytes (1 switches on core 0) [pid: 7|app: 0|req: 1029/1975] 10.0.0.50 () {28 vars in 582 bytes} [Thu May 28 00:21:44 2026] GET /v2.0/subnets => generated 5281 bytes in 46 msecs (HTTP/1.1 200) 4 headers in 158 bytes (1 switches on core 0)
2026-05-28 00:21:45.231 8 INFO neutron.db.ovn_revision_numbers_db [None req-7190962b-6110-471a-960a-7987bf0a490a - - - - - -] Successfully bumped revision number for resource 838f228f-74fd-4806-b8ad-a58fdb2a1d3c (type: ports) to 1
2026-05-28 00:21:45.342 7 INFO neutron_taas.services.taas.taas_plugin [None req-76d8c191-47d1-454b-a36a-242ea762a349 bb3a275f6e204dc4ba296c1316a39f89 bb2cb959bd3944ea996f6d66c5963f19 - - default default] TaaS: Handle Delete Port: 1d31037c-364c-44ed-9bc7-7d907fab5330
2026-05-28 00:21:45.345 7 INFO neutron_taas.services.taas.tap_mirror_plugin [None req-76d8c191-47d1-454b-a36a-242ea762a349 bb3a275f6e204dc4ba296c1316a39f89 bb2cb959bd3944ea996f6d66c5963f19 - - default default] Tap Mirror: Handle Delete Port: 1d31037c-364c-44ed-9bc7-7d907fab5330
2026-05-28 00:21:45.605 8 ERROR ovsdbapp.backend.ovs_idl.command [None req-61cc182c-d48a-4b23-a893-e2e4347d8ac9 - - - - - -] Error executing command (LspGetUpCommand): ovsdbapp.backend.ovs_idl.idlutils.RowNotFound: Cannot find Logical_Switch_Port with name=1d31037c-364c-44ed-9bc7-7d907fab5330
2026-05-28 00:21:45.605 8 ERROR ovsdbapp.backend.ovs_idl.command
Traceback (most recent call last):
2026-05-28 00:21:45.605 8 ERROR ovsdbapp.backend.ovs_idl.command
File "/var/lib/openstack/lib/python3.12/site-packages/ovsdbapp/backend/ovs_idl/command.py", line 47, in execute
2026-05-28 00:21:45.605 8 ERROR ovsdbapp.backend.ovs_idl.command self.run_idl(None)
2026-05-28 00:21:45.605 8 ERROR ovsdbapp.backend.ovs_idl.command
File "/var/lib/openstack/lib/python3.12/site-packages/ovsdbapp/schema/ovn_northbound/commands.py", line 681, in run_idl
2026-05-28 00:21:45.605 8 ERROR ovsdbapp.backend.ovs_idl.command lsp = self.api.lookup('Logical_Switch_Port', self.port)
2026-05-28 00:21:45.605 8 ERROR ovsdbapp.backend.ovs_idl.command ^^^^^^^^^^^^^^^^^^^^^^^^^^^^^^^^^^^^^^^^^^^^^^^^^
2026-05-28 00:21:45.605 8 ERROR ovsdbapp.backend.ovs_idl.command
File "/var/lib/openstack/lib/python3.12/site-packages/ovsdbapp/backend/ovs_idl/__init__.py", line 184, in lookup
2026-05-28 00:21:45.605 8 ERROR ovsdbapp.backend.ovs_idl.command return self._lookup(table, record)
2026-05-28 00:21:45.605 8 ERROR ovsdbapp.backend.ovs_idl.command ^^^^^^^^^^^^^^^^^^^^^^^^^^^
2026-05-28 00:21:45.605 8 ERROR ovsdbapp.backend.ovs_idl.command
File "/var/lib/openstack/lib/python3.12/site-packages/ovsdbapp/backend/ovs_idl/__init__.py", line 235, in _lookup
2026-05-28 00:21:45.605 8 ERROR ovsdbapp.backend.ovs_idl.command row = idlutils.row_by_value(self, rl.table, rl.column, record)
2026-05-28 00:21:45.605 8 ERROR ovsdbapp.backend.ovs_idl.command ^^^^^^^^^^^^^^^^^^^^^^^^^^^^^^^^^^^^^^^^^^^^^^^^^^^^^^^^
2026-05-28 00:21:45.605 8 ERROR ovsdbapp.backend.ovs_idl.command
File "/var/lib/openstack/lib/python3.12/site-packages/ovsdbapp/backend/ovs_idl/idlutils.py", line 114, in row_by_value
2026-05-28 00:21:45.605 8 ERROR ovsdbapp.backend.ovs_idl.command raise RowNotFound(table=table, col=column, match=match)
2026-05-28 00:21:45.605 8 ERROR ovsdbapp.backend.ovs_idl.command ovsdbapp.backend.ovs_idl.idlutils.RowNotFound: Cannot find Logical_Switch_Port with name=1d31037c-364c-44ed-9bc7-7d907fab5330
2026-05-28 00:21:45.605 8 ERROR ovsdbapp.backend.ovs_idl.command
2026-05-28 00:21:45.612 8 ERROR ovsdbapp.event [None req-61cc182c-d48a-4b23-a893-e2e4347d8ac9 - - - - - -] Unexpected exception in notify_loop: ovsdbapp.backend.ovs_idl.idlutils.RowNotFound: Cannot find Logical_Switch_Port with name=1d31037c-364c-44ed-9bc7-7d907fab5330
2026-05-28 00:21:45.612 8 ERROR ovsdbapp.event
Traceback (most recent call last):
2026-05-28 00:21:45.612 8 ERROR ovsdbapp.event
File "/var/lib/openstack/lib/python3.12/site-packages/ovsdbapp/event.py", line 177, in notify_loop
2026-05-28 00:21:45.612 8 ERROR ovsdbapp.event match.run(event, row, updates)
2026-05-28 00:21:45.612 8 ERROR ovsdbapp.event
File "/var/lib/openstack/lib/python3.12/site-packages/neutron/plugins/ml2/drivers/ovn/mech_driver/ovsdb/ovsdb_monitor.py", line 511, in run
2026-05-28 00:21:45.612 8 ERROR ovsdbapp.event self.driver.set_port_status_up(row.name)
2026-05-28 00:21:45.612 8 ERROR ovsdbapp.event
File "/var/lib/openstack/lib/python3.12/site-packages/neutron/plugins/ml2/drivers/ovn/mech_driver/mech_driver.py", line 1340, in set_port_status_up
2026-05-28 00:21:45.612 8 ERROR ovsdbapp.event self._ovn_client.update_lsp_host_info(admin_context, db_port)
2026-05-28 00:21:45.612 8 ERROR ovsdbapp.event
File "/var/lib/openstack/lib/python3.12/site-packages/neutron/plugins/ml2/drivers/ovn/mech_driver/ovsdb/ovn_client.py", line 312, in update_lsp_host_info
2026-05-28 00:21:45.612 8 ERROR ovsdbapp.event port_up = self._nb_idl.lsp_get_up(db_port.id).execute(
2026-05-28 00:21:45.612 8 ERROR ovsdbapp.event ^^^^^^^^^^^^^^^^^^^^^^^^^^^^^^^^^^^^^^^^^^^^
2026-05-28 00:21:45.612 8 ERROR ovsdbapp.event
File "/var/lib/openstack/lib/python3.12/site-packages/ovsdbapp/backend/ovs_idl/command.py", line 47, in execute
2026-05-28 00:21:45.612 8 ERROR ovsdbapp.event self.run_idl(None)
2026-05-28 00:21:45.612 8 ERROR ovsdbapp.event
File "/var/lib/openstack/lib/python3.12/site-packages/ovsdbapp/schema/ovn_northbound/commands.py", line 681, in run_idl
2026-05-28 00:21:45.612 8 ERROR ovsdbapp.event lsp = self.api.lookup('Logical_Switch_Port', self.port)
2026-05-28 00:21:45.612 8 ERROR ovsdbapp.event ^^^^^^^^^^^^^^^^^^^^^^^^^^^^^^^^^^^^^^^^^^^^^^^^^
2026-05-28 00:21:45.612 8 ERROR ovsdbapp.event
File "/var/lib/openstack/lib/python3.12/site-packages/ovsdbapp/backend/ovs_idl/__init__.py", line 184, in lookup
2026-05-28 00:21:45.612 8 ERROR ovsdbapp.event return self._lookup(table, record)
2026-05-28 00:21:45.612 8 ERROR ovsdbapp.event ^^^^^^^^^^^^^^^^^^^^^^^^^^^
2026-05-28 00:21:45.612 8 ERROR ovsdbapp.event
File "/var/lib/openstack/lib/python3.12/site-packages/ovsdbapp/backend/ovs_idl/__init__.py", line 235, in _lookup
2026-05-28 00:21:45.612 8 ERROR ovsdbapp.event row = idlutils.row_by_value(self, rl.table, rl.column, record)
2026-05-28 00:21:45.612 8 ERROR ovsdbapp.event ^^^^^^^^^^^^^^^^^^^^^^^^^^^^^^^^^^^^^^^^^^^^^^^^^^^^^^^^
2026-05-28 00:21:45.612 8 ERROR ovsdbapp.event
File "/var/lib/openstack/lib/python3.12/site-packages/ovsdbapp/backend/ovs_idl/idlutils.py", line 114, in row_by_value
2026-05-28 00:21:45.612 8 ERROR ovsdbapp.event raise RowNotFound(table=table, col=column, match=match)
2026-05-28 00:21:45.612 8 ERROR ovsdbapp.event ovsdbapp.backend.ovs_idl.idlutils.RowNotFound: Cannot find Logical_Switch_Port with name=1d31037c-364c-44ed-9bc7-7d907fab5330
2026-05-28 00:21:45.612 8 ERROR ovsdbapp.event
2026-05-28 00:21:45.661 8 INFO neutron.plugins.ml2.drivers.ovn.mech_driver.mech_driver [None req-61cc182c-d48a-4b23-a893-e2e4347d8ac9 - - - - - -] OVN reports status down for port: b42bdf5a-1a0f-4c80-a676-a4ef2c7ab429
2026-05-28 00:21:45.673 8 WARNING neutron.scheduler.dhcp_agent_scheduler [None req-7190962b-6110-471a-960a-7987bf0a490a - - - - - -] No more DHCP agents
2026-05-28 00:21:45.675 8 WARNING neutron.api.rpc.agentnotifiers.dhcp_rpc_agent_api [None req-7190962b-6110-471a-960a-7987bf0a490a - - - - - -] Unable to schedule network 79146bab-584d-4228-913f-38071d195be5: no agents available; will retry on subsequent port and subnet creation events. [pid: 7|app: 0|req: 1030/1976] 10.0.0.156 () {34 vars in 789 bytes} [Thu May 28 00:21:45 2026] PUT /v2.0/routers/66ab4b7b-c068-4ba4-bba9-e7fe61e87543/remove_router_interface => generated 309 bytes in 642 msecs (HTTP/1.1 200) 4 headers in 157 bytes (1 switches on core 0) /var/lib/openstack/lib/python3.12/site-packages/pycadf/identifier.py:70: UserWarning: Invalid uuid: neutron. To ensure interoperability, identifiers should be a valid uuid. warnings.warn(('Invalid uuid: %s. To ensure interoperability, '
2026-05-28 00:21:45.706 8 INFO neutron.db.ovn_revision_numbers_db [None req-29dcf1ab-c73b-4fe1-9cf6-09bd602ebb71 - - - - - -] Successfully bumped revision number for resource 1e14b281-0d22-4cfc-b24a-c2d093ce380e (type: ports) to 4
2026-05-28 00:21:45.711 8 INFO neutron.db.ovn_revision_numbers_db [None req-7190962b-6110-471a-960a-7987bf0a490a - - - - - -] Successfully bumped revision number for resource a189e66e-2ede-41db-af7a-4ea43025e696 (type: subnets) to 0 [pid: 7|app: 0|req: 1031/1977] 10.0.0.50 () {28 vars in 578 bytes} [Thu May 28 00:21:45 2026] GET /v2.0/ports => generated 24867 bytes in 145 msecs (HTTP/1.1 200) 4 headers in 159 bytes (1 switches on core 0)
2026-05-28 00:21:45.944 7 INFO neutron.db.ovn_revision_numbers_db [None req-8cf72d01-4eea-44f4-a7b6-831cddc24ba1 5f83d449375c468ba9908892a0572029 c8b282300f474159b240b9b55b8a689f - - default default] Successfully bumped revision number for resource 7aeb6bb7-5ddf-44c2-85b3-2790a52a7696 (type: security_groups) to 1
2026-05-28 00:21:45.956 7 INFO neutron.db.ovn_revision_numbers_db [None req-8cf72d01-4eea-44f4-a7b6-831cddc24ba1 5f83d449375c468ba9908892a0572029 c8b282300f474159b240b9b55b8a689f - - default default] Successfully bumped revision number for resource 01122dc8-c6fc-4537-bffc-3de7bbbb9f4a (type: security_group_rules) to 0
2026-05-28 00:21:45.968 7 INFO neutron.db.ovn_revision_numbers_db [None req-8cf72d01-4eea-44f4-a7b6-831cddc24ba1 5f83d449375c468ba9908892a0572029 c8b282300f474159b240b9b55b8a689f - - default default] Successfully bumped revision number for resource bd217d5b-e735-40aa-aa38-3f12dcbdce68 (type: security_group_rules) to 0 [pid: 7|app: 0|req: 1032/1978] 10.0.0.156 () {34 vars in 685 bytes} [Thu May 28 00:21:45 2026] POST /v2.0/security-groups => generated 1675 bytes in 184 msecs (HTTP/1.1 201) 4 headers in 163 bytes (1 switches on core 0) [pid: 7|app: 0|req: 1033/1979] 10.0.0.156 () {32 vars in 736 bytes} [Thu May 28 00:21:46 2026] GET /v2.0/ports?device_id=66ab4b7b-c068-4ba4-bba9-e7fe61e87543 => generated 12 bytes in 19 msecs (HTTP/1.1 200) 4 headers in 156 bytes (1 switches on core 0) [pid: 7|app: 0|req: 1034/1980] 10.0.0.50 () {28 vars in 590 bytes} [Thu May 28 00:21:46 2026] GET /v2.0/floatingips => generated 19 bytes in 15 msecs (HTTP/1.1 200) 4 headers in 156 bytes (1 switches on core 0)
2026-05-28 00:21:46.065 8 INFO neutron.plugins.ml2.drivers.ovn.mech_driver.mech_driver [None req-61cc182c-d48a-4b23-a893-e2e4347d8ac9 - - - - - -] OVN reports status down for port: 6d3f1ee4-8779-43e4-bd20-11fe0f033e6c
2026-05-28 00:21:46.191 7 INFO neutron.db.ovn_revision_numbers_db [None req-1b4cb605-04c2-40c1-beaa-d3cc6227a27d 5f83d449375c468ba9908892a0572029 c8b282300f474159b240b9b55b8a689f - - default default] Successfully bumped revision number for resource e349883b-1743-4166-90b1-1cb3acb338df (type: security_group_rules) to 0 [pid: 7|app: 0|req: 1035/1981] 10.0.0.156 () {34 vars in 695 bytes} [Thu May 28 00:21:46 2026] POST /v2.0/security-group-rules => generated 597 bytes in 186 msecs (HTTP/1.1 201) 4 headers in 162 bytes (1 switches on core 0)
2026-05-28 00:21:46.305 8 WARNING neutron.plugins.ml2.drivers.ovn.mech_driver.ovsdb.ovn_client [None req-61cc182c-d48a-4b23-a893-e2e4347d8ac9 - - - - - -] Logical_Switch_Port 6d3f1ee4-8779-43e4-bd20-11fe0f033e6c host information not removed, the port state is up
2026-05-28 00:21:46.308 8 INFO neutron.plugins.ml2.drivers.ovn.mech_driver.mech_driver [None req-61cc182c-d48a-4b23-a893-e2e4347d8ac9 - - - - - -] OVN reports status down for port: b871ff45-03d6-44aa-af55-d24b61877d0e
2026-05-28 00:21:46.353 8 INFO neutron.plugins.ml2.drivers.ovn.mech_driver.mech_driver [None req-61cc182c-d48a-4b23-a893-e2e4347d8ac9 - - - - - -] OVN reports status up for port: 6d3f1ee4-8779-43e4-bd20-11fe0f033e6c
2026-05-28 00:21:46.385 8 INFO neutron.plugins.ml2.plugin [None req-61cc182c-d48a-4b23-a893-e2e4347d8ac9 - - - - - -] Attempt 1 to provision port 6d3f1ee4-8779-43e4-bd20-11fe0f033e6c [pid: 7|app: 0|req: 1036/1982] 10.0.0.156 () {32 vars in 724 bytes} [Thu May 28 00:21:46 2026] DELETE /v2.0/routers/66ab4b7b-c068-4ba4-bba9-e7fe61e87543 => generated 0 bytes in 236 msecs (HTTP/1.1 204) 2 headers in 112 bytes (1 switches on core 0) [pid: 7|app: 0|req: 1037/1983] 10.0.0.50 () {28 vars in 582 bytes} [Thu May 28 00:21:46 2026] GET /v2.0/subnets => generated 5975 bytes in 62 msecs (HTTP/1.1 200) 4 headers in 158 bytes (1 switches on core 0)
2026-05-28 00:21:46.712 7 INFO neutron.db.ovn_revision_numbers_db [None req-e5bd8e64-2622-4420-b6cc-8effc4ce0ef0 5f83d449375c468ba9908892a0572029 c8b282300f474159b240b9b55b8a689f - - default default] Successfully bumped revision number for resource 5f5b1613-731e-4f14-9ba0-d53a8068058b (type: security_group_rules) to 0 [pid: 7|app: 0|req: 1038/1984] 10.0.0.156 () {34 vars in 695 bytes} [Thu May 28 00:21:46 2026] POST /v2.0/security-group-rules => generated 596 bytes in 228 msecs (HTTP/1.1 201) 4 headers in 162 bytes (1 switches on core 0)
2026-05-28 00:21:46.903 8 WARNING neutron.scheduler.dhcp_agent_scheduler [None req-7190962b-6110-471a-960a-7987bf0a490a - - - - - -] No more DHCP agents
2026-05-28 00:21:46.913 8 WARNING neutron.api.rpc.agentnotifiers.dhcp_rpc_agent_api [None req-7190962b-6110-471a-960a-7987bf0a490a - - - - - -] Unable to schedule network 79146bab-584d-4228-913f-38071d195be5: no agents available; will retry on subsequent port and subnet creation events. [pid: 7|app: 0|req: 1039/1985] 10.0.0.156 () {32 vars in 724 bytes} [Thu May 28 00:21:46 2026] DELETE /v2.0/subnets/823ff149-161a-447d-a075-1a551fa013af => generated 0 bytes in 190 msecs (HTTP/1.1 204) 3 headers in 131 bytes (1 switches on core 0) [pid: 7|app: 0|req: 1040/1986] 10.0.0.50 () {28 vars in 590 bytes} [Thu May 28 00:21:46 2026] GET /v2.0/subnetpools => generated 19 bytes in 16 msecs (HTTP/1.1 200) 4 headers in 156 bytes (1 switches on core 0)
2026-05-28 00:21:46.974 8 INFO neutron.db.ovn_revision_numbers_db [None req-29dcf1ab-c73b-4fe1-9cf6-09bd602ebb71 - - - - - -] Successfully bumped revision number for resource 1e14b281-0d22-4cfc-b24a-c2d093ce380e (type: ports) to 5
2026-05-28 00:21:47.102 7 INFO neutron.db.ovn_revision_numbers_db [None req-29ce7baa-3524-4394-8465-61cadc4b58b7 5f83d449375c468ba9908892a0572029 c8b282300f474159b240b9b55b8a689f - - default default] Successfully bumped revision number for resource 3cbbd578-03ff-46cd-989b-61a4e1c368ab (type: security_group_rules) to 0 [pid: 7|app: 0|req: 1041/1987] 10.0.0.156 () {34 vars in 695 bytes} [Thu May 28 00:21:46 2026] POST /v2.0/security-group-rules => generated 602 bytes in 175 msecs (HTTP/1.1 201) 4 headers in 162 bytes (1 switches on core 0)
2026-05-28 00:21:47.326 7 INFO neutron_taas.services.taas.taas_plugin [None req-1b8c42f3-cad3-48aa-9d83-b1a166313eba bb3a275f6e204dc4ba296c1316a39f89 bb2cb959bd3944ea996f6d66c5963f19 - - default default] TaaS: Handle Delete Port: f9a5ac26-c736-42ac-91a2-3c68a18cd4c6
2026-05-28 00:21:47.329 7 INFO neutron_taas.services.taas.tap_mirror_plugin [None req-1b8c42f3-cad3-48aa-9d83-b1a166313eba bb3a275f6e204dc4ba296c1316a39f89 bb2cb959bd3944ea996f6d66c5963f19 - - default default] Tap Mirror: Handle Delete Port: f9a5ac26-c736-42ac-91a2-3c68a18cd4c6
2026-05-28 00:21:47.398 8 INFO neutron.db.ovn_revision_numbers_db [None req-7190962b-6110-471a-960a-7987bf0a490a - - - - - -] Successfully bumped revision number for resource 27458ef2-a431-49a1-80ad-3432e8ecca98 (type: ports) to 1
2026-05-28 00:21:47.509 7 INFO neutron.services.segments.plugin [-] Segment 9eec6487-fb5f-4e28-a672-e7cdb692c391 resource provider aggregate not found
2026-05-28 00:21:47.517 7 INFO neutron.services.segments.plugin [-] Segment 9eec6487-fb5f-4e28-a672-e7cdb692c391 resource provider aggregate not found
2026-05-28 00:21:47.535 7 INFO neutron.services.segments.plugin [-] Segment 9eec6487-fb5f-4e28-a672-e7cdb692c391 resource provider not found; error: Placement Client Error (4xx): {"errors": [{"status": 404, "title": "Not Found", "detail": "The resource could not be found.\n\n No resource provider with uuid 9eec6487-fb5f-4e28-a672-e7cdb692c391 found for delete ", "request_id": "req-9f84f709-6967-4471-8fb1-3885de566d30"}]}
2026-05-28 00:21:47.539 7 INFO neutron.services.segments.plugin [-] Segment 9eec6487-fb5f-4e28-a672-e7cdb692c391 resource provider not found; error: Placement Client Error (4xx): {"errors": [{"status": 404, "title": "Not Found", "detail": "The resource could not be found.\n\n No resource provider with uuid 9eec6487-fb5f-4e28-a672-e7cdb692c391 found for delete ", "request_id": "req-f3ea3d63-d655-43e7-871f-50efee590647"}]} [pid: 7|app: 0|req: 1042/1988] 10.0.0.156 () {32 vars in 726 bytes} [Thu May 28 00:21:47 2026] DELETE /v2.0/networks/0e8f09f0-3740-47fe-b442-ec3e8d50fe95 => generated 0 bytes in 423 msecs (HTTP/1.1 204) 3 headers in 131 bytes (1 switches on core 0)
2026-05-28 00:21:47.725 7 INFO neutron.db.ovn_revision_numbers_db [None req-5aeec6d6-c924-4d71-8719-551937b42c52 5f83d449375c468ba9908892a0572029 c8b282300f474159b240b9b55b8a689f - - default default] Successfully bumped revision number for resource b86b92cf-de83-40f7-9da2-833376dfbb6e (type: security_group_rules) to 0 [pid: 7|app: 0|req: 1043/1989] 10.0.0.156 () {34 vars in 695 bytes} [Thu May 28 00:21:47 2026] POST /v2.0/security-group-rules => generated 601 bytes in 191 msecs (HTTP/1.1 201) 4 headers in 162 bytes (1 switches on core 0)
2026-05-28 00:21:47.818 8 INFO neutron.db.ovn_revision_numbers_db [None req-61cc182c-d48a-4b23-a893-e2e4347d8ac9 - - - - - -] Successfully bumped revision number for resource 6d3f1ee4-8779-43e4-bd20-11fe0f033e6c (type: ports) to 2
2026-05-28 00:21:48.136 7 WARNING neutron.scheduler.dhcp_agent_scheduler [None req-571a1191-b5ba-41b6-8e0f-3f64b33e5e45 bb3a275f6e204dc4ba296c1316a39f89 bb2cb959bd3944ea996f6d66c5963f19 - - default default] No more DHCP agents
2026-05-28 00:21:48.137 7 WARNING neutron.api.rpc.agentnotifiers.dhcp_rpc_agent_api [None req-571a1191-b5ba-41b6-8e0f-3f64b33e5e45 bb3a275f6e204dc4ba296c1316a39f89 bb2cb959bd3944ea996f6d66c5963f19 - - default default] Unable to schedule network 71e13e28-a49e-4c01-bdcf-0070f82ef240: no agents available; will retry on subsequent port and subnet creation events.
2026-05-28 00:21:48.318 7 INFO neutron.db.ovn_revision_numbers_db [None req-571a1191-b5ba-41b6-8e0f-3f64b33e5e45 bb3a275f6e204dc4ba296c1316a39f89 bb2cb959bd3944ea996f6d66c5963f19 - - default default] Successfully bumped revision number for resource 10e68028-fa39-4088-8f4e-e205e979eed7 (type: ports) to 1
2026-05-28 00:21:48.386 8 WARNING neutron.scheduler.dhcp_agent_scheduler [None req-7190962b-6110-471a-960a-7987bf0a490a - - - - - -] No more DHCP agents
2026-05-28 00:21:48.388 8 WARNING neutron.api.rpc.agentnotifiers.dhcp_rpc_agent_api [None req-7190962b-6110-471a-960a-7987bf0a490a - - - - - -] Unable to schedule network 79146bab-584d-4228-913f-38071d195be5: no agents available; will retry on subsequent port and subnet creation events.
2026-05-28 00:21:48.941 7 INFO neutron.plugins.ml2.drivers.ovn.mech_driver.ovsdb.commands [-] Schedule LRP lrp-10e68028-fa39-4088-8f4e-e205e979eed7 on gateway ac0ea211-242e-4a45-8724-f0169742b198 with priority 1
2026-05-28 00:21:49.021 8 INFO neutron.db.ovn_revision_numbers_db [None req-7190962b-6110-471a-960a-7987bf0a490a - - - - - -] Successfully bumped revision number for resource 27458ef2-a431-49a1-80ad-3432e8ecca98 (type: router_ports) to 1
2026-05-28 00:21:49.070 7 INFO neutron.db.ovn_revision_numbers_db [None req-571a1191-b5ba-41b6-8e0f-3f64b33e5e45 bb3a275f6e204dc4ba296c1316a39f89 bb2cb959bd3944ea996f6d66c5963f19 - - default default] Successfully bumped revision number for resource 10e68028-fa39-4088-8f4e-e205e979eed7 (type: router_ports) to 1
2026-05-28 00:21:49.154 7 INFO neutron.db.ovn_revision_numbers_db [None req-571a1191-b5ba-41b6-8e0f-3f64b33e5e45 bb3a275f6e204dc4ba296c1316a39f89 bb2cb959bd3944ea996f6d66c5963f19 - - default default] Successfully bumped revision number for resource 05cf092c-4eb6-4803-ab71-291a70c609bd (type: routers) to 2 [pid: 7|app: 0|req: 1044/1990] 10.0.0.156 () {34 vars in 669 bytes} [Thu May 28 00:21:47 2026] POST /v2.0/routers => generated 951 bytes in 1414 msecs (HTTP/1.1 201) 4 headers in 162 bytes (1 switches on core 0)
2026-05-28 00:21:49.196 7 INFO neutron.db.securitygroups_db [None req-95644ca5-82a8-41bd-81d6-50fe649de538 5f83d449375c468ba9908892a0572029 c8b282300f474159b240b9b55b8a689f - - default default] Project c8b282300f474159b240b9b55b8a689f added a security group rule with legacy IPv6 ICMP protocol name icmp, ipv6-icmp should be used instead. It was automatically converted.
2026-05-28 00:21:49.232 8 WARNING neutron.scheduler.dhcp_agent_scheduler [None req-7190962b-6110-471a-960a-7987bf0a490a - - - - - -] No more DHCP agents
2026-05-28 00:21:49.233 8 WARNING neutron.api.rpc.agentnotifiers.dhcp_rpc_agent_api [None req-7190962b-6110-471a-960a-7987bf0a490a - - - - - -] Unable to schedule network 79146bab-584d-4228-913f-38071d195be5: no agents available; will retry on subsequent port and subnet creation events.
2026-05-28 00:21:49.343 7 INFO neutron.db.ovn_revision_numbers_db [None req-95644ca5-82a8-41bd-81d6-50fe649de538 5f83d449375c468ba9908892a0572029 c8b282300f474159b240b9b55b8a689f - - default default] Successfully bumped revision number for resource 2c265df4-e439-4303-aae5-e1bb7fcf84d7 (type: security_group_rules) to 0 [pid: 7|app: 0|req: 1045/1991] 10.0.0.156 () {34 vars in 695 bytes} [Thu May 28 00:21:49 2026] POST /v2.0/security-group-rules => generated 607 bytes in 229 msecs (HTTP/1.1 201) 4 headers in 162 bytes (1 switches on core 0)
2026-05-28 00:21:49.407 8 INFO neutron.db.ovn_revision_numbers_db [None req-7190962b-6110-471a-960a-7987bf0a490a - - - - - -] Successfully bumped revision number for resource 38cdb72b-ab53-423d-8423-e0f7ab5bd31b (type: ports) to 1
2026-05-28 00:21:49.627 8 INFO neutron.db.ovn_revision_numbers_db [None req-7190962b-6110-471a-960a-7987bf0a490a - - - - - -] Successfully bumped revision number for resource 38cdb72b-ab53-423d-8423-e0f7ab5bd31b (type: ports) to 3
2026-05-28 00:21:49.704 7 INFO neutron.db.ovn_revision_numbers_db [None req-c1e3068d-a704-4214-9d5e-09429b4c9a9e db45ff1dd19f4efa85aaae7f7a7d1c39 32e33939c9684eceb14ac487408837ea - - default default] Successfully bumped revision number for resource 92a43aa5-6e95-47bd-9373-e5ccac792ac2 (type: security_groups) to 1
2026-05-28 00:21:49.715 7 INFO neutron.db.ovn_revision_numbers_db [None req-c1e3068d-a704-4214-9d5e-09429b4c9a9e db45ff1dd19f4efa85aaae7f7a7d1c39 32e33939c9684eceb14ac487408837ea - - default default] Successfully bumped revision number for resource 2a85db0e-4337-4aa9-9f05-5f94f02372ed (type: security_group_rules) to 0
2026-05-28 00:21:49.726 7 INFO neutron.db.ovn_revision_numbers_db [None req-c1e3068d-a704-4214-9d5e-09429b4c9a9e db45ff1dd19f4efa85aaae7f7a7d1c39 32e33939c9684eceb14ac487408837ea - - default default] Successfully bumped revision number for resource 6fe58006-83f1-4b49-a8d9-de63f6dd5642 (type: security_group_rules) to 0
2026-05-28 00:21:49.738 7 INFO neutron.db.ovn_revision_numbers_db [None req-c1e3068d-a704-4214-9d5e-09429b4c9a9e db45ff1dd19f4efa85aaae7f7a7d1c39 32e33939c9684eceb14ac487408837ea - - default default] Successfully bumped revision number for resource 737216a9-6863-4611-92fd-2eb8e9d645fa (type: security_group_rules) to 0
2026-05-28 00:21:49.749 7 INFO neutron.db.ovn_revision_numbers_db [None req-c1e3068d-a704-4214-9d5e-09429b4c9a9e db45ff1dd19f4efa85aaae7f7a7d1c39 32e33939c9684eceb14ac487408837ea - - default default] Successfully bumped revision number for resource d8dc9b5e-64b4-48df-b887-b4a364730d7e (type: security_group_rules) to 0
2026-05-28 00:21:49.820 7 INFO neutron.db.segments_db [None req-c1e3068d-a704-4214-9d5e-09429b4c9a9e db45ff1dd19f4efa85aaae7f7a7d1c39 32e33939c9684eceb14ac487408837ea - - default default] Added segment 077d42f7-b362-4eff-92c5-c0e91e7ab91f of type geneve for network f2936c25-55e3-4a27-aade-2df44da9333b [pid: 8|app: 0|req: 947/1992] 10.0.0.156 () {34 vars in 685 bytes} [Thu May 28 00:21:42 2026] POST /v2.0/vpn/vpnservices => generated 458 bytes in 7744 msecs (HTTP/1.1 201) 4 headers in 162 bytes (1 switches on core 0) [pid: 8|app: 0|req: 948/1993] 10.0.0.156 () {32 vars in 721 bytes} [Thu May 28 00:21:49 2026] GET /v2.0/routers/05cf092c-4eb6-4803-ab71-291a70c609bd => generated 957 bytes in 77 msecs (HTTP/1.1 200) 4 headers in 157 bytes (1 switches on core 0)
2026-05-28 00:21:49.934 7 INFO neutron.db.ovn_revision_numbers_db [None req-c1e3068d-a704-4214-9d5e-09429b4c9a9e db45ff1dd19f4efa85aaae7f7a7d1c39 32e33939c9684eceb14ac487408837ea - - default default] Successfully bumped revision number for resource f2936c25-55e3-4a27-aade-2df44da9333b (type: networks) to 1
2026-05-28 00:21:49.982 8 INFO neutron.db.securitygroups_db [None req-13a40666-9566-4f2a-b6bc-18e875bcdb32 5f83d449375c468ba9908892a0572029 c8b282300f474159b240b9b55b8a689f - - default default] Project c8b282300f474159b240b9b55b8a689f added a security group rule with legacy IPv6 ICMP protocol name icmp, ipv6-icmp should be used instead. It was automatically converted.
2026-05-28 00:21:50.055 7 WARNING neutron.scheduler.dhcp_agent_scheduler [None req-c1e3068d-a704-4214-9d5e-09429b4c9a9e db45ff1dd19f4efa85aaae7f7a7d1c39 32e33939c9684eceb14ac487408837ea - - default default] No more DHCP agents
2026-05-28 00:21:50.057 7 WARNING neutron.api.rpc.agentnotifiers.dhcp_rpc_agent_api [None req-c1e3068d-a704-4214-9d5e-09429b4c9a9e db45ff1dd19f4efa85aaae7f7a7d1c39 32e33939c9684eceb14ac487408837ea - - default default] Unable to schedule network f2936c25-55e3-4a27-aade-2df44da9333b: no agents available; will retry on subsequent port and subnet creation events.
2026-05-28 00:21:50.140 8 INFO neutron.db.ovn_revision_numbers_db [None req-13a40666-9566-4f2a-b6bc-18e875bcdb32 5f83d449375c468ba9908892a0572029 c8b282300f474159b240b9b55b8a689f - - default default] Successfully bumped revision number for resource 72898af1-f348-4c41-a9d3-86c32b69e6bd (type: security_group_rules) to 0 [pid: 8|app: 0|req: 949/1994] 10.0.0.156 () {34 vars in 695 bytes} [Thu May 28 00:21:49 2026] POST /v2.0/security-group-rules => generated 606 bytes in 257 msecs (HTTP/1.1 201) 4 headers in 162 bytes (1 switches on core 0)
2026-05-28 00:21:50.192 7 INFO neutron.db.ovn_revision_numbers_db [None req-c1e3068d-a704-4214-9d5e-09429b4c9a9e db45ff1dd19f4efa85aaae7f7a7d1c39 32e33939c9684eceb14ac487408837ea - - default default] Successfully bumped revision number for resource feaec0d5-6efa-4a05-b5b1-e98bc31370dd (type: ports) to 1 [pid: 8|app: 0|req: 950/1995] 10.0.0.156 () {32 vars in 663 bytes} [Thu May 28 00:21:50 2026] GET /v2.0/vpn/vpnservices => generated 1314 bytes in 17 msecs (HTTP/1.1 200) 4 headers in 158 bytes (1 switches on core 0) [pid: 7|app: 0|req: 1046/1996] 10.0.0.156 () {34 vars in 670 bytes} [Thu May 28 00:21:49 2026] POST /v2.0/networks => generated 729 bytes in 814 msecs (HTTP/1.1 201) 4 headers in 162 bytes (1 switches on core 0) [pid: 8|app: 0|req: 951/1997] 10.0.0.156 () {32 vars in 647 bytes} [Thu May 28 00:21:50 2026] GET /v2.0/routers => generated 960 bytes in 90 msecs (HTTP/1.1 200) 4 headers in 157 bytes (1 switches on core 0)
2026-05-28 00:21:50.409 8 WARNING neutron.scheduler.dhcp_agent_scheduler [None req-cc379b40-bbc3-485c-866a-18c0a91c6e04 db45ff1dd19f4efa85aaae7f7a7d1c39 32e33939c9684eceb14ac487408837ea - - default default] No more DHCP agents
2026-05-28 00:21:50.410 8 WARNING neutron.api.rpc.agentnotifiers.dhcp_rpc_agent_api [None req-cc379b40-bbc3-485c-866a-18c0a91c6e04 db45ff1dd19f4efa85aaae7f7a7d1c39 32e33939c9684eceb14ac487408837ea - - default default] Unable to schedule network f2936c25-55e3-4a27-aade-2df44da9333b: no agents available; will retry on subsequent port and subnet creation events.
2026-05-28 00:21:50.524 7 INFO neutron_taas.services.taas.taas_plugin [None req-ade75403-45f6-4605-a3d8-e4a72152af9b 3c51cd75c80a4f0284fba26f87066827 8a442e2945dc49889f3bfce769154a8f - - default default] TaaS: Handle Delete Port: 8af889b4-2fa2-4106-a655-049810798271
2026-05-28 00:21:50.526 7 INFO neutron_taas.services.taas.tap_mirror_plugin [None req-ade75403-45f6-4605-a3d8-e4a72152af9b 3c51cd75c80a4f0284fba26f87066827 8a442e2945dc49889f3bfce769154a8f - - default default] Tap Mirror: Handle Delete Port: 8af889b4-2fa2-4106-a655-049810798271
2026-05-28 00:21:50.812 7 INFO neutron_taas.services.taas.taas_plugin [None req-857e2b37-4865-4f72-8ea1-86844b847837 - - - - - -] TaaS: Handle Delete Port: 38cdb72b-ab53-423d-8423-e0f7ab5bd31b
2026-05-28 00:21:50.815 7 INFO neutron_taas.services.taas.tap_mirror_plugin [None req-857e2b37-4865-4f72-8ea1-86844b847837 - - - - - -] Tap Mirror: Handle Delete Port: 38cdb72b-ab53-423d-8423-e0f7ab5bd31b
2026-05-28 00:21:50.912 8 INFO neutron.db.ovn_revision_numbers_db [None req-03e78c17-3b29-4e88-98d1-940d63dcf100 - - - - - -] Successfully bumped revision number for resource feaec0d5-6efa-4a05-b5b1-e98bc31370dd (type: ports) to 2
2026-05-28 00:21:50.941 8 INFO neutron.db.ovn_revision_numbers_db [None req-03e78c17-3b29-4e88-98d1-940d63dcf100 - - - - - -] Successfully bumped revision number for resource 20543689-8c91-406e-8466-dfa2a64266e9 (type: subnets) to 0 [pid: 8|app: 0|req: 952/1998] 10.0.0.156 () {34 vars in 669 bytes} [Thu May 28 00:21:50 2026] POST /v2.0/subnets => generated 644 bytes in 662 msecs (HTTP/1.1 201) 4 headers in 162 bytes (1 switches on core 0)
2026-05-28 00:21:51.250 7 INFO neutron_taas.services.taas.taas_plugin [None req-f3977612-69bd-484a-8aa5-f33d5e5cd9bc - - - - - -] TaaS: Handle Delete Port: 27458ef2-a431-49a1-80ad-3432e8ecca98
2026-05-28 00:21:51.253 7 INFO neutron_taas.services.taas.tap_mirror_plugin [None req-f3977612-69bd-484a-8aa5-f33d5e5cd9bc - - - - - -] Tap Mirror: Handle Delete Port: 27458ef2-a431-49a1-80ad-3432e8ecca98
2026-05-28 00:21:51.374 8 INFO neutron.db.ovn_revision_numbers_db [None req-7d84a9f4-d851-4cb6-8c53-1d2855e9872d bb3a275f6e204dc4ba296c1316a39f89 bb2cb959bd3944ea996f6d66c5963f19 - - default default] Successfully bumped revision number for resource 05cf092c-4eb6-4803-ab71-291a70c609bd (type: routers) to 3 [pid: 8|app: 0|req: 953/1999] 10.0.0.156 () {34 vars in 741 bytes} [Thu May 28 00:21:50 2026] PUT /v2.0/routers/05cf092c-4eb6-4803-ab71-291a70c609bd => generated 964 bytes in 424 msecs (HTTP/1.1 200) 4 headers in 157 bytes (1 switches on core 0)
2026-05-28 00:21:51.563 8 INFO neutron.db.ovn_revision_numbers_db [None req-53471ae1-1d11-4549-bd2c-cb49b0239e28 5f83d449375c468ba9908892a0572029 c8b282300f474159b240b9b55b8a689f - - default default] Successfully bumped revision number for resource 8d4c2da4-5940-4fc2-a9ba-6feb3d00d847 (type: security_groups) to 1
2026-05-28 00:21:51.576 8 INFO neutron.db.ovn_revision_numbers_db [None req-53471ae1-1d11-4549-bd2c-cb49b0239e28 5f83d449375c468ba9908892a0572029 c8b282300f474159b240b9b55b8a689f - - default default] Successfully bumped revision number for resource 122aa617-591e-4517-afce-f817a8958b0d (type: security_group_rules) to 0
2026-05-28 00:21:51.590 8 INFO neutron.db.ovn_revision_numbers_db [None req-53471ae1-1d11-4549-bd2c-cb49b0239e28 5f83d449375c468ba9908892a0572029 c8b282300f474159b240b9b55b8a689f - - default default] Successfully bumped revision number for resource cf36970e-a7b6-445d-8f6f-468fd0f42926 (type: security_group_rules) to 0 [pid: 8|app: 0|req: 954/2000] 10.0.0.156 () {34 vars in 685 bytes} [Thu May 28 00:21:51 2026] POST /v2.0/security-groups => generated 1660 bytes in 253 msecs (HTTP/1.1 201) 4 headers in 163 bytes (1 switches on core 0)
2026-05-28 00:21:51.639 8 WARNING neutron.api.v2.base [None req-76ca9c51-82a4-44c0-9ca9-b7f49589fb8a db45ff1dd19f4efa85aaae7f7a7d1c39 32e33939c9684eceb14ac487408837ea - - default default] An exception happened while processing the request body. The exception message is [Invalid input for target_tenant. Reason: 'None' is not a valid string.].: webob.exc.HTTPBadRequest: Invalid input for target_tenant. Reason: 'None' is not a valid string.
2026-05-28 00:21:51.640 8 INFO neutron.api.v2.resource [None req-76ca9c51-82a4-44c0-9ca9-b7f49589fb8a db45ff1dd19f4efa85aaae7f7a7d1c39 32e33939c9684eceb14ac487408837ea - - default default] create failed (client error): Invalid input for target_tenant. Reason: 'None' is not a valid string. [pid: 8|app: 0|req: 955/2001] 10.0.0.156 () {34 vars in 681 bytes} [Thu May 28 00:21:51 2026] POST /v2.0/rbac-policies => generated 143 bytes in 6 msecs (HTTP/1.1 400) 4 headers in 166 bytes (1 switches on core 0) [pid: 8|app: 0|req: 956/2002] 10.0.0.156 () {32 vars in 721 bytes} [Thu May 28 00:21:51 2026] GET /v2.0/routers/05cf092c-4eb6-4803-ab71-291a70c609bd => generated 964 bytes in 55 msecs (HTTP/1.1 200) 4 headers in 157 bytes (1 switches on core 0)
2026-05-28 00:21:51.822 8 INFO neutron.db.ovn_revision_numbers_db [None req-0364f3c9-f782-46dc-87e1-d12afcfd2dd3 5f83d449375c468ba9908892a0572029 c8b282300f474159b240b9b55b8a689f - - default default] Successfully bumped revision number for resource a68263d9-7d80-4eee-a086-d5ffcb6470ba (type: security_group_rules) to 0 [pid: 8|app: 0|req: 957/2003] 10.0.0.156 () {34 vars in 695 bytes} [Thu May 28 00:21:51 2026] POST /v2.0/security-group-rules => generated 597 bytes in 159 msecs (HTTP/1.1 201) 4 headers in 162 bytes (1 switches on core 0)
2026-05-28 00:21:52.001 8 INFO neutron_taas.services.taas.taas_plugin [None req-ef099f82-f943-49aa-8d29-1378537170b0 db45ff1dd19f4efa85aaae7f7a7d1c39 32e33939c9684eceb14ac487408837ea - - default default] TaaS: Handle Delete Port: feaec0d5-6efa-4a05-b5b1-e98bc31370dd
2026-05-28 00:21:52.004 8 INFO neutron_taas.services.taas.tap_mirror_plugin [None req-ef099f82-f943-49aa-8d29-1378537170b0 db45ff1dd19f4efa85aaae7f7a7d1c39 32e33939c9684eceb14ac487408837ea - - default default] Tap Mirror: Handle Delete Port: feaec0d5-6efa-4a05-b5b1-e98bc31370dd
2026-05-28 00:21:52.181 7 INFO neutron_taas.services.taas.taas_plugin [None req-f3977612-69bd-484a-8aa5-f33d5e5cd9bc - - - - - -] TaaS: Handle Delete Port: 838f228f-74fd-4806-b8ad-a58fdb2a1d3c
2026-05-28 00:21:52.185 7 INFO neutron_taas.services.taas.tap_mirror_plugin [None req-f3977612-69bd-484a-8aa5-f33d5e5cd9bc - - - - - -] Tap Mirror: Handle Delete Port: 838f228f-74fd-4806-b8ad-a58fdb2a1d3c
2026-05-28 00:21:52.308 8 INFO neutron.services.segments.plugin [-] Segment 077d42f7-b362-4eff-92c5-c0e91e7ab91f resource provider aggregate not found
2026-05-28 00:21:52.312 8 INFO neutron.services.segments.plugin [-] Segment 077d42f7-b362-4eff-92c5-c0e91e7ab91f resource provider aggregate not found
2026-05-28 00:21:52.331 8 INFO neutron.services.segments.plugin [-] Segment 077d42f7-b362-4eff-92c5-c0e91e7ab91f resource provider not found; error: Placement Client Error (4xx): {"errors": [{"status": 404, "title": "Not Found", "detail": "The resource could not be found.\n\n No resource provider with uuid 077d42f7-b362-4eff-92c5-c0e91e7ab91f found for delete ", "request_id": "req-0fbe11e1-3b03-4bef-ad97-fe4113daba80"}]}
2026-05-28 00:21:52.334 8 INFO neutron.services.segments.plugin [-] Segment 077d42f7-b362-4eff-92c5-c0e91e7ab91f resource provider not found; error: Placement Client Error (4xx): {"errors": [{"status": 404, "title": "Not Found", "detail": "The resource could not be found.\n\n No resource provider with uuid 077d42f7-b362-4eff-92c5-c0e91e7ab91f found for delete ", "request_id": "req-c50f422a-eaba-49ed-a717-0f3fba8e5804"}]} [pid: 8|app: 0|req: 958/2004] 10.0.0.156 () {32 vars in 726 bytes} [Thu May 28 00:21:51 2026] DELETE /v2.0/networks/f2936c25-55e3-4a27-aade-2df44da9333b => generated 0 bytes in 526 msecs (HTTP/1.1 204) 3 headers in 131 bytes (1 switches on core 0) [pid: 8|app: 0|req: 959/2005] 10.0.0.156 () {32 vars in 736 bytes} [Thu May 28 00:21:52 2026] GET /v2.0/ports?device_id=05cf092c-4eb6-4803-ab71-291a70c609bd => generated 12 bytes in 15 msecs (HTTP/1.1 200) 4 headers in 156 bytes (1 switches on core 0)
2026-05-28 00:21:52.415 7 INFO neutron.services.segments.plugin [-] Segment 5dbd1167-92ba-45ad-803b-95bb3a2298be resource provider aggregate not found
2026-05-28 00:21:52.420 7 INFO neutron.services.segments.plugin [-] Segment 5dbd1167-92ba-45ad-803b-95bb3a2298be resource provider aggregate not found
2026-05-28 00:21:52.438 7 INFO neutron.services.segments.plugin [-] Segment 5dbd1167-92ba-45ad-803b-95bb3a2298be resource provider not found; error: Placement Client Error (4xx): {"errors": [{"status": 404, "title": "Not Found", "detail": "The resource could not be found.\n\n No resource provider with uuid 5dbd1167-92ba-45ad-803b-95bb3a2298be found for delete ", "request_id": "req-4f530cbb-9719-4594-a920-2154850af839"}]}
2026-05-28 00:21:52.441 7 INFO neutron.services.segments.plugin [-] Segment 5dbd1167-92ba-45ad-803b-95bb3a2298be resource provider not found; error: Placement Client Error (4xx): {"errors": [{"status": 404, "title": "Not Found", "detail": "The resource could not be found.\n\n No resource provider with uuid 5dbd1167-92ba-45ad-803b-95bb3a2298be found for delete ", "request_id": "req-b01b3589-353a-44c4-a115-0ccb75555b06"}]} [pid: 7|app: 0|req: 1047/2006] 10.0.0.156 () {32 vars in 740 bytes} [Thu May 28 00:21:50 2026] DELETE /v2.0/vpn/vpnservices/42f452f4-6499-49c5-a037-8854e08dba05 => generated 0 bytes in 2257 msecs (HTTP/1.1 204) 2 headers in 112 bytes (1 switches on core 0) /var/lib/openstack/lib/python3.12/site-packages/pycadf/identifier.py:70: UserWarning: Invalid uuid: neutron. To ensure interoperability, identifiers should be a valid uuid. warnings.warn(('Invalid uuid: %s. To ensure interoperability, '
2026-05-28 00:21:52.556 7 INFO neutron.db.segments_db [None req-e43879c2-1399-48dd-aa02-8b161e24bbd0 db45ff1dd19f4efa85aaae7f7a7d1c39 32e33939c9684eceb14ac487408837ea - - default default] Added segment 1d0e4939-8898-4b51-bb0f-c685af0232a0 of type geneve for network 908c2d47-5601-4543-bc8c-a41bc2a58d6c
2026-05-28 00:21:52.558 8 INFO neutron.db.ovn_revision_numbers_db [None req-0fbafbb0-40ed-462c-8697-9dcf50d387e9 5f83d449375c468ba9908892a0572029 c8b282300f474159b240b9b55b8a689f - - default default] Successfully bumped revision number for resource ce9f8aa6-46c0-4eab-945a-160c9ba98e1e (type: security_group_rules) to 0 [pid: 8|app: 0|req: 960/2007] 10.0.0.156 () {34 vars in 695 bytes} [Thu May 28 00:21:52 2026] POST /v2.0/security-group-rules => generated 602 bytes in 190 msecs (HTTP/1.1 201) 4 headers in 162 bytes (1 switches on core 0)
2026-05-28 00:21:52.671 7 INFO neutron.db.ovn_revision_numbers_db [None req-e43879c2-1399-48dd-aa02-8b161e24bbd0 db45ff1dd19f4efa85aaae7f7a7d1c39 32e33939c9684eceb14ac487408837ea - - default default] Successfully bumped revision number for resource 908c2d47-5601-4543-bc8c-a41bc2a58d6c (type: networks) to 1
2026-05-28 00:21:52.823 7 WARNING neutron.scheduler.dhcp_agent_scheduler [None req-e43879c2-1399-48dd-aa02-8b161e24bbd0 db45ff1dd19f4efa85aaae7f7a7d1c39 32e33939c9684eceb14ac487408837ea - - default default] No more DHCP agents
2026-05-28 00:21:52.825 7 WARNING neutron.api.rpc.agentnotifiers.dhcp_rpc_agent_api [None req-e43879c2-1399-48dd-aa02-8b161e24bbd0 db45ff1dd19f4efa85aaae7f7a7d1c39 32e33939c9684eceb14ac487408837ea - - default default] Unable to schedule network 908c2d47-5601-4543-bc8c-a41bc2a58d6c: no agents available; will retry on subsequent port and subnet creation events.
2026-05-28 00:21:52.935 7 INFO neutron.db.ovn_revision_numbers_db [None req-e43879c2-1399-48dd-aa02-8b161e24bbd0 db45ff1dd19f4efa85aaae7f7a7d1c39 32e33939c9684eceb14ac487408837ea - - default default] Successfully bumped revision number for resource 70633653-ca53-482f-ad63-c1003e38c321 (type: ports) to 1
2026-05-28 00:21:52.948 8 WARNING neutron.plugins.ml2.drivers.ovn.mech_driver.ovsdb.ovn_client [None req-d2e5dfb2-36c3-4fdd-b098-246732dceea3 - - - - - -] No hosting information found for port 6d3f1ee4-8779-43e4-bd20-11fe0f033e6c: RuntimeError: No hosting information found for port 6d3f1ee4-8779-43e4-bd20-11fe0f033e6c [pid: 7|app: 0|req: 1048/2008] 10.0.0.156 () {34 vars in 670 bytes} [Thu May 28 00:21:52 2026] POST /v2.0/networks => generated 729 bytes in 483 msecs (HTTP/1.1 201) 4 headers in 162 bytes (1 switches on core 0)
2026-05-28 00:21:52.970 8 INFO neutron_taas.services.taas.taas_plugin [None req-de71f86f-6fda-432c-ab0f-1dc4d80069fd bb3a275f6e204dc4ba296c1316a39f89 bb2cb959bd3944ea996f6d66c5963f19 - - default default] TaaS: Handle Delete Port: 10e68028-fa39-4088-8f4e-e205e979eed7
