2026-05-28 00:21:26.835 8 WARNING neutron.api.rpc.agentnotifiers.dhcp_rpc_agent_api [None req-aa63a6d4-9edd-473f-b3dd-c02a71d10667 1af634161e564c66ae65c310e6ed2d0d 77e2deb1040947fa8b4f749f43c5e66d - - default default] Unable to schedule network c6cad777-117f-4905-9030-57ec2e94a563: no agents available; will retry on subsequent port and subnet creation events. [pid: 7|app: 0|req: 989/1902] 10.0.0.156 () {32 vars in 740 bytes} [Thu May 28 00:21:26 2026] DELETE /v2.0/security-groups/4625da11-6b0c-4e46-947f-41c9a2a461aa => generated 0 bytes in 260 msecs (HTTP/1.1 204) 2 headers in 112 bytes (1 switches on core 0) [pid: 7|app: 0|req: 990/1903] 10.0.0.66 () {34 vars in 989 bytes} [Thu May 28 00:21:27 2026] GET /v2.0/ports?device_id=6103441f-92d1-4125-8992-a1b52f0309d4 => generated 971 bytes in 29 msecs (HTTP/1.1 200) 4 headers in 157 bytes (1 switches on core 0)
2026-05-28 00:21:27.301 8 INFO neutron.db.ovn_revision_numbers_db [None req-aa63a6d4-9edd-473f-b3dd-c02a71d10667 1af634161e564c66ae65c310e6ed2d0d 77e2deb1040947fa8b4f749f43c5e66d - - default default] Successfully bumped revision number for resource 5ce352f7-c5f1-4b50-8c0b-84d9655e5a6f (type: router_ports) to 1 [pid: 8|app: 0|req: 914/1904] 10.0.0.156 () {34 vars in 783 bytes} [Thu May 28 00:21:24 2026] PUT /v2.0/routers/aa6de3a1-4230-490d-85ab-4ece5fd061d3/add_router_interface => generated 309 bytes in 2481 msecs (HTTP/1.1 200) 4 headers in 157 bytes (1 switches on core 0)
2026-05-28 00:21:27.331 7 WARNING neutron.scheduler.dhcp_agent_scheduler [None req-8c4ffca1-8c29-418d-906d-36128441dff3 bb3a275f6e204dc4ba296c1316a39f89 bb2cb959bd3944ea996f6d66c5963f19 - - default default] No more DHCP agents
2026-05-28 00:21:27.332 7 WARNING neutron.api.rpc.agentnotifiers.dhcp_rpc_agent_api [None req-8c4ffca1-8c29-418d-906d-36128441dff3 bb3a275f6e204dc4ba296c1316a39f89 bb2cb959bd3944ea996f6d66c5963f19 - - default default] Unable to schedule network 0e8f09f0-3740-47fe-b442-ec3e8d50fe95: no agents available; will retry on subsequent port and subnet creation events. [pid: 8|app: 0|req: 915/1905] 10.0.0.66 () {34 vars in 1039 bytes} [Thu May 28 00:21:27 2026] GET /v2.0/security-groups?id=44b3a3b6-c023-4460-a2a7-83bb2e2495cb&fields=id&fields=name => generated 88 bytes in 26 msecs (HTTP/1.1 200) 4 headers in 156 bytes (1 switches on core 0)
2026-05-28 00:21:27.365 7 INFO neutron.db.ovn_revision_numbers_db [None req-8c4ffca1-8c29-418d-906d-36128441dff3 bb3a275f6e204dc4ba296c1316a39f89 bb2cb959bd3944ea996f6d66c5963f19 - - default default] Successfully bumped revision number for resource 823ff149-161a-447d-a075-1a551fa013af (type: subnets) to 0 [pid: 7|app: 0|req: 991/1906] 10.0.0.156 () {34 vars in 669 bytes} [Thu May 28 00:21:27 2026] POST /v2.0/subnets => generated 646 bytes in 279 msecs (HTTP/1.1 201) 4 headers in 162 bytes (1 switches on core 0)
2026-05-28 00:21:27.505 7 INFO neutron.db.ovn_revision_numbers_db [None req-f63799bb-22bc-43cb-be95-6f45232bee1d bb3a275f6e204dc4ba296c1316a39f89 bb2cb959bd3944ea996f6d66c5963f19 - - default default] Successfully bumped revision number for resource 66ab4b7b-c068-4ba4-bba9-e7fe61e87543 (type: routers) to 1 [pid: 7|app: 0|req: 992/1907] 10.0.0.156 () {34 vars in 669 bytes} [Thu May 28 00:21:27 2026] POST /v2.0/routers => generated 606 bytes in 130 msecs (HTTP/1.1 201) 4 headers in 162 bytes (1 switches on core 0)
2026-05-28 00:21:27.878 7 WARNING neutron.scheduler.dhcp_agent_scheduler [None req-b7adb38c-96c9-49d0-a4b9-1b345736c5d1 bb3a275f6e204dc4ba296c1316a39f89 bb2cb959bd3944ea996f6d66c5963f19 - - default default] No more DHCP agents
2026-05-28 00:21:27.879 7 WARNING neutron.api.rpc.agentnotifiers.dhcp_rpc_agent_api [None req-b7adb38c-96c9-49d0-a4b9-1b345736c5d1 bb3a275f6e204dc4ba296c1316a39f89 bb2cb959bd3944ea996f6d66c5963f19 - - default default] Unable to schedule network 0e8f09f0-3740-47fe-b442-ec3e8d50fe95: no agents available; will retry on subsequent port and subnet creation events.
2026-05-28 00:21:27.905 8 WARNING neutron.scheduler.dhcp_agent_scheduler [None req-d3de90d7-5a5d-4d2d-8b0f-d35f494af6b5 - - - - - -] No more DHCP agents
2026-05-28 00:21:27.906 8 WARNING neutron.api.rpc.agentnotifiers.dhcp_rpc_agent_api [None req-d3de90d7-5a5d-4d2d-8b0f-d35f494af6b5 - - - - - -] Unable to schedule network 71e13e28-a49e-4c01-bdcf-0070f82ef240: no agents available; will retry on subsequent port and subnet creation events.
2026-05-28 00:21:28.011 7 INFO neutron.db.ovn_revision_numbers_db [None req-b7adb38c-96c9-49d0-a4b9-1b345736c5d1 bb3a275f6e204dc4ba296c1316a39f89 bb2cb959bd3944ea996f6d66c5963f19 - - default default] Successfully bumped revision number for resource 1d31037c-364c-44ed-9bc7-7d907fab5330 (type: ports) to 1
2026-05-28 00:21:28.122 8 INFO neutron.db.ovn_revision_numbers_db [None req-d3de90d7-5a5d-4d2d-8b0f-d35f494af6b5 - - - - - -] Successfully bumped revision number for resource 585cd3b3-6e8a-4c54-ae6f-1e1ff8a381df (type: ports) to 1
2026-05-28 00:21:28.388 8 INFO neutron.db.ovn_revision_numbers_db [None req-d3de90d7-5a5d-4d2d-8b0f-d35f494af6b5 - - - - - -] Successfully bumped revision number for resource 585cd3b3-6e8a-4c54-ae6f-1e1ff8a381df (type: ports) to 3
2026-05-28 00:21:28.454 8 INFO neutron.db.segments_db [None req-d3de90d7-5a5d-4d2d-8b0f-d35f494af6b5 - - - - - -] Added segment 0118e2fe-af7b-4826-9b06-dad3076ddaf6 of type geneve for network 4f4952b8-7be6-495c-834b-d618b657ac01
2026-05-28 00:21:28.645 8 INFO neutron.db.ovn_revision_numbers_db [None req-c7b0bca1-5902-4d7b-b906-96f83ea16b1e - - - - - -] Successfully bumped revision number for resource 4f4952b8-7be6-495c-834b-d618b657ac01 (type: networks) to 1
2026-05-28 00:21:28.649 7 WARNING neutron.scheduler.dhcp_agent_scheduler [None req-b7adb38c-96c9-49d0-a4b9-1b345736c5d1 bb3a275f6e204dc4ba296c1316a39f89 bb2cb959bd3944ea996f6d66c5963f19 - - default default] No more DHCP agents
2026-05-28 00:21:28.651 7 WARNING neutron.api.rpc.agentnotifiers.dhcp_rpc_agent_api [None req-b7adb38c-96c9-49d0-a4b9-1b345736c5d1 bb3a275f6e204dc4ba296c1316a39f89 bb2cb959bd3944ea996f6d66c5963f19 - - default default] Unable to schedule network 0e8f09f0-3740-47fe-b442-ec3e8d50fe95: no agents available; will retry on subsequent port and subnet creation events.
2026-05-28 00:21:28.824 8 WARNING neutron.scheduler.dhcp_agent_scheduler [None req-c7b0bca1-5902-4d7b-b906-96f83ea16b1e - - - - - -] No more DHCP agents
2026-05-28 00:21:28.826 8 WARNING neutron.api.rpc.agentnotifiers.dhcp_rpc_agent_api [None req-c7b0bca1-5902-4d7b-b906-96f83ea16b1e - - - - - -] Unable to schedule network 4f4952b8-7be6-495c-834b-d618b657ac01: no agents available; will retry on subsequent port and subnet creation events.
2026-05-28 00:21:28.852 7 INFO neutron.db.ovn_revision_numbers_db [None req-b7adb38c-96c9-49d0-a4b9-1b345736c5d1 bb3a275f6e204dc4ba296c1316a39f89 bb2cb959bd3944ea996f6d66c5963f19 - - default default] Successfully bumped revision number for resource 1d31037c-364c-44ed-9bc7-7d907fab5330 (type: router_ports) to 1 [pid: 7|app: 0|req: 993/1908] 10.0.0.156 () {34 vars in 783 bytes} [Thu May 28 00:21:27 2026] PUT /v2.0/routers/66ab4b7b-c068-4ba4-bba9-e7fe61e87543/add_router_interface => generated 309 bytes in 1332 msecs (HTTP/1.1 200) 4 headers in 157 bytes (1 switches on core 0) [pid: 7|app: 0|req: 994/1909] 10.0.0.66 () {34 vars in 989 bytes} [Thu May 28 00:21:28 2026] GET /v2.0/ports?device_id=6103441f-92d1-4125-8992-a1b52f0309d4 => generated 971 bytes in 59 msecs (HTTP/1.1 200) 4 headers in 157 bytes (1 switches on core 0) [pid: 7|app: 0|req: 995/1910] 10.0.0.156 () {32 vars in 717 bytes} [Thu May 28 00:21:28 2026] GET /v2.0/ports/1d31037c-364c-44ed-9bc7-7d907fab5330 => generated 945 bytes in 59 msecs (HTTP/1.1 200) 4 headers in 157 bytes (1 switches on core 0)
2026-05-28 00:21:29.025 8 INFO neutron.db.ovn_revision_numbers_db [None req-c7b0bca1-5902-4d7b-b906-96f83ea16b1e - - - - - -] Successfully bumped revision number for resource b42bdf5a-1a0f-4c80-a676-a4ef2c7ab429 (type: ports) to 1 [pid: 7|app: 0|req: 996/1911] 10.0.0.66 () {34 vars in 1039 bytes} [Thu May 28 00:21:28 2026] GET /v2.0/security-groups?id=44b3a3b6-c023-4460-a2a7-83bb2e2495cb&fields=id&fields=name => generated 88 bytes in 61 msecs (HTTP/1.1 200) 4 headers in 156 bytes (1 switches on core 0) [pid: 7|app: 0|req: 997/1912] 10.0.0.156 () {32 vars in 717 bytes} [Thu May 28 00:21:29 2026] GET /v2.0/ports/1d31037c-364c-44ed-9bc7-7d907fab5330 => generated 945 bytes in 36 msecs (HTTP/1.1 200) 4 headers in 157 bytes (1 switches on core 0)
2026-05-28 00:21:29.178 8 WARNING neutron.scheduler.dhcp_agent_scheduler [None req-c7b0bca1-5902-4d7b-b906-96f83ea16b1e - - - - - -] No more DHCP agents
2026-05-28 00:21:29.179 8 WARNING neutron.api.rpc.agentnotifiers.dhcp_rpc_agent_api [None req-c7b0bca1-5902-4d7b-b906-96f83ea16b1e - - - - - -] Unable to schedule network 4f4952b8-7be6-495c-834b-d618b657ac01: no agents available; will retry on subsequent port and subnet creation events.
2026-05-28 00:21:29.205 8 INFO neutron.db.ovn_revision_numbers_db [None req-c7b0bca1-5902-4d7b-b906-96f83ea16b1e - - - - - -] Successfully bumped revision number for resource cfe22fb4-687b-42d4-a2af-8628b8d8ea72 (type: subnets) to 0
2026-05-28 00:21:29.625 8 WARNING neutron.scheduler.dhcp_agent_scheduler [None req-c7b0bca1-5902-4d7b-b906-96f83ea16b1e - - - - - -] No more DHCP agents
2026-05-28 00:21:29.626 8 WARNING neutron.api.rpc.agentnotifiers.dhcp_rpc_agent_api [None req-c7b0bca1-5902-4d7b-b906-96f83ea16b1e - - - - - -] Unable to schedule network 4f4952b8-7be6-495c-834b-d618b657ac01: no agents available; will retry on subsequent port and subnet creation events.
2026-05-28 00:21:29.828 8 INFO neutron.db.ovn_revision_numbers_db [None req-c7b0bca1-5902-4d7b-b906-96f83ea16b1e - - - - - -] Successfully bumped revision number for resource 6d3f1ee4-8779-43e4-bd20-11fe0f033e6c (type: ports) to 1
2026-05-28 00:21:30.053 8 WARNING neutron.plugins.ml2.drivers.ovn.mech_driver.ovsdb.ovn_client [None req-bc0aa88b-54d5-4da1-8f80-9d605d352e22 - - - - - -] No port found with ID ff6ab5d8-3a42-45fb-8049-7d140e89c35d: RuntimeError: No port found with ID ff6ab5d8-3a42-45fb-8049-7d140e89c35d
2026-05-28 00:21:30.081 8 INFO neutron.plugins.ml2.drivers.ovn.mech_driver.mech_driver [None req-bc0aa88b-54d5-4da1-8f80-9d605d352e22 - - - - - -] OVN reports status up for port: 9d9cfa1e-2d32-473f-a1d7-b0371f0e953f
2026-05-28 00:21:30.102 8 INFO neutron.plugins.ml2.plugin [None req-bc0aa88b-54d5-4da1-8f80-9d605d352e22 - - - - - -] Attempt 1 to provision port 9d9cfa1e-2d32-473f-a1d7-b0371f0e953f [pid: 7|app: 0|req: 998/1913] 10.0.0.156 () {32 vars in 717 bytes} [Thu May 28 00:21:30 2026] GET /v2.0/ports/1d31037c-364c-44ed-9bc7-7d907fab5330 => generated 945 bytes in 34 msecs (HTTP/1.1 200) 4 headers in 157 bytes (1 switches on core 0) [pid: 7|app: 0|req: 999/1914] 10.0.0.66 () {34 vars in 989 bytes} [Thu May 28 00:21:30 2026] GET /v2.0/ports?device_id=6103441f-92d1-4125-8992-a1b52f0309d4 => generated 971 bytes in 29 msecs (HTTP/1.1 200) 4 headers in 157 bytes (1 switches on core 0) [pid: 7|app: 0|req: 1000/1915] 10.0.0.66 () {34 vars in 1039 bytes} [Thu May 28 00:21:30 2026] GET /v2.0/security-groups?id=44b3a3b6-c023-4460-a2a7-83bb2e2495cb&fields=id&fields=name => generated 88 bytes in 33 msecs (HTTP/1.1 200) 4 headers in 156 bytes (1 switches on core 0)
2026-05-28 00:21:30.586 8 WARNING neutron.scheduler.dhcp_agent_scheduler [None req-c7b0bca1-5902-4d7b-b906-96f83ea16b1e - - - - - -] No more DHCP agents
2026-05-28 00:21:30.587 8 WARNING neutron.api.rpc.agentnotifiers.dhcp_rpc_agent_api [None req-c7b0bca1-5902-4d7b-b906-96f83ea16b1e - - - - - -] Unable to schedule network 4f4952b8-7be6-495c-834b-d618b657ac01: no agents available; will retry on subsequent port and subnet creation events.
2026-05-28 00:21:30.708 7 INFO neutron.db.ovn_revision_numbers_db [None req-0ed70ad2-8510-4139-b1db-3261e0f9fbdc f17ed26e91ae4f608dd3c3a6c83739b4 63949e0e6615491cbcf3142fcf7e2abf - - default default] Successfully bumped revision number for resource b721ccc7-fa21-4474-a063-18e243fc3a01 (type: security_groups) to 1
2026-05-28 00:21:30.718 7 INFO neutron.db.ovn_revision_numbers_db [None req-0ed70ad2-8510-4139-b1db-3261e0f9fbdc f17ed26e91ae4f608dd3c3a6c83739b4 63949e0e6615491cbcf3142fcf7e2abf - - default default] Successfully bumped revision number for resource 0bb5c348-0bb0-4f3e-a582-c4a1a58de5d7 (type: security_group_rules) to 0
2026-05-28 00:21:30.729 7 INFO neutron.db.ovn_revision_numbers_db [None req-0ed70ad2-8510-4139-b1db-3261e0f9fbdc f17ed26e91ae4f608dd3c3a6c83739b4 63949e0e6615491cbcf3142fcf7e2abf - - default default] Successfully bumped revision number for resource 2354aed2-e6e9-43ad-b3ee-39e7b8221a48 (type: security_group_rules) to 0
2026-05-28 00:21:30.740 7 INFO neutron.db.ovn_revision_numbers_db [None req-0ed70ad2-8510-4139-b1db-3261e0f9fbdc f17ed26e91ae4f608dd3c3a6c83739b4 63949e0e6615491cbcf3142fcf7e2abf - - default default] Successfully bumped revision number for resource 2fece4e3-c527-41fd-bb67-0fc259bfee93 (type: security_group_rules) to 0
2026-05-28 00:21:30.749 7 INFO neutron.db.ovn_revision_numbers_db [None req-0ed70ad2-8510-4139-b1db-3261e0f9fbdc f17ed26e91ae4f608dd3c3a6c83739b4 63949e0e6615491cbcf3142fcf7e2abf - - default default] Successfully bumped revision number for resource 44b8d66d-5a71-40cc-81f4-258c0017139a (type: security_group_rules) to 0 [pid: 7|app: 0|req: 1001/1916] 10.0.0.156 () {32 vars in 774 bytes} [Thu May 28 00:21:30 2026] GET /v2.0/security-groups?tenant_id=4a576d36416644329f6a28c7f2e4acec&name=default => generated 2925 bytes in 380 msecs (HTTP/1.1 200) 4 headers in 158 bytes (1 switches on core 0) [pid: 7|app: 0|req: 1002/1917] 10.0.0.156 () {32 vars in 740 bytes} [Thu May 28 00:21:30 2026] DELETE /v2.0/security-groups/b721ccc7-fa21-4474-a063-18e243fc3a01 => generated 0 bytes in 287 msecs (HTTP/1.1 204) 2 headers in 112 bytes (1 switches on core 0) [pid: 7|app: 0|req: 1003/1918] 199.204.45.109 () {34 vars in 994 bytes} [Thu May 28 00:21:31 2026] GET /v2.0/ports?device_id=6103441f-92d1-4125-8992-a1b52f0309d4 => generated 971 bytes in 79 msecs (HTTP/1.1 200) 4 headers in 157 bytes (1 switches on core 0) [pid: 7|app: 0|req: 1004/1919] 10.0.0.156 () {32 vars in 717 bytes} [Thu May 28 00:21:31 2026] GET /v2.0/ports/1d31037c-364c-44ed-9bc7-7d907fab5330 => generated 945 bytes in 51 msecs (HTTP/1.1 200) 4 headers in 157 bytes (1 switches on core 0)
2026-05-28 00:21:31.294 8 INFO neutron.db.ovn_revision_numbers_db [None req-c7b0bca1-5902-4d7b-b906-96f83ea16b1e - - - - - -] Successfully bumped revision number for resource 6d3f1ee4-8779-43e4-bd20-11fe0f033e6c (type: router_ports) to 1
2026-05-28 00:21:31.339 7 INFO neutron_taas.services.taas.taas_plugin [req-e2691d4c-b453-4910-be16-aeda35edc622 req-b38eba20-11bd-49e5-a344-d5a6493efada 5300264d41fe4f78adfc5b32753ab407 84f34e1c69024cc5b0be682fa7b7c1f0 - - default default] TaaS: Handle Delete Port: b871ff45-03d6-44aa-af55-d24b61877d0e
2026-05-28 00:21:31.341 7 INFO neutron_taas.services.taas.tap_mirror_plugin [req-e2691d4c-b453-4910-be16-aeda35edc622 req-b38eba20-11bd-49e5-a344-d5a6493efada 5300264d41fe4f78adfc5b32753ab407 84f34e1c69024cc5b0be682fa7b7c1f0 - - default default] Tap Mirror: Handle Delete Port: b871ff45-03d6-44aa-af55-d24b61877d0e
2026-05-28 00:21:31.496 8 WARNING neutron.scheduler.dhcp_agent_scheduler [None req-c7b0bca1-5902-4d7b-b906-96f83ea16b1e - - - - - -] No more DHCP agents
2026-05-28 00:21:31.498 8 WARNING neutron.api.rpc.agentnotifiers.dhcp_rpc_agent_api [None req-c7b0bca1-5902-4d7b-b906-96f83ea16b1e - - - - - -] Unable to schedule network 4f4952b8-7be6-495c-834b-d618b657ac01: no agents available; will retry on subsequent port and subnet creation events. [pid: 7|app: 0|req: 1005/1920] 199.204.45.109 () {36 vars in 997 bytes} [Thu May 28 00:21:31 2026] DELETE /v2.0/ports/b871ff45-03d6-44aa-af55-d24b61877d0e => generated 0 bytes in 291 msecs (HTTP/1.1 204) 3 headers in 131 bytes (1 switches on core 0) [pid: 7|app: 0|req: 1006/1921] 10.0.0.66 () {34 vars in 989 bytes} [Thu May 28 00:21:31 2026] GET /v2.0/ports?device_id=6103441f-92d1-4125-8992-a1b52f0309d4 => generated 12 bytes in 20 msecs (HTTP/1.1 200) 4 headers in 156 bytes (1 switches on core 0)
2026-05-28 00:21:31.554 7 INFO neutron.notifiers.nova [-] Nova event matching ['req-1d65e5cc-8391-488d-9d22-2247233ce029'] response: {'server_uuid': '6103441f-92d1-4125-8992-a1b52f0309d4', 'name': 'network-vif-deleted', 'tag': 'b871ff45-03d6-44aa-af55-d24b61877d0e', 'status': 'completed', 'code': 200}
2026-05-28 00:21:31.696 8 INFO neutron.db.ovn_revision_numbers_db [None req-c7b0bca1-5902-4d7b-b906-96f83ea16b1e - - - - - -] Successfully bumped revision number for resource d86cd8a6-1ca8-4fbe-ad68-5984b439c19a (type: ports) to 1
2026-05-28 00:21:31.936 8 INFO neutron.db.ovn_revision_numbers_db [None req-c7b0bca1-5902-4d7b-b906-96f83ea16b1e - - - - - -] Successfully bumped revision number for resource d86cd8a6-1ca8-4fbe-ad68-5984b439c19a (type: ports) to 3 [pid: 8|app: 0|req: 916/1922] 10.0.0.156 () {34 vars in 685 bytes} [Thu May 28 00:21:27 2026] POST /v2.0/vpn/vpnservices => generated 458 bytes in 4848 msecs (HTTP/1.1 201) 4 headers in 162 bytes (1 switches on core 0) [pid: 8|app: 0|req: 917/1923] 10.0.0.156 () {32 vars in 717 bytes} [Thu May 28 00:21:32 2026] GET /v2.0/ports/1d31037c-364c-44ed-9bc7-7d907fab5330 => generated 945 bytes in 77 msecs (HTTP/1.1 200) 4 headers in 157 bytes (1 switches on core 0) [pid: 8|app: 0|req: 918/1924] 10.0.0.66 () {34 vars in 989 bytes} [Thu May 28 00:21:32 2026] GET /v2.0/ports?device_id=6103441f-92d1-4125-8992-a1b52f0309d4 => generated 12 bytes in 26 msecs (HTTP/1.1 200) 4 headers in 156 bytes (1 switches on core 0) [pid: 7|app: 0|req: 1007/1925] 10.0.0.156 () {34 vars in 685 bytes} [Thu May 28 00:21:32 2026] POST /v2.0/vpn/vpnservices => generated 423 bytes in 452 msecs (HTTP/1.1 201) 4 headers in 162 bytes (1 switches on core 0) [pid: 8|app: 0|req: 919/1926] 10.0.0.156 () {34 vars in 684 bytes} [Thu May 28 00:21:32 2026] POST /v2.0/vpn/ikepolicies => generated 404 bytes in 41 msecs (HTTP/1.1 201) 4 headers in 162 bytes (1 switches on core 0) [pid: 7|app: 0|req: 1008/1927] 10.0.0.156 () {34 vars in 688 bytes} [Thu May 28 00:21:32 2026] POST /v2.0/vpn/ipsecpolicies => generated 413 bytes in 38 msecs (HTTP/1.1 201) 4 headers in 162 bytes (1 switches on core 0) [pid: 8|app: 0|req: 920/1928] 10.0.0.156 () {34 vars in 693 bytes} [Thu May 28 00:21:32 2026] POST /v2.0/vpn/endpoint-groups => generated 329 bytes in 68 msecs (HTTP/1.1 201) 4 headers in 162 bytes (1 switches on core 0) [pid: 8|app: 0|req: 921/1929] 10.0.0.156 () {34 vars in 693 bytes} [Thu May 28 00:21:32 2026] POST /v2.0/vpn/endpoint-groups => generated 319 bytes in 45 msecs (HTTP/1.1 201) 4 headers in 162 bytes (1 switches on core 0)
2026-05-28 00:21:33.059 7 INFO neutron.db.ovn_revision_numbers_db [None req-e0bc978a-7d5f-4a54-af83-6478ad63a94f f17ed26e91ae4f608dd3c3a6c83739b4 63949e0e6615491cbcf3142fcf7e2abf - - default default] Successfully bumped revision number for resource c47f8f39-496c-4460-afbb-ac05699e056f (type: security_groups) to 1
2026-05-28 00:21:33.074 7 INFO neutron.db.ovn_revision_numbers_db [None req-e0bc978a-7d5f-4a54-af83-6478ad63a94f f17ed26e91ae4f608dd3c3a6c83739b4 63949e0e6615491cbcf3142fcf7e2abf - - default default] Successfully bumped revision number for resource 1a4d02f7-784c-4925-9734-7bea41237913 (type: security_group_rules) to 0
2026-05-28 00:21:33.087 7 INFO neutron.db.ovn_revision_numbers_db [None req-e0bc978a-7d5f-4a54-af83-6478ad63a94f f17ed26e91ae4f608dd3c3a6c83739b4 63949e0e6615491cbcf3142fcf7e2abf - - default default] Successfully bumped revision number for resource 42155f0e-4175-4020-a141-d5739b862884 (type: security_group_rules) to 0
2026-05-28 00:21:33.102 7 INFO neutron.db.ovn_revision_numbers_db [None req-e0bc978a-7d5f-4a54-af83-6478ad63a94f f17ed26e91ae4f608dd3c3a6c83739b4 63949e0e6615491cbcf3142fcf7e2abf - - default default] Successfully bumped revision number for resource 6856412f-3b0f-42fe-82cc-a2c6eac6787c (type: security_group_rules) to 0
2026-05-28 00:21:33.112 7 INFO neutron.db.ovn_revision_numbers_db [None req-e0bc978a-7d5f-4a54-af83-6478ad63a94f f17ed26e91ae4f608dd3c3a6c83739b4 63949e0e6615491cbcf3142fcf7e2abf - - default default] Successfully bumped revision number for resource b9802a9e-a8c8-47e5-af26-ab92edba9233 (type: security_group_rules) to 0
2026-05-28 00:21:33.192 7 INFO neutron.db.segments_db [None req-e0bc978a-7d5f-4a54-af83-6478ad63a94f f17ed26e91ae4f608dd3c3a6c83739b4 63949e0e6615491cbcf3142fcf7e2abf - - default default] Added segment 5217e214-81ad-4de1-a3b1-7d7e20291920 of type geneve for network 272607fa-d224-4b7b-8680-2a2daf4c6ac3
2026-05-28 00:21:33.301 7 INFO neutron.db.ovn_revision_numbers_db [None req-e0bc978a-7d5f-4a54-af83-6478ad63a94f f17ed26e91ae4f608dd3c3a6c83739b4 63949e0e6615491cbcf3142fcf7e2abf - - default default] Successfully bumped revision number for resource 272607fa-d224-4b7b-8680-2a2daf4c6ac3 (type: networks) to 1
2026-05-28 00:21:33.476 7 WARNING neutron.scheduler.dhcp_agent_scheduler [None req-e0bc978a-7d5f-4a54-af83-6478ad63a94f f17ed26e91ae4f608dd3c3a6c83739b4 63949e0e6615491cbcf3142fcf7e2abf - - default default] No more DHCP agents
2026-05-28 00:21:33.477 7 WARNING neutron.api.rpc.agentnotifiers.dhcp_rpc_agent_api [None req-e0bc978a-7d5f-4a54-af83-6478ad63a94f f17ed26e91ae4f608dd3c3a6c83739b4 63949e0e6615491cbcf3142fcf7e2abf - - default default] Unable to schedule network 272607fa-d224-4b7b-8680-2a2daf4c6ac3: no agents available; will retry on subsequent port and subnet creation events.
2026-05-28 00:21:33.485 8 INFO neutron.db.ovn_revision_numbers_db [None req-104fd94b-c0b3-4e5b-87ef-ac1b4e7fcc25 1af634161e564c66ae65c310e6ed2d0d 77e2deb1040947fa8b4f749f43c5e66d - - default default] Successfully bumped revision number for resource aa6de3a1-4230-490d-85ab-4ece5fd061d3 (type: routers) to 5 [pid: 8|app: 0|req: 922/1930] 10.0.0.156 () {34 vars in 707 bytes} [Thu May 28 00:21:32 2026] POST /v2.0/vpn/ipsec-site-connections => generated 803 bytes in 660 msecs (HTTP/1.1 201) 4 headers in 162 bytes (1 switches on core 0) [pid: 8|app: 0|req: 923/1931] 10.0.0.156 () {32 vars in 717 bytes} [Thu May 28 00:21:33 2026] GET /v2.0/ports/1d31037c-364c-44ed-9bc7-7d907fab5330 => generated 945 bytes in 74 msecs (HTTP/1.1 200) 4 headers in 157 bytes (1 switches on core 0)
2026-05-28 00:21:33.612 7 INFO neutron.db.ovn_revision_numbers_db [None req-e0bc978a-7d5f-4a54-af83-6478ad63a94f f17ed26e91ae4f608dd3c3a6c83739b4 63949e0e6615491cbcf3142fcf7e2abf - - default default] Successfully bumped revision number for resource f72c4383-abf5-486c-9e4c-6d2a7b4b0c11 (type: ports) to 1 [pid: 7|app: 0|req: 1009/1932] 10.0.0.156 () {34 vars in 671 bytes} [Thu May 28 00:21:32 2026] POST /v2.0/networks => generated 743 bytes in 898 msecs (HTTP/1.1 201) 4 headers in 162 bytes (1 switches on core 0) [pid: 8|app: 0|req: 924/1933] 10.0.0.156 () {34 vars in 693 bytes} [Thu May 28 00:21:33 2026] POST /v2.0/vpn/endpoint-groups => generated 290 bytes in 49 msecs (HTTP/1.1 201) 4 headers in 162 bytes (1 switches on core 0) [pid: 8|app: 0|req: 925/1934] 10.0.0.156 () {32 vars in 748 bytes} [Thu May 28 00:21:33 2026] DELETE /v2.0/vpn/endpoint-groups/f7b85064-8256-4ef6-b763-610da0fbe8e3 => generated 0 bytes in 45 msecs (HTTP/1.1 204) 2 headers in 112 bytes (1 switches on core 0) [pid: 8|app: 0|req: 926/1935] 10.0.0.156 () {32 vars in 671 bytes} [Thu May 28 00:21:33 2026] GET /v2.0/vpn/endpoint-groups => generated 633 bytes in 15 msecs (HTTP/1.1 200) 4 headers in 157 bytes (1 switches on core 0) [pid: 8|app: 0|req: 927/1936] 10.0.0.66 () {34 vars in 989 bytes} [Thu May 28 00:21:33 2026] GET /v2.0/ports?device_id=6103441f-92d1-4125-8992-a1b52f0309d4 => generated 12 bytes in 14 msecs (HTTP/1.1 200) 4 headers in 156 bytes (1 switches on core 0) [pid: 8|app: 0|req: 928/1937] 10.0.0.156 () {32 vars in 671 bytes} [Thu May 28 00:21:33 2026] GET /v2.0/vpn/endpoint-groups => generated 633 bytes in 11 msecs (HTTP/1.1 200) 4 headers in 157 bytes (1 switches on core 0)
2026-05-28 00:21:33.749 7 WARNING neutron.scheduler.dhcp_agent_scheduler [None req-ea1ada8b-abd8-4c00-a317-02582c3ceb2f f17ed26e91ae4f608dd3c3a6c83739b4 63949e0e6615491cbcf3142fcf7e2abf - - default default] No more DHCP agents
2026-05-28 00:21:33.750 7 WARNING neutron.api.rpc.agentnotifiers.dhcp_rpc_agent_api [None req-ea1ada8b-abd8-4c00-a317-02582c3ceb2f f17ed26e91ae4f608dd3c3a6c83739b4 63949e0e6615491cbcf3142fcf7e2abf - - default default] Unable to schedule network 272607fa-d224-4b7b-8680-2a2daf4c6ac3: no agents available; will retry on subsequent port and subnet creation events. [pid: 8|app: 0|req: 929/1938] 10.0.0.156 () {34 vars in 685 bytes} [Thu May 28 00:21:34 2026] POST /v2.0/vpn/ikepolicies => generated 403 bytes in 78 msecs (HTTP/1.1 201) 4 headers in 162 bytes (1 switches on core 0) [pid: 8|app: 0|req: 930/1939] 10.0.0.156 () {32 vars in 663 bytes} [Thu May 28 00:21:34 2026] GET /v2.0/vpn/ikepolicies => generated 798 bytes in 10 msecs (HTTP/1.1 200) 4 headers in 157 bytes (1 switches on core 0) [pid: 8|app: 0|req: 931/1940] 10.0.0.156 () {32 vars in 740 bytes} [Thu May 28 00:21:34 2026] DELETE /v2.0/vpn/ikepolicies/650b99f3-de19-468c-9876-d071897ce030 => generated 0 bytes in 53 msecs (HTTP/1.1 204) 2 headers in 112 bytes (1 switches on core 0)
2026-05-28 00:21:34.246 7 INFO neutron.db.ovn_revision_numbers_db [None req-f2a5c845-0f05-42e1-b274-6d5f9f474327 - - - - - -] Successfully bumped revision number for resource f72c4383-abf5-486c-9e4c-6d2a7b4b0c11 (type: ports) to 2
2026-05-28 00:21:34.272 7 INFO neutron.db.ovn_revision_numbers_db [None req-f2a5c845-0f05-42e1-b274-6d5f9f474327 - - - - - -] Successfully bumped revision number for resource 8c8ecb70-060c-42e6-97b2-73f3bf5bcec2 (type: subnets) to 0 [pid: 8|app: 0|req: 932/1941] 10.0.0.156 () {34 vars in 689 bytes} [Thu May 28 00:21:34 2026] POST /v2.0/vpn/ipsecpolicies => generated 412 bytes in 42 msecs (HTTP/1.1 201) 4 headers in 162 bytes (1 switches on core 0) [pid: 7|app: 0|req: 1010/1942] 10.0.0.156 () {34 vars in 669 bytes} [Thu May 28 00:21:33 2026] POST /v2.0/subnets => generated 687 bytes in 648 msecs (HTTP/1.1 201) 4 headers in 162 bytes (1 switches on core 0) [pid: 8|app: 0|req: 933/1943] 10.0.0.156 () {32 vars in 667 bytes} [Thu May 28 00:21:34 2026] GET /v2.0/vpn/ipsecpolicies => generated 814 bytes in 12 msecs (HTTP/1.1 200) 4 headers in 157 bytes (1 switches on core 0) [pid: 8|app: 0|req: 934/1944] 10.0.0.156 () {32 vars in 744 bytes} [Thu May 28 00:21:34 2026] DELETE /v2.0/vpn/ipsecpolicies/670a4e59-87b2-4e59-b75c-506da10b9f33 => generated 0 bytes in 34 msecs (HTTP/1.1 204) 2 headers in 112 bytes (1 switches on core 0)
2026-05-28 00:21:34.426 8 INFO neutron.db.segments_db [None req-3a3fcff2-d89e-4866-9610-e66520c53dbc 1af634161e564c66ae65c310e6ed2d0d 77e2deb1040947fa8b4f749f43c5e66d - - default default] Added segment 7f9697f6-42fa-4fd7-9536-ff74e92928d3 of type geneve for network 3b196920-fa12-474f-a706-a40b6e3d2a33
2026-05-28 00:21:34.556 8 INFO neutron.db.ovn_revision_numbers_db [None req-3a3fcff2-d89e-4866-9610-e66520c53dbc 1af634161e564c66ae65c310e6ed2d0d 77e2deb1040947fa8b4f749f43c5e66d - - default default] Successfully bumped revision number for resource 3b196920-fa12-474f-a706-a40b6e3d2a33 (type: networks) to 1
2026-05-28 00:21:34.713 7 WARNING neutron.scheduler.dhcp_agent_scheduler [None req-ae1f0494-9173-4477-b28e-2ac3382cc1f8 f17ed26e91ae4f608dd3c3a6c83739b4 63949e0e6615491cbcf3142fcf7e2abf - - default default] No more DHCP agents
2026-05-28 00:21:34.714 7 WARNING neutron.api.rpc.agentnotifiers.dhcp_rpc_agent_api [None req-ae1f0494-9173-4477-b28e-2ac3382cc1f8 f17ed26e91ae4f608dd3c3a6c83739b4 63949e0e6615491cbcf3142fcf7e2abf - - default default] Unable to schedule network 71e13e28-a49e-4c01-bdcf-0070f82ef240: no agents available; will retry on subsequent port and subnet creation events.
2026-05-28 00:21:34.724 8 WARNING neutron.scheduler.dhcp_agent_scheduler [None req-3a3fcff2-d89e-4866-9610-e66520c53dbc 1af634161e564c66ae65c310e6ed2d0d 77e2deb1040947fa8b4f749f43c5e66d - - default default] No more DHCP agents
2026-05-28 00:21:34.726 8 WARNING neutron.api.rpc.agentnotifiers.dhcp_rpc_agent_api [None req-3a3fcff2-d89e-4866-9610-e66520c53dbc 1af634161e564c66ae65c310e6ed2d0d 77e2deb1040947fa8b4f749f43c5e66d - - default default] Unable to schedule network 3b196920-fa12-474f-a706-a40b6e3d2a33: no agents available; will retry on subsequent port and subnet creation events.
2026-05-28 00:21:34.833 8 INFO neutron.db.ovn_revision_numbers_db [None req-3a3fcff2-d89e-4866-9610-e66520c53dbc 1af634161e564c66ae65c310e6ed2d0d 77e2deb1040947fa8b4f749f43c5e66d - - default default] Successfully bumped revision number for resource 7432f1b5-ab1d-4d9f-b422-b5bb5ba32a18 (type: ports) to 1 [pid: 8|app: 0|req: 935/1945] 10.0.0.156 () {34 vars in 670 bytes} [Thu May 28 00:21:34 2026] POST /v2.0/networks => generated 632 bytes in 538 msecs (HTTP/1.1 201) 4 headers in 162 bytes (1 switches on core 0)
2026-05-28 00:21:34.926 7 INFO neutron.db.ovn_revision_numbers_db [None req-ae1f0494-9173-4477-b28e-2ac3382cc1f8 f17ed26e91ae4f608dd3c3a6c83739b4 63949e0e6615491cbcf3142fcf7e2abf - - default default] Successfully bumped revision number for resource 0cca174a-d463-496b-b4f9-e1201deccaec (type: ports) to 1 [pid: 8|app: 0|req: 936/1946] 10.0.0.156 () {32 vars in 717 bytes} [Thu May 28 00:21:34 2026] GET /v2.0/ports/1d31037c-364c-44ed-9bc7-7d907fab5330 => generated 945 bytes in 58 msecs (HTTP/1.1 200) 4 headers in 157 bytes (1 switches on core 0)
2026-05-28 00:21:35.128 8 WARNING neutron.scheduler.dhcp_agent_scheduler [None req-947e317f-a59c-4872-84ed-8c4aa0850a27 1af634161e564c66ae65c310e6ed2d0d 77e2deb1040947fa8b4f749f43c5e66d - - default default] No more DHCP agents
2026-05-28 00:21:35.129 8 WARNING neutron.api.rpc.agentnotifiers.dhcp_rpc_agent_api [None req-947e317f-a59c-4872-84ed-8c4aa0850a27 1af634161e564c66ae65c310e6ed2d0d 77e2deb1040947fa8b4f749f43c5e66d - - default default] Unable to schedule network 3b196920-fa12-474f-a706-a40b6e3d2a33: no agents available; will retry on subsequent port and subnet creation events.
2026-05-28 00:21:35.482 8 WARNING neutron.plugins.ml2.drivers.ovn.mech_driver.ovsdb.ovn_client [None req-bc0aa88b-54d5-4da1-8f80-9d605d352e22 - - - - - -] No hosting information found for port 9d9cfa1e-2d32-473f-a1d7-b0371f0e953f: RuntimeError: No hosting information found for port 9d9cfa1e-2d32-473f-a1d7-b0371f0e953f
2026-05-28 00:21:35.482 8 INFO neutron.plugins.ml2.drivers.ovn.mech_driver.mech_driver [None req-bc0aa88b-54d5-4da1-8f80-9d605d352e22 - - - - - -] OVN reports status down for port: 5ce352f7-c5f1-4b50-8c0b-84d9655e5a6f
2026-05-28 00:21:35.482 7 INFO neutron.plugins.ml2.drivers.ovn.mech_driver.ovsdb.commands [-] Schedule LRP lrp-0cca174a-d463-496b-b4f9-e1201deccaec on gateway ac0ea211-242e-4a45-8724-f0169742b198 with priority 1
2026-05-28 00:21:35.616 7 INFO neutron.db.ovn_revision_numbers_db [None req-ae1f0494-9173-4477-b28e-2ac3382cc1f8 f17ed26e91ae4f608dd3c3a6c83739b4 63949e0e6615491cbcf3142fcf7e2abf - - default default] Successfully bumped revision number for resource 0cca174a-d463-496b-b4f9-e1201deccaec (type: router_ports) to 1
2026-05-28 00:21:35.654 8 INFO neutron.plugins.ml2.drivers.ovn.mech_driver.ovsdb.ovsdb_monitor [None req-e528630f-9e60-4baa-b910-020eaad5fbc4 - - - - - -] Router 4d035971-aef0-4f17-bac2-7de4af425bec is bound to host instance
2026-05-28 00:21:35.683 7 INFO neutron.db.ovn_revision_numbers_db [None req-ae1f0494-9173-4477-b28e-2ac3382cc1f8 f17ed26e91ae4f608dd3c3a6c83739b4 63949e0e6615491cbcf3142fcf7e2abf - - default default] Successfully bumped revision number for resource 4d035971-aef0-4f17-bac2-7de4af425bec (type: routers) to 2 [pid: 7|app: 0|req: 1011/1947] 10.0.0.156 () {34 vars in 669 bytes} [Thu May 28 00:21:34 2026] POST /v2.0/routers => generated 965 bytes in 1407 msecs (HTTP/1.1 201) 4 headers in 162 bytes (1 switches on core 0)
2026-05-28 00:21:35.725 8 WARNING neutron.plugins.ml2.drivers.ovn.mech_driver.ovsdb.ovn_client [None req-bc0aa88b-54d5-4da1-8f80-9d605d352e22 - - - - - -] Logical_Switch_Port 5ce352f7-c5f1-4b50-8c0b-84d9655e5a6f host information not removed, the port state is up
2026-05-28 00:21:35.725 8 INFO neutron.plugins.ml2.drivers.ovn.mech_driver.mech_driver [None req-bc0aa88b-54d5-4da1-8f80-9d605d352e22 - - - - - -] OVN reports status down for port: f9a5ac26-c736-42ac-91a2-3c68a18cd4c6
2026-05-28 00:21:35.899 8 INFO neutron.plugins.ml2.drivers.ovn.mech_driver.mech_driver [None req-bc0aa88b-54d5-4da1-8f80-9d605d352e22 - - - - - -] OVN reports status up for port: 5ce352f7-c5f1-4b50-8c0b-84d9655e5a6f
2026-05-28 00:21:35.907 8 INFO neutron.db.ovn_revision_numbers_db [None req-4f5619d1-cce1-4d03-94f0-a71697315e26 - - - - - -] Successfully bumped revision number for resource 7432f1b5-ab1d-4d9f-b422-b5bb5ba32a18 (type: ports) to 2
2026-05-28 00:21:35.918 8 INFO neutron.plugins.ml2.plugin [None req-bc0aa88b-54d5-4da1-8f80-9d605d352e22 - - - - - -] Attempt 1 to provision port 5ce352f7-c5f1-4b50-8c0b-84d9655e5a6f
2026-05-28 00:21:35.989 8 INFO neutron.db.ovn_revision_numbers_db [None req-4f5619d1-cce1-4d03-94f0-a71697315e26 - - - - - -] Successfully bumped revision number for resource af73ba81-2c69-423b-a216-7d64cbf8e1ed (type: subnets) to 0 [pid: 8|app: 0|req: 937/1948] 10.0.0.156 () {34 vars in 669 bytes} [Thu May 28 00:21:34 2026] POST /v2.0/subnets => generated 629 bytes in 1105 msecs (HTTP/1.1 201) 4 headers in 162 bytes (1 switches on core 0)
2026-05-28 00:21:36.150 7 WARNING neutron.scheduler.dhcp_agent_scheduler [None req-0ca3a7e4-01e3-4a52-9182-21c2342afa00 f17ed26e91ae4f608dd3c3a6c83739b4 63949e0e6615491cbcf3142fcf7e2abf - - default default] No more DHCP agents
2026-05-28 00:21:36.151 7 WARNING neutron.api.rpc.agentnotifiers.dhcp_rpc_agent_api [None req-0ca3a7e4-01e3-4a52-9182-21c2342afa00 f17ed26e91ae4f608dd3c3a6c83739b4 63949e0e6615491cbcf3142fcf7e2abf - - default default] Unable to schedule network 272607fa-d224-4b7b-8680-2a2daf4c6ac3: no agents available; will retry on subsequent port and subnet creation events.
2026-05-28 00:21:36.305 7 INFO neutron.db.ovn_revision_numbers_db [None req-0ca3a7e4-01e3-4a52-9182-21c2342afa00 f17ed26e91ae4f608dd3c3a6c83739b4 63949e0e6615491cbcf3142fcf7e2abf - - default default] Successfully bumped revision number for resource dbb2dd40-57ee-435f-a1d3-80bf6db25c5f (type: ports) to 1
2026-05-28 00:21:36.780 8 INFO neutron_taas.services.taas.taas_plugin [None req-803bf795-b99a-4452-9b24-a0630d8e2017 f17ed26e91ae4f608dd3c3a6c83739b4 63949e0e6615491cbcf3142fcf7e2abf - - default default] TaaS: Handle Delete Port: bb44d9bf-14a9-4cd7-914b-0750a9a32323
2026-05-28 00:21:36.787 8 INFO neutron_taas.services.taas.tap_mirror_plugin [None req-803bf795-b99a-4452-9b24-a0630d8e2017 f17ed26e91ae4f608dd3c3a6c83739b4 63949e0e6615491cbcf3142fcf7e2abf - - default default] Tap Mirror: Handle Delete Port: bb44d9bf-14a9-4cd7-914b-0750a9a32323
2026-05-28 00:21:36.941 7 WARNING neutron.scheduler.dhcp_agent_scheduler [None req-0ca3a7e4-01e3-4a52-9182-21c2342afa00 f17ed26e91ae4f608dd3c3a6c83739b4 63949e0e6615491cbcf3142fcf7e2abf - - default default] No more DHCP agents
2026-05-28 00:21:36.942 7 WARNING neutron.api.rpc.agentnotifiers.dhcp_rpc_agent_api [None req-0ca3a7e4-01e3-4a52-9182-21c2342afa00 f17ed26e91ae4f608dd3c3a6c83739b4 63949e0e6615491cbcf3142fcf7e2abf - - default default] Unable to schedule network 272607fa-d224-4b7b-8680-2a2daf4c6ac3: no agents available; will retry on subsequent port and subnet creation events.
2026-05-28 00:21:37.248 8 INFO neutron.db.ovn_revision_numbers_db [None req-bc0aa88b-54d5-4da1-8f80-9d605d352e22 - - - - - -] Successfully bumped revision number for resource 5ce352f7-c5f1-4b50-8c0b-84d9655e5a6f (type: ports) to 2
2026-05-28 00:21:37.476 7 INFO neutron.db.ovn_revision_numbers_db [None req-0ca3a7e4-01e3-4a52-9182-21c2342afa00 f17ed26e91ae4f608dd3c3a6c83739b4 63949e0e6615491cbcf3142fcf7e2abf - - default default] Successfully bumped revision number for resource dbb2dd40-57ee-435f-a1d3-80bf6db25c5f (type: router_ports) to 1 [pid: 7|app: 0|req: 1012/1949] 10.0.0.156 () {34 vars in 783 bytes} [Thu May 28 00:21:35 2026] PUT /v2.0/routers/4d035971-aef0-4f17-bac2-7de4af425bec/add_router_interface => generated 309 bytes in 1767 msecs (HTTP/1.1 200) 4 headers in 157 bytes (1 switches on core 0) [pid: 7|app: 0|req: 1013/1950] 10.0.0.156 () {32 vars in 717 bytes} [Thu May 28 00:21:37 2026] GET /v2.0/ports/1d31037c-364c-44ed-9bc7-7d907fab5330 => generated 945 bytes in 59 msecs (HTTP/1.1 200) 4 headers in 157 bytes (1 switches on core 0)
2026-05-28 00:21:37.911 7 WARNING neutron.scheduler.dhcp_agent_scheduler [None req-b90ffa34-2b1e-4c8a-9f89-c615de4c8e18 1af634161e564c66ae65c310e6ed2d0d 77e2deb1040947fa8b4f749f43c5e66d - - default default] No more DHCP agents
2026-05-28 00:21:37.913 7 WARNING neutron.api.rpc.agentnotifiers.dhcp_rpc_agent_api [None req-b90ffa34-2b1e-4c8a-9f89-c615de4c8e18 1af634161e564c66ae65c310e6ed2d0d 77e2deb1040947fa8b4f749f43c5e66d - - default default] Unable to schedule network 71e13e28-a49e-4c01-bdcf-0070f82ef240: no agents available; will retry on subsequent port and subnet creation events.
2026-05-28 00:21:37.935 8 INFO neutron.db.ovn_revision_numbers_db [None req-45007390-3dc4-4279-8dc4-654386583ab4 - - - - - -] Successfully bumped revision number for resource 0cca174a-d463-496b-b4f9-e1201deccaec (type: ports) to 4
2026-05-28 00:21:38.100 7 INFO neutron.db.ovn_revision_numbers_db [None req-b90ffa34-2b1e-4c8a-9f89-c615de4c8e18 1af634161e564c66ae65c310e6ed2d0d 77e2deb1040947fa8b4f749f43c5e66d - - default default] Successfully bumped revision number for resource e5916968-90e8-49a1-8200-c9132cc50500 (type: ports) to 1 [pid: 8|app: 0|req: 938/1951] 10.0.0.156 () {34 vars in 789 bytes} [Thu May 28 00:21:36 2026] PUT /v2.0/routers/1895c152-f48b-4608-bb8a-9889ba0ae321/remove_router_interface => generated 309 bytes in 2507 msecs (HTTP/1.1 200) 4 headers in 157 bytes (1 switches on core 0)
2026-05-28 00:21:38.615 8 INFO neutron.db.ovn_revision_numbers_db [None req-45007390-3dc4-4279-8dc4-654386583ab4 - - - - - -] Successfully bumped revision number for resource 0cca174a-d463-496b-b4f9-e1201deccaec (type: ports) to 5 /var/lib/openstack/lib/python3.12/site-packages/pycadf/identifier.py:70: UserWarning: Invalid uuid: neutron. To ensure interoperability, identifiers should be a valid uuid. warnings.warn(('Invalid uuid: %s. To ensure interoperability, ' [pid: 8|app: 0|req: 939/1952] 10.0.0.50 () {28 vars in 618 bytes} [Thu May 28 00:21:38 2026] GET /v2.0/network-ip-availabilities => generated 3753 bytes in 249 msecs (HTTP/1.1 200) 4 headers in 158 bytes (1 switches on core 0)
2026-05-28 00:21:38.812 7 INFO neutron.plugins.ml2.drivers.ovn.mech_driver.ovsdb.commands [-] Schedule LRP lrp-e5916968-90e8-49a1-8200-c9132cc50500 on gateway ac0ea211-242e-4a45-8724-f0169742b198 with priority 1
2026-05-28 00:21:38.916 7 INFO neutron.db.ovn_revision_numbers_db [None req-b90ffa34-2b1e-4c8a-9f89-c615de4c8e18 1af634161e564c66ae65c310e6ed2d0d 77e2deb1040947fa8b4f749f43c5e66d - - default default] Successfully bumped revision number for resource e5916968-90e8-49a1-8200-c9132cc50500 (type: router_ports) to 1
2026-05-28 00:21:39.000 7 INFO neutron.db.ovn_revision_numbers_db [None req-b90ffa34-2b1e-4c8a-9f89-c615de4c8e18 1af634161e564c66ae65c310e6ed2d0d 77e2deb1040947fa8b4f749f43c5e66d - - default default] Successfully bumped revision number for resource c5d50285-2849-4f07-a963-706a2b546ab7 (type: routers) to 2
2026-05-28 00:21:39.015 8 INFO neutron.db.ovn_revision_numbers_db [None req-204b1ee1-94c9-479a-9665-ecb13a2290de f17ed26e91ae4f608dd3c3a6c83739b4 63949e0e6615491cbcf3142fcf7e2abf - - default default] Successfully bumped revision number for resource f22a0def-4554-42bd-b3b9-da6ac94e8a5e (type: security_groups) to 1 [pid: 7|app: 0|req: 1014/1953] 10.0.0.156 () {34 vars in 669 bytes} [Thu May 28 00:21:37 2026] POST /v2.0/routers => generated 937 bytes in 1482 msecs (HTTP/1.1 201) 4 headers in 162 bytes (1 switches on core 0)
2026-05-28 00:21:39.028 8 INFO neutron.db.ovn_revision_numbers_db [None req-204b1ee1-94c9-479a-9665-ecb13a2290de f17ed26e91ae4f608dd3c3a6c83739b4 63949e0e6615491cbcf3142fcf7e2abf - - default default] Successfully bumped revision number for resource 575a4705-dd4d-4bc6-8d0c-c942965df1c0 (type: security_group_rules) to 0
2026-05-28 00:21:39.041 8 INFO neutron.db.ovn_revision_numbers_db [None req-204b1ee1-94c9-479a-9665-ecb13a2290de f17ed26e91ae4f608dd3c3a6c83739b4 63949e0e6615491cbcf3142fcf7e2abf - - default default] Successfully bumped revision number for resource a319242b-eccf-497c-aece-045934280922 (type: security_group_rules) to 0
2026-05-28 00:21:39.063 8 INFO neutron.db.ovn_revision_numbers_db [None req-204b1ee1-94c9-479a-9665-ecb13a2290de f17ed26e91ae4f608dd3c3a6c83739b4 63949e0e6615491cbcf3142fcf7e2abf - - default default] Successfully bumped revision number for resource ad95392e-a1ff-4590-8148-6c83a328b6ce (type: security_group_rules) to 0 [pid: 7|app: 0|req: 1015/1954] 10.0.0.156 () {32 vars in 717 bytes} [Thu May 28 00:21:39 2026] GET /v2.0/ports/1d31037c-364c-44ed-9bc7-7d907fab5330 => generated 945 bytes in 49 msecs (HTTP/1.1 200) 4 headers in 157 bytes (1 switches on core 0)
2026-05-28 00:21:39.074 8 INFO neutron.db.ovn_revision_numbers_db [None req-204b1ee1-94c9-479a-9665-ecb13a2290de f17ed26e91ae4f608dd3c3a6c83739b4 63949e0e6615491cbcf3142fcf7e2abf - - default default] Successfully bumped revision number for resource eee5dab7-ec52-49a8-9113-02c98ec3bdd1 (type: security_group_rules) to 0
2026-05-28 00:21:39.159 8 INFO neutron.db.segments_db [None req-204b1ee1-94c9-479a-9665-ecb13a2290de f17ed26e91ae4f608dd3c3a6c83739b4 63949e0e6615491cbcf3142fcf7e2abf - - default default] Added segment 44d71aa5-b983-44bc-9375-28ae5bad4316 of type geneve for network c2b12740-7895-4f61-b9f5-25a1425520f5
2026-05-28 00:21:39.304 8 INFO neutron.db.ovn_revision_numbers_db [None req-204b1ee1-94c9-479a-9665-ecb13a2290de f17ed26e91ae4f608dd3c3a6c83739b4 63949e0e6615491cbcf3142fcf7e2abf - - default default] Successfully bumped revision number for resource c2b12740-7895-4f61-b9f5-25a1425520f5 (type: networks) to 1
2026-05-28 00:21:39.422 7 INFO neutron_taas.services.taas.taas_plugin [None req-6901fc04-8af3-4327-908b-1880eaf4e206 f17ed26e91ae4f608dd3c3a6c83739b4 63949e0e6615491cbcf3142fcf7e2abf - - default default] TaaS: Handle Delete Port: 96034464-4740-4881-83b0-6f0e023a7e6d
2026-05-28 00:21:39.426 7 INFO neutron_taas.services.taas.tap_mirror_plugin [None req-6901fc04-8af3-4327-908b-1880eaf4e206 f17ed26e91ae4f608dd3c3a6c83739b4 63949e0e6615491cbcf3142fcf7e2abf - - default default] Tap Mirror: Handle Delete Port: 96034464-4740-4881-83b0-6f0e023a7e6d
2026-05-28 00:21:39.466 8 WARNING neutron.scheduler.dhcp_agent_scheduler [None req-204b1ee1-94c9-479a-9665-ecb13a2290de f17ed26e91ae4f608dd3c3a6c83739b4 63949e0e6615491cbcf3142fcf7e2abf - - default default] No more DHCP agents
2026-05-28 00:21:39.467 8 WARNING neutron.api.rpc.agentnotifiers.dhcp_rpc_agent_api [None req-204b1ee1-94c9-479a-9665-ecb13a2290de f17ed26e91ae4f608dd3c3a6c83739b4 63949e0e6615491cbcf3142fcf7e2abf - - default default] Unable to schedule network c2b12740-7895-4f61-b9f5-25a1425520f5: no agents available; will retry on subsequent port and subnet creation events.
2026-05-28 00:21:39.582 8 INFO neutron.db.ovn_revision_numbers_db [None req-204b1ee1-94c9-479a-9665-ecb13a2290de f17ed26e91ae4f608dd3c3a6c83739b4 63949e0e6615491cbcf3142fcf7e2abf - - default default] Successfully bumped revision number for resource 38ea7188-104a-4234-bb22-2fac7475d682 (type: ports) to 1 [pid: 8|app: 0|req: 940/1955] 10.0.0.156 () {34 vars in 671 bytes} [Thu May 28 00:21:38 2026] POST /v2.0/networks => generated 743 bytes in 809 msecs (HTTP/1.1 201) 4 headers in 162 bytes (1 switches on core 0) [pid: 8|app: 0|req: 941/1956] 10.0.0.50 () {28 vars in 582 bytes} [Thu May 28 00:21:39 2026] GET /v2.0/routers => generated 4205 bytes in 115 msecs (HTTP/1.1 200) 4 headers in 158 bytes (1 switches on core 0) [pid: 7|app: 0|req: 1016/1957] 10.0.0.156 () {32 vars in 724 bytes} [Thu May 28 00:21:39 2026] DELETE /v2.0/routers/1895c152-f48b-4608-bb8a-9889ba0ae321 => generated 0 bytes in 879 msecs (HTTP/1.1 204) 2 headers in 112 bytes (1 switches on core 0)
2026-05-28 00:21:40.057 7 WARNING neutron.scheduler.dhcp_agent_scheduler [None req-ec3df8f3-e867-433c-b232-04e18169d65a f17ed26e91ae4f608dd3c3a6c83739b4 63949e0e6615491cbcf3142fcf7e2abf - - default default] No more DHCP agents
2026-05-28 00:21:40.058 7 WARNING neutron.api.rpc.agentnotifiers.dhcp_rpc_agent_api [None req-ec3df8f3-e867-433c-b232-04e18169d65a f17ed26e91ae4f608dd3c3a6c83739b4 63949e0e6615491cbcf3142fcf7e2abf - - default default] Unable to schedule network c2b12740-7895-4f61-b9f5-25a1425520f5: no agents available; will retry on subsequent port and subnet creation events.
2026-05-28 00:21:40.258 8 WARNING neutron.scheduler.dhcp_agent_scheduler [None req-7cd6c6dd-98b6-4b53-bb1e-e47dfe0369b1 1af634161e564c66ae65c310e6ed2d0d 77e2deb1040947fa8b4f749f43c5e66d - - default default] No more DHCP agents
2026-05-28 00:21:40.261 8 WARNING neutron.api.rpc.agentnotifiers.dhcp_rpc_agent_api [None req-7cd6c6dd-98b6-4b53-bb1e-e47dfe0369b1 1af634161e564c66ae65c310e6ed2d0d 77e2deb1040947fa8b4f749f43c5e66d - - default default] Unable to schedule network 3b196920-fa12-474f-a706-a40b6e3d2a33: no agents available; will retry on subsequent port and subnet creation events.
2026-05-28 00:21:40.424 8 INFO neutron.db.ovn_revision_numbers_db [None req-7cd6c6dd-98b6-4b53-bb1e-e47dfe0369b1 1af634161e564c66ae65c310e6ed2d0d 77e2deb1040947fa8b4f749f43c5e66d - - default default] Successfully bumped revision number for resource 7c8741dc-d9ab-4768-8c98-f8932cbbc1eb (type: ports) to 1
2026-05-28 00:21:40.547 7 INFO neutron.db.ovn_revision_numbers_db [None req-ea098c8d-2dca-4f5d-80d5-8b6cff99ea70 - - - - - -] Successfully bumped revision number for resource 38ea7188-104a-4234-bb22-2fac7475d682 (type: ports) to 2
2026-05-28 00:21:40.579 7 INFO neutron.db.ovn_revision_numbers_db [None req-ea098c8d-2dca-4f5d-80d5-8b6cff99ea70 - - - - - -] Successfully bumped revision number for resource 0c67297e-19a9-4fe8-94b7-cde9b7b61d9b (type: subnets) to 0 [pid: 7|app: 0|req: 1017/1958] 10.0.0.156 () {34 vars in 669 bytes} [Thu May 28 00:21:39 2026] POST /v2.0/subnets => generated 687 bytes in 646 msecs (HTTP/1.1 201) 4 headers in 162 bytes (1 switches on core 0) [pid: 7|app: 0|req: 1018/1959] 10.0.0.50 () {28 vars in 623 bytes} [Thu May 28 00:21:40 2026] GET /v2.0/agents?binary=ovn-controller => generated 416 bytes in 12 msecs (HTTP/1.1 200) 4 headers in 157 bytes (1 switches on core 0) [pid: 7|app: 0|req: 1019/1960] 10.0.0.156 () {32 vars in 724 bytes} [Thu May 28 00:21:40 2026] DELETE /v2.0/subnets/41a16aad-3eba-40f2-aa5b-badff631bc8b => generated 0 bytes in 142 msecs (HTTP/1.1 204) 3 headers in 131 bytes (1 switches on core 0) [pid: 7|app: 0|req: 1020/1961] 10.0.0.156 () {32 vars in 717 bytes} [Thu May 28 00:21:40 2026] GET /v2.0/ports/1d31037c-364c-44ed-9bc7-7d907fab5330 => generated 945 bytes in 31 msecs (HTTP/1.1 200) 4 headers in 157 bytes (1 switches on core 0)
2026-05-28 00:21:41.176 7 WARNING neutron.scheduler.dhcp_agent_scheduler [None req-3514d127-721b-40cb-8d4e-578a630fd78f f17ed26e91ae4f608dd3c3a6c83739b4 63949e0e6615491cbcf3142fcf7e2abf - - default default] No more DHCP agents
2026-05-28 00:21:41.177 7 WARNING neutron.api.rpc.agentnotifiers.dhcp_rpc_agent_api [None req-3514d127-721b-40cb-8d4e-578a630fd78f f17ed26e91ae4f608dd3c3a6c83739b4 63949e0e6615491cbcf3142fcf7e2abf - - default default] Unable to schedule network 71e13e28-a49e-4c01-bdcf-0070f82ef240: no agents available; will retry on subsequent port and subnet creation events.
2026-05-28 00:21:41.210 8 WARNING neutron.scheduler.dhcp_agent_scheduler [None req-7cd6c6dd-98b6-4b53-bb1e-e47dfe0369b1 1af634161e564c66ae65c310e6ed2d0d 77e2deb1040947fa8b4f749f43c5e66d - - default default] No more DHCP agents
2026-05-28 00:21:41.211 8 WARNING neutron.api.rpc.agentnotifiers.dhcp_rpc_agent_api [None req-7cd6c6dd-98b6-4b53-bb1e-e47dfe0369b1 1af634161e564c66ae65c310e6ed2d0d 77e2deb1040947fa8b4f749f43c5e66d - - default default] Unable to schedule network 3b196920-fa12-474f-a706-a40b6e3d2a33: no agents available; will retry on subsequent port and subnet creation events.
2026-05-28 00:21:41.376 7 INFO neutron.db.ovn_revision_numbers_db [None req-3514d127-721b-40cb-8d4e-578a630fd78f f17ed26e91ae4f608dd3c3a6c83739b4 63949e0e6615491cbcf3142fcf7e2abf - - default default] Successfully bumped revision number for resource 1e14b281-0d22-4cfc-b24a-c2d093ce380e (type: ports) to 1
2026-05-28 00:21:41.711 8 INFO neutron.db.ovn_revision_numbers_db [None req-7cd6c6dd-98b6-4b53-bb1e-e47dfe0369b1 1af634161e564c66ae65c310e6ed2d0d 77e2deb1040947fa8b4f749f43c5e66d - - default default] Successfully bumped revision number for resource 7c8741dc-d9ab-4768-8c98-f8932cbbc1eb (type: router_ports) to 1 [pid: 8|app: 0|req: 942/1962] 10.0.0.156 () {34 vars in 783 bytes} [Thu May 28 00:21:39 2026] PUT /v2.0/routers/c5d50285-2849-4f07-a963-706a2b546ab7/add_router_interface => generated 309 bytes in 1999 msecs (HTTP/1.1 200) 4 headers in 157 bytes (1 switches on core 0) [pid: 8|app: 0|req: 943/1963] 10.0.0.50 () {28 vars in 580 bytes} [Thu May 28 00:21:41 2026] GET /v2.0/agents => generated 1214 bytes in 16 msecs (HTTP/1.1 200) 4 headers in 158 bytes (1 switches on core 0)
2026-05-28 00:21:41.842 8 INFO neutron_taas.services.taas.taas_plugin [None req-142e4aa6-813c-441f-8aa2-2dc78f6562d3 f17ed26e91ae4f608dd3c3a6c83739b4 63949e0e6615491cbcf3142fcf7e2abf - - default default] TaaS: Handle Delete Port: 47f0092a-631f-4d0b-af6d-7c8a98b32985
2026-05-28 00:21:41.845 8 INFO neutron_taas.services.taas.tap_mirror_plugin [None req-142e4aa6-813c-441f-8aa2-2dc78f6562d3 f17ed26e91ae4f608dd3c3a6c83739b4 63949e0e6615491cbcf3142fcf7e2abf - - default default] Tap Mirror: Handle Delete Port: 47f0092a-631f-4d0b-af6d-7c8a98b32985
