2026-04-28 14:42:58.200 8 INFO placement.requestlog [None req-cffb977b-e33f-49f5-adde-220e3ae5951e 21481209bd0a4c3e8f19c49d30ce617e 8a7bb71408d84db6b1816a19edce78eb - - 8cd16c2fce164dc0807814dc49b26645 8cd16c2fce164dc0807814dc49b26645] 10.0.0.157 "DELETE /resource_providers/491679bf-2a18-402e-8a45-56644227c340" status: 404 len: 246 microversion: 1.1 [pid: 8|app: 0|req: 391/777] 10.0.0.157 () {34 vars in 816 bytes} [Tue Apr 28 14:42:58 2026] DELETE /resource_providers/491679bf-2a18-402e-8a45-56644227c340 => generated 246 bytes in 8 msecs (HTTP/1.1 404) 6 headers in 231 bytes (1 switches on core 0)
2026-04-28 14:42:58.213 7 INFO placement.requestlog [None req-4b4cdd29-e426-44e6-9faf-da8b53264bf0 21481209bd0a4c3e8f19c49d30ce617e 8a7bb71408d84db6b1816a19edce78eb - - 8cd16c2fce164dc0807814dc49b26645 8cd16c2fce164dc0807814dc49b26645] 10.0.0.157 "GET /resource_providers/491679bf-2a18-402e-8a45-56644227c340/aggregates" status: 404 len: 235 microversion: 1.1 [pid: 7|app: 0|req: 387/778] 10.0.0.157 () {32 vars in 816 bytes} [Tue Apr 28 14:42:58 2026] GET /resource_providers/491679bf-2a18-402e-8a45-56644227c340/aggregates => generated 235 bytes in 22 msecs (HTTP/1.1 404) 5 headers in 202 bytes (1 switches on core 0)
2026-04-28 14:42:58.243 8 INFO placement.requestlog [None req-c7cac28e-e481-4427-9dc0-ace702e26aec 21481209bd0a4c3e8f19c49d30ce617e 8a7bb71408d84db6b1816a19edce78eb - - 8cd16c2fce164dc0807814dc49b26645 8cd16c2fce164dc0807814dc49b26645] 10.0.0.157 "DELETE /resource_providers/491679bf-2a18-402e-8a45-56644227c340" status: 404 len: 246 microversion: 1.1 [pid: 8|app: 0|req: 392/779] 10.0.0.157 () {34 vars in 816 bytes} [Tue Apr 28 14:42:58 2026] DELETE /resource_providers/491679bf-2a18-402e-8a45-56644227c340 => generated 246 bytes in 19 msecs (HTTP/1.1 404) 6 headers in 231 bytes (1 switches on core 0)
2026-04-28 14:43:00.154 8 INFO placement.requestlog [None req-5a764f21-6f33-44ce-a524-87b2c365290a - - - - - -] 10.0.0.76 "GET /" status: 200 len: 136 microversion: 1.0
2026-04-28 14:43:00.155 7 INFO placement.requestlog [None req-ffc008bf-0f76-4103-98ce-6c51877819e6 - - - - - -] 10.0.0.76 "GET /" status: 200 len: 136 microversion: 1.0
2026-04-28 14:43:02.208 8 INFO placement.requestlog [None req-81c5f474-00e3-4654-9aa0-a7444e57946d 21481209bd0a4c3e8f19c49d30ce617e 8a7bb71408d84db6b1816a19edce78eb - - 8cd16c2fce164dc0807814dc49b26645 8cd16c2fce164dc0807814dc49b26645] 10.0.0.157 "GET /resource_providers/0092ff9a-ef43-4a40-bc74-dcc78bdd51f1/aggregates" status: 404 len: 235 microversion: 1.1 [pid: 8|app: 0|req: 394/782] 10.0.0.157 () {32 vars in 816 bytes} [Tue Apr 28 14:43:02 2026] GET /resource_providers/0092ff9a-ef43-4a40-bc74-dcc78bdd51f1/aggregates => generated 235 bytes in 8 msecs (HTTP/1.1 404) 5 headers in 202 bytes (1 switches on core 0)
2026-04-28 14:43:02.212 7 INFO placement.requestlog [None req-c360a2fc-2fd4-43c8-bc2e-f6980ce640c2 21481209bd0a4c3e8f19c49d30ce617e 8a7bb71408d84db6b1816a19edce78eb - - 8cd16c2fce164dc0807814dc49b26645 8cd16c2fce164dc0807814dc49b26645] 10.0.0.157 "GET /resource_providers/0092ff9a-ef43-4a40-bc74-dcc78bdd51f1/aggregates" status: 404 len: 235 microversion: 1.1 [pid: 7|app: 0|req: 389/783] 10.0.0.157 () {32 vars in 816 bytes} [Tue Apr 28 14:43:02 2026] GET /resource_providers/0092ff9a-ef43-4a40-bc74-dcc78bdd51f1/aggregates => generated 235 bytes in 11 msecs (HTTP/1.1 404) 5 headers in 202 bytes (1 switches on core 0)
2026-04-28 14:43:02.233 8 INFO placement.requestlog [None req-98cbbd38-d167-4a56-95ec-713b8bdd2d17 21481209bd0a4c3e8f19c49d30ce617e 8a7bb71408d84db6b1816a19edce78eb - - 8cd16c2fce164dc0807814dc49b26645 8cd16c2fce164dc0807814dc49b26645] 10.0.0.157 "DELETE /resource_providers/0092ff9a-ef43-4a40-bc74-dcc78bdd51f1" status: 404 len: 246 microversion: 1.1 [pid: 8|app: 0|req: 395/784] 10.0.0.157 () {34 vars in 816 bytes} [Tue Apr 28 14:43:02 2026] DELETE /resource_providers/0092ff9a-ef43-4a40-bc74-dcc78bdd51f1 => generated 246 bytes in 7 msecs (HTTP/1.1 404) 6 headers in 231 bytes (1 switches on core 0)
2026-04-28 14:43:02.238 7 INFO placement.requestlog [None req-31e47045-518a-4281-8096-cb563d2a58ac 21481209bd0a4c3e8f19c49d30ce617e 8a7bb71408d84db6b1816a19edce78eb - - 8cd16c2fce164dc0807814dc49b26645 8cd16c2fce164dc0807814dc49b26645] 10.0.0.157 "DELETE /resource_providers/0092ff9a-ef43-4a40-bc74-dcc78bdd51f1" status: 404 len: 246 microversion: 1.1 [pid: 7|app: 0|req: 390/785] 10.0.0.157 () {34 vars in 816 bytes} [Tue Apr 28 14:43:02 2026] DELETE /resource_providers/0092ff9a-ef43-4a40-bc74-dcc78bdd51f1 => generated 246 bytes in 11 msecs (HTTP/1.1 404) 6 headers in 231 bytes (1 switches on core 0)
2026-04-28 14:43:04.260 8 INFO placement.requestlog [None req-609e0462-29c7-495e-aed1-eb7b74e6ed70 21481209bd0a4c3e8f19c49d30ce617e 8a7bb71408d84db6b1816a19edce78eb - - 8cd16c2fce164dc0807814dc49b26645 8cd16c2fce164dc0807814dc49b26645] 10.0.0.157 "GET /resource_providers/de7e8ac1-4396-428c-bb22-1b852e7bbe81/aggregates" status: 404 len: 235 microversion: 1.1 [pid: 8|app: 0|req: 396/786] 10.0.0.157 () {32 vars in 816 bytes} [Tue Apr 28 14:43:04 2026] GET /resource_providers/de7e8ac1-4396-428c-bb22-1b852e7bbe81/aggregates => generated 235 bytes in 12 msecs (HTTP/1.1 404) 5 headers in 202 bytes (1 switches on core 0)
2026-04-28 14:43:04.261 7 INFO placement.requestlog [None req-fbe7dd54-e4f0-4547-913a-f0889f5a20e2 21481209bd0a4c3e8f19c49d30ce617e 8a7bb71408d84db6b1816a19edce78eb - - 8cd16c2fce164dc0807814dc49b26645 8cd16c2fce164dc0807814dc49b26645] 10.0.0.157 "GET /resource_providers/de7e8ac1-4396-428c-bb22-1b852e7bbe81/aggregates" status: 404 len: 235 microversion: 1.1 [pid: 7|app: 0|req: 391/787] 10.0.0.157 () {32 vars in 816 bytes} [Tue Apr 28 14:43:04 2026] GET /resource_providers/de7e8ac1-4396-428c-bb22-1b852e7bbe81/aggregates => generated 235 bytes in 11 msecs (HTTP/1.1 404) 5 headers in 202 bytes (1 switches on core 0)
2026-04-28 14:43:04.278 7 INFO placement.requestlog [None req-9f23c27a-9b2b-4d5c-a49a-7f7379ba40c3 21481209bd0a4c3e8f19c49d30ce617e 8a7bb71408d84db6b1816a19edce78eb - - 8cd16c2fce164dc0807814dc49b26645 8cd16c2fce164dc0807814dc49b26645] 10.0.0.157 "DELETE /resource_providers/de7e8ac1-4396-428c-bb22-1b852e7bbe81" status: 404 len: 246 microversion: 1.1 [pid: 7|app: 0|req: 392/788] 10.0.0.157 () {34 vars in 816 bytes} [Tue Apr 28 14:43:04 2026] DELETE /resource_providers/de7e8ac1-4396-428c-bb22-1b852e7bbe81 => generated 246 bytes in 8 msecs (HTTP/1.1 404) 6 headers in 231 bytes (1 switches on core 0)
2026-04-28 14:43:04.280 8 INFO placement.requestlog [None req-9e3c19e9-cc01-4179-9e1a-d2e967711ba3 21481209bd0a4c3e8f19c49d30ce617e 8a7bb71408d84db6b1816a19edce78eb - - 8cd16c2fce164dc0807814dc49b26645 8cd16c2fce164dc0807814dc49b26645] 10.0.0.157 "DELETE /resource_providers/de7e8ac1-4396-428c-bb22-1b852e7bbe81" status: 404 len: 246 microversion: 1.1 [pid: 8|app: 0|req: 397/789] 10.0.0.157 () {34 vars in 816 bytes} [Tue Apr 28 14:43:04 2026] DELETE /resource_providers/de7e8ac1-4396-428c-bb22-1b852e7bbe81 => generated 246 bytes in 10 msecs (HTTP/1.1 404) 6 headers in 231 bytes (1 switches on core 0)
2026-04-28 14:43:06.532 7 INFO placement.requestlog [req-1d415d91-c087-4ec2-a817-853cc5816136 req-f4c1e014-3df0-4e2c-8eea-69738388afe8 20f2dc0bd02f42679a18ad6729479a20 8a7bb71408d84db6b1816a19edce78eb - - 8cd16c2fce164dc0807814dc49b26645 8cd16c2fce164dc0807814dc49b26645] 199.204.45.4 "GET /resource_providers/026344c9-5620-436b-aabc-122d30ab136d/allocations" status: 200 len: 352 microversion: 1.0 [pid: 7|app: 0|req: 393/790] 199.204.45.4 () {32 vars in 855 bytes} [Tue Apr 28 14:43:06 2026] GET /resource_providers/026344c9-5620-436b-aabc-122d30ab136d/allocations => generated 352 bytes in 22 msecs (HTTP/1.1 200) 6 headers in 224 bytes (1 switches on core 0)
2026-04-28 14:43:06.553 8 INFO placement.requestlog [req-1d415d91-c087-4ec2-a817-853cc5816136 req-6bd66731-3918-4024-91d8-3118b63dc54b 20f2dc0bd02f42679a18ad6729479a20 8a7bb71408d84db6b1816a19edce78eb - - 8cd16c2fce164dc0807814dc49b26645 8cd16c2fce164dc0807814dc49b26645] 199.204.45.4 "GET /allocations/81e28254-c959-483c-8fed-c7bb04febd44" status: 200 len: 257 microversion: 1.28 [pid: 8|app: 0|req: 398/791] 199.204.45.4 () {34 vars in 861 bytes} [Tue Apr 28 14:43:06 2026] GET /allocations/81e28254-c959-483c-8fed-c7bb04febd44 => generated 257 bytes in 13 msecs (HTTP/1.1 200) 8 headers in 296 bytes (1 switches on core 0)
2026-04-28 14:43:06.577 7 INFO placement.requestlog [req-1d415d91-c087-4ec2-a817-853cc5816136 req-f5ee4f1b-ec1a-41d4-9b55-c4971095a59f 20f2dc0bd02f42679a18ad6729479a20 8a7bb71408d84db6b1816a19edce78eb - - 8cd16c2fce164dc0807814dc49b26645 8cd16c2fce164dc0807814dc49b26645] 199.204.45.4 "GET /allocations/e76b3a86-5035-431d-9d1b-f4c5ff17d8d7" status: 200 len: 257 microversion: 1.28 [pid: 7|app: 0|req: 394/792] 199.204.45.4 () {34 vars in 861 bytes} [Tue Apr 28 14:43:06 2026] GET /allocations/e76b3a86-5035-431d-9d1b-f4c5ff17d8d7 => generated 257 bytes in 15 msecs (HTTP/1.1 200) 8 headers in 296 bytes (1 switches on core 0)
2026-04-28 14:43:06.598 8 INFO placement.requestlog [req-1d415d91-c087-4ec2-a817-853cc5816136 req-20d2469e-c611-4a35-85e9-5dc533ede9b8 20f2dc0bd02f42679a18ad6729479a20 8a7bb71408d84db6b1816a19edce78eb - - 8cd16c2fce164dc0807814dc49b26645 8cd16c2fce164dc0807814dc49b26645] 199.204.45.4 "GET /allocations/bf6b87a2-7d64-46d2-9064-47c3c99c998d" status: 200 len: 257 microversion: 1.28 [pid: 8|app: 0|req: 399/793] 199.204.45.4 () {34 vars in 861 bytes} [Tue Apr 28 14:43:06 2026] GET /allocations/bf6b87a2-7d64-46d2-9064-47c3c99c998d => generated 257 bytes in 15 msecs (HTTP/1.1 200) 8 headers in 296 bytes (1 switches on core 0)
2026-04-28 14:43:07.101 7 INFO placement.requestlog [None req-e2a89455-3874-47d4-bf1a-60843aff79ff 21481209bd0a4c3e8f19c49d30ce617e 8a7bb71408d84db6b1816a19edce78eb - - 8cd16c2fce164dc0807814dc49b26645 8cd16c2fce164dc0807814dc49b26645] 10.0.0.157 "GET /resource_providers/132274f8-2aa5-4fe8-b1b7-84b7ca9a7a85/aggregates" status: 404 len: 235 microversion: 1.1 [pid: 7|app: 0|req: 395/794] 10.0.0.157 () {32 vars in 816 bytes} [Tue Apr 28 14:43:07 2026] GET /resource_providers/132274f8-2aa5-4fe8-b1b7-84b7ca9a7a85/aggregates => generated 235 bytes in 16 msecs (HTTP/1.1 404) 5 headers in 202 bytes (1 switches on core 0)
2026-04-28 14:43:07.111 8 INFO placement.requestlog [None req-9759509d-8ac1-401e-b9ad-f860d1d400d4 21481209bd0a4c3e8f19c49d30ce617e 8a7bb71408d84db6b1816a19edce78eb - - 8cd16c2fce164dc0807814dc49b26645 8cd16c2fce164dc0807814dc49b26645] 10.0.0.157 "GET /resource_providers/132274f8-2aa5-4fe8-b1b7-84b7ca9a7a85/aggregates" status: 404 len: 235 microversion: 1.1 [pid: 8|app: 0|req: 400/795] 10.0.0.157 () {32 vars in 816 bytes} [Tue Apr 28 14:43:07 2026] GET /resource_providers/132274f8-2aa5-4fe8-b1b7-84b7ca9a7a85/aggregates => generated 235 bytes in 18 msecs (HTTP/1.1 404) 5 headers in 202 bytes (1 switches on core 0)
2026-04-28 14:43:07.130 7 INFO placement.requestlog [None req-dc7bf3d7-f702-4ef6-aad4-151ed22127a6 21481209bd0a4c3e8f19c49d30ce617e 8a7bb71408d84db6b1816a19edce78eb - - 8cd16c2fce164dc0807814dc49b26645 8cd16c2fce164dc0807814dc49b26645] 10.0.0.157 "DELETE /resource_providers/132274f8-2aa5-4fe8-b1b7-84b7ca9a7a85" status: 404 len: 246 microversion: 1.1 [pid: 7|app: 0|req: 396/796] 10.0.0.157 () {34 vars in 816 bytes} [Tue Apr 28 14:43:07 2026] DELETE /resource_providers/132274f8-2aa5-4fe8-b1b7-84b7ca9a7a85 => generated 246 bytes in 12 msecs (HTTP/1.1 404) 6 headers in 231 bytes (1 switches on core 0)
2026-04-28 14:43:07.142 8 INFO placement.requestlog [None req-b98ce3c1-ff52-4c55-afae-7ecf454755a8 21481209bd0a4c3e8f19c49d30ce617e 8a7bb71408d84db6b1816a19edce78eb - - 8cd16c2fce164dc0807814dc49b26645 8cd16c2fce164dc0807814dc49b26645] 10.0.0.157 "DELETE /resource_providers/132274f8-2aa5-4fe8-b1b7-84b7ca9a7a85" status: 404 len: 246 microversion: 1.1 [pid: 8|app: 0|req: 401/797] 10.0.0.157 () {34 vars in 816 bytes} [Tue Apr 28 14:43:07 2026] DELETE /resource_providers/132274f8-2aa5-4fe8-b1b7-84b7ca9a7a85 => generated 246 bytes in 16 msecs (HTTP/1.1 404) 6 headers in 231 bytes (1 switches on core 0)
2026-04-28 14:43:07.533 7 INFO placement.requestlog [None req-ac090e0d-b198-46f9-80bb-7692943179b8 21481209bd0a4c3e8f19c49d30ce617e 8a7bb71408d84db6b1816a19edce78eb - - 8cd16c2fce164dc0807814dc49b26645 8cd16c2fce164dc0807814dc49b26645] 10.0.0.157 "GET /resource_providers/2cbdaabf-badc-4955-8769-ae93e6b846b3/aggregates" status: 404 len: 235 microversion: 1.1 [pid: 7|app: 0|req: 397/798] 10.0.0.157 () {32 vars in 816 bytes} [Tue Apr 28 14:43:07 2026] GET /resource_providers/2cbdaabf-badc-4955-8769-ae93e6b846b3/aggregates => generated 235 bytes in 14 msecs (HTTP/1.1 404) 5 headers in 202 bytes (1 switches on core 0)
2026-04-28 14:43:07.534 8 INFO placement.requestlog [None req-31b30e5f-f95b-4a80-8b50-ca31cf7ced26 21481209bd0a4c3e8f19c49d30ce617e 8a7bb71408d84db6b1816a19edce78eb - - 8cd16c2fce164dc0807814dc49b26645 8cd16c2fce164dc0807814dc49b26645] 10.0.0.157 "GET /resource_providers/2cbdaabf-badc-4955-8769-ae93e6b846b3/aggregates" status: 404 len: 235 microversion: 1.1 [pid: 8|app: 0|req: 402/799] 10.0.0.157 () {32 vars in 816 bytes} [Tue Apr 28 14:43:07 2026] GET /resource_providers/2cbdaabf-badc-4955-8769-ae93e6b846b3/aggregates => generated 235 bytes in 15 msecs (HTTP/1.1 404) 5 headers in 202 bytes (1 switches on core 0)
2026-04-28 14:43:07.562 8 INFO placement.requestlog [None req-afd22755-1883-4ebe-a5a1-b08fdee8a2b7 21481209bd0a4c3e8f19c49d30ce617e 8a7bb71408d84db6b1816a19edce78eb - - 8cd16c2fce164dc0807814dc49b26645 8cd16c2fce164dc0807814dc49b26645] 10.0.0.157 "DELETE /resource_providers/2cbdaabf-badc-4955-8769-ae93e6b846b3" status: 404 len: 246 microversion: 1.1 [pid: 8|app: 0|req: 403/800] 10.0.0.157 () {34 vars in 816 bytes} [Tue Apr 28 14:43:07 2026] DELETE /resource_providers/2cbdaabf-badc-4955-8769-ae93e6b846b3 => generated 246 bytes in 11 msecs (HTTP/1.1 404) 6 headers in 231 bytes (1 switches on core 0)
2026-04-28 14:43:07.572 7 INFO placement.requestlog [None req-b4829463-5e7b-4d1a-88bc-aef1e1829eff 21481209bd0a4c3e8f19c49d30ce617e 8a7bb71408d84db6b1816a19edce78eb - - 8cd16c2fce164dc0807814dc49b26645 8cd16c2fce164dc0807814dc49b26645] 10.0.0.157 "DELETE /resource_providers/2cbdaabf-badc-4955-8769-ae93e6b846b3" status: 404 len: 246 microversion: 1.1 [pid: 7|app: 0|req: 398/801] 10.0.0.157 () {34 vars in 816 bytes} [Tue Apr 28 14:43:07 2026] DELETE /resource_providers/2cbdaabf-badc-4955-8769-ae93e6b846b3 => generated 246 bytes in 24 msecs (HTTP/1.1 404) 6 headers in 231 bytes (1 switches on core 0)
2026-04-28 14:43:07.665 8 INFO placement.requestlog [req-1d415d91-c087-4ec2-a817-853cc5816136 req-6ae8ccd9-2d8e-4b51-b8a3-b83676ed0cfe 20f2dc0bd02f42679a18ad6729479a20 8a7bb71408d84db6b1816a19edce78eb - - 8cd16c2fce164dc0807814dc49b26645 8cd16c2fce164dc0807814dc49b26645] 199.204.45.4 "DELETE /allocations/e76b3a86-5035-431d-9d1b-f4c5ff17d8d7" status: 204 len: 0 microversion: 1.0 [pid: 8|app: 0|req: 404/802] 199.204.45.4 () {34 vars in 839 bytes} [Tue Apr 28 14:43:07 2026] DELETE /allocations/e76b3a86-5035-431d-9d1b-f4c5ff17d8d7 => generated 0 bytes in 29 msecs (HTTP/1.1 204) 5 headers in 198 bytes (1 switches on core 0)
2026-04-28 14:43:10.155 7 INFO placement.requestlog [None req-2336a89f-e0a6-43ea-a3be-87cebcf5f0f9 - - - - - -] 10.0.0.76 "GET /" status: 200 len: 136 microversion: 1.0
2026-04-28 14:43:10.155 8 INFO placement.requestlog [None req-c6cb38d4-f363-4ea4-8899-30c79ed341e7 - - - - - -] 10.0.0.76 "GET /" status: 200 len: 136 microversion: 1.0
2026-04-28 14:43:11.665 8 INFO placement.requestlog [None req-a31b8ae2-0506-45fa-8d47-659e7e20700c 21481209bd0a4c3e8f19c49d30ce617e 8a7bb71408d84db6b1816a19edce78eb - - 8cd16c2fce164dc0807814dc49b26645 8cd16c2fce164dc0807814dc49b26645] 10.0.0.157 "GET /resource_providers/41d7a8a1-ffcb-4383-b019-6555664823e6/aggregates" status: 404 len: 235 microversion: 1.1 [pid: 8|app: 0|req: 406/805] 10.0.0.157 () {32 vars in 816 bytes} [Tue Apr 28 14:43:11 2026] GET /resource_providers/41d7a8a1-ffcb-4383-b019-6555664823e6/aggregates => generated 235 bytes in 8 msecs (HTTP/1.1 404) 5 headers in 202 bytes (1 switches on core 0)
2026-04-28 14:43:11.675 7 INFO placement.requestlog [None req-474e8969-f0f8-48dc-9ac2-863ed3aae98d 21481209bd0a4c3e8f19c49d30ce617e 8a7bb71408d84db6b1816a19edce78eb - - 8cd16c2fce164dc0807814dc49b26645 8cd16c2fce164dc0807814dc49b26645] 10.0.0.157 "GET /resource_providers/41d7a8a1-ffcb-4383-b019-6555664823e6/aggregates" status: 404 len: 235 microversion: 1.1 [pid: 7|app: 0|req: 400/806] 10.0.0.157 () {32 vars in 816 bytes} [Tue Apr 28 14:43:11 2026] GET /resource_providers/41d7a8a1-ffcb-4383-b019-6555664823e6/aggregates => generated 235 bytes in 11 msecs (HTTP/1.1 404) 5 headers in 202 bytes (1 switches on core 0)
2026-04-28 14:43:11.694 8 INFO placement.requestlog [None req-53544365-dbef-4505-baa9-651a95794be5 21481209bd0a4c3e8f19c49d30ce617e 8a7bb71408d84db6b1816a19edce78eb - - 8cd16c2fce164dc0807814dc49b26645 8cd16c2fce164dc0807814dc49b26645] 10.0.0.157 "DELETE /resource_providers/41d7a8a1-ffcb-4383-b019-6555664823e6" status: 404 len: 246 microversion: 1.1 [pid: 8|app: 0|req: 407/807] 10.0.0.157 () {34 vars in 816 bytes} [Tue Apr 28 14:43:11 2026] DELETE /resource_providers/41d7a8a1-ffcb-4383-b019-6555664823e6 => generated 246 bytes in 8 msecs (HTTP/1.1 404) 6 headers in 231 bytes (1 switches on core 0)
2026-04-28 14:43:11.696 7 INFO placement.requestlog [None req-c823a6ac-1082-4698-8be4-1d8503eb57bd 21481209bd0a4c3e8f19c49d30ce617e 8a7bb71408d84db6b1816a19edce78eb - - 8cd16c2fce164dc0807814dc49b26645 8cd16c2fce164dc0807814dc49b26645] 10.0.0.157 "DELETE /resource_providers/41d7a8a1-ffcb-4383-b019-6555664823e6" status: 404 len: 246 microversion: 1.1 [pid: 7|app: 0|req: 401/808] 10.0.0.157 () {34 vars in 816 bytes} [Tue Apr 28 14:43:11 2026] DELETE /resource_providers/41d7a8a1-ffcb-4383-b019-6555664823e6 => generated 246 bytes in 7 msecs (HTTP/1.1 404) 6 headers in 231 bytes (1 switches on core 0)
2026-04-28 14:43:12.533 8 INFO placement.requestlog [None req-7e5a4098-1345-43d7-bddb-90af20310835 21481209bd0a4c3e8f19c49d30ce617e 8a7bb71408d84db6b1816a19edce78eb - - 8cd16c2fce164dc0807814dc49b26645 8cd16c2fce164dc0807814dc49b26645] 10.0.0.157 "GET /resource_providers/adebdc9e-f13b-40b1-98ae-890c8e886881/aggregates" status: 404 len: 235 microversion: 1.1 [pid: 8|app: 0|req: 408/809] 10.0.0.157 () {32 vars in 816 bytes} [Tue Apr 28 14:43:12 2026] GET /resource_providers/adebdc9e-f13b-40b1-98ae-890c8e886881/aggregates => generated 235 bytes in 11 msecs (HTTP/1.1 404) 5 headers in 202 bytes (1 switches on core 0)
2026-04-28 14:43:12.536 7 INFO placement.requestlog [None req-1b57d769-a6b2-48df-9ab3-b067d1701699 21481209bd0a4c3e8f19c49d30ce617e 8a7bb71408d84db6b1816a19edce78eb - - 8cd16c2fce164dc0807814dc49b26645 8cd16c2fce164dc0807814dc49b26645] 10.0.0.157 "GET /resource_providers/adebdc9e-f13b-40b1-98ae-890c8e886881/aggregates" status: 404 len: 235 microversion: 1.1 [pid: 7|app: 0|req: 402/810] 10.0.0.157 () {32 vars in 816 bytes} [Tue Apr 28 14:43:12 2026] GET /resource_providers/adebdc9e-f13b-40b1-98ae-890c8e886881/aggregates => generated 235 bytes in 13 msecs (HTTP/1.1 404) 5 headers in 202 bytes (1 switches on core 0)
2026-04-28 14:43:12.552 8 INFO placement.requestlog [None req-a25c4180-51c4-49fc-bb02-fbe60a1a2946 21481209bd0a4c3e8f19c49d30ce617e 8a7bb71408d84db6b1816a19edce78eb - - 8cd16c2fce164dc0807814dc49b26645 8cd16c2fce164dc0807814dc49b26645] 10.0.0.157 "DELETE /resource_providers/adebdc9e-f13b-40b1-98ae-890c8e886881" status: 404 len: 246 microversion: 1.1 [pid: 8|app: 0|req: 409/811] 10.0.0.157 () {34 vars in 816 bytes} [Tue Apr 28 14:43:12 2026] DELETE /resource_providers/adebdc9e-f13b-40b1-98ae-890c8e886881 => generated 246 bytes in 9 msecs (HTTP/1.1 404) 6 headers in 231 bytes (1 switches on core 0)
2026-04-28 14:43:12.561 7 INFO placement.requestlog [None req-50c2ff0b-6f8c-4f64-b26b-a6e2539cd36e 21481209bd0a4c3e8f19c49d30ce617e 8a7bb71408d84db6b1816a19edce78eb - - 8cd16c2fce164dc0807814dc49b26645 8cd16c2fce164dc0807814dc49b26645] 10.0.0.157 "DELETE /resource_providers/adebdc9e-f13b-40b1-98ae-890c8e886881" status: 404 len: 246 microversion: 1.1 [pid: 7|app: 0|req: 403/812] 10.0.0.157 () {34 vars in 816 bytes} [Tue Apr 28 14:43:12 2026] DELETE /resource_providers/adebdc9e-f13b-40b1-98ae-890c8e886881 => generated 246 bytes in 10 msecs (HTTP/1.1 404) 6 headers in 231 bytes (1 switches on core 0)
2026-04-28 14:43:14.571 8 INFO placement.requestlog [None req-206a996a-f90a-40de-b86c-31b6f45d3aab 21481209bd0a4c3e8f19c49d30ce617e 8a7bb71408d84db6b1816a19edce78eb - - 8cd16c2fce164dc0807814dc49b26645 8cd16c2fce164dc0807814dc49b26645] 10.0.0.157 "GET /resource_providers/808784bd-c856-4b4a-82cb-ff231b0d3c8c/aggregates" status: 404 len: 235 microversion: 1.1 [pid: 8|app: 0|req: 410/813] 10.0.0.157 () {32 vars in 816 bytes} [Tue Apr 28 14:43:14 2026] GET /resource_providers/808784bd-c856-4b4a-82cb-ff231b0d3c8c/aggregates => generated 235 bytes in 11 msecs (HTTP/1.1 404) 5 headers in 202 bytes (1 switches on core 0)
2026-04-28 14:43:14.579 7 INFO placement.requestlog [None req-6573f8d3-9a2c-42fe-90ec-717bb7b911d8 21481209bd0a4c3e8f19c49d30ce617e 8a7bb71408d84db6b1816a19edce78eb - - 8cd16c2fce164dc0807814dc49b26645 8cd16c2fce164dc0807814dc49b26645] 10.0.0.157 "GET /resource_providers/808784bd-c856-4b4a-82cb-ff231b0d3c8c/aggregates" status: 404 len: 235 microversion: 1.1 [pid: 7|app: 0|req: 404/814] 10.0.0.157 () {32 vars in 816 bytes} [Tue Apr 28 14:43:14 2026] GET /resource_providers/808784bd-c856-4b4a-82cb-ff231b0d3c8c/aggregates => generated 235 bytes in 11 msecs (HTTP/1.1 404) 5 headers in 202 bytes (1 switches on core 0)
2026-04-28 14:43:14.586 8 INFO placement.requestlog [None req-3d8b4cde-7abb-47f0-86b9-65a547fda867 21481209bd0a4c3e8f19c49d30ce617e 8a7bb71408d84db6b1816a19edce78eb - - 8cd16c2fce164dc0807814dc49b26645 8cd16c2fce164dc0807814dc49b26645] 10.0.0.157 "DELETE /resource_providers/808784bd-c856-4b4a-82cb-ff231b0d3c8c" status: 404 len: 246 microversion: 1.1 [pid: 8|app: 0|req: 411/815] 10.0.0.157 () {34 vars in 816 bytes} [Tue Apr 28 14:43:14 2026] DELETE /resource_providers/808784bd-c856-4b4a-82cb-ff231b0d3c8c => generated 246 bytes in 7 msecs (HTTP/1.1 404) 6 headers in 231 bytes (1 switches on core 0)
2026-04-28 14:43:14.601 7 INFO placement.requestlog [None req-fc7fc663-9d23-4c48-8a41-6f66f760b21f 21481209bd0a4c3e8f19c49d30ce617e 8a7bb71408d84db6b1816a19edce78eb - - 8cd16c2fce164dc0807814dc49b26645 8cd16c2fce164dc0807814dc49b26645] 10.0.0.157 "DELETE /resource_providers/808784bd-c856-4b4a-82cb-ff231b0d3c8c" status: 404 len: 246 microversion: 1.1 [pid: 7|app: 0|req: 405/816] 10.0.0.157 () {34 vars in 816 bytes} [Tue Apr 28 14:43:14 2026] DELETE /resource_providers/808784bd-c856-4b4a-82cb-ff231b0d3c8c => generated 246 bytes in 12 msecs (HTTP/1.1 404) 6 headers in 231 bytes (1 switches on core 0)
2026-04-28 14:43:14.831 8 INFO placement.requestlog [req-04bf3eb4-9192-4938-8106-d8c397501161 req-96ce214d-b047-4778-993a-1d0ffbfd7885 20f2dc0bd02f42679a18ad6729479a20 8a7bb71408d84db6b1816a19edce78eb - - 8cd16c2fce164dc0807814dc49b26645 8cd16c2fce164dc0807814dc49b26645] 199.204.45.4 "GET /resource_providers/026344c9-5620-436b-aabc-122d30ab136d/allocations" status: 200 len: 252 microversion: 1.0 [pid: 8|app: 0|req: 412/817] 199.204.45.4 () {32 vars in 855 bytes} [Tue Apr 28 14:43:14 2026] GET /resource_providers/026344c9-5620-436b-aabc-122d30ab136d/allocations => generated 252 bytes in 23 msecs (HTTP/1.1 200) 6 headers in 224 bytes (1 switches on core 0)
2026-04-28 14:43:14.851 7 INFO placement.requestlog [req-04bf3eb4-9192-4938-8106-d8c397501161 req-590e8665-262c-44e4-a4b6-4fa94556b0e5 20f2dc0bd02f42679a18ad6729479a20 8a7bb71408d84db6b1816a19edce78eb - - 8cd16c2fce164dc0807814dc49b26645 8cd16c2fce164dc0807814dc49b26645] 199.204.45.4 "GET /allocations/81e28254-c959-483c-8fed-c7bb04febd44" status: 200 len: 257 microversion: 1.28 [pid: 7|app: 0|req: 406/818] 199.204.45.4 () {34 vars in 861 bytes} [Tue Apr 28 14:43:14 2026] GET /allocations/81e28254-c959-483c-8fed-c7bb04febd44 => generated 257 bytes in 13 msecs (HTTP/1.1 200) 8 headers in 296 bytes (1 switches on core 0)
2026-04-28 14:43:14.871 8 INFO placement.requestlog [req-04bf3eb4-9192-4938-8106-d8c397501161 req-e78a6e54-12b1-4b6b-ba5e-efad7f686946 20f2dc0bd02f42679a18ad6729479a20 8a7bb71408d84db6b1816a19edce78eb - - 8cd16c2fce164dc0807814dc49b26645 8cd16c2fce164dc0807814dc49b26645] 199.204.45.4 "GET /allocations/bf6b87a2-7d64-46d2-9064-47c3c99c998d" status: 200 len: 257 microversion: 1.28 [pid: 8|app: 0|req: 413/819] 199.204.45.4 () {34 vars in 861 bytes} [Tue Apr 28 14:43:14 2026] GET /allocations/bf6b87a2-7d64-46d2-9064-47c3c99c998d => generated 257 bytes in 16 msecs (HTTP/1.1 200) 8 headers in 296 bytes (1 switches on core 0)
2026-04-28 14:43:15.928 7 INFO placement.requestlog [req-04bf3eb4-9192-4938-8106-d8c397501161 req-113b711f-57d0-46a7-b271-2b502ebd710d 20f2dc0bd02f42679a18ad6729479a20 8a7bb71408d84db6b1816a19edce78eb - - 8cd16c2fce164dc0807814dc49b26645 8cd16c2fce164dc0807814dc49b26645] 199.204.45.4 "DELETE /allocations/bf6b87a2-7d64-46d2-9064-47c3c99c998d" status: 204 len: 0 microversion: 1.0 [pid: 7|app: 0|req: 407/820] 199.204.45.4 () {34 vars in 839 bytes} [Tue Apr 28 14:43:15 2026] DELETE /allocations/bf6b87a2-7d64-46d2-9064-47c3c99c998d => generated 0 bytes in 35 msecs (HTTP/1.1 204) 5 headers in 198 bytes (1 switches on core 0)
2026-04-28 14:43:19.313 8 INFO placement.requestlog [None req-b79a235a-1c55-4d6b-9538-3c4a59a18c31 21481209bd0a4c3e8f19c49d30ce617e 8a7bb71408d84db6b1816a19edce78eb - - 8cd16c2fce164dc0807814dc49b26645 8cd16c2fce164dc0807814dc49b26645] 10.0.0.157 "GET /resource_providers/24c5d54e-1cf1-46d5-bbdf-a0296c4bc563/aggregates" status: 404 len: 235 microversion: 1.1 [pid: 8|app: 0|req: 414/821] 10.0.0.157 () {32 vars in 816 bytes} [Tue Apr 28 14:43:19 2026] GET /resource_providers/24c5d54e-1cf1-46d5-bbdf-a0296c4bc563/aggregates => generated 235 bytes in 12 msecs (HTTP/1.1 404) 5 headers in 202 bytes (1 switches on core 0)
2026-04-28 14:43:19.314 7 INFO placement.requestlog [None req-85ed7104-3782-4833-9d4a-9c951de8b907 21481209bd0a4c3e8f19c49d30ce617e 8a7bb71408d84db6b1816a19edce78eb - - 8cd16c2fce164dc0807814dc49b26645 8cd16c2fce164dc0807814dc49b26645] 10.0.0.157 "GET /resource_providers/24c5d54e-1cf1-46d5-bbdf-a0296c4bc563/aggregates" status: 404 len: 235 microversion: 1.1 [pid: 7|app: 0|req: 408/822] 10.0.0.157 () {32 vars in 816 bytes} [Tue Apr 28 14:43:19 2026] GET /resource_providers/24c5d54e-1cf1-46d5-bbdf-a0296c4bc563/aggregates => generated 235 bytes in 12 msecs (HTTP/1.1 404) 5 headers in 202 bytes (1 switches on core 0)
2026-04-28 14:43:19.368 8 INFO placement.requestlog [None req-62b576df-09bb-4bb9-b2fb-bca7b9555540 21481209bd0a4c3e8f19c49d30ce617e 8a7bb71408d84db6b1816a19edce78eb - - 8cd16c2fce164dc0807814dc49b26645 8cd16c2fce164dc0807814dc49b26645] 10.0.0.157 "DELETE /resource_providers/24c5d54e-1cf1-46d5-bbdf-a0296c4bc563" status: 404 len: 246 microversion: 1.1
2026-04-28 14:43:19.368 7 INFO placement.requestlog [None req-19e0e8c1-62e9-4338-ba07-60665f40ba95 21481209bd0a4c3e8f19c49d30ce617e 8a7bb71408d84db6b1816a19edce78eb - - 8cd16c2fce164dc0807814dc49b26645 8cd16c2fce164dc0807814dc49b26645] 10.0.0.157 "DELETE /resource_providers/24c5d54e-1cf1-46d5-bbdf-a0296c4bc563" status: 404 len: 246 microversion: 1.1 [pid: 8|app: 0|req: 415/823] 10.0.0.157 () {34 vars in 816 bytes} [Tue Apr 28 14:43:19 2026] DELETE /resource_providers/24c5d54e-1cf1-46d5-bbdf-a0296c4bc563 => generated 246 bytes in 22 msecs (HTTP/1.1 404) 6 headers in 231 bytes (1 switches on core 0) [pid: 7|app: 0|req: 409/824] 10.0.0.157 () {34 vars in 816 bytes} [Tue Apr 28 14:43:19 2026] DELETE /resource_providers/24c5d54e-1cf1-46d5-bbdf-a0296c4bc563 => generated 246 bytes in 17 msecs (HTTP/1.1 404) 6 headers in 231 bytes (1 switches on core 0)
2026-04-28 14:43:20.155 8 INFO placement.requestlog [None req-3b512972-e7e8-4052-b63c-9ccc60c74fa3 - - - - - -] 10.0.0.76 "GET /" status: 200 len: 136 microversion: 1.0
2026-04-28 14:43:20.155 7 INFO placement.requestlog [None req-f30f8bd8-a807-4a03-bb24-6c3f6f702a60 - - - - - -] 10.0.0.76 "GET /" status: 200 len: 136 microversion: 1.0
2026-04-28 14:43:21.176 8 INFO placement.requestlog [req-ddccd0b7-77a7-43a0-91c6-25c671be5802 req-2106f46e-f619-45bc-abae-d5321082fd20 20f2dc0bd02f42679a18ad6729479a20 8a7bb71408d84db6b1816a19edce78eb - - 8cd16c2fce164dc0807814dc49b26645 8cd16c2fce164dc0807814dc49b26645] 10.0.0.84 "GET /allocation_candidates?limit=1000&resources=DISK_GB%3A1%2CMEMORY_MB%3A512%2CVCPU%3A1&root_required=%21COMPUTE_STATUS_DISABLED" status: 200 len: 2783 microversion: 1.36 [pid: 8|app: 0|req: 417/827] 10.0.0.84 () {34 vars in 1011 bytes} [Tue Apr 28 14:43:21 2026] GET /allocation_candidates?limit=1000&resources=DISK_GB%3A1%2CMEMORY_MB%3A512%2CVCPU%3A1&root_required=%21COMPUTE_STATUS_DISABLED => generated 2783 bytes in 43 msecs (HTTP/1.1 200) 8 headers in 297 bytes (1 switches on core 0)
2026-04-28 14:43:21.214 7 INFO placement.requestlog [req-ddccd0b7-77a7-43a0-91c6-25c671be5802 req-044b69b7-2135-4e29-b479-adeefaa8f485 20f2dc0bd02f42679a18ad6729479a20 8a7bb71408d84db6b1816a19edce78eb - - 8cd16c2fce164dc0807814dc49b26645 8cd16c2fce164dc0807814dc49b26645] 10.0.0.84 "GET /allocations/c97d9013-03e4-400c-bb4d-de768bcc9f29" status: 200 len: 19 microversion: 1.28 [pid: 7|app: 0|req: 411/828] 10.0.0.84 () {34 vars in 860 bytes} [Tue Apr 28 14:43:21 2026] GET /allocations/c97d9013-03e4-400c-bb4d-de768bcc9f29 => generated 19 bytes in 18 msecs (HTTP/1.1 200) 8 headers in 295 bytes (1 switches on core 0)
2026-04-28 14:43:21.315 8 INFO placement.requestlog [req-ddccd0b7-77a7-43a0-91c6-25c671be5802 req-2262682c-413e-4697-b7ea-4bda670eeb50 20f2dc0bd02f42679a18ad6729479a20 8a7bb71408d84db6b1816a19edce78eb - - 8cd16c2fce164dc0807814dc49b26645 8cd16c2fce164dc0807814dc49b26645] 10.0.0.84 "PUT /allocations/c97d9013-03e4-400c-bb4d-de768bcc9f29" status: 204 len: 0 microversion: 1.36 [pid: 8|app: 0|req: 418/829] 10.0.0.84 () {38 vars in 913 bytes} [Tue Apr 28 14:43:21 2026] PUT /allocations/c97d9013-03e4-400c-bb4d-de768bcc9f29 => generated 0 bytes in 93 msecs (HTTP/1.1 204) 5 headers in 199 bytes (1 switches on core 0)
2026-04-28 14:43:21.392 7 INFO placement.requestlog [None req-a9e1fbed-4d3f-48da-829f-a703d5490247 21481209bd0a4c3e8f19c49d30ce617e 8a7bb71408d84db6b1816a19edce78eb - - 8cd16c2fce164dc0807814dc49b26645 8cd16c2fce164dc0807814dc49b26645] 10.0.0.157 "GET /resource_providers/de972d49-8de6-490f-8562-78c2c0acfe15/aggregates" status: 404 len: 235 microversion: 1.1 [pid: 7|app: 0|req: 412/830] 10.0.0.157 () {32 vars in 816 bytes} [Tue Apr 28 14:43:21 2026] GET /resource_providers/de972d49-8de6-490f-8562-78c2c0acfe15/aggregates => generated 235 bytes in 13 msecs (HTTP/1.1 404) 5 headers in 202 bytes (1 switches on core 0)
2026-04-28 14:43:21.397 8 INFO placement.requestlog [None req-26c14cca-87e8-4c67-8910-0b8074f99950 21481209bd0a4c3e8f19c49d30ce617e 8a7bb71408d84db6b1816a19edce78eb - - 8cd16c2fce164dc0807814dc49b26645 8cd16c2fce164dc0807814dc49b26645] 10.0.0.157 "GET /resource_providers/de972d49-8de6-490f-8562-78c2c0acfe15/aggregates" status: 404 len: 235 microversion: 1.1 [pid: 8|app: 0|req: 419/831] 10.0.0.157 () {32 vars in 816 bytes} [Tue Apr 28 14:43:21 2026] GET /resource_providers/de972d49-8de6-490f-8562-78c2c0acfe15/aggregates => generated 235 bytes in 13 msecs (HTTP/1.1 404) 5 headers in 202 bytes (1 switches on core 0)
2026-04-28 14:43:21.414 7 INFO placement.requestlog [None req-ec47f5fc-6e6a-414c-9998-def9d13f5938 21481209bd0a4c3e8f19c49d30ce617e 8a7bb71408d84db6b1816a19edce78eb - - 8cd16c2fce164dc0807814dc49b26645 8cd16c2fce164dc0807814dc49b26645] 10.0.0.157 "DELETE /resource_providers/de972d49-8de6-490f-8562-78c2c0acfe15" status: 404 len: 246 microversion: 1.1 [pid: 7|app: 0|req: 413/832] 10.0.0.157 () {34 vars in 816 bytes} [Tue Apr 28 14:43:21 2026] DELETE /resource_providers/de972d49-8de6-490f-8562-78c2c0acfe15 => generated 246 bytes in 10 msecs (HTTP/1.1 404) 6 headers in 231 bytes (1 switches on core 0)
2026-04-28 14:43:21.423 8 INFO placement.requestlog [None req-845a1458-d21e-404f-80cc-a572f3160ba6 21481209bd0a4c3e8f19c49d30ce617e 8a7bb71408d84db6b1816a19edce78eb - - 8cd16c2fce164dc0807814dc49b26645 8cd16c2fce164dc0807814dc49b26645] 10.0.0.157 "DELETE /resource_providers/de972d49-8de6-490f-8562-78c2c0acfe15" status: 404 len: 246 microversion: 1.1 [pid: 8|app: 0|req: 420/833] 10.0.0.157 () {34 vars in 816 bytes} [Tue Apr 28 14:43:21 2026] DELETE /resource_providers/de972d49-8de6-490f-8562-78c2c0acfe15 => generated 246 bytes in 17 msecs (HTTP/1.1 404) 6 headers in 231 bytes (1 switches on core 0)
2026-04-28 14:43:22.770 7 INFO placement.requestlog [req-ddccd0b7-77a7-43a0-91c6-25c671be5802 req-a284f468-e806-43dc-b8a4-5bf89ad04a28 20f2dc0bd02f42679a18ad6729479a20 8a7bb71408d84db6b1816a19edce78eb - - 8cd16c2fce164dc0807814dc49b26645 8cd16c2fce164dc0807814dc49b26645] 199.204.45.4 "GET /allocations/c97d9013-03e4-400c-bb4d-de768bcc9f29" status: 200 len: 257 microversion: 1.28 [pid: 7|app: 0|req: 414/834] 199.204.45.4 () {34 vars in 861 bytes} [Tue Apr 28 14:43:22 2026] GET /allocations/c97d9013-03e4-400c-bb4d-de768bcc9f29 => generated 257 bytes in 16 msecs (HTTP/1.1 200) 8 headers in 296 bytes (1 switches on core 0)
2026-04-28 14:43:23.817 8 INFO placement.requestlog [req-ddccd0b7-77a7-43a0-91c6-25c671be5802 req-d9a96135-35dc-4ed1-a8dd-7d3034d3126d 20f2dc0bd02f42679a18ad6729479a20 8a7bb71408d84db6b1816a19edce78eb - - 8cd16c2fce164dc0807814dc49b26645 8cd16c2fce164dc0807814dc49b26645] 199.204.45.4 "GET /resource_providers/026344c9-5620-436b-aabc-122d30ab136d/allocations" status: 200 len: 252 microversion: 1.0 [pid: 8|app: 0|req: 421/835] 199.204.45.4 () {32 vars in 855 bytes} [Tue Apr 28 14:43:23 2026] GET /resource_providers/026344c9-5620-436b-aabc-122d30ab136d/allocations => generated 252 bytes in 18 msecs (HTTP/1.1 200) 6 headers in 224 bytes (1 switches on core 0)
2026-04-28 14:43:23.853 7 INFO placement.requestlog [req-ddccd0b7-77a7-43a0-91c6-25c671be5802 req-51fd99a0-fead-424c-a811-9386e2598bf3 20f2dc0bd02f42679a18ad6729479a20 8a7bb71408d84db6b1816a19edce78eb - - 8cd16c2fce164dc0807814dc49b26645 8cd16c2fce164dc0807814dc49b26645] 199.204.45.4 "GET /allocations/c97d9013-03e4-400c-bb4d-de768bcc9f29" status: 200 len: 257 microversion: 1.28 [pid: 7|app: 0|req: 415/836] 199.204.45.4 () {34 vars in 861 bytes} [Tue Apr 28 14:43:23 2026] GET /allocations/c97d9013-03e4-400c-bb4d-de768bcc9f29 => generated 257 bytes in 28 msecs (HTTP/1.1 200) 8 headers in 296 bytes (1 switches on core 0)
2026-04-28 14:43:23.873 8 INFO placement.requestlog [req-ddccd0b7-77a7-43a0-91c6-25c671be5802 req-bfbf59dd-ee13-4a7b-ac94-660ceb45afc9 20f2dc0bd02f42679a18ad6729479a20 8a7bb71408d84db6b1816a19edce78eb - - 8cd16c2fce164dc0807814dc49b26645 8cd16c2fce164dc0807814dc49b26645] 199.204.45.4 "GET /allocations/81e28254-c959-483c-8fed-c7bb04febd44" status: 200 len: 257 microversion: 1.28 [pid: 8|app: 0|req: 422/837] 199.204.45.4 () {34 vars in 861 bytes} [Tue Apr 28 14:43:23 2026] GET /allocations/81e28254-c959-483c-8fed-c7bb04febd44 => generated 257 bytes in 13 msecs (HTTP/1.1 200) 8 headers in 296 bytes (1 switches on core 0)
2026-04-28 14:43:28.873 7 INFO placement.requestlog [req-0db13eec-7e6d-4083-9678-711ce3a03554 req-f09558f1-f441-4cb2-bade-402e6c5599a2 20f2dc0bd02f42679a18ad6729479a20 8a7bb71408d84db6b1816a19edce78eb - - 8cd16c2fce164dc0807814dc49b26645 8cd16c2fce164dc0807814dc49b26645] 10.0.0.84 "GET /allocation_candidates?limit=1000&resources=DISK_GB%3A1%2CMEMORY_MB%3A512%2CVCPU%3A1&root_required=%21COMPUTE_STATUS_DISABLED" status: 200 len: 2784 microversion: 1.36 [pid: 7|app: 0|req: 416/838] 10.0.0.84 () {34 vars in 1011 bytes} [Tue Apr 28 14:43:28 2026] GET /allocation_candidates?limit=1000&resources=DISK_GB%3A1%2CMEMORY_MB%3A512%2CVCPU%3A1&root_required=%21COMPUTE_STATUS_DISABLED => generated 2784 bytes in 41 msecs (HTTP/1.1 200) 8 headers in 297 bytes (1 switches on core 0)
2026-04-28 14:43:28.916 8 INFO placement.requestlog [req-0db13eec-7e6d-4083-9678-711ce3a03554 req-44dbfef7-2350-4a74-a4f1-ca424b66d585 20f2dc0bd02f42679a18ad6729479a20 8a7bb71408d84db6b1816a19edce78eb - - 8cd16c2fce164dc0807814dc49b26645 8cd16c2fce164dc0807814dc49b26645] 10.0.0.84 "GET /allocations/39eabfba-8f50-4580-8567-67220df2fa19" status: 200 len: 19 microversion: 1.28 [pid: 8|app: 0|req: 423/839] 10.0.0.84 () {34 vars in 860 bytes} [Tue Apr 28 14:43:28 2026] GET /allocations/39eabfba-8f50-4580-8567-67220df2fa19 => generated 19 bytes in 14 msecs (HTTP/1.1 200) 8 headers in 295 bytes (1 switches on core 0)
2026-04-28 14:43:28.988 7 INFO placement.requestlog [req-0db13eec-7e6d-4083-9678-711ce3a03554 req-e1bc3094-dc29-456a-bfb1-94504822a594 20f2dc0bd02f42679a18ad6729479a20 8a7bb71408d84db6b1816a19edce78eb - - 8cd16c2fce164dc0807814dc49b26645 8cd16c2fce164dc0807814dc49b26645] 10.0.0.84 "PUT /allocations/39eabfba-8f50-4580-8567-67220df2fa19" status: 204 len: 0 microversion: 1.36 [pid: 7|app: 0|req: 417/840] 10.0.0.84 () {38 vars in 913 bytes} [Tue Apr 28 14:43:28 2026] PUT /allocations/39eabfba-8f50-4580-8567-67220df2fa19 => generated 0 bytes in 66 msecs (HTTP/1.1 204) 5 headers in 199 bytes (1 switches on core 0)
2026-04-28 14:43:30.154 8 INFO placement.requestlog [None req-552df1ea-4dc1-4d4b-a5a4-e57f8d203fab - - - - - -] 10.0.0.76 "GET /" status: 200 len: 136 microversion: 1.0
2026-04-28 14:43:30.155 7 INFO placement.requestlog [None req-6375c518-322d-463c-835a-bc40662ad89f - - - - - -] 10.0.0.76 "GET /" status: 200 len: 136 microversion: 1.0
2026-04-28 14:43:30.706 8 INFO placement.requestlog [req-0db13eec-7e6d-4083-9678-711ce3a03554 req-e65a1602-0048-4675-9b10-c65841916f4a 20f2dc0bd02f42679a18ad6729479a20 8a7bb71408d84db6b1816a19edce78eb - - 8cd16c2fce164dc0807814dc49b26645 8cd16c2fce164dc0807814dc49b26645] 199.204.45.4 "GET /allocations/39eabfba-8f50-4580-8567-67220df2fa19" status: 200 len: 257 microversion: 1.28 [pid: 8|app: 0|req: 425/843] 199.204.45.4 () {34 vars in 861 bytes} [Tue Apr 28 14:43:30 2026] GET /allocations/39eabfba-8f50-4580-8567-67220df2fa19 => generated 257 bytes in 16 msecs (HTTP/1.1 200) 8 headers in 296 bytes (1 switches on core 0)
2026-04-28 14:43:31.751 7 INFO placement.requestlog [req-0db13eec-7e6d-4083-9678-711ce3a03554 req-7ff2a825-07e7-4588-ba0f-3d3d6a704aad 20f2dc0bd02f42679a18ad6729479a20 8a7bb71408d84db6b1816a19edce78eb - - 8cd16c2fce164dc0807814dc49b26645 8cd16c2fce164dc0807814dc49b26645] 199.204.45.4 "GET /resource_providers/026344c9-5620-436b-aabc-122d30ab136d/allocations" status: 200 len: 352 microversion: 1.0 [pid: 7|app: 0|req: 419/844] 199.204.45.4 () {32 vars in 855 bytes} [Tue Apr 28 14:43:31 2026] GET /resource_providers/026344c9-5620-436b-aabc-122d30ab136d/allocations => generated 352 bytes in 21 msecs (HTTP/1.1 200) 6 headers in 224 bytes (1 switches on core 0)
2026-04-28 14:43:31.774 8 INFO placement.requestlog [req-0db13eec-7e6d-4083-9678-711ce3a03554 req-751c799a-4a4c-45d6-ba1e-0703ec0d6ea9 20f2dc0bd02f42679a18ad6729479a20 8a7bb71408d84db6b1816a19edce78eb - - 8cd16c2fce164dc0807814dc49b26645 8cd16c2fce164dc0807814dc49b26645] 199.204.45.4 "GET /allocations/c97d9013-03e4-400c-bb4d-de768bcc9f29" status: 200 len: 257 microversion: 1.28 [pid: 8|app: 0|req: 426/845] 199.204.45.4 () {34 vars in 861 bytes} [Tue Apr 28 14:43:31 2026] GET /allocations/c97d9013-03e4-400c-bb4d-de768bcc9f29 => generated 257 bytes in 15 msecs (HTTP/1.1 200) 8 headers in 296 bytes (1 switches on core 0)
2026-04-28 14:43:31.795 7 INFO placement.requestlog [req-0db13eec-7e6d-4083-9678-711ce3a03554 req-56127b90-eca7-4bf5-a985-e3e14aa06feb 20f2dc0bd02f42679a18ad6729479a20 8a7bb71408d84db6b1816a19edce78eb - - 8cd16c2fce164dc0807814dc49b26645 8cd16c2fce164dc0807814dc49b26645] 199.204.45.4 "GET /allocations/39eabfba-8f50-4580-8567-67220df2fa19" status: 200 len: 257 microversion: 1.28 [pid: 7|app: 0|req: 420/846] 199.204.45.4 () {34 vars in 861 bytes} [Tue Apr 28 14:43:31 2026] GET /allocations/39eabfba-8f50-4580-8567-67220df2fa19 => generated 257 bytes in 12 msecs (HTTP/1.1 200) 8 headers in 296 bytes (1 switches on core 0)
2026-04-28 14:43:31.816 8 INFO placement.requestlog [req-0db13eec-7e6d-4083-9678-711ce3a03554 req-0d25e78e-f327-4a6d-8479-a721fa40c631 20f2dc0bd02f42679a18ad6729479a20 8a7bb71408d84db6b1816a19edce78eb - - 8cd16c2fce164dc0807814dc49b26645 8cd16c2fce164dc0807814dc49b26645] 199.204.45.4 "GET /allocations/81e28254-c959-483c-8fed-c7bb04febd44" status: 200 len: 257 microversion: 1.28 [pid: 8|app: 0|req: 427/847] 199.204.45.4 () {34 vars in 861 bytes} [Tue Apr 28 14:43:31 2026] GET /allocations/81e28254-c959-483c-8fed-c7bb04febd44 => generated 257 bytes in 14 msecs (HTTP/1.1 200) 8 headers in 296 bytes (1 switches on core 0)
2026-04-28 14:43:36.413 7 INFO placement.requestlog [req-1e3fa933-0865-4b65-a757-1daf5c0f5c69 req-8364080d-5b0b-4678-859f-d14bea633768 20f2dc0bd02f42679a18ad6729479a20 8a7bb71408d84db6b1816a19edce78eb - - 8cd16c2fce164dc0807814dc49b26645 8cd16c2fce164dc0807814dc49b26645] 10.0.0.84 "GET /allocation_candidates?limit=1000&resources=DISK_GB%3A1%2CMEMORY_MB%3A512%2CVCPU%3A1&root_required=%21COMPUTE_STATUS_DISABLED" status: 200 len: 2784 microversion: 1.36 [pid: 7|app: 0|req: 421/848] 10.0.0.84 () {34 vars in 1011 bytes} [Tue Apr 28 14:43:36 2026] GET /allocation_candidates?limit=1000&resources=DISK_GB%3A1%2CMEMORY_MB%3A512%2CVCPU%3A1&root_required=%21COMPUTE_STATUS_DISABLED => generated 2784 bytes in 60 msecs (HTTP/1.1 200) 8 headers in 297 bytes (1 switches on core 0)
2026-04-28 14:43:36.444 8 INFO placement.requestlog [req-1e3fa933-0865-4b65-a757-1daf5c0f5c69 req-08cb3b7d-e27e-4245-b75c-a064276008bf 20f2dc0bd02f42679a18ad6729479a20 8a7bb71408d84db6b1816a19edce78eb - - 8cd16c2fce164dc0807814dc49b26645 8cd16c2fce164dc0807814dc49b26645] 10.0.0.84 "GET /allocations/8f8239a4-cce0-4836-8763-237ea5e4cc22" status: 200 len: 19 microversion: 1.28 [pid: 8|app: 0|req: 428/849] 10.0.0.84 () {34 vars in 860 bytes} [Tue Apr 28 14:43:36 2026] GET /allocations/8f8239a4-cce0-4836-8763-237ea5e4cc22 => generated 19 bytes in 10 msecs (HTTP/1.1 200) 8 headers in 295 bytes (1 switches on core 0)
2026-04-28 14:43:36.508 7 INFO placement.requestlog [req-1e3fa933-0865-4b65-a757-1daf5c0f5c69 req-9e11b4eb-5088-412e-8961-03fbed5bc464 20f2dc0bd02f42679a18ad6729479a20 8a7bb71408d84db6b1816a19edce78eb - - 8cd16c2fce164dc0807814dc49b26645 8cd16c2fce164dc0807814dc49b26645] 10.0.0.84 "PUT /allocations/8f8239a4-cce0-4836-8763-237ea5e4cc22" status: 204 len: 0 microversion: 1.36 [pid: 7|app: 0|req: 422/850] 10.0.0.84 () {38 vars in 913 bytes} [Tue Apr 28 14:43:36 2026] PUT /allocations/8f8239a4-cce0-4836-8763-237ea5e4cc22 => generated 0 bytes in 57 msecs (HTTP/1.1 204) 5 headers in 199 bytes (1 switches on core 0)
2026-04-28 14:43:38.026 8 INFO placement.requestlog [req-1e3fa933-0865-4b65-a757-1daf5c0f5c69 req-e3376303-b23a-4552-96bf-f3885969f289 20f2dc0bd02f42679a18ad6729479a20 8a7bb71408d84db6b1816a19edce78eb - - 8cd16c2fce164dc0807814dc49b26645 8cd16c2fce164dc0807814dc49b26645] 199.204.45.4 "GET /allocations/8f8239a4-cce0-4836-8763-237ea5e4cc22" status: 200 len: 257 microversion: 1.28 [pid: 8|app: 0|req: 429/851] 199.204.45.4 () {34 vars in 861 bytes} [Tue Apr 28 14:43:38 2026] GET /allocations/8f8239a4-cce0-4836-8763-237ea5e4cc22 => generated 257 bytes in 16 msecs (HTTP/1.1 200) 8 headers in 296 bytes (1 switches on core 0)
2026-04-28 14:43:39.069 7 INFO placement.requestlog [req-1e3fa933-0865-4b65-a757-1daf5c0f5c69 req-182e4136-154d-48cd-a778-da6831d2dd5b 20f2dc0bd02f42679a18ad6729479a20 8a7bb71408d84db6b1816a19edce78eb - - 8cd16c2fce164dc0807814dc49b26645 8cd16c2fce164dc0807814dc49b26645] 199.204.45.4 "GET /resource_providers/026344c9-5620-436b-aabc-122d30ab136d/allocations" status: 200 len: 452 microversion: 1.0 [pid: 7|app: 0|req: 423/852] 199.204.45.4 () {32 vars in 855 bytes} [Tue Apr 28 14:43:39 2026] GET /resource_providers/026344c9-5620-436b-aabc-122d30ab136d/allocations => generated 452 bytes in 21 msecs (HTTP/1.1 200) 6 headers in 224 bytes (1 switches on core 0)
2026-04-28 14:43:39.097 8 INFO placement.requestlog [req-1e3fa933-0865-4b65-a757-1daf5c0f5c69 req-c17b71fa-ce30-40f8-8ddc-0cca7de0319a 20f2dc0bd02f42679a18ad6729479a20 8a7bb71408d84db6b1816a19edce78eb - - 8cd16c2fce164dc0807814dc49b26645 8cd16c2fce164dc0807814dc49b26645] 199.204.45.4 "GET /allocations/c97d9013-03e4-400c-bb4d-de768bcc9f29" status: 200 len: 257 microversion: 1.28 [pid: 8|app: 0|req: 430/853] 199.204.45.4 () {34 vars in 861 bytes} [Tue Apr 28 14:43:39 2026] GET /allocations/c97d9013-03e4-400c-bb4d-de768bcc9f29 => generated 257 bytes in 17 msecs (HTTP/1.1 200) 8 headers in 296 bytes (1 switches on core 0)
2026-04-28 14:43:39.122 7 INFO placement.requestlog [req-1e3fa933-0865-4b65-a757-1daf5c0f5c69 req-02e19c6a-7b2a-415d-be5e-de506b2c972e 20f2dc0bd02f42679a18ad6729479a20 8a7bb71408d84db6b1816a19edce78eb - - 8cd16c2fce164dc0807814dc49b26645 8cd16c2fce164dc0807814dc49b26645] 199.204.45.4 "GET /allocations/39eabfba-8f50-4580-8567-67220df2fa19" status: 200 len: 257 microversion: 1.28 [pid: 7|app: 0|req: 424/854] 199.204.45.4 () {34 vars in 861 bytes} [Tue Apr 28 14:43:39 2026] GET /allocations/39eabfba-8f50-4580-8567-67220df2fa19 => generated 257 bytes in 15 msecs (HTTP/1.1 200) 8 headers in 296 bytes (1 switches on core 0)
2026-04-28 14:43:39.142 8 INFO placement.requestlog [req-1e3fa933-0865-4b65-a757-1daf5c0f5c69 req-8b93f767-263c-4b61-a48c-f82f7f826ca9 20f2dc0bd02f42679a18ad6729479a20 8a7bb71408d84db6b1816a19edce78eb - - 8cd16c2fce164dc0807814dc49b26645 8cd16c2fce164dc0807814dc49b26645] 199.204.45.4 "GET /allocations/81e28254-c959-483c-8fed-c7bb04febd44" status: 200 len: 257 microversion: 1.28 [pid: 8|app: 0|req: 431/855] 199.204.45.4 () {34 vars in 861 bytes} [Tue Apr 28 14:43:39 2026] GET /allocations/81e28254-c959-483c-8fed-c7bb04febd44 => generated 257 bytes in 15 msecs (HTTP/1.1 200) 8 headers in 296 bytes (1 switches on core 0)
2026-04-28 14:43:39.161 7 INFO placement.requestlog [req-1e3fa933-0865-4b65-a757-1daf5c0f5c69 req-92a15ae9-a218-41c0-89b0-318c89f876fe 20f2dc0bd02f42679a18ad6729479a20 8a7bb71408d84db6b1816a19edce78eb - - 8cd16c2fce164dc0807814dc49b26645 8cd16c2fce164dc0807814dc49b26645] 199.204.45.4 "GET /allocations/8f8239a4-cce0-4836-8763-237ea5e4cc22" status: 200 len: 257 microversion: 1.28 [pid: 7|app: 0|req: 425/856] 199.204.45.4 () {34 vars in 861 bytes} [Tue Apr 28 14:43:39 2026] GET /allocations/8f8239a4-cce0-4836-8763-237ea5e4cc22 => generated 257 bytes in 13 msecs (HTTP/1.1 200) 8 headers in 296 bytes (1 switches on core 0)
2026-04-28 14:43:40.154 8 INFO placement.requestlog [None req-1f505562-74f0-49d8-92bf-4bbf476f02e9 - - - - - -] 10.0.0.76 "GET /" status: 200 len: 136 microversion: 1.0
2026-04-28 14:43:40.155 7 INFO placement.requestlog [None req-c2c91873-68ae-480e-894a-23b09d14307e - - - - - -] 10.0.0.76 "GET /" status: 200 len: 136 microversion: 1.0
2026-04-28 14:43:40.237 8 INFO placement.requestlog [req-0e729d78-73be-4f86-8611-1d3b608c9d4c req-5bf878bd-f498-42f6-8921-5468406174ba 20f2dc0bd02f42679a18ad6729479a20 8a7bb71408d84db6b1816a19edce78eb - - 8cd16c2fce164dc0807814dc49b26645 8cd16c2fce164dc0807814dc49b26645] 199.204.45.4 "GET /resource_providers/026344c9-5620-436b-aabc-122d30ab136d/allocations" status: 200 len: 452 microversion: 1.0 [pid: 8|app: 0|req: 433/859] 199.204.45.4 () {32 vars in 855 bytes} [Tue Apr 28 14:43:40 2026] GET /resource_providers/026344c9-5620-436b-aabc-122d30ab136d/allocations => generated 452 bytes in 24 msecs (HTTP/1.1 200) 6 headers in 224 bytes (1 switches on core 0)
2026-04-28 14:43:40.256 7 INFO placement.requestlog [req-0e729d78-73be-4f86-8611-1d3b608c9d4c req-a80fa060-de03-4c93-960e-583bc009781c 20f2dc0bd02f42679a18ad6729479a20 8a7bb71408d84db6b1816a19edce78eb - - 8cd16c2fce164dc0807814dc49b26645 8cd16c2fce164dc0807814dc49b26645] 199.204.45.4 "GET /allocations/c97d9013-03e4-400c-bb4d-de768bcc9f29" status: 200 len: 257 microversion: 1.28 [pid: 7|app: 0|req: 427/860] 199.204.45.4 () {34 vars in 861 bytes} [Tue Apr 28 14:43:40 2026] GET /allocations/c97d9013-03e4-400c-bb4d-de768bcc9f29 => generated 257 bytes in 15 msecs (HTTP/1.1 200) 8 headers in 296 bytes (1 switches on core 0)
2026-04-28 14:43:40.276 8 INFO placement.requestlog [req-0e729d78-73be-4f86-8611-1d3b608c9d4c req-aee2df2c-f8a1-47ad-b790-ffe8a1c7b0fe 20f2dc0bd02f42679a18ad6729479a20 8a7bb71408d84db6b1816a19edce78eb - - 8cd16c2fce164dc0807814dc49b26645 8cd16c2fce164dc0807814dc49b26645] 199.204.45.4 "GET /allocations/39eabfba-8f50-4580-8567-67220df2fa19" status: 200 len: 257 microversion: 1.28 [pid: 8|app: 0|req: 434/861] 199.204.45.4 () {34 vars in 861 bytes} [Tue Apr 28 14:43:40 2026] GET /allocations/39eabfba-8f50-4580-8567-67220df2fa19 => generated 257 bytes in 15 msecs (HTTP/1.1 200) 8 headers in 296 bytes (1 switches on core 0)
2026-04-28 14:43:40.298 7 INFO placement.requestlog [req-0e729d78-73be-4f86-8611-1d3b608c9d4c req-3e94f4fa-a718-4c52-a6cc-1c27d83e6fca 20f2dc0bd02f42679a18ad6729479a20 8a7bb71408d84db6b1816a19edce78eb - - 8cd16c2fce164dc0807814dc49b26645 8cd16c2fce164dc0807814dc49b26645] 199.204.45.4 "GET /allocations/81e28254-c959-483c-8fed-c7bb04febd44" status: 200 len: 257 microversion: 1.28 [pid: 7|app: 0|req: 428/862] 199.204.45.4 () {34 vars in 861 bytes} [Tue Apr 28 14:43:40 2026] GET /allocations/81e28254-c959-483c-8fed-c7bb04febd44 => generated 257 bytes in 15 msecs (HTTP/1.1 200) 8 headers in 296 bytes (1 switches on core 0)
2026-04-28 14:43:40.321 8 INFO placement.requestlog [req-0e729d78-73be-4f86-8611-1d3b608c9d4c req-abd361d6-2acc-405b-8d43-325536761157 20f2dc0bd02f42679a18ad6729479a20 8a7bb71408d84db6b1816a19edce78eb - - 8cd16c2fce164dc0807814dc49b26645 8cd16c2fce164dc0807814dc49b26645] 199.204.45.4 "GET /allocations/8f8239a4-cce0-4836-8763-237ea5e4cc22" status: 200 len: 257 microversion: 1.28 [pid: 8|app: 0|req: 435/863] 199.204.45.4 () {34 vars in 861 bytes} [Tue Apr 28 14:43:40 2026] GET /allocations/8f8239a4-cce0-4836-8763-237ea5e4cc22 => generated 257 bytes in 14 msecs (HTTP/1.1 200) 8 headers in 296 bytes (1 switches on core 0)
