Mar 05 11:14:48.797116 np0000157871 devstack@neutron-api.service[103226]: DEBUG dbcounter [-] [103226] Writing DB stats neutron:UPDATE=1,neutron:SELECT=1 {{(pid=103226) stat_writer /opt/stack/data/venv/lib/python3.12/site-packages/dbcounter.py:115}}
Mar 05 11:14:52.864179 np0000157871 devstack@neutron-api.service[103224]: DEBUG futurist.periodics [-] Submitting periodic callback 'neutron.plugins.ml2.drivers.ovn.mech_driver.ovsdb.maintenance.HashRingHealthCheckPeriodics.touch_hash_ring_node' {{(pid=103224) _process_scheduled /opt/stack/data/venv/lib/python3.12/site-packages/futurist/periodics.py:638}}
Mar 05 11:14:52.864810 np0000157871 devstack@neutron-api.service[103224]: DEBUG neutron.plugins.ml2.drivers.ovn.mech_driver.ovsdb.maintenance [-] Touching Hash Ring node "5e83a422ceac5bc795152abd87f2ac23" from periodic health check thread {{(pid=103224) touch_hash_ring_node /opt/stack/neutron/neutron/plugins/ml2/drivers/ovn/mech_driver/ovsdb/maintenance.py:1224}}
Mar 05 11:14:53.592338 np0000157871 devstack@neutron-api.service[103223]: DEBUG futurist.periodics [-] Submitting periodic callback 'neutron.plugins.ml2.drivers.ovn.mech_driver.ovsdb.maintenance.HashRingHealthCheckPeriodics.touch_hash_ring_node' {{(pid=103223) _process_scheduled /opt/stack/data/venv/lib/python3.12/site-packages/futurist/periodics.py:638}}
Mar 05 11:14:53.593853 np0000157871 devstack@neutron-api.service[103223]: DEBUG neutron.plugins.ml2.drivers.ovn.mech_driver.ovsdb.maintenance [-] Touching Hash Ring node "1863f64c216958ea9aac11b19988ebb4" from periodic health check thread {{(pid=103223) touch_hash_ring_node /opt/stack/neutron/neutron/plugins/ml2/drivers/ovn/mech_driver/ovsdb/maintenance.py:1224}}
Mar 05 11:14:53.612794 np0000157871 devstack@neutron-api.service[103225]: DEBUG futurist.periodics [-] Submitting periodic callback 'neutron.plugins.ml2.drivers.ovn.mech_driver.ovsdb.maintenance.HashRingHealthCheckPeriodics.touch_hash_ring_node' {{(pid=103225) _process_scheduled /opt/stack/data/venv/lib/python3.12/site-packages/futurist/periodics.py:638}}
Mar 05 11:14:53.614368 np0000157871 devstack@neutron-api.service[103225]: DEBUG neutron.plugins.ml2.drivers.ovn.mech_driver.ovsdb.maintenance [-] Touching Hash Ring node "79c4356dc16156539039fccd2e08ae6e" from periodic health check thread {{(pid=103225) touch_hash_ring_node /opt/stack/neutron/neutron/plugins/ml2/drivers/ovn/mech_driver/ovsdb/maintenance.py:1224}}
Mar 05 11:14:53.784903 np0000157871 devstack@neutron-api.service[103226]: DEBUG futurist.periodics [-] Submitting periodic callback 'neutron.plugins.ml2.drivers.ovn.mech_driver.ovsdb.maintenance.HashRingHealthCheckPeriodics.touch_hash_ring_node' {{(pid=103226) _process_scheduled /opt/stack/data/venv/lib/python3.12/site-packages/futurist/periodics.py:638}}
Mar 05 11:14:53.786143 np0000157871 devstack@neutron-api.service[103226]: DEBUG neutron.plugins.ml2.drivers.ovn.mech_driver.ovsdb.maintenance [-] Touching Hash Ring node "d59ac38604df55c7b070734a2d32f241" from periodic health check thread {{(pid=103226) touch_hash_ring_node /opt/stack/neutron/neutron/plugins/ml2/drivers/ovn/mech_driver/ovsdb/maintenance.py:1224}}
Mar 05 11:15:02.872260 np0000157871 devstack@neutron-api.service[103224]: DEBUG dbcounter [-] [103224] Writing DB stats neutron:UPDATE=1,neutron:SELECT=1 {{(pid=103224) stat_writer /opt/stack/data/venv/lib/python3.12/site-packages/dbcounter.py:115}}
Mar 05 11:15:03.604383 np0000157871 devstack@neutron-api.service[103223]: DEBUG dbcounter [-] [103223] Writing DB stats neutron:UPDATE=1,neutron:SELECT=1 {{(pid=103223) stat_writer /opt/stack/data/venv/lib/python3.12/site-packages/dbcounter.py:115}}
Mar 05 11:15:03.624079 np0000157871 devstack@neutron-api.service[103225]: DEBUG dbcounter [-] [103225] Writing DB stats neutron:UPDATE=1,neutron:SELECT=1 {{(pid=103225) stat_writer /opt/stack/data/venv/lib/python3.12/site-packages/dbcounter.py:115}}
Mar 05 11:15:03.797455 np0000157871 devstack@neutron-api.service[103226]: DEBUG dbcounter [-] [103226] Writing DB stats neutron:UPDATE=1,neutron:SELECT=1 {{(pid=103226) stat_writer /opt/stack/data/venv/lib/python3.12/site-packages/dbcounter.py:115}}
Mar 05 11:15:07.865213 np0000157871 devstack@neutron-api.service[103224]: DEBUG futurist.periodics [-] Submitting periodic callback 'neutron.plugins.ml2.drivers.ovn.mech_driver.ovsdb.maintenance.HashRingHealthCheckPeriodics.touch_hash_ring_node' {{(pid=103224) _process_scheduled /opt/stack/data/venv/lib/python3.12/site-packages/futurist/periodics.py:638}}
Mar 05 11:15:07.867047 np0000157871 devstack@neutron-api.service[103224]: DEBUG neutron.plugins.ml2.drivers.ovn.mech_driver.ovsdb.maintenance [-] Touching Hash Ring node "5e83a422ceac5bc795152abd87f2ac23" from periodic health check thread {{(pid=103224) touch_hash_ring_node /opt/stack/neutron/neutron/plugins/ml2/drivers/ovn/mech_driver/ovsdb/maintenance.py:1224}}
Mar 05 11:15:08.593893 np0000157871 devstack@neutron-api.service[103223]: DEBUG futurist.periodics [-] Submitting periodic callback 'neutron.plugins.ml2.drivers.ovn.mech_driver.ovsdb.maintenance.HashRingHealthCheckPeriodics.touch_hash_ring_node' {{(pid=103223) _process_scheduled /opt/stack/data/venv/lib/python3.12/site-packages/futurist/periodics.py:638}}
Mar 05 11:15:08.595434 np0000157871 devstack@neutron-api.service[103223]: DEBUG neutron.plugins.ml2.drivers.ovn.mech_driver.ovsdb.maintenance [-] Touching Hash Ring node "1863f64c216958ea9aac11b19988ebb4" from periodic health check thread {{(pid=103223) touch_hash_ring_node /opt/stack/neutron/neutron/plugins/ml2/drivers/ovn/mech_driver/ovsdb/maintenance.py:1224}}
Mar 05 11:15:08.614496 np0000157871 devstack@neutron-api.service[103225]: DEBUG futurist.periodics [-] Submitting periodic callback 'neutron.plugins.ml2.drivers.ovn.mech_driver.ovsdb.maintenance.HashRingHealthCheckPeriodics.touch_hash_ring_node' {{(pid=103225) _process_scheduled /opt/stack/data/venv/lib/python3.12/site-packages/futurist/periodics.py:638}}
Mar 05 11:15:08.615984 np0000157871 devstack@neutron-api.service[103225]: DEBUG neutron.plugins.ml2.drivers.ovn.mech_driver.ovsdb.maintenance [-] Touching Hash Ring node "79c4356dc16156539039fccd2e08ae6e" from periodic health check thread {{(pid=103225) touch_hash_ring_node /opt/stack/neutron/neutron/plugins/ml2/drivers/ovn/mech_driver/ovsdb/maintenance.py:1224}}
Mar 05 11:15:08.786284 np0000157871 devstack@neutron-api.service[103226]: DEBUG futurist.periodics [-] Submitting periodic callback 'neutron.plugins.ml2.drivers.ovn.mech_driver.ovsdb.maintenance.HashRingHealthCheckPeriodics.touch_hash_ring_node' {{(pid=103226) _process_scheduled /opt/stack/data/venv/lib/python3.12/site-packages/futurist/periodics.py:638}}
Mar 05 11:15:08.787551 np0000157871 devstack@neutron-api.service[103226]: DEBUG neutron.plugins.ml2.drivers.ovn.mech_driver.ovsdb.maintenance [-] Touching Hash Ring node "d59ac38604df55c7b070734a2d32f241" from periodic health check thread {{(pid=103226) touch_hash_ring_node /opt/stack/neutron/neutron/plugins/ml2/drivers/ovn/mech_driver/ovsdb/maintenance.py:1224}}
Mar 05 11:15:17.877556 np0000157871 devstack@neutron-api.service[103224]: DEBUG dbcounter [-] [103224] Writing DB stats neutron:UPDATE=1,neutron:SELECT=1 {{(pid=103224) stat_writer /opt/stack/data/venv/lib/python3.12/site-packages/dbcounter.py:115}}
Mar 05 11:15:18.606644 np0000157871 devstack@neutron-api.service[103223]: DEBUG dbcounter [-] [103223] Writing DB stats neutron:UPDATE=1,neutron:SELECT=1 {{(pid=103223) stat_writer /opt/stack/data/venv/lib/python3.12/site-packages/dbcounter.py:115}}
Mar 05 11:15:18.659585 np0000157871 devstack@neutron-api.service[103225]: DEBUG dbcounter [-] [103225] Writing DB stats neutron:UPDATE=1,neutron:SELECT=1 {{(pid=103225) stat_writer /opt/stack/data/venv/lib/python3.12/site-packages/dbcounter.py:115}}
Mar 05 11:15:18.798522 np0000157871 devstack@neutron-api.service[103226]: DEBUG dbcounter [-] [103226] Writing DB stats neutron:UPDATE=1,neutron:SELECT=1 {{(pid=103226) stat_writer /opt/stack/data/venv/lib/python3.12/site-packages/dbcounter.py:115}}
Mar 05 11:15:22.866557 np0000157871 devstack@neutron-api.service[103224]: DEBUG futurist.periodics [-] Submitting periodic callback 'neutron.plugins.ml2.drivers.ovn.mech_driver.ovsdb.maintenance.HashRingHealthCheckPeriodics.touch_hash_ring_node' {{(pid=103224) _process_scheduled /opt/stack/data/venv/lib/python3.12/site-packages/futurist/periodics.py:638}}
Mar 05 11:15:22.867670 np0000157871 devstack@neutron-api.service[103224]: DEBUG neutron.plugins.ml2.drivers.ovn.mech_driver.ovsdb.maintenance [-] Touching Hash Ring node "5e83a422ceac5bc795152abd87f2ac23" from periodic health check thread {{(pid=103224) touch_hash_ring_node /opt/stack/neutron/neutron/plugins/ml2/drivers/ovn/mech_driver/ovsdb/maintenance.py:1224}}
Mar 05 11:15:23.595656 np0000157871 devstack@neutron-api.service[103223]: DEBUG futurist.periodics [-] Submitting periodic callback 'neutron.plugins.ml2.drivers.ovn.mech_driver.ovsdb.maintenance.HashRingHealthCheckPeriodics.touch_hash_ring_node' {{(pid=103223) _process_scheduled /opt/stack/data/venv/lib/python3.12/site-packages/futurist/periodics.py:638}}
Mar 05 11:15:23.596792 np0000157871 devstack@neutron-api.service[103223]: DEBUG neutron.plugins.ml2.drivers.ovn.mech_driver.ovsdb.maintenance [-] Touching Hash Ring node "1863f64c216958ea9aac11b19988ebb4" from periodic health check thread {{(pid=103223) touch_hash_ring_node /opt/stack/neutron/neutron/plugins/ml2/drivers/ovn/mech_driver/ovsdb/maintenance.py:1224}}
Mar 05 11:15:23.616040 np0000157871 devstack@neutron-api.service[103225]: DEBUG futurist.periodics [-] Submitting periodic callback 'neutron.plugins.ml2.drivers.ovn.mech_driver.ovsdb.maintenance.HashRingHealthCheckPeriodics.touch_hash_ring_node' {{(pid=103225) _process_scheduled /opt/stack/data/venv/lib/python3.12/site-packages/futurist/periodics.py:638}}
Mar 05 11:15:23.617258 np0000157871 devstack@neutron-api.service[103225]: DEBUG neutron.plugins.ml2.drivers.ovn.mech_driver.ovsdb.maintenance [-] Touching Hash Ring node "79c4356dc16156539039fccd2e08ae6e" from periodic health check thread {{(pid=103225) touch_hash_ring_node /opt/stack/neutron/neutron/plugins/ml2/drivers/ovn/mech_driver/ovsdb/maintenance.py:1224}}
Mar 05 11:15:23.787938 np0000157871 devstack@neutron-api.service[103226]: DEBUG futurist.periodics [-] Submitting periodic callback 'neutron.plugins.ml2.drivers.ovn.mech_driver.ovsdb.maintenance.HashRingHealthCheckPeriodics.touch_hash_ring_node' {{(pid=103226) _process_scheduled /opt/stack/data/venv/lib/python3.12/site-packages/futurist/periodics.py:638}}
Mar 05 11:15:23.789061 np0000157871 devstack@neutron-api.service[103226]: DEBUG neutron.plugins.ml2.drivers.ovn.mech_driver.ovsdb.maintenance [-] Touching Hash Ring node "d59ac38604df55c7b070734a2d32f241" from periodic health check thread {{(pid=103226) touch_hash_ring_node /opt/stack/neutron/neutron/plugins/ml2/drivers/ovn/mech_driver/ovsdb/maintenance.py:1224}}
Mar 05 11:15:32.954829 np0000157871 devstack@neutron-api.service[103224]: DEBUG dbcounter [-] [103224] Writing DB stats neutron:UPDATE=1,neutron:SELECT=1 {{(pid=103224) stat_writer /opt/stack/data/venv/lib/python3.12/site-packages/dbcounter.py:115}}
Mar 05 11:15:33.677882 np0000157871 devstack@neutron-api.service[103223]: DEBUG dbcounter [-] [103223] Writing DB stats neutron:UPDATE=1,neutron:SELECT=1 {{(pid=103223) stat_writer /opt/stack/data/venv/lib/python3.12/site-packages/dbcounter.py:115}}
Mar 05 11:15:33.709098 np0000157871 devstack@neutron-api.service[103225]: DEBUG dbcounter [-] [103225] Writing DB stats neutron:UPDATE=1,neutron:SELECT=1 {{(pid=103225) stat_writer /opt/stack/data/venv/lib/python3.12/site-packages/dbcounter.py:115}}
Mar 05 11:15:33.834304 np0000157871 devstack@neutron-api.service[103226]: DEBUG dbcounter [-] [103226] Writing DB stats neutron:UPDATE=1,neutron:SELECT=1 {{(pid=103226) stat_writer /opt/stack/data/venv/lib/python3.12/site-packages/dbcounter.py:115}}
Mar 05 11:15:34.799875 np0000157871 devstack@neutron-api.service[103225]: INFO neutron.pecan_wsgi.hooks.translation [None req-8846f035-1252-457e-8d59-5a07066770e3 admin admin] GET failed (client error): The resource could not be found.
Mar 05 11:15:34.800634 np0000157871 devstack@neutron-api.service[103225]: [pid: 103225|app: 0|req: 23/91] 199.204.45.144 () {64 vars in 1334 bytes} [Thu Mar 5 11:15:34 2026] GET /networking/v2.0/networks/admin_net => generated 111 bytes in 12 msecs (HTTP/1.1 404) 4 headers in 164 bytes (1 switches on core 0)
Mar 05 11:15:34.833348 np0000157871 devstack@neutron-api.service[103223]: [pid: 103223|app: 0|req: 23/92] 199.204.45.144 () {64 vars in 1346 bytes} [Thu Mar 5 11:15:34 2026] GET /networking/v2.0/networks?name=admin_net => generated 15 bytes in 22 msecs (HTTP/1.1 200) 4 headers in 156 bytes (1 switches on core 0)
Mar 05 11:15:35.081704 np0000157871 devstack@neutron-api.service[103226]: DEBUG neutron.api.v2.base [None req-9d6a0591-e6c7-4e68-82b6-3b777b3a92b8 admin admin] Request body: {'network': {'name': 'admin_net', 'admin_state_up': True, 'project_id': 'a1923959d0cc42d38420e043df8f23b5'}} {{(pid=103226) prepare_request_body /opt/stack/neutron/neutron/api/v2/base.py:729}}
Mar 05 11:15:35.097924 np0000157871 devstack@neutron-api.service[103226]: DEBUG neutron.pecan_wsgi.hooks.quota_enforcement [None req-9d6a0591-e6c7-4e68-82b6-3b777b3a92b8 admin admin] Made reservation on behalf of a1923959d0cc42d38420e043df8f23b5 for: {'network': 1} {{(pid=103226) before /opt/stack/neutron/neutron/pecan_wsgi/hooks/quota_enforcement.py:66}}
Mar 05 11:15:35.101075 np0000157871 devstack@neutron-api.service[103226]: DEBUG neutron_lib.callbacks.manager [None req-9d6a0591-e6c7-4e68-82b6-3b777b3a92b8 admin admin] Publish callbacks ['neutron.plugins.ml2.plugin.SecurityGroupDbMixin._ensure_default_security_group_handler-7282868'] for network (None), before_create {{(pid=103226) _notify_loop /opt/stack/data/venv/lib/python3.12/site-packages/neutron_lib/callbacks/manager.py:184}}
Mar 05 11:15:35.106469 np0000157871 devstack@neutron-api.service[103226]: DEBUG neutron_lib.callbacks.manager [None req-9d6a0591-e6c7-4e68-82b6-3b777b3a92b8 admin admin] Publish callbacks [] for security_group (None), before_create {{(pid=103226) _notify_loop /opt/stack/data/venv/lib/python3.12/site-packages/neutron_lib/callbacks/manager.py:184}}
Mar 05 11:15:35.177765 np0000157871 devstack@neutron-api.service[103226]: DEBUG neutron_lib.callbacks.manager [None req-9d6a0591-e6c7-4e68-82b6-3b777b3a92b8 admin admin] Publish callbacks ['neutron.plugins.ml2.drivers.ovn.mech_driver.mech_driver.OVNMechanismDriver._create_security_group_precommit-984420'] for security_group (09e1c7bb-6f64-4346-8cff-b13171742fac), precommit_create {{(pid=103226) _notify_loop /opt/stack/data/venv/lib/python3.12/site-packages/neutron_lib/callbacks/manager.py:184}}
Mar 05 11:15:35.177926 np0000157871 devstack@neutron-api.service[103226]: DEBUG neutron.db.ovn_revision_numbers_db [None req-9d6a0591-e6c7-4e68-82b6-3b777b3a92b8 admin admin] create_initial_revision uuid=09e1c7bb-6f64-4346-8cff-b13171742fac, type=security_groups, rev=-1 {{(pid=103226) create_initial_revision /opt/stack/neutron/neutron/db/ovn_revision_numbers_db.py:98}}
Mar 05 11:15:35.179432 np0000157871 devstack@neutron-api.service[103226]: DEBUG neutron.db.ovn_revision_numbers_db [None req-9d6a0591-e6c7-4e68-82b6-3b777b3a92b8 admin admin] create_initial_revision uuid=2d5ad0a2-ad41-4376-b6c8-9415d7978201, type=security_group_rules, rev=-1 {{(pid=103226) create_initial_revision /opt/stack/neutron/neutron/db/ovn_revision_numbers_db.py:98}}
Mar 05 11:15:35.180731 np0000157871 devstack@neutron-api.service[103226]: DEBUG neutron.db.ovn_revision_numbers_db [None req-9d6a0591-e6c7-4e68-82b6-3b777b3a92b8 admin admin] create_initial_revision uuid=5e56584c-2e95-4c64-b875-4ec280e51c22, type=security_group_rules, rev=-1 {{(pid=103226) create_initial_revision /opt/stack/neutron/neutron/db/ovn_revision_numbers_db.py:98}}
Mar 05 11:15:35.182013 np0000157871 devstack@neutron-api.service[103226]: DEBUG neutron.db.ovn_revision_numbers_db [None req-9d6a0591-e6c7-4e68-82b6-3b777b3a92b8 admin admin] create_initial_revision uuid=69bb2640-2c5e-4f8b-9841-823c673dd5e3, type=security_group_rules, rev=-1 {{(pid=103226) create_initial_revision /opt/stack/neutron/neutron/db/ovn_revision_numbers_db.py:98}}
Mar 05 11:15:35.183329 np0000157871 devstack@neutron-api.service[103226]: DEBUG neutron.db.ovn_revision_numbers_db [None req-9d6a0591-e6c7-4e68-82b6-3b777b3a92b8 admin admin] create_initial_revision uuid=69de42ef-6438-4acb-aef3-4d598f4cc53e, type=security_group_rules, rev=-1 {{(pid=103226) create_initial_revision /opt/stack/neutron/neutron/db/ovn_revision_numbers_db.py:98}}
Mar 05 11:15:35.189803 np0000157871 devstack@neutron-api.service[103226]: DEBUG neutron_lib.callbacks.manager [None req-9d6a0591-e6c7-4e68-82b6-3b777b3a92b8 admin admin] Publish callbacks ['neutron.plugins.ml2.drivers.ovn.mech_driver.mech_driver.OVNMechanismDriver._create_security_group-984430', 'neutron.plugins.ml2.ovo_rpc._ObjectChangeHandler.handle_event-1431552'] for security_group (09e1c7bb-6f64-4346-8cff-b13171742fac), after_create {{(pid=103226) _notify_loop /opt/stack/data/venv/lib/python3.12/site-packages/neutron_lib/callbacks/manager.py:184}}
Mar 05 11:15:35.190274 np0000157871 devstack@neutron-api.service[103226]: DEBUG ovsdbapp.backend.ovs_idl.transaction [None req-0be56715-31b8-4c86-9d61-33f447d5e6c2 None None] Running txn n=1 command(idx=0): PgAddCommand(_result=None, name=pg_09e1c7bb_6f64_4346_8cff_b13171742fac, may_exist=False, columns={'acls': [], 'external_ids': {'neutron:security_group_id': '09e1c7bb-6f64-4346-8cff-b13171742fac'}}) {{(pid=103226) do_commit /opt/stack/data/venv/lib/python3.12/site-packages/ovsdbapp/backend/ovs_idl/transaction.py:89}}
Mar 05 11:15:35.190557 np0000157871 devstack@neutron-api.service[103226]: DEBUG ovsdbapp.backend.ovs_idl.transaction [None req-0be56715-31b8-4c86-9d61-33f447d5e6c2 None None] Running txn n=1 command(idx=1): PgAclAddCommand(_result=None, entity=pg_09e1c7bb_6f64_4346_8cff_b13171742fac, direction=from-lport, priority=1002, match=inport == @pg_09e1c7bb_6f64_4346_8cff_b13171742fac && ip6, action=allow-related, log=False, may_exist=True, severity=[], name=[], meter=[], external_ids={'neutron:security_group_rule_id': '2d5ad0a2-ad41-4376-b6c8-9415d7978201'}) {{(pid=103226) do_commit /opt/stack/data/venv/lib/python3.12/site-packages/ovsdbapp/backend/ovs_idl/transaction.py:89}}
Mar 05 11:15:35.190948 np0000157871 devstack@neutron-api.service[103226]: DEBUG ovsdbapp.backend.ovs_idl.transaction [None req-0be56715-31b8-4c86-9d61-33f447d5e6c2 None None] Running txn n=1 command(idx=2): PgAclAddCommand(_result=None, entity=pg_09e1c7bb_6f64_4346_8cff_b13171742fac, direction=to-lport, priority=1002, match=outport == @pg_09e1c7bb_6f64_4346_8cff_b13171742fac && ip4 && ip4.src == $pg_09e1c7bb_6f64_4346_8cff_b13171742fac_ip4, action=allow-related, log=False, may_exist=True, severity=[], name=[], meter=[], external_ids={'neutron:security_group_rule_id': '5e56584c-2e95-4c64-b875-4ec280e51c22'}) {{(pid=103226) do_commit /opt/stack/data/venv/lib/python3.12/site-packages/ovsdbapp/backend/ovs_idl/transaction.py:89}}
Mar 05 11:15:35.191073 np0000157871 devstack@neutron-api.service[103226]: DEBUG ovsdbapp.backend.ovs_idl.transaction [None req-0be56715-31b8-4c86-9d61-33f447d5e6c2 None None] Running txn n=1 command(idx=3): PgAclAddCommand(_result=None, entity=pg_09e1c7bb_6f64_4346_8cff_b13171742fac, direction=to-lport, priority=1002, match=outport == @pg_09e1c7bb_6f64_4346_8cff_b13171742fac && ip6 && ip6.src == $pg_09e1c7bb_6f64_4346_8cff_b13171742fac_ip6, action=allow-related, log=False, may_exist=True, severity=[], name=[], meter=[], external_ids={'neutron:security_group_rule_id': '69bb2640-2c5e-4f8b-9841-823c673dd5e3'}) {{(pid=103226) do_commit /opt/stack/data/venv/lib/python3.12/site-packages/ovsdbapp/backend/ovs_idl/transaction.py:89}}
Mar 05 11:15:35.191295 np0000157871 devstack@neutron-api.service[103226]: DEBUG ovsdbapp.backend.ovs_idl.transaction [None req-0be56715-31b8-4c86-9d61-33f447d5e6c2 None None] Running txn n=1 command(idx=4): PgAclAddCommand(_result=None, entity=pg_09e1c7bb_6f64_4346_8cff_b13171742fac, direction=from-lport, priority=1002, match=inport == @pg_09e1c7bb_6f64_4346_8cff_b13171742fac && ip4, action=allow-related, log=False, may_exist=True, severity=[], name=[], meter=[], external_ids={'neutron:security_group_rule_id': '69de42ef-6438-4acb-aef3-4d598f4cc53e'}) {{(pid=103226) do_commit /opt/stack/data/venv/lib/python3.12/site-packages/ovsdbapp/backend/ovs_idl/transaction.py:89}}
Mar 05 11:15:35.238328 np0000157871 devstack@neutron-api.service[103223]: DEBUG neutron.common.ovn.hash_ring_manager [None req-01c4a939-199a-488c-b7db-c0710e91f7fb None None] Hash Ring loaded. 4 active nodes. 0 offline nodes {{(pid=103223) _load_hash_ring /opt/stack/neutron/neutron/common/ovn/hash_ring_manager.py:102}}
Mar 05 11:15:35.238487 np0000157871 devstack@neutron-api.service[103225]: DEBUG neutron.common.ovn.hash_ring_manager [None req-3b423548-47dc-4688-9d9d-429f1f13dc5f None None] Hash Ring loaded. 4 active nodes. 0 offline nodes {{(pid=103225) _load_hash_ring /opt/stack/neutron/neutron/common/ovn/hash_ring_manager.py:102}}
Mar 05 11:15:35.238628 np0000157871 devstack@neutron-api.service[103223]: DEBUG neutron.plugins.ml2.drivers.ovn.mech_driver.ovsdb.ovsdb_monitor [None req-01c4a939-199a-488c-b7db-c0710e91f7fb None None] Hash Ring: Node 1863f64c216958ea9aac11b19988ebb4 (host: np0000157871) handling event "create" for row a33b3afe-78d0-425d-8741-62b141c00fea (table: ACL) {{(pid=103223) notify /opt/stack/neutron/neutron/plugins/ml2/drivers/ovn/mech_driver/ovsdb/ovsdb_monitor.py:906}}
Mar 05 11:15:35.238723 np0000157871 devstack@neutron-api.service[103224]: DEBUG neutron.common.ovn.hash_ring_manager [None req-9bcc0ca5-c216-41c4-9d53-628ad3d33d84 None None] Hash Ring loaded. 4 active nodes. 0 offline nodes {{(pid=103224) _load_hash_ring /opt/stack/neutron/neutron/common/ovn/hash_ring_manager.py:102}}
Mar 05 11:15:35.239101 np0000157871 devstack@neutron-api.service[103225]: DEBUG neutron.plugins.ml2.drivers.ovn.mech_driver.ovsdb.ovsdb_monitor [None req-3b423548-47dc-4688-9d9d-429f1f13dc5f None None] Hash Ring: Node 79c4356dc16156539039fccd2e08ae6e (host: np0000157871) handling event "create" for row 0367424a-756d-4322-ab8b-6095fbd260f9 (table: ACL) {{(pid=103225) notify /opt/stack/neutron/neutron/plugins/ml2/drivers/ovn/mech_driver/ovsdb/ovsdb_monitor.py:906}}
Mar 05 11:15:35.239578 np0000157871 devstack@neutron-api.service[103223]: DEBUG neutron.plugins.ml2.drivers.ovn.mech_driver.ovsdb.ovsdb_monitor [None req-01c4a939-199a-488c-b7db-c0710e91f7fb None None] Hash Ring: Node 1863f64c216958ea9aac11b19988ebb4 (host: np0000157871) handling event "create" for row 3d8324ce-bb7e-4b57-a961-73a321a26636 (table: Port_Group) {{(pid=103223) notify /opt/stack/neutron/neutron/plugins/ml2/drivers/ovn/mech_driver/ovsdb/ovsdb_monitor.py:906}}
Mar 05 11:15:35.239669 np0000157871 devstack@neutron-api.service[103224]: DEBUG neutron.plugins.ml2.drivers.ovn.mech_driver.ovsdb.ovsdb_monitor [None req-9bcc0ca5-c216-41c4-9d53-628ad3d33d84 None None] Hash Ring: Node 5e83a422ceac5bc795152abd87f2ac23 (host: np0000157871) handling event "create" for row 4b267199-5c1f-4924-ac42-086df8d6cb6e (table: ACL) {{(pid=103224) notify /opt/stack/neutron/neutron/plugins/ml2/drivers/ovn/mech_driver/ovsdb/ovsdb_monitor.py:906}}
Mar 05 11:15:35.239738 np0000157871 devstack@neutron-api.service[103225]: DEBUG neutron.plugins.ml2.drivers.ovn.mech_driver.ovsdb.ovsdb_monitor [None req-3b423548-47dc-4688-9d9d-429f1f13dc5f None None] Hash Ring: Node 79c4356dc16156539039fccd2e08ae6e (host: np0000157871) handling event "create" for row 2e28e036-311a-4ae8-a1fa-84fd2879372a (table: ACL) {{(pid=103225) notify /opt/stack/neutron/neutron/plugins/ml2/drivers/ovn/mech_driver/ovsdb/ovsdb_monitor.py:906}}
Mar 05 11:15:35.239807 np0000157871 devstack@neutron-api.service[103226]: DEBUG neutron.common.ovn.hash_ring_manager [None req-0be56715-31b8-4c86-9d61-33f447d5e6c2 None None] Hash Ring loaded. 4 active nodes. 0 offline nodes {{(pid=103226) _load_hash_ring /opt/stack/neutron/neutron/common/ovn/hash_ring_manager.py:102}}
Mar 05 11:15:35.260083 np0000157871 devstack@neutron-api.service[103226]: INFO neutron.db.ovn_revision_numbers_db [None req-9d6a0591-e6c7-4e68-82b6-3b777b3a92b8 admin admin] Successfully bumped revision number for resource 09e1c7bb-6f64-4346-8cff-b13171742fac (type: security_groups) to 1
Mar 05 11:15:35.274609 np0000157871 devstack@neutron-api.service[103226]: INFO neutron.db.ovn_revision_numbers_db [None req-9d6a0591-e6c7-4e68-82b6-3b777b3a92b8 admin admin] Successfully bumped revision number for resource 2d5ad0a2-ad41-4376-b6c8-9415d7978201 (type: security_group_rules) to 0
Mar 05 11:15:35.287490 np0000157871 devstack@neutron-api.service[103226]: INFO neutron.db.ovn_revision_numbers_db [None req-9d6a0591-e6c7-4e68-82b6-3b777b3a92b8 admin admin] Successfully bumped revision number for resource 5e56584c-2e95-4c64-b875-4ec280e51c22 (type: security_group_rules) to 0
Mar 05 11:15:35.299821 np0000157871 devstack@neutron-api.service[103226]: INFO neutron.db.ovn_revision_numbers_db [None req-9d6a0591-e6c7-4e68-82b6-3b777b3a92b8 admin admin] Successfully bumped revision number for resource 69bb2640-2c5e-4f8b-9841-823c673dd5e3 (type: security_group_rules) to 0
Mar 05 11:15:35.317613 np0000157871 devstack@neutron-api.service[103226]: INFO neutron.db.ovn_revision_numbers_db [None req-9d6a0591-e6c7-4e68-82b6-3b777b3a92b8 admin admin] Successfully bumped revision number for resource 69de42ef-6438-4acb-aef3-4d598f4cc53e (type: security_group_rules) to 0
Mar 05 11:15:35.343676 np0000157871 devstack@neutron-api.service[103226]: DEBUG neutron.api.rpc.handlers.resources_rpc [None req-9d6a0591-e6c7-4e68-82b6-3b777b3a92b8 admin admin] Pushing event updated for resources: {'SecurityGroup': ['ID=09e1c7bb-6f64-4346-8cff-b13171742fac,revision_number=1']} {{(pid=103226) push /opt/stack/neutron/neutron/api/rpc/handlers/resources_rpc.py:237}}
Mar 05 11:15:35.347968 np0000157871 devstack@neutron-api.service[103226]: DEBUG ovsdbapp.backend.ovs_idl.transaction [None req-0be56715-31b8-4c86-9d61-33f447d5e6c2 None None] Running txn n=1 command(idx=0): CheckLivenessCommand(_result=None) {{(pid=103226) do_commit /opt/stack/data/venv/lib/python3.12/site-packages/ovsdbapp/backend/ovs_idl/transaction.py:89}}
Mar 05 11:15:35.351703 np0000157871 devstack@neutron-api.service[103224]: DEBUG neutron.plugins.ml2.drivers.ovn.mech_driver.ovsdb.ovsdb_monitor [None req-9bcc0ca5-c216-41c4-9d53-628ad3d33d84 None None] Hash Ring: Node 5e83a422ceac5bc795152abd87f2ac23 (host: np0000157871) handling event "update" for row d985a89e-9e7b-4f8c-8c08-1d9702331528 (table: NB_Global) {{(pid=103224) notify /opt/stack/neutron/neutron/plugins/ml2/drivers/ovn/mech_driver/ovsdb/ovsdb_monitor.py:906}}
Mar 05 11:15:35.353991 np0000157871 devstack@neutron-api.service[103225]: DEBUG neutron.plugins.ml2.drivers.ovn.mech_driver.ovsdb.ovsdb_monitor [None req-841e863e-dcab-425c-8ff7-9236b341a5d0 None None] ChassisAgentWriteEvent : Matched Chassis_Private, update, None None {{(pid=103225) matches /opt/stack/neutron/neutron/plugins/ml2/drivers/ovn/mech_driver/ovsdb/ovsdb_monitor.py:64}}
Mar 05 11:15:35.354213 np0000157871 devstack@neutron-api.service[103223]: DEBUG neutron.plugins.ml2.drivers.ovn.mech_driver.ovsdb.ovsdb_monitor [None req-2e6e3183-d577-4396-b17f-ba322d07c781 None None] ChassisAgentWriteEvent : Matched Chassis_Private, update, None None {{(pid=103223) matches /opt/stack/neutron/neutron/plugins/ml2/drivers/ovn/mech_driver/ovsdb/ovsdb_monitor.py:64}}
Mar 05 11:15:35.354598 np0000157871 devstack@neutron-api.service[103224]: DEBUG neutron.plugins.ml2.drivers.ovn.mech_driver.ovsdb.ovsdb_monitor [None req-184f0c62-98c5-4cf3-a4f3-63464312048e None None] ChassisAgentWriteEvent : Matched Chassis_Private, update, None None {{(pid=103224) matches /opt/stack/neutron/neutron/plugins/ml2/drivers/ovn/mech_driver/ovsdb/ovsdb_monitor.py:64}}
Mar 05 11:15:35.356863 np0000157871 devstack@neutron-api.service[103224]: DEBUG neutron.plugins.ml2.drivers.ovn.mech_driver.ovsdb.ovsdb_monitor [None req-9bcc0ca5-c216-41c4-9d53-628ad3d33d84 None None] Hash Ring: Node 5e83a422ceac5bc795152abd87f2ac23 (host: np0000157871) handling event "update" for row d985a89e-9e7b-4f8c-8c08-1d9702331528 (table: NB_Global) {{(pid=103224) notify /opt/stack/neutron/neutron/plugins/ml2/drivers/ovn/mech_driver/ovsdb/ovsdb_monitor.py:906}}
Mar 05 11:15:35.358861 np0000157871 devstack@neutron-api.service[103224]: DEBUG neutron.plugins.ml2.drivers.ovn.mech_driver.ovsdb.ovsdb_monitor [None req-9bcc0ca5-c216-41c4-9d53-628ad3d33d84 None None] Hash Ring: Node 5e83a422ceac5bc795152abd87f2ac23 (host: np0000157871) handling event "update" for row d985a89e-9e7b-4f8c-8c08-1d9702331528 (table: NB_Global) {{(pid=103224) notify /opt/stack/neutron/neutron/plugins/ml2/drivers/ovn/mech_driver/ovsdb/ovsdb_monitor.py:906}}
Mar 05 11:15:35.361076 np0000157871 devstack@neutron-api.service[103224]: DEBUG neutron.plugins.ml2.drivers.ovn.mech_driver.ovsdb.ovsdb_monitor [None req-9bcc0ca5-c216-41c4-9d53-628ad3d33d84 None None] Hash Ring: Node 5e83a422ceac5bc795152abd87f2ac23 (host: np0000157871) handling event "update" for row d985a89e-9e7b-4f8c-8c08-1d9702331528 (table: NB_Global) {{(pid=103224) notify /opt/stack/neutron/neutron/plugins/ml2/drivers/ovn/mech_driver/ovsdb/ovsdb_monitor.py:906}}
Mar 05 11:15:35.362060 np0000157871 devstack@neutron-api.service[103226]: DEBUG neutron.plugins.ml2.drivers.ovn.mech_driver.ovsdb.ovsdb_monitor [None req-64df4035-31f4-478a-8efd-202c66eae44a None None] ChassisAgentWriteEvent : Matched Chassis_Private, update, None None {{(pid=103226) matches /opt/stack/neutron/neutron/plugins/ml2/drivers/ovn/mech_driver/ovsdb/ovsdb_monitor.py:64}}
Mar 05 11:15:35.365020 np0000157871 devstack@neutron-api.service[103223]: DEBUG neutron.common.ovn.hash_ring_manager [None req-2e6e3183-d577-4396-b17f-ba322d07c781 None None] Hash Ring loaded. 4 active nodes. 0 offline nodes {{(pid=103223) _load_hash_ring /opt/stack/neutron/neutron/common/ovn/hash_ring_manager.py:102}}
Mar 05 11:15:35.365075 np0000157871 devstack@neutron-api.service[103225]: DEBUG neutron.common.ovn.hash_ring_manager [None req-841e863e-dcab-425c-8ff7-9236b341a5d0 None None] Hash Ring loaded. 4 active nodes. 0 offline nodes {{(pid=103225) _load_hash_ring /opt/stack/neutron/neutron/common/ovn/hash_ring_manager.py:102}}
Mar 05 11:15:35.365181 np0000157871 devstack@neutron-api.service[103224]: DEBUG neutron.common.ovn.hash_ring_manager [None req-184f0c62-98c5-4cf3-a4f3-63464312048e None None] Hash Ring loaded. 4 active nodes. 0 offline nodes {{(pid=103224) _load_hash_ring /opt/stack/neutron/neutron/common/ovn/hash_ring_manager.py:102}}
Mar 05 11:15:35.365258 np0000157871 devstack@neutron-api.service[103225]: DEBUG neutron.plugins.ml2.drivers.ovn.mech_driver.ovsdb.ovsdb_monitor [None req-841e863e-dcab-425c-8ff7-9236b341a5d0 None None] Hash Ring: Node 79c4356dc16156539039fccd2e08ae6e (host: np0000157871) handling event "update" for row be1c8d53-2336-483a-9636-c61e7b064cc1 (table: Chassis_Private) {{(pid=103225) notify /opt/stack/neutron/neutron/plugins/ml2/drivers/ovn/mech_driver/ovsdb/ovsdb_monitor.py:906}}
Mar 05 11:15:35.373916 np0000157871 devstack@neutron-api.service[103226]: DEBUG neutron.common.ovn.hash_ring_manager [None req-64df4035-31f4-478a-8efd-202c66eae44a None None] Hash Ring loaded. 4 active nodes. 0 offline nodes {{(pid=103226) _load_hash_ring /opt/stack/neutron/neutron/common/ovn/hash_ring_manager.py:102}}
Mar 05 11:15:35.402048 np0000157871 devstack@neutron-api.service[103226]: DEBUG neutron.plugins.ml2.drivers.helpers [None req-9d6a0591-e6c7-4e68-82b6-3b777b3a92b8 admin admin] geneve segment allocate from pool success with {'geneve_vni': 55482} {{(pid=103226) allocate_partially_specified_segment /opt/stack/neutron/neutron/plugins/ml2/drivers/helpers.py:142}}
Mar 05 11:15:35.411809 np0000157871 devstack@neutron-api.service[103226]: DEBUG neutron_lib.callbacks.manager [None req-9d6a0591-e6c7-4e68-82b6-3b777b3a92b8 admin admin] Publish callbacks ['neutron.services.segments.db._add_segment_host_mapping_for_segment-8081186212978', 'neutron.plugins.ml2.plugin.Ml2Plugin._handle_segment_change-7013176'] for segment (a309d2aa-d21f-4a8b-9753-7240c2600919), precommit_create {{(pid=103226) _notify_loop /opt/stack/data/venv/lib/python3.12/site-packages/neutron_lib/callbacks/manager.py:184}}
Mar 05 11:15:35.412097 np0000157871 devstack@neutron-api.service[103226]: INFO neutron.db.segments_db [None req-9d6a0591-e6c7-4e68-82b6-3b777b3a92b8 admin admin] Added segment a309d2aa-d21f-4a8b-9753-7240c2600919 of type geneve for network 640dbf01-91f6-454b-a02f-b990f72a8662
Mar 05 11:15:35.426268 np0000157871 devstack@neutron-api.service[103226]: DEBUG neutron_lib.callbacks.manager [None req-9d6a0591-e6c7-4e68-82b6-3b777b3a92b8 admin admin] Publish callbacks ['neutron.services.auto_allocate.db._ensure_external_network_default_value_callback-8081185036148'] for network (640dbf01-91f6-454b-a02f-b990f72a8662), precommit_create {{(pid=103226) _notify_loop /opt/stack/data/venv/lib/python3.12/site-packages/neutron_lib/callbacks/manager.py:184}}
Mar 05 11:15:35.437196 np0000157871 devstack@neutron-api.service[103226]: DEBUG neutron.plugins.ml2.drivers.ovn.mech_driver.mech_driver [None req-9d6a0591-e6c7-4e68-82b6-3b777b3a92b8 admin admin] Validating network segment with type geneve, segmentation ID 55482, physical network None {{(pid=103226) _validate_network_segments /opt/stack/neutron/neutron/plugins/ml2/drivers/ovn/mech_driver/mech_driver.py:630}}
Mar 05 11:15:35.437351 np0000157871 devstack@neutron-api.service[103226]: DEBUG neutron.db.ovn_revision_numbers_db [None req-9d6a0591-e6c7-4e68-82b6-3b777b3a92b8 admin admin] create_initial_revision uuid=640dbf01-91f6-454b-a02f-b990f72a8662, type=networks, rev=-1 {{(pid=103226) create_initial_revision /opt/stack/neutron/neutron/db/ovn_revision_numbers_db.py:98}}
Mar 05 11:15:35.445645 np0000157871 devstack@neutron-api.service[103226]: DEBUG neutron_lib.callbacks.manager [None req-9d6a0591-e6c7-4e68-82b6-3b777b3a92b8 admin admin] Publish callbacks ['neutron.plugins.ml2.ovo_rpc._ObjectChangeHandler.handle_event-1431919'] for network (640dbf01-91f6-454b-a02f-b990f72a8662), after_create {{(pid=103226) _notify_loop /opt/stack/data/venv/lib/python3.12/site-packages/neutron_lib/callbacks/manager.py:184}}
Mar 05 11:15:35.463182 np0000157871 devstack@neutron-api.service[103226]: DEBUG neutron.api.rpc.handlers.resources_rpc [None req-9d6a0591-e6c7-4e68-82b6-3b777b3a92b8 admin admin] Pushing event updated for resources: {'Network': ['ID=640dbf01-91f6-454b-a02f-b990f72a8662,revision_number=1']} {{(pid=103226) push /opt/stack/neutron/neutron/api/rpc/handlers/resources_rpc.py:237}}
Mar 05 11:15:35.470442 np0000157871 devstack@neutron-api.service[103226]: DEBUG ovsdbapp.backend.ovs_idl.transaction [None req-0be56715-31b8-4c86-9d61-33f447d5e6c2 None None] Running txn n=1 command(idx=0): AddNetworkCommand(_result=None, network_uuid=640dbf01-91f6-454b-a02f-b990f72a8662, may_exist=True, columns={'external_ids': {'neutron:network_name': 'admin_net', 'neutron:mtu': '1372', 'neutron:revision_number': '1', 'neutron:availability_zone_hints': '', 'neutron:provnet-network-type': 'geneve'}, 'other_config': {'mcast_snoop': 'false', 'mcast_flood_unregistered': 'false', 'vlan-passthru': 'false'}}) {{(pid=103226) do_commit /opt/stack/data/venv/lib/python3.12/site-packages/ovsdbapp/backend/ovs_idl/transaction.py:89}}
Mar 05 11:15:35.476255 np0000157871 devstack@neutron-api.service[103224]: DEBUG neutron.plugins.ml2.drivers.ovn.mech_driver.ovsdb.ovsdb_monitor [None req-9bcc0ca5-c216-41c4-9d53-628ad3d33d84 None None] Hash Ring: Node 5e83a422ceac5bc795152abd87f2ac23 (host: np0000157871) handling event "create" for row 640dbf01-91f6-454b-a02f-b990f72a8662 (table: Logical_Switch) {{(pid=103224) notify /opt/stack/neutron/neutron/plugins/ml2/drivers/ovn/mech_driver/ovsdb/ovsdb_monitor.py:906}}
Mar 05 11:15:35.480700 np0000157871 devstack@neutron-api.service[103224]: DEBUG neutron.plugins.ml2.drivers.ovn.mech_driver.ovsdb.ovsdb_monitor [None req-184f0c62-98c5-4cf3-a4f3-63464312048e None None] Hash Ring: Node 5e83a422ceac5bc795152abd87f2ac23 (host: np0000157871) handling event "create" for row 3383d15b-5baa-4cb5-9a0f-4b7c29062637 (table: Datapath_Binding) {{(pid=103224) notify /opt/stack/neutron/neutron/plugins/ml2/drivers/ovn/mech_driver/ovsdb/ovsdb_monitor.py:906}}
Mar 05 11:15:35.502378 np0000157871 devstack@neutron-api.service[103226]: INFO neutron.db.ovn_revision_numbers_db [None req-9d6a0591-e6c7-4e68-82b6-3b777b3a92b8 admin admin] Successfully bumped revision number for resource 640dbf01-91f6-454b-a02f-b990f72a8662 (type: networks) to 1
Mar 05 11:15:35.517094 np0000157871 devstack@neutron-api.service[103226]: DEBUG neutron_lib.callbacks.manager [None req-9d6a0591-e6c7-4e68-82b6-3b777b3a92b8 admin admin] Publish callbacks ['neutron.plugins.ml2.plugin.SecurityGroupDbMixin._ensure_default_security_group_handler-7282868'] for port (None), before_create {{(pid=103226) _notify_loop /opt/stack/data/venv/lib/python3.12/site-packages/neutron_lib/callbacks/manager.py:184}}
Mar 05 11:15:35.579573 np0000157871 devstack@neutron-api.service[103226]: DEBUG neutron_lib.callbacks.manager [None req-9d6a0591-e6c7-4e68-82b6-3b777b3a92b8 admin admin] Publish callbacks ['neutron.plugins.ml2.drivers.ovn.mech_driver.mech_driver.OVNMechanismDriver._validate_allowed_address_pairs-984796'] for allowed_address_pair (2557c552-d7d4-4399-a19e-a73a51faad6d), before_create {{(pid=103226) _notify_loop /opt/stack/data/venv/lib/python3.12/site-packages/neutron_lib/callbacks/manager.py:184}}
Mar 05 11:15:35.579999 np0000157871 devstack@neutron-api.service[103226]: DEBUG neutron_lib.callbacks.manager [None req-9d6a0591-e6c7-4e68-82b6-3b777b3a92b8 admin admin] Publish callbacks [] for port (2557c552-d7d4-4399-a19e-a73a51faad6d), precommit_create {{(pid=103226) _notify_loop /opt/stack/data/venv/lib/python3.12/site-packages/neutron_lib/callbacks/manager.py:184}}
Mar 05 11:15:35.580136 np0000157871 devstack@neutron-api.service[103226]: DEBUG neutron.plugins.ml2.drivers.ovn.mech_driver.mech_driver [None req-9d6a0591-e6c7-4e68-82b6-3b777b3a92b8 admin admin] No provisioning block for port 2557c552-d7d4-4399-a19e-a73a51faad6d since it does not have a host {{(pid=103226) _is_port_provisioning_required /opt/stack/neutron/neutron/plugins/ml2/drivers/ovn/mech_driver/mech_driver.py:883}}
Mar 05 11:15:35.580275 np0000157871 devstack@neutron-api.service[103226]: DEBUG neutron.db.ovn_revision_numbers_db [None req-9d6a0591-e6c7-4e68-82b6-3b777b3a92b8 admin admin] create_initial_revision uuid=2557c552-d7d4-4399-a19e-a73a51faad6d, type=ports, rev=-1 {{(pid=103226) create_initial_revision /opt/stack/neutron/neutron/db/ovn_revision_numbers_db.py:98}}
Mar 05 11:15:35.618589 np0000157871 devstack@neutron-api.service[103226]: DEBUG neutron_lib.callbacks.manager [None req-9d6a0591-e6c7-4e68-82b6-3b777b3a92b8 admin admin] Publish callbacks ['neutron.plugins.ml2.ovo_rpc._ObjectChangeHandler.handle_event-1432046'] for port (2557c552-d7d4-4399-a19e-a73a51faad6d), after_create {{(pid=103226) _notify_loop /opt/stack/data/venv/lib/python3.12/site-packages/neutron_lib/callbacks/manager.py:184}}
Mar 05 11:15:35.656357 np0000157871 devstack@neutron-api.service[103226]: DEBUG neutron.api.rpc.handlers.resources_rpc [None req-9d6a0591-e6c7-4e68-82b6-3b777b3a92b8 admin admin] Pushing event updated for resources: {'Port': ['ID=2557c552-d7d4-4399-a19e-a73a51faad6d,revision_number=1']} {{(pid=103226) push /opt/stack/neutron/neutron/api/rpc/handlers/resources_rpc.py:237}}
Mar 05 11:15:35.663327 np0000157871 devstack@neutron-api.service[103226]: DEBUG ovsdbapp.backend.ovs_idl.transaction [None req-0be56715-31b8-4c86-9d61-33f447d5e6c2 None None] Running txn n=1 command(idx=0): AddLSwitchPortCommand(_result=None, lport=2557c552-d7d4-4399-a19e-a73a51faad6d, lswitch=neutron-640dbf01-91f6-454b-a02f-b990f72a8662, may_exist=True, network_uuid=640dbf01-91f6-454b-a02f-b990f72a8662, columns={'addresses': ['fa:16:3e:f1:46:e4'], 'external_ids': {'neutron:port_name': '', 'neutron:device_id': 'ovnmeta-640dbf01-91f6-454b-a02f-b990f72a8662', 'neutron:project_id': 'a1923959d0cc42d38420e043df8f23b5', 'neutron:cidrs': '', 'neutron:device_owner': 'network:distributed', 'neutron:subnet_pool_addr_scope4': '', 'neutron:subnet_pool_addr_scope6': '', 'neutron:network_name': 'neutron-640dbf01-91f6-454b-a02f-b990f72a8662', 'neutron:security_group_ids': '', 'neutron:revision_number': '1', 'neutron:vnic_type': 'normal', 'neutron:port_capabilities': '', 'neutron:mtu': ''}, 'parent_name': [], 'tag': [], 'enabled': True, 'options': {}, 'type': 'localport', 'port_security': [], 'dhcpv4_options': [], 'dhcpv6_options': []}) {{(pid=103226) do_commit /opt/stack/data/venv/lib/python3.12/site-packages/ovsdbapp/backend/ovs_idl/transaction.py:89}}
Mar 05 11:15:35.663976 np0000157871 devstack@neutron-api.service[103226]: DEBUG ovsdbapp.backend.ovs_idl.transaction [None req-0be56715-31b8-4c86-9d61-33f447d5e6c2 None None] Running txn n=1 command(idx=1): QoSDelCommand(_result=None, switch=neutron-640dbf01-91f6-454b-a02f-b990f72a8662, conditions=[('direction', '=', 'to-lport'), ('priority', '=', 2002), ('match', '=', 'outport == "2557c552-d7d4-4399-a19e-a73a51faad6d"')], if_exists=True) {{(pid=103226) do_commit /opt/stack/data/venv/lib/python3.12/site-packages/ovsdbapp/backend/ovs_idl/transaction.py:89}}
Mar 05 11:15:35.664270 np0000157871 devstack@neutron-api.service[103226]: DEBUG ovsdbapp.backend.ovs_idl.transaction [None req-0be56715-31b8-4c86-9d61-33f447d5e6c2 None None] Running txn n=1 command(idx=2): QoSDelCommand(_result=None, switch=neutron-640dbf01-91f6-454b-a02f-b990f72a8662, conditions=[('direction', '=', 'from-lport'), ('priority', '=', 2002), ('match', '=', 'inport == "2557c552-d7d4-4399-a19e-a73a51faad6d"')], if_exists=True) {{(pid=103226) do_commit /opt/stack/data/venv/lib/python3.12/site-packages/ovsdbapp/backend/ovs_idl/transaction.py:89}}
Mar 05 11:15:35.669397 np0000157871 devstack@neutron-api.service[103225]: DEBUG neutron.plugins.ml2.drivers.ovn.mech_driver.ovsdb.ovsdb_monitor [None req-3b423548-47dc-4688-9d9d-429f1f13dc5f None None] Hash Ring: Node 79c4356dc16156539039fccd2e08ae6e (host: np0000157871) handling event "create" for row 8f93fb8a-7ae3-47d0-b33d-b25df535cac7 (table: Logical_Switch_Port) {{(pid=103225) notify /opt/stack/neutron/neutron/plugins/ml2/drivers/ovn/mech_driver/ovsdb/ovsdb_monitor.py:906}}
Mar 05 11:15:35.670349 np0000157871 devstack@neutron-api.service[103224]: DEBUG neutron.plugins.ml2.drivers.ovn.mech_driver.ovsdb.ovsdb_monitor [None req-9bcc0ca5-c216-41c4-9d53-628ad3d33d84 None None] Hash Ring: Node 5e83a422ceac5bc795152abd87f2ac23 (host: np0000157871) handling event "update" for row 640dbf01-91f6-454b-a02f-b990f72a8662 (table: Logical_Switch) {{(pid=103224) notify /opt/stack/neutron/neutron/plugins/ml2/drivers/ovn/mech_driver/ovsdb/ovsdb_monitor.py:906}}
Mar 05 11:15:35.671831 np0000157871 devstack@neutron-api.service[103225]: DEBUG ovsdbapp.backend.ovs_idl.event [None req-3b423548-47dc-4688-9d9d-429f1f13dc5f None None] Matched CREATE: LogicalSwitchPortCreateEvent(events=('create',), table='Logical_Switch_Port', conditions=[], old_conditions=None), priority=20 to row=Logical_Switch_Port(uuid=8f93fb8a-7ae3-47d0-b33d-b25df535cac7, addresses=['fa:16:3e:f1:46:e4'], dhcpv4_options=[], dhcpv6_options=[], dynamic_addresses=[], enabled=True, external_ids={'neutron:cidrs': '', 'neutron:device_id': 'ovnmeta-640dbf01-91f6-454b-a02f-b990f72a8662', 'neutron:device_owner': 'network:distributed', 'neutron:mtu': '', 'neutron:network_name': 'neutron-640dbf01-91f6-454b-a02f-b990f72a8662', 'neutron:port_capabilities': '', 'neutron:port_name': '', 'neutron:project_id': 'a1923959d0cc42d38420e043df8f23b5', 'neutron:revision_number': '1', 'neutron:security_group_ids': '', 'neutron:subnet_pool_addr_scope4': '', 'neutron:subnet_pool_addr_scope6': '', 'neutron:vnic_type': 'normal'}, ha_chassis_group=[], mirror_rules=[], name='2557c552-d7d4-4399-a19e-a73a51faad6d', options={}, parent_name=[], port_security=[], tag=[], tag_request=[], type='localport', up=[]) old= {{(pid=103225) matches /opt/stack/data/venv/lib/python3.12/site-packages/ovsdbapp/backend/ovs_idl/event.py:55}}
Mar 05 11:15:35.673213 np0000157871 devstack@neutron-api.service[103225]: DEBUG neutron.plugins.ml2.drivers.ovn.mech_driver.ovsdb.ovsdb_monitor [None req-3b423548-47dc-4688-9d9d-429f1f13dc5f None None] Hash Ring: Node 79c4356dc16156539039fccd2e08ae6e (host: np0000157871) handling event "update" for row 8f93fb8a-7ae3-47d0-b33d-b25df535cac7 (table: Logical_Switch_Port) {{(pid=103225) notify /opt/stack/neutron/neutron/plugins/ml2/drivers/ovn/mech_driver/ovsdb/ovsdb_monitor.py:906}}
Mar 05 11:15:35.674936 np0000157871 devstack@neutron-api.service[103225]: INFO neutron.plugins.ml2.drivers.ovn.mech_driver.mech_driver [None req-90bcd851-cb7e-4967-9f0f-57f8efc2b412 None None] OVN reports status down for port: 2557c552-d7d4-4399-a19e-a73a51faad6d
Mar 05 11:15:35.679912 np0000157871 devstack@neutron-api.service[103226]: DEBUG neutron.plugins.ml2.drivers.ovn.mech_driver.ovsdb.ovsdb_monitor [None req-64df4035-31f4-478a-8efd-202c66eae44a None None] Hash Ring: Node d59ac38604df55c7b070734a2d32f241 (host: np0000157871) handling event "create" for row d1fcde36-bee0-432e-80c1-a291296029b6 (table: Port_Binding) {{(pid=103226) notify /opt/stack/neutron/neutron/plugins/ml2/drivers/ovn/mech_driver/ovsdb/ovsdb_monitor.py:906}}
Mar 05 11:15:35.706285 np0000157871 devstack@neutron-api.service[103225]: DEBUG neutron.db.provisioning_blocks [None req-90bcd851-cb7e-4967-9f0f-57f8efc2b412 None None] Transition to ACTIVE for port object 2557c552-d7d4-4399-a19e-a73a51faad6d will not be triggered until provisioned by entity L2. {{(pid=103225) add_provisioning_component /opt/stack/neutron/neutron/db/provisioning_blocks.py:74}}
Mar 05 11:15:35.708109 np0000157871 devstack@neutron-api.service[103226]: INFO neutron.db.ovn_revision_numbers_db [None req-9d6a0591-e6c7-4e68-82b6-3b777b3a92b8 admin admin] Successfully bumped revision number for resource 2557c552-d7d4-4399-a19e-a73a51faad6d (type: ports) to 1
Mar 05 11:15:35.714446 np0000157871 devstack@neutron-api.service[103226]: DEBUG neutron.pecan_wsgi.hooks.policy_enforcement [None req-9d6a0591-e6c7-4e68-82b6-3b777b3a92b8 admin admin] Attributes excluded by policy engine: ['standard_attr_id'] {{(pid=103226) _exclude_attributes_by_policy /opt/stack/neutron/neutron/pecan_wsgi/hooks/policy_enforcement.py:258}}
Mar 05 11:15:35.714778 np0000157871 devstack@neutron-api.service[103226]: DEBUG neutron_lib.callbacks.manager [None req-9d6a0591-e6c7-4e68-82b6-3b777b3a92b8 admin admin] Publish callbacks [] for network (None), before_response {{(pid=103226) _notify_loop /opt/stack/data/venv/lib/python3.12/site-packages/neutron_lib/callbacks/manager.py:184}}
Mar 05 11:15:35.727060 np0000157871 devstack@neutron-api.service[103226]: [pid: 103226|app: 0|req: 23/93] 199.204.45.144 () {68 vars in 1358 bytes} [Thu Mar 5 11:15:35 2026] POST /networking/v2.0/networks => generated 683 bytes in 651 msecs (HTTP/1.1 201) 4 headers in 162 bytes (1 switches on core 0)
Mar 05 11:15:35.732175 np0000157871 devstack@neutron-api.service[103225]: DEBUG neutron.plugins.ml2.plugin [None req-90bcd851-cb7e-4967-9f0f-57f8efc2b412 None None] Current status of the port 2557c552-d7d4-4399-a19e-a73a51faad6d is: DOWN; New status is: DOWN {{(pid=103225) _update_individual_port_db_status /opt/stack/neutron/neutron/plugins/ml2/plugin.py:2461}}
Mar 05 11:15:35.733906 np0000157871 devstack@neutron-api.service[103225]: DEBUG ovsdbapp.backend.ovs_idl.transaction [None req-3b423548-47dc-4688-9d9d-429f1f13dc5f None None] Running txn n=1 command(idx=0): DbRemoveCommand(_result=None, table=Logical_Switch_Port, record=2557c552-d7d4-4399-a19e-a73a51faad6d, column=external_ids, values=('neutron:host_id',), keyvalues={}, if_exists=True) {{(pid=103225) do_commit /opt/stack/data/venv/lib/python3.12/site-packages/ovsdbapp/backend/ovs_idl/transaction.py:89}}
Mar 05 11:15:35.945092 np0000157871 devstack@neutron-api.service[103224]: INFO neutron.pecan_wsgi.hooks.translation [None req-d45b0789-1c85-4f71-a9f1-d84f981062f1 admin admin] GET failed (client error): The resource could not be found.
Mar 05 11:15:35.945627 np0000157871 devstack@neutron-api.service[103224]: [pid: 103224|app: 0|req: 25/94] 199.204.45.144 () {64 vars in 1334 bytes} [Thu Mar 5 11:15:35 2026] GET /networking/v2.0/networks/admin_net => generated 111 bytes in 13 msecs (HTTP/1.1 404) 4 headers in 164 bytes (1 switches on core 0)
Mar 05 11:15:35.999229 np0000157871 devstack@neutron-api.service[103225]: DEBUG neutron.pecan_wsgi.hooks.policy_enforcement [None req-6fb14633-463a-454c-b33e-58553dc31565 admin admin] Attributes excluded by policy engine: ['standard_attr_id'] {{(pid=103225) _exclude_attributes_by_policy /opt/stack/neutron/neutron/pecan_wsgi/hooks/policy_enforcement.py:258}}
Mar 05 11:15:36.000597 np0000157871 devstack@neutron-api.service[103225]: [pid: 103225|app: 0|req: 24/95] 199.204.45.144 () {64 vars in 1346 bytes} [Thu Mar 5 11:15:35 2026] GET /networking/v2.0/networks?name=admin_net => generated 667 bytes in 41 msecs (HTTP/1.1 200) 4 headers in 157 bytes (1 switches on core 0)
Mar 05 11:15:36.214720 np0000157871 devstack@neutron-api.service[103223]: INFO neutron.pecan_wsgi.hooks.translation [None req-72265479-5d98-42af-968c-6b289a319d4d admin admin] GET failed (client error): The resource could not be found.
Mar 05 11:15:36.215426 np0000157871 devstack@neutron-api.service[103223]: [pid: 103223|app: 0|req: 24/96] 199.204.45.144 () {64 vars in 1340 bytes} [Thu Mar 5 11:15:36 2026] GET /networking/v2.0/subnets/admin_subnet => generated 112 bytes in 13 msecs (HTTP/1.1 404) 4 headers in 164 bytes (1 switches on core 0)
