Aug 29 00:46:11.629622 np0000191428 devstack@neutron-api.service[101691]: DEBUG neutron.plugins.ml2.drivers.ovn.mech_driver.ovsdb.maintenance [-] Touching Hash Ring node "7a9818714df45a439045aed588ebb0f6" from periodic health check thread {{(pid=101691) touch_hash_ring_node /opt/stack/neutron/neutron/plugins/ml2/drivers/ovn/mech_driver/ovsdb/maintenance.py:1532}}
Aug 29 00:46:11.731606 np0000191428 devstack@neutron-api.service[101688]: DEBUG futurist.periodics [-] Submitting periodic callback 'neutron.plugins.ml2.drivers.ovn.mech_driver.ovsdb.maintenance.HashRingHealthCheckPeriodics.touch_hash_ring_node' {{(pid=101688) _process_scheduled /opt/stack/data/venv/lib/python3.12/site-packages/futurist/periodics.py:784}}
Aug 29 00:46:11.732280 np0000191428 devstack@neutron-api.service[101688]: DEBUG neutron.plugins.ml2.drivers.ovn.mech_driver.ovsdb.maintenance [-] Touching Hash Ring node "1847f94a9266510ea1c552926387034b" from periodic health check thread {{(pid=101688) touch_hash_ring_node /opt/stack/neutron/neutron/plugins/ml2/drivers/ovn/mech_driver/ovsdb/maintenance.py:1532}}
Aug 29 00:46:20.855635 np0000191428 devstack@neutron-api.service[101690]: DEBUG dbcounter [-] [101690] Writing DB stats neutron:UPDATE=1,neutron:SELECT=1 {{(pid=101690) stat_writer /opt/stack/data/venv/lib/python3.12/site-packages/dbcounter.py:115}}
Aug 29 00:46:21.633100 np0000191428 devstack@neutron-api.service[101689]: DEBUG dbcounter [-] [101689] Writing DB stats neutron:UPDATE=1,neutron:SELECT=1 {{(pid=101689) stat_writer /opt/stack/data/venv/lib/python3.12/site-packages/dbcounter.py:115}}
Aug 29 00:46:21.640901 np0000191428 devstack@neutron-api.service[101691]: DEBUG dbcounter [-] [101691] Writing DB stats neutron:UPDATE=1,neutron:SELECT=1 {{(pid=101691) stat_writer /opt/stack/data/venv/lib/python3.12/site-packages/dbcounter.py:115}}
Aug 29 00:46:21.746218 np0000191428 devstack@neutron-api.service[101688]: DEBUG dbcounter [-] [101688] Writing DB stats neutron:UPDATE=1,neutron:SELECT=1 {{(pid=101688) stat_writer /opt/stack/data/venv/lib/python3.12/site-packages/dbcounter.py:115}}
Aug 29 00:46:25.842910 np0000191428 devstack@neutron-api.service[101690]: DEBUG futurist.periodics [-] Submitting periodic callback 'neutron.plugins.ml2.drivers.ovn.mech_driver.ovsdb.maintenance.HashRingHealthCheckPeriodics.touch_hash_ring_node' {{(pid=101690) _process_scheduled /opt/stack/data/venv/lib/python3.12/site-packages/futurist/periodics.py:784}}
Aug 29 00:46:25.843606 np0000191428 devstack@neutron-api.service[101690]: DEBUG neutron.plugins.ml2.drivers.ovn.mech_driver.ovsdb.maintenance [-] Touching Hash Ring node "e3960f13c745504db7886c7734350a9c" from periodic health check thread {{(pid=101690) touch_hash_ring_node /opt/stack/neutron/neutron/plugins/ml2/drivers/ovn/mech_driver/ovsdb/maintenance.py:1532}}
Aug 29 00:46:26.618765 np0000191428 devstack@neutron-api.service[101689]: DEBUG futurist.periodics [-] Submitting periodic callback 'neutron.plugins.ml2.drivers.ovn.mech_driver.ovsdb.maintenance.HashRingHealthCheckPeriodics.touch_hash_ring_node' {{(pid=101689) _process_scheduled /opt/stack/data/venv/lib/python3.12/site-packages/futurist/periodics.py:784}}
Aug 29 00:46:26.619302 np0000191428 devstack@neutron-api.service[101689]: DEBUG neutron.plugins.ml2.drivers.ovn.mech_driver.ovsdb.maintenance [-] Touching Hash Ring node "b47fd1a1130b56c19b14234023293f54" from periodic health check thread {{(pid=101689) touch_hash_ring_node /opt/stack/neutron/neutron/plugins/ml2/drivers/ovn/mech_driver/ovsdb/maintenance.py:1532}}
Aug 29 00:46:26.629275 np0000191428 devstack@neutron-api.service[101691]: DEBUG futurist.periodics [-] Submitting periodic callback 'neutron.plugins.ml2.drivers.ovn.mech_driver.ovsdb.maintenance.HashRingHealthCheckPeriodics.touch_hash_ring_node' {{(pid=101691) _process_scheduled /opt/stack/data/venv/lib/python3.12/site-packages/futurist/periodics.py:784}}
Aug 29 00:46:26.629908 np0000191428 devstack@neutron-api.service[101691]: DEBUG neutron.plugins.ml2.drivers.ovn.mech_driver.ovsdb.maintenance [-] Touching Hash Ring node "7a9818714df45a439045aed588ebb0f6" from periodic health check thread {{(pid=101691) touch_hash_ring_node /opt/stack/neutron/neutron/plugins/ml2/drivers/ovn/mech_driver/ovsdb/maintenance.py:1532}}
Aug 29 00:46:26.732503 np0000191428 devstack@neutron-api.service[101688]: DEBUG futurist.periodics [-] Submitting periodic callback 'neutron.plugins.ml2.drivers.ovn.mech_driver.ovsdb.maintenance.HashRingHealthCheckPeriodics.touch_hash_ring_node' {{(pid=101688) _process_scheduled /opt/stack/data/venv/lib/python3.12/site-packages/futurist/periodics.py:784}}
Aug 29 00:46:26.733167 np0000191428 devstack@neutron-api.service[101688]: DEBUG neutron.plugins.ml2.drivers.ovn.mech_driver.ovsdb.maintenance [-] Touching Hash Ring node "1847f94a9266510ea1c552926387034b" from periodic health check thread {{(pid=101688) touch_hash_ring_node /opt/stack/neutron/neutron/plugins/ml2/drivers/ovn/mech_driver/ovsdb/maintenance.py:1532}}
Aug 29 00:46:35.857223 np0000191428 devstack@neutron-api.service[101690]: DEBUG dbcounter [-] [101690] Writing DB stats neutron:UPDATE=1,neutron:SELECT=1 {{(pid=101690) stat_writer /opt/stack/data/venv/lib/python3.12/site-packages/dbcounter.py:115}}
Aug 29 00:46:36.630545 np0000191428 devstack@neutron-api.service[101689]: DEBUG dbcounter [-] [101689] Writing DB stats neutron:UPDATE=1,neutron:SELECT=1 {{(pid=101689) stat_writer /opt/stack/data/venv/lib/python3.12/site-packages/dbcounter.py:115}}
Aug 29 00:46:36.641090 np0000191428 devstack@neutron-api.service[101691]: DEBUG dbcounter [-] [101691] Writing DB stats neutron:UPDATE=1,neutron:SELECT=1 {{(pid=101691) stat_writer /opt/stack/data/venv/lib/python3.12/site-packages/dbcounter.py:115}}
Aug 29 00:46:36.746611 np0000191428 devstack@neutron-api.service[101688]: DEBUG dbcounter [-] [101688] Writing DB stats neutron:UPDATE=1,neutron:SELECT=1 {{(pid=101688) stat_writer /opt/stack/data/venv/lib/python3.12/site-packages/dbcounter.py:115}}
Aug 29 00:46:40.843613 np0000191428 devstack@neutron-api.service[101690]: DEBUG futurist.periodics [-] Submitting periodic callback 'neutron.plugins.ml2.drivers.ovn.mech_driver.ovsdb.maintenance.HashRingHealthCheckPeriodics.touch_hash_ring_node' {{(pid=101690) _process_scheduled /opt/stack/data/venv/lib/python3.12/site-packages/futurist/periodics.py:784}}
Aug 29 00:46:40.844198 np0000191428 devstack@neutron-api.service[101690]: DEBUG neutron.plugins.ml2.drivers.ovn.mech_driver.ovsdb.maintenance [-] Touching Hash Ring node "e3960f13c745504db7886c7734350a9c" from periodic health check thread {{(pid=101690) touch_hash_ring_node /opt/stack/neutron/neutron/plugins/ml2/drivers/ovn/mech_driver/ovsdb/maintenance.py:1532}}
Aug 29 00:46:41.619499 np0000191428 devstack@neutron-api.service[101689]: DEBUG futurist.periodics [-] Submitting periodic callback 'neutron.plugins.ml2.drivers.ovn.mech_driver.ovsdb.maintenance.HashRingHealthCheckPeriodics.touch_hash_ring_node' {{(pid=101689) _process_scheduled /opt/stack/data/venv/lib/python3.12/site-packages/futurist/periodics.py:784}}
Aug 29 00:46:41.620016 np0000191428 devstack@neutron-api.service[101689]: DEBUG neutron.plugins.ml2.drivers.ovn.mech_driver.ovsdb.maintenance [-] Touching Hash Ring node "b47fd1a1130b56c19b14234023293f54" from periodic health check thread {{(pid=101689) touch_hash_ring_node /opt/stack/neutron/neutron/plugins/ml2/drivers/ovn/mech_driver/ovsdb/maintenance.py:1532}}
Aug 29 00:46:41.630055 np0000191428 devstack@neutron-api.service[101691]: DEBUG futurist.periodics [-] Submitting periodic callback 'neutron.plugins.ml2.drivers.ovn.mech_driver.ovsdb.maintenance.HashRingHealthCheckPeriodics.touch_hash_ring_node' {{(pid=101691) _process_scheduled /opt/stack/data/venv/lib/python3.12/site-packages/futurist/periodics.py:784}}
Aug 29 00:46:41.631450 np0000191428 devstack@neutron-api.service[101691]: DEBUG neutron.plugins.ml2.drivers.ovn.mech_driver.ovsdb.maintenance [-] Touching Hash Ring node "7a9818714df45a439045aed588ebb0f6" from periodic health check thread {{(pid=101691) touch_hash_ring_node /opt/stack/neutron/neutron/plugins/ml2/drivers/ovn/mech_driver/ovsdb/maintenance.py:1532}}
Aug 29 00:46:41.733333 np0000191428 devstack@neutron-api.service[101688]: DEBUG futurist.periodics [-] Submitting periodic callback 'neutron.plugins.ml2.drivers.ovn.mech_driver.ovsdb.maintenance.HashRingHealthCheckPeriodics.touch_hash_ring_node' {{(pid=101688) _process_scheduled /opt/stack/data/venv/lib/python3.12/site-packages/futurist/periodics.py:784}}
Aug 29 00:46:41.733938 np0000191428 devstack@neutron-api.service[101688]: DEBUG neutron.plugins.ml2.drivers.ovn.mech_driver.ovsdb.maintenance [-] Touching Hash Ring node "1847f94a9266510ea1c552926387034b" from periodic health check thread {{(pid=101688) touch_hash_ring_node /opt/stack/neutron/neutron/plugins/ml2/drivers/ovn/mech_driver/ovsdb/maintenance.py:1532}}
Aug 29 00:46:50.857244 np0000191428 devstack@neutron-api.service[101690]: DEBUG dbcounter [-] [101690] Writing DB stats neutron:UPDATE=1,neutron:SELECT=1 {{(pid=101690) stat_writer /opt/stack/data/venv/lib/python3.12/site-packages/dbcounter.py:115}}
Aug 29 00:46:51.630540 np0000191428 devstack@neutron-api.service[101689]: DEBUG dbcounter [-] [101689] Writing DB stats neutron:UPDATE=1,neutron:SELECT=1 {{(pid=101689) stat_writer /opt/stack/data/venv/lib/python3.12/site-packages/dbcounter.py:115}}
Aug 29 00:46:51.644820 np0000191428 devstack@neutron-api.service[101691]: DEBUG dbcounter [-] [101691] Writing DB stats neutron:UPDATE=1,neutron:SELECT=1 {{(pid=101691) stat_writer /opt/stack/data/venv/lib/python3.12/site-packages/dbcounter.py:115}}
Aug 29 00:46:51.747115 np0000191428 devstack@neutron-api.service[101688]: DEBUG dbcounter [-] [101688] Writing DB stats neutron:UPDATE=1,neutron:SELECT=1 {{(pid=101688) stat_writer /opt/stack/data/venv/lib/python3.12/site-packages/dbcounter.py:115}}
Aug 29 00:46:55.603071 np0000191428 devstack@neutron-api.service[101689]: /opt/stack/neutron/neutron/extensions/quotasv2.py:134: UserWarning: "--check-limit" parameter is no longer needed since Epoxy (2025.1) release. By default, Neutron quota engine checks the resource usage before updating the limits
Aug 29 00:46:55.603071 np0000191428 devstack@neutron-api.service[101689]: warnings.warn('"--check-limit" parameter is no longer needed '
Aug 29 00:46:55.603588 np0000191428 devstack@neutron-api.service[101689]: DEBUG neutron.api.v2.base [None req-be6b0839-4bd8-404f-8665-272df611582b admin admin] Request body: {'quota': {'security_group': 100}} {{(pid=101689) prepare_request_body /opt/stack/neutron/neutron/api/v2/base.py:727}}
Aug 29 00:46:55.632845 np0000191428 devstack@neutron-api.service[101689]: [pid: 101689|app: 0|req: 22/88] 162.253.55.24 () {68 vars in 1442 bytes} [Sat Aug 29 00:46:55 2026] PUT /networking/v2.0/quotas/826f04c5064c47909f0f4f0c9d755f27 => generated 195 bytes in 36 msecs (HTTP/1.1 200) 4 headers in 157 bytes (1 switches on core 0)
Aug 29 00:46:55.844405 np0000191428 devstack@neutron-api.service[101690]: DEBUG futurist.periodics [-] Submitting periodic callback 'neutron.plugins.ml2.drivers.ovn.mech_driver.ovsdb.maintenance.HashRingHealthCheckPeriodics.touch_hash_ring_node' {{(pid=101690) _process_scheduled /opt/stack/data/venv/lib/python3.12/site-packages/futurist/periodics.py:784}}
Aug 29 00:46:55.845068 np0000191428 devstack@neutron-api.service[101690]: DEBUG neutron.plugins.ml2.drivers.ovn.mech_driver.ovsdb.maintenance [-] Touching Hash Ring node "e3960f13c745504db7886c7734350a9c" from periodic health check thread {{(pid=101690) touch_hash_ring_node /opt/stack/neutron/neutron/plugins/ml2/drivers/ovn/mech_driver/ovsdb/maintenance.py:1532}}
Aug 29 00:46:55.974387 np0000191428 devstack@neutron-api.service[101688]: /opt/stack/neutron/neutron/extensions/quotasv2.py:134: UserWarning: "--check-limit" parameter is no longer needed since Epoxy (2025.1) release. By default, Neutron quota engine checks the resource usage before updating the limits
Aug 29 00:46:55.974387 np0000191428 devstack@neutron-api.service[101688]: warnings.warn('"--check-limit" parameter is no longer needed '
Aug 29 00:46:55.974961 np0000191428 devstack@neutron-api.service[101688]: DEBUG neutron.api.v2.base [None req-87e26d31-934a-4913-9e44-af5230a9badc admin admin] Request body: {'quota': {'security_group_rule': 1000}} {{(pid=101688) prepare_request_body /opt/stack/neutron/neutron/api/v2/base.py:727}}
Aug 29 00:46:56.006096 np0000191428 devstack@neutron-api.service[101688]: [pid: 101688|app: 0|req: 22/89] 162.253.55.24 () {68 vars in 1442 bytes} [Sat Aug 29 00:46:55 2026] PUT /networking/v2.0/quotas/826f04c5064c47909f0f4f0c9d755f27 => generated 196 bytes in 37 msecs (HTTP/1.1 200) 4 headers in 157 bytes (1 switches on core 0)
Aug 29 00:46:56.620341 np0000191428 devstack@neutron-api.service[101689]: DEBUG futurist.periodics [-] Submitting periodic callback 'neutron.plugins.ml2.drivers.ovn.mech_driver.ovsdb.maintenance.HashRingHealthCheckPeriodics.touch_hash_ring_node' {{(pid=101689) _process_scheduled /opt/stack/data/venv/lib/python3.12/site-packages/futurist/periodics.py:784}}
Aug 29 00:46:56.620943 np0000191428 devstack@neutron-api.service[101689]: DEBUG neutron.plugins.ml2.drivers.ovn.mech_driver.ovsdb.maintenance [-] Touching Hash Ring node "b47fd1a1130b56c19b14234023293f54" from periodic health check thread {{(pid=101689) touch_hash_ring_node /opt/stack/neutron/neutron/plugins/ml2/drivers/ovn/mech_driver/ovsdb/maintenance.py:1532}}
Aug 29 00:46:56.631732 np0000191428 devstack@neutron-api.service[101691]: DEBUG futurist.periodics [-] Submitting periodic callback 'neutron.plugins.ml2.drivers.ovn.mech_driver.ovsdb.maintenance.HashRingHealthCheckPeriodics.touch_hash_ring_node' {{(pid=101691) _process_scheduled /opt/stack/data/venv/lib/python3.12/site-packages/futurist/periodics.py:784}}
Aug 29 00:46:56.632423 np0000191428 devstack@neutron-api.service[101691]: DEBUG neutron.plugins.ml2.drivers.ovn.mech_driver.ovsdb.maintenance [-] Touching Hash Ring node "7a9818714df45a439045aed588ebb0f6" from periodic health check thread {{(pid=101691) touch_hash_ring_node /opt/stack/neutron/neutron/plugins/ml2/drivers/ovn/mech_driver/ovsdb/maintenance.py:1532}}
Aug 29 00:46:56.734105 np0000191428 devstack@neutron-api.service[101688]: DEBUG futurist.periodics [-] Submitting periodic callback 'neutron.plugins.ml2.drivers.ovn.mech_driver.ovsdb.maintenance.HashRingHealthCheckPeriodics.touch_hash_ring_node' {{(pid=101688) _process_scheduled /opt/stack/data/venv/lib/python3.12/site-packages/futurist/periodics.py:784}}
Aug 29 00:46:56.734757 np0000191428 devstack@neutron-api.service[101688]: DEBUG neutron.plugins.ml2.drivers.ovn.mech_driver.ovsdb.maintenance [-] Touching Hash Ring node "1847f94a9266510ea1c552926387034b" from periodic health check thread {{(pid=101688) touch_hash_ring_node /opt/stack/neutron/neutron/plugins/ml2/drivers/ovn/mech_driver/ovsdb/maintenance.py:1532}}
Aug 29 00:47:05.857895 np0000191428 devstack@neutron-api.service[101690]: DEBUG dbcounter [-] [101690] Writing DB stats neutron:UPDATE=1,neutron:SELECT=1 {{(pid=101690) stat_writer /opt/stack/data/venv/lib/python3.12/site-packages/dbcounter.py:115}}
Aug 29 00:47:06.632837 np0000191428 devstack@neutron-api.service[101689]: DEBUG dbcounter [-] [101689] Writing DB stats neutron:SELECT=5,neutron:INSERT=1,neutron:UPDATE=1 {{(pid=101689) stat_writer /opt/stack/data/venv/lib/python3.12/site-packages/dbcounter.py:115}}
Aug 29 00:47:06.643929 np0000191428 devstack@neutron-api.service[101691]: DEBUG dbcounter [-] [101691] Writing DB stats neutron:UPDATE=1,neutron:SELECT=1 {{(pid=101691) stat_writer /opt/stack/data/venv/lib/python3.12/site-packages/dbcounter.py:115}}
Aug 29 00:47:06.747787 np0000191428 devstack@neutron-api.service[101688]: DEBUG dbcounter [-] [101688] Writing DB stats neutron:SELECT=5,neutron:INSERT=1,neutron:UPDATE=1 {{(pid=101688) stat_writer /opt/stack/data/venv/lib/python3.12/site-packages/dbcounter.py:115}}
Aug 29 00:47:10.845566 np0000191428 devstack@neutron-api.service[101690]: DEBUG futurist.periodics [-] Submitting periodic callback 'neutron.plugins.ml2.drivers.ovn.mech_driver.ovsdb.maintenance.HashRingHealthCheckPeriodics.touch_hash_ring_node' {{(pid=101690) _process_scheduled /opt/stack/data/venv/lib/python3.12/site-packages/futurist/periodics.py:784}}
Aug 29 00:47:10.846292 np0000191428 devstack@neutron-api.service[101690]: DEBUG neutron.plugins.ml2.drivers.ovn.mech_driver.ovsdb.maintenance [-] Touching Hash Ring node "e3960f13c745504db7886c7734350a9c" from periodic health check thread {{(pid=101690) touch_hash_ring_node /opt/stack/neutron/neutron/plugins/ml2/drivers/ovn/mech_driver/ovsdb/maintenance.py:1532}}
Aug 29 00:47:11.621340 np0000191428 devstack@neutron-api.service[101689]: DEBUG futurist.periodics [-] Submitting periodic callback 'neutron.plugins.ml2.drivers.ovn.mech_driver.ovsdb.maintenance.HashRingHealthCheckPeriodics.touch_hash_ring_node' {{(pid=101689) _process_scheduled /opt/stack/data/venv/lib/python3.12/site-packages/futurist/periodics.py:784}}
Aug 29 00:47:11.623402 np0000191428 devstack@neutron-api.service[101689]: DEBUG neutron.plugins.ml2.drivers.ovn.mech_driver.ovsdb.maintenance [-] Touching Hash Ring node "b47fd1a1130b56c19b14234023293f54" from periodic health check thread {{(pid=101689) touch_hash_ring_node /opt/stack/neutron/neutron/plugins/ml2/drivers/ovn/mech_driver/ovsdb/maintenance.py:1532}}
Aug 29 00:47:11.632846 np0000191428 devstack@neutron-api.service[101691]: DEBUG futurist.periodics [-] Submitting periodic callback 'neutron.plugins.ml2.drivers.ovn.mech_driver.ovsdb.maintenance.HashRingHealthCheckPeriodics.touch_hash_ring_node' {{(pid=101691) _process_scheduled /opt/stack/data/venv/lib/python3.12/site-packages/futurist/periodics.py:784}}
Aug 29 00:47:11.633358 np0000191428 devstack@neutron-api.service[101691]: DEBUG neutron.plugins.ml2.drivers.ovn.mech_driver.ovsdb.maintenance [-] Touching Hash Ring node "7a9818714df45a439045aed588ebb0f6" from periodic health check thread {{(pid=101691) touch_hash_ring_node /opt/stack/neutron/neutron/plugins/ml2/drivers/ovn/mech_driver/ovsdb/maintenance.py:1532}}
Aug 29 00:47:11.735519 np0000191428 devstack@neutron-api.service[101688]: DEBUG futurist.periodics [-] Submitting periodic callback 'neutron.plugins.ml2.drivers.ovn.mech_driver.ovsdb.maintenance.HashRingHealthCheckPeriodics.touch_hash_ring_node' {{(pid=101688) _process_scheduled /opt/stack/data/venv/lib/python3.12/site-packages/futurist/periodics.py:784}}
Aug 29 00:47:11.736525 np0000191428 devstack@neutron-api.service[101688]: DEBUG neutron.plugins.ml2.drivers.ovn.mech_driver.ovsdb.maintenance [-] Touching Hash Ring node "1847f94a9266510ea1c552926387034b" from periodic health check thread {{(pid=101688) touch_hash_ring_node /opt/stack/neutron/neutron/plugins/ml2/drivers/ovn/mech_driver/ovsdb/maintenance.py:1532}}
Aug 29 00:47:12.229990 np0000191428 devstack@neutron-api.service[101690]: DEBUG neutron.pecan_wsgi.hooks.policy_enforcement [None req-b78ee369-462c-4152-a371-73fda6c06a0f admin admin] Attributes excluded by policy engine: ['standard_attr_id'] {{(pid=101690) _exclude_attributes_by_policy /opt/stack/neutron/neutron/pecan_wsgi/hooks/policy_enforcement.py:259}}
Aug 29 00:47:12.233232 np0000191428 devstack@neutron-api.service[101690]: [pid: 101690|app: 0|req: 24/90] 162.253.55.24 () {64 vars in 1371 bytes} [Sat Aug 29 00:47:12 2026] GET /networking/v2.0/ports?device_owner=network%3Adistributed => generated 1650 bytes in 174 msecs (HTTP/1.1 200) 4 headers in 158 bytes (1 switches on core 0)
Aug 29 00:47:13.042118 np0000191428 devstack@neutron-api.service[101691]: DEBUG neutron.common.ovn.hash_ring_manager [None req-5be85490-3d30-4102-9dd1-1d84bd9b0a63 None None] Hash Ring loaded. 4 active nodes. 0 offline nodes {{(pid=101691) _load_hash_ring /opt/stack/neutron/neutron/common/ovn/hash_ring_manager.py:110}}
Aug 29 00:47:13.044344 np0000191428 devstack@neutron-api.service[101688]: DEBUG neutron.common.ovn.hash_ring_manager [None req-5c3f8c4d-f7d2-4c47-8510-129ded99dfe3 None None] Hash Ring loaded. 4 active nodes. 0 offline nodes {{(pid=101688) _load_hash_ring /opt/stack/neutron/neutron/common/ovn/hash_ring_manager.py:110}}
Aug 29 00:47:13.045039 np0000191428 devstack@neutron-api.service[101690]: DEBUG neutron.common.ovn.hash_ring_manager [None req-984e3e91-b333-4886-af65-3d658730750d None None] Hash Ring loaded. 4 active nodes. 0 offline nodes {{(pid=101690) _load_hash_ring /opt/stack/neutron/neutron/common/ovn/hash_ring_manager.py:110}}
Aug 29 00:47:13.050937 np0000191428 devstack@neutron-api.service[101689]: DEBUG neutron.common.ovn.hash_ring_manager [None req-206a9e28-727b-4b03-94ea-cdff1ba9ec54 None None] Hash Ring loaded. 4 active nodes. 0 offline nodes {{(pid=101689) _load_hash_ring /opt/stack/neutron/neutron/common/ovn/hash_ring_manager.py:110}}
Aug 29 00:47:13.051814 np0000191428 devstack@neutron-api.service[101689]: DEBUG neutron.plugins.ml2.drivers.ovn.mech_driver.ovsdb.ovsdb_monitor [None req-206a9e28-727b-4b03-94ea-cdff1ba9ec54 None None] Hash Ring: Node b47fd1a1130b56c19b14234023293f54 (host: np0000191428) handling event "update" for row 3f6989cd-c040-4833-a508-42c9d5255200 (table: Connection) {{(pid=101689) notify /opt/stack/neutron/neutron/plugins/ml2/drivers/ovn/mech_driver/ovsdb/ovsdb_monitor.py:1099}}
Aug 29 00:47:15.533293 np0000191428 devstack@neutron-api.service[101689]: DEBUG neutron.plugins.ml2.drivers.ovn.mech_driver.ovsdb.ovsdb_monitor [None req-206a9e28-727b-4b03-94ea-cdff1ba9ec54 None None] Hash Ring: Node b47fd1a1130b56c19b14234023293f54 (host: np0000191428) handling event "update" for row 3f6989cd-c040-4833-a508-42c9d5255200 (table: Connection) {{(pid=101689) notify /opt/stack/neutron/neutron/plugins/ml2/drivers/ovn/mech_driver/ovsdb/ovsdb_monitor.py:1099}}
Aug 29 00:47:23.041555 np0000191428 devstack@neutron-api.service[101688]: DEBUG dbcounter [-] [101688] Writing DB stats neutron:UPDATE=1,neutron:SELECT=3 {{(pid=101688) stat_writer /opt/stack/data/venv/lib/python3.12/site-packages/dbcounter.py:115}}
Aug 29 00:47:23.042449 np0000191428 devstack@neutron-api.service[101690]: DEBUG dbcounter [-] [101690] Writing DB stats neutron:UPDATE=1,neutron:SELECT=12 {{(pid=101690) stat_writer /opt/stack/data/venv/lib/python3.12/site-packages/dbcounter.py:115}}
Aug 29 00:47:23.043855 np0000191428 devstack@neutron-api.service[101691]: DEBUG dbcounter [-] [101691] Writing DB stats neutron:UPDATE=1,neutron:SELECT=3 {{(pid=101691) stat_writer /opt/stack/data/venv/lib/python3.12/site-packages/dbcounter.py:115}}
Aug 29 00:47:23.051993 np0000191428 devstack@neutron-api.service[101689]: DEBUG dbcounter [-] [101689] Writing DB stats neutron:UPDATE=1,neutron:SELECT=3 {{(pid=101689) stat_writer /opt/stack/data/venv/lib/python3.12/site-packages/dbcounter.py:115}}
Aug 29 00:47:25.846556 np0000191428 devstack@neutron-api.service[101690]: DEBUG futurist.periodics [-] Submitting periodic callback 'neutron.plugins.ml2.drivers.ovn.mech_driver.ovsdb.maintenance.HashRingHealthCheckPeriodics.touch_hash_ring_node' {{(pid=101690) _process_scheduled /opt/stack/data/venv/lib/python3.12/site-packages/futurist/periodics.py:784}}
Aug 29 00:47:25.847290 np0000191428 devstack@neutron-api.service[101690]: DEBUG neutron.plugins.ml2.drivers.ovn.mech_driver.ovsdb.maintenance [-] Touching Hash Ring node "e3960f13c745504db7886c7734350a9c" from periodic health check thread {{(pid=101690) touch_hash_ring_node /opt/stack/neutron/neutron/plugins/ml2/drivers/ovn/mech_driver/ovsdb/maintenance.py:1532}}
Aug 29 00:47:26.108674 np0000191428 devstack@neutron-api.service[101691]: INFO neutron.pecan_wsgi.hooks.translation [None req-5219132f-ef29-420e-b917-34b9ad699e29 admin admin] GET failed (client error): The resource could not be found.
Aug 29 00:47:26.109648 np0000191428 devstack@neutron-api.service[101691]: [pid: 101691|app: 0|req: 23/91] 162.253.55.24 () {64 vars in 1327 bytes} [Sat Aug 29 00:47:26 2026] GET /networking/v2.0/networks/admin_net => generated 111 bytes in 16 msecs (HTTP/1.1 404) 4 headers in 164 bytes (1 switches on core 0)
Aug 29 00:47:26.152143 np0000191428 devstack@neutron-api.service[101689]: [pid: 101689|app: 0|req: 23/92] 162.253.55.24 () {64 vars in 1339 bytes} [Sat Aug 29 00:47:26 2026] GET /networking/v2.0/networks?name=admin_net => generated 15 bytes in 32 msecs (HTTP/1.1 200) 4 headers in 156 bytes (1 switches on core 0)
Aug 29 00:47:26.471790 np0000191428 devstack@neutron-api.service[101688]: DEBUG neutron.api.v2.base [None req-d1b995ca-a4fd-4e23-bfae-fb0fd3812624 admin admin] Request body: {'network': {'name': 'admin_net', 'project_id': '54b8afc38ac84bee9688c9461380c3ee', 'admin_state_up': True}} {{(pid=101688) prepare_request_body /opt/stack/neutron/neutron/api/v2/base.py:727}}
Aug 29 00:47:26.494814 np0000191428 devstack@neutron-api.service[101688]: DEBUG neutron.pecan_wsgi.hooks.quota_enforcement [None req-d1b995ca-a4fd-4e23-bfae-fb0fd3812624 admin admin] Made reservation on behalf of 54b8afc38ac84bee9688c9461380c3ee for: {'network': 1} {{(pid=101688) before /opt/stack/neutron/neutron/pecan_wsgi/hooks/quota_enforcement.py:66}}
Aug 29 00:47:26.500059 np0000191428 devstack@neutron-api.service[101688]: DEBUG neutron_lib.callbacks.manager [None req-d1b995ca-a4fd-4e23-bfae-fb0fd3812624 admin admin] Publish callbacks ['neutron.plugins.ml2.plugin.SecurityGroupDbMixin._ensure_default_security_group_handler-176947'] for network (None), before_create {{(pid=101688) _notify_loop /opt/stack/data/venv/lib/python3.12/site-packages/neutron_lib/callbacks/manager.py:184}}
Aug 29 00:47:26.508643 np0000191428 devstack@neutron-api.service[101688]: DEBUG neutron_lib.callbacks.manager [None req-d1b995ca-a4fd-4e23-bfae-fb0fd3812624 admin admin] Publish callbacks [] for security_group (None), before_create {{(pid=101688) _notify_loop /opt/stack/data/venv/lib/python3.12/site-packages/neutron_lib/callbacks/manager.py:184}}
Aug 29 00:47:26.592827 np0000191428 devstack@neutron-api.service[101688]: DEBUG neutron_lib.callbacks.manager [None req-d1b995ca-a4fd-4e23-bfae-fb0fd3812624 admin admin] Publish callbacks ['neutron.plugins.ml2.drivers.ovn.mech_driver.mech_driver.OVNMechanismDriver._create_security_group_precommit-352026'] for security_group (29a242d9-c73e-46c7-800d-1add48193fad), precommit_create {{(pid=101688) _notify_loop /opt/stack/data/venv/lib/python3.12/site-packages/neutron_lib/callbacks/manager.py:184}}
Aug 29 00:47:26.593029 np0000191428 devstack@neutron-api.service[101688]: DEBUG neutron.db.ovn_revision_numbers_db [None req-d1b995ca-a4fd-4e23-bfae-fb0fd3812624 admin admin] create_initial_revision uuid=29a242d9-c73e-46c7-800d-1add48193fad, type=security_groups, rev=-1 {{(pid=101688) create_initial_revision /opt/stack/neutron/neutron/db/ovn_revision_numbers_db.py:98}}
Aug 29 00:47:26.594440 np0000191428 devstack@neutron-api.service[101688]: DEBUG neutron.db.ovn_revision_numbers_db [None req-d1b995ca-a4fd-4e23-bfae-fb0fd3812624 admin admin] create_initial_revision uuid=10a853ef-9a1d-4c9b-afec-391c5fc6343d, type=security_group_rules, rev=-1 {{(pid=101688) create_initial_revision /opt/stack/neutron/neutron/db/ovn_revision_numbers_db.py:98}}
Aug 29 00:47:26.595687 np0000191428 devstack@neutron-api.service[101688]: DEBUG neutron.db.ovn_revision_numbers_db [None req-d1b995ca-a4fd-4e23-bfae-fb0fd3812624 admin admin] create_initial_revision uuid=3dba6f76-11de-4260-be2e-a678e41a35aa, type=security_group_rules, rev=-1 {{(pid=101688) create_initial_revision /opt/stack/neutron/neutron/db/ovn_revision_numbers_db.py:98}}
Aug 29 00:47:26.597054 np0000191428 devstack@neutron-api.service[101688]: DEBUG neutron.db.ovn_revision_numbers_db [None req-d1b995ca-a4fd-4e23-bfae-fb0fd3812624 admin admin] create_initial_revision uuid=58af0d9b-3967-4fc7-b886-833fb52c120b, type=security_group_rules, rev=-1 {{(pid=101688) create_initial_revision /opt/stack/neutron/neutron/db/ovn_revision_numbers_db.py:98}}
Aug 29 00:47:26.598490 np0000191428 devstack@neutron-api.service[101688]: DEBUG neutron.db.ovn_revision_numbers_db [None req-d1b995ca-a4fd-4e23-bfae-fb0fd3812624 admin admin] create_initial_revision uuid=dff73471-5a5f-4be5-b4e4-11746bb54b54, type=security_group_rules, rev=-1 {{(pid=101688) create_initial_revision /opt/stack/neutron/neutron/db/ovn_revision_numbers_db.py:98}}
Aug 29 00:47:26.605823 np0000191428 devstack@neutron-api.service[101688]: DEBUG neutron_lib.callbacks.manager [None req-d1b995ca-a4fd-4e23-bfae-fb0fd3812624 admin admin] Publish callbacks ['neutron.plugins.ml2.drivers.ovn.mech_driver.mech_driver.OVNMechanismDriver._create_security_group-352000', 'neutron.plugins.ml2.ovo_rpc._ObjectChangeHandler.handle_event-4118085'] for security_group (29a242d9-c73e-46c7-800d-1add48193fad), after_create {{(pid=101688) _notify_loop /opt/stack/data/venv/lib/python3.12/site-packages/neutron_lib/callbacks/manager.py:184}}
Aug 29 00:47:26.606403 np0000191428 devstack@neutron-api.service[101688]: DEBUG ovsdbapp.backend.ovs_idl.transaction [None req-5c3f8c4d-f7d2-4c47-8510-129ded99dfe3 None None] Running txn 1a3a3fe5 n=1 command(idx=0): PgAddCommand(_result=None, name=pg_29a242d9_c73e_46c7_800d_1add48193fad, may_exist=False, columns={'acls': [], 'external_ids': {'neutron:security_group_id': '29a242d9-c73e-46c7-800d-1add48193fad'}}) {{(pid=101688) do_commit /opt/stack/data/venv/lib/python3.12/site-packages/ovsdbapp/backend/ovs_idl/transaction.py:91}}
Aug 29 00:47:26.606729 np0000191428 devstack@neutron-api.service[101688]: DEBUG ovsdbapp.backend.ovs_idl.transaction [None req-5c3f8c4d-f7d2-4c47-8510-129ded99dfe3 None None] Running txn 1a3a3fe5 n=1 command(idx=1): PgAclAddCommand(_result=None, entity=pg_29a242d9_c73e_46c7_800d_1add48193fad, direction=from-lport, priority=1002, match=inport == @pg_29a242d9_c73e_46c7_800d_1add48193fad && ip6, action=allow-related, log=False, may_exist=True, severity=[], name=[], meter=[], external_ids={'neutron:security_group_rule_id': '10a853ef-9a1d-4c9b-afec-391c5fc6343d'}) {{(pid=101688) do_commit /opt/stack/data/venv/lib/python3.12/site-packages/ovsdbapp/backend/ovs_idl/transaction.py:91}}
Aug 29 00:47:26.607001 np0000191428 devstack@neutron-api.service[101688]: DEBUG ovsdbapp.backend.ovs_idl.transaction [None req-5c3f8c4d-f7d2-4c47-8510-129ded99dfe3 None None] Running txn 1a3a3fe5 n=1 command(idx=2): PgAclAddCommand(_result=None, entity=pg_29a242d9_c73e_46c7_800d_1add48193fad, direction=to-lport, priority=1002, match=outport == @pg_29a242d9_c73e_46c7_800d_1add48193fad && ip6 && ip6.src == $pg_29a242d9_c73e_46c7_800d_1add48193fad_ip6, action=allow-related, log=False, may_exist=True, severity=[], name=[], meter=[], external_ids={'neutron:security_group_rule_id': '3dba6f76-11de-4260-be2e-a678e41a35aa'}) {{(pid=101688) do_commit /opt/stack/data/venv/lib/python3.12/site-packages/ovsdbapp/backend/ovs_idl/transaction.py:91}}
Aug 29 00:47:26.607275 np0000191428 devstack@neutron-api.service[101688]: DEBUG ovsdbapp.backend.ovs_idl.transaction [None req-5c3f8c4d-f7d2-4c47-8510-129ded99dfe3 None None] Running txn 1a3a3fe5 n=1 command(idx=3): PgAclAddCommand(_result=None, entity=pg_29a242d9_c73e_46c7_800d_1add48193fad, direction=from-lport, priority=1002, match=inport == @pg_29a242d9_c73e_46c7_800d_1add48193fad && ip4, action=allow-related, log=False, may_exist=True, severity=[], name=[], meter=[], external_ids={'neutron:security_group_rule_id': '58af0d9b-3967-4fc7-b886-833fb52c120b'}) {{(pid=101688) do_commit /opt/stack/data/venv/lib/python3.12/site-packages/ovsdbapp/backend/ovs_idl/transaction.py:91}}
Aug 29 00:47:26.607492 np0000191428 devstack@neutron-api.service[101688]: DEBUG ovsdbapp.backend.ovs_idl.transaction [None req-5c3f8c4d-f7d2-4c47-8510-129ded99dfe3 None None] Running txn 1a3a3fe5 n=1 command(idx=4): PgAclAddCommand(_result=None, entity=pg_29a242d9_c73e_46c7_800d_1add48193fad, direction=to-lport, priority=1002, match=outport == @pg_29a242d9_c73e_46c7_800d_1add48193fad && ip4 && ip4.src == $pg_29a242d9_c73e_46c7_800d_1add48193fad_ip4, action=allow-related, log=False, may_exist=True, severity=[], name=[], meter=[], external_ids={'neutron:security_group_rule_id': 'dff73471-5a5f-4be5-b4e4-11746bb54b54'}) {{(pid=101688) do_commit /opt/stack/data/venv/lib/python3.12/site-packages/ovsdbapp/backend/ovs_idl/transaction.py:91}}
Aug 29 00:47:26.611435 np0000191428 devstack@neutron-api.service[101688]: DEBUG neutron.plugins.ml2.drivers.ovn.mech_driver.ovsdb.ovsdb_monitor [None req-5c3f8c4d-f7d2-4c47-8510-129ded99dfe3 None None] Hash Ring: Node 1847f94a9266510ea1c552926387034b (host: np0000191428) handling event "create" for row 41001b7d-820b-4010-945c-dc4c36ddb006 (table: ACL) {{(pid=101688) notify /opt/stack/neutron/neutron/plugins/ml2/drivers/ovn/mech_driver/ovsdb/ovsdb_monitor.py:1099}}
Aug 29 00:47:26.611604 np0000191428 devstack@neutron-api.service[101688]: DEBUG neutron.plugins.ml2.drivers.ovn.mech_driver.ovsdb.ovsdb_monitor [None req-5c3f8c4d-f7d2-4c47-8510-129ded99dfe3 None None] Hash Ring: Node 1847f94a9266510ea1c552926387034b (host: np0000191428) handling event "create" for row 557665df-3c2c-48c5-b29e-97c008f588c7 (table: Port_Group) {{(pid=101688) notify /opt/stack/neutron/neutron/plugins/ml2/drivers/ovn/mech_driver/ovsdb/ovsdb_monitor.py:1099}}
Aug 29 00:47:26.614547 np0000191428 devstack@neutron-api.service[101688]: DEBUG ovsdbapp.backend.ovs_idl.transaction [None req-5c3f8c4d-f7d2-4c47-8510-129ded99dfe3 None None] txn 1a3a3fe5 succeeded {{(pid=101688) do_commit /opt/stack/data/venv/lib/python3.12/site-packages/ovsdbapp/backend/ovs_idl/transaction.py:137}}
Aug 29 00:47:26.617819 np0000191428 devstack@neutron-api.service[101691]: DEBUG neutron.plugins.ml2.drivers.ovn.mech_driver.ovsdb.ovsdb_monitor [None req-5be85490-3d30-4102-9dd1-1d84bd9b0a63 None None] Hash Ring: Node 7a9818714df45a439045aed588ebb0f6 (host: np0000191428) handling event "create" for row 8908ea77-1ea9-41f4-b171-edb3c0d55ea2 (table: ACL) {{(pid=101691) notify /opt/stack/neutron/neutron/plugins/ml2/drivers/ovn/mech_driver/ovsdb/ovsdb_monitor.py:1099}}
Aug 29 00:47:26.619790 np0000191428 devstack@neutron-api.service[101690]: DEBUG neutron.plugins.ml2.drivers.ovn.mech_driver.ovsdb.ovsdb_monitor [None req-984e3e91-b333-4886-af65-3d658730750d None None] Touching Hash Ring node "e3960f13c745504db7886c7734350a9c" from IDL notify handler {{(pid=101690) notify /opt/stack/neutron/neutron/plugins/ml2/drivers/ovn/mech_driver/ovsdb/ovsdb_monitor.py:1091}}
Aug 29 00:47:26.622922 np0000191428 devstack@neutron-api.service[101689]: DEBUG futurist.periodics [-] Submitting periodic callback 'neutron.plugins.ml2.drivers.ovn.mech_driver.ovsdb.maintenance.HashRingHealthCheckPeriodics.touch_hash_ring_node' {{(pid=101689) _process_scheduled /opt/stack/data/venv/lib/python3.12/site-packages/futurist/periodics.py:784}}
Aug 29 00:47:26.623370 np0000191428 devstack@neutron-api.service[101689]: DEBUG neutron.plugins.ml2.drivers.ovn.mech_driver.ovsdb.maintenance [-] Touching Hash Ring node "b47fd1a1130b56c19b14234023293f54" from periodic health check thread {{(pid=101689) touch_hash_ring_node /opt/stack/neutron/neutron/plugins/ml2/drivers/ovn/mech_driver/ovsdb/maintenance.py:1532}}
Aug 29 00:47:26.630771 np0000191428 devstack@neutron-api.service[101688]: INFO neutron.db.ovn_revision_numbers_db [None req-d1b995ca-a4fd-4e23-bfae-fb0fd3812624 admin admin] Successfully bumped revision number for resource 29a242d9-c73e-46c7-800d-1add48193fad (type: security_groups) to 1
Aug 29 00:47:26.632594 np0000191428 devstack@neutron-api.service[101690]: DEBUG neutron.plugins.ml2.drivers.ovn.mech_driver.ovsdb.ovsdb_monitor [None req-984e3e91-b333-4886-af65-3d658730750d None None] Hash Ring: Node e3960f13c745504db7886c7734350a9c (host: np0000191428) handling event "create" for row 4952b2f9-411f-4b68-a717-de2b595ac3e8 (table: ACL) {{(pid=101690) notify /opt/stack/neutron/neutron/plugins/ml2/drivers/ovn/mech_driver/ovsdb/ovsdb_monitor.py:1099}}
Aug 29 00:47:26.633644 np0000191428 devstack@neutron-api.service[101691]: DEBUG futurist.periodics [-] Submitting periodic callback 'neutron.plugins.ml2.drivers.ovn.mech_driver.ovsdb.maintenance.HashRingHealthCheckPeriodics.touch_hash_ring_node' {{(pid=101691) _process_scheduled /opt/stack/data/venv/lib/python3.12/site-packages/futurist/periodics.py:784}}
Aug 29 00:47:26.634153 np0000191428 devstack@neutron-api.service[101690]: DEBUG neutron.plugins.ml2.drivers.ovn.mech_driver.ovsdb.ovsdb_monitor [None req-984e3e91-b333-4886-af65-3d658730750d None None] Touching Hash Ring node "e3960f13c745504db7886c7734350a9c" from IDL notify handler {{(pid=101690) notify /opt/stack/neutron/neutron/plugins/ml2/drivers/ovn/mech_driver/ovsdb/ovsdb_monitor.py:1091}}
Aug 29 00:47:26.634272 np0000191428 devstack@neutron-api.service[101691]: DEBUG neutron.plugins.ml2.drivers.ovn.mech_driver.ovsdb.maintenance [-] Touching Hash Ring node "7a9818714df45a439045aed588ebb0f6" from periodic health check thread {{(pid=101691) touch_hash_ring_node /opt/stack/neutron/neutron/plugins/ml2/drivers/ovn/mech_driver/ovsdb/maintenance.py:1532}}
Aug 29 00:47:26.639194 np0000191428 devstack@neutron-api.service[101690]: DEBUG neutron.plugins.ml2.drivers.ovn.mech_driver.ovsdb.ovsdb_monitor [None req-984e3e91-b333-4886-af65-3d658730750d None None] Hash Ring: Node e3960f13c745504db7886c7734350a9c (host: np0000191428) handling event "create" for row d8af56b9-b118-44ce-b500-33dcd14ea07e (table: ACL) {{(pid=101690) notify /opt/stack/neutron/neutron/plugins/ml2/drivers/ovn/mech_driver/ovsdb/ovsdb_monitor.py:1099}}
Aug 29 00:47:26.648293 np0000191428 devstack@neutron-api.service[101688]: INFO neutron.db.ovn_revision_numbers_db [None req-d1b995ca-a4fd-4e23-bfae-fb0fd3812624 admin admin] Successfully bumped revision number for resource 10a853ef-9a1d-4c9b-afec-391c5fc6343d (type: security_group_rules) to 0
Aug 29 00:47:26.661543 np0000191428 devstack@neutron-api.service[101688]: INFO neutron.db.ovn_revision_numbers_db [None req-d1b995ca-a4fd-4e23-bfae-fb0fd3812624 admin admin] Successfully bumped revision number for resource 3dba6f76-11de-4260-be2e-a678e41a35aa (type: security_group_rules) to 0
Aug 29 00:47:26.674531 np0000191428 devstack@neutron-api.service[101688]: INFO neutron.db.ovn_revision_numbers_db [None req-d1b995ca-a4fd-4e23-bfae-fb0fd3812624 admin admin] Successfully bumped revision number for resource 58af0d9b-3967-4fc7-b886-833fb52c120b (type: security_group_rules) to 0
Aug 29 00:47:26.688659 np0000191428 devstack@neutron-api.service[101688]: INFO neutron.db.ovn_revision_numbers_db [None req-d1b995ca-a4fd-4e23-bfae-fb0fd3812624 admin admin] Successfully bumped revision number for resource dff73471-5a5f-4be5-b4e4-11746bb54b54 (type: security_group_rules) to 0
Aug 29 00:47:26.709467 np0000191428 devstack@neutron-api.service[101688]: DEBUG neutron.api.rpc.handlers.resources_rpc [None req-d1b995ca-a4fd-4e23-bfae-fb0fd3812624 admin admin] Pushing event updated for resources: {'SecurityGroup': ['ID=29a242d9-c73e-46c7-800d-1add48193fad,revision_number=1']} {{(pid=101688) push /opt/stack/neutron/neutron/api/rpc/handlers/resources_rpc.py:237}}
Aug 29 00:47:26.713369 np0000191428 devstack@neutron-api.service[101688]: DEBUG ovsdbapp.backend.ovs_idl.transaction [None req-5c3f8c4d-f7d2-4c47-8510-129ded99dfe3 None None] Running txn 5d1aaf5d n=1 command(idx=0): CheckLivenessCommand(_result=None) {{(pid=101688) do_commit /opt/stack/data/venv/lib/python3.12/site-packages/ovsdbapp/backend/ovs_idl/transaction.py:91}}
Aug 29 00:47:26.715374 np0000191428 devstack@neutron-api.service[101688]: DEBUG ovsdbapp.backend.ovs_idl.transaction [None req-5c3f8c4d-f7d2-4c47-8510-129ded99dfe3 None None] txn 5d1aaf5d succeeded {{(pid=101688) do_commit /opt/stack/data/venv/lib/python3.12/site-packages/ovsdbapp/backend/ovs_idl/transaction.py:137}}
Aug 29 00:47:26.718042 np0000191428 devstack@neutron-api.service[101688]: DEBUG neutron.api.rpc.callbacks.version_manager [None req-d1b995ca-a4fd-4e23-bfae-fb0fd3812624 admin admin] Tracked resource versions report:
Aug 29 00:47:26.718042 np0000191428 devstack@neutron-api.service[101688]: pushed versions:
Aug 29 00:47:26.718042 np0000191428 devstack@neutron-api.service[101688]: { 'AddressGroup': {'1.2'},
Aug 29 00:47:26.718042 np0000191428 devstack@neutron-api.service[101688]: 'Agent': {'1.1'},
Aug 29 00:47:26.718042 np0000191428 devstack@neutron-api.service[101688]: 'ConntrackHelper': {'1.0'},
Aug 29 00:47:26.718042 np0000191428 devstack@neutron-api.service[101688]: 'LocalIPAssociation': {'1.0'},
Aug 29 00:47:26.718042 np0000191428 devstack@neutron-api.service[101688]: 'Log': {'1.0'},
Aug 29 00:47:26.718042 np0000191428 devstack@neutron-api.service[101688]: 'NDPProxy': {'1.0'},
Aug 29 00:47:26.718042 np0000191428 devstack@neutron-api.service[101688]: 'Network': {'1.3'},
Aug 29 00:47:26.718042 np0000191428 devstack@neutron-api.service[101688]: 'Port': {'1.11'},
Aug 29 00:47:26.718042 np0000191428 devstack@neutron-api.service[101688]: 'PortForwarding': {'1.3'},
Aug 29 00:47:26.718042 np0000191428 devstack@neutron-api.service[101688]: 'QosPolicy': {'1.10'},
Aug 29 00:47:26.718042 np0000191428 devstack@neutron-api.service[101688]: 'SecurityGroup': {'1.6'},
Aug 29 00:47:26.718042 np0000191428 devstack@neutron-api.service[101688]: 'SecurityGroupRule': {'1.3'},
Aug 29 00:47:26.718042 np0000191428 devstack@neutron-api.service[101688]: 'SubPort': {'1.0'},
Aug 29 00:47:26.718042 np0000191428 devstack@neutron-api.service[101688]: 'Subnet': {'1.2'},
Aug 29 00:47:26.718042 np0000191428 devstack@neutron-api.service[101688]: 'Trunk': {'1.1'}}
Aug 29 00:47:26.718042 np0000191428 devstack@neutron-api.service[101688]: consumer versions:
Aug 29 00:47:26.718042 np0000191428 devstack@neutron-api.service[101688]: { OVN Controller Gateway agent@np0000191428: {},
Aug 29 00:47:26.718042 np0000191428 devstack@neutron-api.service[101688]: OVN Neutron agent@np0000191428: {}}
Aug 29 00:47:26.718042 np0000191428 devstack@neutron-api.service[101688]: {{(pid=101688) report /opt/stack/neutron/neutron/api/rpc/callbacks/version_manager.py:183}}
Aug 29 00:47:26.719222 np0000191428 devstack@neutron-api.service[101690]: DEBUG neutron.plugins.ml2.drivers.ovn.mech_driver.ovsdb.ovsdb_monitor [None req-984e3e91-b333-4886-af65-3d658730750d None None] Touching Hash Ring node "e3960f13c745504db7886c7734350a9c" from IDL notify handler {{(pid=101690) notify /opt/stack/neutron/neutron/plugins/ml2/drivers/ovn/mech_driver/ovsdb/ovsdb_monitor.py:1091}}
Aug 29 00:47:26.722853 np0000191428 devstack@neutron-api.service[101690]: DEBUG ovsdbapp.backend.ovs_idl.event [None req-32c2dbb3-b73d-4b26-88cf-54afd3535386 None None] Matched UPDATE: ChassisAgentWriteEvent(events=('create', 'update'), table='Chassis_Private', conditions=None, old_conditions=None), priority=20 to row=Chassis_Private(uuid=3ceb12dc-7d38-4c38-8a45-fcd5c6b06bc2, chassis=7f9c4a6d-321a-4022-89c9-a5309f383bb1, external_ids={'neutron:ovn-bridge': 'br-int', 'neutron:ovn-neutron-agent-id': '66a3461d-e43b-5e9e-a4eb-d887ae99f244', 'neutron:ovn-neutron-agent-sb-cfg': '2'}, name='a4bb54b7-b1f4-4406-954a-777a7a81257d', nb_cfg=3, nb_cfg_timestamp=1787964446716) old=Chassis_Private(uuid=3ceb12dc-7d38-4c38-8a45-fcd5c6b06bc2, nb_cfg=2, nb_cfg_timestamp=1787964351358) {{(pid=101690) matches /opt/stack/data/venv/lib/python3.12/site-packages/ovsdbapp/backend/ovs_idl/event.py:55}}
Aug 29 00:47:26.723927 np0000191428 devstack@neutron-api.service[101689]: DEBUG ovsdbapp.backend.ovs_idl.event [None req-68186e49-697d-4262-87c7-8d57c1b0caef None None] Matched UPDATE: ChassisAgentWriteEvent(events=('create', 'update'), table='Chassis_Private', conditions=None, old_conditions=None), priority=20 to row=Chassis_Private(uuid=3ceb12dc-7d38-4c38-8a45-fcd5c6b06bc2, chassis=7f9c4a6d-321a-4022-89c9-a5309f383bb1, external_ids={'neutron:ovn-bridge': 'br-int', 'neutron:ovn-neutron-agent-id': '66a3461d-e43b-5e9e-a4eb-d887ae99f244', 'neutron:ovn-neutron-agent-sb-cfg': '2'}, name='a4bb54b7-b1f4-4406-954a-777a7a81257d', nb_cfg=3, nb_cfg_timestamp=1787964446716) old=Chassis_Private(uuid=3ceb12dc-7d38-4c38-8a45-fcd5c6b06bc2, nb_cfg=2, nb_cfg_timestamp=1787964351358) {{(pid=101689) matches /opt/stack/data/venv/lib/python3.12/site-packages/ovsdbapp/backend/ovs_idl/event.py:55}}
Aug 29 00:47:26.724640 np0000191428 devstack@neutron-api.service[101691]: DEBUG ovsdbapp.backend.ovs_idl.event [None req-f1486ae0-88c7-44df-8402-267c8556e583 None None] Matched UPDATE: ChassisAgentWriteEvent(events=('create', 'update'), table='Chassis_Private', conditions=None, old_conditions=None), priority=20 to row=Chassis_Private(uuid=3ceb12dc-7d38-4c38-8a45-fcd5c6b06bc2, chassis=7f9c4a6d-321a-4022-89c9-a5309f383bb1, external_ids={'neutron:ovn-bridge': 'br-int', 'neutron:ovn-neutron-agent-id': '66a3461d-e43b-5e9e-a4eb-d887ae99f244', 'neutron:ovn-neutron-agent-sb-cfg': '2'}, name='a4bb54b7-b1f4-4406-954a-777a7a81257d', nb_cfg=3, nb_cfg_timestamp=1787964446716) old=Chassis_Private(uuid=3ceb12dc-7d38-4c38-8a45-fcd5c6b06bc2, nb_cfg=2, nb_cfg_timestamp=1787964351358) {{(pid=101691) matches /opt/stack/data/venv/lib/python3.12/site-packages/ovsdbapp/backend/ovs_idl/event.py:55}}
Aug 29 00:47:26.731945 np0000191428 devstack@neutron-api.service[101688]: DEBUG ovsdbapp.backend.ovs_idl.event [None req-7b9e2588-42fe-4897-92a5-5f2d13039087 None None] Matched UPDATE: ChassisAgentWriteEvent(events=('create', 'update'), table='Chassis_Private', conditions=None, old_conditions=None), priority=20 to row=Chassis_Private(uuid=3ceb12dc-7d38-4c38-8a45-fcd5c6b06bc2, chassis=7f9c4a6d-321a-4022-89c9-a5309f383bb1, external_ids={'neutron:ovn-bridge': 'br-int', 'neutron:ovn-neutron-agent-id': '66a3461d-e43b-5e9e-a4eb-d887ae99f244', 'neutron:ovn-neutron-agent-sb-cfg': '2'}, name='a4bb54b7-b1f4-4406-954a-777a7a81257d', nb_cfg=3, nb_cfg_timestamp=1787964446716) old=Chassis_Private(uuid=3ceb12dc-7d38-4c38-8a45-fcd5c6b06bc2, nb_cfg=2, nb_cfg_timestamp=1787964351358) {{(pid=101688) matches /opt/stack/data/venv/lib/python3.12/site-packages/ovsdbapp/backend/ovs_idl/event.py:55}}
Aug 29 00:47:26.732354 np0000191428 devstack@neutron-api.service[101690]: DEBUG neutron.plugins.ml2.drivers.ovn.mech_driver.ovsdb.ovsdb_monitor [None req-984e3e91-b333-4886-af65-3d658730750d None None] Hash Ring: Node e3960f13c745504db7886c7734350a9c (host: np0000191428) handling event "update" for row 44afe1df-01c8-4fd5-a852-962c92069313 (table: NB_Global) {{(pid=101690) notify /opt/stack/neutron/neutron/plugins/ml2/drivers/ovn/mech_driver/ovsdb/ovsdb_monitor.py:1099}}
Aug 29 00:47:26.736929 np0000191428 devstack@neutron-api.service[101690]: DEBUG neutron.plugins.ml2.drivers.ovn.mech_driver.ovsdb.ovsdb_monitor [None req-984e3e91-b333-4886-af65-3d658730750d None None] Touching Hash Ring node "e3960f13c745504db7886c7734350a9c" from IDL notify handler {{(pid=101690) notify /opt/stack/neutron/neutron/plugins/ml2/drivers/ovn/mech_driver/ovsdb/ovsdb_monitor.py:1091}}
Aug 29 00:47:26.737265 np0000191428 devstack@neutron-api.service[101688]: DEBUG futurist.periodics [-] Submitting periodic callback 'neutron.plugins.ml2.drivers.ovn.mech_driver.ovsdb.maintenance.HashRingHealthCheckPeriodics.touch_hash_ring_node' {{(pid=101688) _process_scheduled /opt/stack/data/venv/lib/python3.12/site-packages/futurist/periodics.py:784}}
Aug 29 00:47:26.738519 np0000191428 devstack@neutron-api.service[101689]: DEBUG neutron.common.ovn.hash_ring_manager [None req-68186e49-697d-4262-87c7-8d57c1b0caef None None] Hash Ring loaded. 4 active nodes. 0 offline nodes {{(pid=101689) _load_hash_ring /opt/stack/neutron/neutron/common/ovn/hash_ring_manager.py:110}}
Aug 29 00:47:26.738837 np0000191428 devstack@neutron-api.service[101689]: DEBUG neutron.plugins.ml2.drivers.ovn.mech_driver.ovsdb.ovsdb_monitor [None req-68186e49-697d-4262-87c7-8d57c1b0caef None None] Hash Ring: Node b47fd1a1130b56c19b14234023293f54 (host: np0000191428) handling event "update" for row 3ceb12dc-7d38-4c38-8a45-fcd5c6b06bc2 (table: Chassis_Private) {{(pid=101689) notify /opt/stack/neutron/neutron/plugins/ml2/drivers/ovn/mech_driver/ovsdb/ovsdb_monitor.py:1099}}
Aug 29 00:47:26.740738 np0000191428 devstack@neutron-api.service[101690]: DEBUG neutron.common.ovn.hash_ring_manager [None req-32c2dbb3-b73d-4b26-88cf-54afd3535386 None None] Hash Ring loaded. 4 active nodes. 0 offline nodes {{(pid=101690) _load_hash_ring /opt/stack/neutron/neutron/common/ovn/hash_ring_manager.py:110}}
Aug 29 00:47:26.740903 np0000191428 devstack@neutron-api.service[101691]: DEBUG neutron.common.ovn.hash_ring_manager [None req-f1486ae0-88c7-44df-8402-267c8556e583 None None] Hash Ring loaded. 4 active nodes. 0 offline nodes {{(pid=101691) _load_hash_ring /opt/stack/neutron/neutron/common/ovn/hash_ring_manager.py:110}}
Aug 29 00:47:26.741685 np0000191428 devstack@neutron-api.service[101690]: DEBUG neutron.plugins.ml2.drivers.ovn.mech_driver.ovsdb.ovsdb_monitor [None req-984e3e91-b333-4886-af65-3d658730750d None None] Hash Ring: Node e3960f13c745504db7886c7734350a9c (host: np0000191428) handling event "update" for row 44afe1df-01c8-4fd5-a852-962c92069313 (table: NB_Global) {{(pid=101690) notify /opt/stack/neutron/neutron/plugins/ml2/drivers/ovn/mech_driver/ovsdb/ovsdb_monitor.py:1099}}
Aug 29 00:47:26.742080 np0000191428 devstack@neutron-api.service[101688]: DEBUG neutron.plugins.ml2.drivers.ovn.mech_driver.ovsdb.maintenance [-] Touching Hash Ring node "1847f94a9266510ea1c552926387034b" from periodic health check thread {{(pid=101688) touch_hash_ring_node /opt/stack/neutron/neutron/plugins/ml2/drivers/ovn/mech_driver/ovsdb/maintenance.py:1532}}
Aug 29 00:47:26.743925 np0000191428 devstack@neutron-api.service[101690]: DEBUG neutron.plugins.ml2.drivers.ovn.mech_driver.ovsdb.ovsdb_monitor [None req-984e3e91-b333-4886-af65-3d658730750d None None] Touching Hash Ring node "e3960f13c745504db7886c7734350a9c" from IDL notify handler {{(pid=101690) notify /opt/stack/neutron/neutron/plugins/ml2/drivers/ovn/mech_driver/ovsdb/ovsdb_monitor.py:1091}}
