+ exec neutron-metadata-agent --config-file /etc/neutron/neutron.conf --config-file /tmp/pod-shared/neutron-agent.ini --config-file /etc/neutron/metadata_agent.ini /var/lib/openstack/lib/python3.10/site-packages/neutron/common/utils.py:54: UserWarning: pkg_resources is deprecated as an API. See https://setuptools.pypa.io/en/latest/pkg_resources.html. The pkg_resources package is slated for removal as early as 2025-11-30. Refrain from using this package or pin to Setuptools<81. import pkg_resources
2026-09-12 04:38:26.028 40 INFO neutron.common.config [-] Logging enabled!
2026-09-12 04:38:26.029 40 INFO neutron.common.config [-] /var/lib/openstack/bin/neutron-metadata-agent version 21.2.26.dev5 /var/lib/openstack/lib/python3.10/site-packages/memcache.py:1303: SyntaxWarning: "is" with a literal. Did you mean "=="? if key is '': /var/lib/openstack/lib/python3.10/site-packages/memcache.py:1304: SyntaxWarning: "is" with a literal. Did you mean "=="? if key_extra_len is 0:
2026-09-12 04:38:26.041 40 INFO oslo_service.service [None req-8722a0d8-f1f4-4c9f-a4b3-f9ed71ef3f57 - - - - - -] Starting 2 workers
2026-09-12 04:38:26.049 48 INFO eventlet.wsgi.server [-] (48) wsgi starting up on http:/var/lib/neutron/openstack-helm/metadata_proxy
2026-09-12 04:38:26.050 49 INFO eventlet.wsgi.server [-] (49) wsgi starting up on http:/var/lib/neutron/openstack-helm/metadata_proxy
2026-09-12 04:39:55.222 49 INFO eventlet.wsgi.server [-] 169.254.169.254, "GET / HTTP/1.1" status: 404 len: 176 time: 0.1903181
2026-09-12 04:41:58.257 49 INFO eventlet.wsgi.server [-] 169.254.169.254, "GET / HTTP/1.1" status: 404 len: 176 time: 0.0090482
2026-09-12 04:45:08.096 48 INFO eventlet.wsgi.server [-] 169.254.169.254, "GET / HTTP/1.1" status: 404 len: 176 time: 0.0137417
2026-09-12 04:45:38.146 49 INFO eventlet.wsgi.server [-] 169.254.169.254, "GET / HTTP/1.1" status: 404 len: 176 time: 0.0091300
2026-09-12 04:48:18.163 49 INFO eventlet.wsgi.server [-] 169.254.169.254, "GET / HTTP/1.1" status: 404 len: 176 time: 0.0106449
2026-09-12 04:51:28.344 48 INFO eventlet.wsgi.server [-] 169.254.169.254, "GET / HTTP/1.1" status: 404 len: 176 time: 0.1260886
2026-09-12 04:54:38.197 48 INFO eventlet.wsgi.server [-] 169.254.169.254, "GET / HTTP/1.1" status: 404 len: 176 time: 0.0045755
2026-09-12 04:55:38.176 49 INFO eventlet.wsgi.server [-] 169.254.169.254, "GET / HTTP/1.1" status: 404 len: 176 time: 0.0095310
2026-09-12 04:57:48.257 48 INFO eventlet.wsgi.server [-] 169.254.169.254, "GET / HTTP/1.1" status: 404 len: 176 time: 0.0090911
2026-09-12 05:00:58.121 48 INFO eventlet.wsgi.server [-] 169.254.169.254, "GET / HTTP/1.1" status: 404 len: 176 time: 0.0072417
2026-09-12 05:04:08.213 49 INFO eventlet.wsgi.server [-] 169.254.169.254, "GET / HTTP/1.1" status: 404 len: 176 time: 0.1247876
2026-09-12 05:05:38.240 48 INFO eventlet.wsgi.server [-] 169.254.169.254, "GET / HTTP/1.1" status: 404 len: 176 time: 0.0177865
2026-09-12 05:07:18.131 49 INFO eventlet.wsgi.server [-] 169.254.169.254, "GET / HTTP/1.1" status: 404 len: 176 time: 0.0136347
2026-09-12 05:10:28.137 49 INFO eventlet.wsgi.server [-] 169.254.169.254, "GET / HTTP/1.1" status: 404 len: 176 time: 0.0067208
2026-09-12 05:13:38.283 49 INFO eventlet.wsgi.server [-] 169.254.169.254, "GET / HTTP/1.1" status: 404 len: 176 time: 0.0050499
2026-09-12 05:15:38.453 48 INFO eventlet.wsgi.server [-] 169.254.169.254, "GET / HTTP/1.1" status: 404 len: 176 time: 0.0703008
2026-09-12 05:16:27.388 48 INFO eventlet.wsgi.server [-] 10.100.0.8, "GET /2009-04-04/meta-data/instance-id HTTP/1.1" status: 200 len: 146 time: 1.5322421
2026-09-12 05:16:27.434 49 INFO eventlet.wsgi.server [-] 10.100.0.8, "GET /2009-04-04/meta-data/public-keys HTTP/1.1" status: 200 len: 164 time: 0.0288067
2026-09-12 05:16:27.456 49 INFO eventlet.wsgi.server [-] 10.100.0.8, "GET /2009-04-04/meta-data/public-keys/0/openssh-key HTTP/1.1" status: 200 len: 341 time: 0.0169766
2026-09-12 05:16:27.495 48 INFO eventlet.wsgi.server [-] 10.100.0.8, "GET /2009-04-04/meta-data/instance-id HTTP/1.1" status: 200 len: 146 time: 0.0284708
2026-09-12 05:16:27.522 48 INFO eventlet.wsgi.server [-] 10.100.0.8, "GET /2009-04-04/meta-data/ami-launch-index HTTP/1.1" status: 200 len: 136 time: 0.0190516
2026-09-12 05:16:27.545 49 INFO eventlet.wsgi.server [-] 10.100.0.8, "GET /2009-04-04/meta-data/instance-type HTTP/1.1" status: 200 len: 142 time: 0.0137146
2026-09-12 05:16:27.582 48 INFO eventlet.wsgi.server [-] 10.100.0.8, "GET /2009-04-04/meta-data/local-ipv4 HTTP/1.1" status: 200 len: 146 time: 0.0266564
2026-09-12 05:16:27.609 48 INFO eventlet.wsgi.server [-] 10.100.0.8, "GET /2009-04-04/meta-data/public-ipv4 HTTP/1.1" status: 200 len: 149 time: 0.0179832
2026-09-12 05:16:27.641 48 INFO eventlet.wsgi.server [-] 10.100.0.8, "GET /2009-04-04/meta-data/hostname HTTP/1.1" status: 200 len: 200 time: 0.0219176
2026-09-12 05:16:27.662 48 INFO eventlet.wsgi.server [-] 10.100.0.8, "GET /2009-04-04/meta-data/local-hostname HTTP/1.1" status: 200 len: 200 time: 0.0151887
2026-09-12 05:16:27.716 49 INFO eventlet.wsgi.server [-] 10.100.0.8, "GET /2009-04-04/user-data HTTP/1.1" status: 200 len: 231 time: 0.0166831
2026-09-12 05:16:27.743 48 INFO eventlet.wsgi.server [-] 10.100.0.8, "GET /2009-04-04/meta-data/block-device-mapping HTTP/1.1" status: 200 len: 143 time: 0.0157416
2026-09-12 05:16:27.775 49 INFO eventlet.wsgi.server [-] 10.100.0.8, "GET /2009-04-04/meta-data/block-device-mapping/ami HTTP/1.1" status: 200 len: 138 time: 0.0255840
2026-09-12 05:16:27.806 49 INFO eventlet.wsgi.server [-] 10.100.0.8, "GET /2009-04-04/meta-data/block-device-mapping/root HTTP/1.1" status: 200 len: 143 time: 0.0235562
2026-09-12 05:16:27.843 48 INFO eventlet.wsgi.server [-] 10.100.0.8, "GET /2009-04-04/meta-data/public-hostname HTTP/1.1" status: 200 len: 200 time: 0.0263028
2026-09-12 05:16:27.878 48 INFO eventlet.wsgi.server [-] 10.100.0.8, "GET /2009-04-04/meta-data/placement/availability-zone HTTP/1.1" status: 200 len: 139 time: 0.0255537
2026-09-12 05:16:48.265 49 INFO eventlet.wsgi.server [-] 169.254.169.254, "GET / HTTP/1.1" status: 404 len: 176 time: 0.0086508
2026-09-12 05:17:32.136 48 INFO eventlet.wsgi.server [-] 10.100.0.10, "GET /2009-04-04/meta-data/instance-id HTTP/1.1" status: 200 len: 146 time: 1.4748509
2026-09-12 05:17:32.164 49 INFO eventlet.wsgi.server [-] 10.100.0.10, "GET /2009-04-04/meta-data/public-keys HTTP/1.1" status: 200 len: 164 time: 0.0142663
2026-09-12 05:17:32.185 48 INFO eventlet.wsgi.server [-] 10.100.0.10, "GET /2009-04-04/meta-data/public-keys/0/openssh-key HTTP/1.1" status: 200 len: 341 time: 0.0144117
2026-09-12 05:17:32.212 48 INFO eventlet.wsgi.server [-] 10.100.0.10, "GET /2009-04-04/meta-data/instance-id HTTP/1.1" status: 200 len: 146 time: 0.0188377
2026-09-12 05:17:32.248 48 INFO eventlet.wsgi.server [-] 10.100.0.10, "GET /2009-04-04/meta-data/ami-launch-index HTTP/1.1" status: 200 len: 136 time: 0.0251935
2026-09-12 05:17:32.275 48 INFO eventlet.wsgi.server [-] 10.100.0.10, "GET /2009-04-04/meta-data/instance-type HTTP/1.1" status: 200 len: 142 time: 0.0192242
2026-09-12 05:17:32.302 48 INFO eventlet.wsgi.server [-] 10.100.0.10, "GET /2009-04-04/meta-data/local-ipv4 HTTP/1.1" status: 200 len: 147 time: 0.0198543
2026-09-12 05:17:32.320 48 INFO eventlet.wsgi.server [-] 10.100.0.10, "GET /2009-04-04/meta-data/public-ipv4 HTTP/1.1" status: 200 len: 149 time: 0.0115244
2026-09-12 05:17:32.337 48 INFO eventlet.wsgi.server [-] 10.100.0.10, "GET /2009-04-04/meta-data/hostname HTTP/1.1" status: 200 len: 193 time: 0.0120323
2026-09-12 05:17:32.355 48 INFO eventlet.wsgi.server [-] 10.100.0.10, "GET /2009-04-04/meta-data/local-hostname HTTP/1.1" status: 200 len: 193 time: 0.0123107
2026-09-12 05:17:32.402 48 INFO eventlet.wsgi.server [-] 10.100.0.10, "GET /2009-04-04/user-data HTTP/1.1" status: 200 len: 231 time: 0.0153177
2026-09-12 05:17:32.422 48 INFO eventlet.wsgi.server [-] 10.100.0.10, "GET /2009-04-04/meta-data/block-device-mapping HTTP/1.1" status: 200 len: 143 time: 0.0123270
2026-09-12 05:17:32.441 48 INFO eventlet.wsgi.server [-] 10.100.0.10, "GET /2009-04-04/meta-data/block-device-mapping/ami HTTP/1.1" status: 200 len: 138 time: 0.0135100
2026-09-12 05:17:32.459 48 INFO eventlet.wsgi.server [-] 10.100.0.10, "GET /2009-04-04/meta-data/block-device-mapping/root HTTP/1.1" status: 200 len: 143 time: 0.0119047
2026-09-12 05:17:32.478 48 INFO eventlet.wsgi.server [-] 10.100.0.10, "GET /2009-04-04/meta-data/public-hostname HTTP/1.1" status: 200 len: 193 time: 0.0113792
2026-09-12 05:17:32.501 48 INFO eventlet.wsgi.server [-] 10.100.0.10, "GET /2009-04-04/meta-data/placement/availability-zone HTTP/1.1" status: 200 len: 139 time: 0.0155067
2026-09-12 05:17:53.072 48 INFO eventlet.wsgi.server [-] 10.100.0.10, "GET /2009-04-04/meta-data/instance-id HTTP/1.1" status: 200 len: 146 time: 0.3735509
2026-09-12 05:17:53.112 48 INFO eventlet.wsgi.server [-] 10.100.0.10, "GET /2009-04-04/meta-data/public-keys HTTP/1.1" status: 200 len: 164 time: 0.0306959
2026-09-12 05:17:53.137 49 INFO eventlet.wsgi.server [-] 10.100.0.10, "GET /2009-04-04/meta-data/public-keys/0/openssh-key HTTP/1.1" status: 200 len: 341 time: 0.0196564
2026-09-12 05:17:53.159 49 INFO eventlet.wsgi.server [-] 10.100.0.10, "GET /2009-04-04/meta-data/instance-id HTTP/1.1" status: 200 len: 146 time: 0.0165775
2026-09-12 05:17:53.180 49 INFO eventlet.wsgi.server [-] 10.100.0.10, "GET /2009-04-04/meta-data/ami-launch-index HTTP/1.1" status: 200 len: 136 time: 0.0154924
2026-09-12 05:17:53.198 49 INFO eventlet.wsgi.server [-] 10.100.0.10, "GET /2009-04-04/meta-data/instance-type HTTP/1.1" status: 200 len: 142 time: 0.0122094
2026-09-12 05:17:53.225 49 INFO eventlet.wsgi.server [-] 10.100.0.10, "GET /2009-04-04/meta-data/local-ipv4 HTTP/1.1" status: 200 len: 147 time: 0.0182228
2026-09-12 05:17:53.253 49 INFO eventlet.wsgi.server [-] 10.100.0.10, "GET /2009-04-04/meta-data/public-ipv4 HTTP/1.1" status: 200 len: 149 time: 0.0215392
2026-09-12 05:17:53.280 49 INFO eventlet.wsgi.server [-] 10.100.0.10, "GET /2009-04-04/meta-data/hostname HTTP/1.1" status: 200 len: 193 time: 0.0213468
2026-09-12 05:17:53.301 49 INFO eventlet.wsgi.server [-] 10.100.0.10, "GET /2009-04-04/meta-data/local-hostname HTTP/1.1" status: 200 len: 193 time: 0.0128603
2026-09-12 05:17:53.322 48 INFO eventlet.wsgi.server [-] 10.100.0.10, "GET /2009-04-04/user-data HTTP/1.1" status: 200 len: 231 time: 0.0166881
2026-09-12 05:17:53.344 48 INFO eventlet.wsgi.server [-] 10.100.0.10, "GET /2009-04-04/meta-data/block-device-mapping HTTP/1.1" status: 200 len: 143 time: 0.0141428
2026-09-12 05:17:53.357 48 INFO eventlet.wsgi.server [-] 10.100.0.10, "GET /2009-04-04/meta-data/block-device-mapping/ami HTTP/1.1" status: 200 len: 138 time: 0.0097010
2026-09-12 05:17:53.373 48 INFO eventlet.wsgi.server [-] 10.100.0.10, "GET /2009-04-04/meta-data/block-device-mapping/root HTTP/1.1" status: 200 len: 143 time: 0.0120757
2026-09-12 05:17:53.389 49 INFO eventlet.wsgi.server [-] 10.100.0.10, "GET /2009-04-04/meta-data/public-hostname HTTP/1.1" status: 200 len: 193 time: 0.0106268
2026-09-12 05:17:53.405 49 INFO eventlet.wsgi.server [-] 10.100.0.10, "GET /2009-04-04/meta-data/placement/availability-zone HTTP/1.1" status: 200 len: 139 time: 0.0109630
2026-09-12 05:19:01.098 49 INFO eventlet.wsgi.server [-] 10.100.0.5, "GET /2009-04-04/meta-data/instance-id HTTP/1.1" status: 200 len: 146 time: 1.5056651
2026-09-12 05:19:01.140 49 INFO eventlet.wsgi.server [-] 10.100.0.5, "GET /2009-04-04/meta-data/public-keys HTTP/1.1" status: 200 len: 176 time: 0.0251782
2026-09-12 05:19:01.165 49 INFO eventlet.wsgi.server [-] 10.100.0.5, "GET /2009-04-04/meta-data/public-keys/0/openssh-key HTTP/1.1" status: 200 len: 341 time: 0.0173831
2026-09-12 05:19:01.199 49 INFO eventlet.wsgi.server [-] 10.100.0.5, "GET /2009-04-04/meta-data/instance-id HTTP/1.1" status: 200 len: 146 time: 0.0242040
2026-09-12 05:19:01.229 49 INFO eventlet.wsgi.server [-] 10.100.0.5, "GET /2009-04-04/meta-data/ami-launch-index HTTP/1.1" status: 200 len: 136 time: 0.0211775
2026-09-12 05:19:01.251 49 INFO eventlet.wsgi.server [-] 10.100.0.5, "GET /2009-04-04/meta-data/instance-type HTTP/1.1" status: 200 len: 142 time: 0.0171559
2026-09-12 05:19:01.270 48 INFO eventlet.wsgi.server [-] 10.100.0.5, "GET /2009-04-04/meta-data/local-ipv4 HTTP/1.1" status: 200 len: 146 time: 0.0125217
2026-09-12 05:19:01.288 48 INFO eventlet.wsgi.server [-] 10.100.0.5, "GET /2009-04-04/meta-data/public-ipv4 HTTP/1.1" status: 200 len: 149 time: 0.0123880
2026-09-12 05:19:01.308 49 INFO eventlet.wsgi.server [-] 10.100.0.5, "GET /2009-04-04/meta-data/hostname HTTP/1.1" status: 200 len: 191 time: 0.0137460
2026-09-12 05:19:01.333 49 INFO eventlet.wsgi.server [-] 10.100.0.5, "GET /2009-04-04/meta-data/local-hostname HTTP/1.1" status: 200 len: 191 time: 0.0104179
2026-09-12 05:19:01.350 49 INFO neutron.agent.metadata.agent [-] The instance: 641e0ec3-f775-42ea-b6c3-e61a95ea1b8e is not present anymore, skipping cache...
2026-09-12 05:19:01.400 49 INFO eventlet.wsgi.server [-] 10.100.0.5, "GET /2009-04-04/user-data HTTP/1.1" status: 404 len: 297 time: 0.0620511
2026-09-12 05:19:01.426 49 INFO eventlet.wsgi.server [-] 10.100.0.5, "GET /2009-04-04/meta-data/block-device-mapping HTTP/1.1" status: 200 len: 143 time: 0.0138528
2026-09-12 05:19:01.450 49 INFO eventlet.wsgi.server [-] 10.100.0.5, "GET /2009-04-04/meta-data/block-device-mapping/ami HTTP/1.1" status: 200 len: 138 time: 0.0179160
2026-09-12 05:19:01.471 48 INFO eventlet.wsgi.server [-] 10.100.0.5, "GET /2009-04-04/meta-data/block-device-mapping/root HTTP/1.1" status: 200 len: 143 time: 0.0143967
2026-09-12 05:19:01.492 48 INFO eventlet.wsgi.server [-] 10.100.0.5, "GET /2009-04-04/meta-data/public-hostname HTTP/1.1" status: 200 len: 191 time: 0.0151286
2026-09-12 05:19:01.519 49 INFO eventlet.wsgi.server [-] 10.100.0.5, "GET /2009-04-04/meta-data/placement/availability-zone HTTP/1.1" status: 200 len: 139 time: 0.0202012
2026-09-12 05:19:30.219 48 INFO eventlet.wsgi.server [-] 10.100.0.9, "GET /2009-04-04/meta-data/instance-id HTTP/1.1" status: 200 len: 146 time: 0.2680132
2026-09-12 05:19:30.247 48 INFO eventlet.wsgi.server [-] 10.100.0.9, "GET /2009-04-04/meta-data/public-keys HTTP/1.1" status: 200 len: 175 time: 0.0197301
2026-09-12 05:19:30.275 48 INFO eventlet.wsgi.server [-] 10.100.0.9, "GET /2009-04-04/meta-data/public-keys/0/openssh-key HTTP/1.1" status: 200 len: 341 time: 0.0225747
2026-09-12 05:19:30.304 49 INFO eventlet.wsgi.server [-] 10.100.0.9, "GET /2009-04-04/meta-data/instance-id HTTP/1.1" status: 200 len: 146 time: 0.0232766
2026-09-12 05:19:30.330 49 INFO eventlet.wsgi.server [-] 10.100.0.9, "GET /2009-04-04/meta-data/ami-launch-index HTTP/1.1" status: 200 len: 136 time: 0.0181825
2026-09-12 05:19:30.355 49 INFO eventlet.wsgi.server [-] 10.100.0.9, "GET /2009-04-04/meta-data/instance-type HTTP/1.1" status: 200 len: 142 time: 0.0155866
2026-09-12 05:19:30.376 49 INFO eventlet.wsgi.server [-] 10.100.0.9, "GET /2009-04-04/meta-data/local-ipv4 HTTP/1.1" status: 200 len: 146 time: 0.0144994
2026-09-12 05:19:30.396 49 INFO eventlet.wsgi.server [-] 10.100.0.9, "GET /2009-04-04/meta-data/public-ipv4 HTTP/1.1" status: 200 len: 149 time: 0.0148404
2026-09-12 05:19:30.416 49 INFO eventlet.wsgi.server [-] 10.100.0.9, "GET /2009-04-04/meta-data/hostname HTTP/1.1" status: 200 len: 191 time: 0.0141051
2026-09-12 05:19:30.433 49 INFO eventlet.wsgi.server [-] 10.100.0.9, "GET /2009-04-04/meta-data/local-hostname HTTP/1.1" status: 200 len: 191 time: 0.0123680
2026-09-12 05:19:30.453 49 INFO neutron.agent.metadata.agent [-] The instance: 99039b14-fdf9-47c5-8d1b-bc5d2e353d73 is not present anymore, skipping cache...
2026-09-12 05:19:30.503 49 INFO eventlet.wsgi.server [-] 10.100.0.9, "GET /2009-04-04/user-data HTTP/1.1" status: 404 len: 297 time: 0.0633450
2026-09-12 05:19:30.532 49 INFO eventlet.wsgi.server [-] 10.100.0.9, "GET /2009-04-04/meta-data/block-device-mapping HTTP/1.1" status: 200 len: 143 time: 0.0184231
2026-09-12 05:19:30.554 49 INFO eventlet.wsgi.server [-] 10.100.0.9, "GET /2009-04-04/meta-data/block-device-mapping/ami HTTP/1.1" status: 200 len: 138 time: 0.0153129
2026-09-12 05:19:30.571 49 INFO eventlet.wsgi.server [-] 10.100.0.9, "GET /2009-04-04/meta-data/block-device-mapping/root HTTP/1.1" status: 200 len: 143 time: 0.0107350
2026-09-12 05:19:30.594 49 INFO eventlet.wsgi.server [-] 10.100.0.9, "GET /2009-04-04/meta-data/public-hostname HTTP/1.1" status: 200 len: 191 time: 0.0148866
2026-09-12 05:19:30.609 49 INFO eventlet.wsgi.server [-] 10.100.0.9, "GET /2009-04-04/meta-data/placement/availability-zone HTTP/1.1" status: 200 len: 139 time: 0.0106614
2026-09-12 05:19:58.213 48 INFO eventlet.wsgi.server [-] 169.254.169.254, "GET / HTTP/1.1" status: 404 len: 176 time: 0.0108676
2026-09-12 05:20:14.255 48 INFO eventlet.wsgi.server [-] 10.100.0.6, "GET /latest/meta-data/public-ipv4 HTTP/1.1" status: 200 len: 149 time: 0.2774422
2026-09-12 05:20:14.553 48 INFO eventlet.wsgi.server [-] 10.100.0.6, "POST /openstack/2013-10-17/password HTTP/1.1" status: 200 len: 134 time: 0.2126763
2026-09-12 05:22:18.047 48 INFO eventlet.wsgi.server [-] 10.2.1.252, "GET /2009-04-04/meta-data/instance-id HTTP/1.1" status: 200 len: 146 time: 0.3784759
2026-09-12 05:22:18.076 48 INFO eventlet.wsgi.server [-] 10.2.1.252, "GET /2009-04-04/meta-data/public-keys HTTP/1.1" status: 200 len: 173 time: 0.0204661
2026-09-12 05:22:18.093 48 INFO eventlet.wsgi.server [-] 10.2.1.252, "GET /2009-04-04/meta-data/public-keys/0/openssh-key HTTP/1.1" status: 200 len: 341 time: 0.0117767
2026-09-12 05:22:18.113 48 INFO eventlet.wsgi.server [-] 10.2.1.252, "GET /2009-04-04/meta-data/instance-id HTTP/1.1" status: 200 len: 146 time: 0.0142312
2026-09-12 05:22:18.133 48 INFO eventlet.wsgi.server [-] 10.2.1.252, "GET /2009-04-04/meta-data/ami-launch-index HTTP/1.1" status: 200 len: 136 time: 0.0157812
2026-09-12 05:22:18.162 48 INFO eventlet.wsgi.server [-] 10.2.1.252, "GET /2009-04-04/meta-data/instance-type HTTP/1.1" status: 200 len: 142 time: 0.0174730
2026-09-12 05:22:18.185 49 INFO eventlet.wsgi.server [-] 10.2.1.252, "GET /2009-04-04/meta-data/local-ipv4 HTTP/1.1" status: 200 len: 146 time: 0.0143778
2026-09-12 05:22:18.204 48 INFO eventlet.wsgi.server [-] 10.2.1.252, "GET /2009-04-04/meta-data/public-ipv4 HTTP/1.1" status: 200 len: 149 time: 0.0144374
2026-09-12 05:22:18.225 48 INFO eventlet.wsgi.server [-] 10.2.1.252, "GET /2009-04-04/meta-data/hostname HTTP/1.1" status: 200 len: 185 time: 0.0144119
2026-09-12 05:22:18.242 48 INFO eventlet.wsgi.server [-] 10.2.1.252, "GET /2009-04-04/meta-data/local-hostname HTTP/1.1" status: 200 len: 185 time: 0.0119970
2026-09-12 05:22:18.268 48 INFO neutron.agent.metadata.agent [-] The instance: 2ff6d653-c666-4f29-a32d-e94b6d2f2c09 is not present anymore, skipping cache...
2026-09-12 05:22:18.314 48 INFO eventlet.wsgi.server [-] 10.2.1.252, "GET /2009-04-04/user-data HTTP/1.1" status: 404 len: 297 time: 0.0590894
2026-09-12 05:22:18.342 48 INFO eventlet.wsgi.server [-] 10.2.1.252, "GET /2009-04-04/meta-data/block-device-mapping HTTP/1.1" status: 200 len: 143 time: 0.0125318
2026-09-12 05:22:18.357 48 INFO eventlet.wsgi.server [-] 10.2.1.252, "GET /2009-04-04/meta-data/block-device-mapping/ami HTTP/1.1" status: 200 len: 138 time: 0.0103705
2026-09-12 05:22:18.374 48 INFO eventlet.wsgi.server [-] 10.2.1.252, "GET /2009-04-04/meta-data/block-device-mapping/root HTTP/1.1" status: 200 len: 143 time: 0.0142443
2026-09-12 05:22:18.393 48 INFO eventlet.wsgi.server [-] 10.2.1.252, "GET /2009-04-04/meta-data/public-hostname HTTP/1.1" status: 200 len: 185 time: 0.0133252
2026-09-12 05:22:18.411 48 INFO eventlet.wsgi.server [-] 10.2.1.252, "GET /2009-04-04/meta-data/placement/availability-zone HTTP/1.1" status: 200 len: 139 time: 0.0116234
2026-09-12 05:22:31.039 48 INFO eventlet.wsgi.server [-] 10.2.2.67, "GET /2009-04-04/meta-data/instance-id HTTP/1.1" status: 200 len: 146 time: 0.3073125
2026-09-12 05:22:31.067 48 INFO eventlet.wsgi.server [-] 10.2.2.67, "GET /2009-04-04/meta-data/public-keys HTTP/1.1" status: 200 len: 173 time: 0.0140471
2026-09-12 05:22:31.086 48 INFO eventlet.wsgi.server [-] 10.2.2.67, "GET /2009-04-04/meta-data/public-keys/0/openssh-key HTTP/1.1" status: 200 len: 341 time: 0.0146818
2026-09-12 05:22:31.108 49 INFO eventlet.wsgi.server [-] 10.2.2.67, "GET /2009-04-04/meta-data/instance-id HTTP/1.1" status: 200 len: 146 time: 0.0170481
2026-09-12 05:22:31.132 49 INFO eventlet.wsgi.server [-] 10.2.2.67, "GET /2009-04-04/meta-data/ami-launch-index HTTP/1.1" status: 200 len: 136 time: 0.0166602
2026-09-12 05:22:31.153 48 INFO eventlet.wsgi.server [-] 10.2.2.67, "GET /2009-04-04/meta-data/instance-type HTTP/1.1" status: 200 len: 142 time: 0.0119829
2026-09-12 05:22:31.174 48 INFO eventlet.wsgi.server [-] 10.2.2.67, "GET /2009-04-04/meta-data/local-ipv4 HTTP/1.1" status: 200 len: 144 time: 0.0153487
2026-09-12 05:22:31.197 48 INFO eventlet.wsgi.server [-] 10.2.2.67, "GET /2009-04-04/meta-data/public-ipv4 HTTP/1.1" status: 200 len: 135 time: 0.0170093
2026-09-12 05:22:31.226 48 INFO eventlet.wsgi.server [-] 10.2.2.67, "GET /2009-04-04/meta-data/hostname HTTP/1.1" status: 200 len: 185 time: 0.0220683
2026-09-12 05:22:31.260 48 INFO eventlet.wsgi.server [-] 10.2.2.67, "GET /2009-04-04/meta-data/local-hostname HTTP/1.1" status: 200 len: 185 time: 0.0244536
2026-09-12 05:22:31.286 48 INFO neutron.agent.metadata.agent [-] The instance: 8c45c1e8-8147-4ea0-a54b-5a3a5f258cbc is not present anymore, skipping cache...
2026-09-12 05:22:31.341 48 INFO eventlet.wsgi.server [-] 10.2.2.67, "GET /2009-04-04/user-data HTTP/1.1" status: 404 len: 297 time: 0.0734861
2026-09-12 05:22:31.369 49 INFO eventlet.wsgi.server [-] 10.2.2.67, "GET /2009-04-04/meta-data/block-device-mapping HTTP/1.1" status: 200 len: 143 time: 0.0154817
2026-09-12 05:22:31.397 49 INFO eventlet.wsgi.server [-] 10.2.2.67, "GET /2009-04-04/meta-data/block-device-mapping/ami HTTP/1.1" status: 200 len: 138 time: 0.0184982
2026-09-12 05:22:31.433 49 INFO eventlet.wsgi.server [-] 10.2.2.67, "GET /2009-04-04/meta-data/block-device-mapping/root HTTP/1.1" status: 200 len: 143 time: 0.0296297
2026-09-12 05:22:31.454 49 INFO eventlet.wsgi.server [-] 10.2.2.67, "GET /2009-04-04/meta-data/public-hostname HTTP/1.1" status: 200 len: 185 time: 0.0150030
2026-09-12 05:22:31.477 48 INFO eventlet.wsgi.server [-] 10.2.2.67, "GET /2009-04-04/meta-data/placement/availability-zone HTTP/1.1" status: 200 len: 139 time: 0.0164394
2026-09-12 05:23:08.191 49 INFO eventlet.wsgi.server [-] 169.254.169.254, "GET / HTTP/1.1" status: 404 len: 176 time: 0.0083966
2026-09-12 05:25:38.126 49 INFO eventlet.wsgi.server [-] 169.254.169.254, "GET / HTTP/1.1" status: 404 len: 176 time: 0.0077989
2026-09-12 05:26:18.244 48 INFO eventlet.wsgi.server [-] 169.254.169.254, "GET / HTTP/1.1" status: 404 len: 176 time: 0.0899909
2026-09-12 05:29:28.202 48 INFO eventlet.wsgi.server [-] 169.254.169.254, "GET / HTTP/1.1" status: 404 len: 176 time: 0.0039155