+ COMMAND=start + start + exec neutron-rpc-server --config-file /etc/neutron/neutron.conf --config-file /etc/neutron/plugins/ml2/ml2_conf.ini /var/lib/openstack/lib/python3.10/site-packages/munch/__init__.py:24: UserWarning: pkg_resources is deprecated as an API. See https://setuptools.pypa.io/en/latest/pkg_resources.html. The pkg_resources package is slated for removal as early as 2025-11-30. Refrain from using this package or pin to Setuptools<81. import pkg_resources
2026-09-12 04:37:50.568 1 INFO neutron.common.config [-] Logging enabled!
2026-09-12 04:37:50.569 1 INFO neutron.common.config [-] /var/lib/openstack/bin/neutron-rpc-server version 21.2.26.dev5
2026-09-12 04:37:50.569 1 INFO neutron.server.rpc_eventlet [-] Eventlet based AMQP RPC server starting...
2026-09-12 04:37:50.569 1 INFO neutron.manager [-] Loading core plugin: ml2
2026-09-12 04:37:51.285 1 INFO neutron.plugins.ml2.managers [-] Configured type driver names: ['flat', 'gre', 'vlan', 'vxlan']
2026-09-12 04:37:51.287 1 INFO neutron.plugins.ml2.drivers.type_flat [-] Arbitrary flat physical_network names allowed
2026-09-12 04:37:51.289 1 INFO neutron.plugins.ml2.drivers.type_vlan [-] Network VLAN ranges: OrderedDict([('external', [(1, 4094)])])
2026-09-12 04:37:51.290 1 INFO neutron.plugins.ml2.managers [-] Loaded type driver names: ['flat', 'gre', 'vlan', 'vxlan']
2026-09-12 04:37:51.290 1 INFO neutron.plugins.ml2.managers [-] Registered types: dict_keys(['flat', 'gre', 'vlan', 'vxlan'])
2026-09-12 04:37:51.290 1 INFO neutron.plugins.ml2.managers [-] Tenant network_types: ['vxlan']
2026-09-12 04:37:51.291 1 INFO neutron.plugins.ml2.managers [-] Configured extension driver names: ['dns_domain_ports', 'port_security', 'qos']
2026-09-12 04:37:51.295 1 INFO neutron.plugins.ml2.managers [-] Loaded extension driver names: ['dns_domain_ports', 'port_security', 'qos']
2026-09-12 04:37:51.295 1 INFO neutron.plugins.ml2.managers [-] Registered extension drivers: ['dns_domain_ports', 'port_security', 'qos']
2026-09-12 04:37:51.296 1 INFO neutron.plugins.ml2.managers [-] Configured mechanism driver names: ['openvswitch', 'l2population']
2026-09-12 04:37:51.311 1 INFO neutron.plugins.ml2.drivers.mech_agent [-] Open vSwitch agent's supported_vnic_types: ['normal', 'direct', 'smart-nic', 'vdpa']
2026-09-12 04:37:51.311 1 INFO neutron.plugins.ml2.managers [-] Loaded mechanism driver names: ['openvswitch', 'l2population']
2026-09-12 04:37:51.312 1 INFO neutron.plugins.ml2.managers [-] Registered mechanism drivers: ['openvswitch', 'l2population']
2026-09-12 04:37:51.337 1 INFO neutron.plugins.ml2.managers [-] Initializing driver for type 'flat'
2026-09-12 04:37:51.337 1 INFO neutron.plugins.ml2.drivers.type_flat [-] ML2 FlatTypeDriver initialization complete
2026-09-12 04:37:51.337 1 INFO neutron.plugins.ml2.managers [-] Initializing driver for type 'gre'
2026-09-12 04:37:51.337 1 INFO neutron.plugins.ml2.drivers.type_tunnel [-] gre ID ranges: [(1, 1000)]
2026-09-12 04:37:51.554 1 INFO neutron.plugins.ml2.managers [None req-56f54380-533d-4aaa-acf7-929a7cde1b8f - - - - - -] Initializing driver for type 'vlan'
2026-09-12 04:37:52.409 1 INFO neutron.plugins.ml2.drivers.type_vlan [None req-56f54380-533d-4aaa-acf7-929a7cde1b8f - - - - - -] VlanTypeDriver initialization complete
2026-09-12 04:37:52.410 1 INFO neutron.plugins.ml2.managers [None req-56f54380-533d-4aaa-acf7-929a7cde1b8f - - - - - -] Initializing driver for type 'vxlan'
2026-09-12 04:37:52.410 1 INFO neutron.plugins.ml2.drivers.type_tunnel [None req-56f54380-533d-4aaa-acf7-929a7cde1b8f - - - - - -] vxlan ID ranges: [(1, 1000)]
2026-09-12 04:37:52.547 1 INFO neutron.plugins.ml2.managers [None req-56f54380-533d-4aaa-acf7-929a7cde1b8f - - - - - -] Initializing extension driver 'dns_domain_ports'
2026-09-12 04:37:52.548 1 INFO neutron.plugins.ml2.extensions.dns_integration [None req-56f54380-533d-4aaa-acf7-929a7cde1b8f - - - - - -] DNSDomainPortsExtensionDriver initialization complete
2026-09-12 04:37:52.548 1 INFO neutron.plugins.ml2.managers [None req-56f54380-533d-4aaa-acf7-929a7cde1b8f - - - - - -] Initializing extension driver 'port_security'
2026-09-12 04:37:52.548 1 INFO neutron.plugins.ml2.extensions.port_security [None req-56f54380-533d-4aaa-acf7-929a7cde1b8f - - - - - -] PortSecurityExtensionDriver initialization complete
2026-09-12 04:37:52.548 1 INFO neutron.plugins.ml2.managers [None req-56f54380-533d-4aaa-acf7-929a7cde1b8f - - - - - -] Initializing extension driver 'qos'
2026-09-12 04:37:52.549 1 INFO neutron.plugins.ml2.managers [None req-56f54380-533d-4aaa-acf7-929a7cde1b8f - - - - - -] Initializing mechanism driver 'openvswitch'
2026-09-12 04:37:52.549 1 INFO neutron.plugins.ml2.managers [None req-56f54380-533d-4aaa-acf7-929a7cde1b8f - - - - - -] Initializing mechanism driver 'l2population'
2026-09-12 04:37:52.568 1 INFO neutron.quota [None req-a51b891b-6792-42f1-b2b6-b098b971c928 - - - - - -] Loaded quota_driver: .
2026-09-12 04:37:52.569 1 INFO neutron.plugins.ml2.plugin [None req-a51b891b-6792-42f1-b2b6-b098b971c928 - - - - - -] Modular L2 Plugin initialization complete
2026-09-12 04:37:52.570 1 INFO neutron.plugins.ml2.managers [None req-a51b891b-6792-42f1-b2b6-b098b971c928 - - - - - -] Got dns-integration extension from driver 'dns_domain_ports'
2026-09-12 04:37:52.570 1 INFO neutron.plugins.ml2.managers [None req-a51b891b-6792-42f1-b2b6-b098b971c928 - - - - - -] Got dns-domain-ports extension from driver 'dns_domain_ports'
2026-09-12 04:37:52.570 1 INFO neutron.plugins.ml2.managers [None req-a51b891b-6792-42f1-b2b6-b098b971c928 - - - - - -] Got port-security extension from driver 'port_security'
2026-09-12 04:37:52.571 1 INFO neutron.extensions.vlantransparent [None req-a51b891b-6792-42f1-b2b6-b098b971c928 - - - - - -] Disabled vlantransparent extension.
2026-09-12 04:37:52.571 1 INFO neutron.manager [None req-a51b891b-6792-42f1-b2b6-b098b971c928 - - - - - -] Loading Plugin: qos
2026-09-12 04:37:52.591 1 INFO neutron.manager [None req-a51b891b-6792-42f1-b2b6-b098b971c928 - - - - - -] Loading Plugin: router
2026-09-12 04:37:52.626 1 INFO neutron.services.service_base [None req-a51b891b-6792-42f1-b2b6-b098b971c928 - - - - - -] Default provider is not specified for service type L3_ROUTER_NAT
2026-09-12 04:37:52.626 1 INFO neutron.manager [None req-a51b891b-6792-42f1-b2b6-b098b971c928 - - - - - -] Loading Plugin: segments
2026-09-12 04:37:52.682 1 INFO neutron.manager [None req-a51b891b-6792-42f1-b2b6-b098b971c928 - - - - - -] Loading Plugin: trunk
2026-09-12 04:37:52.742 1 INFO neutron.manager [None req-a51b891b-6792-42f1-b2b6-b098b971c928 - - - - - -] Loading Plugin: vpnaas
2026-09-12 04:37:52.774 1 WARNING stevedore.named [None req-a51b891b-6792-42f1-b2b6-b098b971c928 - - - - - -] Could not load neutron_vpnaas.services.vpn.service_drivers.ipsec.IPsecVPNDriver
2026-09-12 04:37:52.835 1 INFO neutron_vpnaas.services.vpn.plugin [None req-a51b891b-6792-42f1-b2b6-b098b971c928 - - - - - -] VPN plugin using service drivers: dict_keys(['strongswan']), default: strongswan
2026-09-12 04:37:52.836 1 INFO neutron.common.utils [None req-a51b891b-6792-42f1-b2b6-b098b971c928 - - - - - -] Disable filter validation extension by service plugin VPNDriverPlugin.
2026-09-12 04:37:52.836 1 INFO neutron.manager [None req-a51b891b-6792-42f1-b2b6-b098b971c928 - - - - - -] Loading Plugin: auto_allocate
2026-09-12 04:37:52.839 1 INFO neutron.manager [None req-a51b891b-6792-42f1-b2b6-b098b971c928 - - - - - -] Loading Plugin: tag
2026-09-12 04:37:52.843 1 INFO neutron.manager [None req-a51b891b-6792-42f1-b2b6-b098b971c928 - - - - - -] Loading Plugin: timestamp
2026-09-12 04:37:52.845 1 INFO neutron.manager [None req-a51b891b-6792-42f1-b2b6-b098b971c928 - - - - - -] Loading Plugin: network_ip_availability
2026-09-12 04:37:52.848 1 INFO neutron.manager [None req-a51b891b-6792-42f1-b2b6-b098b971c928 - - - - - -] Loading Plugin: flavors
2026-09-12 04:37:52.850 1 INFO neutron.manager [None req-a51b891b-6792-42f1-b2b6-b098b971c928 - - - - - -] Loading Plugin: revisions
2026-09-12 04:37:52.853 1 INFO neutron.api.extensions [None req-a51b891b-6792-42f1-b2b6-b098b971c928 - - - - - -] Initializing extension manager.
2026-09-12 04:37:52.854 1 INFO neutron.api.extensions [None req-a51b891b-6792-42f1-b2b6-b098b971c928 - - - - - -] Loaded extension: address-group
2026-09-12 04:37:52.855 1 INFO neutron.api.extensions [None req-a51b891b-6792-42f1-b2b6-b098b971c928 - - - - - -] Loaded extension: address-scope
2026-09-12 04:37:52.855 1 INFO neutron.api.extensions [None req-a51b891b-6792-42f1-b2b6-b098b971c928 - - - - - -] Loaded extension: router-admin-state-down-before-update
2026-09-12 04:37:52.856 1 INFO neutron.api.extensions [None req-a51b891b-6792-42f1-b2b6-b098b971c928 - - - - - -] Loaded extension: agent
2026-09-12 04:37:52.856 1 INFO neutron.api.extensions [None req-a51b891b-6792-42f1-b2b6-b098b971c928 - - - - - -] Loaded extension: agent-resources-synced
2026-09-12 04:37:52.857 1 INFO neutron.api.extensions [None req-a51b891b-6792-42f1-b2b6-b098b971c928 - - - - - -] Loaded extension: allowed-address-pairs
2026-09-12 04:37:52.858 1 INFO neutron.api.extensions [None req-a51b891b-6792-42f1-b2b6-b098b971c928 - - - - - -] Loaded extension: auto-allocated-topology
2026-09-12 04:37:52.858 1 INFO neutron.api.extensions [None req-a51b891b-6792-42f1-b2b6-b098b971c928 - - - - - -] Loaded extension: availability_zone
2026-09-12 04:37:52.859 1 INFO neutron.api.extensions [None req-a51b891b-6792-42f1-b2b6-b098b971c928 - - - - - -] Loaded extension: availability_zone_filter
2026-09-12 04:37:52.859 1 INFO neutron.api.extensions [None req-a51b891b-6792-42f1-b2b6-b098b971c928 - - - - - -] Extension data-plane-status not supported by any of loaded plugins
2026-09-12 04:37:52.860 1 INFO neutron.api.extensions [None req-a51b891b-6792-42f1-b2b6-b098b971c928 - - - - - -] Loaded extension: default-subnetpools
2026-09-12 04:37:52.861 1 INFO neutron.api.extensions [None req-a51b891b-6792-42f1-b2b6-b098b971c928 - - - - - -] Loaded extension: dhcp_agent_scheduler
2026-09-12 04:37:52.861 1 INFO neutron.api.extensions [None req-a51b891b-6792-42f1-b2b6-b098b971c928 - - - - - -] Loaded extension: dns-integration
2026-09-12 04:37:52.862 1 INFO neutron.api.extensions [None req-a51b891b-6792-42f1-b2b6-b098b971c928 - - - - - -] Loaded extension: dns-domain-ports
2026-09-12 04:37:52.862 1 INFO neutron.api.extensions [None req-a51b891b-6792-42f1-b2b6-b098b971c928 - - - - - -] Extension dns-integration-domain-keywords not supported by any of loaded plugins
2026-09-12 04:37:52.863 1 INFO neutron.api.extensions [None req-a51b891b-6792-42f1-b2b6-b098b971c928 - - - - - -] Loaded extension: dvr
2026-09-12 04:37:52.863 1 INFO neutron.api.extensions [None req-a51b891b-6792-42f1-b2b6-b098b971c928 - - - - - -] Extension ecmp_routes not supported by any of loaded plugins
2026-09-12 04:37:52.864 1 INFO neutron.api.extensions [None req-a51b891b-6792-42f1-b2b6-b098b971c928 - - - - - -] Loaded extension: empty-string-filtering
2026-09-12 04:37:52.864 1 INFO neutron.api.extensions [None req-a51b891b-6792-42f1-b2b6-b098b971c928 - - - - - -] Extension expose-l3-conntrack-helper not supported by any of loaded plugins
2026-09-12 04:37:52.865 1 INFO neutron.api.extensions [None req-a51b891b-6792-42f1-b2b6-b098b971c928 - - - - - -] Extension expose-port-forwarding-in-fip not supported by any of loaded plugins
2026-09-12 04:37:52.865 1 INFO neutron.api.extensions [None req-a51b891b-6792-42f1-b2b6-b098b971c928 - - - - - -] Loaded extension: external-net
2026-09-12 04:37:52.866 1 INFO neutron.api.extensions [None req-a51b891b-6792-42f1-b2b6-b098b971c928 - - - - - -] Loaded extension: extra_dhcp_opt
2026-09-12 04:37:52.866 1 INFO neutron.api.extensions [None req-a51b891b-6792-42f1-b2b6-b098b971c928 - - - - - -] Loaded extension: extraroute
2026-09-12 04:37:52.867 1 INFO neutron.api.extensions [None req-a51b891b-6792-42f1-b2b6-b098b971c928 - - - - - -] Loaded extension: extraroute-atomic
2026-09-12 04:37:52.867 1 INFO neutron.api.extensions [None req-a51b891b-6792-42f1-b2b6-b098b971c928 - - - - - -] Extension filter-validation not supported by any of loaded plugins
2026-09-12 04:37:52.868 1 INFO neutron.api.extensions [None req-a51b891b-6792-42f1-b2b6-b098b971c928 - - - - - -] Extension floating-ip-port-forwarding-description not supported by any of loaded plugins
2026-09-12 04:37:52.868 1 INFO neutron.api.extensions [None req-a51b891b-6792-42f1-b2b6-b098b971c928 - - - - - -] Loaded extension: floating-ip-port-forwarding-detail
2026-09-12 04:37:52.868 1 INFO neutron.api.extensions [None req-a51b891b-6792-42f1-b2b6-b098b971c928 - - - - - -] Extension floating-ip-port-forwarding-port-ranges not supported by any of loaded plugins
2026-09-12 04:37:52.869 1 INFO neutron.api.extensions [None req-a51b891b-6792-42f1-b2b6-b098b971c928 - - - - - -] Loaded extension: fip-port-details
2026-09-12 04:37:52.869 1 INFO neutron.api.extensions [None req-a51b891b-6792-42f1-b2b6-b098b971c928 - - - - - -] Loaded extension: flavors
2026-09-12 04:37:52.870 1 INFO neutron.api.extensions [None req-a51b891b-6792-42f1-b2b6-b098b971c928 - - - - - -] Extension floating-ip-port-forwarding not supported by any of loaded plugins
2026-09-12 04:37:52.871 1 INFO neutron.api.extensions [None req-a51b891b-6792-42f1-b2b6-b098b971c928 - - - - - -] Loaded extension: floatingip-pools
2026-09-12 04:37:52.871 1 INFO neutron.api.extensions [None req-a51b891b-6792-42f1-b2b6-b098b971c928 - - - - - -] Loaded extension: ip_allocation
2026-09-12 04:37:52.872 1 INFO neutron.api.extensions [None req-a51b891b-6792-42f1-b2b6-b098b971c928 - - - - - -] Loaded extension: ip-substring-filtering
2026-09-12 04:37:52.872 1 INFO neutron.api.extensions [None req-a51b891b-6792-42f1-b2b6-b098b971c928 - - - - - -] Loaded extension: l2_adjacency
2026-09-12 04:37:52.873 1 INFO neutron.api.extensions [None req-a51b891b-6792-42f1-b2b6-b098b971c928 - - - - - -] Loaded extension: router
2026-09-12 04:37:52.874 1 INFO neutron.api.extensions [None req-a51b891b-6792-42f1-b2b6-b098b971c928 - - - - - -] Extension l3-conntrack-helper not supported by any of loaded plugins
2026-09-12 04:37:52.875 1 INFO neutron.api.extensions [None req-a51b891b-6792-42f1-b2b6-b098b971c928 - - - - - -] Loaded extension: ext-gw-mode
2026-09-12 04:37:52.875 1 INFO neutron.api.extensions [None req-a51b891b-6792-42f1-b2b6-b098b971c928 - - - - - -] Loaded extension: l3-ha
2026-09-12 04:37:52.876 1 INFO neutron.api.extensions [None req-a51b891b-6792-42f1-b2b6-b098b971c928 - - - - - -] Extension l3-ext-ndp-proxy not supported by any of loaded plugins
2026-09-12 04:37:52.876 1 INFO neutron.api.extensions [None req-a51b891b-6792-42f1-b2b6-b098b971c928 - - - - - -] Loaded extension: l3-flavors
2026-09-12 04:37:52.877 1 INFO neutron.api.extensions [None req-a51b891b-6792-42f1-b2b6-b098b971c928 - - - - - -] Extension l3-ndp-proxy not supported by any of loaded plugins
2026-09-12 04:37:52.877 1 INFO neutron.api.extensions [None req-a51b891b-6792-42f1-b2b6-b098b971c928 - - - - - -] Loaded extension: l3-port-ip-change-not-allowed
2026-09-12 04:37:52.879 1 INFO neutron.api.extensions [None req-a51b891b-6792-42f1-b2b6-b098b971c928 - - - - - -] Loaded extension: l3_agent_scheduler
2026-09-12 04:37:52.882 1 INFO neutron.api.extensions [None req-a51b891b-6792-42f1-b2b6-b098b971c928 - - - - - -] Extension local_ip not supported by any of loaded plugins
2026-09-12 04:37:52.883 1 INFO neutron.api.extensions [None req-a51b891b-6792-42f1-b2b6-b098b971c928 - - - - - -] Extension logging not supported by any of loaded plugins
2026-09-12 04:37:52.884 1 INFO neutron.api.extensions [None req-a51b891b-6792-42f1-b2b6-b098b971c928 - - - - - -] Extension metering not supported by any of loaded plugins
2026-09-12 04:37:52.884 1 INFO neutron.api.extensions [None req-a51b891b-6792-42f1-b2b6-b098b971c928 - - - - - -] Extension metering_source_and_destination_fields not supported by any of loaded plugins
2026-09-12 04:37:52.885 1 INFO neutron.api.extensions [None req-a51b891b-6792-42f1-b2b6-b098b971c928 - - - - - -] Loaded extension: multi-provider
2026-09-12 04:37:52.885 1 INFO neutron.api.extensions [None req-a51b891b-6792-42f1-b2b6-b098b971c928 - - - - - -] Loaded extension: net-mtu
2026-09-12 04:37:52.885 1 INFO neutron.api.extensions [None req-a51b891b-6792-42f1-b2b6-b098b971c928 - - - - - -] Loaded extension: net-mtu-writable
2026-09-12 04:37:52.886 1 INFO neutron.api.extensions [None req-a51b891b-6792-42f1-b2b6-b098b971c928 - - - - - -] Loaded extension: network_availability_zone
2026-09-12 04:37:52.886 1 INFO neutron.api.extensions [None req-a51b891b-6792-42f1-b2b6-b098b971c928 - - - - - -] Loaded extension: network-ip-availability
2026-09-12 04:37:52.887 1 INFO neutron.api.extensions [None req-a51b891b-6792-42f1-b2b6-b098b971c928 - - - - - -] Extension network-segment-range not supported by any of loaded plugins
2026-09-12 04:37:52.888 1 INFO neutron.api.extensions [None req-a51b891b-6792-42f1-b2b6-b098b971c928 - - - - - -] Loaded extension: pagination
2026-09-12 04:37:52.888 1 INFO neutron.api.extensions [None req-a51b891b-6792-42f1-b2b6-b098b971c928 - - - - - -] Loaded extension: port-device-profile
2026-09-12 04:37:52.889 1 INFO neutron.api.extensions [None req-a51b891b-6792-42f1-b2b6-b098b971c928 - - - - - -] Loaded extension: port-mac-override
2026-09-12 04:37:52.889 1 INFO neutron.api.extensions [None req-a51b891b-6792-42f1-b2b6-b098b971c928 - - - - - -] Loaded extension: port-mac-address-regenerate
2026-09-12 04:37:52.890 1 INFO neutron.api.extensions [None req-a51b891b-6792-42f1-b2b6-b098b971c928 - - - - - -] Loaded extension: port-numa-affinity-policy
2026-09-12 04:37:52.890 1 INFO neutron.api.extensions [None req-a51b891b-6792-42f1-b2b6-b098b971c928 - - - - - -] Loaded extension: port-resource-request
2026-09-12 04:37:52.891 1 INFO neutron.api.extensions [None req-a51b891b-6792-42f1-b2b6-b098b971c928 - - - - - -] Loaded extension: port-resource-request-groups
2026-09-12 04:37:52.891 1 INFO neutron.api.extensions [None req-a51b891b-6792-42f1-b2b6-b098b971c928 - - - - - -] Loaded extension: binding
2026-09-12 04:37:52.892 1 INFO neutron.api.extensions [None req-a51b891b-6792-42f1-b2b6-b098b971c928 - - - - - -] Loaded extension: binding-extended
2026-09-12 04:37:52.892 1 INFO neutron.api.extensions [None req-a51b891b-6792-42f1-b2b6-b098b971c928 - - - - - -] Loaded extension: port-security
2026-09-12 04:37:52.893 1 INFO neutron.api.extensions [None req-a51b891b-6792-42f1-b2b6-b098b971c928 - - - - - -] Loaded extension: project-id
2026-09-12 04:37:52.893 1 INFO neutron.api.extensions [None req-a51b891b-6792-42f1-b2b6-b098b971c928 - - - - - -] Loaded extension: provider
2026-09-12 04:37:52.895 1 INFO neutron.api.extensions [None req-a51b891b-6792-42f1-b2b6-b098b971c928 - - - - - -] Loaded extension: qos
2026-09-12 04:37:52.896 1 INFO neutron.api.extensions [None req-a51b891b-6792-42f1-b2b6-b098b971c928 - - - - - -] Loaded extension: qos-bw-limit-direction
2026-09-12 04:37:52.896 1 INFO neutron.api.extensions [None req-a51b891b-6792-42f1-b2b6-b098b971c928 - - - - - -] Loaded extension: qos-bw-minimum-ingress
2026-09-12 04:37:52.897 1 INFO neutron.api.extensions [None req-a51b891b-6792-42f1-b2b6-b098b971c928 - - - - - -] Loaded extension: qos-default
2026-09-12 04:37:52.898 1 INFO neutron.api.extensions [None req-a51b891b-6792-42f1-b2b6-b098b971c928 - - - - - -] Loaded extension: qos-fip
2026-09-12 04:37:52.898 1 INFO neutron.api.extensions [None req-a51b891b-6792-42f1-b2b6-b098b971c928 - - - - - -] Extension qos-fip-network-policy not supported by any of loaded plugins
2026-09-12 04:37:52.899 1 INFO neutron.api.extensions [None req-a51b891b-6792-42f1-b2b6-b098b971c928 - - - - - -] Loaded extension: qos-gateway-ip
2026-09-12 04:37:52.899 1 INFO neutron.api.extensions [None req-a51b891b-6792-42f1-b2b6-b098b971c928 - - - - - -] Loaded extension: qos-port-network-policy
2026-09-12 04:37:52.900 1 INFO neutron.api.extensions [None req-a51b891b-6792-42f1-b2b6-b098b971c928 - - - - - -] Loaded extension: qos-pps-minimum
2026-09-12 04:37:52.900 1 INFO neutron.api.extensions [None req-a51b891b-6792-42f1-b2b6-b098b971c928 - - - - - -] Loaded extension: qos-pps-minimum-rule-alias
2026-09-12 04:37:52.901 1 INFO neutron.api.extensions [None req-a51b891b-6792-42f1-b2b6-b098b971c928 - - - - - -] Loaded extension: qos-pps
2026-09-12 04:37:52.901 1 INFO neutron.api.extensions [None req-a51b891b-6792-42f1-b2b6-b098b971c928 - - - - - -] Loaded extension: qos-rule-type-details
2026-09-12 04:37:52.902 1 INFO neutron.api.extensions [None req-a51b891b-6792-42f1-b2b6-b098b971c928 - - - - - -] Loaded extension: qos-rule-type-filter
2026-09-12 04:37:52.902 1 INFO neutron.api.extensions [None req-a51b891b-6792-42f1-b2b6-b098b971c928 - - - - - -] Loaded extension: qos-rules-alias
2026-09-12 04:37:52.903 1 INFO neutron.api.extensions [None req-a51b891b-6792-42f1-b2b6-b098b971c928 - - - - - -] Loaded extension: quota-check-limit
2026-09-12 04:37:52.904 1 INFO neutron.api.extensions [None req-a51b891b-6792-42f1-b2b6-b098b971c928 - - - - - -] Loaded extension: quotas
2026-09-12 04:37:52.906 1 INFO neutron.api.extensions [None req-a51b891b-6792-42f1-b2b6-b098b971c928 - - - - - -] Loaded extension: quota_details
2026-09-12 04:37:52.907 1 INFO neutron.api.extensions [None req-a51b891b-6792-42f1-b2b6-b098b971c928 - - - - - -] Loaded extension: rbac-policies
2026-09-12 04:37:52.908 1 INFO neutron.api.extensions [None req-a51b891b-6792-42f1-b2b6-b098b971c928 - - - - - -] Loaded extension: rbac-address-group
2026-09-12 04:37:52.908 1 INFO neutron.api.extensions [None req-a51b891b-6792-42f1-b2b6-b098b971c928 - - - - - -] Loaded extension: rbac-address-scope
2026-09-12 04:37:52.909 1 INFO neutron.api.extensions [None req-a51b891b-6792-42f1-b2b6-b098b971c928 - - - - - -] Loaded extension: rbac-security-groups
2026-09-12 04:37:52.909 1 INFO neutron.api.extensions [None req-a51b891b-6792-42f1-b2b6-b098b971c928 - - - - - -] Loaded extension: rbac-subnetpool
2026-09-12 04:37:52.909 1 INFO neutron.api.extensions [None req-a51b891b-6792-42f1-b2b6-b098b971c928 - - - - - -] Loaded extension: revision-if-match
2026-09-12 04:37:52.910 1 INFO neutron.api.extensions [None req-a51b891b-6792-42f1-b2b6-b098b971c928 - - - - - -] Loaded extension: standard-attr-revisions
2026-09-12 04:37:52.910 1 INFO neutron.api.extensions [None req-a51b891b-6792-42f1-b2b6-b098b971c928 - - - - - -] Loaded extension: router_availability_zone
2026-09-12 04:37:52.911 1 INFO neutron.api.extensions [None req-a51b891b-6792-42f1-b2b6-b098b971c928 - - - - - -] Extension router-service-type not supported by any of loaded plugins
2026-09-12 04:37:52.911 1 INFO neutron.api.extensions [None req-a51b891b-6792-42f1-b2b6-b098b971c928 - - - - - -] Loaded extension: security-groups-normalized-cidr
2026-09-12 04:37:52.912 1 INFO neutron.api.extensions [None req-a51b891b-6792-42f1-b2b6-b098b971c928 - - - - - -] Loaded extension: port-security-groups-filtering
2026-09-12 04:37:52.912 1 INFO neutron.api.extensions [None req-a51b891b-6792-42f1-b2b6-b098b971c928 - - - - - -] Loaded extension: security-groups-remote-address-group
2026-09-12 04:37:52.913 1 INFO neutron.api.extensions [None req-a51b891b-6792-42f1-b2b6-b098b971c928 - - - - - -] Loaded extension: security-groups-shared-filtering
2026-09-12 04:37:52.918 1 INFO neutron.api.extensions [None req-a51b891b-6792-42f1-b2b6-b098b971c928 - - - - - -] Loaded extension: security-group
2026-09-12 04:37:52.919 1 INFO neutron.api.extensions [None req-a51b891b-6792-42f1-b2b6-b098b971c928 - - - - - -] Loaded extension: segment
2026-09-12 04:37:52.919 1 INFO neutron.api.extensions [None req-a51b891b-6792-42f1-b2b6-b098b971c928 - - - - - -] Loaded extension: segments-peer-subnet-host-routes
2026-09-12 04:37:52.920 1 INFO neutron.api.extensions [None req-a51b891b-6792-42f1-b2b6-b098b971c928 - - - - - -] Loaded extension: service-type
2026-09-12 04:37:52.920 1 INFO neutron.api.extensions [None req-a51b891b-6792-42f1-b2b6-b098b971c928 - - - - - -] Loaded extension: sorting
2026-09-12 04:37:52.921 1 INFO neutron.api.extensions [None req-a51b891b-6792-42f1-b2b6-b098b971c928 - - - - - -] Loaded extension: standard-attr-segment
2026-09-12 04:37:52.921 1 INFO neutron.api.extensions [None req-a51b891b-6792-42f1-b2b6-b098b971c928 - - - - - -] Loaded extension: standard-attr-description
2026-09-12 04:37:52.922 1 INFO neutron.api.extensions [None req-a51b891b-6792-42f1-b2b6-b098b971c928 - - - - - -] Loaded extension: stateful-security-group
2026-09-12 04:37:52.922 1 WARNING neutron.api.extensions [None req-a51b891b-6792-42f1-b2b6-b098b971c928 - - - - - -] Did not find expected name "Stdattrs_common" in /var/lib/openstack/lib/python3.10/site-packages/neutron/extensions/stdattrs_common.py
2026-09-12 04:37:52.923 1 INFO neutron.api.extensions [None req-a51b891b-6792-42f1-b2b6-b098b971c928 - - - - - -] Extension subnet-dns-publish-fixed-ip not supported by any of loaded plugins
2026-09-12 04:37:52.923 1 INFO neutron.api.extensions [None req-a51b891b-6792-42f1-b2b6-b098b971c928 - - - - - -] Loaded extension: subnet_onboard
2026-09-12 04:37:52.924 1 INFO neutron.api.extensions [None req-a51b891b-6792-42f1-b2b6-b098b971c928 - - - - - -] Loaded extension: subnet-segmentid-writable
2026-09-12 04:37:52.924 1 INFO neutron.api.extensions [None req-a51b891b-6792-42f1-b2b6-b098b971c928 - - - - - -] Loaded extension: subnet-service-types
2026-09-12 04:37:52.925 1 INFO neutron.api.extensions [None req-a51b891b-6792-42f1-b2b6-b098b971c928 - - - - - -] Loaded extension: subnet_allocation
2026-09-12 04:37:52.925 1 INFO neutron.api.extensions [None req-a51b891b-6792-42f1-b2b6-b098b971c928 - - - - - -] Loaded extension: subnetpool-prefix-ops
2026-09-12 04:37:52.926 1 INFO neutron.api.extensions [None req-a51b891b-6792-42f1-b2b6-b098b971c928 - - - - - -] Extension tag-ports-during-bulk-creation not supported by any of loaded plugins
2026-09-12 04:37:52.928 1 INFO neutron.api.extensions [None req-a51b891b-6792-42f1-b2b6-b098b971c928 - - - - - -] Loaded extension: standard-attr-tag
2026-09-12 04:37:52.928 1 INFO neutron.api.extensions [None req-a51b891b-6792-42f1-b2b6-b098b971c928 - - - - - -] Loaded extension: standard-attr-timestamp
2026-09-12 04:37:52.929 1 INFO neutron.api.extensions [None req-a51b891b-6792-42f1-b2b6-b098b971c928 - - - - - -] Loaded extension: trunk
2026-09-12 04:37:52.929 1 INFO neutron.api.extensions [None req-a51b891b-6792-42f1-b2b6-b098b971c928 - - - - - -] Loaded extension: trunk-details
2026-09-12 04:37:52.930 1 INFO neutron.api.extensions [None req-a51b891b-6792-42f1-b2b6-b098b971c928 - - - - - -] Extension uplink-status-propagation not supported by any of loaded plugins
2026-09-12 04:37:52.930 1 INFO neutron.api.extensions [None req-a51b891b-6792-42f1-b2b6-b098b971c928 - - - - - -] Extension vlan-transparent not supported by any of loaded plugins
2026-09-12 04:37:52.931 1 INFO neutron.api.extensions [None req-a51b891b-6792-42f1-b2b6-b098b971c928 - - - - - -] Loaded extension: vpn-endpoint-groups
2026-09-12 04:37:52.932 1 INFO neutron.api.extensions [None req-a51b891b-6792-42f1-b2b6-b098b971c928 - - - - - -] Loaded extension: vpn-flavors
2026-09-12 04:37:52.933 1 INFO neutron.api.extensions [None req-a51b891b-6792-42f1-b2b6-b098b971c928 - - - - - -] Loaded extension: vpnaas
2026-09-12 04:37:52.935 1 INFO oslo_service.service [None req-a51b891b-6792-42f1-b2b6-b098b971c928 - - - - - -] Starting 2 workers
2026-09-12 04:37:52.940 1 INFO oslo_service.service [None req-a51b891b-6792-42f1-b2b6-b098b971c928 - - - - - -] Starting 1 workers
2026-09-12 04:38:30.379 10 INFO neutron.db.l3_hamode_db [None req-b0c4ba84-b059-442a-95f4-c31e47d0cd9d - - - - - -] Number of active agents lower than max_l3_agents_per_router. L3 agents available: 1
2026-09-12 04:38:40.158 10 INFO neutron.plugins.ml2.plugin [None req-84c8efcd-fdd0-43cd-a87d-d397418831ff - - - - - -] Attempt 1 to provision port 779413cd-2827-4e58-a3eb-8a3486fded00
2026-09-12 04:38:40.235 10 INFO neutron.plugins.ml2.plugin [None req-a21232dc-39d8-4c19-8a11-fd99598e0765 - - - - - -] Attempt 1 to provision port 779413cd-2827-4e58-a3eb-8a3486fded00
2026-09-12 04:38:40.572 9 INFO neutron.plugins.ml2.plugin [None req-74674eae-f448-4381-ace9-7e03c964baf4 - - - - - -] Attempt 1 to provision port 779413cd-2827-4e58-a3eb-8a3486fded00
2026-09-12 04:38:42.038 10 INFO neutron.plugins.ml2.plugin [None req-84c8efcd-fdd0-43cd-a87d-d397418831ff - - - - - -] Attempt 1 to provision port 779413cd-2827-4e58-a3eb-8a3486fded00
2026-09-12 04:45:18.397 10 INFO neutron.plugins.ml2.plugin [None req-84c8efcd-fdd0-43cd-a87d-d397418831ff - - - - - -] Attempt 1 to provision port 9d930424-86e8-42c0-ba45-3ed86a7b27f4
2026-09-12 04:45:19.165 10 INFO neutron.plugins.ml2.plugin [None req-851e1b99-ce64-41ca-8729-754f7e3942c8 - - - - - -] Attempt 1 to provision port 9d930424-86e8-42c0-ba45-3ed86a7b27f4
2026-09-12 04:45:19.512 9 INFO neutron.plugins.ml2.plugin [None req-8da2977a-c3ac-404c-88fd-31e829d3a0b7 - - - - - -] Attempt 1 to provision port 9d930424-86e8-42c0-ba45-3ed86a7b27f4
2026-09-12 04:45:20.345 10 INFO neutron.plugins.ml2.plugin [None req-84c8efcd-fdd0-43cd-a87d-d397418831ff - - - - - -] Attempt 1 to provision port 9d930424-86e8-42c0-ba45-3ed86a7b27f4
2026-09-12 04:45:26.607 9 INFO neutron.plugins.ml2.plugin [None req-c4040003-2865-4f89-90c4-0a3b1e8cffee - - - - - -] Attempt 1 to provision port 398cfd93-4acc-4f80-ba6f-4876566b5892
2026-09-12 04:49:00.633 9 INFO neutron.plugins.ml2.plugin [None req-84c8efcd-fdd0-43cd-a87d-d397418831ff - - - - - -] Attempt 1 to provision port 398cfd93-4acc-4f80-ba6f-4876566b5892
2026-09-12 04:49:02.491 10 INFO neutron.plugins.ml2.plugin [None req-84c8efcd-fdd0-43cd-a87d-d397418831ff - - - - - -] Attempt 1 to provision port 398cfd93-4acc-4f80-ba6f-4876566b5892
2026-09-12 04:57:12.818 9 INFO neutron.plugins.ml2.plugin [None req-84c8efcd-fdd0-43cd-a87d-d397418831ff - - - - - -] Attempt 1 to provision port 660a4e09-c71a-40f4-ad54-8c4a3a2df22c
2026-09-12 04:57:14.843 10 INFO neutron.plugins.ml2.plugin [None req-84c8efcd-fdd0-43cd-a87d-d397418831ff - - - - - -] Attempt 1 to provision port 660a4e09-c71a-40f4-ad54-8c4a3a2df22c
2026-09-12 05:15:40.055 10 INFO neutron.plugins.ml2.plugin [None req-11298244-0b82-41a2-8d95-8792e2dfcd49 - - - - - -] Attempt 1 to provision port 05169978-cd43-48c8-9651-eb2aa0032596
2026-09-12 05:15:41.217 9 INFO neutron.plugins.ml2.plugin [None req-77d5a263-c5b4-4fe4-8e00-c2e15bde6d0e - - - - - -] Attempt 1 to provision port 3d993676-d805-45e5-94ed-5b08833609b3
2026-09-12 05:15:41.558 10 INFO neutron.plugins.ml2.plugin [None req-84c8efcd-fdd0-43cd-a87d-d397418831ff - - - - - -] Attempt 1 to provision port 4c69d97a-95bd-4ac9-8c2c-1065998bb8fb
2026-09-12 05:15:41.881 10 INFO neutron.plugins.ml2.plugin [None req-76be8d00-d0a3-460e-8edd-85ff353c1841 - - - - - -] Attempt 1 to provision port fb6a860b-bebe-4fa0-ba65-d0217e434b8b
2026-09-12 05:15:42.152 10 INFO neutron.plugins.ml2.plugin [None req-84c8efcd-fdd0-43cd-a87d-d397418831ff - - - - - -] Attempt 1 to provision port fb6a860b-bebe-4fa0-ba65-d0217e434b8b
2026-09-12 05:15:42.507 9 INFO neutron.plugins.ml2.plugin [None req-fd931d6d-70e0-4930-bfe0-553bff171b16 - - - - - -] Attempt 1 to provision port bdbfaa7a-99ff-40ce-b226-3ff54be3f247
2026-09-12 05:15:42.535 10 INFO neutron.plugins.ml2.plugin [None req-84c8efcd-fdd0-43cd-a87d-d397418831ff - - - - - -] Attempt 1 to provision port bdbfaa7a-99ff-40ce-b226-3ff54be3f247
2026-09-12 05:15:43.407 9 INFO neutron.plugins.ml2.plugin [None req-fd931d6d-70e0-4930-bfe0-553bff171b16 - - - - - -] Attempt 1 to provision port fb6a860b-bebe-4fa0-ba65-d0217e434b8b
2026-09-12 05:15:43.633 10 INFO neutron.plugins.ml2.plugin [None req-37cf51c9-e196-4473-846e-a69ed80bf549 - - - - - -] Attempt 1 to provision port bdbfaa7a-99ff-40ce-b226-3ff54be3f247
2026-09-12 05:15:43.738 10 INFO neutron.plugins.ml2.plugin [None req-37cf51c9-e196-4473-846e-a69ed80bf549 - - - - - -] Attempt 1 to provision port 4c69d97a-95bd-4ac9-8c2c-1065998bb8fb
2026-09-12 05:15:43.903 9 INFO neutron.plugins.ml2.plugin [None req-84c8efcd-fdd0-43cd-a87d-d397418831ff - - - - - -] Attempt 1 to provision port 4c69d97a-95bd-4ac9-8c2c-1065998bb8fb
2026-09-12 05:15:43.904 10 INFO neutron.plugins.ml2.plugin [None req-37cf51c9-e196-4473-846e-a69ed80bf549 - - - - - -] Attempt 1 to provision port cbe85b1a-16ad-48fe-9a6a-e4e82134fa80
2026-09-12 05:15:44.102 10 INFO neutron.plugins.ml2.plugin [None req-0f447799-886e-44b1-a022-2bbed2a1e145 - - - - - -] Attempt 1 to provision port 3f1945b7-421e-4daf-8688-0923e7bce3eb
2026-09-12 05:15:44.167 9 INFO neutron.plugins.ml2.plugin [None req-84c8efcd-fdd0-43cd-a87d-d397418831ff - - - - - -] Attempt 1 to provision port bdbfaa7a-99ff-40ce-b226-3ff54be3f247
2026-09-12 05:15:44.488 9 INFO neutron.plugins.ml2.plugin [None req-84c8efcd-fdd0-43cd-a87d-d397418831ff - - - - - -] Attempt 1 to provision port fb6a860b-bebe-4fa0-ba65-d0217e434b8b
2026-09-12 05:15:44.667 9 INFO neutron.plugins.ml2.plugin [None req-95ad6335-89ba-45e5-b9f2-02e5080336a4 - - - - - -] Attempt 1 to provision port 3f1945b7-421e-4daf-8688-0923e7bce3eb
2026-09-12 05:15:45.846 10 INFO neutron.plugins.ml2.plugin [None req-b26638a2-2147-441b-9bc5-a5aa9f026258 - - - - - -] Attempt 1 to provision port 1cdf9ba9-081d-4dac-80bf-76cf60e02fbb
2026-09-12 05:15:45.999 9 INFO neutron.plugins.ml2.plugin [None req-de4faaee-ed92-4ec1-93f3-dd271b4ed389 - - - - - -] Attempt 1 to provision port bfe5a649-4ef4-4412-909f-cb3190fbff72
2026-09-12 05:15:46.567 10 INFO neutron.plugins.ml2.plugin [None req-fd66c264-69f7-42a6-89c2-73b87a02a630 - - - - - -] Attempt 1 to provision port bfe5a649-4ef4-4412-909f-cb3190fbff72
2026-09-12 05:15:46.728 9 INFO neutron.plugins.ml2.plugin [None req-a5c315d2-d2fb-44f8-93a5-d29ac05fc610 - - - - - -] Attempt 1 to provision port 1cdf9ba9-081d-4dac-80bf-76cf60e02fbb
2026-09-12 05:15:48.400 10 INFO neutron.plugins.ml2.plugin [None req-67928146-88b7-4297-af13-ac35937ed79f - - - - - -] Attempt 1 to provision port 18b75836-9784-4017-b6a9-91d43f19f563
2026-09-12 05:15:49.801 10 INFO neutron.plugins.ml2.plugin [None req-fae7aaf1-0123-4bf8-8660-b027d2becccf - - - - - -] Attempt 1 to provision port f0a84e63-0a4c-4fdf-a217-d8028f00c55d
2026-09-12 05:15:49.808 10 INFO neutron.plugins.ml2.plugin [None req-84c8efcd-fdd0-43cd-a87d-d397418831ff - - - - - -] Attempt 1 to provision port f0a84e63-0a4c-4fdf-a217-d8028f00c55d
2026-09-12 05:15:50.577 9 INFO neutron.plugins.ml2.plugin [None req-794392dd-1fe2-4448-ab55-f32e62aec6ad - - - - - -] Attempt 1 to provision port f0a84e63-0a4c-4fdf-a217-d8028f00c55d
2026-09-12 05:15:51.304 10 INFO neutron.plugins.ml2.plugin [None req-22f37421-919c-4c47-8a65-347ba04dd415 - - - - - -] Attempt 1 to provision port 13cbcfdf-9983-472f-bf98-67b6673e8d23
2026-09-12 05:15:51.780 9 INFO neutron.plugins.ml2.plugin [None req-6bb1662d-7720-4700-b961-e7bf75d3d37d - - - - - -] Attempt 1 to provision port 13cbcfdf-9983-472f-bf98-67b6673e8d23
2026-09-12 05:15:52.016 10 INFO neutron.plugins.ml2.plugin [None req-84c8efcd-fdd0-43cd-a87d-d397418831ff - - - - - -] Attempt 1 to provision port 7b6a6b54-366e-4a24-9df8-f01c62fd91bf
2026-09-12 05:15:52.464 10 INFO neutron.plugins.ml2.plugin [None req-84c8efcd-fdd0-43cd-a87d-d397418831ff - - - - - -] Attempt 1 to provision port 876272f3-e9e6-4a26-b260-59462bb0ea75
2026-09-12 05:15:52.952 9 INFO neutron.plugins.ml2.plugin [None req-40d494c1-9d93-4104-bb68-72b28e9a68b1 - - - - - -] Attempt 1 to provision port d5efdc12-08e7-4f8a-b166-a26ecb092794
2026-09-12 05:15:52.991 10 INFO neutron.plugins.ml2.plugin [None req-84c8efcd-fdd0-43cd-a87d-d397418831ff - - - - - -] Attempt 1 to provision port 96f35214-a632-4847-98b1-1f931ddab483
2026-09-12 05:15:53.488 10 INFO neutron.plugins.ml2.plugin [None req-84c8efcd-fdd0-43cd-a87d-d397418831ff - - - - - -] Attempt 1 to provision port f0a84e63-0a4c-4fdf-a217-d8028f00c55d
2026-09-12 05:15:53.941 10 INFO neutron.plugins.ml2.plugin [None req-84c8efcd-fdd0-43cd-a87d-d397418831ff - - - - - -] Attempt 1 to provision port 7b6a6b54-366e-4a24-9df8-f01c62fd91bf
2026-09-12 05:15:54.319 10 INFO neutron.plugins.ml2.plugin [None req-84c8efcd-fdd0-43cd-a87d-d397418831ff - - - - - -] Attempt 1 to provision port 876272f3-e9e6-4a26-b260-59462bb0ea75
2026-09-12 05:15:54.709 10 INFO neutron.plugins.ml2.plugin [None req-84c8efcd-fdd0-43cd-a87d-d397418831ff - - - - - -] Attempt 1 to provision port 1212c41b-ffad-4fc3-8262-158cff3b019c
2026-09-12 05:15:55.974 9 INFO neutron.plugins.ml2.plugin [None req-84c8efcd-fdd0-43cd-a87d-d397418831ff - - - - - -] Attempt 1 to provision port 1212c41b-ffad-4fc3-8262-158cff3b019c
2026-09-12 05:16:00.097 9 INFO neutron.plugins.ml2.plugin [None req-84c8efcd-fdd0-43cd-a87d-d397418831ff - - - - - -] Attempt 1 to provision port d5efdc12-08e7-4f8a-b166-a26ecb092794
2026-09-12 05:16:00.672 10 INFO neutron.plugins.ml2.plugin [None req-e581a008-4476-4589-8a9a-b7eaa3e10d6c - - - - - -] Attempt 1 to provision port 6b94a321-8c5c-468c-a572-05987d057382
2026-09-12 05:16:00.969 9 INFO neutron.notifiers.nova [-] Nova event matching ['req-dba5a273-1543-481f-9e59-9a1db86cdf44'] response: {'server_uuid': '3270e20f-5751-4cb0-af5c-342cdeb2640f', 'name': 'network-vif-plugged', 'status': 'completed', 'tag': 'd5efdc12-08e7-4f8a-b166-a26ecb092794', 'code': 200}
2026-09-12 05:16:01.915 10 INFO neutron.plugins.ml2.plugin [None req-84c8efcd-fdd0-43cd-a87d-d397418831ff - - - - - -] Attempt 1 to provision port d5efdc12-08e7-4f8a-b166-a26ecb092794
2026-09-12 05:16:02.205 10 INFO neutron.plugins.ml2.plugin [None req-84c8efcd-fdd0-43cd-a87d-d397418831ff - - - - - -] Attempt 1 to provision port ed685bd1-2226-4a31-a516-116f66dbb8d3
2026-09-12 05:16:02.425 10 INFO neutron.plugins.ml2.plugin [None req-c1bdd565-f532-4aa0-b820-15fc6804a444 - - - - - -] Attempt 1 to provision port ed685bd1-2226-4a31-a516-116f66dbb8d3
2026-09-12 05:16:02.744 9 INFO neutron.plugins.ml2.plugin [None req-89cf6b32-8dc5-4c8a-8a21-7c4000baa47f - - - - - -] Attempt 1 to provision port ed685bd1-2226-4a31-a516-116f66dbb8d3
2026-09-12 05:16:03.364 10 INFO neutron.plugins.ml2.plugin [None req-407c49fa-85aa-4a6d-b5c8-0ce9b28e31d1 - - - - - -] Attempt 1 to provision port bf60003a-1026-4677-965b-e9f268991658
2026-09-12 05:16:03.818 9 INFO neutron.plugins.ml2.plugin [None req-04701ba2-5364-41c5-9d5b-00bbcb84b088 - - - - - -] Attempt 1 to provision port bf60003a-1026-4677-965b-e9f268991658
2026-09-12 05:16:03.968 10 INFO neutron.plugins.ml2.plugin [None req-af2a2930-3f2e-4819-ac75-68cf2c659960 - - - - - -] Attempt 1 to provision port c18bb4e5-f454-4a51-a26d-fcb82b47a9f3
2026-09-12 05:16:04.151 9 INFO neutron.plugins.ml2.plugin [None req-84c8efcd-fdd0-43cd-a87d-d397418831ff - - - - - -] Attempt 1 to provision port ed685bd1-2226-4a31-a516-116f66dbb8d3
2026-09-12 05:16:05.959 9 INFO neutron.plugins.ml2.plugin [None req-84c8efcd-fdd0-43cd-a87d-d397418831ff - - - - - -] Attempt 1 to provision port 101190c4-33e5-43ef-9a27-2ba7d6bee7f7
2026-09-12 05:16:08.110 9 INFO neutron.plugins.ml2.plugin [None req-84c8efcd-fdd0-43cd-a87d-d397418831ff - - - - - -] Attempt 1 to provision port c18bb4e5-f454-4a51-a26d-fcb82b47a9f3
2026-09-12 05:16:08.419 9 INFO neutron.notifiers.nova [-] Nova event matching ['req-7912aa1c-db49-49c6-a8c3-fafcdd2c958b'] response: {'server_uuid': '1921b8f5-fa34-4775-bac8-37b8cc403ac0', 'name': 'network-vif-plugged', 'status': 'completed', 'tag': 'c18bb4e5-f454-4a51-a26d-fcb82b47a9f3', 'code': 200}
2026-09-12 05:16:08.868 9 INFO neutron.plugins.ml2.plugin [None req-84c8efcd-fdd0-43cd-a87d-d397418831ff - - - - - -] Attempt 1 to provision port 101190c4-33e5-43ef-9a27-2ba7d6bee7f7
2026-09-12 05:16:09.486 10 INFO neutron.plugins.ml2.plugin [None req-fa45a82b-b8f5-4e8c-8147-9d78e4c58364 - - - - - -] Attempt 1 to provision port 7f110125-0d1d-4ff9-9548-7791e2417efe
2026-09-12 05:16:10.035 9 INFO neutron.plugins.ml2.plugin [None req-84c8efcd-fdd0-43cd-a87d-d397418831ff - - - - - -] Attempt 1 to provision port c18bb4e5-f454-4a51-a26d-fcb82b47a9f3
2026-09-12 05:16:12.171 10 INFO neutron.plugins.ml2.plugin [None req-84c8efcd-fdd0-43cd-a87d-d397418831ff - - - - - -] Attempt 1 to provision port 7f110125-0d1d-4ff9-9548-7791e2417efe
2026-09-12 05:16:12.826 10 INFO neutron.notifiers.nova [-] Nova event matching ['req-80766181-2218-4faa-97cd-68b2e450e6c7'] response: {'server_uuid': 'b5ac5c64-17b0-446a-b869-d7edbb4173df', 'name': 'network-vif-plugged', 'status': 'completed', 'tag': '7f110125-0d1d-4ff9-9548-7791e2417efe', 'code': 200}
2026-09-12 05:16:13.901 10 INFO neutron.plugins.ml2.plugin [None req-84c8efcd-fdd0-43cd-a87d-d397418831ff - - - - - -] Attempt 1 to provision port 7f110125-0d1d-4ff9-9548-7791e2417efe /var/lib/openstack/lib/python3.10/site-packages/oslo_db/sqlalchemy/enginefacade.py:676: SAWarning: DELETE statement on table 'portsecuritybindings' expected to delete 1 row(s); 0 were matched. Please set confirm_deleted_rows=False within the mapper configuration to prevent this warning. self.session.flush() /var/lib/openstack/lib/python3.10/site-packages/oslo_db/sqlalchemy/enginefacade.py:676: SAWarning: DELETE statement on table 'ml2_port_bindings' expected to delete 1 row(s); 0 were matched. Please set confirm_deleted_rows=False within the mapper configuration to prevent this warning. self.session.flush() /var/lib/openstack/lib/python3.10/site-packages/oslo_db/sqlalchemy/enginefacade.py:676: SAWarning: DELETE statement on table 'ml2_port_binding_levels' expected to delete 1 row(s); 0 were matched. Please set confirm_deleted_rows=False within the mapper configuration to prevent this warning. self.session.flush() /var/lib/openstack/lib/python3.10/site-packages/oslo_db/sqlalchemy/enginefacade.py:676: SAWarning: DELETE statement on table 'ports' expected to delete 1 row(s); 0 were matched. Please set confirm_deleted_rows=False within the mapper configuration to prevent this warning. self.session.flush()
2026-09-12 05:16:23.474 9 INFO neutron.plugins.ml2.plugin [None req-79d205eb-a839-482e-879f-d0726ef33f2d - - - - - -] Attempt 1 to provision port 80471cd8-4c91-4a2a-bdc2-0e5eec184945
2026-09-12 05:16:23.866 10 INFO neutron.plugins.ml2.plugin [None req-84c8efcd-fdd0-43cd-a87d-d397418831ff - - - - - -] Attempt 1 to provision port 426028bb-d1e0-4a83-8c22-65bea0023ba8
2026-09-12 05:16:25.671 10 INFO neutron.plugins.ml2.plugin [None req-cddbc9e6-ca19-4844-bd8c-27c6243b8b7a - - - - - -] Attempt 1 to provision port 426028bb-d1e0-4a83-8c22-65bea0023ba8
2026-09-12 05:16:25.871 9 INFO neutron.plugins.ml2.plugin [None req-84c8efcd-fdd0-43cd-a87d-d397418831ff - - - - - -] Attempt 1 to provision port 426028bb-d1e0-4a83-8c22-65bea0023ba8
2026-09-12 05:16:25.912 9 INFO neutron.plugins.ml2.plugin [None req-b9ff310f-f862-4b1c-b70b-ee34c803fb00 - - - - - -] Attempt 1 to provision port 426028bb-d1e0-4a83-8c22-65bea0023ba8
2026-09-12 05:16:26.228 10 INFO neutron.plugins.ml2.plugin [None req-af120021-6377-40d1-9c61-37af6722e77e - - - - - -] Attempt 1 to provision port 4ff01a6b-7174-48f4-a3a1-821ee9ae816f
2026-09-12 05:16:26.904 10 INFO neutron.plugins.ml2.plugin [None req-1c8d8f77-ad82-4158-b4db-1b0ec2b7a874 - - - - - -] Attempt 1 to provision port 4ff01a6b-7174-48f4-a3a1-821ee9ae816f
2026-09-12 05:16:27.926 9 INFO neutron.plugins.ml2.plugin [None req-84c8efcd-fdd0-43cd-a87d-d397418831ff - - - - - -] Attempt 1 to provision port e4b225c2-27c6-4a09-bbd1-3cb33279b9ea
2026-09-12 05:16:30.082 9 INFO neutron.plugins.ml2.plugin [None req-84c8efcd-fdd0-43cd-a87d-d397418831ff - - - - - -] Attempt 1 to provision port e4b225c2-27c6-4a09-bbd1-3cb33279b9ea
2026-09-12 05:16:32.034 9 INFO neutron.plugins.ml2.plugin [None req-84c8efcd-fdd0-43cd-a87d-d397418831ff - - - - - -] Attempt 1 to provision port bf60003a-1026-4677-965b-e9f268991658
2026-09-12 05:16:32.370 9 INFO neutron.plugins.ml2.plugin [None req-84c8efcd-fdd0-43cd-a87d-d397418831ff - - - - - -] Attempt 1 to provision port 6b94a321-8c5c-468c-a572-05987d057382
2026-09-12 05:16:33.998 10 INFO neutron.plugins.ml2.plugin [None req-84c8efcd-fdd0-43cd-a87d-d397418831ff - - - - - -] Attempt 1 to provision port f477cc4d-192c-4591-9908-e67b35157e43
2026-09-12 05:16:34.132 10 INFO neutron.notifiers.nova [-] Nova event matching ['req-c09e4a86-1e56-49bb-afe7-9207b3b9cdc5'] response: {'server_uuid': 'cc73722a-de5e-4896-b5de-ffcf7c9a7be8', 'name': 'network-vif-plugged', 'status': 'completed', 'tag': 'f477cc4d-192c-4591-9908-e67b35157e43', 'code': 200}
2026-09-12 05:16:34.548 10 INFO neutron.plugins.ml2.plugin [None req-84c8efcd-fdd0-43cd-a87d-d397418831ff - - - - - -] Attempt 1 to provision port bf60003a-1026-4677-965b-e9f268991658
2026-09-12 05:16:34.768 10 INFO neutron.plugins.ml2.plugin [None req-84c8efcd-fdd0-43cd-a87d-d397418831ff - - - - - -] Attempt 1 to provision port 6b94a321-8c5c-468c-a572-05987d057382
2026-09-12 05:16:35.890 10 INFO neutron.plugins.ml2.plugin [None req-84c8efcd-fdd0-43cd-a87d-d397418831ff - - - - - -] Attempt 1 to provision port f477cc4d-192c-4591-9908-e67b35157e43
2026-09-12 05:16:38.932 10 INFO neutron.plugins.ml2.plugin [None req-4ac85554-36b1-4c19-aa11-c8e58d976ce8 - - - - - -] Attempt 1 to provision port f1eba1ff-a5ae-4b46-a6c1-6a14c94920dd
2026-09-12 05:16:39.210 9 INFO neutron.plugins.ml2.plugin [None req-51be9943-b5c2-4c24-8869-57ffaa4a6088 - - - - - -] Attempt 1 to provision port 7f110125-0d1d-4ff9-9548-7791e2417efe
2026-09-12 05:16:39.889 9 INFO neutron.plugins.ml2.plugin [None req-84c8efcd-fdd0-43cd-a87d-d397418831ff - - - - - -] Attempt 1 to provision port 7f110125-0d1d-4ff9-9548-7791e2417efe /var/lib/openstack/lib/python3.10/site-packages/oslo_db/sqlalchemy/enginefacade.py:676: SAWarning: DELETE statement on table 'portsecuritybindings' expected to delete 1 row(s); 0 were matched. Please set confirm_deleted_rows=False within the mapper configuration to prevent this warning. self.session.flush() /var/lib/openstack/lib/python3.10/site-packages/oslo_db/sqlalchemy/enginefacade.py:676: SAWarning: DELETE statement on table 'ml2_port_bindings' expected to delete 1 row(s); 0 were matched. Please set confirm_deleted_rows=False within the mapper configuration to prevent this warning. self.session.flush() /var/lib/openstack/lib/python3.10/site-packages/oslo_db/sqlalchemy/enginefacade.py:676: SAWarning: DELETE statement on table 'ml2_port_binding_levels' expected to delete 1 row(s); 0 were matched. Please set confirm_deleted_rows=False within the mapper configuration to prevent this warning. self.session.flush() /var/lib/openstack/lib/python3.10/site-packages/oslo_db/sqlalchemy/enginefacade.py:676: SAWarning: DELETE statement on table 'ports' expected to delete 1 row(s); 0 were matched. Please set confirm_deleted_rows=False within the mapper configuration to prevent this warning. self.session.flush()
2026-09-12 05:16:46.112 10 INFO neutron.plugins.ml2.plugin [None req-77a8ed54-3eeb-4ad2-8b8e-34fc96b4bb5b - - - - - -] Attempt 1 to provision port 7f110125-0d1d-4ff9-9548-7791e2417efe
2026-09-12 05:16:48.125 9 INFO neutron.notifiers.nova [-] Nova event matching ['req-dc3fec17-a772-4c9c-a24c-10ed0daae678'] response: {'server_uuid': 'b5ac5c64-17b0-446a-b869-d7edbb4173df', 'name': 'network-vif-unplugged', 'status': 'completed', 'tag': '7f110125-0d1d-4ff9-9548-7791e2417efe', 'code': 200}
2026-09-12 05:16:51.956 9 INFO neutron.plugins.ml2.plugin [None req-84c8efcd-fdd0-43cd-a87d-d397418831ff - - - - - -] Attempt 1 to provision port 02aff385-b65f-4fd8-9fcf-171f3b8667eb
2026-09-12 05:16:53.387 10 INFO neutron.plugins.ml2.plugin [None req-4b98d7ad-1141-4d7d-a704-9964f72b6491 - - - - - -] Attempt 1 to provision port 303c51d7-a49d-484a-9404-40074f97fa73
2026-09-12 05:16:53.847 10 INFO neutron.plugins.ml2.plugin [None req-0af85808-7e3b-4ccd-b476-99a6777435b5 - - - - - -] Attempt 1 to provision port 02aff385-b65f-4fd8-9fcf-171f3b8667eb
2026-09-12 05:16:53.945 9 INFO neutron.plugins.ml2.plugin [None req-84c8efcd-fdd0-43cd-a87d-d397418831ff - - - - - -] Attempt 1 to provision port 02aff385-b65f-4fd8-9fcf-171f3b8667eb
2026-09-12 05:16:54.243 10 INFO neutron.plugins.ml2.plugin [None req-374fa251-20e9-4b65-b523-3f495eec1818 - - - - - -] Attempt 1 to provision port 02aff385-b65f-4fd8-9fcf-171f3b8667eb
2026-09-12 05:16:57.276 10 INFO neutron.plugins.ml2.plugin [None req-a084919c-84c8-43bf-b73f-3d983b83dcd2 - - - - - -] Attempt 1 to provision port af77d5e2-667f-472b-a749-894b3a3ae222
2026-09-12 05:16:58.028 9 INFO neutron.plugins.ml2.plugin [None req-84c8efcd-fdd0-43cd-a87d-d397418831ff - - - - - -] Attempt 1 to provision port d7912022-769b-41e6-849b-ca6e95bacbbc
2026-09-12 05:16:58.248 10 INFO neutron.plugins.ml2.plugin [None req-7c015223-4a6e-4f9c-92b8-78187c554241 - - - - - -] Attempt 1 to provision port af77d5e2-667f-472b-a749-894b3a3ae222 /var/lib/openstack/lib/python3.10/site-packages/oslo_db/sqlalchemy/enginefacade.py:676: SAWarning: DELETE statement on table 'portsecuritybindings' expected to delete 1 row(s); 0 were matched. Please set confirm_deleted_rows=False within the mapper configuration to prevent this warning. self.session.flush() /var/lib/openstack/lib/python3.10/site-packages/oslo_db/sqlalchemy/enginefacade.py:676: SAWarning: DELETE statement on table 'ml2_port_bindings' expected to delete 1 row(s); 0 were matched. Please set confirm_deleted_rows=False within the mapper configuration to prevent this warning. self.session.flush() /var/lib/openstack/lib/python3.10/site-packages/oslo_db/sqlalchemy/enginefacade.py:676: SAWarning: DELETE statement on table 'ml2_port_binding_levels' expected to delete 1 row(s); 0 were matched. Please set confirm_deleted_rows=False within the mapper configuration to prevent this warning. self.session.flush() /var/lib/openstack/lib/python3.10/site-packages/oslo_db/sqlalchemy/enginefacade.py:676: SAWarning: DELETE statement on table 'ports' expected to delete 1 row(s); 0 were matched. Please set confirm_deleted_rows=False within the mapper configuration to prevent this warning. self.session.flush()
2026-09-12 05:17:00.080 9 INFO neutron.plugins.ml2.plugin [None req-84c8efcd-fdd0-43cd-a87d-d397418831ff - - - - - -] Attempt 1 to provision port d7912022-769b-41e6-849b-ca6e95bacbbc
