2026-05-09 16:21:43.659 8 INFO neutron.db.ovn_revision_numbers_db [None req-def1ca1e-e85f-462f-b5f0-557157204f84 284b267aa7d1482086bd9f2d02e52edd 919800f2dde04bf981e3558e43432a49 - - default default] Successfully bumped revision number for resource 58fce9ca-ec6b-44ef-9170-3993c9a3ffff (type: security_group_rules) to 0 [pid: 7|app: 0|req: 342/669] 10.0.0.159 () {34 vars in 990 bytes} [Sat May 9 16:21:43 2026] GET /v2.0/ports?device_id=b2aa7a89-4a75-4f1a-843a-25a73dfc3ffc => generated 961 bytes in 40 msecs (HTTP/1.1 200) 4 headers in 157 bytes (1 switches on core 0)
2026-05-09 16:21:43.672 8 INFO neutron.db.ovn_revision_numbers_db [None req-def1ca1e-e85f-462f-b5f0-557157204f84 284b267aa7d1482086bd9f2d02e52edd 919800f2dde04bf981e3558e43432a49 - - default default] Successfully bumped revision number for resource c910bcc4-7562-451d-ab22-663edbc80221 (type: security_group_rules) to 0 [pid: 7|app: 0|req: 343/670] 10.0.0.91 () {32 vars in 648 bytes} [Sat May 9 16:21:43 2026] GET /v2.0/networks => generated 689 bytes in 51 msecs (HTTP/1.1 200) 4 headers in 157 bytes (1 switches on core 0) [pid: 7|app: 0|req: 344/671] 10.0.0.159 () {34 vars in 1040 bytes} [Sat May 9 16:21:43 2026] GET /v2.0/security-groups?id=7779ccc2-6e79-45a5-9e4f-184e3067ef6c&fields=id&fields=name => generated 113 bytes in 40 msecs (HTTP/1.1 200) 4 headers in 157 bytes (1 switches on core 0)
2026-05-09 16:21:43.770 8 INFO neutron.db.segments_db [None req-def1ca1e-e85f-462f-b5f0-557157204f84 284b267aa7d1482086bd9f2d02e52edd 919800f2dde04bf981e3558e43432a49 - - default default] Added segment e8ff4e35-4a80-4f06-b035-33f25607f61b of type geneve for network 83e6e8bf-f6aa-4524-90ba-4f50ec54ac31
2026-05-09 16:21:43.850 7 INFO neutron.db.segments_db [None req-ddd29194-fa62-49fa-8f3f-249a8e17db5a 4e4422d4c5914aeca340a39aa2ad27e8 c3059f9fdf0a468ead021367f721c5dd - - default default] Added segment 143a1db4-9748-4189-baca-115f103c47ca of type geneve for network 0d6acaf5-51db-4bf4-9beb-f82831a23e68
2026-05-09 16:21:43.895 8 INFO neutron.db.ovn_revision_numbers_db [None req-def1ca1e-e85f-462f-b5f0-557157204f84 284b267aa7d1482086bd9f2d02e52edd 919800f2dde04bf981e3558e43432a49 - - default default] Successfully bumped revision number for resource 83e6e8bf-f6aa-4524-90ba-4f50ec54ac31 (type: networks) to 1
2026-05-09 16:21:44.007 7 INFO neutron.db.ovn_revision_numbers_db [None req-ddd29194-fa62-49fa-8f3f-249a8e17db5a 4e4422d4c5914aeca340a39aa2ad27e8 c3059f9fdf0a468ead021367f721c5dd - - default default] Successfully bumped revision number for resource 0d6acaf5-51db-4bf4-9beb-f82831a23e68 (type: networks) to 1
2026-05-09 16:21:44.028 8 WARNING neutron.plugins.ml2.drivers.ovn.mech_driver.ovsdb.ovn_client [None req-ef550eda-5d3d-4fd0-9f6a-2eec4f2513a0 - - - - - -] No port found with ID facf8a7c-e54c-4550-b58d-56f1185dd7ee: RuntimeError: No port found with ID facf8a7c-e54c-4550-b58d-56f1185dd7ee
2026-05-09 16:21:44.130 8 WARNING neutron.scheduler.dhcp_agent_scheduler [None req-def1ca1e-e85f-462f-b5f0-557157204f84 284b267aa7d1482086bd9f2d02e52edd 919800f2dde04bf981e3558e43432a49 - - default default] No more DHCP agents
2026-05-09 16:21:44.132 8 WARNING neutron.api.rpc.agentnotifiers.dhcp_rpc_agent_api [None req-def1ca1e-e85f-462f-b5f0-557157204f84 284b267aa7d1482086bd9f2d02e52edd 919800f2dde04bf981e3558e43432a49 - - default default] Unable to schedule network 83e6e8bf-f6aa-4524-90ba-4f50ec54ac31: no agents available; will retry on subsequent port and subnet creation events.
2026-05-09 16:21:44.193 8 INFO neutron.plugins.ml2.drivers.ovn.mech_driver.mech_driver [None req-ef550eda-5d3d-4fd0-9f6a-2eec4f2513a0 - - - - - -] OVN reports status down for port: 1fddc371-a2ea-4212-8e9c-466d99384ddc
2026-05-09 16:21:44.253 7 WARNING neutron.scheduler.dhcp_agent_scheduler [None req-ddd29194-fa62-49fa-8f3f-249a8e17db5a 4e4422d4c5914aeca340a39aa2ad27e8 c3059f9fdf0a468ead021367f721c5dd - - default default] No more DHCP agents
2026-05-09 16:21:44.255 7 WARNING neutron.api.rpc.agentnotifiers.dhcp_rpc_agent_api [None req-ddd29194-fa62-49fa-8f3f-249a8e17db5a 4e4422d4c5914aeca340a39aa2ad27e8 c3059f9fdf0a468ead021367f721c5dd - - default default] Unable to schedule network 0d6acaf5-51db-4bf4-9beb-f82831a23e68: no agents available; will retry on subsequent port and subnet creation events.
2026-05-09 16:21:44.263 8 INFO neutron.db.ovn_revision_numbers_db [None req-def1ca1e-e85f-462f-b5f0-557157204f84 284b267aa7d1482086bd9f2d02e52edd 919800f2dde04bf981e3558e43432a49 - - default default] Successfully bumped revision number for resource 1fddc371-a2ea-4212-8e9c-466d99384ddc (type: ports) to 1 [pid: 8|app: 0|req: 328/672] 10.0.0.91 () {34 vars in 670 bytes} [Sat May 9 16:21:43 2026] POST /v2.0/networks => generated 774 bytes in 1124 msecs (HTTP/1.1 201) 4 headers in 162 bytes (1 switches on core 0)
2026-05-09 16:21:44.339 7 INFO neutron.db.ovn_revision_numbers_db [None req-ddd29194-fa62-49fa-8f3f-249a8e17db5a 4e4422d4c5914aeca340a39aa2ad27e8 c3059f9fdf0a468ead021367f721c5dd - - default default] Successfully bumped revision number for resource 5bb96895-e888-497b-9f87-f2e660d29686 (type: ports) to 1
2026-05-09 16:21:44.350 8 INFO neutron.plugins.ml2.drivers.ovn.mech_driver.mech_driver [None req-ef550eda-5d3d-4fd0-9f6a-2eec4f2513a0 - - - - - -] OVN reports status down for port: 5bb96895-e888-497b-9f87-f2e660d29686 [pid: 7|app: 0|req: 345/673] 10.0.0.91 () {34 vars in 669 bytes} [Sat May 9 16:21:43 2026] POST /v2.0/networks => generated 668 bytes in 607 msecs (HTTP/1.1 201) 4 headers in 162 bytes (1 switches on core 0)
2026-05-09 16:21:44.502 7 WARNING neutron.scheduler.dhcp_agent_scheduler [None req-948ba76e-39ef-49f3-b940-ad8fa7e3d64c 284b267aa7d1482086bd9f2d02e52edd 919800f2dde04bf981e3558e43432a49 - - default default] No more DHCP agents
2026-05-09 16:21:44.503 7 WARNING neutron.api.rpc.agentnotifiers.dhcp_rpc_agent_api [None req-948ba76e-39ef-49f3-b940-ad8fa7e3d64c 284b267aa7d1482086bd9f2d02e52edd 919800f2dde04bf981e3558e43432a49 - - default default] Unable to schedule network 83e6e8bf-f6aa-4524-90ba-4f50ec54ac31: no agents available; will retry on subsequent port and subnet creation events.
2026-05-09 16:21:44.773 8 INFO neutron.db.ovn_revision_numbers_db [req-882d578c-85c0-4a1d-90dd-fa6ada348280 req-68cfc731-6f34-4cbd-a910-d882ec09ae85 8638ebf3d71b4bfd9d4da3c45f010b92 62c4bbd1d78d4c52a1b634e72380848d - - ddc014e254fc49529cd53a97d85d5b44 ddc014e254fc49529cd53a97d85d5b44] Successfully bumped revision number for resource 8d811d9c-57ab-4692-9d57-3ea7dabc7d53 (type: ports) to 2
2026-05-09 16:21:44.934 7 INFO neutron.db.ovn_revision_numbers_db [None req-5caa87f6-6690-4b07-ba35-657348b79f9e - - - - - -] Successfully bumped revision number for resource 1fddc371-a2ea-4212-8e9c-466d99384ddc (type: ports) to 2
2026-05-09 16:21:44.977 7 INFO neutron.db.ovn_revision_numbers_db [None req-5caa87f6-6690-4b07-ba35-657348b79f9e - - - - - -] Successfully bumped revision number for resource 76bcebaa-e1f1-4a70-ace9-c4668b1eafd2 (type: subnets) to 0 [pid: 7|app: 0|req: 346/674] 10.0.0.91 () {34 vars in 668 bytes} [Sat May 9 16:21:44 2026] POST /v2.0/subnets => generated 699 bytes in 625 msecs (HTTP/1.1 201) 4 headers in 162 bytes (1 switches on core 0)
2026-05-09 16:21:44.990 8 INFO neutron.db.ovn_revision_numbers_db [req-882d578c-85c0-4a1d-90dd-fa6ada348280 req-68cfc731-6f34-4cbd-a910-d882ec09ae85 8638ebf3d71b4bfd9d4da3c45f010b92 62c4bbd1d78d4c52a1b634e72380848d - - ddc014e254fc49529cd53a97d85d5b44 ddc014e254fc49529cd53a97d85d5b44] Successfully bumped revision number for resource 8d811d9c-57ab-4692-9d57-3ea7dabc7d53 (type: ports) to 4 [pid: 8|app: 0|req: 329/675] 199.204.45.157 () {38 vars in 1028 bytes} [Sat May 9 16:21:44 2026] PUT /v2.0/ports/8d811d9c-57ab-4692-9d57-3ea7dabc7d53 => generated 1208 bytes in 691 msecs (HTTP/1.1 200) 4 headers in 158 bytes (1 switches on core 0) /var/lib/openstack/lib/python3.12/site-packages/pycadf/identifier.py:70: UserWarning: Invalid uuid: neutron. To ensure interoperability, identifiers should be a valid uuid. warnings.warn(('Invalid uuid: %s. To ensure interoperability, '
2026-05-09 16:21:45.091 7 INFO neutron.db.segments_db [None req-554a5cb2-2054-4f43-b522-a15fa9a47676 4e4422d4c5914aeca340a39aa2ad27e8 c3059f9fdf0a468ead021367f721c5dd - - default default] Added segment 90664059-1adb-4620-8580-23d548f33003 of type geneve for network 5021ca99-d4b1-4753-94fc-73066ef9e0c3
2026-05-09 16:21:45.211 7 INFO neutron.db.ovn_revision_numbers_db [None req-554a5cb2-2054-4f43-b522-a15fa9a47676 4e4422d4c5914aeca340a39aa2ad27e8 c3059f9fdf0a468ead021367f721c5dd - - default default] Successfully bumped revision number for resource 5021ca99-d4b1-4753-94fc-73066ef9e0c3 (type: networks) to 1
2026-05-09 16:21:45.213 8 INFO neutron.db.ovn_revision_numbers_db [None req-c434bdbb-a0f5-4ca3-82b7-be4c03f619d7 284b267aa7d1482086bd9f2d02e52edd 919800f2dde04bf981e3558e43432a49 - - default default] Successfully bumped revision number for resource 4194f0cd-067f-473d-adcb-92973afc6194 (type: security_groups) to 1
2026-05-09 16:21:45.224 8 INFO neutron.db.ovn_revision_numbers_db [None req-c434bdbb-a0f5-4ca3-82b7-be4c03f619d7 284b267aa7d1482086bd9f2d02e52edd 919800f2dde04bf981e3558e43432a49 - - default default] Successfully bumped revision number for resource 5720f97f-3e81-4f90-ad4d-a22000feba07 (type: security_group_rules) to 0
2026-05-09 16:21:45.237 8 INFO neutron.db.ovn_revision_numbers_db [None req-c434bdbb-a0f5-4ca3-82b7-be4c03f619d7 284b267aa7d1482086bd9f2d02e52edd 919800f2dde04bf981e3558e43432a49 - - default default] Successfully bumped revision number for resource a7188cab-d6b0-49e0-9bfd-793164b9157a (type: security_group_rules) to 0
2026-05-09 16:21:45.251 8 INFO neutron.db.ovn_revision_numbers_db [None req-c434bdbb-a0f5-4ca3-82b7-be4c03f619d7 284b267aa7d1482086bd9f2d02e52edd 919800f2dde04bf981e3558e43432a49 - - default default] Successfully bumped revision number for resource eef29273-28cf-4a59-a8a8-b488101c056d (type: security_group_rules) to 0
2026-05-09 16:21:45.264 8 INFO neutron.db.ovn_revision_numbers_db [None req-c434bdbb-a0f5-4ca3-82b7-be4c03f619d7 284b267aa7d1482086bd9f2d02e52edd 919800f2dde04bf981e3558e43432a49 - - default default] Successfully bumped revision number for resource fc95d33c-5b18-4ece-b3a6-905499274eeb (type: security_group_rules) to 0
2026-05-09 16:21:45.345 8 INFO neutron.db.segments_db [None req-c434bdbb-a0f5-4ca3-82b7-be4c03f619d7 284b267aa7d1482086bd9f2d02e52edd 919800f2dde04bf981e3558e43432a49 - - default default] Added segment 54881c1e-55d7-4ee0-bc09-991c617c3ba0 of type geneve for network 91331b1a-83a5-412a-b4bf-b2635b434d1a
2026-05-09 16:21:45.349 7 WARNING neutron.scheduler.dhcp_agent_scheduler [None req-554a5cb2-2054-4f43-b522-a15fa9a47676 4e4422d4c5914aeca340a39aa2ad27e8 c3059f9fdf0a468ead021367f721c5dd - - default default] No more DHCP agents
2026-05-09 16:21:45.350 7 WARNING neutron.api.rpc.agentnotifiers.dhcp_rpc_agent_api [None req-554a5cb2-2054-4f43-b522-a15fa9a47676 4e4422d4c5914aeca340a39aa2ad27e8 c3059f9fdf0a468ead021367f721c5dd - - default default] Unable to schedule network 5021ca99-d4b1-4753-94fc-73066ef9e0c3: no agents available; will retry on subsequent port and subnet creation events.
2026-05-09 16:21:45.407 8 INFO neutron.plugins.ml2.drivers.ovn.mech_driver.mech_driver [None req-ef550eda-5d3d-4fd0-9f6a-2eec4f2513a0 - - - - - -] OVN reports status down for port: 3736eb9d-d914-423f-80c4-4d0a5c880e0d
2026-05-09 16:21:45.430 7 INFO neutron.db.ovn_revision_numbers_db [None req-554a5cb2-2054-4f43-b522-a15fa9a47676 4e4422d4c5914aeca340a39aa2ad27e8 c3059f9fdf0a468ead021367f721c5dd - - default default] Successfully bumped revision number for resource 3736eb9d-d914-423f-80c4-4d0a5c880e0d (type: ports) to 1 [pid: 7|app: 0|req: 347/676] 10.0.0.91 () {34 vars in 669 bytes} [Sat May 9 16:21:44 2026] POST /v2.0/networks => generated 669 bytes in 465 msecs (HTTP/1.1 201) 4 headers in 162 bytes (1 switches on core 0) [pid: 7|app: 0|req: 348/677] 10.0.0.159 () {34 vars in 990 bytes} [Sat May 9 16:21:45 2026] GET /v2.0/ports?device_id=b2aa7a89-4a75-4f1a-843a-25a73dfc3ffc => generated 973 bytes in 50 msecs (HTTP/1.1 200) 4 headers in 157 bytes (1 switches on core 0)
2026-05-09 16:21:45.538 8 INFO neutron.db.ovn_revision_numbers_db [None req-c434bdbb-a0f5-4ca3-82b7-be4c03f619d7 284b267aa7d1482086bd9f2d02e52edd 919800f2dde04bf981e3558e43432a49 - - default default] Successfully bumped revision number for resource 91331b1a-83a5-412a-b4bf-b2635b434d1a (type: networks) to 1
2026-05-09 16:21:45.598 8 INFO neutron.notifiers.nova [-] Nova event matching ['req-d698924b-5971-4178-89a2-50ef5ab1ef0f'] response: {'name': 'network-changed', 'server_uuid': 'b2aa7a89-4a75-4f1a-843a-25a73dfc3ffc', 'tag': '8d811d9c-57ab-4692-9d57-3ea7dabc7d53', 'status': 'completed', 'code': 200}
2026-05-09 16:21:45.715 8 WARNING neutron.scheduler.dhcp_agent_scheduler [None req-c434bdbb-a0f5-4ca3-82b7-be4c03f619d7 284b267aa7d1482086bd9f2d02e52edd 919800f2dde04bf981e3558e43432a49 - - default default] No more DHCP agents
2026-05-09 16:21:45.716 8 WARNING neutron.api.rpc.agentnotifiers.dhcp_rpc_agent_api [None req-c434bdbb-a0f5-4ca3-82b7-be4c03f619d7 284b267aa7d1482086bd9f2d02e52edd 919800f2dde04bf981e3558e43432a49 - - default default] Unable to schedule network 91331b1a-83a5-412a-b4bf-b2635b434d1a: no agents available; will retry on subsequent port and subnet creation events.
2026-05-09 16:21:45.776 8 INFO neutron.plugins.ml2.drivers.ovn.mech_driver.mech_driver [None req-ef550eda-5d3d-4fd0-9f6a-2eec4f2513a0 - - - - - -] OVN reports status down for port: 8658f9de-be65-451e-b2ee-3a98bb4a7513
2026-05-09 16:21:45.837 8 INFO neutron.db.ovn_revision_numbers_db [None req-c434bdbb-a0f5-4ca3-82b7-be4c03f619d7 284b267aa7d1482086bd9f2d02e52edd 919800f2dde04bf981e3558e43432a49 - - default default] Successfully bumped revision number for resource 8658f9de-be65-451e-b2ee-3a98bb4a7513 (type: ports) to 1 [pid: 8|app: 0|req: 330/678] 10.0.0.91 () {34 vars in 670 bytes} [Sat May 9 16:21:45 2026] POST /v2.0/networks => generated 766 bytes in 870 msecs (HTTP/1.1 201) 4 headers in 162 bytes (1 switches on core 0)
2026-05-09 16:21:45.960 7 WARNING neutron.scheduler.dhcp_agent_scheduler [None req-727ccd2f-2ad4-4c9d-997e-8f3dba2b3ccd 284b267aa7d1482086bd9f2d02e52edd 919800f2dde04bf981e3558e43432a49 - - default default] No more DHCP agents
2026-05-09 16:21:45.961 7 WARNING neutron.api.rpc.agentnotifiers.dhcp_rpc_agent_api [None req-727ccd2f-2ad4-4c9d-997e-8f3dba2b3ccd 284b267aa7d1482086bd9f2d02e52edd 919800f2dde04bf981e3558e43432a49 - - default default] Unable to schedule network f1393a56-1de1-4eea-afc4-b2d2486f33e8: no agents available; will retry on subsequent port and subnet creation events.
2026-05-09 16:21:46.051 8 INFO neutron.plugins.ml2.drivers.ovn.mech_driver.mech_driver [None req-ef550eda-5d3d-4fd0-9f6a-2eec4f2513a0 - - - - - -] OVN reports status down for port: e9929cb8-0538-4ef1-aa46-e0342d0ce228
2026-05-09 16:21:46.063 7 INFO neutron.db.ovn_revision_numbers_db [None req-727ccd2f-2ad4-4c9d-997e-8f3dba2b3ccd 284b267aa7d1482086bd9f2d02e52edd 919800f2dde04bf981e3558e43432a49 - - default default] Successfully bumped revision number for resource e9929cb8-0538-4ef1-aa46-e0342d0ce228 (type: ports) to 1
2026-05-09 16:21:46.293 8 WARNING neutron.scheduler.dhcp_agent_scheduler [None req-c89b81df-7078-424f-897a-7c4281f14450 4e4422d4c5914aeca340a39aa2ad27e8 c3059f9fdf0a468ead021367f721c5dd - - default default] No more DHCP agents
2026-05-09 16:21:46.294 8 WARNING neutron.api.rpc.agentnotifiers.dhcp_rpc_agent_api [None req-c89b81df-7078-424f-897a-7c4281f14450 4e4422d4c5914aeca340a39aa2ad27e8 c3059f9fdf0a468ead021367f721c5dd - - default default] Unable to schedule network 0d6acaf5-51db-4bf4-9beb-f82831a23e68: no agents available; will retry on subsequent port and subnet creation events.
2026-05-09 16:21:46.352 8 INFO neutron.plugins.ml2.drivers.ovn.mech_driver.mech_driver [None req-ef550eda-5d3d-4fd0-9f6a-2eec4f2513a0 - - - - - -] OVN reports status down for port: c7bef2de-706d-44d6-83e0-3a0fb775dfa7
2026-05-09 16:21:46.420 8 INFO neutron.db.ovn_revision_numbers_db [None req-c89b81df-7078-424f-897a-7c4281f14450 4e4422d4c5914aeca340a39aa2ad27e8 c3059f9fdf0a468ead021367f721c5dd - - default default] Successfully bumped revision number for resource c7bef2de-706d-44d6-83e0-3a0fb775dfa7 (type: ports) to 1
2026-05-09 16:21:46.506 8 WARNING neutron.scheduler.dhcp_agent_scheduler [None req-c89b81df-7078-424f-897a-7c4281f14450 4e4422d4c5914aeca340a39aa2ad27e8 c3059f9fdf0a468ead021367f721c5dd - - default default] No more DHCP agents
2026-05-09 16:21:46.507 8 WARNING neutron.api.rpc.agentnotifiers.dhcp_rpc_agent_api [None req-c89b81df-7078-424f-897a-7c4281f14450 4e4422d4c5914aeca340a39aa2ad27e8 c3059f9fdf0a468ead021367f721c5dd - - default default] Unable to schedule network 5021ca99-d4b1-4753-94fc-73066ef9e0c3: no agents available; will retry on subsequent port and subnet creation events.
2026-05-09 16:21:46.572 7 INFO neutron.plugins.ml2.drivers.ovn.mech_driver.mech_driver [None req-ff2a16ec-19fb-46a4-9213-7e0eb49190b4 - - - - - -] OVN reports status down for port: c49176f7-6cbc-4e38-9c57-e5fbeb4316c1
2026-05-09 16:21:46.586 8 INFO neutron.db.ovn_revision_numbers_db [None req-c89b81df-7078-424f-897a-7c4281f14450 4e4422d4c5914aeca340a39aa2ad27e8 c3059f9fdf0a468ead021367f721c5dd - - default default] Successfully bumped revision number for resource c49176f7-6cbc-4e38-9c57-e5fbeb4316c1 (type: ports) to 1 [pid: 8|app: 0|req: 331/679] 10.0.0.91 () {34 vars in 664 bytes} [Sat May 9 16:21:45 2026] POST /v2.0/ports => generated 1506 bytes in 769 msecs (HTTP/1.1 201) 4 headers in 163 bytes (1 switches on core 0) /var/lib/openstack/lib/python3.12/site-packages/pycadf/identifier.py:70: UserWarning: Invalid uuid: neutron. To ensure interoperability, identifiers should be a valid uuid. warnings.warn(('Invalid uuid: %s. To ensure interoperability, ' [pid: 8|app: 0|req: 332/680] 10.0.0.159 () {34 vars in 1040 bytes} [Sat May 9 16:21:46 2026] GET /v2.0/security-groups?id=7779ccc2-6e79-45a5-9e4f-184e3067ef6c&fields=id&fields=name => generated 113 bytes in 32 msecs (HTTP/1.1 200) 4 headers in 157 bytes (1 switches on core 0)
2026-05-09 16:21:46.690 7 INFO neutron.plugins.ml2.drivers.ovn.mech_driver.ovsdb.commands [None req-df88a300-48ca-44dc-8067-58946a4b71c2 - - - - - -] Schedule LRP lrp-e9929cb8-0538-4ef1-aa46-e0342d0ce228 on gateway 04bfc62c-2a89-4ad2-982f-c2da9f6ad5a8 with priority 1
2026-05-09 16:21:46.760 7 INFO neutron.plugins.ml2.drivers.ovn.mech_driver.ovsdb.ovsdb_monitor [None req-04a438d0-57b0-4217-a59b-a6d5c0344995 - - - - - -] Router 7c118095-4185-4b9c-87f4-4b611a1e56f3 is bound to host instance
2026-05-09 16:21:46.779 8 INFO neutron.plugins.ml2.drivers.ovn.mech_driver.mech_driver [None req-ef550eda-5d3d-4fd0-9f6a-2eec4f2513a0 - - - - - -] OVN reports status up for port: e9929cb8-0538-4ef1-aa46-e0342d0ce228
2026-05-09 16:21:46.801 8 INFO neutron.plugins.ml2.plugin [None req-ef550eda-5d3d-4fd0-9f6a-2eec4f2513a0 - - - - - -] Attempt 1 to provision port e9929cb8-0538-4ef1-aa46-e0342d0ce228
2026-05-09 16:21:46.811 7 INFO neutron.db.ovn_revision_numbers_db [None req-727ccd2f-2ad4-4c9d-997e-8f3dba2b3ccd 284b267aa7d1482086bd9f2d02e52edd 919800f2dde04bf981e3558e43432a49 - - default default] Successfully bumped revision number for resource e9929cb8-0538-4ef1-aa46-e0342d0ce228 (type: router_ports) to 1
2026-05-09 16:21:46.917 7 INFO neutron.db.ovn_revision_numbers_db [None req-727ccd2f-2ad4-4c9d-997e-8f3dba2b3ccd 284b267aa7d1482086bd9f2d02e52edd 919800f2dde04bf981e3558e43432a49 - - default default] Successfully bumped revision number for resource 7c118095-4185-4b9c-87f4-4b611a1e56f3 (type: routers) to 2
2026-05-09 16:21:46.933 8 WARNING neutron.scheduler.dhcp_agent_scheduler [None req-8c9e7b2c-ac26-44f5-bc5f-f7b3b6ad11b5 284b267aa7d1482086bd9f2d02e52edd 919800f2dde04bf981e3558e43432a49 - - default default] No more DHCP agents
2026-05-09 16:21:46.934 8 WARNING neutron.api.rpc.agentnotifiers.dhcp_rpc_agent_api [None req-8c9e7b2c-ac26-44f5-bc5f-f7b3b6ad11b5 284b267aa7d1482086bd9f2d02e52edd 919800f2dde04bf981e3558e43432a49 - - default default] Unable to schedule network 91331b1a-83a5-412a-b4bf-b2635b434d1a: no agents available; will retry on subsequent port and subnet creation events. [pid: 7|app: 0|req: 349/681] 10.0.0.91 () {34 vars in 668 bytes} [Sat May 9 16:21:45 2026] POST /v2.0/routers => generated 977 bytes in 1434 msecs (HTTP/1.1 201) 4 headers in 162 bytes (1 switches on core 0) [pid: 7|app: 0|req: 350/682] 199.204.45.157 () {34 vars in 1080 bytes} [Sat May 9 16:21:46 2026] GET /v2.0/ports?tenant_id=ea704fb265814e6aafec22f24cb03b66&device_id=b2aa7a89-4a75-4f1a-843a-25a73dfc3ffc => generated 1211 bytes in 98 msecs (HTTP/1.1 200) 4 headers in 158 bytes (1 switches on core 0) [pid: 7|app: 0|req: 351/683] 10.0.0.91 () {32 vars in 642 bytes} [Sat May 9 16:21:47 2026] GET /v2.0/ports => generated 3018 bytes in 223 msecs (HTTP/1.1 200) 4 headers in 158 bytes (1 switches on core 0)
2026-05-09 16:21:47.333 8 INFO neutron.db.ovn_revision_numbers_db [None req-161081dc-5c15-4ef8-8b6b-606430ece06e - - - - - -] Successfully bumped revision number for resource 8658f9de-be65-451e-b2ee-3a98bb4a7513 (type: ports) to 2
2026-05-09 16:21:47.365 8 INFO neutron.db.ovn_revision_numbers_db [None req-161081dc-5c15-4ef8-8b6b-606430ece06e - - - - - -] Successfully bumped revision number for resource d7328a6b-5f55-497c-a988-f001b2815427 (type: subnets) to 0 [pid: 8|app: 0|req: 333/684] 10.0.0.91 () {34 vars in 668 bytes} [Sat May 9 16:21:46 2026] POST /v2.0/subnets => generated 691 bytes in 700 msecs (HTTP/1.1 201) 4 headers in 162 bytes (1 switches on core 0) [pid: 8|app: 0|req: 334/685] 199.204.45.157 () {34 vars in 1060 bytes} [Sat May 9 16:21:47 2026] GET /v2.0/floatingips?fixed_ip_address=10.100.0.12&port_id=8d811d9c-57ab-4692-9d57-3ea7dabc7d53 => generated 19 bytes in 41 msecs (HTTP/1.1 200) 4 headers in 156 bytes (1 switches on core 0)
2026-05-09 16:21:47.583 8 INFO neutron_taas.services.taas.taas_plugin [None req-ea38993f-d96e-4c68-942d-ab84c6d6b538 4e4422d4c5914aeca340a39aa2ad27e8 c3059f9fdf0a468ead021367f721c5dd - - default default] TaaS: Handle Delete Port: c7bef2de-706d-44d6-83e0-3a0fb775dfa7
2026-05-09 16:21:47.588 8 INFO neutron_taas.services.taas.tap_mirror_plugin [None req-ea38993f-d96e-4c68-942d-ab84c6d6b538 4e4422d4c5914aeca340a39aa2ad27e8 c3059f9fdf0a468ead021367f721c5dd - - default default] Tap Mirror: Handle Delete Port: c7bef2de-706d-44d6-83e0-3a0fb775dfa7 [pid: 8|app: 0|req: 335/686] 10.0.0.91 () {32 vars in 719 bytes} [Sat May 9 16:21:47 2026] DELETE /v2.0/ports/c7bef2de-706d-44d6-83e0-3a0fb775dfa7 => generated 0 bytes in 275 msecs (HTTP/1.1 204) 3 headers in 131 bytes (1 switches on core 0)
2026-05-09 16:21:47.983 7 WARNING neutron.scheduler.dhcp_agent_scheduler [None req-08f578ab-bb20-4067-a794-a7472b80496e 284b267aa7d1482086bd9f2d02e52edd 919800f2dde04bf981e3558e43432a49 - - default default] No more DHCP agents
2026-05-09 16:21:47.993 7 WARNING neutron.api.rpc.agentnotifiers.dhcp_rpc_agent_api [None req-08f578ab-bb20-4067-a794-a7472b80496e 284b267aa7d1482086bd9f2d02e52edd 919800f2dde04bf981e3558e43432a49 - - default default] Unable to schedule network 83e6e8bf-f6aa-4524-90ba-4f50ec54ac31: no agents available; will retry on subsequent port and subnet creation events.
2026-05-09 16:21:48.099 8 WARNING neutron.scheduler.dhcp_agent_scheduler [None req-2d316ff3-cf75-4eae-86ee-e903e6404d57 284b267aa7d1482086bd9f2d02e52edd 919800f2dde04bf981e3558e43432a49 - - default default] No more DHCP agents
2026-05-09 16:21:48.100 8 WARNING neutron.api.rpc.agentnotifiers.dhcp_rpc_agent_api [None req-2d316ff3-cf75-4eae-86ee-e903e6404d57 284b267aa7d1482086bd9f2d02e52edd 919800f2dde04bf981e3558e43432a49 - - default default] Unable to schedule network f1393a56-1de1-4eea-afc4-b2d2486f33e8: no agents available; will retry on subsequent port and subnet creation events.
2026-05-09 16:21:48.169 7 INFO neutron.db.ovn_revision_numbers_db [None req-9165bd9a-36f2-407f-88c7-a8f10e8e65b7 - - - - - -] Successfully bumped revision number for resource e9929cb8-0538-4ef1-aa46-e0342d0ce228 (type: ports) to 4
2026-05-09 16:21:48.193 7 INFO neutron.db.ovn_revision_numbers_db [None req-08f578ab-bb20-4067-a794-a7472b80496e 284b267aa7d1482086bd9f2d02e52edd 919800f2dde04bf981e3558e43432a49 - - default default] Successfully bumped revision number for resource ad825780-f406-47f1-9470-a53b226382d2 (type: ports) to 1
2026-05-09 16:21:48.278 8 INFO neutron.db.ovn_revision_numbers_db [None req-2d316ff3-cf75-4eae-86ee-e903e6404d57 284b267aa7d1482086bd9f2d02e52edd 919800f2dde04bf981e3558e43432a49 - - default default] Successfully bumped revision number for resource 625edf02-1ac7-4b6f-85ca-701ae5a4fad8 (type: ports) to 1
2026-05-09 16:21:48.766 7 INFO neutron.db.ovn_revision_numbers_db [None req-9165bd9a-36f2-407f-88c7-a8f10e8e65b7 - - - - - -] Successfully bumped revision number for resource e9929cb8-0538-4ef1-aa46-e0342d0ce228 (type: ports) to 5
2026-05-09 16:21:48.914 8 INFO neutron.plugins.ml2.drivers.ovn.mech_driver.ovsdb.commands [None req-f2770dd5-7b26-4764-8f03-0a14528a1b84 - - - - - -] Schedule LRP lrp-625edf02-1ac7-4b6f-85ca-701ae5a4fad8 on gateway 04bfc62c-2a89-4ad2-982f-c2da9f6ad5a8 with priority 1
2026-05-09 16:21:48.958 8 INFO neutron.plugins.ml2.drivers.ovn.mech_driver.ovsdb.ovsdb_monitor [None req-55986d0f-f659-41e9-94d0-c6f397721e1d - - - - - -] Router 4cdbd502-1b7f-4a51-ba7b-c96dc02b8c2d is bound to host instance
2026-05-09 16:21:49.044 8 INFO neutron.db.ovn_revision_numbers_db [None req-2d316ff3-cf75-4eae-86ee-e903e6404d57 284b267aa7d1482086bd9f2d02e52edd 919800f2dde04bf981e3558e43432a49 - - default default] Successfully bumped revision number for resource 625edf02-1ac7-4b6f-85ca-701ae5a4fad8 (type: router_ports) to 1
2026-05-09 16:21:49.151 7 WARNING neutron.scheduler.dhcp_agent_scheduler [None req-08f578ab-bb20-4067-a794-a7472b80496e 284b267aa7d1482086bd9f2d02e52edd 919800f2dde04bf981e3558e43432a49 - - default default] No more DHCP agents
2026-05-09 16:21:49.152 7 WARNING neutron.api.rpc.agentnotifiers.dhcp_rpc_agent_api [None req-08f578ab-bb20-4067-a794-a7472b80496e 284b267aa7d1482086bd9f2d02e52edd 919800f2dde04bf981e3558e43432a49 - - default default] Unable to schedule network 83e6e8bf-f6aa-4524-90ba-4f50ec54ac31: no agents available; will retry on subsequent port and subnet creation events.
2026-05-09 16:21:49.186 8 INFO neutron.db.ovn_revision_numbers_db [None req-2d316ff3-cf75-4eae-86ee-e903e6404d57 284b267aa7d1482086bd9f2d02e52edd 919800f2dde04bf981e3558e43432a49 - - default default] Successfully bumped revision number for resource 4cdbd502-1b7f-4a51-ba7b-c96dc02b8c2d (type: routers) to 2 [pid: 8|app: 0|req: 336/687] 10.0.0.91 () {34 vars in 668 bytes} [Sat May 9 16:21:47 2026] POST /v2.0/routers => generated 969 bytes in 1515 msecs (HTTP/1.1 201) 4 headers in 162 bytes (1 switches on core 0) [pid: 8|app: 0|req: 337/688] 199.204.45.157 () {34 vars in 984 bytes} [Sat May 9 16:21:49 2026] GET /v2.0/subnets?id=bf36fdaa-a8da-4305-83fc-cbd192ba8fd4 => generated 687 bytes in 77 msecs (HTTP/1.1 200) 4 headers in 157 bytes (1 switches on core 0)
2026-05-09 16:21:49.498 8 INFO neutron.plugins.ml2.drivers.ovn.mech_driver.mech_driver [None req-ef550eda-5d3d-4fd0-9f6a-2eec4f2513a0 - - - - - -] OVN reports status down for port: ad825780-f406-47f1-9470-a53b226382d2
2026-05-09 16:21:49.539 8 INFO neutron_taas.services.taas.taas_plugin [None req-150d932d-2e22-488d-985e-13f35b93938c 4e4422d4c5914aeca340a39aa2ad27e8 c3059f9fdf0a468ead021367f721c5dd - - default default] TaaS: Handle Delete Port: c49176f7-6cbc-4e38-9c57-e5fbeb4316c1
2026-05-09 16:21:49.552 8 INFO neutron_taas.services.taas.tap_mirror_plugin [None req-150d932d-2e22-488d-985e-13f35b93938c 4e4422d4c5914aeca340a39aa2ad27e8 c3059f9fdf0a468ead021367f721c5dd - - default default] Tap Mirror: Handle Delete Port: c49176f7-6cbc-4e38-9c57-e5fbeb4316c1
2026-05-09 16:21:49.568 7 INFO neutron.db.ovn_revision_numbers_db [None req-08f578ab-bb20-4067-a794-a7472b80496e 284b267aa7d1482086bd9f2d02e52edd 919800f2dde04bf981e3558e43432a49 - - default default] Successfully bumped revision number for resource ad825780-f406-47f1-9470-a53b226382d2 (type: router_ports) to 1 [pid: 7|app: 0|req: 352/689] 10.0.0.91 () {34 vars in 782 bytes} [Sat May 9 16:21:47 2026] PUT /v2.0/routers/7c118095-4185-4b9c-87f4-4b611a1e56f3/add_router_interface => generated 309 bytes in 2310 msecs (HTTP/1.1 200) 4 headers in 157 bytes (1 switches on core 0) [pid: 7|app: 0|req: 353/690] 10.0.0.159 () {34 vars in 990 bytes} [Sat May 9 16:21:49 2026] GET /v2.0/ports?device_id=b2aa7a89-4a75-4f1a-843a-25a73dfc3ffc => generated 973 bytes in 82 msecs (HTTP/1.1 200) 4 headers in 157 bytes (1 switches on core 0)
2026-05-09 16:21:49.770 8 WARNING neutron.plugins.ml2.drivers.ovn.mech_driver.ovsdb.ovn_client [None req-ef550eda-5d3d-4fd0-9f6a-2eec4f2513a0 - - - - - -] Logical_Switch_Port %s host information not removed, the port state is up
2026-05-09 16:21:49.771 8 INFO neutron.plugins.ml2.drivers.ovn.mech_driver.mech_driver [None req-ef550eda-5d3d-4fd0-9f6a-2eec4f2513a0 - - - - - -] OVN reports status down for port: 625edf02-1ac7-4b6f-85ca-701ae5a4fad8 [pid: 8|app: 0|req: 338/691] 10.0.0.91 () {32 vars in 719 bytes} [Sat May 9 16:21:49 2026] DELETE /v2.0/ports/c49176f7-6cbc-4e38-9c57-e5fbeb4316c1 => generated 0 bytes in 629 msecs (HTTP/1.1 204) 3 headers in 131 bytes (1 switches on core 0)
2026-05-09 16:21:49.960 8 WARNING neutron.plugins.ml2.drivers.ovn.mech_driver.ovsdb.ovn_client [None req-ef550eda-5d3d-4fd0-9f6a-2eec4f2513a0 - - - - - -] Logical_Switch_Port %s host information not removed, the port state is up
2026-05-09 16:21:49.961 8 INFO neutron.plugins.ml2.drivers.ovn.mech_driver.mech_driver [None req-ef550eda-5d3d-4fd0-9f6a-2eec4f2513a0 - - - - - -] OVN reports status up for port: 625edf02-1ac7-4b6f-85ca-701ae5a4fad8
2026-05-09 16:21:50.018 8 INFO neutron.plugins.ml2.plugin [None req-ef550eda-5d3d-4fd0-9f6a-2eec4f2513a0 - - - - - -] Attempt 1 to provision port 625edf02-1ac7-4b6f-85ca-701ae5a4fad8 [pid: 8|app: 0|req: 339/692] 199.204.45.157 () {34 vars in 1052 bytes} [Sat May 9 16:21:49 2026] GET /v2.0/ports?network_id=52c30b73-2d89-444a-a009-ec4e07e77b22&device_owner=network%3Adhcp => generated 12 bytes in 106 msecs (HTTP/1.1 200) 4 headers in 156 bytes (1 switches on core 0)
2026-05-09 16:21:50.094 7 WARNING neutron.scheduler.dhcp_agent_scheduler [None req-a409b896-d9d7-4419-8923-6e949b95d68c 284b267aa7d1482086bd9f2d02e52edd 919800f2dde04bf981e3558e43432a49 - - default default] No more DHCP agents
2026-05-09 16:21:50.096 7 WARNING neutron.api.rpc.agentnotifiers.dhcp_rpc_agent_api [None req-a409b896-d9d7-4419-8923-6e949b95d68c 284b267aa7d1482086bd9f2d02e52edd 919800f2dde04bf981e3558e43432a49 - - default default] Unable to schedule network 91331b1a-83a5-412a-b4bf-b2635b434d1a: no agents available; will retry on subsequent port and subnet creation events. [pid: 8|app: 0|req: 340/693] 10.0.0.159 () {34 vars in 1040 bytes} [Sat May 9 16:21:50 2026] GET /v2.0/security-groups?id=7779ccc2-6e79-45a5-9e4f-184e3067ef6c&fields=id&fields=name => generated 113 bytes in 108 msecs (HTTP/1.1 200) 4 headers in 157 bytes (1 switches on core 0)
2026-05-09 16:21:50.240 7 INFO neutron.db.ovn_revision_numbers_db [None req-a409b896-d9d7-4419-8923-6e949b95d68c 284b267aa7d1482086bd9f2d02e52edd 919800f2dde04bf981e3558e43432a49 - - default default] Successfully bumped revision number for resource 480a0621-d2f1-43de-86e3-c94ec65124f5 (type: ports) to 1
2026-05-09 16:21:50.608 8 INFO neutron.plugins.ml2.drivers.ovn.mech_driver.mech_driver [None req-ef550eda-5d3d-4fd0-9f6a-2eec4f2513a0 - - - - - -] OVN reports status up for port: ad825780-f406-47f1-9470-a53b226382d2 [pid: 8|app: 0|req: 341/694] 10.0.0.91 () {32 vars in 642 bytes} [Sat May 9 16:21:50 2026] GET /v2.0/ports => generated 1523 bytes in 486 msecs (HTTP/1.1 200) 4 headers in 158 bytes (1 switches on core 0)
2026-05-09 16:21:50.639 8 INFO neutron.plugins.ml2.plugin [None req-ef550eda-5d3d-4fd0-9f6a-2eec4f2513a0 - - - - - -] Attempt 1 to provision port ad825780-f406-47f1-9470-a53b226382d2
2026-05-09 16:21:50.964 8 INFO neutron.db.ovn_revision_numbers_db [None req-7dc68049-5461-46df-a6fd-eec1e1af6f99 afdcc6cccd9d43b8a91e4d3a8d2ec517 6527a52693814236be8604fb03a1b1d6 - - default default] Successfully bumped revision number for resource 717b48d4-1e78-4052-b55a-688e63306bdc (type: security_groups) to 1
2026-05-09 16:21:51.003 8 INFO neutron.db.ovn_revision_numbers_db [None req-7dc68049-5461-46df-a6fd-eec1e1af6f99 afdcc6cccd9d43b8a91e4d3a8d2ec517 6527a52693814236be8604fb03a1b1d6 - - default default] Successfully bumped revision number for resource 52e77d89-4753-4894-9161-cdddb40268c4 (type: security_group_rules) to 0
2026-05-09 16:21:51.029 8 INFO neutron.db.ovn_revision_numbers_db [None req-7dc68049-5461-46df-a6fd-eec1e1af6f99 afdcc6cccd9d43b8a91e4d3a8d2ec517 6527a52693814236be8604fb03a1b1d6 - - default default] Successfully bumped revision number for resource c38598e3-b2c4-4c14-b5f7-9445faebeb0c (type: security_group_rules) to 0
2026-05-09 16:21:51.122 7 WARNING neutron.scheduler.dhcp_agent_scheduler [None req-a409b896-d9d7-4419-8923-6e949b95d68c 284b267aa7d1482086bd9f2d02e52edd 919800f2dde04bf981e3558e43432a49 - - default default] No more DHCP agents
2026-05-09 16:21:51.123 7 WARNING neutron.api.rpc.agentnotifiers.dhcp_rpc_agent_api [None req-a409b896-d9d7-4419-8923-6e949b95d68c 284b267aa7d1482086bd9f2d02e52edd 919800f2dde04bf981e3558e43432a49 - - default default] Unable to schedule network 91331b1a-83a5-412a-b4bf-b2635b434d1a: no agents available; will retry on subsequent port and subnet creation events. [pid: 8|app: 0|req: 342/695] 10.0.0.91 () {34 vars in 684 bytes} [Sat May 9 16:21:50 2026] POST /v2.0/security-groups => generated 1659 bytes in 555 msecs (HTTP/1.1 201) 4 headers in 163 bytes (1 switches on core 0) [pid: 8|app: 0|req: 343/696] 199.204.45.157 () {34 vars in 1012 bytes} [Sat May 9 16:21:51 2026] GET /v2.0/networks/52c30b73-2d89-444a-a009-ec4e07e77b22?fields=segments => generated 14 bytes in 144 msecs (HTTP/1.1 200) 4 headers in 156 bytes (1 switches on core 0)
2026-05-09 16:21:51.464 8 INFO neutron.db.ovn_revision_numbers_db [None req-78b8a8dd-1562-4237-af07-e97931a1ddac - - - - - -] Successfully bumped revision number for resource 625edf02-1ac7-4b6f-85ca-701ae5a4fad8 (type: ports) to 4
2026-05-09 16:21:51.537 7 INFO neutron.db.ovn_revision_numbers_db [None req-a409b896-d9d7-4419-8923-6e949b95d68c 284b267aa7d1482086bd9f2d02e52edd 919800f2dde04bf981e3558e43432a49 - - default default] Successfully bumped revision number for resource 480a0621-d2f1-43de-86e3-c94ec65124f5 (type: router_ports) to 1 [pid: 7|app: 0|req: 354/697] 10.0.0.91 () {34 vars in 782 bytes} [Sat May 9 16:21:49 2026] PUT /v2.0/routers/4cdbd502-1b7f-4a51-ba7b-c96dc02b8c2d/add_router_interface => generated 309 bytes in 1884 msecs (HTTP/1.1 200) 4 headers in 157 bytes (1 switches on core 0)
2026-05-09 16:21:51.547 8 INFO neutron.db.segments_db [None req-6ced4dec-4b68-449b-8e38-fee2b01cdd8e 4e4422d4c5914aeca340a39aa2ad27e8 c3059f9fdf0a468ead021367f721c5dd - - default default] Added segment 1ed2bfc5-754b-47dc-aae5-edd87f95fcb3 of type geneve for network 54c4214a-a747-445d-9235-19b08ad48e24
2026-05-09 16:21:51.664 7 INFO neutron.db.ovn_revision_numbers_db [None req-a8b9f0e2-becd-494a-88a5-b0ba6fcb8ac7 afdcc6cccd9d43b8a91e4d3a8d2ec517 6527a52693814236be8604fb03a1b1d6 - - default default] Successfully bumped revision number for resource c0936028-1246-40e1-8e33-707c475c37b4 (type: security_group_rules) to 0 [pid: 7|app: 0|req: 355/698] 10.0.0.91 () {34 vars in 694 bytes} [Sat May 9 16:21:51 2026] POST /v2.0/security-group-rules => generated 597 bytes in 155 msecs (HTTP/1.1 201) 4 headers in 162 bytes (1 switches on core 0) [pid: 7|app: 0|req: 356/699] 10.0.0.159 () {34 vars in 990 bytes} [Sat May 9 16:21:51 2026] GET /v2.0/ports?device_id=b2aa7a89-4a75-4f1a-843a-25a73dfc3ffc => generated 973 bytes in 30 msecs (HTTP/1.1 200) 4 headers in 157 bytes (1 switches on core 0) [pid: 7|app: 0|req: 357/700] 199.204.45.157 () {34 vars in 1112 bytes} [Sat May 9 16:21:51 2026] GET /v2.0/networks/52c30b73-2d89-444a-a009-ec4e07e77b22?fields=provider%3Aphysical_network&fields=provider%3Anetwork_type => generated 79 bytes in 26 msecs (HTTP/1.1 200) 4 headers in 156 bytes (1 switches on core 0)
2026-05-09 16:21:51.764 8 INFO neutron.db.ovn_revision_numbers_db [None req-ef550eda-5d3d-4fd0-9f6a-2eec4f2513a0 - - - - - -] Successfully bumped revision number for resource ad825780-f406-47f1-9470-a53b226382d2 (type: ports) to 2
2026-05-09 16:21:51.852 7 INFO neutron.db.ovn_revision_numbers_db [None req-c3b55d77-e483-4aea-a14b-427457079119 afdcc6cccd9d43b8a91e4d3a8d2ec517 6527a52693814236be8604fb03a1b1d6 - - default default] Successfully bumped revision number for resource b6e18f0b-cbe2-4a4b-8025-66ff743c47cf (type: security_group_rules) to 0 [pid: 7|app: 0|req: 358/701] 10.0.0.91 () {34 vars in 694 bytes} [Sat May 9 16:21:51 2026] POST /v2.0/security-group-rules => generated 602 bytes in 124 msecs (HTTP/1.1 201) 4 headers in 162 bytes (1 switches on core 0) [pid: 7|app: 0|req: 359/702] 10.0.0.159 () {34 vars in 1040 bytes} [Sat May 9 16:21:51 2026] GET /v2.0/security-groups?id=7779ccc2-6e79-45a5-9e4f-184e3067ef6c&fields=id&fields=name => generated 113 bytes in 39 msecs (HTTP/1.1 200) 4 headers in 157 bytes (1 switches on core 0)
2026-05-09 16:21:51.992 8 INFO neutron.db.ovn_revision_numbers_db [None req-6ced4dec-4b68-449b-8e38-fee2b01cdd8e 4e4422d4c5914aeca340a39aa2ad27e8 c3059f9fdf0a468ead021367f721c5dd - - default default] Successfully bumped revision number for resource 54c4214a-a747-445d-9235-19b08ad48e24 (type: networks) to 1
2026-05-09 16:21:52.128 7 WARNING neutron.scheduler.dhcp_agent_scheduler [None req-e8e599fa-dc86-4e89-b9dd-79626ed2ba67 afdcc6cccd9d43b8a91e4d3a8d2ec517 6527a52693814236be8604fb03a1b1d6 - - default default] No more DHCP agents
2026-05-09 16:21:52.130 7 WARNING neutron.api.rpc.agentnotifiers.dhcp_rpc_agent_api [None req-e8e599fa-dc86-4e89-b9dd-79626ed2ba67 afdcc6cccd9d43b8a91e4d3a8d2ec517 6527a52693814236be8604fb03a1b1d6 - - default default] Unable to schedule network f1393a56-1de1-4eea-afc4-b2d2486f33e8: no agents available; will retry on subsequent port and subnet creation events. [pid: 7|app: 0|req: 360/703] 10.0.0.91 () {34 vars in 675 bytes} [Sat May 9 16:21:51 2026] POST /v2.0/floatingips => generated 552 bytes in 479 msecs (HTTP/1.1 201) 4 headers in 162 bytes (1 switches on core 0)
2026-05-09 16:21:52.405 8 WARNING neutron.scheduler.dhcp_agent_scheduler [None req-6ced4dec-4b68-449b-8e38-fee2b01cdd8e 4e4422d4c5914aeca340a39aa2ad27e8 c3059f9fdf0a468ead021367f721c5dd - - default default] No more DHCP agents
2026-05-09 16:21:52.409 8 WARNING neutron.api.rpc.agentnotifiers.dhcp_rpc_agent_api [None req-6ced4dec-4b68-449b-8e38-fee2b01cdd8e 4e4422d4c5914aeca340a39aa2ad27e8 c3059f9fdf0a468ead021367f721c5dd - - default default] Unable to schedule network 54c4214a-a747-445d-9235-19b08ad48e24: no agents available; will retry on subsequent port and subnet creation events.
2026-05-09 16:21:52.457 8 INFO neutron.db.ovn_revision_numbers_db [None req-78b8a8dd-1562-4237-af07-e97931a1ddac - - - - - -] Successfully bumped revision number for resource 625edf02-1ac7-4b6f-85ca-701ae5a4fad8 (type: ports) to 5
2026-05-09 16:21:52.494 7 INFO neutron.plugins.ml2.drivers.ovn.mech_driver.mech_driver [None req-ff2a16ec-19fb-46a4-9213-7e0eb49190b4 - - - - - -] OVN reports status down for port: ac49f832-5dbd-4ea0-b244-b5c94289a232
2026-05-09 16:21:52.530 7 INFO neutron.db.ovn_revision_numbers_db [None req-2e416ccf-f590-464e-a165-f742f35943db 27ace78632504d15981c636a5faaf593 6b62fe637962434fb3132c40ceee8859 - - default default] Successfully bumped revision number for resource d928a8bc-41f9-4d1e-8f82-f4112047db7e (type: security_groups) to 1
2026-05-09 16:21:52.543 7 INFO neutron.db.ovn_revision_numbers_db [None req-2e416ccf-f590-464e-a165-f742f35943db 27ace78632504d15981c636a5faaf593 6b62fe637962434fb3132c40ceee8859 - - default default] Successfully bumped revision number for resource 4b8c7129-7142-437f-b16b-54311e00b631 (type: security_group_rules) to 0
2026-05-09 16:21:52.553 7 INFO neutron.db.ovn_revision_numbers_db [None req-2e416ccf-f590-464e-a165-f742f35943db 27ace78632504d15981c636a5faaf593 6b62fe637962434fb3132c40ceee8859 - - default default] Successfully bumped revision number for resource 7071554d-ca14-44ea-a293-9f3fae521448 (type: security_group_rules) to 0
2026-05-09 16:21:52.567 8 INFO neutron.db.ovn_revision_numbers_db [None req-6ced4dec-4b68-449b-8e38-fee2b01cdd8e 4e4422d4c5914aeca340a39aa2ad27e8 c3059f9fdf0a468ead021367f721c5dd - - default default] Successfully bumped revision number for resource ac49f832-5dbd-4ea0-b244-b5c94289a232 (type: ports) to 1 [pid: 7|app: 0|req: 361/704] 10.0.0.91 () {34 vars in 684 bytes} [Sat May 9 16:21:52 2026] POST /v2.0/security-groups => generated 1660 bytes in 202 msecs (HTTP/1.1 201) 4 headers in 163 bytes (1 switches on core 0) [pid: 8|app: 0|req: 344/705] 10.0.0.91 () {34 vars in 669 bytes} [Sat May 9 16:21:51 2026] POST /v2.0/networks => generated 668 bytes in 1298 msecs (HTTP/1.1 201) 4 headers in 162 bytes (1 switches on core 0)
2026-05-09 16:21:52.711 8 INFO neutron.db.segments_db [None req-996c2f85-5e3c-498c-8a43-90b78cb118cf 4e4422d4c5914aeca340a39aa2ad27e8 c3059f9fdf0a468ead021367f721c5dd - - default default] Added segment 09962e08-eb18-4915-a5be-e014684192db of type geneve for network 366bc0e5-197c-4916-b63a-738c9b1b7d71
2026-05-09 16:21:52.717 7 INFO neutron.db.ovn_revision_numbers_db [None req-038ac53f-29a3-49e9-a631-9cbd1ca84ed5 27ace78632504d15981c636a5faaf593 6b62fe637962434fb3132c40ceee8859 - - default default] Successfully bumped revision number for resource 63122fbd-2e6b-4106-b8e2-5ef174ad6bb9 (type: security_group_rules) to 0 [pid: 7|app: 0|req: 362/706] 10.0.0.91 () {34 vars in 694 bytes} [Sat May 9 16:21:52 2026] POST /v2.0/security-group-rules => generated 597 bytes in 137 msecs (HTTP/1.1 201) 4 headers in 162 bytes (1 switches on core 0)
2026-05-09 16:21:52.824 8 INFO neutron.db.ovn_revision_numbers_db [None req-996c2f85-5e3c-498c-8a43-90b78cb118cf 4e4422d4c5914aeca340a39aa2ad27e8 c3059f9fdf0a468ead021367f721c5dd - - default default] Successfully bumped revision number for resource 366bc0e5-197c-4916-b63a-738c9b1b7d71 (type: networks) to 1
2026-05-09 16:21:52.883 7 INFO neutron.db.ovn_revision_numbers_db [None req-ad4fc961-4726-48a4-9351-64dd794724ae 27ace78632504d15981c636a5faaf593 6b62fe637962434fb3132c40ceee8859 - - default default] Successfully bumped revision number for resource 6ae6d86e-b6b1-43eb-b342-1c04f8ed8db4 (type: security_group_rules) to 0 [pid: 7|app: 0|req: 363/707] 10.0.0.91 () {34 vars in 694 bytes} [Sat May 9 16:21:52 2026] POST /v2.0/security-group-rules => generated 602 bytes in 168 msecs (HTTP/1.1 201) 4 headers in 162 bytes (1 switches on core 0) [pid: 7|app: 0|req: 364/708] 199.204.45.157 () {34 vars in 1080 bytes} [Sat May 9 16:21:52 2026] GET /v2.0/ports?tenant_id=ea704fb265814e6aafec22f24cb03b66&device_id=b2aa7a89-4a75-4f1a-843a-25a73dfc3ffc => generated 1211 bytes in 29 msecs (HTTP/1.1 200) 4 headers in 158 bytes (1 switches on core 0) [pid: 7|app: 0|req: 365/709] 10.0.0.159 () {34 vars in 1100 bytes} [Sat May 9 16:21:52 2026] GET /v2.0/security-groups?name=tempest-securitygroup--1617403321&fields=id&tenant_id=6527a52693814236be8604fb03a1b1d6 => generated 69 bytes in 36 msecs (HTTP/1.1 200) 4 headers in 156 bytes (1 switches on core 0)
2026-05-09 16:21:52.997 8 WARNING neutron.scheduler.dhcp_agent_scheduler [None req-996c2f85-5e3c-498c-8a43-90b78cb118cf 4e4422d4c5914aeca340a39aa2ad27e8 c3059f9fdf0a468ead021367f721c5dd - - default default] No more DHCP agents
2026-05-09 16:21:52.998 8 WARNING neutron.api.rpc.agentnotifiers.dhcp_rpc_agent_api [None req-996c2f85-5e3c-498c-8a43-90b78cb118cf 4e4422d4c5914aeca340a39aa2ad27e8 c3059f9fdf0a468ead021367f721c5dd - - default default] Unable to schedule network 366bc0e5-197c-4916-b63a-738c9b1b7d71: no agents available; will retry on subsequent port and subnet creation events.
2026-05-09 16:21:53.058 7 INFO neutron.plugins.ml2.drivers.ovn.mech_driver.mech_driver [None req-ff2a16ec-19fb-46a4-9213-7e0eb49190b4 - - - - - -] OVN reports status down for port: faca8ea5-657d-41fe-9da6-2a58625212f9
2026-05-09 16:21:53.086 8 INFO neutron.db.ovn_revision_numbers_db [None req-996c2f85-5e3c-498c-8a43-90b78cb118cf 4e4422d4c5914aeca340a39aa2ad27e8 c3059f9fdf0a468ead021367f721c5dd - - default default] Successfully bumped revision number for resource faca8ea5-657d-41fe-9da6-2a58625212f9 (type: ports) to 1 [pid: 8|app: 0|req: 345/710] 10.0.0.91 () {34 vars in 669 bytes} [Sat May 9 16:21:52 2026] POST /v2.0/networks => generated 669 bytes in 483 msecs (HTTP/1.1 201) 4 headers in 162 bytes (1 switches on core 0) [pid: 8|app: 0|req: 346/711] 199.204.45.157 () {34 vars in 986 bytes} [Sat May 9 16:21:53 2026] GET /v2.0/networks?id=52c30b73-2d89-444a-a009-ec4e07e77b22 => generated 806 bytes in 45 msecs (HTTP/1.1 200) 4 headers in 157 bytes (1 switches on core 0) [pid: 8|app: 0|req: 347/712] 10.0.0.159 () {34 vars in 990 bytes} [Sat May 9 16:21:53 2026] GET /v2.0/ports?device_id=b2aa7a89-4a75-4f1a-843a-25a73dfc3ffc => generated 973 bytes in 76 msecs (HTTP/1.1 200) 4 headers in 157 bytes (1 switches on core 0)
2026-05-09 16:21:53.260 7 WARNING neutron.scheduler.dhcp_agent_scheduler [None req-ea6c98bc-5c2a-459f-b645-356d70d15d46 27ace78632504d15981c636a5faaf593 6b62fe637962434fb3132c40ceee8859 - - default default] No more DHCP agents
2026-05-09 16:21:53.261 7 WARNING neutron.api.rpc.agentnotifiers.dhcp_rpc_agent_api [None req-ea6c98bc-5c2a-459f-b645-356d70d15d46 27ace78632504d15981c636a5faaf593 6b62fe637962434fb3132c40ceee8859 - - default default] Unable to schedule network f1393a56-1de1-4eea-afc4-b2d2486f33e8: no agents available; will retry on subsequent port and subnet creation events. [pid: 8|app: 0|req: 348/713] 10.0.0.159 () {34 vars in 982 bytes} [Sat May 9 16:21:53 2026] GET /v2.0/networks?id=83e6e8bf-f6aa-4524-90ba-4f50ec54ac31 => generated 722 bytes in 40 msecs (HTTP/1.1 200) 4 headers in 157 bytes (1 switches on core 0) [pid: 7|app: 0|req: 366/714] 10.0.0.91 () {34 vars in 675 bytes} [Sat May 9 16:21:52 2026] POST /v2.0/floatingips => generated 552 bytes in 534 msecs (HTTP/1.1 201) 4 headers in 162 bytes (1 switches on core 0) [pid: 7|app: 0|req: 367/715] 199.204.45.157 () {34 vars in 1060 bytes} [Sat May 9 16:21:53 2026] GET /v2.0/floatingips?fixed_ip_address=10.100.0.12&port_id=8d811d9c-57ab-4692-9d57-3ea7dabc7d53 => generated 19 bytes in 34 msecs (HTTP/1.1 200) 4 headers in 156 bytes (1 switches on core 0) [pid: 7|app: 0|req: 368/716] 10.0.0.159 () {34 vars in 1040 bytes} [Sat May 9 16:21:53 2026] GET /v2.0/security-groups?id=7779ccc2-6e79-45a5-9e4f-184e3067ef6c&fields=id&fields=name => generated 113 bytes in 37 msecs (HTTP/1.1 200) 4 headers in 157 bytes (1 switches on core 0) [pid: 7|app: 0|req: 369/717] 10.0.0.159 () {34 vars in 965 bytes} [Sat May 9 16:21:53 2026] GET /v2.0/quotas/6527a52693814236be8604fb03a1b1d6 => generated 292 bytes in 12 msecs (HTTP/1.1 200) 4 headers in 157 bytes (1 switches on core 0)
2026-05-09 16:21:53.621 8 WARNING neutron.scheduler.dhcp_agent_scheduler [None req-54e1adc1-85ba-453f-b19b-fe97da8db305 4e4422d4c5914aeca340a39aa2ad27e8 c3059f9fdf0a468ead021367f721c5dd - - default default] No more DHCP agents
2026-05-09 16:21:53.623 8 WARNING neutron.api.rpc.agentnotifiers.dhcp_rpc_agent_api [None req-54e1adc1-85ba-453f-b19b-fe97da8db305 4e4422d4c5914aeca340a39aa2ad27e8 c3059f9fdf0a468ead021367f721c5dd - - default default] Unable to schedule network 54c4214a-a747-445d-9235-19b08ad48e24: no agents available; will retry on subsequent port and subnet creation events. [pid: 7|app: 0|req: 370/718] 199.204.45.157 () {34 vars in 984 bytes} [Sat May 9 16:21:53 2026] GET /v2.0/subnets?id=bf36fdaa-a8da-4305-83fc-cbd192ba8fd4 => generated 687 bytes in 38 msecs (HTTP/1.1 200) 4 headers in 157 bytes (1 switches on core 0) [pid: 7|app: 0|req: 371/719] 10.0.0.159 () {34 vars in 1002 bytes} [Sat May 9 16:21:53 2026] GET /v2.0/ports?tenant_id=6527a52693814236be8604fb03a1b1d6&fields=id => generated 103 bytes in 97 msecs (HTTP/1.1 200) 4 headers in 157 bytes (1 switches on core 0) [pid: 7|app: 0|req: 372/720] 199.204.45.157 () {34 vars in 1052 bytes} [Sat May 9 16:21:53 2026] GET /v2.0/ports?network_id=52c30b73-2d89-444a-a009-ec4e07e77b22&device_owner=network%3Adhcp => generated 12 bytes in 37 msecs (HTTP/1.1 200) 4 headers in 156 bytes (1 switches on core 0) [pid: 7|app: 0|req: 373/721] 199.204.45.157 () {34 vars in 1012 bytes} [Sat May 9 16:21:53 2026] GET /v2.0/networks/52c30b73-2d89-444a-a009-ec4e07e77b22?fields=segments => generated 14 bytes in 32 msecs (HTTP/1.1 200) 4 headers in 156 bytes (1 switches on core 0) [pid: 7|app: 0|req: 374/722] 199.204.45.157 () {34 vars in 1112 bytes} [Sat May 9 16:21:53 2026] GET /v2.0/networks/52c30b73-2d89-444a-a009-ec4e07e77b22?fields=provider%3Aphysical_network&fields=provider%3Anetwork_type => generated 79 bytes in 45 msecs (HTTP/1.1 200) 4 headers in 156 bytes (1 switches on core 0) [pid: 7|app: 0|req: 375/723] 10.0.0.159 () {34 vars in 1100 bytes} [Sat May 9 16:21:53 2026] GET /v2.0/security-groups?name=tempest-securitygroup--1471080225&fields=id&tenant_id=6b62fe637962434fb3132c40ceee8859 => generated 69 bytes in 30 msecs (HTTP/1.1 200) 4 headers in 156 bytes (1 switches on core 0) [pid: 7|app: 0|req: 376/724] 10.0.0.159 () {34 vars in 982 bytes} [Sat May 9 16:21:53 2026] GET /v2.0/networks?id=91331b1a-83a5-412a-b4bf-b2635b434d1a => generated 714 bytes in 44 msecs (HTTP/1.1 200) 4 headers in 157 bytes (1 switches on core 0) [pid: 7|app: 0|req: 377/725] 10.0.0.159 () {34 vars in 965 bytes} [Sat May 9 16:21:53 2026] GET /v2.0/quotas/6b62fe637962434fb3132c40ceee8859 => generated 292 bytes in 9 msecs (HTTP/1.1 200) 4 headers in 157 bytes (1 switches on core 0)
