2026-05-09 16:24:04.000 7 INFO neutron.db.ovn_revision_numbers_db [None req-36f062ef-dd89-47f8-bcde-2327e11fa9e6 a4c8e9e482084001b0384e27e4e40f1c 94ec36a7d3a744f8b6b575e2f2067050 - - default default] Successfully bumped revision number for resource e9da5c76-e8c8-45e2-81c7-57d793eeee5c (type: ports) to 1 [pid: 8|app: 0|req: 772/1733] 10.0.0.222 () {28 vars in 583 bytes} [Sat May 9 16:24:03 2026] GET /v2.0/subnets => generated 1308 bytes in 27 msecs (HTTP/1.1 200) 4 headers in 158 bytes (1 switches on core 0) [pid: 7|app: 0|req: 962/1734] 10.0.0.91 () {34 vars in 669 bytes} [Sat May 9 16:24:03 2026] POST /v2.0/networks => generated 648 bytes in 571 msecs (HTTP/1.1 201) 4 headers in 162 bytes (1 switches on core 0) [pid: 8|app: 0|req: 773/1735] 10.0.0.222 () {28 vars in 579 bytes} [Sat May 9 16:24:04 2026] GET /v2.0/ports => generated 6927 bytes in 78 msecs (HTTP/1.1 200) 4 headers in 158 bytes (1 switches on core 0) [pid: 8|app: 0|req: 774/1736] 10.0.0.222 () {28 vars in 581 bytes} [Sat May 9 16:24:04 2026] GET /v2.0/agents => generated 1214 bytes in 11 msecs (HTTP/1.1 200) 4 headers in 158 bytes (1 switches on core 0) [pid: 8|app: 0|req: 775/1737] 10.0.0.222 () {28 vars in 591 bytes} [Sat May 9 16:24:04 2026] GET /v2.0/floatingips => generated 19 bytes in 29 msecs (HTTP/1.1 200) 4 headers in 156 bytes (1 switches on core 0) [pid: 8|app: 0|req: 776/1738] 10.0.0.222 () {28 vars in 585 bytes} [Sat May 9 16:24:04 2026] GET /v2.0/networks => generated 3772 bytes in 52 msecs (HTTP/1.1 200) 4 headers in 158 bytes (1 switches on core 0) [pid: 8|app: 0|req: 777/1739] 10.0.0.222 () {28 vars in 583 bytes} [Sat May 9 16:24:04 2026] GET /v2.0/subnets => generated 1308 bytes in 30 msecs (HTTP/1.1 200) 4 headers in 158 bytes (1 switches on core 0) [pid: 8|app: 0|req: 778/1740] 10.0.0.222 () {28 vars in 591 bytes} [Sat May 9 16:24:04 2026] GET /v2.0/subnetpools => generated 19 bytes in 12 msecs (HTTP/1.1 200) 4 headers in 156 bytes (1 switches on core 0)
2026-05-09 16:24:04.284 7 WARNING neutron.scheduler.dhcp_agent_scheduler [None req-749ad392-5ed2-452d-b0c9-7a6e4f71b95f a4c8e9e482084001b0384e27e4e40f1c 94ec36a7d3a744f8b6b575e2f2067050 - - default default] No more DHCP agents
2026-05-09 16:24:04.285 7 WARNING neutron.api.rpc.agentnotifiers.dhcp_rpc_agent_api [None req-749ad392-5ed2-452d-b0c9-7a6e4f71b95f a4c8e9e482084001b0384e27e4e40f1c 94ec36a7d3a744f8b6b575e2f2067050 - - default default] Unable to schedule network b1017da5-382d-4acd-b670-8638ad215462: no agents available; will retry on subsequent port and subnet creation events.
2026-05-09 16:24:04.623 7 INFO neutron.db.ovn_revision_numbers_db [None req-289184ce-cf44-4c05-b402-67c07cb5017e - - - - - -] Successfully bumped revision number for resource 3a110514-9c17-4f09-9ee6-c361518fde65 (type: ports) to 2
2026-05-09 16:24:04.652 7 INFO neutron.db.ovn_revision_numbers_db [None req-289184ce-cf44-4c05-b402-67c07cb5017e - - - - - -] Successfully bumped revision number for resource 3852ee58-1cc3-4e60-a83d-8d144ffc1b91 (type: subnets) to 0 [pid: 7|app: 0|req: 963/1741] 10.0.0.91 () {34 vars in 668 bytes} [Sat May 9 16:24:04 2026] POST /v2.0/subnets => generated 626 bytes in 599 msecs (HTTP/1.1 201) 4 headers in 162 bytes (1 switches on core 0)
2026-05-09 16:24:04.698 8 INFO neutron.db.ovn_revision_numbers_db [None req-8ad1d3ad-62c1-4fbe-9fc4-1a457bb00c7f 1405525d023a4e7fbae94f3b83326daf b908aa718d8d47c0a5d3041fa9926e79 - - default default] Successfully bumped revision number for resource 40fa8365-9427-403b-93b7-1c6d976bf6f2 (type: security_groups) to 1
2026-05-09 16:24:04.711 8 INFO neutron.db.ovn_revision_numbers_db [None req-8ad1d3ad-62c1-4fbe-9fc4-1a457bb00c7f 1405525d023a4e7fbae94f3b83326daf b908aa718d8d47c0a5d3041fa9926e79 - - default default] Successfully bumped revision number for resource 0a6a0b74-a40f-4f75-8478-181165e1e72e (type: security_group_rules) to 0
2026-05-09 16:24:04.725 8 INFO neutron.db.ovn_revision_numbers_db [None req-8ad1d3ad-62c1-4fbe-9fc4-1a457bb00c7f 1405525d023a4e7fbae94f3b83326daf b908aa718d8d47c0a5d3041fa9926e79 - - default default] Successfully bumped revision number for resource a28c3851-110c-4fe4-bba4-85cef3ae8663 (type: security_group_rules) to 0
2026-05-09 16:24:04.736 8 INFO neutron.db.ovn_revision_numbers_db [None req-8ad1d3ad-62c1-4fbe-9fc4-1a457bb00c7f 1405525d023a4e7fbae94f3b83326daf b908aa718d8d47c0a5d3041fa9926e79 - - default default] Successfully bumped revision number for resource c485b0c9-ad62-4a07-931b-134bf79c7f9c (type: security_group_rules) to 0
2026-05-09 16:24:04.757 8 INFO neutron.db.ovn_revision_numbers_db [None req-8ad1d3ad-62c1-4fbe-9fc4-1a457bb00c7f 1405525d023a4e7fbae94f3b83326daf b908aa718d8d47c0a5d3041fa9926e79 - - default default] Successfully bumped revision number for resource e48232bf-3627-441d-aa50-05b6f8f7ecc1 (type: security_group_rules) to 0
2026-05-09 16:24:04.843 8 INFO neutron.db.segments_db [None req-8ad1d3ad-62c1-4fbe-9fc4-1a457bb00c7f 1405525d023a4e7fbae94f3b83326daf b908aa718d8d47c0a5d3041fa9926e79 - - default default] Added segment 894ad34d-0bc3-48d1-8915-e47c3c49b2df of type geneve for network 05dad146-3b3f-4a64-8a18-e00e6f252f68
2026-05-09 16:24:04.865 7 WARNING neutron.scheduler.dhcp_agent_scheduler [None req-22b7cfb5-306c-4263-bd25-565f45611aa6 a4c8e9e482084001b0384e27e4e40f1c 94ec36a7d3a744f8b6b575e2f2067050 - - default default] No more DHCP agents
2026-05-09 16:24:04.866 7 WARNING neutron.api.rpc.agentnotifiers.dhcp_rpc_agent_api [None req-22b7cfb5-306c-4263-bd25-565f45611aa6 a4c8e9e482084001b0384e27e4e40f1c 94ec36a7d3a744f8b6b575e2f2067050 - - default default] Unable to schedule network 05a23428-b01c-4707-8bd3-db72dd538fe1: no agents available; will retry on subsequent port and subnet creation events.
2026-05-09 16:24:04.931 8 INFO neutron.db.segments_db [None req-8ad1d3ad-62c1-4fbe-9fc4-1a457bb00c7f 1405525d023a4e7fbae94f3b83326daf b908aa718d8d47c0a5d3041fa9926e79 - - default default] Added segment 7f9e00e8-ad57-43c9-91c7-53a328a9355b of type geneve for network 26c77887-f8b9-477b-b984-4fa84fe53833
2026-05-09 16:24:05.056 8 INFO neutron.db.ovn_revision_numbers_db [None req-8ad1d3ad-62c1-4fbe-9fc4-1a457bb00c7f 1405525d023a4e7fbae94f3b83326daf b908aa718d8d47c0a5d3041fa9926e79 - - default default] Successfully bumped revision number for resource 05dad146-3b3f-4a64-8a18-e00e6f252f68 (type: networks) to 1
2026-05-09 16:24:05.216 8 WARNING neutron.scheduler.dhcp_agent_scheduler [None req-8ad1d3ad-62c1-4fbe-9fc4-1a457bb00c7f 1405525d023a4e7fbae94f3b83326daf b908aa718d8d47c0a5d3041fa9926e79 - - default default] No more DHCP agents
2026-05-09 16:24:05.217 8 WARNING neutron.api.rpc.agentnotifiers.dhcp_rpc_agent_api [None req-8ad1d3ad-62c1-4fbe-9fc4-1a457bb00c7f 1405525d023a4e7fbae94f3b83326daf b908aa718d8d47c0a5d3041fa9926e79 - - default default] Unable to schedule network 05dad146-3b3f-4a64-8a18-e00e6f252f68: no agents available; will retry on subsequent port and subnet creation events.
2026-05-09 16:24:05.282 7 INFO neutron.plugins.ml2.drivers.ovn.mech_driver.mech_driver [None req-cc089eec-03d3-4b5b-abaa-5d7bec83db6c - - - - - -] OVN reports status down for port: 8c5045db-65eb-4626-a3ce-5ebe23dcc2eb
2026-05-09 16:24:05.326 7 INFO neutron.db.ovn_revision_numbers_db [None req-28b8e8cb-4e31-4006-92e3-5a7518e1c677 - - - - - -] Successfully bumped revision number for resource e9da5c76-e8c8-45e2-81c7-57d793eeee5c (type: ports) to 2
2026-05-09 16:24:05.326 8 INFO neutron.db.ovn_revision_numbers_db [None req-8ad1d3ad-62c1-4fbe-9fc4-1a457bb00c7f 1405525d023a4e7fbae94f3b83326daf b908aa718d8d47c0a5d3041fa9926e79 - - default default] Successfully bumped revision number for resource 8c5045db-65eb-4626-a3ce-5ebe23dcc2eb (type: ports) to 1
2026-05-09 16:24:05.383 7 INFO neutron.db.ovn_revision_numbers_db [None req-28b8e8cb-4e31-4006-92e3-5a7518e1c677 - - - - - -] Successfully bumped revision number for resource 55d285c2-ecbd-4a8f-adfb-1c5fbd777422 (type: subnets) to 0 [pid: 7|app: 0|req: 964/1742] 10.0.0.91 () {34 vars in 668 bytes} [Sat May 9 16:24:04 2026] POST /v2.0/subnets => generated 626 bytes in 735 msecs (HTTP/1.1 201) 4 headers in 162 bytes (1 switches on core 0)
2026-05-09 16:24:05.412 8 INFO neutron.db.ovn_revision_numbers_db [None req-8ad1d3ad-62c1-4fbe-9fc4-1a457bb00c7f 1405525d023a4e7fbae94f3b83326daf b908aa718d8d47c0a5d3041fa9926e79 - - default default] Successfully bumped revision number for resource 26c77887-f8b9-477b-b984-4fa84fe53833 (type: networks) to 1
2026-05-09 16:24:05.522 7 INFO neutron.db.ovn_revision_numbers_db [None req-ab129513-c043-4df6-8764-745efdef6bc6 a4c8e9e482084001b0384e27e4e40f1c 94ec36a7d3a744f8b6b575e2f2067050 - - default default] Successfully bumped revision number for resource 8158dd86-1dd6-435f-b237-4ccdbc73b37d (type: routers) to 1 [pid: 7|app: 0|req: 965/1743] 10.0.0.91 () {34 vars in 668 bytes} [Sat May 9 16:24:05 2026] POST /v2.0/routers => generated 603 bytes in 130 msecs (HTTP/1.1 201) 4 headers in 162 bytes (1 switches on core 0)
2026-05-09 16:24:05.625 8 WARNING neutron.scheduler.dhcp_agent_scheduler [None req-8ad1d3ad-62c1-4fbe-9fc4-1a457bb00c7f 1405525d023a4e7fbae94f3b83326daf b908aa718d8d47c0a5d3041fa9926e79 - - default default] No more DHCP agents
2026-05-09 16:24:05.627 8 WARNING neutron.api.rpc.agentnotifiers.dhcp_rpc_agent_api [None req-8ad1d3ad-62c1-4fbe-9fc4-1a457bb00c7f 1405525d023a4e7fbae94f3b83326daf b908aa718d8d47c0a5d3041fa9926e79 - - default default] Unable to schedule network 26c77887-f8b9-477b-b984-4fa84fe53833: no agents available; will retry on subsequent port and subnet creation events.
2026-05-09 16:24:05.670 7 INFO neutron.plugins.ml2.drivers.ovn.mech_driver.mech_driver [None req-cc089eec-03d3-4b5b-abaa-5d7bec83db6c - - - - - -] OVN reports status down for port: 3219f1b1-6ab5-4cde-b708-b6bcf0f92f65
2026-05-09 16:24:05.699 8 INFO neutron.db.ovn_revision_numbers_db [None req-8ad1d3ad-62c1-4fbe-9fc4-1a457bb00c7f 1405525d023a4e7fbae94f3b83326daf b908aa718d8d47c0a5d3041fa9926e79 - - default default] Successfully bumped revision number for resource 3219f1b1-6ab5-4cde-b708-b6bcf0f92f65 (type: ports) to 1 [pid: 8|app: 0|req: 779/1744] 10.0.0.91 () {34 vars in 669 bytes} [Sat May 9 16:24:04 2026] POST /v2.0/networks => generated 1284 bytes in 1273 msecs (HTTP/1.1 201) 4 headers in 163 bytes (1 switches on core 0) [pid: 8|app: 0|req: 780/1745] 10.0.0.91 () {32 vars in 648 bytes} [Sat May 9 16:24:05 2026] GET /v2.0/networks => generated 1971 bytes in 60 msecs (HTTP/1.1 200) 4 headers in 158 bytes (1 switches on core 0)
2026-05-09 16:24:05.923 8 INFO neutron_taas.services.taas.taas_plugin [None req-85fb09ec-4fb6-4a87-924e-8f7f26608661 1405525d023a4e7fbae94f3b83326daf b908aa718d8d47c0a5d3041fa9926e79 - - default default] TaaS: Handle Delete Port: 8c5045db-65eb-4626-a3ce-5ebe23dcc2eb
2026-05-09 16:24:05.926 8 INFO neutron_taas.services.taas.tap_mirror_plugin [None req-85fb09ec-4fb6-4a87-924e-8f7f26608661 1405525d023a4e7fbae94f3b83326daf b908aa718d8d47c0a5d3041fa9926e79 - - default default] Tap Mirror: Handle Delete Port: 8c5045db-65eb-4626-a3ce-5ebe23dcc2eb
2026-05-09 16:24:05.993 7 WARNING neutron.scheduler.dhcp_agent_scheduler [None req-09d062a1-fae6-443b-b9de-661f2fa50952 a4c8e9e482084001b0384e27e4e40f1c 94ec36a7d3a744f8b6b575e2f2067050 - - default default] No more DHCP agents
2026-05-09 16:24:05.994 7 WARNING neutron.api.rpc.agentnotifiers.dhcp_rpc_agent_api [None req-09d062a1-fae6-443b-b9de-661f2fa50952 a4c8e9e482084001b0384e27e4e40f1c 94ec36a7d3a744f8b6b575e2f2067050 - - default default] Unable to schedule network b1017da5-382d-4acd-b670-8638ad215462: no agents available; will retry on subsequent port and subnet creation events.
2026-05-09 16:24:06.103 7 INFO neutron.plugins.ml2.drivers.ovn.mech_driver.mech_driver [None req-cc089eec-03d3-4b5b-abaa-5d7bec83db6c - - - - - -] OVN reports status down for port: 9f66d0d9-ac2d-4c13-a4b3-8388035d3077
2026-05-09 16:24:06.131 8 INFO neutron.services.segments.plugin [-] Segment 894ad34d-0bc3-48d1-8915-e47c3c49b2df resource provider aggregate not found
2026-05-09 16:24:06.137 8 INFO neutron.services.segments.plugin [-] Segment 894ad34d-0bc3-48d1-8915-e47c3c49b2df resource provider aggregate not found
2026-05-09 16:24:06.151 8 INFO neutron.services.segments.plugin [-] Segment 894ad34d-0bc3-48d1-8915-e47c3c49b2df resource provider not found; error: Placement Client Error (4xx): {"errors": [{"status": 404, "title": "Not Found", "detail": "The resource could not be found.\n\n No resource provider with uuid 894ad34d-0bc3-48d1-8915-e47c3c49b2df found for delete ", "request_id": "req-6c0c4f4c-fc8d-4e13-806a-94a59dc43a18"}]}
2026-05-09 16:24:06.153 8 INFO neutron.services.segments.plugin [-] Segment 894ad34d-0bc3-48d1-8915-e47c3c49b2df resource provider not found; error: Placement Client Error (4xx): {"errors": [{"status": 404, "title": "Not Found", "detail": "The resource could not be found.\n\n No resource provider with uuid 894ad34d-0bc3-48d1-8915-e47c3c49b2df found for delete ", "request_id": "req-b7cf437b-ab5e-48bb-a168-dbcb2e27da37"}]}
2026-05-09 16:24:06.178 7 INFO neutron.db.ovn_revision_numbers_db [None req-09d062a1-fae6-443b-b9de-661f2fa50952 a4c8e9e482084001b0384e27e4e40f1c 94ec36a7d3a744f8b6b575e2f2067050 - - default default] Successfully bumped revision number for resource 9f66d0d9-ac2d-4c13-a4b3-8388035d3077 (type: ports) to 1 [pid: 8|app: 0|req: 781/1746] 10.0.0.91 () {32 vars in 725 bytes} [Sat May 9 16:24:05 2026] DELETE /v2.0/networks/05dad146-3b3f-4a64-8a18-e00e6f252f68 => generated 0 bytes in 391 msecs (HTTP/1.1 204) 3 headers in 131 bytes (1 switches on core 0) [pid: 8|app: 0|req: 782/1747] 10.0.0.91 () {34 vars in 677 bytes} [Sat May 9 16:24:06 2026] POST /v2.0/qos/policies => generated 359 bytes in 273 msecs (HTTP/1.1 201) 4 headers in 162 bytes (1 switches on core 0)
2026-05-09 16:24:06.602 8 INFO neutron_taas.services.taas.taas_plugin [None req-b9787dd0-79f6-492a-87df-0797184b0911 1405525d023a4e7fbae94f3b83326daf b908aa718d8d47c0a5d3041fa9926e79 - - default default] TaaS: Handle Delete Port: 3219f1b1-6ab5-4cde-b708-b6bcf0f92f65
2026-05-09 16:24:06.605 8 INFO neutron_taas.services.taas.tap_mirror_plugin [None req-b9787dd0-79f6-492a-87df-0797184b0911 1405525d023a4e7fbae94f3b83326daf b908aa718d8d47c0a5d3041fa9926e79 - - default default] Tap Mirror: Handle Delete Port: 3219f1b1-6ab5-4cde-b708-b6bcf0f92f65
2026-05-09 16:24:06.737 7 INFO neutron.plugins.ml2.drivers.ovn.mech_driver.mech_driver [None req-cc089eec-03d3-4b5b-abaa-5d7bec83db6c - - - - - -] OVN reports status up for port: 9f66d0d9-ac2d-4c13-a4b3-8388035d3077
2026-05-09 16:24:06.772 7 INFO neutron.plugins.ml2.plugin [None req-cc089eec-03d3-4b5b-abaa-5d7bec83db6c - - - - - -] Attempt 1 to provision port 9f66d0d9-ac2d-4c13-a4b3-8388035d3077 [pid: 8|app: 0|req: 783/1748] 10.0.0.91 () {32 vars in 725 bytes} [Sat May 9 16:24:06 2026] DELETE /v2.0/networks/26c77887-f8b9-477b-b984-4fa84fe53833 => generated 0 bytes in 348 msecs (HTTP/1.1 204) 3 headers in 131 bytes (1 switches on core 0) [pid: 8|app: 0|req: 784/1749] 10.0.0.91 () {34 vars in 677 bytes} [Sat May 9 16:24:06 2026] POST /v2.0/qos/policies => generated 359 bytes in 33 msecs (HTTP/1.1 201) 4 headers in 162 bytes (1 switches on core 0)
2026-05-09 16:24:06.876 7 WARNING neutron.scheduler.dhcp_agent_scheduler [None req-09d062a1-fae6-443b-b9de-661f2fa50952 a4c8e9e482084001b0384e27e4e40f1c 94ec36a7d3a744f8b6b575e2f2067050 - - default default] No more DHCP agents
2026-05-09 16:24:06.879 7 WARNING neutron.api.rpc.agentnotifiers.dhcp_rpc_agent_api [None req-09d062a1-fae6-443b-b9de-661f2fa50952 a4c8e9e482084001b0384e27e4e40f1c 94ec36a7d3a744f8b6b575e2f2067050 - - default default] Unable to schedule network b1017da5-382d-4acd-b670-8638ad215462: no agents available; will retry on subsequent port and subnet creation events. [pid: 8|app: 0|req: 785/1750] 10.0.0.91 () {32 vars in 648 bytes} [Sat May 9 16:24:06 2026] GET /v2.0/networks => generated 689 bytes in 44 msecs (HTTP/1.1 200) 4 headers in 157 bytes (1 switches on core 0) [pid: 8|app: 0|req: 786/1751] 10.0.0.91 () {34 vars in 677 bytes} [Sat May 9 16:24:06 2026] POST /v2.0/qos/policies => generated 359 bytes in 35 msecs (HTTP/1.1 201) 4 headers in 162 bytes (1 switches on core 0)
2026-05-09 16:24:07.011 8 INFO neutron.db.segments_db [None req-76f64057-534d-4c1c-96cb-12d1cea936cf 1405525d023a4e7fbae94f3b83326daf b908aa718d8d47c0a5d3041fa9926e79 - - default default] Added segment 5ced949c-bcc1-4f6f-a2bd-3421db2e3b78 of type geneve for network 2d54dcd3-c6d6-4052-bdc5-ba3ba27a166c
2026-05-09 16:24:07.110 8 INFO neutron.db.ovn_revision_numbers_db [None req-76f64057-534d-4c1c-96cb-12d1cea936cf 1405525d023a4e7fbae94f3b83326daf b908aa718d8d47c0a5d3041fa9926e79 - - default default] Successfully bumped revision number for resource 2d54dcd3-c6d6-4052-bdc5-ba3ba27a166c (type: networks) to 1
2026-05-09 16:24:07.263 8 WARNING neutron.scheduler.dhcp_agent_scheduler [None req-76f64057-534d-4c1c-96cb-12d1cea936cf 1405525d023a4e7fbae94f3b83326daf b908aa718d8d47c0a5d3041fa9926e79 - - default default] No more DHCP agents
2026-05-09 16:24:07.264 8 WARNING neutron.api.rpc.agentnotifiers.dhcp_rpc_agent_api [None req-76f64057-534d-4c1c-96cb-12d1cea936cf 1405525d023a4e7fbae94f3b83326daf b908aa718d8d47c0a5d3041fa9926e79 - - default default] Unable to schedule network 2d54dcd3-c6d6-4052-bdc5-ba3ba27a166c: no agents available; will retry on subsequent port and subnet creation events.
2026-05-09 16:24:07.275 7 INFO neutron.db.ovn_revision_numbers_db [None req-09d062a1-fae6-443b-b9de-661f2fa50952 a4c8e9e482084001b0384e27e4e40f1c 94ec36a7d3a744f8b6b575e2f2067050 - - default default] Successfully bumped revision number for resource 9f66d0d9-ac2d-4c13-a4b3-8388035d3077 (type: router_ports) to 1 [pid: 7|app: 0|req: 966/1752] 10.0.0.91 () {34 vars in 782 bytes} [Sat May 9 16:24:05 2026] PUT /v2.0/routers/8158dd86-1dd6-435f-b237-4ccdbc73b37d/add_router_interface => generated 309 bytes in 1741 msecs (HTTP/1.1 200) 4 headers in 157 bytes (1 switches on core 0)
2026-05-09 16:24:07.303 8 INFO neutron.plugins.ml2.drivers.ovn.mech_driver.mech_driver [None req-455361cd-1da5-44e1-829c-20991631b99f - - - - - -] OVN reports status down for port: e1c1eb05-eed7-4e12-bd7c-01b9647276cb
2026-05-09 16:24:07.364 8 INFO neutron.db.ovn_revision_numbers_db [None req-76f64057-534d-4c1c-96cb-12d1cea936cf 1405525d023a4e7fbae94f3b83326daf b908aa718d8d47c0a5d3041fa9926e79 - - default default] Successfully bumped revision number for resource e1c1eb05-eed7-4e12-bd7c-01b9647276cb (type: ports) to 1 [pid: 8|app: 0|req: 787/1753] 10.0.0.91 () {34 vars in 669 bytes} [Sat May 9 16:24:06 2026] POST /v2.0/networks => generated 673 bytes in 482 msecs (HTTP/1.1 201) 4 headers in 162 bytes (1 switches on core 0) [pid: 7|app: 0|req: 967/1754] 10.0.0.91 () {34 vars in 677 bytes} [Sat May 9 16:24:07 2026] POST /v2.0/qos/policies => generated 359 bytes in 131 msecs (HTTP/1.1 201) 4 headers in 162 bytes (1 switches on core 0) [pid: 8|app: 0|req: 788/1755] 10.0.0.91 () {32 vars in 716 bytes} [Sat May 9 16:24:07 2026] GET /v2.0/ports/9f66d0d9-ac2d-4c13-a4b3-8388035d3077 => generated 943 bytes in 78 msecs (HTTP/1.1 200) 4 headers in 157 bytes (1 switches on core 0) [pid: 8|app: 0|req: 789/1756] 10.0.0.91 () {34 vars in 677 bytes} [Sat May 9 16:24:07 2026] POST /v2.0/qos/policies => generated 359 bytes in 38 msecs (HTTP/1.1 201) 4 headers in 162 bytes (1 switches on core 0)
2026-05-09 16:24:07.968 7 INFO neutron.db.ovn_revision_numbers_db [None req-cc089eec-03d3-4b5b-abaa-5d7bec83db6c - - - - - -] Successfully bumped revision number for resource 9f66d0d9-ac2d-4c13-a4b3-8388035d3077 (type: ports) to 2
2026-05-09 16:24:07.987 8 WARNING neutron.scheduler.dhcp_agent_scheduler [None req-896fd770-cc3a-4005-bf2b-97960fb28774 a4c8e9e482084001b0384e27e4e40f1c 94ec36a7d3a744f8b6b575e2f2067050 - - default default] No more DHCP agents
2026-05-09 16:24:07.989 8 WARNING neutron.api.rpc.agentnotifiers.dhcp_rpc_agent_api [None req-896fd770-cc3a-4005-bf2b-97960fb28774 a4c8e9e482084001b0384e27e4e40f1c 94ec36a7d3a744f8b6b575e2f2067050 - - default default] Unable to schedule network 05a23428-b01c-4707-8bd3-db72dd538fe1: no agents available; will retry on subsequent port and subnet creation events.
2026-05-09 16:24:08.021 7 INFO neutron.db.segments_db [None req-1f23e6a7-512a-4087-b931-ac51c024109c 1405525d023a4e7fbae94f3b83326daf b908aa718d8d47c0a5d3041fa9926e79 - - default default] Added segment f9ea3f9e-906c-43ba-8bfe-5f94f87e5372 of type geneve for network b527e86d-958a-405d-9126-986cde567489
2026-05-09 16:24:08.075 8 INFO neutron.plugins.ml2.drivers.ovn.mech_driver.mech_driver [None req-455361cd-1da5-44e1-829c-20991631b99f - - - - - -] OVN reports status down for port: 804e08ba-0c92-4fb3-b32b-d4b1c90239e3
2026-05-09 16:24:08.126 8 INFO neutron.db.ovn_revision_numbers_db [None req-896fd770-cc3a-4005-bf2b-97960fb28774 a4c8e9e482084001b0384e27e4e40f1c 94ec36a7d3a744f8b6b575e2f2067050 - - default default] Successfully bumped revision number for resource 804e08ba-0c92-4fb3-b32b-d4b1c90239e3 (type: ports) to 1
2026-05-09 16:24:08.165 7 INFO neutron.db.ovn_revision_numbers_db [None req-1f23e6a7-512a-4087-b931-ac51c024109c 1405525d023a4e7fbae94f3b83326daf b908aa718d8d47c0a5d3041fa9926e79 - - default default] Successfully bumped revision number for resource b527e86d-958a-405d-9126-986cde567489 (type: networks) to 1
2026-05-09 16:24:08.178 8 INFO neutron.services.segments.plugin [-] Segment 7f9e00e8-ad57-43c9-91c7-53a328a9355b resource provider aggregate not found
2026-05-09 16:24:08.182 8 INFO neutron.services.segments.plugin [-] Segment 7f9e00e8-ad57-43c9-91c7-53a328a9355b resource provider aggregate not found
2026-05-09 16:24:08.199 8 INFO neutron.services.segments.plugin [-] Segment 7f9e00e8-ad57-43c9-91c7-53a328a9355b resource provider not found; error: Placement Client Error (4xx): {"errors": [{"status": 404, "title": "Not Found", "detail": "The resource could not be found.\n\n No resource provider with uuid 7f9e00e8-ad57-43c9-91c7-53a328a9355b found for delete ", "request_id": "req-28968bbd-9816-47e8-812a-e6c1fc96cafd"}]}
2026-05-09 16:24:08.211 8 INFO neutron.services.segments.plugin [-] Segment 7f9e00e8-ad57-43c9-91c7-53a328a9355b resource provider not found; error: Placement Client Error (4xx): {"errors": [{"status": 404, "title": "Not Found", "detail": "The resource could not be found.\n\n No resource provider with uuid 7f9e00e8-ad57-43c9-91c7-53a328a9355b found for delete ", "request_id": "req-cce27003-627c-4ced-89d1-be16f81b3a0c"}]}
2026-05-09 16:24:08.302 7 WARNING neutron.scheduler.dhcp_agent_scheduler [None req-1f23e6a7-512a-4087-b931-ac51c024109c 1405525d023a4e7fbae94f3b83326daf b908aa718d8d47c0a5d3041fa9926e79 - - default default] No more DHCP agents
2026-05-09 16:24:08.303 7 WARNING neutron.api.rpc.agentnotifiers.dhcp_rpc_agent_api [None req-1f23e6a7-512a-4087-b931-ac51c024109c 1405525d023a4e7fbae94f3b83326daf b908aa718d8d47c0a5d3041fa9926e79 - - default default] Unable to schedule network b527e86d-958a-405d-9126-986cde567489: no agents available; will retry on subsequent port and subnet creation events.
2026-05-09 16:24:08.377 7 INFO neutron.db.ovn_revision_numbers_db [None req-1f23e6a7-512a-4087-b931-ac51c024109c 1405525d023a4e7fbae94f3b83326daf b908aa718d8d47c0a5d3041fa9926e79 - - default default] Successfully bumped revision number for resource 5fdcdd23-4631-45fd-a8b5-b28899e9c44c (type: ports) to 1 [pid: 7|app: 0|req: 968/1757] 10.0.0.91 () {34 vars in 669 bytes} [Sat May 9 16:24:07 2026] POST /v2.0/networks => generated 672 bytes in 978 msecs (HTTP/1.1 201) 4 headers in 162 bytes (1 switches on core 0) [pid: 7|app: 0|req: 969/1758] 10.0.0.91 () {34 vars in 752 bytes} [Sat May 9 16:24:08 2026] PUT /v2.0/policies/c3afebf3-5996-473f-941d-2cd2d98f7ec8/tags => generated 17 bytes in 50 msecs (HTTP/1.1 200) 4 headers in 156 bytes (1 switches on core 0)
2026-05-09 16:24:08.729 8 INFO neutron.plugins.ml2.drivers.ovn.mech_driver.mech_driver [None req-455361cd-1da5-44e1-829c-20991631b99f - - - - - -] OVN reports status up for port: 804e08ba-0c92-4fb3-b32b-d4b1c90239e3
2026-05-09 16:24:08.747 7 INFO neutron.db.ovn_revision_numbers_db [None req-e882bd8a-3152-4692-bb1b-c1ac9265074f 9450e4a330df4a06a2df156f840916c2 9ae3b575940744d4af19973b20ef9702 - - default default] Successfully bumped revision number for resource acf9c014-c534-41a1-899b-9e8e8da0865a (type: security_groups) to 1
2026-05-09 16:24:08.748 8 INFO neutron.plugins.ml2.plugin [None req-455361cd-1da5-44e1-829c-20991631b99f - - - - - -] Attempt 1 to provision port 804e08ba-0c92-4fb3-b32b-d4b1c90239e3
2026-05-09 16:24:08.764 7 INFO neutron.db.ovn_revision_numbers_db [None req-e882bd8a-3152-4692-bb1b-c1ac9265074f 9450e4a330df4a06a2df156f840916c2 9ae3b575940744d4af19973b20ef9702 - - default default] Successfully bumped revision number for resource 27e648c6-1932-4349-8ccd-6f1ae72bc4a7 (type: security_group_rules) to 0
2026-05-09 16:24:08.781 7 INFO neutron.db.ovn_revision_numbers_db [None req-e882bd8a-3152-4692-bb1b-c1ac9265074f 9450e4a330df4a06a2df156f840916c2 9ae3b575940744d4af19973b20ef9702 - - default default] Successfully bumped revision number for resource 472c5664-2abb-483f-9d86-30468f0f415d (type: security_group_rules) to 0
2026-05-09 16:24:08.792 7 INFO neutron.db.ovn_revision_numbers_db [None req-e882bd8a-3152-4692-bb1b-c1ac9265074f 9450e4a330df4a06a2df156f840916c2 9ae3b575940744d4af19973b20ef9702 - - default default] Successfully bumped revision number for resource 8ddd2a8c-7380-49d6-bfb9-c7a19e680d46 (type: security_group_rules) to 0
2026-05-09 16:24:08.804 7 INFO neutron.db.ovn_revision_numbers_db [None req-e882bd8a-3152-4692-bb1b-c1ac9265074f 9450e4a330df4a06a2df156f840916c2 9ae3b575940744d4af19973b20ef9702 - - default default] Successfully bumped revision number for resource 938cc8db-88ef-40df-98cc-b776ed255faa (type: security_group_rules) to 0
2026-05-09 16:24:08.860 8 WARNING neutron.scheduler.dhcp_agent_scheduler [None req-896fd770-cc3a-4005-bf2b-97960fb28774 a4c8e9e482084001b0384e27e4e40f1c 94ec36a7d3a744f8b6b575e2f2067050 - - default default] No more DHCP agents
2026-05-09 16:24:08.861 8 WARNING neutron.api.rpc.agentnotifiers.dhcp_rpc_agent_api [None req-896fd770-cc3a-4005-bf2b-97960fb28774 a4c8e9e482084001b0384e27e4e40f1c 94ec36a7d3a744f8b6b575e2f2067050 - - default default] Unable to schedule network 05a23428-b01c-4707-8bd3-db72dd538fe1: no agents available; will retry on subsequent port and subnet creation events.
2026-05-09 16:24:08.886 7 INFO neutron.db.segments_db [None req-e882bd8a-3152-4692-bb1b-c1ac9265074f 9450e4a330df4a06a2df156f840916c2 9ae3b575940744d4af19973b20ef9702 - - default default] Added segment 6a831e9b-149b-4eed-bc2d-8aa338f92008 of type geneve for network 6b5d9ce7-1052-44fa-b9dc-35365ad542f8
2026-05-09 16:24:09.008 7 INFO neutron.db.ovn_revision_numbers_db [None req-e882bd8a-3152-4692-bb1b-c1ac9265074f 9450e4a330df4a06a2df156f840916c2 9ae3b575940744d4af19973b20ef9702 - - default default] Successfully bumped revision number for resource 6b5d9ce7-1052-44fa-b9dc-35365ad542f8 (type: networks) to 1
2026-05-09 16:24:09.174 7 WARNING neutron.scheduler.dhcp_agent_scheduler [None req-e882bd8a-3152-4692-bb1b-c1ac9265074f 9450e4a330df4a06a2df156f840916c2 9ae3b575940744d4af19973b20ef9702 - - default default] No more DHCP agents
2026-05-09 16:24:09.175 7 WARNING neutron.api.rpc.agentnotifiers.dhcp_rpc_agent_api [None req-e882bd8a-3152-4692-bb1b-c1ac9265074f 9450e4a330df4a06a2df156f840916c2 9ae3b575940744d4af19973b20ef9702 - - default default] Unable to schedule network 6b5d9ce7-1052-44fa-b9dc-35365ad542f8: no agents available; will retry on subsequent port and subnet creation events.
2026-05-09 16:24:09.244 7 INFO neutron.db.ovn_revision_numbers_db [None req-e882bd8a-3152-4692-bb1b-c1ac9265074f 9450e4a330df4a06a2df156f840916c2 9ae3b575940744d4af19973b20ef9702 - - default default] Successfully bumped revision number for resource baeb5449-14d6-4d81-ac93-b56ee2d12f91 (type: ports) to 1
2026-05-09 16:24:09.244 8 INFO neutron.db.ovn_revision_numbers_db [None req-896fd770-cc3a-4005-bf2b-97960fb28774 a4c8e9e482084001b0384e27e4e40f1c 94ec36a7d3a744f8b6b575e2f2067050 - - default default] Successfully bumped revision number for resource 804e08ba-0c92-4fb3-b32b-d4b1c90239e3 (type: router_ports) to 1 [pid: 7|app: 0|req: 970/1759] 10.0.0.91 () {34 vars in 669 bytes} [Sat May 9 16:24:08 2026] POST /v2.0/networks => generated 749 bytes in 815 msecs (HTTP/1.1 201) 4 headers in 162 bytes (1 switches on core 0) [pid: 8|app: 0|req: 790/1760] 10.0.0.91 () {34 vars in 782 bytes} [Sat May 9 16:24:07 2026] PUT /v2.0/routers/8158dd86-1dd6-435f-b237-4ccdbc73b37d/add_router_interface => generated 309 bytes in 1740 msecs (HTTP/1.1 200) 4 headers in 157 bytes (1 switches on core 0)
2026-05-09 16:24:09.396 8 INFO neutron.db.ovn_revision_numbers_db [None req-455361cd-1da5-44e1-829c-20991631b99f - - - - - -] Successfully bumped revision number for resource 804e08ba-0c92-4fb3-b32b-d4b1c90239e3 (type: ports) to 2 [pid: 8|app: 0|req: 791/1761] 10.0.0.91 () {34 vars in 752 bytes} [Sat May 9 16:24:09 2026] PUT /v2.0/policies/b9ca0ea9-e766-4b67-9bfc-56a77c62f875/tags => generated 25 bytes in 134 msecs (HTTP/1.1 200) 4 headers in 156 bytes (1 switches on core 0) [pid: 8|app: 0|req: 792/1762] 10.0.0.91 () {32 vars in 716 bytes} [Sat May 9 16:24:09 2026] GET /v2.0/ports/804e08ba-0c92-4fb3-b32b-d4b1c90239e3 => generated 943 bytes in 140 msecs (HTTP/1.1 200) 4 headers in 157 bytes (1 switches on core 0)
2026-05-09 16:24:09.663 7 WARNING neutron.scheduler.dhcp_agent_scheduler [None req-d8b491b3-d1ea-4664-b0bf-955492dca048 1405525d023a4e7fbae94f3b83326daf b908aa718d8d47c0a5d3041fa9926e79 - - default default] No more DHCP agents
2026-05-09 16:24:09.664 7 WARNING neutron.api.rpc.agentnotifiers.dhcp_rpc_agent_api [None req-d8b491b3-d1ea-4664-b0bf-955492dca048 1405525d023a4e7fbae94f3b83326daf b908aa718d8d47c0a5d3041fa9926e79 - - default default] Unable to schedule network 2d54dcd3-c6d6-4052-bdc5-ba3ba27a166c: no agents available; will retry on subsequent port and subnet creation events.
2026-05-09 16:24:09.681 8 WARNING neutron.scheduler.dhcp_agent_scheduler [None req-116b2d73-c693-4ff2-8833-159e323fff89 9450e4a330df4a06a2df156f840916c2 9ae3b575940744d4af19973b20ef9702 - - default default] No more DHCP agents
2026-05-09 16:24:09.683 8 WARNING neutron.api.rpc.agentnotifiers.dhcp_rpc_agent_api [None req-116b2d73-c693-4ff2-8833-159e323fff89 9450e4a330df4a06a2df156f840916c2 9ae3b575940744d4af19973b20ef9702 - - default default] Unable to schedule network 6b5d9ce7-1052-44fa-b9dc-35365ad542f8: no agents available; will retry on subsequent port and subnet creation events.
2026-05-09 16:24:09.745 7 INFO neutron.db.ovn_revision_numbers_db [None req-d8b491b3-d1ea-4664-b0bf-955492dca048 1405525d023a4e7fbae94f3b83326daf b908aa718d8d47c0a5d3041fa9926e79 - - default default] Successfully bumped revision number for resource b319cd6c-53a5-45c5-8332-d746468857ff (type: ports) to 1
2026-05-09 16:24:09.787 7 WARNING neutron.scheduler.dhcp_agent_scheduler [None req-d8b491b3-d1ea-4664-b0bf-955492dca048 1405525d023a4e7fbae94f3b83326daf b908aa718d8d47c0a5d3041fa9926e79 - - default default] No more DHCP agents
2026-05-09 16:24:09.789 7 WARNING neutron.api.rpc.agentnotifiers.dhcp_rpc_agent_api [None req-d8b491b3-d1ea-4664-b0bf-955492dca048 1405525d023a4e7fbae94f3b83326daf b908aa718d8d47c0a5d3041fa9926e79 - - default default] Unable to schedule network b527e86d-958a-405d-9126-986cde567489: no agents available; will retry on subsequent port and subnet creation events.
2026-05-09 16:24:09.872 7 INFO neutron.db.ovn_revision_numbers_db [None req-d8b491b3-d1ea-4664-b0bf-955492dca048 1405525d023a4e7fbae94f3b83326daf b908aa718d8d47c0a5d3041fa9926e79 - - default default] Successfully bumped revision number for resource 2f8af40c-ec39-4a47-a7c2-377770d4506c (type: ports) to 1 [pid: 7|app: 0|req: 971/1763] 10.0.0.91 () {34 vars in 664 bytes} [Sat May 9 16:24:09 2026] POST /v2.0/ports => generated 1505 bytes in 683 msecs (HTTP/1.1 201) 4 headers in 163 bytes (1 switches on core 0) /var/lib/openstack/lib/python3.12/site-packages/pycadf/identifier.py:70: UserWarning: Invalid uuid: neutron. To ensure interoperability, identifiers should be a valid uuid. warnings.warn(('Invalid uuid: %s. To ensure interoperability, ' [pid: 7|app: 0|req: 972/1764] 10.0.0.91 () {34 vars in 752 bytes} [Sat May 9 16:24:09 2026] PUT /v2.0/policies/337b62a2-7fb7-451a-8498-f0c2a2f82d5a/tags => generated 34 bytes in 40 msecs (HTTP/1.1 200) 4 headers in 156 bytes (1 switches on core 0) [pid: 7|app: 0|req: 973/1765] 10.0.0.91 () {32 vars in 716 bytes} [Sat May 9 16:24:09 2026] GET /v2.0/ports/804e08ba-0c92-4fb3-b32b-d4b1c90239e3 => generated 943 bytes in 71 msecs (HTTP/1.1 200) 4 headers in 157 bytes (1 switches on core 0)
2026-05-09 16:24:10.095 8 INFO neutron.db.ovn_revision_numbers_db [None req-40df9e87-c16b-469d-834c-f72e60b43671 - - - - - -] Successfully bumped revision number for resource baeb5449-14d6-4d81-ac93-b56ee2d12f91 (type: ports) to 2 [pid: 7|app: 0|req: 974/1766] 10.0.0.91 () {32 vars in 642 bytes} [Sat May 9 16:24:10 2026] GET /v2.0/ports => generated 3017 bytes in 56 msecs (HTTP/1.1 200) 4 headers in 158 bytes (1 switches on core 0)
2026-05-09 16:24:10.123 8 INFO neutron.db.ovn_revision_numbers_db [None req-40df9e87-c16b-469d-834c-f72e60b43671 - - - - - -] Successfully bumped revision number for resource 54878e46-4fd3-4427-854c-552afa7c0774 (type: subnets) to 0 [pid: 8|app: 0|req: 793/1767] 10.0.0.91 () {34 vars in 668 bytes} [Sat May 9 16:24:09 2026] POST /v2.0/subnets => generated 644 bytes in 593 msecs (HTTP/1.1 201) 4 headers in 162 bytes (1 switches on core 0) [pid: 7|app: 0|req: 975/1768] 10.0.0.91 () {34 vars in 752 bytes} [Sat May 9 16:24:10 2026] PUT /v2.0/policies/78ebf96a-2de7-4db7-acd9-075ce4e29495/tags => generated 19 bytes in 37 msecs (HTTP/1.1 200) 4 headers in 156 bytes (1 switches on core 0)
2026-05-09 16:24:10.287 7 INFO neutron_taas.services.taas.taas_plugin [None req-99f93e61-75b6-4055-8edd-1778f283d01d 1405525d023a4e7fbae94f3b83326daf b908aa718d8d47c0a5d3041fa9926e79 - - default default] TaaS: Handle Delete Port: b319cd6c-53a5-45c5-8332-d746468857ff
2026-05-09 16:24:10.290 7 INFO neutron_taas.services.taas.tap_mirror_plugin [None req-99f93e61-75b6-4055-8edd-1778f283d01d 1405525d023a4e7fbae94f3b83326daf b908aa718d8d47c0a5d3041fa9926e79 - - default default] Tap Mirror: Handle Delete Port: b319cd6c-53a5-45c5-8332-d746468857ff
2026-05-09 16:24:10.345 8 INFO neutron_taas.services.taas.taas_plugin [None req-03b24eaf-f79f-4b27-b5dc-817c67113604 a4c8e9e482084001b0384e27e4e40f1c 94ec36a7d3a744f8b6b575e2f2067050 - - default default] TaaS: Handle Delete Port: 804e08ba-0c92-4fb3-b32b-d4b1c90239e3
2026-05-09 16:24:10.347 8 INFO neutron_taas.services.taas.tap_mirror_plugin [None req-03b24eaf-f79f-4b27-b5dc-817c67113604 a4c8e9e482084001b0384e27e4e40f1c 94ec36a7d3a744f8b6b575e2f2067050 - - default default] Tap Mirror: Handle Delete Port: 804e08ba-0c92-4fb3-b32b-d4b1c90239e3 [pid: 7|app: 0|req: 976/1769] 10.0.0.91 () {32 vars in 719 bytes} [Sat May 9 16:24:10 2026] DELETE /v2.0/ports/b319cd6c-53a5-45c5-8332-d746468857ff => generated 0 bytes in 228 msecs (HTTP/1.1 204) 3 headers in 131 bytes (1 switches on core 0)
2026-05-09 16:24:10.389 7 WARNING neutron.api.v2.base [None req-2f8167c3-f461-4be0-abc9-da713333a7f5 9450e4a330df4a06a2df156f840916c2 9ae3b575940744d4af19973b20ef9702 - - default default] An exception happened while processing the request body. The exception message is [Invalid input for target_tenant. Reason: 'None' is not a valid string.].: webob.exc.HTTPBadRequest: Invalid input for target_tenant. Reason: 'None' is not a valid string.
2026-05-09 16:24:10.389 7 INFO neutron.api.v2.resource [None req-2f8167c3-f461-4be0-abc9-da713333a7f5 9450e4a330df4a06a2df156f840916c2 9ae3b575940744d4af19973b20ef9702 - - default default] create failed (client error): Invalid input for target_tenant. Reason: 'None' is not a valid string. [pid: 7|app: 0|req: 977/1770] 10.0.0.91 () {34 vars in 680 bytes} [Sat May 9 16:24:10 2026] POST /v2.0/rbac-policies => generated 143 bytes in 5 msecs (HTTP/1.1 400) 4 headers in 166 bytes (1 switches on core 0)
2026-05-09 16:24:10.493 7 INFO neutron_taas.services.taas.taas_plugin [None req-5c2df5e6-b0ff-4762-9fc9-226c3c77c286 1405525d023a4e7fbae94f3b83326daf b908aa718d8d47c0a5d3041fa9926e79 - - default default] TaaS: Handle Delete Port: 2f8af40c-ec39-4a47-a7c2-377770d4506c
2026-05-09 16:24:10.496 7 INFO neutron_taas.services.taas.tap_mirror_plugin [None req-5c2df5e6-b0ff-4762-9fc9-226c3c77c286 1405525d023a4e7fbae94f3b83326daf b908aa718d8d47c0a5d3041fa9926e79 - - default default] Tap Mirror: Handle Delete Port: 2f8af40c-ec39-4a47-a7c2-377770d4506c [pid: 7|app: 0|req: 978/1771] 10.0.0.91 () {32 vars in 719 bytes} [Sat May 9 16:24:10 2026] DELETE /v2.0/ports/2f8af40c-ec39-4a47-a7c2-377770d4506c => generated 0 bytes in 212 msecs (HTTP/1.1 204) 3 headers in 131 bytes (1 switches on core 0) [pid: 8|app: 0|req: 794/1772] 10.0.0.91 () {34 vars in 788 bytes} [Sat May 9 16:24:10 2026] PUT /v2.0/routers/8158dd86-1dd6-435f-b237-4ccdbc73b37d/remove_router_interface => generated 309 bytes in 554 msecs (HTTP/1.1 200) 4 headers in 157 bytes (1 switches on core 0)
2026-05-09 16:24:10.722 7 INFO neutron_taas.services.taas.taas_plugin [None req-5b200625-e1b2-4713-855e-17bc997f1b5e 9450e4a330df4a06a2df156f840916c2 9ae3b575940744d4af19973b20ef9702 - - default default] TaaS: Handle Delete Port: baeb5449-14d6-4d81-ac93-b56ee2d12f91
2026-05-09 16:24:10.726 7 INFO neutron_taas.services.taas.tap_mirror_plugin [None req-5b200625-e1b2-4713-855e-17bc997f1b5e 9450e4a330df4a06a2df156f840916c2 9ae3b575940744d4af19973b20ef9702 - - default default] Tap Mirror: Handle Delete Port: baeb5449-14d6-4d81-ac93-b56ee2d12f91 /var/lib/openstack/lib/python3.12/site-packages/pycadf/identifier.py:70: UserWarning: Invalid uuid: neutron. To ensure interoperability, identifiers should be a valid uuid. warnings.warn(('Invalid uuid: %s. To ensure interoperability, ' [pid: 8|app: 0|req: 795/1773] 10.0.0.91 () {32 vars in 673 bytes} [Sat May 9 16:24:10 2026] GET /v2.0/qos/policies?tags=red => generated 1101 bytes in 104 msecs (HTTP/1.1 200) 4 headers in 158 bytes (1 switches on core 0) [pid: 8|app: 0|req: 796/1774] 10.0.0.91 () {32 vars in 642 bytes} [Sat May 9 16:24:10 2026] GET /v2.0/ports => generated 1523 bytes in 104 msecs (HTTP/1.1 200) 4 headers in 158 bytes (1 switches on core 0) [pid: 8|app: 0|req: 797/1775] 10.0.0.91 () {32 vars in 716 bytes} [Sat May 9 16:24:10 2026] GET /v2.0/ports/9f66d0d9-ac2d-4c13-a4b3-8388035d3077 => generated 943 bytes in 42 msecs (HTTP/1.1 200) 4 headers in 157 bytes (1 switches on core 0) [pid: 8|app: 0|req: 798/1776] 10.0.0.91 () {32 vars in 687 bytes} [Sat May 9 16:24:10 2026] GET /v2.0/qos/policies?tags=red%2Cblue => generated 747 bytes in 47 msecs (HTTP/1.1 200) 4 headers in 157 bytes (1 switches on core 0)
2026-05-09 16:24:11.018 7 INFO neutron.services.segments.plugin [-] Segment 6a831e9b-149b-4eed-bc2d-8aa338f92008 resource provider aggregate not found
2026-05-09 16:24:11.023 7 INFO neutron.services.segments.plugin [-] Segment 6a831e9b-149b-4eed-bc2d-8aa338f92008 resource provider aggregate not found
2026-05-09 16:24:11.043 7 INFO neutron.services.segments.plugin [-] Segment 6a831e9b-149b-4eed-bc2d-8aa338f92008 resource provider not found; error: Placement Client Error (4xx): {"errors": [{"status": 404, "title": "Not Found", "detail": "The resource could not be found.\n\n No resource provider with uuid 6a831e9b-149b-4eed-bc2d-8aa338f92008 found for delete ", "request_id": "req-c0d498dd-6b60-441c-a2e4-731ae759cd29"}]}
2026-05-09 16:24:11.044 7 INFO neutron.services.segments.plugin [-] Segment 6a831e9b-149b-4eed-bc2d-8aa338f92008 resource provider not found; error: Placement Client Error (4xx): {"errors": [{"status": 404, "title": "Not Found", "detail": "The resource could not be found.\n\n No resource provider with uuid 6a831e9b-149b-4eed-bc2d-8aa338f92008 found for delete ", "request_id": "req-851f34d9-66a8-4322-80ff-85bfef0c72a1"}]} [pid: 7|app: 0|req: 979/1777] 10.0.0.91 () {32 vars in 725 bytes} [Sat May 9 16:24:10 2026] DELETE /v2.0/networks/6b5d9ce7-1052-44fa-b9dc-35365ad542f8 => generated 0 bytes in 463 msecs (HTTP/1.1 204) 3 headers in 131 bytes (1 switches on core 0)
2026-05-09 16:24:11.085 8 INFO neutron.db.segments_db [None req-d4485e98-3deb-4c9d-aa2a-64e9877126ec 1405525d023a4e7fbae94f3b83326daf b908aa718d8d47c0a5d3041fa9926e79 - - default default] Added segment 6bbf59b5-2860-46ad-896b-0369d31ddd3e of type geneve for network 038f9de0-b4bf-4987-a194-82bc7a839381
2026-05-09 16:24:11.182 8 INFO neutron.db.ovn_revision_numbers_db [None req-d4485e98-3deb-4c9d-aa2a-64e9877126ec 1405525d023a4e7fbae94f3b83326daf b908aa718d8d47c0a5d3041fa9926e79 - - default default] Successfully bumped revision number for resource 038f9de0-b4bf-4987-a194-82bc7a839381 (type: networks) to 1
2026-05-09 16:24:11.315 7 INFO neutron_taas.services.taas.taas_plugin [None req-7df21c97-7320-4a86-afde-ea15de397250 a4c8e9e482084001b0384e27e4e40f1c 94ec36a7d3a744f8b6b575e2f2067050 - - default default] TaaS: Handle Delete Port: 9f66d0d9-ac2d-4c13-a4b3-8388035d3077
2026-05-09 16:24:11.318 7 INFO neutron_taas.services.taas.tap_mirror_plugin [None req-7df21c97-7320-4a86-afde-ea15de397250 a4c8e9e482084001b0384e27e4e40f1c 94ec36a7d3a744f8b6b575e2f2067050 - - default default] Tap Mirror: Handle Delete Port: 9f66d0d9-ac2d-4c13-a4b3-8388035d3077
2026-05-09 16:24:11.337 8 WARNING neutron.scheduler.dhcp_agent_scheduler [None req-d4485e98-3deb-4c9d-aa2a-64e9877126ec 1405525d023a4e7fbae94f3b83326daf b908aa718d8d47c0a5d3041fa9926e79 - - default default] No more DHCP agents
2026-05-09 16:24:11.338 8 WARNING neutron.api.rpc.agentnotifiers.dhcp_rpc_agent_api [None req-d4485e98-3deb-4c9d-aa2a-64e9877126ec 1405525d023a4e7fbae94f3b83326daf b908aa718d8d47c0a5d3041fa9926e79 - - default default] Unable to schedule network 038f9de0-b4bf-4987-a194-82bc7a839381: no agents available; will retry on subsequent port and subnet creation events.
2026-05-09 16:24:11.409 8 INFO neutron.db.ovn_revision_numbers_db [None req-d4485e98-3deb-4c9d-aa2a-64e9877126ec 1405525d023a4e7fbae94f3b83326daf b908aa718d8d47c0a5d3041fa9926e79 - - default default] Successfully bumped revision number for resource 7cfd86b3-eb51-40a3-9409-ee51d3b98ca9 (type: ports) to 1 [pid: 8|app: 0|req: 799/1778] 10.0.0.91 () {34 vars in 669 bytes} [Sat May 9 16:24:10 2026] POST /v2.0/networks => generated 673 bytes in 441 msecs (HTTP/1.1 201) 4 headers in 162 bytes (1 switches on core 0) [pid: 8|app: 0|req: 800/1779] 10.0.0.91 () {32 vars in 683 bytes} [Sat May 9 16:24:11 2026] GET /v2.0/qos/policies?tags-any=blue => generated 747 bytes in 46 msecs (HTTP/1.1 200) 4 headers in 157 bytes (1 switches on core 0)
2026-05-09 16:24:11.607 8 INFO neutron.db.segments_db [None req-a378885c-8eb9-4ca0-b93c-72b4dec901bc 9450e4a330df4a06a2df156f840916c2 9ae3b575940744d4af19973b20ef9702 - - default default] Added segment b0788669-de39-44bc-b8da-0a85970faad6 of type geneve for network 131e7037-3359-4cd1-907f-f2b0d49f375f [pid: 7|app: 0|req: 980/1780] 10.0.0.91 () {34 vars in 788 bytes} [Sat May 9 16:24:11 2026] PUT /v2.0/routers/8158dd86-1dd6-435f-b237-4ccdbc73b37d/remove_router_interface => generated 309 bytes in 576 msecs (HTTP/1.1 200) 4 headers in 157 bytes (1 switches on core 0) /var/lib/openstack/lib/python3.12/site-packages/pycadf/identifier.py:70: UserWarning: Invalid uuid: neutron. To ensure interoperability, identifiers should be a valid uuid. warnings.warn(('Invalid uuid: %s. To ensure interoperability, '
2026-05-09 16:24:11.716 8 INFO neutron.db.ovn_revision_numbers_db [None req-a378885c-8eb9-4ca0-b93c-72b4dec901bc 9450e4a330df4a06a2df156f840916c2 9ae3b575940744d4af19973b20ef9702 - - default default] Successfully bumped revision number for resource 131e7037-3359-4cd1-907f-f2b0d49f375f (type: networks) to 1
2026-05-09 16:24:11.762 7 INFO neutron.db.segments_db [None req-7ee18f19-b24d-45e6-87e0-f4280d918d53 1405525d023a4e7fbae94f3b83326daf b908aa718d8d47c0a5d3041fa9926e79 - - default default] Added segment 73831fb8-94cc-4323-abed-e75007cc17b5 of type geneve for network 02d0c80a-28fc-4d2b-ac6a-8868fb3b623c
2026-05-09 16:24:11.862 8 WARNING neutron.scheduler.dhcp_agent_scheduler [None req-a378885c-8eb9-4ca0-b93c-72b4dec901bc 9450e4a330df4a06a2df156f840916c2 9ae3b575940744d4af19973b20ef9702 - - default default] No more DHCP agents
2026-05-09 16:24:11.865 8 WARNING neutron.api.rpc.agentnotifiers.dhcp_rpc_agent_api [None req-a378885c-8eb9-4ca0-b93c-72b4dec901bc 9450e4a330df4a06a2df156f840916c2 9ae3b575940744d4af19973b20ef9702 - - default default] Unable to schedule network 131e7037-3359-4cd1-907f-f2b0d49f375f: no agents available; will retry on subsequent port and subnet creation events.
2026-05-09 16:24:11.895 7 INFO neutron.db.ovn_revision_numbers_db [None req-7ee18f19-b24d-45e6-87e0-f4280d918d53 1405525d023a4e7fbae94f3b83326daf b908aa718d8d47c0a5d3041fa9926e79 - - default default] Successfully bumped revision number for resource 02d0c80a-28fc-4d2b-ac6a-8868fb3b623c (type: networks) to 1
2026-05-09 16:24:11.938 8 INFO neutron.db.ovn_revision_numbers_db [None req-a378885c-8eb9-4ca0-b93c-72b4dec901bc 9450e4a330df4a06a2df156f840916c2 9ae3b575940744d4af19973b20ef9702 - - default default] Successfully bumped revision number for resource 461afce5-2068-4f46-a747-a93bc1c2d476 (type: ports) to 1 [pid: 8|app: 0|req: 801/1781] 10.0.0.91 () {34 vars in 669 bytes} [Sat May 9 16:24:11 2026] POST /v2.0/networks => generated 749 bytes in 488 msecs (HTTP/1.1 201) 4 headers in 162 bytes (1 switches on core 0) [pid: 8|app: 0|req: 802/1782] 10.0.0.91 () {32 vars in 695 bytes} [Sat May 9 16:24:11 2026] GET /v2.0/qos/policies?tags-any=red%2Cblue => generated 1101 bytes in 64 msecs (HTTP/1.1 200) 4 headers in 158 bytes (1 switches on core 0)
2026-05-09 16:24:12.044 7 WARNING neutron.scheduler.dhcp_agent_scheduler [None req-7ee18f19-b24d-45e6-87e0-f4280d918d53 1405525d023a4e7fbae94f3b83326daf b908aa718d8d47c0a5d3041fa9926e79 - - default default] No more DHCP agents
2026-05-09 16:24:12.045 7 WARNING neutron.api.rpc.agentnotifiers.dhcp_rpc_agent_api [None req-7ee18f19-b24d-45e6-87e0-f4280d918d53 1405525d023a4e7fbae94f3b83326daf b908aa718d8d47c0a5d3041fa9926e79 - - default default] Unable to schedule network 02d0c80a-28fc-4d2b-ac6a-8868fb3b623c: no agents available; will retry on subsequent port and subnet creation events. [pid: 8|app: 0|req: 803/1783] 10.0.0.91 () {32 vars in 735 bytes} [Sat May 9 16:24:12 2026] GET /v2.0/ports?device_id=8158dd86-1dd6-435f-b237-4ccdbc73b37d => generated 12 bytes in 20 msecs (HTTP/1.1 200) 4 headers in 156 bytes (1 switches on core 0)
2026-05-09 16:24:12.133 7 INFO neutron.db.ovn_revision_numbers_db [None req-7ee18f19-b24d-45e6-87e0-f4280d918d53 1405525d023a4e7fbae94f3b83326daf b908aa718d8d47c0a5d3041fa9926e79 - - default default] Successfully bumped revision number for resource b1eb5e9f-a9e4-4bb3-a330-ee5f74da6ace (type: ports) to 1 [pid: 7|app: 0|req: 981/1784] 10.0.0.91 () {34 vars in 669 bytes} [Sat May 9 16:24:11 2026] POST /v2.0/networks => generated 672 bytes in 511 msecs (HTTP/1.1 201) 4 headers in 162 bytes (1 switches on core 0)
2026-05-09 16:24:12.199 8 WARNING neutron.scheduler.dhcp_agent_scheduler [None req-b2b490c7-22ad-460c-b115-7191b5c3206c 9450e4a330df4a06a2df156f840916c2 9ae3b575940744d4af19973b20ef9702 - - default default] No more DHCP agents
2026-05-09 16:24:12.201 8 WARNING neutron.api.rpc.agentnotifiers.dhcp_rpc_agent_api [None req-b2b490c7-22ad-460c-b115-7191b5c3206c 9450e4a330df4a06a2df156f840916c2 9ae3b575940744d4af19973b20ef9702 - - default default] Unable to schedule network 131e7037-3359-4cd1-907f-f2b0d49f375f: no agents available; will retry on subsequent port and subnet creation events. [pid: 7|app: 0|req: 982/1785] 10.0.0.91 () {32 vars in 681 bytes} [Sat May 9 16:24:12 2026] GET /v2.0/qos/policies?not-tags=red => generated 719 bytes in 48 msecs (HTTP/1.1 200) 4 headers in 157 bytes (1 switches on core 0) [pid: 7|app: 0|req: 983/1786] 10.0.0.91 () {32 vars in 723 bytes} [Sat May 9 16:24:12 2026] DELETE /v2.0/routers/8158dd86-1dd6-435f-b237-4ccdbc73b37d => generated 0 bytes in 184 msecs (HTTP/1.1 204) 2 headers in 112 bytes (1 switches on core 0) [pid: 7|app: 0|req: 984/1787] 10.0.0.91 () {32 vars in 695 bytes} [Sat May 9 16:24:12 2026] GET /v2.0/qos/policies?not-tags=red%2Cblue => generated 1073 bytes in 80 msecs (HTTP/1.1 200) 4 headers in 158 bytes (1 switches on core 0)
2026-05-09 16:24:12.556 7 WARNING neutron.plugins.ml2.drivers.ovn.mech_driver.ovsdb.ovn_client [None req-4bc28db0-ef11-44bd-a6ad-eb66ca93c05d - - - - - -] No port found with ID 9f66d0d9-ac2d-4c13-a4b3-8388035d3077: RuntimeError: No port found with ID 9f66d0d9-ac2d-4c13-a4b3-8388035d3077
2026-05-09 16:24:12.589 7 INFO neutron.plugins.ml2.drivers.ovn.mech_driver.mech_driver [None req-4bc28db0-ef11-44bd-a6ad-eb66ca93c05d - - - - - -] OVN reports status down for port: 5fdcdd23-4631-45fd-a8b5-b28899e9c44c
2026-05-09 16:24:12.630 8 INFO neutron.db.ovn_revision_numbers_db [None req-c7a6f6a8-8411-421e-b2b6-609784655a16 - - - - - -] Successfully bumped revision number for resource 461afce5-2068-4f46-a747-a93bc1c2d476 (type: ports) to 2
2026-05-09 16:24:12.654 8 INFO neutron.db.ovn_revision_numbers_db [None req-c7a6f6a8-8411-421e-b2b6-609784655a16 - - - - - -] Successfully bumped revision number for resource 96c15bfb-dac4-4bf2-91de-070bc7b01245 (type: subnets) to 0 [pid: 8|app: 0|req: 804/1790] 10.0.0.91 () {34 vars in 668 bytes} [Sat May 9 16:24:12 2026] POST /v2.0/subnets => generated 647 bytes in 613 msecs (HTTP/1.1 201) 4 headers in 162 bytes (1 switches on core 0)
2026-05-09 16:24:12.687 7 INFO neutron.plugins.ml2.drivers.ovn.mech_driver.mech_driver [None req-4bc28db0-ef11-44bd-a6ad-eb66ca93c05d - - - - - -] OVN reports status down for port: b319cd6c-53a5-45c5-8332-d746468857ff
