2026-05-09 16:24:36.241 7 INFO neutron.db.ovn_revision_numbers_db [None req-d87d4861-20ab-4c6b-87a7-5bb14e3a9242 284b267aa7d1482086bd9f2d02e52edd 919800f2dde04bf981e3558e43432a49 - - default default] Successfully bumped revision number for resource 142fb120-2fad-465a-a5e5-878b6663477d (type: security_group_rules) to 0
2026-05-09 16:24:36.253 7 INFO neutron.db.ovn_revision_numbers_db [None req-d87d4861-20ab-4c6b-87a7-5bb14e3a9242 284b267aa7d1482086bd9f2d02e52edd 919800f2dde04bf981e3558e43432a49 - - default default] Successfully bumped revision number for resource 1e6f8995-92db-4879-b94a-ab146cc2b585 (type: security_group_rules) to 0
2026-05-09 16:24:36.264 7 INFO neutron.db.ovn_revision_numbers_db [None req-d87d4861-20ab-4c6b-87a7-5bb14e3a9242 284b267aa7d1482086bd9f2d02e52edd 919800f2dde04bf981e3558e43432a49 - - default default] Successfully bumped revision number for resource ae900c8d-ede6-4ba6-8f99-c7a580043e94 (type: security_group_rules) to 0
2026-05-09 16:24:36.275 7 INFO neutron.db.ovn_revision_numbers_db [None req-d87d4861-20ab-4c6b-87a7-5bb14e3a9242 284b267aa7d1482086bd9f2d02e52edd 919800f2dde04bf981e3558e43432a49 - - default default] Successfully bumped revision number for resource d4d78b97-d031-4675-93df-ce9ef4384ec9 (type: security_group_rules) to 0 [pid: 7|app: 0|req: 1088/1993] 10.0.0.91 () {32 vars in 773 bytes} [Sat May 9 16:24:36 2026] GET /v2.0/security-groups?tenant_id=8fdb5d309ede45ceae44523fd204c9b0&name=default => generated 2925 bytes in 191 msecs (HTTP/1.1 200) 4 headers in 158 bytes (1 switches on core 0)
2026-05-09 16:24:36.415 7 INFO neutron_taas.services.taas.taas_plugin [None req-952ebe06-40d1-4281-88fc-08e6a5e83bec c5040a74b9e241d796c74dac7ea71d50 72ffe58518e34df1b3bfddc2ab9b0719 - - default default] TaaS: Handle Delete Port: 279d0e63-dab3-454b-a82a-80be66ac9a29
2026-05-09 16:24:36.418 7 INFO neutron_taas.services.taas.tap_mirror_plugin [None req-952ebe06-40d1-4281-88fc-08e6a5e83bec c5040a74b9e241d796c74dac7ea71d50 72ffe58518e34df1b3bfddc2ab9b0719 - - default default] Tap Mirror: Handle Delete Port: 279d0e63-dab3-454b-a82a-80be66ac9a29 [pid: 7|app: 0|req: 1089/1994] 10.0.0.91 () {32 vars in 719 bytes} [Sat May 9 16:24:36 2026] DELETE /v2.0/ports/279d0e63-dab3-454b-a82a-80be66ac9a29 => generated 0 bytes in 246 msecs (HTTP/1.1 204) 3 headers in 131 bytes (1 switches on core 0) [pid: 7|app: 0|req: 1090/1995] 10.0.0.91 () {32 vars in 662 bytes} [Sat May 9 16:24:36 2026] GET /v2.0/security-groups => generated 4529 bytes in 36 msecs (HTTP/1.1 200) 4 headers in 158 bytes (1 switches on core 0)
2026-05-09 16:24:36.655 8 INFO neutron.db.ovn_revision_numbers_db [None req-2030db53-8e56-4387-8108-e2f2e70a186b 187891b5808348649c354465f628899e 64eddf31255942df93cdb80d6aeff563 - - default default] Successfully bumped revision number for resource d8cab649-fb17-47a8-b200-dbe873189e2b (type: ports) to 2
2026-05-09 16:24:36.676 7 INFO neutron.plugins.ml2.drivers.ovn.mech_driver.mech_driver [None req-a4f98a7b-b45a-4859-9f9f-535c977c187c - - - - - -] OVN reports status up for port: d8cab649-fb17-47a8-b200-dbe873189e2b
2026-05-09 16:24:36.702 7 INFO neutron.plugins.ml2.plugin [None req-a4f98a7b-b45a-4859-9f9f-535c977c187c - - - - - -] Attempt 1 to provision port d8cab649-fb17-47a8-b200-dbe873189e2b [pid: 7|app: 0|req: 1091/1996] 10.0.0.91 () {32 vars in 739 bytes} [Sat May 9 16:24:36 2026] DELETE /v2.0/security-groups/18fbb844-50a9-4dad-a5d2-027bce4858fb => generated 0 bytes in 367 msecs (HTTP/1.1 204) 2 headers in 112 bytes (1 switches on core 0)
2026-05-09 16:24:37.163 7 INFO neutron_taas.services.taas.taas_plugin [None req-510bf9cc-52ae-4b85-b515-ba6a087b7408 c5040a74b9e241d796c74dac7ea71d50 72ffe58518e34df1b3bfddc2ab9b0719 - - default default] TaaS: Handle Delete Port: a3c3c74d-ea23-4cdd-9a27-c8450714b3e5
2026-05-09 16:24:37.168 7 INFO neutron_taas.services.taas.tap_mirror_plugin [None req-510bf9cc-52ae-4b85-b515-ba6a087b7408 c5040a74b9e241d796c74dac7ea71d50 72ffe58518e34df1b3bfddc2ab9b0719 - - default default] Tap Mirror: Handle Delete Port: a3c3c74d-ea23-4cdd-9a27-c8450714b3e5
2026-05-09 16:24:37.195 7 INFO neutron.db.ovn_revision_numbers_db [None req-a4f98a7b-b45a-4859-9f9f-535c977c187c - - - - - -] Successfully bumped revision number for resource d8cab649-fb17-47a8-b200-dbe873189e2b (type: ports) to 3 [pid: 7|app: 0|req: 1092/1997] 10.0.0.91 () {32 vars in 719 bytes} [Sat May 9 16:24:36 2026] DELETE /v2.0/ports/a3c3c74d-ea23-4cdd-9a27-c8450714b3e5 => generated 0 bytes in 385 msecs (HTTP/1.1 204) 3 headers in 131 bytes (1 switches on core 0) /var/lib/openstack/lib/python3.12/site-packages/pycadf/identifier.py:70: UserWarning: Invalid uuid: neutron. To ensure interoperability, identifiers should be a valid uuid. warnings.warn(('Invalid uuid: %s. To ensure interoperability, '
2026-05-09 16:24:37.425 7 INFO neutron.db.ovn_revision_numbers_db [None req-24075fce-150c-4703-a64c-aa24ea355060 568c1386e1594952baf0b158c46f5cf2 f5febaaf12f0494394d1d8bc0a389cd8 - - default default] Successfully bumped revision number for resource 83264b52-6b12-479d-8b15-8607087adfb0 (type: security_groups) to 2 [pid: 7|app: 0|req: 1093/1998] 10.0.0.91 () {34 vars in 757 bytes} [Sat May 9 16:24:37 2026] PUT /v2.0/security-groups/83264b52-6b12-479d-8b15-8607087adfb0 => generated 1664 bytes in 100 msecs (HTTP/1.1 200) 4 headers in 158 bytes (1 switches on core 0)
2026-05-09 16:24:37.554 7 INFO neutron_taas.services.taas.taas_plugin [None req-14207a48-d1bd-4f86-b95b-d71b22cc48ba c5040a74b9e241d796c74dac7ea71d50 72ffe58518e34df1b3bfddc2ab9b0719 - - default default] TaaS: Handle Delete Port: cbcf5903-89fd-42fe-80ca-e008706f911a
2026-05-09 16:24:37.557 7 INFO neutron_taas.services.taas.tap_mirror_plugin [None req-14207a48-d1bd-4f86-b95b-d71b22cc48ba c5040a74b9e241d796c74dac7ea71d50 72ffe58518e34df1b3bfddc2ab9b0719 - - default default] Tap Mirror: Handle Delete Port: cbcf5903-89fd-42fe-80ca-e008706f911a [pid: 7|app: 0|req: 1094/1999] 10.0.0.91 () {32 vars in 719 bytes} [Sat May 9 16:24:37 2026] DELETE /v2.0/ports/cbcf5903-89fd-42fe-80ca-e008706f911a => generated 0 bytes in 238 msecs (HTTP/1.1 204) 3 headers in 131 bytes (1 switches on core 0) [pid: 7|app: 0|req: 1095/2000] 10.0.0.91 () {32 vars in 736 bytes} [Sat May 9 16:24:37 2026] GET /v2.0/security-groups/83264b52-6b12-479d-8b15-8607087adfb0 => generated 1664 bytes in 20 msecs (HTTP/1.1 200) 4 headers in 158 bytes (1 switches on core 0)
2026-05-09 16:24:37.846 7 INFO neutron_taas.services.taas.taas_plugin [None req-340a9948-b7d2-4cac-979a-b1a21cd5c446 c5040a74b9e241d796c74dac7ea71d50 72ffe58518e34df1b3bfddc2ab9b0719 - - default default] TaaS: Handle Delete Port: 8450e9e5-bcfc-4c88-9e30-0dbb5e0306a3
2026-05-09 16:24:37.849 7 INFO neutron_taas.services.taas.tap_mirror_plugin [None req-340a9948-b7d2-4cac-979a-b1a21cd5c446 c5040a74b9e241d796c74dac7ea71d50 72ffe58518e34df1b3bfddc2ab9b0719 - - default default] Tap Mirror: Handle Delete Port: 8450e9e5-bcfc-4c88-9e30-0dbb5e0306a3
2026-05-09 16:24:37.901 8 WARNING neutron.scheduler.dhcp_agent_scheduler [None req-2030db53-8e56-4387-8108-e2f2e70a186b 187891b5808348649c354465f628899e 64eddf31255942df93cdb80d6aeff563 - - default default] No more DHCP agents
2026-05-09 16:24:37.902 8 WARNING neutron.api.rpc.agentnotifiers.dhcp_rpc_agent_api [None req-2030db53-8e56-4387-8108-e2f2e70a186b 187891b5808348649c354465f628899e 64eddf31255942df93cdb80d6aeff563 - - default default] Unable to schedule network 135f4158-1f99-4597-9a3a-65f61c4ccae8: no agents available; will retry on subsequent port and subnet creation events. [pid: 7|app: 0|req: 1096/2001] 10.0.0.91 () {32 vars in 719 bytes} [Sat May 9 16:24:37 2026] DELETE /v2.0/ports/8450e9e5-bcfc-4c88-9e30-0dbb5e0306a3 => generated 0 bytes in 272 msecs (HTTP/1.1 204) 3 headers in 131 bytes (1 switches on core 0)
2026-05-09 16:24:38.094 8 INFO neutron.db.ovn_revision_numbers_db [None req-2030db53-8e56-4387-8108-e2f2e70a186b 187891b5808348649c354465f628899e 64eddf31255942df93cdb80d6aeff563 - - default default] Successfully bumped revision number for resource d8cab649-fb17-47a8-b200-dbe873189e2b (type: router_ports) to 3 [pid: 8|app: 0|req: 906/2002] 10.0.0.91 () {34 vars in 782 bytes} [Sat May 9 16:24:36 2026] PUT /v2.0/routers/2e6a13cf-fd9d-421e-a0b0-785bb2a16d5d/add_router_interface => generated 309 bytes in 1933 msecs (HTTP/1.1 200) 4 headers in 157 bytes (1 switches on core 0) /var/lib/openstack/lib/python3.12/site-packages/pycadf/identifier.py:70: UserWarning: Invalid uuid: neutron. To ensure interoperability, identifiers should be a valid uuid. warnings.warn(('Invalid uuid: %s. To ensure interoperability, ' [pid: 7|app: 0|req: 1097/2003] 10.0.0.91 () {32 vars in 739 bytes} [Sat May 9 16:24:37 2026] DELETE /v2.0/security-groups/83264b52-6b12-479d-8b15-8607087adfb0 => generated 0 bytes in 183 msecs (HTTP/1.1 204) 2 headers in 112 bytes (1 switches on core 0) [pid: 7|app: 0|req: 1098/2004] 10.0.0.91 () {32 vars in 716 bytes} [Sat May 9 16:24:38 2026] GET /v2.0/ports/d8cab649-fb17-47a8-b200-dbe873189e2b => generated 1026 bytes in 38 msecs (HTTP/1.1 200) 4 headers in 158 bytes (1 switches on core 0) [pid: 7|app: 0|req: 1099/2005] 10.0.0.91 () {32 vars in 662 bytes} [Sat May 9 16:24:38 2026] GET /v2.0/security-groups => generated 2925 bytes in 29 msecs (HTTP/1.1 200) 4 headers in 158 bytes (1 switches on core 0)
2026-05-09 16:24:38.266 8 INFO neutron_taas.services.taas.taas_plugin [None req-7b3bbf6e-3d8a-4568-ba13-4d4451cb381d c5040a74b9e241d796c74dac7ea71d50 72ffe58518e34df1b3bfddc2ab9b0719 - - default default] TaaS: Handle Delete Port: 9d5d1229-4dc9-4d60-8d1e-956a5d76c624
2026-05-09 16:24:38.270 8 INFO neutron_taas.services.taas.tap_mirror_plugin [None req-7b3bbf6e-3d8a-4568-ba13-4d4451cb381d c5040a74b9e241d796c74dac7ea71d50 72ffe58518e34df1b3bfddc2ab9b0719 - - default default] Tap Mirror: Handle Delete Port: 9d5d1229-4dc9-4d60-8d1e-956a5d76c624 [pid: 8|app: 0|req: 907/2006] 10.0.0.91 () {32 vars in 719 bytes} [Sat May 9 16:24:38 2026] DELETE /v2.0/ports/9d5d1229-4dc9-4d60-8d1e-956a5d76c624 => generated 0 bytes in 286 msecs (HTTP/1.1 204) 3 headers in 131 bytes (1 switches on core 0)
2026-05-09 16:24:38.397 8 INFO neutron.api.v2.resource [None req-1f46e07b-02d3-4f73-b2eb-a337fccf0b1b 568c1386e1594952baf0b158c46f5cf2 f5febaaf12f0494394d1d8bc0a389cd8 - - default default] delete failed (client error): The resource could not be found. [pid: 8|app: 0|req: 908/2007] 10.0.0.91 () {32 vars in 739 bytes} [Sat May 9 16:24:38 2026] DELETE /v2.0/security-groups/83264b52-6b12-479d-8b15-8607087adfb0 => generated 146 bytes in 10 msecs (HTTP/1.1 404) 4 headers in 164 bytes (1 switches on core 0)
2026-05-09 16:24:38.513 7 INFO neutron_taas.services.taas.taas_plugin [None req-ecf39c0b-8a13-484a-bc96-dcae0249228d 187891b5808348649c354465f628899e 64eddf31255942df93cdb80d6aeff563 - - default default] TaaS: Handle Delete Port: d8cab649-fb17-47a8-b200-dbe873189e2b
2026-05-09 16:24:38.516 7 INFO neutron_taas.services.taas.tap_mirror_plugin [None req-ecf39c0b-8a13-484a-bc96-dcae0249228d 187891b5808348649c354465f628899e 64eddf31255942df93cdb80d6aeff563 - - default default] Tap Mirror: Handle Delete Port: d8cab649-fb17-47a8-b200-dbe873189e2b
2026-05-09 16:24:38.527 8 INFO neutron_taas.services.taas.taas_plugin [None req-ff8a3a12-7663-4d98-85f6-e731261037da c5040a74b9e241d796c74dac7ea71d50 72ffe58518e34df1b3bfddc2ab9b0719 - - default default] TaaS: Handle Delete Port: 2c73ad3f-d9b6-46da-a4c7-afed0858c86a
2026-05-09 16:24:38.530 8 INFO neutron_taas.services.taas.tap_mirror_plugin [None req-ff8a3a12-7663-4d98-85f6-e731261037da c5040a74b9e241d796c74dac7ea71d50 72ffe58518e34df1b3bfddc2ab9b0719 - - default default] Tap Mirror: Handle Delete Port: 2c73ad3f-d9b6-46da-a4c7-afed0858c86a
2026-05-09 16:24:38.720 8 INFO neutron.services.segments.plugin [-] Segment 2e786017-5f42-41e7-bf86-3624ab3da028 resource provider aggregate not found
2026-05-09 16:24:38.730 8 INFO neutron.services.segments.plugin [-] Segment 2e786017-5f42-41e7-bf86-3624ab3da028 resource provider aggregate not found
2026-05-09 16:24:38.738 8 INFO neutron.services.segments.plugin [-] Segment 2e786017-5f42-41e7-bf86-3624ab3da028 resource provider not found; error: Placement Client Error (4xx): {"errors": [{"status": 404, "title": "Not Found", "detail": "The resource could not be found.\n\n No resource provider with uuid 2e786017-5f42-41e7-bf86-3624ab3da028 found for delete ", "request_id": "req-ad2eec81-c8dc-4616-9317-d38b14884f10"}]}
2026-05-09 16:24:38.750 8 INFO neutron.services.segments.plugin [-] Segment 2e786017-5f42-41e7-bf86-3624ab3da028 resource provider not found; error: Placement Client Error (4xx): {"errors": [{"status": 404, "title": "Not Found", "detail": "The resource could not be found.\n\n No resource provider with uuid 2e786017-5f42-41e7-bf86-3624ab3da028 found for delete ", "request_id": "req-363b41e0-92de-4b21-a801-15fe0a4054b0"}]} [pid: 8|app: 0|req: 909/2008] 10.0.0.91 () {32 vars in 725 bytes} [Sat May 9 16:24:38 2026] DELETE /v2.0/networks/8b28a69a-0030-4e1b-8106-e80f0563ed2e => generated 0 bytes in 375 msecs (HTTP/1.1 204) 3 headers in 131 bytes (1 switches on core 0) [pid: 7|app: 0|req: 1100/2009] 10.0.0.91 () {34 vars in 788 bytes} [Sat May 9 16:24:38 2026] PUT /v2.0/routers/2e6a13cf-fd9d-421e-a0b0-785bb2a16d5d/remove_router_interface => generated 309 bytes in 576 msecs (HTTP/1.1 200) 4 headers in 157 bytes (1 switches on core 0) /var/lib/openstack/lib/python3.12/site-packages/pycadf/identifier.py:70: UserWarning: Invalid uuid: neutron. To ensure interoperability, identifiers should be a valid uuid. warnings.warn(('Invalid uuid: %s. To ensure interoperability, '
2026-05-09 16:24:38.923 8 INFO neutron.db.ovn_revision_numbers_db [None req-34440089-1237-4155-90e2-6248cdfd261d 568c1386e1594952baf0b158c46f5cf2 f5febaaf12f0494394d1d8bc0a389cd8 - - default default] Successfully bumped revision number for resource d9088237-5c0b-4d68-8e57-fbb3428198fd (type: security_groups) to 1
2026-05-09 16:24:38.935 7 INFO neutron_taas.services.taas.taas_plugin [None req-52e4ba03-f003-4440-bfa7-a24c62a9c308 c5040a74b9e241d796c74dac7ea71d50 72ffe58518e34df1b3bfddc2ab9b0719 - - default default] TaaS: Handle Delete Port: a406b2f1-ce37-4dfe-9beb-b8a495b81297
2026-05-09 16:24:38.937 8 INFO neutron.db.ovn_revision_numbers_db [None req-34440089-1237-4155-90e2-6248cdfd261d 568c1386e1594952baf0b158c46f5cf2 f5febaaf12f0494394d1d8bc0a389cd8 - - default default] Successfully bumped revision number for resource a63ed07c-402b-470f-a939-d4e966e0831d (type: security_group_rules) to 0
2026-05-09 16:24:38.939 7 INFO neutron_taas.services.taas.tap_mirror_plugin [None req-52e4ba03-f003-4440-bfa7-a24c62a9c308 c5040a74b9e241d796c74dac7ea71d50 72ffe58518e34df1b3bfddc2ab9b0719 - - default default] Tap Mirror: Handle Delete Port: a406b2f1-ce37-4dfe-9beb-b8a495b81297
2026-05-09 16:24:38.947 8 INFO neutron.db.ovn_revision_numbers_db [None req-34440089-1237-4155-90e2-6248cdfd261d 568c1386e1594952baf0b158c46f5cf2 f5febaaf12f0494394d1d8bc0a389cd8 - - default default] Successfully bumped revision number for resource eb9fa002-90fb-4865-a826-057dfade530d (type: security_group_rules) to 0 [pid: 8|app: 0|req: 910/2010] 10.0.0.91 () {34 vars in 683 bytes} [Sat May 9 16:24:38 2026] POST /v2.0/security-groups => generated 1624 bytes in 209 msecs (HTTP/1.1 201) 4 headers in 163 bytes (1 switches on core 0)
2026-05-09 16:24:39.090 8 INFO neutron.api.v2.resource [None req-7017161e-d3e4-425b-bda0-f28dd69bcacf 187891b5808348649c354465f628899e 64eddf31255942df93cdb80d6aeff563 - - default default] remove_router_interface failed (client error): The resource could not be found. [pid: 8|app: 0|req: 911/2011] 10.0.0.91 () {34 vars in 788 bytes} [Sat May 9 16:24:38 2026] PUT /v2.0/routers/2e6a13cf-fd9d-421e-a0b0-785bb2a16d5d/remove_router_interface => generated 197 bytes in 107 msecs (HTTP/1.1 404) 4 headers in 164 bytes (1 switches on core 0)
2026-05-09 16:24:39.118 7 INFO neutron.services.segments.plugin [-] Segment dcc5a8e8-6455-4de8-bfd5-7b7204cca582 resource provider aggregate not found
2026-05-09 16:24:39.120 7 INFO neutron.services.segments.plugin [-] Segment dcc5a8e8-6455-4de8-bfd5-7b7204cca582 resource provider aggregate not found
2026-05-09 16:24:39.139 7 INFO neutron.services.segments.plugin [-] Segment dcc5a8e8-6455-4de8-bfd5-7b7204cca582 resource provider not found; error: Placement Client Error (4xx): {"errors": [{"status": 404, "title": "Not Found", "detail": "The resource could not be found.\n\n No resource provider with uuid dcc5a8e8-6455-4de8-bfd5-7b7204cca582 found for delete ", "request_id": "req-dfa346ba-dbdc-4be0-b7ec-5cbcbd7de363"}]}
2026-05-09 16:24:39.148 7 INFO neutron.services.segments.plugin [-] Segment dcc5a8e8-6455-4de8-bfd5-7b7204cca582 resource provider not found; error: Placement Client Error (4xx): {"errors": [{"status": 404, "title": "Not Found", "detail": "The resource could not be found.\n\n No resource provider with uuid dcc5a8e8-6455-4de8-bfd5-7b7204cca582 found for delete ", "request_id": "req-d1626c9a-a0c7-40db-bb32-c6ad8fe43558"}]} [pid: 7|app: 0|req: 1101/2012] 10.0.0.91 () {32 vars in 725 bytes} [Sat May 9 16:24:38 2026] DELETE /v2.0/networks/1a473100-7a5f-4743-b963-d6e9a247008c => generated 0 bytes in 360 msecs (HTTP/1.1 204) 3 headers in 131 bytes (1 switches on core 0) [pid: 7|app: 0|req: 1102/2013] 10.0.0.91 () {32 vars in 735 bytes} [Sat May 9 16:24:39 2026] GET /v2.0/ports?device_id=2e6a13cf-fd9d-421e-a0b0-785bb2a16d5d => generated 12 bytes in 19 msecs (HTTP/1.1 200) 4 headers in 156 bytes (1 switches on core 0)
2026-05-09 16:24:39.223 8 INFO neutron.db.ovn_revision_numbers_db [None req-9b24fca4-5462-4a2c-a605-20f8ee6c204e 568c1386e1594952baf0b158c46f5cf2 f5febaaf12f0494394d1d8bc0a389cd8 - - default default] Successfully bumped revision number for resource aba9f612-6182-4515-ab27-d3e33d3d6260 (type: security_group_rules) to 0 [pid: 8|app: 0|req: 912/2014] 10.0.0.91 () {34 vars in 694 bytes} [Sat May 9 16:24:39 2026] POST /v2.0/security-group-rules => generated 601 bytes in 161 msecs (HTTP/1.1 201) 4 headers in 162 bytes (1 switches on core 0)
2026-05-09 16:24:39.313 7 INFO neutron_taas.services.taas.taas_plugin [None req-fa4dbf5c-3597-46b7-9f0c-c9ded3f51fbc c5040a74b9e241d796c74dac7ea71d50 72ffe58518e34df1b3bfddc2ab9b0719 - - default default] TaaS: Handle Delete Port: db196262-12b8-41d3-ada6-5bd4e84ef365
2026-05-09 16:24:39.317 7 INFO neutron_taas.services.taas.tap_mirror_plugin [None req-fa4dbf5c-3597-46b7-9f0c-c9ded3f51fbc c5040a74b9e241d796c74dac7ea71d50 72ffe58518e34df1b3bfddc2ab9b0719 - - default default] Tap Mirror: Handle Delete Port: db196262-12b8-41d3-ada6-5bd4e84ef365 [pid: 8|app: 0|req: 913/2015] 10.0.0.91 () {32 vars in 723 bytes} [Sat May 9 16:24:39 2026] DELETE /v2.0/routers/2e6a13cf-fd9d-421e-a0b0-785bb2a16d5d => generated 0 bytes in 166 msecs (HTTP/1.1 204) 2 headers in 112 bytes (1 switches on core 0) [pid: 8|app: 0|req: 914/2016] 10.0.0.91 () {32 vars in 746 bytes} [Sat May 9 16:24:39 2026] GET /v2.0/security-group-rules/aba9f612-6182-4515-ab27-d3e33d3d6260 => generated 601 bytes in 32 msecs (HTTP/1.1 200) 4 headers in 157 bytes (1 switches on core 0) [pid: 7|app: 0|req: 1103/2017] 10.0.0.91 () {32 vars in 725 bytes} [Sat May 9 16:24:39 2026] DELETE /v2.0/networks/93cf00b2-7f92-42c4-8a39-f853ef75724b => generated 0 bytes in 366 msecs (HTTP/1.1 204) 3 headers in 131 bytes (1 switches on core 0) [pid: 8|app: 0|req: 915/2018] 10.0.0.91 () {32 vars in 723 bytes} [Sat May 9 16:24:39 2026] DELETE /v2.0/subnets/2a1cf5f6-53d3-4086-9f08-2e6235320cd3 => generated 0 bytes in 153 msecs (HTTP/1.1 204) 3 headers in 131 bytes (1 switches on core 0) [pid: 7|app: 0|req: 1104/2019] 10.0.0.91 () {32 vars in 672 bytes} [Sat May 9 16:24:39 2026] GET /v2.0/security-group-rules => generated 4138 bytes in 78 msecs (HTTP/1.1 200) 4 headers in 158 bytes (1 switches on core 0)
2026-05-09 16:24:39.720 8 INFO neutron_taas.services.taas.taas_plugin [None req-f78b585b-ad0c-48bb-b6fd-1ade8616de76 c5040a74b9e241d796c74dac7ea71d50 72ffe58518e34df1b3bfddc2ab9b0719 - - default default] TaaS: Handle Delete Port: f6c607ea-a8b3-4505-8899-616640d1a313
2026-05-09 16:24:39.732 8 INFO neutron_taas.services.taas.tap_mirror_plugin [None req-f78b585b-ad0c-48bb-b6fd-1ade8616de76 c5040a74b9e241d796c74dac7ea71d50 72ffe58518e34df1b3bfddc2ab9b0719 - - default default] Tap Mirror: Handle Delete Port: f6c607ea-a8b3-4505-8899-616640d1a313
2026-05-09 16:24:39.749 7 INFO neutron_taas.services.taas.taas_plugin [None req-b4d41f58-3036-4921-9edd-108c2cae1de0 187891b5808348649c354465f628899e 64eddf31255942df93cdb80d6aeff563 - - default default] TaaS: Handle Delete Port: 9b737381-4cd5-45da-85ec-55a81ebe2649
2026-05-09 16:24:39.752 7 INFO neutron_taas.services.taas.tap_mirror_plugin [None req-b4d41f58-3036-4921-9edd-108c2cae1de0 187891b5808348649c354465f628899e 64eddf31255942df93cdb80d6aeff563 - - default default] Tap Mirror: Handle Delete Port: 9b737381-4cd5-45da-85ec-55a81ebe2649 [pid: 8|app: 0|req: 916/2020] 10.0.0.91 () {32 vars in 725 bytes} [Sat May 9 16:24:39 2026] DELETE /v2.0/networks/976de0c5-0c90-4d9b-82fe-d8a3c2d076a9 => generated 0 bytes in 349 msecs (HTTP/1.1 204) 3 headers in 131 bytes (1 switches on core 0) [pid: 7|app: 0|req: 1105/2021] 10.0.0.91 () {32 vars in 725 bytes} [Sat May 9 16:24:39 2026] DELETE /v2.0/networks/135f4158-1f99-4597-9a3a-65f61c4ccae8 => generated 0 bytes in 343 msecs (HTTP/1.1 204) 3 headers in 131 bytes (1 switches on core 0) [pid: 8|app: 0|req: 917/2022] 10.0.0.91 () {32 vars in 749 bytes} [Sat May 9 16:24:39 2026] DELETE /v2.0/security-group-rules/aba9f612-6182-4515-ab27-d3e33d3d6260 => generated 0 bytes in 125 msecs (HTTP/1.1 204) 2 headers in 112 bytes (1 switches on core 0)
2026-05-09 16:24:40.098 7 INFO neutron_taas.services.taas.taas_plugin [None req-8d37aa80-9418-4dff-b6d8-5277c0607ae4 c5040a74b9e241d796c74dac7ea71d50 72ffe58518e34df1b3bfddc2ab9b0719 - - default default] TaaS: Handle Delete Port: 1c0152ac-8d26-4d1b-b855-97e800155d65
2026-05-09 16:24:40.101 7 INFO neutron_taas.services.taas.tap_mirror_plugin [None req-8d37aa80-9418-4dff-b6d8-5277c0607ae4 c5040a74b9e241d796c74dac7ea71d50 72ffe58518e34df1b3bfddc2ab9b0719 - - default default] Tap Mirror: Handle Delete Port: 1c0152ac-8d26-4d1b-b855-97e800155d65
2026-05-09 16:24:40.169 8 INFO neutron.db.segments_db [None req-161ec8c4-e720-4f80-a4ee-e48552a6b862 187891b5808348649c354465f628899e 64eddf31255942df93cdb80d6aeff563 - - default default] Added segment 186a235d-9c3f-4e40-b88d-f4248255ceac of type geneve for network 9171b2b8-db4e-4d60-932f-397c5202aad5
2026-05-09 16:24:40.294 8 INFO neutron.db.ovn_revision_numbers_db [None req-161ec8c4-e720-4f80-a4ee-e48552a6b862 187891b5808348649c354465f628899e 64eddf31255942df93cdb80d6aeff563 - - default default] Successfully bumped revision number for resource 9171b2b8-db4e-4d60-932f-397c5202aad5 (type: networks) to 1 [pid: 7|app: 0|req: 1106/2023] 10.0.0.91 () {32 vars in 725 bytes} [Sat May 9 16:24:39 2026] DELETE /v2.0/networks/5926df4f-a8ff-44cc-b403-3fe7f4237a43 => generated 0 bytes in 345 msecs (HTTP/1.1 204) 3 headers in 131 bytes (1 switches on core 0) [pid: 7|app: 0|req: 1107/2024] 10.0.0.91 () {32 vars in 672 bytes} [Sat May 9 16:24:40 2026] GET /v2.0/security-group-rules => generated 3560 bytes in 63 msecs (HTTP/1.1 200) 4 headers in 158 bytes (1 switches on core 0)
2026-05-09 16:24:40.464 8 WARNING neutron.scheduler.dhcp_agent_scheduler [None req-161ec8c4-e720-4f80-a4ee-e48552a6b862 187891b5808348649c354465f628899e 64eddf31255942df93cdb80d6aeff563 - - default default] No more DHCP agents
2026-05-09 16:24:40.466 8 WARNING neutron.api.rpc.agentnotifiers.dhcp_rpc_agent_api [None req-161ec8c4-e720-4f80-a4ee-e48552a6b862 187891b5808348649c354465f628899e 64eddf31255942df93cdb80d6aeff563 - - default default] Unable to schedule network 9171b2b8-db4e-4d60-932f-397c5202aad5: no agents available; will retry on subsequent port and subnet creation events.
2026-05-09 16:24:40.526 7 INFO neutron.db.ovn_revision_numbers_db [None req-179bc118-347d-4297-8e0e-319a6293126d 568c1386e1594952baf0b158c46f5cf2 f5febaaf12f0494394d1d8bc0a389cd8 - - default default] Successfully bumped revision number for resource ef690976-ff34-4141-a290-8473ee417cb5 (type: security_group_rules) to 0
2026-05-09 16:24:40.556 8 INFO neutron.db.ovn_revision_numbers_db [None req-161ec8c4-e720-4f80-a4ee-e48552a6b862 187891b5808348649c354465f628899e 64eddf31255942df93cdb80d6aeff563 - - default default] Successfully bumped revision number for resource 6ae42eb0-bfc9-4ab5-be3d-6978c040a074 (type: ports) to 1 [pid: 7|app: 0|req: 1108/2025] 10.0.0.91 () {34 vars in 694 bytes} [Sat May 9 16:24:40 2026] POST /v2.0/security-group-rules => generated 601 bytes in 170 msecs (HTTP/1.1 201) 4 headers in 162 bytes (1 switches on core 0) [pid: 8|app: 0|req: 918/2026] 10.0.0.91 () {34 vars in 669 bytes} [Sat May 9 16:24:40 2026] POST /v2.0/networks => generated 653 bytes in 496 msecs (HTTP/1.1 201) 4 headers in 162 bytes (1 switches on core 0) [pid: 7|app: 0|req: 1109/2027] 10.0.0.91 () {32 vars in 746 bytes} [Sat May 9 16:24:40 2026] GET /v2.0/security-group-rules/ef690976-ff34-4141-a290-8473ee417cb5 => generated 601 bytes in 15 msecs (HTTP/1.1 200) 4 headers in 157 bytes (1 switches on core 0) [pid: 7|app: 0|req: 1110/2028] 10.0.0.91 () {32 vars in 672 bytes} [Sat May 9 16:24:40 2026] GET /v2.0/security-group-rules => generated 4138 bytes in 55 msecs (HTTP/1.1 200) 4 headers in 158 bytes (1 switches on core 0)
2026-05-09 16:24:40.755 8 INFO neutron.services.segments.plugin [-] Segment c4fdb89f-a5f6-4c8d-9f51-2cb28e3a6ada resource provider aggregate not found [pid: 7|app: 0|req: 1111/2029] 10.0.0.91 () {32 vars in 749 bytes} [Sat May 9 16:24:40 2026] DELETE /v2.0/security-group-rules/ef690976-ff34-4141-a290-8473ee417cb5 => generated 0 bytes in 117 msecs (HTTP/1.1 204) 2 headers in 112 bytes (1 switches on core 0)
2026-05-09 16:24:40.765 8 WARNING neutron.scheduler.dhcp_agent_scheduler [None req-11b43f28-2c65-4626-a46d-2777a4fb3745 187891b5808348649c354465f628899e 64eddf31255942df93cdb80d6aeff563 - - default default] No more DHCP agents
2026-05-09 16:24:40.767 8 WARNING neutron.api.rpc.agentnotifiers.dhcp_rpc_agent_api [None req-11b43f28-2c65-4626-a46d-2777a4fb3745 187891b5808348649c354465f628899e 64eddf31255942df93cdb80d6aeff563 - - default default] Unable to schedule network 9171b2b8-db4e-4d60-932f-397c5202aad5: no agents available; will retry on subsequent port and subnet creation events.
2026-05-09 16:24:40.770 8 INFO neutron.services.segments.plugin [-] Segment c4fdb89f-a5f6-4c8d-9f51-2cb28e3a6ada resource provider aggregate not found
2026-05-09 16:24:40.779 8 INFO neutron.services.segments.plugin [-] Segment c4fdb89f-a5f6-4c8d-9f51-2cb28e3a6ada resource provider not found; error: Placement Client Error (4xx): {"errors": [{"status": 404, "title": "Not Found", "detail": "The resource could not be found.\n\n No resource provider with uuid c4fdb89f-a5f6-4c8d-9f51-2cb28e3a6ada found for delete ", "request_id": "req-f15c8a8c-bc3a-4b20-ad08-e748bc8a3de3"}]}
2026-05-09 16:24:40.788 8 INFO neutron.services.segments.plugin [-] Segment c4fdb89f-a5f6-4c8d-9f51-2cb28e3a6ada resource provider not found; error: Placement Client Error (4xx): {"errors": [{"status": 404, "title": "Not Found", "detail": "The resource could not be found.\n\n No resource provider with uuid c4fdb89f-a5f6-4c8d-9f51-2cb28e3a6ada found for delete ", "request_id": "req-8a21d381-781d-465a-998b-a693d989c600"}]}
2026-05-09 16:24:40.800 8 INFO neutron.db.ovn_revision_numbers_db [None req-11b43f28-2c65-4626-a46d-2777a4fb3745 187891b5808348649c354465f628899e 64eddf31255942df93cdb80d6aeff563 - - default default] Successfully bumped revision number for resource 608db6a4-2706-41fb-a84a-879f69d6421c (type: subnets) to 0 [pid: 8|app: 0|req: 919/2030] 10.0.0.91 () {34 vars in 668 bytes} [Sat May 9 16:24:40 2026] POST /v2.0/subnets => generated 646 bytes in 236 msecs (HTTP/1.1 201) 4 headers in 162 bytes (1 switches on core 0) [pid: 7|app: 0|req: 1112/2031] 10.0.0.91 () {32 vars in 672 bytes} [Sat May 9 16:24:40 2026] GET /v2.0/security-group-rules => generated 3560 bytes in 63 msecs (HTTP/1.1 200) 4 headers in 158 bytes (1 switches on core 0)
2026-05-09 16:24:40.941 8 INFO neutron.db.ovn_revision_numbers_db [None req-1385e7d4-324b-4a6f-9bb5-9842fe6253d7 187891b5808348649c354465f628899e 64eddf31255942df93cdb80d6aeff563 - - default default] Successfully bumped revision number for resource 309808ae-4829-48d3-a781-25880f0a8926 (type: routers) to 1 [pid: 8|app: 0|req: 920/2032] 10.0.0.91 () {34 vars in 668 bytes} [Sat May 9 16:24:40 2026] POST /v2.0/routers => generated 606 bytes in 140 msecs (HTTP/1.1 201) 4 headers in 162 bytes (1 switches on core 0)
2026-05-09 16:24:40.966 7 INFO neutron.db.ovn_revision_numbers_db [None req-f0dd0793-20d0-451a-a961-2a29d70a5726 568c1386e1594952baf0b158c46f5cf2 f5febaaf12f0494394d1d8bc0a389cd8 - - default default] Successfully bumped revision number for resource 33fcdbb2-fef2-463a-81c7-22ba8a2d46d4 (type: security_group_rules) to 0 [pid: 7|app: 0|req: 1113/2033] 10.0.0.91 () {34 vars in 694 bytes} [Sat May 9 16:24:40 2026] POST /v2.0/security-group-rules => generated 602 bytes in 169 msecs (HTTP/1.1 201) 4 headers in 162 bytes (1 switches on core 0)
2026-05-09 16:24:41.158 7 INFO neutron.services.segments.plugin [-] Segment 980fd84c-a500-4210-8419-c570cc8fd1c0 resource provider aggregate not found
2026-05-09 16:24:41.165 7 INFO neutron.services.segments.plugin [-] Segment 980fd84c-a500-4210-8419-c570cc8fd1c0 resource provider aggregate not found
2026-05-09 16:24:41.183 7 INFO neutron.services.segments.plugin [-] Segment 980fd84c-a500-4210-8419-c570cc8fd1c0 resource provider not found; error: Placement Client Error (4xx): {"errors": [{"status": 404, "title": "Not Found", "detail": "The resource could not be found.\n\n No resource provider with uuid 980fd84c-a500-4210-8419-c570cc8fd1c0 found for delete ", "request_id": "req-303ee5a0-a995-4f92-900b-13e7d55ad443"}]}
2026-05-09 16:24:41.187 7 INFO neutron.services.segments.plugin [-] Segment 980fd84c-a500-4210-8419-c570cc8fd1c0 resource provider not found; error: Placement Client Error (4xx): {"errors": [{"status": 404, "title": "Not Found", "detail": "The resource could not be found.\n\n No resource provider with uuid 980fd84c-a500-4210-8419-c570cc8fd1c0 found for delete ", "request_id": "req-6a078ea0-9392-41a9-9364-e7976aa439af"}]}
2026-05-09 16:24:41.207 7 INFO neutron.services.segments.plugin [-] Segment 0acae6b2-6185-4a46-94ed-c373b6c2ddec resource provider aggregate not found
2026-05-09 16:24:41.212 7 INFO neutron.services.segments.plugin [-] Segment 0acae6b2-6185-4a46-94ed-c373b6c2ddec resource provider aggregate not found
2026-05-09 16:24:41.231 7 INFO neutron.services.segments.plugin [-] Segment 0acae6b2-6185-4a46-94ed-c373b6c2ddec resource provider not found; error: Placement Client Error (4xx): {"errors": [{"status": 404, "title": "Not Found", "detail": "The resource could not be found.\n\n No resource provider with uuid 0acae6b2-6185-4a46-94ed-c373b6c2ddec found for delete ", "request_id": "req-db6ec296-9c09-4ad5-a8bc-ba13afb738fb"}]}
2026-05-09 16:24:41.237 7 INFO neutron.services.segments.plugin [-] Segment 0acae6b2-6185-4a46-94ed-c373b6c2ddec resource provider not found; error: Placement Client Error (4xx): {"errors": [{"status": 404, "title": "Not Found", "detail": "The resource could not be found.\n\n No resource provider with uuid 0acae6b2-6185-4a46-94ed-c373b6c2ddec found for delete ", "request_id": "req-8d352fa1-181d-435b-acfb-d0f62b40adea"}]}
2026-05-09 16:24:41.249 8 INFO neutron.db.ovn_revision_numbers_db [None req-ad242ae3-0d59-4255-864d-142abcdaa668 d08c33743a2e4d2e8445ca87c2407921 7ed277db094b4ebeb83d0a4c9a81a9c3 - - default default] Successfully bumped revision number for resource 5bd6d53c-f4c3-4c7a-b795-caec1d786423 (type: security_groups) to 1
2026-05-09 16:24:41.252 7 INFO neutron.services.segments.plugin [-] Segment 2a03def4-550a-40d8-917d-b21b8c053ef3 resource provider aggregate not found
2026-05-09 16:24:41.266 8 INFO neutron.db.ovn_revision_numbers_db [None req-ad242ae3-0d59-4255-864d-142abcdaa668 d08c33743a2e4d2e8445ca87c2407921 7ed277db094b4ebeb83d0a4c9a81a9c3 - - default default] Successfully bumped revision number for resource 1a93bde6-4789-4724-be06-53b086c5870a (type: security_group_rules) to 0
2026-05-09 16:24:41.266 7 INFO neutron.services.segments.plugin [-] Segment 2a03def4-550a-40d8-917d-b21b8c053ef3 resource provider aggregate not found
2026-05-09 16:24:41.274 7 INFO neutron.services.segments.plugin [-] Segment 2a03def4-550a-40d8-917d-b21b8c053ef3 resource provider not found; error: Placement Client Error (4xx): {"errors": [{"status": 404, "title": "Not Found", "detail": "The resource could not be found.\n\n No resource provider with uuid 2a03def4-550a-40d8-917d-b21b8c053ef3 found for delete ", "request_id": "req-77dfc3dd-060a-4f48-b718-f2948ef4fe40"}]}
2026-05-09 16:24:41.281 8 INFO neutron.db.ovn_revision_numbers_db [None req-ad242ae3-0d59-4255-864d-142abcdaa668 d08c33743a2e4d2e8445ca87c2407921 7ed277db094b4ebeb83d0a4c9a81a9c3 - - default default] Successfully bumped revision number for resource 78c77659-d22b-4c4e-9776-5cf0377347f7 (type: security_group_rules) to 0
2026-05-09 16:24:41.290 7 INFO neutron.services.segments.plugin [-] Segment 2a03def4-550a-40d8-917d-b21b8c053ef3 resource provider not found; error: Placement Client Error (4xx): {"errors": [{"status": 404, "title": "Not Found", "detail": "The resource could not be found.\n\n No resource provider with uuid 2a03def4-550a-40d8-917d-b21b8c053ef3 found for delete ", "request_id": "req-aef11d8c-36b9-4ea1-aa8c-682aa63b6b83"}]}
2026-05-09 16:24:41.295 8 INFO neutron.db.ovn_revision_numbers_db [None req-ad242ae3-0d59-4255-864d-142abcdaa668 d08c33743a2e4d2e8445ca87c2407921 7ed277db094b4ebeb83d0a4c9a81a9c3 - - default default] Successfully bumped revision number for resource 8f30c759-f56a-458a-8ada-01cd309d06f0 (type: security_group_rules) to 0
2026-05-09 16:24:41.309 8 INFO neutron.db.ovn_revision_numbers_db [None req-ad242ae3-0d59-4255-864d-142abcdaa668 d08c33743a2e4d2e8445ca87c2407921 7ed277db094b4ebeb83d0a4c9a81a9c3 - - default default] Successfully bumped revision number for resource 9ec63f9f-06b6-4ffb-9ffa-bf90c609443a (type: security_group_rules) to 0
2026-05-09 16:24:41.344 7 WARNING neutron.scheduler.dhcp_agent_scheduler [None req-3348ccfa-4bea-4d2d-94ae-79d318bbeb0f 187891b5808348649c354465f628899e 64eddf31255942df93cdb80d6aeff563 - - default default] No more DHCP agents
2026-05-09 16:24:41.346 7 WARNING neutron.api.rpc.agentnotifiers.dhcp_rpc_agent_api [None req-3348ccfa-4bea-4d2d-94ae-79d318bbeb0f 187891b5808348649c354465f628899e 64eddf31255942df93cdb80d6aeff563 - - default default] Unable to schedule network 9171b2b8-db4e-4d60-932f-397c5202aad5: no agents available; will retry on subsequent port and subnet creation events.
2026-05-09 16:24:41.424 8 INFO neutron.plugins.ml2.drivers.ovn.mech_driver.mech_driver [None req-91193b4d-fe7a-40b4-a38d-c7ba6c4bc47e - - - - - -] OVN reports status down for port: f5326b28-317a-4f4e-ab85-b8571ca691b8
2026-05-09 16:24:41.442 7 INFO neutron.db.ovn_revision_numbers_db [None req-3348ccfa-4bea-4d2d-94ae-79d318bbeb0f 187891b5808348649c354465f628899e 64eddf31255942df93cdb80d6aeff563 - - default default] Successfully bumped revision number for resource f5326b28-317a-4f4e-ab85-b8571ca691b8 (type: ports) to 1
2026-05-09 16:24:41.455 8 INFO neutron.db.ovn_revision_numbers_db [None req-ad242ae3-0d59-4255-864d-142abcdaa668 d08c33743a2e4d2e8445ca87c2407921 7ed277db094b4ebeb83d0a4c9a81a9c3 - - default default] Successfully bumped revision number for resource dc57082c-cf23-4a09-808d-bd2de9529b7d (type: security_groups) to 1
2026-05-09 16:24:41.467 8 INFO neutron.db.ovn_revision_numbers_db [None req-ad242ae3-0d59-4255-864d-142abcdaa668 d08c33743a2e4d2e8445ca87c2407921 7ed277db094b4ebeb83d0a4c9a81a9c3 - - default default] Successfully bumped revision number for resource cc8f12a7-53ee-4f46-8aaf-61ff8d0d9deb (type: security_group_rules) to 0
2026-05-09 16:24:41.488 8 INFO neutron.db.ovn_revision_numbers_db [None req-ad242ae3-0d59-4255-864d-142abcdaa668 d08c33743a2e4d2e8445ca87c2407921 7ed277db094b4ebeb83d0a4c9a81a9c3 - - default default] Successfully bumped revision number for resource cdcdc59e-8b81-488a-9d2b-303d63a944b5 (type: security_group_rules) to 0 [pid: 8|app: 0|req: 921/2034] 10.0.0.91 () {34 vars in 683 bytes} [Sat May 9 16:24:40 2026] POST /v2.0/security-groups => generated 1601 bytes in 569 msecs (HTTP/1.1 201) 4 headers in 163 bytes (1 switches on core 0) [pid: 8|app: 0|req: 922/2035] 10.0.0.91 () {32 vars in 746 bytes} [Sat May 9 16:24:41 2026] GET /v2.0/security-group-rules/33fcdbb2-fef2-463a-81c7-22ba8a2d46d4 => generated 602 bytes in 12 msecs (HTTP/1.1 200) 4 headers in 157 bytes (1 switches on core 0) [pid: 8|app: 0|req: 923/2036] 10.0.0.91 () {32 vars in 773 bytes} [Sat May 9 16:24:41 2026] GET /v2.0/security-groups?tenant_id=72ffe58518e34df1b3bfddc2ab9b0719&name=default => generated 2925 bytes in 61 msecs (HTTP/1.1 200) 4 headers in 158 bytes (1 switches on core 0)
2026-05-09 16:24:41.711 8 INFO neutron.db.ovn_revision_numbers_db [None req-42eeb303-3f65-4c9d-b9e7-e6f52858726f d08c33743a2e4d2e8445ca87c2407921 7ed277db094b4ebeb83d0a4c9a81a9c3 - - default default] Successfully bumped revision number for resource 3460c466-4cfa-47a5-a0bc-25b5f4fca44f (type: security_groups) to 1
2026-05-09 16:24:41.722 8 INFO neutron.db.ovn_revision_numbers_db [None req-42eeb303-3f65-4c9d-b9e7-e6f52858726f d08c33743a2e4d2e8445ca87c2407921 7ed277db094b4ebeb83d0a4c9a81a9c3 - - default default] Successfully bumped revision number for resource 336ed7bb-e475-4085-b194-44e6c55d47b0 (type: security_group_rules) to 0
2026-05-09 16:24:41.733 8 INFO neutron.db.ovn_revision_numbers_db [None req-42eeb303-3f65-4c9d-b9e7-e6f52858726f d08c33743a2e4d2e8445ca87c2407921 7ed277db094b4ebeb83d0a4c9a81a9c3 - - default default] Successfully bumped revision number for resource 6f95029f-425c-4ffe-aec3-4aeb13ee5b68 (type: security_group_rules) to 0 [pid: 8|app: 0|req: 924/2037] 10.0.0.91 () {34 vars in 683 bytes} [Sat May 9 16:24:41 2026] POST /v2.0/security-groups => generated 1601 bytes in 158 msecs (HTTP/1.1 201) 4 headers in 163 bytes (1 switches on core 0) [pid: 8|app: 0|req: 925/2038] 10.0.0.91 () {32 vars in 672 bytes} [Sat May 9 16:24:41 2026] GET /v2.0/security-group-rules => generated 4139 bytes in 71 msecs (HTTP/1.1 200) 4 headers in 158 bytes (1 switches on core 0)
2026-05-09 16:24:41.961 8 INFO neutron.plugins.ml2.drivers.ovn.mech_driver.mech_driver [None req-91193b4d-fe7a-40b4-a38d-c7ba6c4bc47e - - - - - -] OVN reports status up for port: f5326b28-317a-4f4e-ab85-b8571ca691b8
2026-05-09 16:24:41.982 8 INFO neutron.plugins.ml2.plugin [None req-91193b4d-fe7a-40b4-a38d-c7ba6c4bc47e - - - - - -] Attempt 1 to provision port f5326b28-317a-4f4e-ab85-b8571ca691b8
2026-05-09 16:24:42.025 7 WARNING neutron.scheduler.dhcp_agent_scheduler [None req-3348ccfa-4bea-4d2d-94ae-79d318bbeb0f 187891b5808348649c354465f628899e 64eddf31255942df93cdb80d6aeff563 - - default default] No more DHCP agents
2026-05-09 16:24:42.027 7 WARNING neutron.api.rpc.agentnotifiers.dhcp_rpc_agent_api [None req-3348ccfa-4bea-4d2d-94ae-79d318bbeb0f 187891b5808348649c354465f628899e 64eddf31255942df93cdb80d6aeff563 - - default default] Unable to schedule network 9171b2b8-db4e-4d60-932f-397c5202aad5: no agents available; will retry on subsequent port and subnet creation events. [pid: 8|app: 0|req: 926/2039] 10.0.0.91 () {32 vars in 739 bytes} [Sat May 9 16:24:41 2026] DELETE /v2.0/security-groups/50e20c2e-c82d-45fe-b88b-14f957266bc6 => generated 0 bytes in 334 msecs (HTTP/1.1 204) 2 headers in 112 bytes (1 switches on core 0)
2026-05-09 16:24:42.195 7 WARNING neutron.plugins.ml2.drivers.ovn.mech_driver.ovsdb.ovn_client [None req-b1057aca-228a-42ce-8dc5-c20ff5d44fc1 - - - - - -] No port found with ID d8cab649-fb17-47a8-b200-dbe873189e2b: RuntimeError: No port found with ID d8cab649-fb17-47a8-b200-dbe873189e2b
2026-05-09 16:24:42.208 7 INFO neutron.plugins.ml2.drivers.ovn.mech_driver.mech_driver [None req-b1057aca-228a-42ce-8dc5-c20ff5d44fc1 - - - - - -] OVN reports status down for port: 6ae42eb0-bfc9-4ab5-be3d-6978c040a074
2026-05-09 16:24:42.269 7 INFO neutron.db.ovn_revision_numbers_db [None req-3348ccfa-4bea-4d2d-94ae-79d318bbeb0f 187891b5808348649c354465f628899e 64eddf31255942df93cdb80d6aeff563 - - default default] Successfully bumped revision number for resource f5326b28-317a-4f4e-ab85-b8571ca691b8 (type: router_ports) to 1 [pid: 7|app: 0|req: 1114/2040] 10.0.0.91 () {34 vars in 782 bytes} [Sat May 9 16:24:41 2026] PUT /v2.0/routers/309808ae-4829-48d3-a781-25880f0a8926/add_router_interface => generated 309 bytes in 1274 msecs (HTTP/1.1 200) 4 headers in 157 bytes (1 switches on core 0) [pid: 7|app: 0|req: 1115/2041] 10.0.0.91 () {32 vars in 749 bytes} [Sat May 9 16:24:42 2026] DELETE /v2.0/security-group-rules/33fcdbb2-fef2-463a-81c7-22ba8a2d46d4 => generated 0 bytes in 139 msecs (HTTP/1.1 204) 2 headers in 112 bytes (1 switches on core 0)
2026-05-09 16:24:42.479 8 INFO neutron.db.ovn_revision_numbers_db [None req-10a76c5f-bbd2-4564-bd27-f3db3a0c704c d08c33743a2e4d2e8445ca87c2407921 7ed277db094b4ebeb83d0a4c9a81a9c3 - - default default] Successfully bumped revision number for resource 50c6d731-4dc1-4121-853e-68c24d4efee3 (type: security_groups) to 1 [pid: 7|app: 0|req: 1118/2044] 10.0.0.91 () {32 vars in 716 bytes} [Sat May 9 16:24:42 2026] GET /v2.0/ports/f5326b28-317a-4f4e-ab85-b8571ca691b8 => generated 947 bytes in 83 msecs (HTTP/1.1 200) 4 headers in 157 bytes (1 switches on core 0)
2026-05-09 16:24:42.511 8 INFO neutron.db.ovn_revision_numbers_db [None req-10a76c5f-bbd2-4564-bd27-f3db3a0c704c d08c33743a2e4d2e8445ca87c2407921 7ed277db094b4ebeb83d0a4c9a81a9c3 - - default default] Successfully bumped revision number for resource b1717e75-a92c-47b6-ad2e-1eeefcd1b636 (type: security_group_rules) to 0
2026-05-09 16:24:42.529 8 INFO neutron.db.ovn_revision_numbers_db [None req-10a76c5f-bbd2-4564-bd27-f3db3a0c704c d08c33743a2e4d2e8445ca87c2407921 7ed277db094b4ebeb83d0a4c9a81a9c3 - - default default] Successfully bumped revision number for resource b9e63b0b-9f14-4dc9-be08-e3e0c1a7b648 (type: security_group_rules) to 0 [pid: 8|app: 0|req: 927/2045] 10.0.0.91 () {34 vars in 683 bytes} [Sat May 9 16:24:42 2026] POST /v2.0/security-groups => generated 1601 bytes in 450 msecs (HTTP/1.1 201) 4 headers in 163 bytes (1 switches on core 0)
2026-05-09 16:24:42.650 7 INFO neutron.db.ovn_revision_numbers_db [None req-ae7d7fa5-97d9-435f-b84b-df1c1adae06c 284b267aa7d1482086bd9f2d02e52edd 919800f2dde04bf981e3558e43432a49 - - default default] Successfully bumped revision number for resource 3f2c30fc-5628-4091-b709-17770136dc67 (type: security_groups) to 1
2026-05-09 16:24:42.661 7 INFO neutron.db.ovn_revision_numbers_db [None req-ae7d7fa5-97d9-435f-b84b-df1c1adae06c 284b267aa7d1482086bd9f2d02e52edd 919800f2dde04bf981e3558e43432a49 - - default default] Successfully bumped revision number for resource 23c41fcf-19ea-4399-bea7-4b57ccda01ba (type: security_group_rules) to 0
2026-05-09 16:24:42.672 7 INFO neutron.db.ovn_revision_numbers_db [None req-ae7d7fa5-97d9-435f-b84b-df1c1adae06c 284b267aa7d1482086bd9f2d02e52edd 919800f2dde04bf981e3558e43432a49 - - default default] Successfully bumped revision number for resource ae87b0d6-e19a-4511-92a1-4c10288d90a9 (type: security_group_rules) to 0
2026-05-09 16:24:42.687 7 INFO neutron.db.ovn_revision_numbers_db [None req-ae7d7fa5-97d9-435f-b84b-df1c1adae06c 284b267aa7d1482086bd9f2d02e52edd 919800f2dde04bf981e3558e43432a49 - - default default] Successfully bumped revision number for resource b32eb745-9faf-44fd-93fd-21228391aa55 (type: security_group_rules) to 0
2026-05-09 16:24:42.699 7 INFO neutron.db.ovn_revision_numbers_db [None req-ae7d7fa5-97d9-435f-b84b-df1c1adae06c 284b267aa7d1482086bd9f2d02e52edd 919800f2dde04bf981e3558e43432a49 - - default default] Successfully bumped revision number for resource d0ddcba5-d5e2-4d7a-9b46-ac475abf0a8b (type: security_group_rules) to 0
2026-05-09 16:24:42.722 8 INFO neutron.db.ovn_revision_numbers_db [None req-91193b4d-fe7a-40b4-a38d-c7ba6c4bc47e - - - - - -] Successfully bumped revision number for resource f5326b28-317a-4f4e-ab85-b8571ca691b8 (type: ports) to 2 [pid: 8|app: 0|req: 928/2046] 10.0.0.91 () {32 vars in 672 bytes} [Sat May 9 16:24:42 2026] GET /v2.0/security-group-rules => generated 3560 bytes in 102 msecs (HTTP/1.1 200) 4 headers in 158 bytes (1 switches on core 0) [pid: 7|app: 0|req: 1119/2047] 10.0.0.91 () {32 vars in 773 bytes} [Sat May 9 16:24:42 2026] GET /v2.0/security-groups?tenant_id=1419eb69898d428c877ada8e95d94eb3&name=default => generated 2925 bytes in 233 msecs (HTTP/1.1 200) 4 headers in 158 bytes (1 switches on core 0) [pid: 8|app: 0|req: 929/2048] 10.0.0.91 () {32 vars in 716 bytes} [Sat May 9 16:24:42 2026] GET /v2.0/ports/f5326b28-317a-4f4e-ab85-b8571ca691b8 => generated 947 bytes in 65 msecs (HTTP/1.1 200) 4 headers in 157 bytes (1 switches on core 0)
2026-05-09 16:24:42.848 7 INFO neutron.db.ovn_revision_numbers_db [None req-83446f7b-0cef-484c-afeb-0c0b17efae6a d08c33743a2e4d2e8445ca87c2407921 7ed277db094b4ebeb83d0a4c9a81a9c3 - - default default] Successfully bumped revision number for resource 011f7c95-bb2e-48ad-b527-05935713744a (type: security_groups) to 1
2026-05-09 16:24:42.859 7 INFO neutron.db.ovn_revision_numbers_db [None req-83446f7b-0cef-484c-afeb-0c0b17efae6a d08c33743a2e4d2e8445ca87c2407921 7ed277db094b4ebeb83d0a4c9a81a9c3 - - default default] Successfully bumped revision number for resource 16c30870-0d69-4eb3-a3b2-3bcb01d7e235 (type: security_group_rules) to 0
2026-05-09 16:24:42.869 7 INFO neutron.db.ovn_revision_numbers_db [None req-83446f7b-0cef-484c-afeb-0c0b17efae6a d08c33743a2e4d2e8445ca87c2407921 7ed277db094b4ebeb83d0a4c9a81a9c3 - - default default] Successfully bumped revision number for resource 8435c972-9e8a-4278-bb07-585603263132 (type: security_group_rules) to 0 [pid: 7|app: 0|req: 1120/2049] 10.0.0.91 () {34 vars in 683 bytes} [Sat May 9 16:24:42 2026] POST /v2.0/security-groups => generated 1601 bytes in 184 msecs (HTTP/1.1 201) 4 headers in 163 bytes (1 switches on core 0) [pid: 8|app: 0|req: 930/2050] 10.0.0.91 () {32 vars in 739 bytes} [Sat May 9 16:24:42 2026] DELETE /v2.0/security-groups/d9088237-5c0b-4d68-8e57-fbb3428198fd => generated 0 bytes in 160 msecs (HTTP/1.1 204) 2 headers in 112 bytes (1 switches on core 0) [pid: 7|app: 0|req: 1121/2051] 10.0.0.91 () {32 vars in 739 bytes} [Sat May 9 16:24:42 2026] DELETE /v2.0/security-groups/3f2c30fc-5628-4091-b709-17770136dc67 => generated 0 bytes in 232 msecs (HTTP/1.1 204) 2 headers in 112 bytes (1 switches on core 0)
2026-05-09 16:24:43.228 8 INFO neutron_taas.services.taas.taas_plugin [None req-10afbb7c-6d37-494f-bb9c-a4582a593216 187891b5808348649c354465f628899e 64eddf31255942df93cdb80d6aeff563 - - default default] TaaS: Handle Delete Port: f5326b28-317a-4f4e-ab85-b8571ca691b8
2026-05-09 16:24:43.231 8 INFO neutron_taas.services.taas.tap_mirror_plugin [None req-10afbb7c-6d37-494f-bb9c-a4582a593216 187891b5808348649c354465f628899e 64eddf31255942df93cdb80d6aeff563 - - default default] Tap Mirror: Handle Delete Port: f5326b28-317a-4f4e-ab85-b8571ca691b8
2026-05-09 16:24:43.295 7 INFO neutron.db.ovn_revision_numbers_db [None req-3c03fbf4-b49f-4d02-bf1f-22d383b6beb7 d08c33743a2e4d2e8445ca87c2407921 7ed277db094b4ebeb83d0a4c9a81a9c3 - - default default] Successfully bumped revision number for resource efc064a0-fdd4-42dd-8b69-98ca79ff2088 (type: security_groups) to 1
2026-05-09 16:24:43.306 7 INFO neutron.db.ovn_revision_numbers_db [None req-3c03fbf4-b49f-4d02-bf1f-22d383b6beb7 d08c33743a2e4d2e8445ca87c2407921 7ed277db094b4ebeb83d0a4c9a81a9c3 - - default default] Successfully bumped revision number for resource 47965e3d-e3f6-4d79-8563-da1b9e7264f2 (type: security_group_rules) to 0
2026-05-09 16:24:43.318 7 INFO neutron.db.ovn_revision_numbers_db [None req-3c03fbf4-b49f-4d02-bf1f-22d383b6beb7 d08c33743a2e4d2e8445ca87c2407921 7ed277db094b4ebeb83d0a4c9a81a9c3 - - default default] Successfully bumped revision number for resource a0484070-d87d-499d-85e1-1141cb35bf38 (type: security_group_rules) to 0 [pid: 7|app: 0|req: 1122/2052] 10.0.0.91 () {34 vars in 683 bytes} [Sat May 9 16:24:43 2026] POST /v2.0/security-groups => generated 1601 bytes in 205 msecs (HTTP/1.1 201) 4 headers in 163 bytes (1 switches on core 0) [pid: 7|app: 0|req: 1123/2053] 10.0.0.91 () {32 vars in 662 bytes} [Sat May 9 16:24:43 2026] GET /v2.0/security-groups => generated 2925 bytes in 35 msecs (HTTP/1.1 200) 4 headers in 158 bytes (1 switches on core 0)
2026-05-09 16:24:43.525 7 INFO neutron.db.ovn_revision_numbers_db [None req-5ed9597a-1c00-4c9e-b2fd-9294c078d8e6 284b267aa7d1482086bd9f2d02e52edd 919800f2dde04bf981e3558e43432a49 - - default default] Successfully bumped revision number for resource d2ae3b41-ee37-4154-b351-8ca979ebfc04 (type: security_groups) to 1
2026-05-09 16:24:43.540 7 INFO neutron.db.ovn_revision_numbers_db [None req-5ed9597a-1c00-4c9e-b2fd-9294c078d8e6 284b267aa7d1482086bd9f2d02e52edd 919800f2dde04bf981e3558e43432a49 - - default default] Successfully bumped revision number for resource 84a26eca-fd3b-4854-aaaf-9292b34622e5 (type: security_group_rules) to 0 [pid: 8|app: 0|req: 931/2054] 10.0.0.91 () {34 vars in 788 bytes} [Sat May 9 16:24:42 2026] PUT /v2.0/routers/309808ae-4829-48d3-a781-25880f0a8926/remove_router_interface => generated 309 bytes in 588 msecs (HTTP/1.1 200) 4 headers in 157 bytes (1 switches on core 0) /var/lib/openstack/lib/python3.12/site-packages/pycadf/identifier.py:70: UserWarning: Invalid uuid: neutron. To ensure interoperability, identifiers should be a valid uuid. warnings.warn(('Invalid uuid: %s. To ensure interoperability, '
