2026-05-09 16:24:12.700 7 INFO neutron.plugins.ml2.drivers.ovn.mech_driver.mech_driver [None req-4bc28db0-ef11-44bd-a6ad-eb66ca93c05d - - - - - -] OVN reports status down for port: 7cfd86b3-eb51-40a3-9409-ee51d3b98ca9 [pid: 7|app: 0|req: 987/1791] 10.0.0.91 () {32 vars in 723 bytes} [Sat May 9 16:24:12 2026] DELETE /v2.0/subnets/55d285c2-ecbd-4a8f-adfb-1c5fbd777422 => generated 0 bytes in 235 msecs (HTTP/1.1 204) 3 headers in 131 bytes (1 switches on core 0) [pid: 8|app: 0|req: 805/1792] 10.0.0.91 () {32 vars in 691 bytes} [Sat May 9 16:24:12 2026] GET /v2.0/qos/policies?not-tags-any=blue => generated 1073 bytes in 60 msecs (HTTP/1.1 200) 4 headers in 158 bytes (1 switches on core 0)
2026-05-09 16:24:12.733 8 WARNING neutron.api.v2.base [None req-984fcef9-c7f4-4f59-b862-18570b8ecc2a 9450e4a330df4a06a2df156f840916c2 9ae3b575940744d4af19973b20ef9702 - - default default] An exception happened while processing the request body. The exception message is [Invalid input for target_tenant. Reason: '1234123412341234123412341234123412341234123412341234123412341234123412341234123412341234123412341234123412341234123412341234123412341234123412341234123412341234123412341234123412341234123412341234123412341234123412341234123412341234123412341234123412341234123412341234123412341234123412341234123412341234123412341234123412341234123412341234123412341234123412341234123412341234123412341234123412341234' exceeds maximum length of 255.].: webob.exc.HTTPBadRequest: Invalid input for target_tenant. Reason: '1234123412341234123412341234123412341234123412341234123412341234123412341234123412341234123412341234123412341234123412341234123412341234123412341234123412341234123412341234123412341234123412341234123412341234123412341234123412341234123412341234123412341234123412341234123412341234123412341234123412341234123412341234123412341234123412341234123412341234123412341234123412341234123412341234123412341234' exceeds maximum length of 255.
2026-05-09 16:24:12.734 8 INFO neutron.api.v2.resource [None req-984fcef9-c7f4-4f59-b862-18570b8ecc2a 9450e4a330df4a06a2df156f840916c2 9ae3b575940744d4af19973b20ef9702 - - default default] create failed (client error): Invalid input for target_tenant. Reason: '1234123412341234123412341234123412341234123412341234123412341234123412341234123412341234123412341234123412341234123412341234123412341234123412341234123412341234123412341234123412341234123412341234123412341234123412341234123412341234123412341234123412341234123412341234123412341234123412341234123412341234123412341234123412341234123412341234123412341234123412341234123412341234123412341234123412341234' exceeds maximum length of 255. [pid: 8|app: 0|req: 806/1793] 10.0.0.91 () {34 vars in 680 bytes} [Sat May 9 16:24:12 2026] POST /v2.0/rbac-policies => generated 547 bytes in 5 msecs (HTTP/1.1 400) 4 headers in 166 bytes (1 switches on core 0)
2026-05-09 16:24:12.794 7 INFO neutron.plugins.ml2.drivers.ovn.mech_driver.mech_driver [None req-4bc28db0-ef11-44bd-a6ad-eb66ca93c05d - - - - - -] OVN reports status down for port: 461afce5-2068-4f46-a747-a93bc1c2d476 [pid: 8|app: 0|req: 807/1794] 10.0.0.91 () {32 vars in 723 bytes} [Sat May 9 16:24:12 2026] DELETE /v2.0/subnets/3852ee58-1cc3-4e60-a83d-8d144ffc1b91 => generated 0 bytes in 129 msecs (HTTP/1.1 204) 3 headers in 131 bytes (1 switches on core 0) [pid: 8|app: 0|req: 808/1795] 10.0.0.91 () {32 vars in 703 bytes} [Sat May 9 16:24:12 2026] GET /v2.0/qos/policies?not-tags-any=red%2Cblue => generated 719 bytes in 47 msecs (HTTP/1.1 200) 4 headers in 157 bytes (1 switches on core 0)
2026-05-09 16:24:12.928 7 INFO neutron.plugins.ml2.drivers.ovn.mech_driver.mech_driver [None req-4bc28db0-ef11-44bd-a6ad-eb66ca93c05d - - - - - -] OVN reports status down for port: b1eb5e9f-a9e4-4bb3-a330-ee5f74da6ace
2026-05-09 16:24:13.025 8 INFO neutron_taas.services.taas.taas_plugin [None req-f12996fd-a0ce-4a25-a1d9-74e72e3a3314 9450e4a330df4a06a2df156f840916c2 9ae3b575940744d4af19973b20ef9702 - - default default] TaaS: Handle Delete Port: 461afce5-2068-4f46-a747-a93bc1c2d476
2026-05-09 16:24:13.028 8 INFO neutron_taas.services.taas.tap_mirror_plugin [None req-f12996fd-a0ce-4a25-a1d9-74e72e3a3314 9450e4a330df4a06a2df156f840916c2 9ae3b575940744d4af19973b20ef9702 - - default default] Tap Mirror: Handle Delete Port: 461afce5-2068-4f46-a747-a93bc1c2d476
2026-05-09 16:24:13.187 7 WARNING neutron.scheduler.dhcp_agent_scheduler [None req-009e2936-4f76-4426-a7a8-c0b1b5b1bc05 1405525d023a4e7fbae94f3b83326daf b908aa718d8d47c0a5d3041fa9926e79 - - default default] No more DHCP agents
2026-05-09 16:24:13.188 7 WARNING neutron.api.rpc.agentnotifiers.dhcp_rpc_agent_api [None req-009e2936-4f76-4426-a7a8-c0b1b5b1bc05 1405525d023a4e7fbae94f3b83326daf b908aa718d8d47c0a5d3041fa9926e79 - - default default] Unable to schedule network 038f9de0-b4bf-4987-a194-82bc7a839381: no agents available; will retry on subsequent port and subnet creation events.
2026-05-09 16:24:13.215 7 INFO neutron.db.ovn_revision_numbers_db [None req-009e2936-4f76-4426-a7a8-c0b1b5b1bc05 1405525d023a4e7fbae94f3b83326daf b908aa718d8d47c0a5d3041fa9926e79 - - default default] Successfully bumped revision number for resource 3c3d836b-860a-43b1-8210-526a2823a839 (type: subnets) to 0
2026-05-09 16:24:13.242 7 WARNING neutron.scheduler.dhcp_agent_scheduler [None req-009e2936-4f76-4426-a7a8-c0b1b5b1bc05 1405525d023a4e7fbae94f3b83326daf b908aa718d8d47c0a5d3041fa9926e79 - - default default] No more DHCP agents
2026-05-09 16:24:13.243 7 WARNING neutron.api.rpc.agentnotifiers.dhcp_rpc_agent_api [None req-009e2936-4f76-4426-a7a8-c0b1b5b1bc05 1405525d023a4e7fbae94f3b83326daf b908aa718d8d47c0a5d3041fa9926e79 - - default default] Unable to schedule network 02d0c80a-28fc-4d2b-ac6a-8868fb3b623c: no agents available; will retry on subsequent port and subnet creation events.
2026-05-09 16:24:13.268 7 INFO neutron.db.ovn_revision_numbers_db [None req-009e2936-4f76-4426-a7a8-c0b1b5b1bc05 1405525d023a4e7fbae94f3b83326daf b908aa718d8d47c0a5d3041fa9926e79 - - default default] Successfully bumped revision number for resource 9e7d43bf-090a-43fc-8c9d-43c5ffe8aaa9 (type: subnets) to 0 [pid: 7|app: 0|req: 988/1796] 10.0.0.91 () {34 vars in 668 bytes} [Sat May 9 16:24:12 2026] POST /v2.0/subnets => generated 1324 bytes in 571 msecs (HTTP/1.1 201) 4 headers in 163 bytes (1 switches on core 0)
2026-05-09 16:24:13.292 8 INFO neutron.services.segments.plugin [-] Segment b0788669-de39-44bc-b8da-0a85970faad6 resource provider aggregate not found
2026-05-09 16:24:13.301 8 INFO neutron.services.segments.plugin [-] Segment b0788669-de39-44bc-b8da-0a85970faad6 resource provider aggregate not found
2026-05-09 16:24:13.311 8 INFO neutron.services.segments.plugin [-] Segment b0788669-de39-44bc-b8da-0a85970faad6 resource provider not found; error: Placement Client Error (4xx): {"errors": [{"status": 404, "title": "Not Found", "detail": "The resource could not be found.\n\n No resource provider with uuid b0788669-de39-44bc-b8da-0a85970faad6 found for delete ", "request_id": "req-08dd905a-b4a0-4388-921b-6899c01455a2"}]}
2026-05-09 16:24:13.323 8 INFO neutron.services.segments.plugin [-] Segment b0788669-de39-44bc-b8da-0a85970faad6 resource provider not found; error: Placement Client Error (4xx): {"errors": [{"status": 404, "title": "Not Found", "detail": "The resource could not be found.\n\n No resource provider with uuid b0788669-de39-44bc-b8da-0a85970faad6 found for delete ", "request_id": "req-b3c1bad9-9fde-4c94-a685-f6a7a92049d6"}]} [pid: 8|app: 0|req: 809/1797] 10.0.0.91 () {32 vars in 725 bytes} [Sat May 9 16:24:12 2026] DELETE /v2.0/networks/131e7037-3359-4cd1-907f-f2b0d49f375f => generated 0 bytes in 433 msecs (HTTP/1.1 204) 3 headers in 131 bytes (1 switches on core 0) [pid: 8|app: 0|req: 810/1798] 10.0.0.91 () {32 vars in 733 bytes} [Sat May 9 16:24:13 2026] DELETE /v2.0/qos/policies/c3afebf3-5996-473f-941d-2cd2d98f7ec8 => generated 0 bytes in 36 msecs (HTTP/1.1 204) 2 headers in 112 bytes (1 switches on core 0)
2026-05-09 16:24:13.401 7 INFO neutron_taas.services.taas.taas_plugin [None req-a58b000c-e726-429d-815f-ef72ed2ee4cc a4c8e9e482084001b0384e27e4e40f1c 94ec36a7d3a744f8b6b575e2f2067050 - - default default] TaaS: Handle Delete Port: e9da5c76-e8c8-45e2-81c7-57d793eeee5c
2026-05-09 16:24:13.404 7 INFO neutron_taas.services.taas.tap_mirror_plugin [None req-a58b000c-e726-429d-815f-ef72ed2ee4cc a4c8e9e482084001b0384e27e4e40f1c 94ec36a7d3a744f8b6b575e2f2067050 - - default default] Tap Mirror: Handle Delete Port: e9da5c76-e8c8-45e2-81c7-57d793eeee5c [pid: 8|app: 0|req: 811/1799] 10.0.0.91 () {32 vars in 646 bytes} [Sat May 9 16:24:13 2026] GET /v2.0/subnets => generated 1960 bytes in 32 msecs (HTTP/1.1 200) 4 headers in 158 bytes (1 switches on core 0)
2026-05-09 16:24:13.501 8 INFO neutron.db.segments_db [None req-7e8606f7-8b9f-4517-8725-fe2958864e1a 9450e4a330df4a06a2df156f840916c2 9ae3b575940744d4af19973b20ef9702 - - default default] Added segment f925e97e-386b-4a1e-b598-5950f4d71ee0 of type geneve for network 99901b5c-e097-4bc1-84e7-7c328f64beb8
2026-05-09 16:24:13.594 7 INFO neutron.services.segments.plugin [-] Segment 04184fcd-09c2-4929-ba66-5a4640c18f33 resource provider aggregate not found
2026-05-09 16:24:13.594 7 INFO neutron.services.segments.plugin [-] Segment 04184fcd-09c2-4929-ba66-5a4640c18f33 resource provider aggregate not found
2026-05-09 16:24:13.602 8 INFO neutron.db.ovn_revision_numbers_db [None req-7e8606f7-8b9f-4517-8725-fe2958864e1a 9450e4a330df4a06a2df156f840916c2 9ae3b575940744d4af19973b20ef9702 - - default default] Successfully bumped revision number for resource 99901b5c-e097-4bc1-84e7-7c328f64beb8 (type: networks) to 1
2026-05-09 16:24:13.614 7 INFO neutron.services.segments.plugin [-] Segment 04184fcd-09c2-4929-ba66-5a4640c18f33 resource provider not found; error: Placement Client Error (4xx): {"errors": [{"status": 404, "title": "Not Found", "detail": "The resource could not be found.\n\n No resource provider with uuid 04184fcd-09c2-4929-ba66-5a4640c18f33 found for delete ", "request_id": "req-0a2a5483-7181-46d0-add0-6e398f4ef9db"}]}
2026-05-09 16:24:13.616 7 INFO neutron.services.segments.plugin [-] Segment 04184fcd-09c2-4929-ba66-5a4640c18f33 resource provider not found; error: Placement Client Error (4xx): {"errors": [{"status": 404, "title": "Not Found", "detail": "The resource could not be found.\n\n No resource provider with uuid 04184fcd-09c2-4929-ba66-5a4640c18f33 found for delete ", "request_id": "req-35c58b60-6f38-4ae9-a38b-17dce5faacfe"}]} [pid: 7|app: 0|req: 989/1800] 10.0.0.91 () {32 vars in 725 bytes} [Sat May 9 16:24:13 2026] DELETE /v2.0/networks/05a23428-b01c-4707-8bd3-db72dd538fe1 => generated 0 bytes in 350 msecs (HTTP/1.1 204) 3 headers in 131 bytes (1 switches on core 0) [pid: 7|app: 0|req: 990/1801] 10.0.0.91 () {32 vars in 733 bytes} [Sat May 9 16:24:13 2026] DELETE /v2.0/qos/policies/b9ca0ea9-e766-4b67-9bfc-56a77c62f875 => generated 0 bytes in 50 msecs (HTTP/1.1 204) 2 headers in 112 bytes (1 switches on core 0)
2026-05-09 16:24:13.749 8 WARNING neutron.scheduler.dhcp_agent_scheduler [None req-7e8606f7-8b9f-4517-8725-fe2958864e1a 9450e4a330df4a06a2df156f840916c2 9ae3b575940744d4af19973b20ef9702 - - default default] No more DHCP agents
2026-05-09 16:24:13.751 8 WARNING neutron.api.rpc.agentnotifiers.dhcp_rpc_agent_api [None req-7e8606f7-8b9f-4517-8725-fe2958864e1a 9450e4a330df4a06a2df156f840916c2 9ae3b575940744d4af19973b20ef9702 - - default default] Unable to schedule network 99901b5c-e097-4bc1-84e7-7c328f64beb8: no agents available; will retry on subsequent port and subnet creation events.
2026-05-09 16:24:13.823 8 INFO neutron.db.ovn_revision_numbers_db [None req-7e8606f7-8b9f-4517-8725-fe2958864e1a 9450e4a330df4a06a2df156f840916c2 9ae3b575940744d4af19973b20ef9702 - - default default] Successfully bumped revision number for resource 6ec8e0e6-4c07-4e15-aa5b-d83693d46c49 (type: ports) to 1 [pid: 7|app: 0|req: 991/1802] 10.0.0.91 () {32 vars in 723 bytes} [Sat May 9 16:24:13 2026] DELETE /v2.0/subnets/3c3d836b-860a-43b1-8210-526a2823a839 => generated 0 bytes in 153 msecs (HTTP/1.1 204) 3 headers in 131 bytes (1 switches on core 0) [pid: 8|app: 0|req: 812/1803] 10.0.0.91 () {34 vars in 669 bytes} [Sat May 9 16:24:13 2026] POST /v2.0/networks => generated 749 bytes in 432 msecs (HTTP/1.1 201) 4 headers in 162 bytes (1 switches on core 0) [pid: 8|app: 0|req: 813/1804] 10.0.0.91 () {32 vars in 733 bytes} [Sat May 9 16:24:13 2026] DELETE /v2.0/qos/policies/337b62a2-7fb7-451a-8498-f0c2a2f82d5a => generated 0 bytes in 53 msecs (HTTP/1.1 204) 2 headers in 112 bytes (1 switches on core 0)
2026-05-09 16:24:13.960 7 INFO neutron_taas.services.taas.taas_plugin [None req-99cb5333-35f1-4e7f-be06-c9655d72d757 a4c8e9e482084001b0384e27e4e40f1c 94ec36a7d3a744f8b6b575e2f2067050 - - default default] TaaS: Handle Delete Port: 3a110514-9c17-4f09-9ee6-c361518fde65
2026-05-09 16:24:13.963 7 INFO neutron_taas.services.taas.tap_mirror_plugin [None req-99cb5333-35f1-4e7f-be06-c9655d72d757 a4c8e9e482084001b0384e27e4e40f1c 94ec36a7d3a744f8b6b575e2f2067050 - - default default] Tap Mirror: Handle Delete Port: 3a110514-9c17-4f09-9ee6-c361518fde65 [pid: 8|app: 0|req: 814/1805] 10.0.0.91 () {32 vars in 723 bytes} [Sat May 9 16:24:13 2026] DELETE /v2.0/subnets/9e7d43bf-090a-43fc-8c9d-43c5ffe8aaa9 => generated 0 bytes in 119 msecs (HTTP/1.1 204) 3 headers in 131 bytes (1 switches on core 0)
2026-05-09 16:24:14.140 8 WARNING neutron.scheduler.dhcp_agent_scheduler [None req-e3b06a90-4b15-4472-b3a0-0022e8d4f51e 9450e4a330df4a06a2df156f840916c2 9ae3b575940744d4af19973b20ef9702 - - default default] No more DHCP agents
2026-05-09 16:24:14.141 8 WARNING neutron.api.rpc.agentnotifiers.dhcp_rpc_agent_api [None req-e3b06a90-4b15-4472-b3a0-0022e8d4f51e 9450e4a330df4a06a2df156f840916c2 9ae3b575940744d4af19973b20ef9702 - - default default] Unable to schedule network 99901b5c-e097-4bc1-84e7-7c328f64beb8: no agents available; will retry on subsequent port and subnet creation events. [pid: 7|app: 0|req: 992/1806] 10.0.0.91 () {32 vars in 725 bytes} [Sat May 9 16:24:13 2026] DELETE /v2.0/networks/b1017da5-382d-4acd-b670-8638ad215462 => generated 0 bytes in 353 msecs (HTTP/1.1 204) 3 headers in 131 bytes (1 switches on core 0) [pid: 7|app: 0|req: 993/1807] 10.0.0.91 () {32 vars in 733 bytes} [Sat May 9 16:24:14 2026] DELETE /v2.0/qos/policies/78ebf96a-2de7-4db7-acd9-075ce4e29495 => generated 0 bytes in 48 msecs (HTTP/1.1 204) 2 headers in 112 bytes (1 switches on core 0) [pid: 7|app: 0|req: 994/1808] 10.0.0.91 () {32 vars in 646 bytes} [Sat May 9 16:24:14 2026] GET /v2.0/subnets => generated 649 bytes in 25 msecs (HTTP/1.1 200) 4 headers in 157 bytes (1 switches on core 0)
2026-05-09 16:24:14.357 7 INFO neutron.db.segments_db [None req-796f361f-1c21-4679-90b9-24cf264401a4 a4c8e9e482084001b0384e27e4e40f1c 94ec36a7d3a744f8b6b575e2f2067050 - - default default] Added segment 860d4c62-d6da-4918-9fe4-e678d2c371cb of type geneve for network bdffae74-45e1-40fa-a13a-05bd54b2b67d
2026-05-09 16:24:14.462 7 INFO neutron.db.ovn_revision_numbers_db [None req-796f361f-1c21-4679-90b9-24cf264401a4 a4c8e9e482084001b0384e27e4e40f1c 94ec36a7d3a744f8b6b575e2f2067050 - - default default] Successfully bumped revision number for resource bdffae74-45e1-40fa-a13a-05bd54b2b67d (type: networks) to 1
2026-05-09 16:24:14.580 8 INFO neutron.db.ovn_revision_numbers_db [None req-45aa2d73-72bd-42c6-b388-2620b6a720fe - - - - - -] Successfully bumped revision number for resource 6ec8e0e6-4c07-4e15-aa5b-d83693d46c49 (type: ports) to 2
2026-05-09 16:24:14.588 8 WARNING neutron.plugins.ml2.drivers.ovn.mech_driver.ovsdb.ovn_client [None req-51131fb3-60de-4cf8-b92e-06ffa71a1657 - - - - - -] No port found with ID 804e08ba-0c92-4fb3-b32b-d4b1c90239e3: RuntimeError: No port found with ID 804e08ba-0c92-4fb3-b32b-d4b1c90239e3
2026-05-09 16:24:14.600 8 INFO neutron.plugins.ml2.drivers.ovn.mech_driver.mech_driver [None req-51131fb3-60de-4cf8-b92e-06ffa71a1657 - - - - - -] OVN reports status down for port: baeb5449-14d6-4d81-ac93-b56ee2d12f91
2026-05-09 16:24:14.633 8 INFO neutron.plugins.ml2.drivers.ovn.mech_driver.mech_driver [None req-51131fb3-60de-4cf8-b92e-06ffa71a1657 - - - - - -] OVN reports status down for port: 2f8af40c-ec39-4a47-a7c2-377770d4506c
2026-05-09 16:24:14.636 7 WARNING neutron.scheduler.dhcp_agent_scheduler [None req-796f361f-1c21-4679-90b9-24cf264401a4 a4c8e9e482084001b0384e27e4e40f1c 94ec36a7d3a744f8b6b575e2f2067050 - - default default] No more DHCP agents
2026-05-09 16:24:14.637 7 WARNING neutron.api.rpc.agentnotifiers.dhcp_rpc_agent_api [None req-796f361f-1c21-4679-90b9-24cf264401a4 a4c8e9e482084001b0384e27e4e40f1c 94ec36a7d3a744f8b6b575e2f2067050 - - default default] Unable to schedule network bdffae74-45e1-40fa-a13a-05bd54b2b67d: no agents available; will retry on subsequent port and subnet creation events.
2026-05-09 16:24:14.643 8 INFO neutron.db.ovn_revision_numbers_db [None req-45aa2d73-72bd-42c6-b388-2620b6a720fe - - - - - -] Successfully bumped revision number for resource 3c42e429-7a8d-4076-8c47-28794fba0001 (type: subnets) to 0
2026-05-09 16:24:14.647 8 INFO neutron.plugins.ml2.drivers.ovn.mech_driver.mech_driver [None req-51131fb3-60de-4cf8-b92e-06ffa71a1657 - - - - - -] OVN reports status down for port: 6ec8e0e6-4c07-4e15-aa5b-d83693d46c49
2026-05-09 16:24:14.677 7 INFO neutron.plugins.ml2.drivers.ovn.mech_driver.mech_driver [None req-4bc28db0-ef11-44bd-a6ad-eb66ca93c05d - - - - - -] OVN reports status down for port: 03ed269d-99f5-4f4e-977e-3ef263c8697b [pid: 8|app: 0|req: 815/1809] 10.0.0.91 () {34 vars in 668 bytes} [Sat May 9 16:24:14 2026] POST /v2.0/subnets => generated 647 bytes in 671 msecs (HTTP/1.1 201) 4 headers in 162 bytes (1 switches on core 0)
2026-05-09 16:24:14.730 7 INFO neutron.db.ovn_revision_numbers_db [None req-796f361f-1c21-4679-90b9-24cf264401a4 a4c8e9e482084001b0384e27e4e40f1c 94ec36a7d3a744f8b6b575e2f2067050 - - default default] Successfully bumped revision number for resource 03ed269d-99f5-4f4e-977e-3ef263c8697b (type: ports) to 1 [pid: 7|app: 0|req: 995/1810] 10.0.0.91 () {34 vars in 669 bytes} [Sat May 9 16:24:14 2026] POST /v2.0/networks => generated 649 bytes in 509 msecs (HTTP/1.1 201) 4 headers in 162 bytes (1 switches on core 0) [pid: 8|app: 0|req: 816/1811] 10.0.0.91 () {32 vars in 733 bytes} [Sat May 9 16:24:14 2026] DELETE /v2.0/qos/policies/fc90444b-0459-4dd8-8407-1140c6fe94ad => generated 0 bytes in 89 msecs (HTTP/1.1 204) 2 headers in 112 bytes (1 switches on core 0)
2026-05-09 16:24:14.920 7 INFO neutron_taas.services.taas.taas_plugin [None req-2d0c564a-9bff-415c-9f6e-59ebdfcbffe5 1405525d023a4e7fbae94f3b83326daf b908aa718d8d47c0a5d3041fa9926e79 - - default default] TaaS: Handle Delete Port: b1eb5e9f-a9e4-4bb3-a330-ee5f74da6ace
2026-05-09 16:24:14.923 7 INFO neutron_taas.services.taas.tap_mirror_plugin [None req-2d0c564a-9bff-415c-9f6e-59ebdfcbffe5 1405525d023a4e7fbae94f3b83326daf b908aa718d8d47c0a5d3041fa9926e79 - - default default] Tap Mirror: Handle Delete Port: b1eb5e9f-a9e4-4bb3-a330-ee5f74da6ace [pid: 8|app: 0|req: 817/1812] 10.0.0.91 () {34 vars in 680 bytes} [Sat May 9 16:24:14 2026] POST /v2.0/rbac-policies => generated 324 bytes in 265 msecs (HTTP/1.1 201) 4 headers in 162 bytes (1 switches on core 0) [pid: 7|app: 0|req: 996/1813] 10.0.0.91 () {32 vars in 725 bytes} [Sat May 9 16:24:14 2026] DELETE /v2.0/networks/02d0c80a-28fc-4d2b-ac6a-8868fb3b623c => generated 0 bytes in 358 msecs (HTTP/1.1 204) 3 headers in 131 bytes (1 switches on core 0)
2026-05-09 16:24:15.268 7 INFO neutron_taas.services.taas.taas_plugin [None req-2cdffa32-5f94-41f5-9559-34d6882b8ae5 1405525d023a4e7fbae94f3b83326daf b908aa718d8d47c0a5d3041fa9926e79 - - default default] TaaS: Handle Delete Port: 7cfd86b3-eb51-40a3-9409-ee51d3b98ca9
2026-05-09 16:24:15.269 8 WARNING neutron.scheduler.dhcp_agent_scheduler [None req-7a915fa3-1c30-4cf5-b694-c604c12e19b0 a4c8e9e482084001b0384e27e4e40f1c 94ec36a7d3a744f8b6b575e2f2067050 - - default default] No more DHCP agents
2026-05-09 16:24:15.270 8 WARNING neutron.api.rpc.agentnotifiers.dhcp_rpc_agent_api [None req-7a915fa3-1c30-4cf5-b694-c604c12e19b0 a4c8e9e482084001b0384e27e4e40f1c 94ec36a7d3a744f8b6b575e2f2067050 - - default default] Unable to schedule network bdffae74-45e1-40fa-a13a-05bd54b2b67d: no agents available; will retry on subsequent port and subnet creation events.
2026-05-09 16:24:15.272 7 INFO neutron_taas.services.taas.tap_mirror_plugin [None req-2cdffa32-5f94-41f5-9559-34d6882b8ae5 1405525d023a4e7fbae94f3b83326daf b908aa718d8d47c0a5d3041fa9926e79 - - default default] Tap Mirror: Handle Delete Port: 7cfd86b3-eb51-40a3-9409-ee51d3b98ca9 [pid: 7|app: 0|req: 997/1814] 10.0.0.91 () {32 vars in 725 bytes} [Sat May 9 16:24:15 2026] DELETE /v2.0/networks/038f9de0-b4bf-4987-a194-82bc7a839381 => generated 0 bytes in 399 msecs (HTTP/1.1 204) 3 headers in 131 bytes (1 switches on core 0)
2026-05-09 16:24:15.630 7 INFO neutron.services.segments.plugin [-] Segment 9951d05d-8f45-43e8-8926-ed170a7994e6 resource provider aggregate not found
2026-05-09 16:24:15.642 7 INFO neutron.services.segments.plugin [-] Segment 9951d05d-8f45-43e8-8926-ed170a7994e6 resource provider not found; error: Placement Client Error (4xx): {"errors": [{"status": 404, "title": "Not Found", "detail": "The resource could not be found.\n\n No resource provider with uuid 9951d05d-8f45-43e8-8926-ed170a7994e6 found for delete ", "request_id": "req-fb70fbb4-47df-4291-9d10-7976debd6ed5"}]}
2026-05-09 16:24:15.646 7 INFO neutron.services.segments.plugin [-] Segment 9951d05d-8f45-43e8-8926-ed170a7994e6 resource provider aggregate not found
2026-05-09 16:24:15.656 7 INFO neutron.services.segments.plugin [-] Segment 73831fb8-94cc-4323-abed-e75007cc17b5 resource provider aggregate not found
2026-05-09 16:24:15.661 7 INFO neutron.services.segments.plugin [-] Segment 9951d05d-8f45-43e8-8926-ed170a7994e6 resource provider not found; error: Placement Client Error (4xx): {"errors": [{"status": 404, "title": "Not Found", "detail": "The resource could not be found.\n\n No resource provider with uuid 9951d05d-8f45-43e8-8926-ed170a7994e6 found for delete ", "request_id": "req-afda9809-7c56-40ec-b68a-913bc57a5b96"}]}
2026-05-09 16:24:15.671 7 INFO neutron.services.segments.plugin [-] Segment 73831fb8-94cc-4323-abed-e75007cc17b5 resource provider not found; error: Placement Client Error (4xx): {"errors": [{"status": 404, "title": "Not Found", "detail": "The resource could not be found.\n\n No resource provider with uuid 73831fb8-94cc-4323-abed-e75007cc17b5 found for delete ", "request_id": "req-87d3907d-ebc3-4723-b299-9b3e474956f8"}]}
2026-05-09 16:24:15.677 7 INFO neutron.services.segments.plugin [-] Segment 73831fb8-94cc-4323-abed-e75007cc17b5 resource provider aggregate not found
2026-05-09 16:24:15.692 7 INFO neutron.services.segments.plugin [-] Segment 6bbf59b5-2860-46ad-896b-0369d31ddd3e resource provider aggregate not found
2026-05-09 16:24:15.697 7 INFO neutron.services.segments.plugin [-] Segment 73831fb8-94cc-4323-abed-e75007cc17b5 resource provider not found; error: Placement Client Error (4xx): {"errors": [{"status": 404, "title": "Not Found", "detail": "The resource could not be found.\n\n No resource provider with uuid 73831fb8-94cc-4323-abed-e75007cc17b5 found for delete ", "request_id": "req-f2fa99b0-ae78-465c-8628-1cbce8a62ca5"}]}
2026-05-09 16:24:15.712 7 INFO neutron.services.segments.plugin [-] Segment 6bbf59b5-2860-46ad-896b-0369d31ddd3e resource provider not found; error: Placement Client Error (4xx): {"errors": [{"status": 404, "title": "Not Found", "detail": "The resource could not be found.\n\n No resource provider with uuid 6bbf59b5-2860-46ad-896b-0369d31ddd3e found for delete ", "request_id": "req-812b8e8e-dfd0-44cd-b6c5-16f28eee2c7a"}]}
2026-05-09 16:24:15.714 7 INFO neutron.services.segments.plugin [-] Segment 6bbf59b5-2860-46ad-896b-0369d31ddd3e resource provider aggregate not found
2026-05-09 16:24:15.742 7 INFO neutron.services.segments.plugin [-] Segment 6bbf59b5-2860-46ad-896b-0369d31ddd3e resource provider not found; error: Placement Client Error (4xx): {"errors": [{"status": 404, "title": "Not Found", "detail": "The resource could not be found.\n\n No resource provider with uuid 6bbf59b5-2860-46ad-896b-0369d31ddd3e found for delete ", "request_id": "req-95c17baa-8e26-4716-a923-360ecff43af0"}]} [pid: 7|app: 0|req: 998/1815] 10.0.0.91 () {32 vars in 722 bytes} [Sat May 9 16:24:15 2026] GET /v2.0/networks/99901b5c-e097-4bc1-84e7-7c328f64beb8 => generated 693 bytes in 235 msecs (HTTP/1.1 200) 4 headers in 157 bytes (1 switches on core 0)
2026-05-09 16:24:15.890 7 INFO neutron_taas.services.taas.taas_plugin [None req-7b1dd9d8-d0f9-4274-ac5b-4b92dcc79881 1405525d023a4e7fbae94f3b83326daf b908aa718d8d47c0a5d3041fa9926e79 - - default default] TaaS: Handle Delete Port: 5fdcdd23-4631-45fd-a8b5-b28899e9c44c
2026-05-09 16:24:15.894 7 INFO neutron_taas.services.taas.tap_mirror_plugin [None req-7b1dd9d8-d0f9-4274-ac5b-4b92dcc79881 1405525d023a4e7fbae94f3b83326daf b908aa718d8d47c0a5d3041fa9926e79 - - default default] Tap Mirror: Handle Delete Port: 5fdcdd23-4631-45fd-a8b5-b28899e9c44c
2026-05-09 16:24:16.063 8 INFO neutron.db.ovn_revision_numbers_db [None req-8a653454-7862-4a4f-8ac6-e7e645ebbf5f - - - - - -] Successfully bumped revision number for resource 03ed269d-99f5-4f4e-977e-3ef263c8697b (type: ports) to 2
2026-05-09 16:24:16.101 8 INFO neutron.db.ovn_revision_numbers_db [None req-8a653454-7862-4a4f-8ac6-e7e645ebbf5f - - - - - -] Successfully bumped revision number for resource ec75a2b4-177e-474b-b213-48d36f9be46e (type: subnets) to 0 [pid: 7|app: 0|req: 999/1816] 10.0.0.91 () {32 vars in 725 bytes} [Sat May 9 16:24:15 2026] DELETE /v2.0/networks/b527e86d-958a-405d-9126-986cde567489 => generated 0 bytes in 338 msecs (HTTP/1.1 204) 3 headers in 131 bytes (1 switches on core 0) [pid: 8|app: 0|req: 818/1817] 10.0.0.91 () {34 vars in 668 bytes} [Sat May 9 16:24:15 2026] POST /v2.0/subnets => generated 626 bytes in 1069 msecs (HTTP/1.1 201) 4 headers in 162 bytes (1 switches on core 0)
2026-05-09 16:24:16.238 8 INFO neutron_taas.services.taas.taas_plugin [None req-2abe1359-cb8e-41b2-a470-9d0af6bb8dfa 1405525d023a4e7fbae94f3b83326daf b908aa718d8d47c0a5d3041fa9926e79 - - default default] TaaS: Handle Delete Port: e1c1eb05-eed7-4e12-bd7c-01b9647276cb
2026-05-09 16:24:16.245 8 INFO neutron_taas.services.taas.tap_mirror_plugin [None req-2abe1359-cb8e-41b2-a470-9d0af6bb8dfa 1405525d023a4e7fbae94f3b83326daf b908aa718d8d47c0a5d3041fa9926e79 - - default default] Tap Mirror: Handle Delete Port: e1c1eb05-eed7-4e12-bd7c-01b9647276cb
2026-05-09 16:24:16.260 7 INFO neutron.db.ovn_revision_numbers_db [None req-b1bff964-c06a-4f4e-a0bf-bff7132c6102 284b267aa7d1482086bd9f2d02e52edd 919800f2dde04bf981e3558e43432a49 - - default default] Successfully bumped revision number for resource bfaa9873-d0c0-4129-8313-efc5452e5c8f (type: security_groups) to 1
2026-05-09 16:24:16.272 7 INFO neutron.db.ovn_revision_numbers_db [None req-b1bff964-c06a-4f4e-a0bf-bff7132c6102 284b267aa7d1482086bd9f2d02e52edd 919800f2dde04bf981e3558e43432a49 - - default default] Successfully bumped revision number for resource a4929065-9d60-441d-99ef-b4c2e20ebc8d (type: security_group_rules) to 0
2026-05-09 16:24:16.288 7 INFO neutron.db.ovn_revision_numbers_db [None req-b1bff964-c06a-4f4e-a0bf-bff7132c6102 284b267aa7d1482086bd9f2d02e52edd 919800f2dde04bf981e3558e43432a49 - - default default] Successfully bumped revision number for resource a86940c0-81d1-4759-a8bf-dcfd6c9c30a1 (type: security_group_rules) to 0
2026-05-09 16:24:16.300 7 INFO neutron.db.ovn_revision_numbers_db [None req-b1bff964-c06a-4f4e-a0bf-bff7132c6102 284b267aa7d1482086bd9f2d02e52edd 919800f2dde04bf981e3558e43432a49 - - default default] Successfully bumped revision number for resource af6103b6-5854-481b-97e4-1dca65f17e4b (type: security_group_rules) to 0
2026-05-09 16:24:16.311 7 INFO neutron.db.ovn_revision_numbers_db [None req-b1bff964-c06a-4f4e-a0bf-bff7132c6102 284b267aa7d1482086bd9f2d02e52edd 919800f2dde04bf981e3558e43432a49 - - default default] Successfully bumped revision number for resource d03d317a-5ba2-432b-83f4-583ff3db3940 (type: security_group_rules) to 0 [pid: 7|app: 0|req: 1000/1818] 10.0.0.91 () {32 vars in 773 bytes} [Sat May 9 16:24:16 2026] GET /v2.0/security-groups?tenant_id=af4c45245a554ed1ace0ac69d4325a65&name=default => generated 2925 bytes in 243 msecs (HTTP/1.1 200) 4 headers in 158 bytes (1 switches on core 0)
2026-05-09 16:24:16.449 8 INFO neutron.services.segments.plugin [-] Segment 5ced949c-bcc1-4f6f-a2bd-3421db2e3b78 resource provider aggregate not found
2026-05-09 16:24:16.455 8 INFO neutron.services.segments.plugin [-] Segment 5ced949c-bcc1-4f6f-a2bd-3421db2e3b78 resource provider aggregate not found
2026-05-09 16:24:16.465 7 INFO neutron.db.ovn_revision_numbers_db [None req-55fdd57e-a92f-4e02-8d09-2fe273401ce4 a4c8e9e482084001b0384e27e4e40f1c 94ec36a7d3a744f8b6b575e2f2067050 - - default default] Successfully bumped revision number for resource 43a7ca95-e03b-496d-bc90-b886619e23d8 (type: routers) to 1
2026-05-09 16:24:16.472 8 INFO neutron.services.segments.plugin [-] Segment 5ced949c-bcc1-4f6f-a2bd-3421db2e3b78 resource provider not found; error: Placement Client Error (4xx): {"errors": [{"status": 404, "title": "Not Found", "detail": "The resource could not be found.\n\n No resource provider with uuid 5ced949c-bcc1-4f6f-a2bd-3421db2e3b78 found for delete ", "request_id": "req-38854a5a-d21c-45ee-9082-3e9785e0273a"}]}
2026-05-09 16:24:16.472 8 INFO neutron.services.segments.plugin [-] Segment 5ced949c-bcc1-4f6f-a2bd-3421db2e3b78 resource provider not found; error: Placement Client Error (4xx): {"errors": [{"status": 404, "title": "Not Found", "detail": "The resource could not be found.\n\n No resource provider with uuid 5ced949c-bcc1-4f6f-a2bd-3421db2e3b78 found for delete ", "request_id": "req-ad91919b-5d0c-4909-a089-0d0f41fade24"}]} [pid: 7|app: 0|req: 1001/1819] 10.0.0.91 () {34 vars in 668 bytes} [Sat May 9 16:24:16 2026] POST /v2.0/routers => generated 603 bytes in 127 msecs (HTTP/1.1 201) 4 headers in 162 bytes (1 switches on core 0) [pid: 8|app: 0|req: 819/1820] 10.0.0.91 () {32 vars in 725 bytes} [Sat May 9 16:24:16 2026] DELETE /v2.0/networks/2d54dcd3-c6d6-4052-bdc5-ba3ba27a166c => generated 0 bytes in 388 msecs (HTTP/1.1 204) 3 headers in 131 bytes (1 switches on core 0)
2026-05-09 16:24:16.524 7 INFO neutron.pecan_wsgi.hooks.translation [None req-9bfed31d-b15f-4aaa-9a88-1e6b2d000688 d7cce4702c484f4e8139f83a2f4faecd 6c731e0541a84d16a3fb4f7104d041e3 - - default default] GET failed (client error): The resource could not be found. [pid: 7|app: 0|req: 1002/1821] 10.0.0.91 () {32 vars in 722 bytes} [Sat May 9 16:24:16 2026] GET /v2.0/networks/99901b5c-e097-4bc1-84e7-7c328f64beb8 => generated 138 bytes in 40 msecs (HTTP/1.1 404) 4 headers in 164 bytes (1 switches on core 0) [pid: 8|app: 0|req: 820/1822] 10.0.0.91 () {32 vars in 739 bytes} [Sat May 9 16:24:16 2026] DELETE /v2.0/security-groups/bfaa9873-d0c0-4129-8313-efc5452e5c8f => generated 0 bytes in 234 msecs (HTTP/1.1 204) 2 headers in 112 bytes (1 switches on core 0)
2026-05-09 16:24:16.791 7 WARNING neutron.scheduler.dhcp_agent_scheduler [None req-ef40d4aa-3051-4442-bfe1-a7e35e69dbfc a4c8e9e482084001b0384e27e4e40f1c 94ec36a7d3a744f8b6b575e2f2067050 - - default default] No more DHCP agents
2026-05-09 16:24:16.792 7 WARNING neutron.api.rpc.agentnotifiers.dhcp_rpc_agent_api [None req-ef40d4aa-3051-4442-bfe1-a7e35e69dbfc a4c8e9e482084001b0384e27e4e40f1c 94ec36a7d3a744f8b6b575e2f2067050 - - default default] Unable to schedule network bdffae74-45e1-40fa-a13a-05bd54b2b67d: no agents available; will retry on subsequent port and subnet creation events.
2026-05-09 16:24:16.867 8 INFO neutron_taas.services.taas.taas_plugin [None req-5b7a4fbe-0135-4bd8-aca2-d45d731e06d6 9450e4a330df4a06a2df156f840916c2 9ae3b575940744d4af19973b20ef9702 - - default default] TaaS: Handle Delete Port: 6ec8e0e6-4c07-4e15-aa5b-d83693d46c49
2026-05-09 16:24:16.872 8 INFO neutron_taas.services.taas.tap_mirror_plugin [None req-5b7a4fbe-0135-4bd8-aca2-d45d731e06d6 9450e4a330df4a06a2df156f840916c2 9ae3b575940744d4af19973b20ef9702 - - default default] Tap Mirror: Handle Delete Port: 6ec8e0e6-4c07-4e15-aa5b-d83693d46c49
2026-05-09 16:24:16.899 7 INFO neutron.plugins.ml2.drivers.ovn.mech_driver.mech_driver [None req-4bc28db0-ef11-44bd-a6ad-eb66ca93c05d - - - - - -] OVN reports status down for port: 35ae1d21-279d-4572-8a7e-e6898a414ac6
2026-05-09 16:24:16.950 7 INFO neutron.db.ovn_revision_numbers_db [None req-ef40d4aa-3051-4442-bfe1-a7e35e69dbfc a4c8e9e482084001b0384e27e4e40f1c 94ec36a7d3a744f8b6b575e2f2067050 - - default default] Successfully bumped revision number for resource 35ae1d21-279d-4572-8a7e-e6898a414ac6 (type: ports) to 1 [pid: 7|app: 0|req: 1003/1823] 10.0.0.91 () {34 vars in 664 bytes} [Sat May 9 16:24:16 2026] POST /v2.0/ports => generated 951 bytes in 521 msecs (HTTP/1.1 201) 4 headers in 162 bytes (1 switches on core 0) /var/lib/openstack/lib/python3.12/site-packages/pycadf/identifier.py:70: UserWarning: Invalid uuid: neutron. To ensure interoperability, identifiers should be a valid uuid. warnings.warn(('Invalid uuid: %s. To ensure interoperability, '
2026-05-09 16:24:17.171 7 INFO neutron.db.ovn_revision_numbers_db [None req-558f65d5-1ccd-48d6-8ef9-2000ed9aaa47 284b267aa7d1482086bd9f2d02e52edd 919800f2dde04bf981e3558e43432a49 - - default default] Successfully bumped revision number for resource b0b0f716-307a-45f5-8440-fe4d00e93526 (type: security_groups) to 1
2026-05-09 16:24:17.183 7 INFO neutron.db.ovn_revision_numbers_db [None req-558f65d5-1ccd-48d6-8ef9-2000ed9aaa47 284b267aa7d1482086bd9f2d02e52edd 919800f2dde04bf981e3558e43432a49 - - default default] Successfully bumped revision number for resource 45cda85c-00ff-42c7-bf5c-eb5005ee35d8 (type: security_group_rules) to 0
2026-05-09 16:24:17.193 7 INFO neutron.db.ovn_revision_numbers_db [None req-558f65d5-1ccd-48d6-8ef9-2000ed9aaa47 284b267aa7d1482086bd9f2d02e52edd 919800f2dde04bf981e3558e43432a49 - - default default] Successfully bumped revision number for resource 6549c035-0e4e-4add-a56e-cedd55d4cace (type: security_group_rules) to 0 [pid: 8|app: 0|req: 821/1824] 10.0.0.91 () {32 vars in 725 bytes} [Sat May 9 16:24:16 2026] DELETE /v2.0/networks/99901b5c-e097-4bc1-84e7-7c328f64beb8 => generated 0 bytes in 456 msecs (HTTP/1.1 204) 3 headers in 131 bytes (1 switches on core 0)
2026-05-09 16:24:17.206 7 INFO neutron.db.ovn_revision_numbers_db [None req-558f65d5-1ccd-48d6-8ef9-2000ed9aaa47 284b267aa7d1482086bd9f2d02e52edd 919800f2dde04bf981e3558e43432a49 - - default default] Successfully bumped revision number for resource 6dae81a6-4022-473d-8d0e-1071ba4a8c83 (type: security_group_rules) to 0
2026-05-09 16:24:17.216 7 INFO neutron.db.ovn_revision_numbers_db [None req-558f65d5-1ccd-48d6-8ef9-2000ed9aaa47 284b267aa7d1482086bd9f2d02e52edd 919800f2dde04bf981e3558e43432a49 - - default default] Successfully bumped revision number for resource aa1ae34f-b5a8-4f1c-9217-c16ce4600a85 (type: security_group_rules) to 0 [pid: 7|app: 0|req: 1004/1825] 10.0.0.91 () {32 vars in 773 bytes} [Sat May 9 16:24:17 2026] GET /v2.0/security-groups?tenant_id=8199b9bbf6684094aabe4e48c3b9b264&name=default => generated 2925 bytes in 204 msecs (HTTP/1.1 200) 4 headers in 158 bytes (1 switches on core 0) [pid: 8|app: 0|req: 822/1826] 10.0.0.91 () {32 vars in 773 bytes} [Sat May 9 16:24:17 2026] GET /v2.0/security-groups?tenant_id=b908aa718d8d47c0a5d3041fa9926e79&name=default => generated 2925 bytes in 99 msecs (HTTP/1.1 200) 4 headers in 158 bytes (1 switches on core 0)
2026-05-09 16:24:17.307 8 INFO neutron.pecan_wsgi.hooks.translation [None req-931fadc1-0a7a-4662-9296-f29fb6c8329c 9450e4a330df4a06a2df156f840916c2 9ae3b575940744d4af19973b20ef9702 - - default default] DELETE failed (client error): The resource could not be found. [pid: 8|app: 0|req: 823/1827] 10.0.0.91 () {32 vars in 723 bytes} [Sat May 9 16:24:17 2026] DELETE /v2.0/subnets/54878e46-4fd3-4427-854c-552afa7c0774 => generated 136 bytes in 11 msecs (HTTP/1.1 404) 4 headers in 164 bytes (1 switches on core 0) [pid: 8|app: 0|req: 824/1828] 10.0.0.91 () {32 vars in 739 bytes} [Sat May 9 16:24:17 2026] DELETE /v2.0/security-groups/b0b0f716-307a-45f5-8440-fe4d00e93526 => generated 0 bytes in 190 msecs (HTTP/1.1 204) 2 headers in 112 bytes (1 switches on core 0)
2026-05-09 16:24:17.670 7 INFO neutron.plugins.ml2.drivers.ovn.mech_driver.mech_driver [None req-4bc28db0-ef11-44bd-a6ad-eb66ca93c05d - - - - - -] OVN reports status up for port: 35ae1d21-279d-4572-8a7e-e6898a414ac6
2026-05-09 16:24:17.695 7 INFO neutron.plugins.ml2.plugin [None req-4bc28db0-ef11-44bd-a6ad-eb66ca93c05d - - - - - -] Attempt 1 to provision port 35ae1d21-279d-4572-8a7e-e6898a414ac6 [pid: 8|app: 0|req: 825/1829] 10.0.0.91 () {32 vars in 739 bytes} [Sat May 9 16:24:17 2026] DELETE /v2.0/security-groups/40fa8365-9427-403b-93b7-1c6d976bf6f2 => generated 0 bytes in 211 msecs (HTTP/1.1 204) 2 headers in 112 bytes (1 switches on core 0)
2026-05-09 16:24:17.723 8 INFO neutron.pecan_wsgi.hooks.translation [None req-360d33c0-6bfb-4572-91a2-fd01ca7b05fc 9450e4a330df4a06a2df156f840916c2 9ae3b575940744d4af19973b20ef9702 - - default default] DELETE failed (client error): The resource could not be found. [pid: 8|app: 0|req: 826/1830] 10.0.0.91 () {32 vars in 723 bytes} [Sat May 9 16:24:17 2026] DELETE /v2.0/subnets/96c15bfb-dac4-4bf2-91de-070bc7b01245 => generated 136 bytes in 14 msecs (HTTP/1.1 404) 4 headers in 164 bytes (1 switches on core 0)
2026-05-09 16:24:17.733 7 INFO neutron.services.segments.plugin [-] Segment f9ea3f9e-906c-43ba-8bfe-5f94f87e5372 resource provider aggregate not found
2026-05-09 16:24:17.740 7 INFO neutron.db.ovn_revision_numbers_db [None req-48a8f019-517e-413f-bf7c-8ac483751554 a4c8e9e482084001b0384e27e4e40f1c 94ec36a7d3a744f8b6b575e2f2067050 - - default default] Successfully bumped revision number for resource 35ae1d21-279d-4572-8a7e-e6898a414ac6 (type: ports) to 2
2026-05-09 16:24:17.751 7 INFO neutron.services.segments.plugin [-] Segment f9ea3f9e-906c-43ba-8bfe-5f94f87e5372 resource provider not found; error: Placement Client Error (4xx): {"errors": [{"status": 404, "title": "Not Found", "detail": "The resource could not be found.\n\n No resource provider with uuid f9ea3f9e-906c-43ba-8bfe-5f94f87e5372 found for delete ", "request_id": "req-af108972-f3c6-468d-8935-d0dcf9ba5e02"}]}
2026-05-09 16:24:17.759 7 INFO neutron.services.segments.plugin [-] Segment f9ea3f9e-906c-43ba-8bfe-5f94f87e5372 resource provider aggregate not found
2026-05-09 16:24:17.776 7 INFO neutron.services.segments.plugin [-] Segment f9ea3f9e-906c-43ba-8bfe-5f94f87e5372 resource provider not found; error: Placement Client Error (4xx): {"errors": [{"status": 404, "title": "Not Found", "detail": "The resource could not be found.\n\n No resource provider with uuid f9ea3f9e-906c-43ba-8bfe-5f94f87e5372 found for delete ", "request_id": "req-2e5240b8-0fa2-4a42-a179-bbe63dd7d42f"}]}
2026-05-09 16:24:17.832 8 INFO neutron.db.ovn_revision_numbers_db [None req-fa827fa8-408f-421a-898e-caee5a54b3a9 284b267aa7d1482086bd9f2d02e52edd 919800f2dde04bf981e3558e43432a49 - - default default] Successfully bumped revision number for resource 89d542b5-6a1a-47f1-9bd7-40c6906cc8ad (type: security_groups) to 1
2026-05-09 16:24:17.842 8 INFO neutron.db.ovn_revision_numbers_db [None req-fa827fa8-408f-421a-898e-caee5a54b3a9 284b267aa7d1482086bd9f2d02e52edd 919800f2dde04bf981e3558e43432a49 - - default default] Successfully bumped revision number for resource 236e83aa-52f6-4f79-a9d5-b6a86ccd25c3 (type: security_group_rules) to 0
2026-05-09 16:24:17.852 8 INFO neutron.db.ovn_revision_numbers_db [None req-fa827fa8-408f-421a-898e-caee5a54b3a9 284b267aa7d1482086bd9f2d02e52edd 919800f2dde04bf981e3558e43432a49 - - default default] Successfully bumped revision number for resource 278935e2-028e-47b8-9a95-675979824b2f (type: security_group_rules) to 0
2026-05-09 16:24:17.864 8 INFO neutron.db.ovn_revision_numbers_db [None req-fa827fa8-408f-421a-898e-caee5a54b3a9 284b267aa7d1482086bd9f2d02e52edd 919800f2dde04bf981e3558e43432a49 - - default default] Successfully bumped revision number for resource 7263215e-90b7-4b6e-892c-582612aa9736 (type: security_group_rules) to 0
2026-05-09 16:24:17.876 8 INFO neutron.db.ovn_revision_numbers_db [None req-fa827fa8-408f-421a-898e-caee5a54b3a9 284b267aa7d1482086bd9f2d02e52edd 919800f2dde04bf981e3558e43432a49 - - default default] Successfully bumped revision number for resource b9ca4a94-fe62-49cc-bb0e-504e094addec (type: security_group_rules) to 0 [pid: 8|app: 0|req: 827/1831] 10.0.0.91 () {32 vars in 773 bytes} [Sat May 9 16:24:17 2026] GET /v2.0/security-groups?tenant_id=1df8c952bd2a4b82ad9704d464ab2add&name=default => generated 2925 bytes in 187 msecs (HTTP/1.1 200) 4 headers in 158 bytes (1 switches on core 0)
2026-05-09 16:24:17.923 8 INFO neutron.pecan_wsgi.hooks.translation [None req-9c543edb-61ba-4d9a-84e9-7370f25dc251 9450e4a330df4a06a2df156f840916c2 9ae3b575940744d4af19973b20ef9702 - - default default] DELETE failed (client error): The resource could not be found. [pid: 8|app: 0|req: 828/1832] 10.0.0.91 () {32 vars in 723 bytes} [Sat May 9 16:24:17 2026] DELETE /v2.0/subnets/3c42e429-7a8d-4076-8c47-28794fba0001 => generated 136 bytes in 12 msecs (HTTP/1.1 404) 4 headers in 164 bytes (1 switches on core 0) [pid: 8|app: 0|req: 829/1833] 10.0.0.91 () {32 vars in 739 bytes} [Sat May 9 16:24:17 2026] DELETE /v2.0/security-groups/89d542b5-6a1a-47f1-9bd7-40c6906cc8ad => generated 0 bytes in 183 msecs (HTTP/1.1 204) 2 headers in 112 bytes (1 switches on core 0)
2026-05-09 16:24:18.273 7 INFO neutron.db.ovn_revision_numbers_db [None req-4bc28db0-ef11-44bd-a6ad-eb66ca93c05d - - - - - -] Successfully bumped revision number for resource 35ae1d21-279d-4572-8a7e-e6898a414ac6 (type: ports) to 3
2026-05-09 16:24:18.502 8 INFO neutron.services.segments.plugin [-] Segment f925e97e-386b-4a1e-b598-5950f4d71ee0 resource provider aggregate not found
2026-05-09 16:24:18.508 8 INFO neutron.services.segments.plugin [-] Segment f925e97e-386b-4a1e-b598-5950f4d71ee0 resource provider aggregate not found
2026-05-09 16:24:18.519 8 INFO neutron.services.segments.plugin [-] Segment f925e97e-386b-4a1e-b598-5950f4d71ee0 resource provider not found; error: Placement Client Error (4xx): {"errors": [{"status": 404, "title": "Not Found", "detail": "The resource could not be found.\n\n No resource provider with uuid f925e97e-386b-4a1e-b598-5950f4d71ee0 found for delete ", "request_id": "req-ed3c876f-566d-477b-ad6c-69a6b016a290"}]}
2026-05-09 16:24:18.521 8 INFO neutron.services.segments.plugin [-] Segment f925e97e-386b-4a1e-b598-5950f4d71ee0 resource provider not found; error: Placement Client Error (4xx): {"errors": [{"status": 404, "title": "Not Found", "detail": "The resource could not be found.\n\n No resource provider with uuid f925e97e-386b-4a1e-b598-5950f4d71ee0 found for delete ", "request_id": "req-5d929638-fa96-41aa-94d8-99a97b2f78d0"}]}
2026-05-09 16:24:18.768 7 WARNING neutron.scheduler.dhcp_agent_scheduler [None req-48a8f019-517e-413f-bf7c-8ac483751554 a4c8e9e482084001b0384e27e4e40f1c 94ec36a7d3a744f8b6b575e2f2067050 - - default default] No more DHCP agents
2026-05-09 16:24:18.770 7 WARNING neutron.api.rpc.agentnotifiers.dhcp_rpc_agent_api [None req-48a8f019-517e-413f-bf7c-8ac483751554 a4c8e9e482084001b0384e27e4e40f1c 94ec36a7d3a744f8b6b575e2f2067050 - - default default] Unable to schedule network bdffae74-45e1-40fa-a13a-05bd54b2b67d: no agents available; will retry on subsequent port and subnet creation events.
2026-05-09 16:24:18.965 7 INFO neutron.db.ovn_revision_numbers_db [None req-48a8f019-517e-413f-bf7c-8ac483751554 a4c8e9e482084001b0384e27e4e40f1c 94ec36a7d3a744f8b6b575e2f2067050 - - default default] Successfully bumped revision number for resource 35ae1d21-279d-4572-8a7e-e6898a414ac6 (type: router_ports) to 3 [pid: 7|app: 0|req: 1005/1834] 10.0.0.91 () {34 vars in 782 bytes} [Sat May 9 16:24:17 2026] PUT /v2.0/routers/43a7ca95-e03b-496d-bc90-b886619e23d8/add_router_interface => generated 309 bytes in 1720 msecs (HTTP/1.1 200) 4 headers in 157 bytes (1 switches on core 0) /var/lib/openstack/lib/python3.12/site-packages/pycadf/identifier.py:70: UserWarning: Invalid uuid: neutron. To ensure interoperability, identifiers should be a valid uuid. warnings.warn(('Invalid uuid: %s. To ensure interoperability, '
2026-05-09 16:24:18.985 8 INFO neutron.db.ovn_revision_numbers_db [None req-5b665268-9350-446d-90c5-40679cb9ff06 284b267aa7d1482086bd9f2d02e52edd 919800f2dde04bf981e3558e43432a49 - - default default] Successfully bumped revision number for resource 37ab07df-2be1-41f3-8adc-924dbde6de1c (type: security_groups) to 1
2026-05-09 16:24:18.995 8 INFO neutron.db.ovn_revision_numbers_db [None req-5b665268-9350-446d-90c5-40679cb9ff06 284b267aa7d1482086bd9f2d02e52edd 919800f2dde04bf981e3558e43432a49 - - default default] Successfully bumped revision number for resource 0509538a-bb88-48f7-8b07-224ccb5c0fc9 (type: security_group_rules) to 0
2026-05-09 16:24:19.004 8 INFO neutron.db.ovn_revision_numbers_db [None req-5b665268-9350-446d-90c5-40679cb9ff06 284b267aa7d1482086bd9f2d02e52edd 919800f2dde04bf981e3558e43432a49 - - default default] Successfully bumped revision number for resource 4b29b443-58f0-45ca-afc2-3dc6e8f15705 (type: security_group_rules) to 0 [pid: 7|app: 0|req: 1006/1835] 10.0.0.91 () {32 vars in 716 bytes} [Sat May 9 16:24:18 2026] GET /v2.0/ports/35ae1d21-279d-4572-8a7e-e6898a414ac6 => generated 1013 bytes in 31 msecs (HTTP/1.1 200) 4 headers in 158 bytes (1 switches on core 0)
2026-05-09 16:24:19.012 8 INFO neutron.db.ovn_revision_numbers_db [None req-5b665268-9350-446d-90c5-40679cb9ff06 284b267aa7d1482086bd9f2d02e52edd 919800f2dde04bf981e3558e43432a49 - - default default] Successfully bumped revision number for resource 7d4715dc-aff6-48c8-9a81-3a30aa878b75 (type: security_group_rules) to 0
2026-05-09 16:24:19.021 8 INFO neutron.db.ovn_revision_numbers_db [None req-5b665268-9350-446d-90c5-40679cb9ff06 284b267aa7d1482086bd9f2d02e52edd 919800f2dde04bf981e3558e43432a49 - - default default] Successfully bumped revision number for resource 9772195c-e6cd-464c-a91b-e8552358ab33 (type: security_group_rules) to 0 [pid: 8|app: 0|req: 830/1836] 10.0.0.91 () {32 vars in 773 bytes} [Sat May 9 16:24:18 2026] GET /v2.0/security-groups?tenant_id=6c731e0541a84d16a3fb4f7104d041e3&name=default => generated 2925 bytes in 323 msecs (HTTP/1.1 200) 4 headers in 158 bytes (1 switches on core 0) [pid: 8|app: 0|req: 831/1837] 10.0.0.91 () {32 vars in 739 bytes} [Sat May 9 16:24:19 2026] DELETE /v2.0/security-groups/37ab07df-2be1-41f3-8adc-924dbde6de1c => generated 0 bytes in 213 msecs (HTTP/1.1 204) 2 headers in 112 bytes (1 switches on core 0)
2026-05-09 16:24:19.357 7 INFO neutron_taas.services.taas.taas_plugin [None req-9cf3e19b-1a87-4f94-8b50-a682d652c24e a4c8e9e482084001b0384e27e4e40f1c 94ec36a7d3a744f8b6b575e2f2067050 - - default default] TaaS: Handle Delete Port: 35ae1d21-279d-4572-8a7e-e6898a414ac6
2026-05-09 16:24:19.360 7 INFO neutron_taas.services.taas.tap_mirror_plugin [None req-9cf3e19b-1a87-4f94-8b50-a682d652c24e a4c8e9e482084001b0384e27e4e40f1c 94ec36a7d3a744f8b6b575e2f2067050 - - default default] Tap Mirror: Handle Delete Port: 35ae1d21-279d-4572-8a7e-e6898a414ac6
2026-05-09 16:24:19.560 8 INFO neutron.db.ovn_revision_numbers_db [None req-11984a58-0b14-4279-b05a-ee9b18b7f34f 284b267aa7d1482086bd9f2d02e52edd 919800f2dde04bf981e3558e43432a49 - - default default] Successfully bumped revision number for resource 8674ca67-179a-4b98-8374-9894b23d7bd0 (type: security_groups) to 1
2026-05-09 16:24:19.578 8 INFO neutron.db.ovn_revision_numbers_db [None req-11984a58-0b14-4279-b05a-ee9b18b7f34f 284b267aa7d1482086bd9f2d02e52edd 919800f2dde04bf981e3558e43432a49 - - default default] Successfully bumped revision number for resource 18a7165a-84f6-40cb-b5c3-5abe5f5a35cd (type: security_group_rules) to 0
2026-05-09 16:24:19.591 8 INFO neutron.db.ovn_revision_numbers_db [None req-11984a58-0b14-4279-b05a-ee9b18b7f34f 284b267aa7d1482086bd9f2d02e52edd 919800f2dde04bf981e3558e43432a49 - - default default] Successfully bumped revision number for resource 8c16ab63-31ad-4541-97b3-b37dc88731cb (type: security_group_rules) to 0
2026-05-09 16:24:19.602 8 INFO neutron.db.ovn_revision_numbers_db [None req-11984a58-0b14-4279-b05a-ee9b18b7f34f 284b267aa7d1482086bd9f2d02e52edd 919800f2dde04bf981e3558e43432a49 - - default default] Successfully bumped revision number for resource 937139cf-be32-4708-b0f9-79116ec2d143 (type: security_group_rules) to 0
2026-05-09 16:24:19.612 8 INFO neutron.db.ovn_revision_numbers_db [None req-11984a58-0b14-4279-b05a-ee9b18b7f34f 284b267aa7d1482086bd9f2d02e52edd 919800f2dde04bf981e3558e43432a49 - - default default] Successfully bumped revision number for resource f458e48d-c321-400e-807e-312f7c46a283 (type: security_group_rules) to 0 [pid: 8|app: 0|req: 832/1838] 10.0.0.91 () {32 vars in 773 bytes} [Sat May 9 16:24:19 2026] GET /v2.0/security-groups?tenant_id=ab02afdd71714740a30302d83529f439&name=default => generated 2925 bytes in 231 msecs (HTTP/1.1 200) 4 headers in 158 bytes (1 switches on core 0) [pid: 7|app: 0|req: 1007/1839] 10.0.0.91 () {34 vars in 788 bytes} [Sat May 9 16:24:19 2026] PUT /v2.0/routers/43a7ca95-e03b-496d-bc90-b886619e23d8/remove_router_interface => generated 309 bytes in 733 msecs (HTTP/1.1 200) 4 headers in 157 bytes (1 switches on core 0) /var/lib/openstack/lib/python3.12/site-packages/pycadf/identifier.py:70: UserWarning: Invalid uuid: neutron. To ensure interoperability, identifiers should be a valid uuid. warnings.warn(('Invalid uuid: %s. To ensure interoperability, ' [pid: 7|app: 0|req: 1008/1840] 10.0.0.91 () {32 vars in 739 bytes} [Sat May 9 16:24:19 2026] DELETE /v2.0/security-groups/8674ca67-179a-4b98-8374-9894b23d7bd0 => generated 0 bytes in 198 msecs (HTTP/1.1 204) 2 headers in 112 bytes (1 switches on core 0)
