2026-05-09 16:23:47.691 7 INFO neutron.plugins.ml2.drivers.ovn.mech_driver.mech_driver [None req-b8dc4373-2bd4-4784-80a4-8b0de47aae0c - - - - - -] OVN reports status down for port: 6017651a-13a6-43a4-92c9-9ca9d64e1518
2026-05-09 16:23:47.703 8 INFO neutron.db.ovn_revision_numbers_db [None req-43854908-f4b9-4f03-ad65-d650fce3768e 07076d9f1167443fbdfe287104695a5f cf5973c67fc84b92a983d5d36de3d65f - - default default] Successfully bumped revision number for resource 6017651a-13a6-43a4-92c9-9ca9d64e1518 (type: ports) to 1
2026-05-09 16:23:47.758 7 WARNING neutron.scheduler.dhcp_agent_scheduler [None req-07b45ec0-0a87-467f-9b79-718db15d8b0e a7fd0874ba594743bd4136791c0f949b fdfbbd4a2a634d2abb4637116bc4d6d0 - - default default] No more DHCP agents
2026-05-09 16:23:47.760 7 WARNING neutron.api.rpc.agentnotifiers.dhcp_rpc_agent_api [None req-07b45ec0-0a87-467f-9b79-718db15d8b0e a7fd0874ba594743bd4136791c0f949b fdfbbd4a2a634d2abb4637116bc4d6d0 - - default default] Unable to schedule network 21a4f0aa-2db6-4be8-994f-b749d78f149d: no agents available; will retry on subsequent port and subnet creation events.
2026-05-09 16:23:47.871 8 INFO neutron.plugins.ml2.drivers.ovn.mech_driver.mech_driver [None req-455361cd-1da5-44e1-829c-20991631b99f - - - - - -] OVN reports status down for port: 859ac504-0369-4a3d-ba81-699d1924b72a
2026-05-09 16:23:47.882 7 INFO neutron.db.ovn_revision_numbers_db [None req-07b45ec0-0a87-467f-9b79-718db15d8b0e a7fd0874ba594743bd4136791c0f949b fdfbbd4a2a634d2abb4637116bc4d6d0 - - default default] Successfully bumped revision number for resource 859ac504-0369-4a3d-ba81-699d1924b72a (type: ports) to 1 [pid: 7|app: 0|req: 912/1620] 10.0.0.91 () {34 vars in 669 bytes} [Sat May 9 16:23:47 2026] POST /v2.0/networks => generated 663 bytes in 829 msecs (HTTP/1.1 201) 4 headers in 162 bytes (1 switches on core 0)
2026-05-09 16:23:48.022 7 INFO neutron.db.ovn_revision_numbers_db [None req-76416676-8990-47c0-9641-5906ca2aa3ed dfd5256f09a4403982996fd31fab3f35 d5965bedd7314890b8f890a6f25505fe - - default default] Successfully bumped revision number for resource 1570d721-2204-4d3b-909f-4815ed11b9a3 (type: security_group_rules) to 0 [pid: 7|app: 0|req: 913/1621] 10.0.0.91 () {34 vars in 694 bytes} [Sat May 9 16:23:47 2026] POST /v2.0/security-group-rules => generated 601 bytes in 161 msecs (HTTP/1.1 201) 4 headers in 162 bytes (1 switches on core 0)
2026-05-09 16:23:48.254 7 WARNING neutron.scheduler.dhcp_agent_scheduler [None req-2aae0b7d-adc5-4e2f-a06a-c7a94d2390f9 a7fd0874ba594743bd4136791c0f949b fdfbbd4a2a634d2abb4637116bc4d6d0 - - default default] No more DHCP agents
2026-05-09 16:23:48.256 7 WARNING neutron.api.rpc.agentnotifiers.dhcp_rpc_agent_api [None req-2aae0b7d-adc5-4e2f-a06a-c7a94d2390f9 a7fd0874ba594743bd4136791c0f949b fdfbbd4a2a634d2abb4637116bc4d6d0 - - default default] Unable to schedule network 21a4f0aa-2db6-4be8-994f-b749d78f149d: no agents available; will retry on subsequent port and subnet creation events.
2026-05-09 16:23:48.329 8 INFO neutron.plugins.ml2.drivers.ovn.mech_driver.mech_driver [None req-455361cd-1da5-44e1-829c-20991631b99f - - - - - -] OVN reports status down for port: 4bd25658-02c1-4d96-9c01-515a12936a8e
2026-05-09 16:23:48.341 7 INFO neutron.db.ovn_revision_numbers_db [None req-2aae0b7d-adc5-4e2f-a06a-c7a94d2390f9 a7fd0874ba594743bd4136791c0f949b fdfbbd4a2a634d2abb4637116bc4d6d0 - - default default] Successfully bumped revision number for resource 4bd25658-02c1-4d96-9c01-515a12936a8e (type: ports) to 1 [pid: 7|app: 0|req: 914/1622] 10.0.0.91 () {34 vars in 664 bytes} [Sat May 9 16:23:48 2026] POST /v2.0/ports => generated 775 bytes in 321 msecs (HTTP/1.1 201) 4 headers in 162 bytes (1 switches on core 0) /var/lib/openstack/lib/python3.12/site-packages/pycadf/identifier.py:70: UserWarning: Invalid uuid: neutron. To ensure interoperability, identifiers should be a valid uuid. warnings.warn(('Invalid uuid: %s. To ensure interoperability, ' [pid: 7|app: 0|req: 915/1623] 10.0.0.91 () {32 vars in 746 bytes} [Sat May 9 16:23:48 2026] GET /v2.0/security-group-rules/1570d721-2204-4d3b-909f-4815ed11b9a3 => generated 601 bytes in 15 msecs (HTTP/1.1 200) 4 headers in 157 bytes (1 switches on core 0)
2026-05-09 16:23:48.497 8 INFO neutron.plugins.ml2.drivers.ovn.mech_driver.ovsdb.commands [None req-f2770dd5-7b26-4764-8f03-0a14528a1b84 - - - - - -] Schedule LRP lrp-6017651a-13a6-43a4-92c9-9ca9d64e1518 on gateway 04bfc62c-2a89-4ad2-982f-c2da9f6ad5a8 with priority 1
2026-05-09 16:23:48.534 7 INFO neutron.plugins.ml2.drivers.ovn.mech_driver.mech_driver [None req-b8dc4373-2bd4-4784-80a4-8b0de47aae0c - - - - - -] OVN reports status up for port: 6017651a-13a6-43a4-92c9-9ca9d64e1518
2026-05-09 16:23:48.549 7 INFO neutron.plugins.ml2.plugin [None req-b8dc4373-2bd4-4784-80a4-8b0de47aae0c - - - - - -] Attempt 1 to provision port 6017651a-13a6-43a4-92c9-9ca9d64e1518
2026-05-09 16:23:48.564 8 INFO neutron.db.ovn_revision_numbers_db [None req-43854908-f4b9-4f03-ad65-d650fce3768e 07076d9f1167443fbdfe287104695a5f cf5973c67fc84b92a983d5d36de3d65f - - default default] Successfully bumped revision number for resource 6017651a-13a6-43a4-92c9-9ca9d64e1518 (type: router_ports) to 1
2026-05-09 16:23:48.639 8 INFO neutron.db.ovn_revision_numbers_db [None req-43854908-f4b9-4f03-ad65-d650fce3768e 07076d9f1167443fbdfe287104695a5f cf5973c67fc84b92a983d5d36de3d65f - - default default] Successfully bumped revision number for resource 12834532-9936-45d8-a0e3-54a1c08bb640 (type: routers) to 2 [pid: 8|app: 0|req: 709/1624] 10.0.0.91 () {34 vars in 668 bytes} [Sat May 9 16:23:47 2026] POST /v2.0/routers => generated 954 bytes in 1569 msecs (HTTP/1.1 201) 4 headers in 162 bytes (1 switches on core 0)
2026-05-09 16:23:48.756 8 INFO neutron.db.segments_db [None req-4ce6dcb0-9311-4a13-91bc-a7ac734b36ff a7fd0874ba594743bd4136791c0f949b fdfbbd4a2a634d2abb4637116bc4d6d0 - - default default] Added segment 3318cc15-8ef5-4d6c-b7c8-6e4f88fb5bd5 of type geneve for network fbccc24c-7b7d-461e-8fbc-5a40aafc6fe1
2026-05-09 16:23:48.777 7 INFO neutron.db.ovn_revision_numbers_db [None req-f67b2986-1b2e-4e5e-ad47-21b98401140e 7660690fedef4c5cbaa72d587d74c03c a1326c37dc7444e0b1cfb68106740281 - - default default] Successfully bumped revision number for resource 53a90658-bf9b-48be-b50d-57c7e36ce20a (type: security_groups) to 1
2026-05-09 16:23:48.796 7 INFO neutron.db.ovn_revision_numbers_db [None req-f67b2986-1b2e-4e5e-ad47-21b98401140e 7660690fedef4c5cbaa72d587d74c03c a1326c37dc7444e0b1cfb68106740281 - - default default] Successfully bumped revision number for resource 28cdc4a5-0a10-4048-8126-552ccc1f751b (type: security_group_rules) to 0
2026-05-09 16:23:48.809 7 INFO neutron.db.ovn_revision_numbers_db [None req-f67b2986-1b2e-4e5e-ad47-21b98401140e 7660690fedef4c5cbaa72d587d74c03c a1326c37dc7444e0b1cfb68106740281 - - default default] Successfully bumped revision number for resource 5a79cb1c-a207-4194-b179-1f71e9fba5be (type: security_group_rules) to 0
2026-05-09 16:23:48.820 7 INFO neutron.db.ovn_revision_numbers_db [None req-f67b2986-1b2e-4e5e-ad47-21b98401140e 7660690fedef4c5cbaa72d587d74c03c a1326c37dc7444e0b1cfb68106740281 - - default default] Successfully bumped revision number for resource 6be8357e-d436-47f6-a931-3232caadef1a (type: security_group_rules) to 0
2026-05-09 16:23:48.830 7 INFO neutron.db.ovn_revision_numbers_db [None req-f67b2986-1b2e-4e5e-ad47-21b98401140e 7660690fedef4c5cbaa72d587d74c03c a1326c37dc7444e0b1cfb68106740281 - - default default] Successfully bumped revision number for resource d8490ef1-01cc-4ea4-afca-76bf4041f6af (type: security_group_rules) to 0
2026-05-09 16:23:48.879 8 INFO neutron.db.ovn_revision_numbers_db [None req-4ce6dcb0-9311-4a13-91bc-a7ac734b36ff a7fd0874ba594743bd4136791c0f949b fdfbbd4a2a634d2abb4637116bc4d6d0 - - default default] Successfully bumped revision number for resource fbccc24c-7b7d-461e-8fbc-5a40aafc6fe1 (type: networks) to 1
2026-05-09 16:23:48.913 7 INFO neutron.db.segments_db [None req-f67b2986-1b2e-4e5e-ad47-21b98401140e 7660690fedef4c5cbaa72d587d74c03c a1326c37dc7444e0b1cfb68106740281 - - default default] Added segment bc29db63-4b22-445e-906e-0f2acee9d9a8 of type geneve for network a530cf8c-2ab3-46b2-803a-5674b5688555
2026-05-09 16:23:49.011 7 INFO neutron.db.ovn_revision_numbers_db [None req-f67b2986-1b2e-4e5e-ad47-21b98401140e 7660690fedef4c5cbaa72d587d74c03c a1326c37dc7444e0b1cfb68106740281 - - default default] Successfully bumped revision number for resource a530cf8c-2ab3-46b2-803a-5674b5688555 (type: networks) to 1
2026-05-09 16:23:49.055 8 WARNING neutron.scheduler.dhcp_agent_scheduler [None req-4ce6dcb0-9311-4a13-91bc-a7ac734b36ff a7fd0874ba594743bd4136791c0f949b fdfbbd4a2a634d2abb4637116bc4d6d0 - - default default] No more DHCP agents
2026-05-09 16:23:49.057 8 WARNING neutron.api.rpc.agentnotifiers.dhcp_rpc_agent_api [None req-4ce6dcb0-9311-4a13-91bc-a7ac734b36ff a7fd0874ba594743bd4136791c0f949b fdfbbd4a2a634d2abb4637116bc4d6d0 - - default default] Unable to schedule network fbccc24c-7b7d-461e-8fbc-5a40aafc6fe1: no agents available; will retry on subsequent port and subnet creation events.
2026-05-09 16:23:49.109 8 INFO neutron.plugins.ml2.drivers.ovn.mech_driver.mech_driver [None req-455361cd-1da5-44e1-829c-20991631b99f - - - - - -] OVN reports status down for port: cca6b5db-56fe-4479-8ffa-29feccefd1b6
2026-05-09 16:23:49.159 8 INFO neutron.db.ovn_revision_numbers_db [None req-4ce6dcb0-9311-4a13-91bc-a7ac734b36ff a7fd0874ba594743bd4136791c0f949b fdfbbd4a2a634d2abb4637116bc4d6d0 - - default default] Successfully bumped revision number for resource cca6b5db-56fe-4479-8ffa-29feccefd1b6 (type: ports) to 1
2026-05-09 16:23:49.196 7 WARNING neutron.scheduler.dhcp_agent_scheduler [None req-f67b2986-1b2e-4e5e-ad47-21b98401140e 7660690fedef4c5cbaa72d587d74c03c a1326c37dc7444e0b1cfb68106740281 - - default default] No more DHCP agents
2026-05-09 16:23:49.197 7 WARNING neutron.api.rpc.agentnotifiers.dhcp_rpc_agent_api [None req-f67b2986-1b2e-4e5e-ad47-21b98401140e 7660690fedef4c5cbaa72d587d74c03c a1326c37dc7444e0b1cfb68106740281 - - default default] Unable to schedule network a530cf8c-2ab3-46b2-803a-5674b5688555: no agents available; will retry on subsequent port and subnet creation events. [pid: 8|app: 0|req: 710/1625] 10.0.0.91 () {34 vars in 669 bytes} [Sat May 9 16:23:48 2026] POST /v2.0/networks => generated 650 bytes in 545 msecs (HTTP/1.1 201) 4 headers in 162 bytes (1 switches on core 0)
2026-05-09 16:23:49.267 7 INFO neutron.db.ovn_revision_numbers_db [None req-f67b2986-1b2e-4e5e-ad47-21b98401140e 7660690fedef4c5cbaa72d587d74c03c a1326c37dc7444e0b1cfb68106740281 - - default default] Successfully bumped revision number for resource e97306d2-e6c5-4988-9df9-5ca8666d69d3 (type: ports) to 1
2026-05-09 16:23:49.270 8 INFO neutron.plugins.ml2.drivers.ovn.mech_driver.mech_driver [None req-455361cd-1da5-44e1-829c-20991631b99f - - - - - -] OVN reports status down for port: e97306d2-e6c5-4988-9df9-5ca8666d69d3 [pid: 7|app: 0|req: 916/1626] 10.0.0.91 () {34 vars in 669 bytes} [Sat May 9 16:23:48 2026] POST /v2.0/networks => generated 651 bytes in 889 msecs (HTTP/1.1 201) 4 headers in 162 bytes (1 switches on core 0) [pid: 8|app: 0|req: 711/1627] 10.0.0.91 () {32 vars in 672 bytes} [Sat May 9 16:23:49 2026] GET /v2.0/security-group-rules => generated 4138 bytes in 116 msecs (HTTP/1.1 200) 4 headers in 158 bytes (1 switches on core 0)
2026-05-09 16:23:49.526 8 WARNING neutron.scheduler.dhcp_agent_scheduler [None req-e475faae-39b4-497c-b331-9751269a53cb a7fd0874ba594743bd4136791c0f949b fdfbbd4a2a634d2abb4637116bc4d6d0 - - default default] No more DHCP agents
2026-05-09 16:23:49.528 8 WARNING neutron.api.rpc.agentnotifiers.dhcp_rpc_agent_api [None req-e475faae-39b4-497c-b331-9751269a53cb a7fd0874ba594743bd4136791c0f949b fdfbbd4a2a634d2abb4637116bc4d6d0 - - default default] Unable to schedule network fbccc24c-7b7d-461e-8fbc-5a40aafc6fe1: no agents available; will retry on subsequent port and subnet creation events.
2026-05-09 16:23:49.814 7 WARNING neutron.scheduler.dhcp_agent_scheduler [None req-cc09d668-410f-48aa-969d-23f986c4fef4 07076d9f1167443fbdfe287104695a5f cf5973c67fc84b92a983d5d36de3d65f - - default default] No more DHCP agents
2026-05-09 16:23:49.815 7 WARNING neutron.api.rpc.agentnotifiers.dhcp_rpc_agent_api [None req-cc09d668-410f-48aa-969d-23f986c4fef4 07076d9f1167443fbdfe287104695a5f cf5973c67fc84b92a983d5d36de3d65f - - default default] Unable to schedule network 52eba5e2-1c2d-4ff0-a71b-df8eaa2699cd: no agents available; will retry on subsequent port and subnet creation events.
2026-05-09 16:23:49.958 8 INFO neutron.db.ovn_revision_numbers_db [None req-622957a6-53c9-4d9c-8972-d6ec51a0aa82 - - - - - -] Successfully bumped revision number for resource cca6b5db-56fe-4479-8ffa-29feccefd1b6 (type: ports) to 2
2026-05-09 16:23:49.966 7 INFO neutron.db.ovn_revision_numbers_db [None req-cc09d668-410f-48aa-969d-23f986c4fef4 07076d9f1167443fbdfe287104695a5f cf5973c67fc84b92a983d5d36de3d65f - - default default] Successfully bumped revision number for resource 4028d098-c14e-40ef-a434-22de650709ba (type: ports) to 1
2026-05-09 16:23:49.998 8 INFO neutron.db.ovn_revision_numbers_db [None req-622957a6-53c9-4d9c-8972-d6ec51a0aa82 - - - - - -] Successfully bumped revision number for resource 5148bbcc-645e-4663-a371-ca59daa3f9c1 (type: subnets) to 0 [pid: 8|app: 0|req: 712/1628] 10.0.0.91 () {34 vars in 668 bytes} [Sat May 9 16:23:49 2026] POST /v2.0/subnets => generated 626 bytes in 693 msecs (HTTP/1.1 201) 4 headers in 162 bytes (1 switches on core 0)
2026-05-09 16:23:50.096 8 INFO neutron.db.segments_db [None req-439a775f-38c1-42f2-8a57-d3325dae1247 7660690fedef4c5cbaa72d587d74c03c a1326c37dc7444e0b1cfb68106740281 - - default default] Added segment e78d57e1-f339-4c12-ad22-8b98c84ddeff of type geneve for network afd1334c-dd21-434d-880d-6432cc7c8803
2026-05-09 16:23:50.210 8 INFO neutron.db.ovn_revision_numbers_db [None req-439a775f-38c1-42f2-8a57-d3325dae1247 7660690fedef4c5cbaa72d587d74c03c a1326c37dc7444e0b1cfb68106740281 - - default default] Successfully bumped revision number for resource afd1334c-dd21-434d-880d-6432cc7c8803 (type: networks) to 1
2026-05-09 16:23:50.357 8 WARNING neutron.scheduler.dhcp_agent_scheduler [None req-439a775f-38c1-42f2-8a57-d3325dae1247 7660690fedef4c5cbaa72d587d74c03c a1326c37dc7444e0b1cfb68106740281 - - default default] No more DHCP agents
2026-05-09 16:23:50.359 8 WARNING neutron.api.rpc.agentnotifiers.dhcp_rpc_agent_api [None req-439a775f-38c1-42f2-8a57-d3325dae1247 7660690fedef4c5cbaa72d587d74c03c a1326c37dc7444e0b1cfb68106740281 - - default default] Unable to schedule network afd1334c-dd21-434d-880d-6432cc7c8803: no agents available; will retry on subsequent port and subnet creation events.
2026-05-09 16:23:50.425 8 INFO neutron.db.ovn_revision_numbers_db [None req-439a775f-38c1-42f2-8a57-d3325dae1247 7660690fedef4c5cbaa72d587d74c03c a1326c37dc7444e0b1cfb68106740281 - - default default] Successfully bumped revision number for resource 4ee7d8c9-1e15-41c5-8366-863fc323a366 (type: ports) to 1 [pid: 8|app: 0|req: 713/1629] 10.0.0.91 () {34 vars in 669 bytes} [Sat May 9 16:23:50 2026] POST /v2.0/networks => generated 651 bytes in 433 msecs (HTTP/1.1 201) 4 headers in 162 bytes (1 switches on core 0) [pid: 8|app: 0|req: 714/1630] 10.0.0.91 () {32 vars in 749 bytes} [Sat May 9 16:23:50 2026] DELETE /v2.0/security-group-rules/1570d721-2204-4d3b-909f-4815ed11b9a3 => generated 0 bytes in 130 msecs (HTTP/1.1 204) 2 headers in 112 bytes (1 switches on core 0)
2026-05-09 16:23:50.683 7 WARNING neutron.scheduler.dhcp_agent_scheduler [None req-cc09d668-410f-48aa-969d-23f986c4fef4 07076d9f1167443fbdfe287104695a5f cf5973c67fc84b92a983d5d36de3d65f - - default default] No more DHCP agents
2026-05-09 16:23:50.684 7 WARNING neutron.api.rpc.agentnotifiers.dhcp_rpc_agent_api [None req-cc09d668-410f-48aa-969d-23f986c4fef4 07076d9f1167443fbdfe287104695a5f cf5973c67fc84b92a983d5d36de3d65f - - default default] Unable to schedule network 52eba5e2-1c2d-4ff0-a71b-df8eaa2699cd: no agents available; will retry on subsequent port and subnet creation events.
2026-05-09 16:23:50.855 8 WARNING neutron.scheduler.dhcp_agent_scheduler [None req-b89ee5ac-b1d9-4f2f-9d22-0659a7a93b6d a7fd0874ba594743bd4136791c0f949b fdfbbd4a2a634d2abb4637116bc4d6d0 - - default default] No more DHCP agents
2026-05-09 16:23:50.856 8 WARNING neutron.api.rpc.agentnotifiers.dhcp_rpc_agent_api [None req-b89ee5ac-b1d9-4f2f-9d22-0659a7a93b6d a7fd0874ba594743bd4136791c0f949b fdfbbd4a2a634d2abb4637116bc4d6d0 - - default default] Unable to schedule network fbccc24c-7b7d-461e-8fbc-5a40aafc6fe1: no agents available; will retry on subsequent port and subnet creation events.
2026-05-09 16:23:50.969 8 INFO neutron.plugins.ml2.drivers.ovn.mech_driver.mech_driver [None req-455361cd-1da5-44e1-829c-20991631b99f - - - - - -] OVN reports status down for port: 9b5c6dae-5fea-419b-8982-cddbd6e53488
2026-05-09 16:23:51.048 8 INFO neutron.db.ovn_revision_numbers_db [None req-b89ee5ac-b1d9-4f2f-9d22-0659a7a93b6d a7fd0874ba594743bd4136791c0f949b fdfbbd4a2a634d2abb4637116bc4d6d0 - - default default] Successfully bumped revision number for resource 9b5c6dae-5fea-419b-8982-cddbd6e53488 (type: ports) to 1 [pid: 8|app: 0|req: 715/1631] 10.0.0.91 () {34 vars in 664 bytes} [Sat May 9 16:23:50 2026] POST /v2.0/ports => generated 950 bytes in 513 msecs (HTTP/1.1 201) 4 headers in 162 bytes (1 switches on core 0) /var/lib/openstack/lib/python3.12/site-packages/pycadf/identifier.py:70: UserWarning: Invalid uuid: neutron. To ensure interoperability, identifiers should be a valid uuid. warnings.warn(('Invalid uuid: %s. To ensure interoperability, '
2026-05-09 16:23:51.125 7 INFO neutron.db.ovn_revision_numbers_db [None req-cc09d668-410f-48aa-969d-23f986c4fef4 07076d9f1167443fbdfe287104695a5f cf5973c67fc84b92a983d5d36de3d65f - - default default] Successfully bumped revision number for resource 4028d098-c14e-40ef-a434-22de650709ba (type: router_ports) to 1 [pid: 7|app: 0|req: 917/1632] 10.0.0.91 () {34 vars in 782 bytes} [Sat May 9 16:23:49 2026] PUT /v2.0/routers/12834532-9936-45d8-a0e3-54a1c08bb640/add_router_interface => generated 309 bytes in 1840 msecs (HTTP/1.1 200) 4 headers in 157 bytes (1 switches on core 0)
2026-05-09 16:23:51.204 8 INFO neutron.db.segments_db [None req-a6adfc6f-bb1f-41ce-baa3-6e437af8abe3 7660690fedef4c5cbaa72d587d74c03c a1326c37dc7444e0b1cfb68106740281 - - default default] Added segment e913485e-249a-46ac-b56b-225c26cf3b3a of type geneve for network c996cd88-ef98-4f59-b5b8-99d31f4f1bc5 [pid: 7|app: 0|req: 918/1633] 10.0.0.91 () {32 vars in 672 bytes} [Sat May 9 16:23:51 2026] GET /v2.0/security-group-rules => generated 3560 bytes in 73 msecs (HTTP/1.1 200) 4 headers in 158 bytes (1 switches on core 0)
2026-05-09 16:23:51.319 8 INFO neutron.db.ovn_revision_numbers_db [None req-a6adfc6f-bb1f-41ce-baa3-6e437af8abe3 7660690fedef4c5cbaa72d587d74c03c a1326c37dc7444e0b1cfb68106740281 - - default default] Successfully bumped revision number for resource c996cd88-ef98-4f59-b5b8-99d31f4f1bc5 (type: networks) to 1
2026-05-09 16:23:51.363 7 INFO neutron_taas.services.taas.taas_plugin [None req-0f31b757-5b86-4f54-a671-0c1b3043f5a6 a7fd0874ba594743bd4136791c0f949b fdfbbd4a2a634d2abb4637116bc4d6d0 - - default default] TaaS: Handle Delete Port: 9b5c6dae-5fea-419b-8982-cddbd6e53488
2026-05-09 16:23:51.367 7 INFO neutron_taas.services.taas.tap_mirror_plugin [None req-0f31b757-5b86-4f54-a671-0c1b3043f5a6 a7fd0874ba594743bd4136791c0f949b fdfbbd4a2a634d2abb4637116bc4d6d0 - - default default] Tap Mirror: Handle Delete Port: 9b5c6dae-5fea-419b-8982-cddbd6e53488
2026-05-09 16:23:51.444 8 WARNING neutron.scheduler.dhcp_agent_scheduler [None req-a6adfc6f-bb1f-41ce-baa3-6e437af8abe3 7660690fedef4c5cbaa72d587d74c03c a1326c37dc7444e0b1cfb68106740281 - - default default] No more DHCP agents
2026-05-09 16:23:51.445 8 WARNING neutron.api.rpc.agentnotifiers.dhcp_rpc_agent_api [None req-a6adfc6f-bb1f-41ce-baa3-6e437af8abe3 7660690fedef4c5cbaa72d587d74c03c a1326c37dc7444e0b1cfb68106740281 - - default default] Unable to schedule network c996cd88-ef98-4f59-b5b8-99d31f4f1bc5: no agents available; will retry on subsequent port and subnet creation events.
2026-05-09 16:23:51.507 8 INFO neutron.db.ovn_revision_numbers_db [None req-a6adfc6f-bb1f-41ce-baa3-6e437af8abe3 7660690fedef4c5cbaa72d587d74c03c a1326c37dc7444e0b1cfb68106740281 - - default default] Successfully bumped revision number for resource 8088ed37-4152-4480-9b9f-3a07769fa9e7 (type: ports) to 1 [pid: 8|app: 0|req: 716/1634] 10.0.0.91 () {34 vars in 669 bytes} [Sat May 9 16:23:51 2026] POST /v2.0/networks => generated 650 bytes in 434 msecs (HTTP/1.1 201) 4 headers in 162 bytes (1 switches on core 0) [pid: 7|app: 0|req: 919/1635] 10.0.0.91 () {32 vars in 719 bytes} [Sat May 9 16:23:51 2026] DELETE /v2.0/ports/9b5c6dae-5fea-419b-8982-cddbd6e53488 => generated 0 bytes in 357 msecs (HTTP/1.1 204) 3 headers in 131 bytes (1 switches on core 0)
2026-05-09 16:23:51.677 7 INFO neutron.db.ovn_revision_numbers_db [None req-777ae6f9-eaf0-47aa-8bf5-fd1bb4f732bf dfd5256f09a4403982996fd31fab3f35 d5965bedd7314890b8f890a6f25505fe - - default default] Successfully bumped revision number for resource 34115c7f-16b5-4bfa-a8f8-b57b2b0c551e (type: security_group_rules) to 0 [pid: 7|app: 0|req: 920/1636] 10.0.0.91 () {34 vars in 694 bytes} [Sat May 9 16:23:51 2026] POST /v2.0/security-group-rules => generated 601 bytes in 150 msecs (HTTP/1.1 201) 4 headers in 162 bytes (1 switches on core 0)
2026-05-09 16:23:51.806 7 INFO neutron.db.segments_db [None req-2b641a76-dd0c-493e-9f8e-152902708623 7660690fedef4c5cbaa72d587d74c03c a1326c37dc7444e0b1cfb68106740281 - - default default] Added segment eb333931-1eff-4064-8789-e5464dac79e4 of type geneve for network 11b15718-33b9-4e21-b90a-9a6be02c95b2
2026-05-09 16:23:51.808 8 WARNING neutron.scheduler.dhcp_agent_scheduler [None req-b6342f17-724a-4643-a8f9-9db44801c3df 07076d9f1167443fbdfe287104695a5f cf5973c67fc84b92a983d5d36de3d65f - - default default] No more DHCP agents
2026-05-09 16:23:51.809 8 WARNING neutron.api.rpc.agentnotifiers.dhcp_rpc_agent_api [None req-b6342f17-724a-4643-a8f9-9db44801c3df 07076d9f1167443fbdfe287104695a5f cf5973c67fc84b92a983d5d36de3d65f - - default default] Unable to schedule network 52eba5e2-1c2d-4ff0-a71b-df8eaa2699cd: no agents available; will retry on subsequent port and subnet creation events.
2026-05-09 16:23:51.922 7 INFO neutron.db.ovn_revision_numbers_db [None req-2b641a76-dd0c-493e-9f8e-152902708623 7660690fedef4c5cbaa72d587d74c03c a1326c37dc7444e0b1cfb68106740281 - - default default] Successfully bumped revision number for resource 11b15718-33b9-4e21-b90a-9a6be02c95b2 (type: networks) to 1
2026-05-09 16:23:51.957 8 INFO neutron.db.ovn_revision_numbers_db [None req-b6342f17-724a-4643-a8f9-9db44801c3df 07076d9f1167443fbdfe287104695a5f cf5973c67fc84b92a983d5d36de3d65f - - default default] Successfully bumped revision number for resource 612334d6-83a8-4dad-a9c1-1a6cacbe5dff (type: ports) to 1 [pid: 8|app: 0|req: 717/1637] 10.0.0.91 () {34 vars in 664 bytes} [Sat May 9 16:23:51 2026] POST /v2.0/ports => generated 959 bytes in 494 msecs (HTTP/1.1 201) 4 headers in 162 bytes (1 switches on core 0) /var/lib/openstack/lib/python3.12/site-packages/pycadf/identifier.py:70: UserWarning: Invalid uuid: neutron. To ensure interoperability, identifiers should be a valid uuid. warnings.warn(('Invalid uuid: %s. To ensure interoperability, '
2026-05-09 16:23:52.038 8 INFO neutron.pecan_wsgi.hooks.translation [None req-7f01010f-4fc0-4f17-a723-65aded80bc72 a7fd0874ba594743bd4136791c0f949b fdfbbd4a2a634d2abb4637116bc4d6d0 - - default default] DELETE failed (client error): The resource could not be found. [pid: 8|app: 0|req: 718/1638] 10.0.0.91 () {32 vars in 719 bytes} [Sat May 9 16:23:52 2026] DELETE /v2.0/ports/9b5c6dae-5fea-419b-8982-cddbd6e53488 => generated 132 bytes in 21 msecs (HTTP/1.1 404) 4 headers in 164 bytes (1 switches on core 0) [pid: 8|app: 0|req: 719/1639] 10.0.0.91 () {32 vars in 746 bytes} [Sat May 9 16:23:52 2026] GET /v2.0/security-group-rules/34115c7f-16b5-4bfa-a8f8-b57b2b0c551e => generated 601 bytes in 16 msecs (HTTP/1.1 200) 4 headers in 157 bytes (1 switches on core 0)
2026-05-09 16:23:52.093 7 WARNING neutron.scheduler.dhcp_agent_scheduler [None req-2b641a76-dd0c-493e-9f8e-152902708623 7660690fedef4c5cbaa72d587d74c03c a1326c37dc7444e0b1cfb68106740281 - - default default] No more DHCP agents
2026-05-09 16:23:52.095 7 WARNING neutron.api.rpc.agentnotifiers.dhcp_rpc_agent_api [None req-2b641a76-dd0c-493e-9f8e-152902708623 7660690fedef4c5cbaa72d587d74c03c a1326c37dc7444e0b1cfb68106740281 - - default default] Unable to schedule network 11b15718-33b9-4e21-b90a-9a6be02c95b2: no agents available; will retry on subsequent port and subnet creation events.
2026-05-09 16:23:52.160 8 INFO neutron.plugins.ml2.drivers.ovn.mech_driver.mech_driver [None req-455361cd-1da5-44e1-829c-20991631b99f - - - - - -] OVN reports status down for port: d5432e27-96da-42a6-8b7e-ff3ac8f65d17
2026-05-09 16:23:52.170 7 INFO neutron.db.ovn_revision_numbers_db [None req-2b641a76-dd0c-493e-9f8e-152902708623 7660690fedef4c5cbaa72d587d74c03c a1326c37dc7444e0b1cfb68106740281 - - default default] Successfully bumped revision number for resource d5432e27-96da-42a6-8b7e-ff3ac8f65d17 (type: ports) to 1 [pid: 7|app: 0|req: 921/1640] 10.0.0.91 () {34 vars in 669 bytes} [Sat May 9 16:23:51 2026] POST /v2.0/networks => generated 651 bytes in 480 msecs (HTTP/1.1 201) 4 headers in 162 bytes (1 switches on core 0)
2026-05-09 16:23:52.207 7 INFO neutron.pecan_wsgi.hooks.translation [None req-9d4435e2-f382-4da4-a3b7-999dc718f798 a7fd0874ba594743bd4136791c0f949b fdfbbd4a2a634d2abb4637116bc4d6d0 - - default default] GET failed (client error): The resource could not be found. [pid: 7|app: 0|req: 922/1641] 10.0.0.91 () {32 vars in 716 bytes} [Sat May 9 16:23:52 2026] GET /v2.0/ports/9b5c6dae-5fea-419b-8982-cddbd6e53488 => generated 132 bytes in 15 msecs (HTTP/1.1 404) 4 headers in 164 bytes (1 switches on core 0) [pid: 7|app: 0|req: 923/1642] 10.0.0.91 () {32 vars in 672 bytes} [Sat May 9 16:23:52 2026] GET /v2.0/security-group-rules => generated 4138 bytes in 54 msecs (HTTP/1.1 200) 4 headers in 158 bytes (1 switches on core 0)
2026-05-09 16:23:52.339 7 INFO neutron.db.segments_db [None req-54d88568-b675-4d13-873e-67315b97d6b1 7660690fedef4c5cbaa72d587d74c03c a1326c37dc7444e0b1cfb68106740281 - - default default] Added segment 57685709-a6d9-47c4-b4fe-73f9278f1f5a of type geneve for network a9233762-ec49-4517-8641-b88622f8ee08
2026-05-09 16:23:52.383 8 WARNING neutron.scheduler.dhcp_agent_scheduler [None req-b05840b9-276f-43d6-8c95-d53b01b7e85f 07076d9f1167443fbdfe287104695a5f cf5973c67fc84b92a983d5d36de3d65f - - default default] No more DHCP agents
2026-05-09 16:23:52.384 8 WARNING neutron.api.rpc.agentnotifiers.dhcp_rpc_agent_api [None req-b05840b9-276f-43d6-8c95-d53b01b7e85f 07076d9f1167443fbdfe287104695a5f cf5973c67fc84b92a983d5d36de3d65f - - default default] Unable to schedule network 52eba5e2-1c2d-4ff0-a71b-df8eaa2699cd: no agents available; will retry on subsequent port and subnet creation events.
2026-05-09 16:23:52.437 7 INFO neutron.db.ovn_revision_numbers_db [None req-54d88568-b675-4d13-873e-67315b97d6b1 7660690fedef4c5cbaa72d587d74c03c a1326c37dc7444e0b1cfb68106740281 - - default default] Successfully bumped revision number for resource a9233762-ec49-4517-8641-b88622f8ee08 (type: networks) to 1
2026-05-09 16:23:52.532 8 INFO neutron.db.ovn_revision_numbers_db [None req-b05840b9-276f-43d6-8c95-d53b01b7e85f 07076d9f1167443fbdfe287104695a5f cf5973c67fc84b92a983d5d36de3d65f - - default default] Successfully bumped revision number for resource a849653c-27af-4862-8ae0-b10be8fb2ad7 (type: ports) to 1 [pid: 8|app: 0|req: 720/1643] 10.0.0.91 () {34 vars in 664 bytes} [Sat May 9 16:23:52 2026] POST /v2.0/ports => generated 958 bytes in 496 msecs (HTTP/1.1 201) 4 headers in 162 bytes (1 switches on core 0) /var/lib/openstack/lib/python3.12/site-packages/pycadf/identifier.py:70: UserWarning: Invalid uuid: neutron. To ensure interoperability, identifiers should be a valid uuid. warnings.warn(('Invalid uuid: %s. To ensure interoperability, '
2026-05-09 16:23:52.634 7 WARNING neutron.scheduler.dhcp_agent_scheduler [None req-54d88568-b675-4d13-873e-67315b97d6b1 7660690fedef4c5cbaa72d587d74c03c a1326c37dc7444e0b1cfb68106740281 - - default default] No more DHCP agents
2026-05-09 16:23:52.635 7 WARNING neutron.api.rpc.agentnotifiers.dhcp_rpc_agent_api [None req-54d88568-b675-4d13-873e-67315b97d6b1 7660690fedef4c5cbaa72d587d74c03c a1326c37dc7444e0b1cfb68106740281 - - default default] Unable to schedule network a9233762-ec49-4517-8641-b88622f8ee08: no agents available; will retry on subsequent port and subnet creation events. [pid: 8|app: 0|req: 721/1644] 10.0.0.91 () {32 vars in 723 bytes} [Sat May 9 16:23:52 2026] DELETE /v2.0/subnets/5148bbcc-645e-4663-a371-ca59daa3f9c1 => generated 0 bytes in 162 msecs (HTTP/1.1 204) 3 headers in 131 bytes (1 switches on core 0)
2026-05-09 16:23:52.739 7 INFO neutron.db.ovn_revision_numbers_db [None req-54d88568-b675-4d13-873e-67315b97d6b1 7660690fedef4c5cbaa72d587d74c03c a1326c37dc7444e0b1cfb68106740281 - - default default] Successfully bumped revision number for resource 98823923-eead-4066-8f17-a3fee53f8f93 (type: ports) to 1 [pid: 7|app: 0|req: 924/1645] 10.0.0.91 () {34 vars in 669 bytes} [Sat May 9 16:23:52 2026] POST /v2.0/networks => generated 651 bytes in 499 msecs (HTTP/1.1 201) 4 headers in 162 bytes (1 switches on core 0) [pid: 8|app: 0|req: 722/1646] 10.0.0.91 () {32 vars in 749 bytes} [Sat May 9 16:23:52 2026] DELETE /v2.0/security-group-rules/34115c7f-16b5-4bfa-a8f8-b57b2b0c551e => generated 0 bytes in 104 msecs (HTTP/1.1 204) 2 headers in 112 bytes (1 switches on core 0)
2026-05-09 16:23:52.934 8 INFO neutron_taas.services.taas.taas_plugin [None req-1e3e6d57-1b72-43f0-870d-522c7c5f8bae a7fd0874ba594743bd4136791c0f949b fdfbbd4a2a634d2abb4637116bc4d6d0 - - default default] TaaS: Handle Delete Port: cca6b5db-56fe-4479-8ffa-29feccefd1b6
2026-05-09 16:23:52.937 8 INFO neutron_taas.services.taas.tap_mirror_plugin [None req-1e3e6d57-1b72-43f0-870d-522c7c5f8bae a7fd0874ba594743bd4136791c0f949b fdfbbd4a2a634d2abb4637116bc4d6d0 - - default default] Tap Mirror: Handle Delete Port: cca6b5db-56fe-4479-8ffa-29feccefd1b6
2026-05-09 16:23:52.963 7 WARNING neutron.scheduler.dhcp_agent_scheduler [None req-41a50a60-d98a-46d8-8b2c-239fbae6bbd0 07076d9f1167443fbdfe287104695a5f cf5973c67fc84b92a983d5d36de3d65f - - default default] No more DHCP agents
2026-05-09 16:23:52.964 7 WARNING neutron.api.rpc.agentnotifiers.dhcp_rpc_agent_api [None req-41a50a60-d98a-46d8-8b2c-239fbae6bbd0 07076d9f1167443fbdfe287104695a5f cf5973c67fc84b92a983d5d36de3d65f - - default default] Unable to schedule network f1393a56-1de1-4eea-afc4-b2d2486f33e8: no agents available; will retry on subsequent port and subnet creation events.
2026-05-09 16:23:53.112 8 INFO neutron.services.segments.plugin [-] Segment 3318cc15-8ef5-4d6c-b7c8-6e4f88fb5bd5 resource provider aggregate not found
2026-05-09 16:23:53.121 8 INFO neutron.services.segments.plugin [-] Segment 3318cc15-8ef5-4d6c-b7c8-6e4f88fb5bd5 resource provider aggregate not found
2026-05-09 16:23:53.136 8 INFO neutron.services.segments.plugin [-] Segment 3318cc15-8ef5-4d6c-b7c8-6e4f88fb5bd5 resource provider not found; error: Placement Client Error (4xx): {"errors": [{"status": 404, "title": "Not Found", "detail": "The resource could not be found.\n\n No resource provider with uuid 3318cc15-8ef5-4d6c-b7c8-6e4f88fb5bd5 found for delete ", "request_id": "req-5bae55e4-6f4a-400b-a4c0-abac7d449163"}]}
2026-05-09 16:23:53.145 8 INFO neutron.services.segments.plugin [-] Segment 3318cc15-8ef5-4d6c-b7c8-6e4f88fb5bd5 resource provider not found; error: Placement Client Error (4xx): {"errors": [{"status": 404, "title": "Not Found", "detail": "The resource could not be found.\n\n No resource provider with uuid 3318cc15-8ef5-4d6c-b7c8-6e4f88fb5bd5 found for delete ", "request_id": "req-0661ec54-d6e9-4547-be1f-d3ec915a42aa"}]} [pid: 8|app: 0|req: 723/1647] 10.0.0.91 () {32 vars in 725 bytes} [Sat May 9 16:23:52 2026] DELETE /v2.0/networks/fbccc24c-7b7d-461e-8fbc-5a40aafc6fe1 => generated 0 bytes in 353 msecs (HTTP/1.1 204) 3 headers in 131 bytes (1 switches on core 0) [pid: 8|app: 0|req: 724/1648] 10.0.0.91 () {34 vars in 752 bytes} [Sat May 9 16:23:53 2026] PUT /v2.0/networks/a530cf8c-2ab3-46b2-803a-5674b5688555/tags => generated 17 bytes in 50 msecs (HTTP/1.1 200) 4 headers in 156 bytes (1 switches on core 0) [pid: 8|app: 0|req: 725/1649] 10.0.0.91 () {32 vars in 672 bytes} [Sat May 9 16:23:53 2026] GET /v2.0/security-group-rules => generated 3560 bytes in 56 msecs (HTTP/1.1 200) 4 headers in 158 bytes (1 switches on core 0)
2026-05-09 16:23:53.361 8 INFO neutron.db.segments_db [None req-acddc2f6-049f-4727-a880-abdaeac55c44 a7fd0874ba594743bd4136791c0f949b fdfbbd4a2a634d2abb4637116bc4d6d0 - - default default] Added segment aebe8766-af84-4d26-b833-d00791e932ec of type geneve for network 02702d82-3075-4222-91f0-1dbc98a00a6e
2026-05-09 16:23:53.414 7 WARNING neutron.plugins.ml2.drivers.ovn.mech_driver.ovsdb.ovn_client [None req-b8dc4373-2bd4-4784-80a4-8b0de47aae0c - - - - - -] No hosting information found for port 6017651a-13a6-43a4-92c9-9ca9d64e1518: RuntimeError: No hosting information found for port 6017651a-13a6-43a4-92c9-9ca9d64e1518
2026-05-09 16:23:53.414 7 INFO neutron.plugins.ml2.drivers.ovn.mech_driver.mech_driver [None req-b8dc4373-2bd4-4784-80a4-8b0de47aae0c - - - - - -] OVN reports status down for port: 4028d098-c14e-40ef-a434-22de650709ba
2026-05-09 16:23:53.486 8 INFO neutron.db.ovn_revision_numbers_db [None req-acddc2f6-049f-4727-a880-abdaeac55c44 a7fd0874ba594743bd4136791c0f949b fdfbbd4a2a634d2abb4637116bc4d6d0 - - default default] Successfully bumped revision number for resource 02702d82-3075-4222-91f0-1dbc98a00a6e (type: networks) to 1
2026-05-09 16:23:53.514 7 WARNING neutron.plugins.ml2.drivers.ovn.mech_driver.ovsdb.ovn_client [None req-b8dc4373-2bd4-4784-80a4-8b0de47aae0c - - - - - -] Logical_Switch_Port %s host information not removed, the port state is up
2026-05-09 16:23:53.515 7 INFO neutron.plugins.ml2.drivers.ovn.mech_driver.mech_driver [None req-b8dc4373-2bd4-4784-80a4-8b0de47aae0c - - - - - -] OVN reports status down for port: 4ee7d8c9-1e15-41c5-8366-863fc323a366
2026-05-09 16:23:53.642 8 WARNING neutron.scheduler.dhcp_agent_scheduler [None req-acddc2f6-049f-4727-a880-abdaeac55c44 a7fd0874ba594743bd4136791c0f949b fdfbbd4a2a634d2abb4637116bc4d6d0 - - default default] No more DHCP agents
2026-05-09 16:23:53.643 8 WARNING neutron.api.rpc.agentnotifiers.dhcp_rpc_agent_api [None req-acddc2f6-049f-4727-a880-abdaeac55c44 a7fd0874ba594743bd4136791c0f949b fdfbbd4a2a634d2abb4637116bc4d6d0 - - default default] Unable to schedule network 02702d82-3075-4222-91f0-1dbc98a00a6e: no agents available; will retry on subsequent port and subnet creation events.
2026-05-09 16:23:53.645 7 INFO neutron.plugins.ml2.drivers.ovn.mech_driver.mech_driver [None req-b8dc4373-2bd4-4784-80a4-8b0de47aae0c - - - - - -] OVN reports status up for port: 4028d098-c14e-40ef-a434-22de650709ba
2026-05-09 16:23:53.686 7 INFO neutron.plugins.ml2.plugin [None req-b8dc4373-2bd4-4784-80a4-8b0de47aae0c - - - - - -] Attempt 1 to provision port 4028d098-c14e-40ef-a434-22de650709ba
2026-05-09 16:23:53.696 8 INFO neutron.plugins.ml2.drivers.ovn.mech_driver.mech_driver [None req-455361cd-1da5-44e1-829c-20991631b99f - - - - - -] OVN reports status down for port: 49e44fa4-c92b-42c5-8921-818dd5283ffa
2026-05-09 16:23:53.761 8 INFO neutron.db.ovn_revision_numbers_db [None req-acddc2f6-049f-4727-a880-abdaeac55c44 a7fd0874ba594743bd4136791c0f949b fdfbbd4a2a634d2abb4637116bc4d6d0 - - default default] Successfully bumped revision number for resource 49e44fa4-c92b-42c5-8921-818dd5283ffa (type: ports) to 1 [pid: 8|app: 0|req: 726/1650] 10.0.0.91 () {34 vars in 669 bytes} [Sat May 9 16:23:53 2026] POST /v2.0/networks => generated 651 bytes in 541 msecs (HTTP/1.1 201) 4 headers in 162 bytes (1 switches on core 0) /var/lib/openstack/lib/python3.12/site-packages/pycadf/identifier.py:70: UserWarning: Invalid uuid: neutron. To ensure interoperability, identifiers should be a valid uuid. warnings.warn(('Invalid uuid: %s. To ensure interoperability, ' [pid: 8|app: 0|req: 727/1651] 10.0.0.91 () {34 vars in 752 bytes} [Sat May 9 16:23:53 2026] PUT /v2.0/networks/afd1334c-dd21-434d-880d-6432cc7c8803/tags => generated 25 bytes in 62 msecs (HTTP/1.1 200) 4 headers in 156 bytes (1 switches on core 0)
2026-05-09 16:23:53.918 8 INFO neutron.db.securitygroups_db [None req-aa5cdf76-3432-4b49-9c32-de810501a219 dfd5256f09a4403982996fd31fab3f35 d5965bedd7314890b8f890a6f25505fe - - default default] Project d5965bedd7314890b8f890a6f25505fe added a security group rule with legacy IPv6 ICMP protocol name icmp, ipv6-icmp should be used instead. It was automatically converted.
2026-05-09 16:23:54.012 8 INFO neutron.db.ovn_revision_numbers_db [None req-aa5cdf76-3432-4b49-9c32-de810501a219 dfd5256f09a4403982996fd31fab3f35 d5965bedd7314890b8f890a6f25505fe - - default default] Successfully bumped revision number for resource b5ff8376-ae9f-46ea-a804-eaaf33209b3f (type: security_group_rules) to 0
2026-05-09 16:23:54.027 7 INFO neutron.db.ovn_revision_numbers_db [None req-41a50a60-d98a-46d8-8b2c-239fbae6bbd0 07076d9f1167443fbdfe287104695a5f cf5973c67fc84b92a983d5d36de3d65f - - default default] Successfully bumped revision number for resource 45d64fa6-8687-49c2-a169-bb9ab45b4b2e (type: floatingips) to 1
2026-05-09 16:23:54.028 7 INFO neutron.db.l3_db [None req-41a50a60-d98a-46d8-8b2c-239fbae6bbd0 07076d9f1167443fbdfe287104695a5f cf5973c67fc84b92a983d5d36de3d65f - - default default] Floating IP 45d64fa6-8687-49c2-a169-bb9ab45b4b2e associated. External IP: 10.96.250.205, port: a849653c-27af-4862-8ae0-b10be8fb2ad7. [pid: 8|app: 0|req: 728/1652] 10.0.0.91 () {34 vars in 694 bytes} [Sat May 9 16:23:53 2026] POST /v2.0/security-group-rules => generated 607 bytes in 159 msecs (HTTP/1.1 201) 4 headers in 162 bytes (1 switches on core 0) [pid: 7|app: 0|req: 925/1653] 10.0.0.91 () {34 vars in 676 bytes} [Sat May 9 16:23:52 2026] POST /v2.0/floatingips => generated 842 bytes in 1329 msecs (HTTP/1.1 201) 4 headers in 162 bytes (1 switches on core 0) [pid: 7|app: 0|req: 926/1654] 10.0.0.91 () {34 vars in 752 bytes} [Sat May 9 16:23:54 2026] PUT /v2.0/networks/c996cd88-ef98-4f59-b5b8-99d31f4f1bc5/tags => generated 34 bytes in 109 msecs (HTTP/1.1 200) 4 headers in 156 bytes (1 switches on core 0)
2026-05-09 16:23:54.236 8 WARNING neutron.scheduler.dhcp_agent_scheduler [None req-9b5c296f-946e-4d4e-8c95-8f93d458d9c9 a7fd0874ba594743bd4136791c0f949b fdfbbd4a2a634d2abb4637116bc4d6d0 - - default default] No more DHCP agents
2026-05-09 16:23:54.237 8 WARNING neutron.api.rpc.agentnotifiers.dhcp_rpc_agent_api [None req-9b5c296f-946e-4d4e-8c95-8f93d458d9c9 a7fd0874ba594743bd4136791c0f949b fdfbbd4a2a634d2abb4637116bc4d6d0 - - default default] Unable to schedule network 02702d82-3075-4222-91f0-1dbc98a00a6e: no agents available; will retry on subsequent port and subnet creation events. [pid: 7|app: 0|req: 927/1655] 10.0.0.91 () {32 vars in 746 bytes} [Sat May 9 16:23:54 2026] GET /v2.0/security-group-rules/b5ff8376-ae9f-46ea-a804-eaaf33209b3f => generated 607 bytes in 51 msecs (HTTP/1.1 200) 4 headers in 157 bytes (1 switches on core 0)
2026-05-09 16:23:54.429 7 INFO neutron.db.ovn_revision_numbers_db [None req-b8dc4373-2bd4-4784-80a4-8b0de47aae0c - - - - - -] Successfully bumped revision number for resource 4028d098-c14e-40ef-a434-22de650709ba (type: ports) to 2
2026-05-09 16:23:54.544 7 INFO neutron.db.ovn_revision_numbers_db [None req-d4abd610-79a5-49c2-b333-34b9f283b9b7 07076d9f1167443fbdfe287104695a5f cf5973c67fc84b92a983d5d36de3d65f - - default default] Successfully bumped revision number for resource 45d64fa6-8687-49c2-a169-bb9ab45b4b2e (type: floatingips) to 2
2026-05-09 16:23:54.621 7 INFO neutron.db.l3_db [None req-d4abd610-79a5-49c2-b333-34b9f283b9b7 07076d9f1167443fbdfe287104695a5f cf5973c67fc84b92a983d5d36de3d65f - - default default] Floating IP 45d64fa6-8687-49c2-a169-bb9ab45b4b2e disassociated. External IP: 10.96.250.205, port: a849653c-27af-4862-8ae0-b10be8fb2ad7. [pid: 7|app: 0|req: 928/1656] 10.0.0.91 () {34 vars in 748 bytes} [Sat May 9 16:23:54 2026] PUT /v2.0/floatingips/45d64fa6-8687-49c2-a169-bb9ab45b4b2e => generated 554 bytes in 391 msecs (HTTP/1.1 200) 4 headers in 157 bytes (1 switches on core 0) [pid: 7|app: 0|req: 929/1657] 10.0.0.91 () {34 vars in 752 bytes} [Sat May 9 16:23:54 2026] PUT /v2.0/networks/11b15718-33b9-4e21-b90a-9a6be02c95b2/tags => generated 19 bytes in 46 msecs (HTTP/1.1 200) 4 headers in 156 bytes (1 switches on core 0)
2026-05-09 16:23:54.745 8 INFO neutron.db.ovn_revision_numbers_db [None req-789683f6-9531-46b7-818a-82e2eded3dd1 - - - - - -] Successfully bumped revision number for resource 49e44fa4-c92b-42c5-8921-818dd5283ffa (type: ports) to 2 [pid: 7|app: 0|req: 930/1658] 10.0.0.91 () {32 vars in 672 bytes} [Sat May 9 16:23:54 2026] GET /v2.0/security-group-rules => generated 4144 bytes in 70 msecs (HTTP/1.1 200) 4 headers in 158 bytes (1 switches on core 0)
2026-05-09 16:23:54.781 8 INFO neutron.db.ovn_revision_numbers_db [None req-789683f6-9531-46b7-818a-82e2eded3dd1 - - - - - -] Successfully bumped revision number for resource aebf568f-cdf1-417b-ab6c-1380baa5501d (type: subnets) to 0 [pid: 8|app: 0|req: 729/1659] 10.0.0.91 () {34 vars in 668 bytes} [Sat May 9 16:23:54 2026] POST /v2.0/subnets => generated 626 bytes in 756 msecs (HTTP/1.1 201) 4 headers in 162 bytes (1 switches on core 0) /var/lib/openstack/lib/python3.12/site-packages/pycadf/identifier.py:70: UserWarning: Invalid uuid: neutron. To ensure interoperability, identifiers should be a valid uuid. warnings.warn(('Invalid uuid: %s. To ensure interoperability, ' [pid: 8|app: 0|req: 730/1660] 10.0.0.91 () {32 vars in 665 bytes} [Sat May 9 16:23:54 2026] GET /v2.0/networks?tags=red => generated 1988 bytes in 49 msecs (HTTP/1.1 200) 4 headers in 158 bytes (1 switches on core 0)
2026-05-09 16:23:54.874 7 INFO neutron_taas.services.taas.taas_plugin [None req-5bd2e514-9c8f-4b23-96d7-f27062aea6ac 07076d9f1167443fbdfe287104695a5f cf5973c67fc84b92a983d5d36de3d65f - - default default] TaaS: Handle Delete Port: 89aa1007-23e5-40c0-bc6d-bfb0ea5b04a7
2026-05-09 16:23:54.877 7 INFO neutron_taas.services.taas.tap_mirror_plugin [None req-5bd2e514-9c8f-4b23-96d7-f27062aea6ac 07076d9f1167443fbdfe287104695a5f cf5973c67fc84b92a983d5d36de3d65f - - default default] Tap Mirror: Handle Delete Port: 89aa1007-23e5-40c0-bc6d-bfb0ea5b04a7 [pid: 8|app: 0|req: 731/1661] 10.0.0.91 () {32 vars in 749 bytes} [Sat May 9 16:23:54 2026] DELETE /v2.0/security-group-rules/b5ff8376-ae9f-46ea-a804-eaaf33209b3f => generated 0 bytes in 110 msecs (HTTP/1.1 204) 2 headers in 112 bytes (1 switches on core 0) [pid: 7|app: 0|req: 931/1662] 10.0.0.91 () {32 vars in 731 bytes} [Sat May 9 16:23:54 2026] DELETE /v2.0/floatingips/45d64fa6-8687-49c2-a169-bb9ab45b4b2e => generated 0 bytes in 282 msecs (HTTP/1.1 204) 2 headers in 112 bytes (1 switches on core 0) [pid: 7|app: 0|req: 932/1663] 10.0.0.91 () {32 vars in 679 bytes} [Sat May 9 16:23:55 2026] GET /v2.0/networks?tags=red%2Cblue => generated 1337 bytes in 46 msecs (HTTP/1.1 200) 4 headers in 158 bytes (1 switches on core 0) [pid: 7|app: 0|req: 933/1664] 10.0.0.91 () {32 vars in 672 bytes} [Sat May 9 16:23:55 2026] GET /v2.0/security-group-rules => generated 3560 bytes in 47 msecs (HTTP/1.1 200) 4 headers in 158 bytes (1 switches on core 0)
2026-05-09 16:23:55.207 8 WARNING neutron.scheduler.dhcp_agent_scheduler [None req-7b1902c6-f3bf-4e1e-a77e-f119062a2179 a7fd0874ba594743bd4136791c0f949b fdfbbd4a2a634d2abb4637116bc4d6d0 - - default default] No more DHCP agents
2026-05-09 16:23:55.208 8 WARNING neutron.api.rpc.agentnotifiers.dhcp_rpc_agent_api [None req-7b1902c6-f3bf-4e1e-a77e-f119062a2179 a7fd0874ba594743bd4136791c0f949b fdfbbd4a2a634d2abb4637116bc4d6d0 - - default default] Unable to schedule network 02702d82-3075-4222-91f0-1dbc98a00a6e: no agents available; will retry on subsequent port and subnet creation events.
2026-05-09 16:23:55.374 8 INFO neutron.db.ovn_revision_numbers_db [None req-7b1902c6-f3bf-4e1e-a77e-f119062a2179 a7fd0874ba594743bd4136791c0f949b fdfbbd4a2a634d2abb4637116bc4d6d0 - - default default] Successfully bumped revision number for resource 6a6febd9-939e-4a4e-87e4-5910881e1a3c (type: ports) to 1
2026-05-09 16:23:55.379 7 WARNING neutron.scheduler.dhcp_agent_scheduler [None req-c5d1db0c-2349-495e-b4ce-745c99d14ea0 07076d9f1167443fbdfe287104695a5f cf5973c67fc84b92a983d5d36de3d65f - - default default] No more DHCP agents
2026-05-09 16:23:55.380 7 WARNING neutron.api.rpc.agentnotifiers.dhcp_rpc_agent_api [None req-c5d1db0c-2349-495e-b4ce-745c99d14ea0 07076d9f1167443fbdfe287104695a5f cf5973c67fc84b92a983d5d36de3d65f - - default default] Unable to schedule network f1393a56-1de1-4eea-afc4-b2d2486f33e8: no agents available; will retry on subsequent port and subnet creation events. [pid: 8|app: 0|req: 732/1665] 10.0.0.91 () {34 vars in 664 bytes} [Sat May 9 16:23:54 2026] POST /v2.0/ports => generated 911 bytes in 437 msecs (HTTP/1.1 201) 4 headers in 162 bytes (1 switches on core 0) [pid: 8|app: 0|req: 733/1666] 10.0.0.91 () {32 vars in 675 bytes} [Sat May 9 16:23:55 2026] GET /v2.0/networks?tags-any=blue => generated 1337 bytes in 55 msecs (HTTP/1.1 200) 4 headers in 158 bytes (1 switches on core 0) [pid: 8|app: 0|req: 734/1667] 10.0.0.91 () {32 vars in 739 bytes} [Sat May 9 16:23:55 2026] DELETE /v2.0/security-groups/796cce7e-ca7e-4d9f-a918-c13ae290e448 => generated 0 bytes in 129 msecs (HTTP/1.1 204) 2 headers in 112 bytes (1 switches on core 0)
2026-05-09 16:23:55.720 8 INFO neutron_taas.services.taas.taas_plugin [None req-4dedfbf1-9eb1-4431-9ffe-f151ade86ee3 a7fd0874ba594743bd4136791c0f949b fdfbbd4a2a634d2abb4637116bc4d6d0 - - default default] TaaS: Handle Delete Port: 6a6febd9-939e-4a4e-87e4-5910881e1a3c
2026-05-09 16:23:55.726 8 INFO neutron_taas.services.taas.tap_mirror_plugin [None req-4dedfbf1-9eb1-4431-9ffe-f151ade86ee3 a7fd0874ba594743bd4136791c0f949b fdfbbd4a2a634d2abb4637116bc4d6d0 - - default default] Tap Mirror: Handle Delete Port: 6a6febd9-939e-4a4e-87e4-5910881e1a3c [pid: 8|app: 0|req: 735/1668] 10.0.0.91 () {32 vars in 719 bytes} [Sat May 9 16:23:55 2026] DELETE /v2.0/ports/6a6febd9-939e-4a4e-87e4-5910881e1a3c => generated 0 bytes in 333 msecs (HTTP/1.1 204) 3 headers in 131 bytes (1 switches on core 0) [pid: 8|app: 0|req: 736/1669] 10.0.0.91 () {32 vars in 687 bytes} [Sat May 9 16:23:55 2026] GET /v2.0/networks?tags-any=red%2Cblue => generated 1988 bytes in 71 msecs (HTTP/1.1 200) 4 headers in 158 bytes (1 switches on core 0) /var/lib/openstack/lib/python3.12/site-packages/pycadf/identifier.py:70: UserWarning: Invalid uuid: neutron. To ensure interoperability, identifiers should be a valid uuid. warnings.warn(('Invalid uuid: %s. To ensure interoperability, ' [pid: 8|app: 0|req: 737/1670] 10.0.0.91 () {32 vars in 662 bytes} [Sat May 9 16:23:55 2026] GET /v2.0/security-groups => generated 2925 bytes in 70 msecs (HTTP/1.1 200) 4 headers in 158 bytes (1 switches on core 0)
2026-05-09 16:23:56.089 8 INFO neutron.pecan_wsgi.hooks.translation [None req-614ea4f4-c260-463e-b956-48b5ac35675e a7fd0874ba594743bd4136791c0f949b fdfbbd4a2a634d2abb4637116bc4d6d0 - - default default] GET failed (client error): The resource could not be found. [pid: 8|app: 0|req: 738/1671] 10.0.0.91 () {32 vars in 716 bytes} [Sat May 9 16:23:56 2026] GET /v2.0/ports/6a6febd9-939e-4a4e-87e4-5910881e1a3c => generated 132 bytes in 29 msecs (HTTP/1.1 404) 4 headers in 164 bytes (1 switches on core 0)
2026-05-09 16:23:56.117 7 INFO neutron.db.ovn_revision_numbers_db [None req-c5d1db0c-2349-495e-b4ce-745c99d14ea0 07076d9f1167443fbdfe287104695a5f cf5973c67fc84b92a983d5d36de3d65f - - default default] Successfully bumped revision number for resource 1664b5cd-8bc6-4db5-93e7-b756fc18e729 (type: floatingips) to 1
