2026-04-20 06:27:27.905 8 INFO neutron.db.ovn_revision_numbers_db [None req-1cda60b1-35f2-4a82-b263-2931f8490446 94222d26040948dfa88afb4d9d8ffc23 7293df7eb7eb4aeea42f4be9062bf413 - - default default] Successfully bumped revision number for resource 09c36fde-b294-4469-8f10-d076f9455d2a (type: security_group_rules) to 0 [pid: 7|app: 0|req: 1109/2228] 10.0.0.141 () {32 vars in 734 bytes} [Mon Apr 20 06:27:27 2026] DELETE /v2.0/qos/policies/1ce7704a-9e05-4ad7-906e-b653551b7b4c => generated 0 bytes in 58 msecs (HTTP/1.1 204) 2 headers in 112 bytes (1 switches on core 0)
2026-04-20 06:27:27.917 8 INFO neutron.db.ovn_revision_numbers_db [None req-1cda60b1-35f2-4a82-b263-2931f8490446 94222d26040948dfa88afb4d9d8ffc23 7293df7eb7eb4aeea42f4be9062bf413 - - default default] Successfully bumped revision number for resource 1671710b-0571-4080-b387-6d49ad52c811 (type: security_group_rules) to 0
2026-04-20 06:27:27.931 8 INFO neutron.db.ovn_revision_numbers_db [None req-1cda60b1-35f2-4a82-b263-2931f8490446 94222d26040948dfa88afb4d9d8ffc23 7293df7eb7eb4aeea42f4be9062bf413 - - default default] Successfully bumped revision number for resource a804cfcd-29a4-4b71-a4c5-d99fd755a905 (type: security_group_rules) to 0
2026-04-20 06:27:27.946 8 INFO neutron.db.ovn_revision_numbers_db [None req-1cda60b1-35f2-4a82-b263-2931f8490446 94222d26040948dfa88afb4d9d8ffc23 7293df7eb7eb4aeea42f4be9062bf413 - - default default] Successfully bumped revision number for resource bf5f138c-baad-4e1d-bb9e-b1ca56492948 (type: security_group_rules) to 0 [pid: 7|app: 0|req: 1110/2229] 10.0.0.141 () {32 vars in 734 bytes} [Mon Apr 20 06:27:27 2026] DELETE /v2.0/qos/policies/cdca673e-b7b3-4cf8-9fb3-a934ad4840a3 => generated 0 bytes in 51 msecs (HTTP/1.1 204) 2 headers in 112 bytes (1 switches on core 0) [pid: 8|app: 0|req: 1120/2230] 10.0.0.141 () {32 vars in 774 bytes} [Mon Apr 20 06:27:27 2026] GET /v2.0/security-groups?tenant_id=c44b8f0a7c884b98b77a09172886050b&name=default => generated 2929 bytes in 234 msecs (HTTP/1.1 200) 4 headers in 158 bytes (1 switches on core 0) [pid: 7|app: 0|req: 1111/2231] 10.0.0.141 () {32 vars in 734 bytes} [Mon Apr 20 06:27:27 2026] DELETE /v2.0/qos/policies/a780bac5-ea30-43b8-80b7-402ccec52886 => generated 0 bytes in 50 msecs (HTTP/1.1 204) 2 headers in 112 bytes (1 switches on core 0)
2026-04-20 06:27:28.073 7 INFO neutron.services.segments.plugin [-] Segment 68264197-daac-4ab5-9b00-0055589c8946 resource provider aggregate not found
2026-04-20 06:27:28.075 7 INFO neutron.services.segments.plugin [-] Segment 68264197-daac-4ab5-9b00-0055589c8946 resource provider aggregate not found
2026-04-20 06:27:28.094 7 INFO neutron.services.segments.plugin [-] Segment 68264197-daac-4ab5-9b00-0055589c8946 resource provider not found; error: Placement Client Error (4xx): {"errors": [{"status": 404, "title": "Not Found", "detail": "The resource could not be found.\n\n No resource provider with uuid 68264197-daac-4ab5-9b00-0055589c8946 found for delete ", "request_id": "req-8a4062c1-c130-4696-aa1f-1f367df84f9f"}]}
2026-04-20 06:27:28.094 7 INFO neutron.services.segments.plugin [-] Segment 68264197-daac-4ab5-9b00-0055589c8946 resource provider not found; error: Placement Client Error (4xx): {"errors": [{"status": 404, "title": "Not Found", "detail": "The resource could not be found.\n\n No resource provider with uuid 68264197-daac-4ab5-9b00-0055589c8946 found for delete ", "request_id": "req-0f4d40b9-34e8-4ad6-a1d1-bd2f66de12c2"}]} [pid: 7|app: 0|req: 1112/2232] 10.0.0.141 () {32 vars in 734 bytes} [Mon Apr 20 06:27:28 2026] DELETE /v2.0/qos/policies/fc05e63b-6aad-46ca-a632-4edc11f97136 => generated 0 bytes in 65 msecs (HTTP/1.1 204) 2 headers in 112 bytes (1 switches on core 0) [pid: 8|app: 0|req: 1121/2233] 10.0.0.141 () {32 vars in 740 bytes} [Mon Apr 20 06:27:27 2026] DELETE /v2.0/security-groups/87ef2087-17d0-43f4-b8d1-65c8fb209a53 => generated 0 bytes in 224 msecs (HTTP/1.1 204) 2 headers in 112 bytes (1 switches on core 0) [pid: 7|app: 0|req: 1113/2234] 10.0.0.141 () {32 vars in 774 bytes} [Mon Apr 20 06:27:28 2026] GET /v2.0/security-groups?tenant_id=98b2cc51723d407eb469413d56b74234&name=default => generated 2925 bytes in 248 msecs (HTTP/1.1 200) 4 headers in 158 bytes (1 switches on core 0) [pid: 8|app: 0|req: 1122/2235] 10.0.0.141 () {32 vars in 740 bytes} [Mon Apr 20 06:27:28 2026] DELETE /v2.0/security-groups/e7f57a90-1e5f-4d32-90c1-eb3cf7cbfbcd => generated 0 bytes in 245 msecs (HTTP/1.1 204) 2 headers in 112 bytes (1 switches on core 0)
2026-04-20 06:27:28.873 8 INFO neutron.services.segments.plugin [-] Segment 52912d83-10c2-4168-9d5e-67533faceebc resource provider aggregate not found
2026-04-20 06:27:28.888 8 INFO neutron.services.segments.plugin [-] Segment 52912d83-10c2-4168-9d5e-67533faceebc resource provider not found; error: Placement Client Error (4xx): {"errors": [{"status": 404, "title": "Not Found", "detail": "The resource could not be found.\n\n No resource provider with uuid 52912d83-10c2-4168-9d5e-67533faceebc found for delete ", "request_id": "req-e1a74159-04ed-4fa4-9c1b-517a30487cd4"}]}
2026-04-20 06:27:28.892 8 INFO neutron.services.segments.plugin [-] Segment 52912d83-10c2-4168-9d5e-67533faceebc resource provider aggregate not found
2026-04-20 06:27:28.905 8 INFO neutron.services.segments.plugin [-] Segment 52912d83-10c2-4168-9d5e-67533faceebc resource provider not found; error: Placement Client Error (4xx): {"errors": [{"status": 404, "title": "Not Found", "detail": "The resource could not be found.\n\n No resource provider with uuid 52912d83-10c2-4168-9d5e-67533faceebc found for delete ", "request_id": "req-405bc1cc-b0eb-4e02-9320-67b8091e230b"}]}
2026-04-20 06:27:28.909 8 INFO neutron.services.segments.plugin [-] Segment bb568724-c114-4ffe-8780-714424bf585a resource provider aggregate not found
2026-04-20 06:27:28.919 8 INFO neutron.services.segments.plugin [-] Segment bb568724-c114-4ffe-8780-714424bf585a resource provider aggregate not found
2026-04-20 06:27:28.930 8 INFO neutron.services.segments.plugin [-] Segment bb568724-c114-4ffe-8780-714424bf585a resource provider not found; error: Placement Client Error (4xx): {"errors": [{"status": 404, "title": "Not Found", "detail": "The resource could not be found.\n\n No resource provider with uuid bb568724-c114-4ffe-8780-714424bf585a found for delete ", "request_id": "req-3ec57157-aedc-43c5-b7e9-4d5107d09534"}]}
2026-04-20 06:27:28.938 8 INFO neutron.services.segments.plugin [-] Segment bb568724-c114-4ffe-8780-714424bf585a resource provider not found; error: Placement Client Error (4xx): {"errors": [{"status": 404, "title": "Not Found", "detail": "The resource could not be found.\n\n No resource provider with uuid bb568724-c114-4ffe-8780-714424bf585a found for delete ", "request_id": "req-b902cfd0-132a-4f42-970c-7ac02d52d6b4"}]}
2026-04-20 06:27:29.098 8 INFO neutron.db.ovn_revision_numbers_db [None req-ffaf6111-6bd5-490a-94e3-8748c75cdb41 94222d26040948dfa88afb4d9d8ffc23 7293df7eb7eb4aeea42f4be9062bf413 - - default default] Successfully bumped revision number for resource acd2f5e3-9298-44fd-81b3-89790de02405 (type: security_groups) to 1
2026-04-20 06:27:29.113 8 INFO neutron.db.ovn_revision_numbers_db [None req-ffaf6111-6bd5-490a-94e3-8748c75cdb41 94222d26040948dfa88afb4d9d8ffc23 7293df7eb7eb4aeea42f4be9062bf413 - - default default] Successfully bumped revision number for resource 52e03313-cc69-49b3-ae7f-6e71cdbfb2bf (type: security_group_rules) to 0
2026-04-20 06:27:29.123 8 INFO neutron.db.ovn_revision_numbers_db [None req-ffaf6111-6bd5-490a-94e3-8748c75cdb41 94222d26040948dfa88afb4d9d8ffc23 7293df7eb7eb4aeea42f4be9062bf413 - - default default] Successfully bumped revision number for resource 6abf618e-0790-4578-ad21-de104dde3701 (type: security_group_rules) to 0
2026-04-20 06:27:29.135 8 INFO neutron.db.ovn_revision_numbers_db [None req-ffaf6111-6bd5-490a-94e3-8748c75cdb41 94222d26040948dfa88afb4d9d8ffc23 7293df7eb7eb4aeea42f4be9062bf413 - - default default] Successfully bumped revision number for resource 74b28651-b630-422f-9f07-e7d4334d7c89 (type: security_group_rules) to 0
2026-04-20 06:27:29.146 8 INFO neutron.db.ovn_revision_numbers_db [None req-ffaf6111-6bd5-490a-94e3-8748c75cdb41 94222d26040948dfa88afb4d9d8ffc23 7293df7eb7eb4aeea42f4be9062bf413 - - default default] Successfully bumped revision number for resource c1145a68-9545-4f63-b9b3-d9eea7025d23 (type: security_group_rules) to 0 [pid: 8|app: 0|req: 1123/2236] 10.0.0.141 () {32 vars in 774 bytes} [Mon Apr 20 06:27:28 2026] GET /v2.0/security-groups?tenant_id=887543bb9739442eadb73dc5027756ab&name=default => generated 2929 bytes in 220 msecs (HTTP/1.1 200) 4 headers in 158 bytes (1 switches on core 0)
2026-04-20 06:27:29.239 7 INFO neutron.db.ovn_revision_numbers_db [None req-7805b93c-5e3f-4cd9-a63c-ee22847afa8d 94222d26040948dfa88afb4d9d8ffc23 7293df7eb7eb4aeea42f4be9062bf413 - - default default] Successfully bumped revision number for resource 72bb61ad-7846-4b28-9008-b3366b9c91c1 (type: security_groups) to 1
2026-04-20 06:27:29.249 7 INFO neutron.db.ovn_revision_numbers_db [None req-7805b93c-5e3f-4cd9-a63c-ee22847afa8d 94222d26040948dfa88afb4d9d8ffc23 7293df7eb7eb4aeea42f4be9062bf413 - - default default] Successfully bumped revision number for resource 0eaf9fd1-130c-4cb9-aa41-f8476488d22d (type: security_group_rules) to 0
2026-04-20 06:27:29.264 7 INFO neutron.db.ovn_revision_numbers_db [None req-7805b93c-5e3f-4cd9-a63c-ee22847afa8d 94222d26040948dfa88afb4d9d8ffc23 7293df7eb7eb4aeea42f4be9062bf413 - - default default] Successfully bumped revision number for resource 8845008c-2bdf-476e-8ae4-0169b5d2ae82 (type: security_group_rules) to 0
2026-04-20 06:27:29.278 7 INFO neutron.db.ovn_revision_numbers_db [None req-7805b93c-5e3f-4cd9-a63c-ee22847afa8d 94222d26040948dfa88afb4d9d8ffc23 7293df7eb7eb4aeea42f4be9062bf413 - - default default] Successfully bumped revision number for resource b3ee9792-9103-43e8-8225-5c331b5e88b8 (type: security_group_rules) to 0
2026-04-20 06:27:29.290 7 INFO neutron.db.ovn_revision_numbers_db [None req-7805b93c-5e3f-4cd9-a63c-ee22847afa8d 94222d26040948dfa88afb4d9d8ffc23 7293df7eb7eb4aeea42f4be9062bf413 - - default default] Successfully bumped revision number for resource d810b7f2-2b86-4aa9-919c-16f21b1368c1 (type: security_group_rules) to 0 [pid: 7|app: 0|req: 1114/2237] 10.0.0.141 () {32 vars in 774 bytes} [Mon Apr 20 06:27:28 2026] GET /v2.0/security-groups?tenant_id=5c2b80dcc360426ea4b8b4c8fb9d0168&name=default => generated 2929 bytes in 419 msecs (HTTP/1.1 200) 4 headers in 158 bytes (1 switches on core 0) [pid: 8|app: 0|req: 1124/2238] 10.0.0.141 () {32 vars in 740 bytes} [Mon Apr 20 06:27:29 2026] DELETE /v2.0/security-groups/acd2f5e3-9298-44fd-81b3-89790de02405 => generated 0 bytes in 240 msecs (HTTP/1.1 204) 2 headers in 112 bytes (1 switches on core 0) [pid: 7|app: 0|req: 1115/2239] 10.0.0.141 () {32 vars in 740 bytes} [Mon Apr 20 06:27:29 2026] DELETE /v2.0/security-groups/72bb61ad-7846-4b28-9008-b3366b9c91c1 => generated 0 bytes in 248 msecs (HTTP/1.1 204) 2 headers in 112 bytes (1 switches on core 0)
2026-04-20 06:27:29.686 8 INFO neutron.db.ovn_revision_numbers_db [None req-d6b25e7f-2e56-47ff-9a14-9c2f7bbbda52 94222d26040948dfa88afb4d9d8ffc23 7293df7eb7eb4aeea42f4be9062bf413 - - default default] Successfully bumped revision number for resource 40a5f0eb-e7df-4255-b893-2333a00c5abb (type: security_groups) to 1
2026-04-20 06:27:29.696 8 INFO neutron.db.ovn_revision_numbers_db [None req-d6b25e7f-2e56-47ff-9a14-9c2f7bbbda52 94222d26040948dfa88afb4d9d8ffc23 7293df7eb7eb4aeea42f4be9062bf413 - - default default] Successfully bumped revision number for resource 0100864f-4123-4d2e-9c80-32eacb19fffd (type: security_group_rules) to 0
2026-04-20 06:27:29.706 8 INFO neutron.db.ovn_revision_numbers_db [None req-d6b25e7f-2e56-47ff-9a14-9c2f7bbbda52 94222d26040948dfa88afb4d9d8ffc23 7293df7eb7eb4aeea42f4be9062bf413 - - default default] Successfully bumped revision number for resource 0926cb1d-fdf4-4d3d-9c7a-b69865b3a358 (type: security_group_rules) to 0
2026-04-20 06:27:29.716 8 INFO neutron.db.ovn_revision_numbers_db [None req-d6b25e7f-2e56-47ff-9a14-9c2f7bbbda52 94222d26040948dfa88afb4d9d8ffc23 7293df7eb7eb4aeea42f4be9062bf413 - - default default] Successfully bumped revision number for resource 0ad7e71f-43d2-4c7e-8409-d9039dbe7ffe (type: security_group_rules) to 0
2026-04-20 06:27:29.727 8 INFO neutron.db.ovn_revision_numbers_db [None req-d6b25e7f-2e56-47ff-9a14-9c2f7bbbda52 94222d26040948dfa88afb4d9d8ffc23 7293df7eb7eb4aeea42f4be9062bf413 - - default default] Successfully bumped revision number for resource b7bb50a3-eea3-4227-9aed-4aab0faa4178 (type: security_group_rules) to 0 [pid: 8|app: 0|req: 1125/2240] 10.0.0.141 () {32 vars in 774 bytes} [Mon Apr 20 06:27:29 2026] GET /v2.0/security-groups?tenant_id=45b5df9faec54240a1c20c88de4889fa&name=default => generated 2929 bytes in 224 msecs (HTTP/1.1 200) 4 headers in 158 bytes (1 switches on core 0)
2026-04-20 06:27:29.876 7 INFO neutron.db.ovn_revision_numbers_db [None req-f2828491-f3e2-40b2-a368-dcafbc5fa340 94222d26040948dfa88afb4d9d8ffc23 7293df7eb7eb4aeea42f4be9062bf413 - - default default] Successfully bumped revision number for resource 42709ef9-783d-425e-a07f-bcdb0250c181 (type: security_groups) to 1
2026-04-20 06:27:29.888 7 INFO neutron.db.ovn_revision_numbers_db [None req-f2828491-f3e2-40b2-a368-dcafbc5fa340 94222d26040948dfa88afb4d9d8ffc23 7293df7eb7eb4aeea42f4be9062bf413 - - default default] Successfully bumped revision number for resource 08a18401-f183-4796-b8d1-c535ded0cd5c (type: security_group_rules) to 0
2026-04-20 06:27:29.911 7 INFO neutron.db.ovn_revision_numbers_db [None req-f2828491-f3e2-40b2-a368-dcafbc5fa340 94222d26040948dfa88afb4d9d8ffc23 7293df7eb7eb4aeea42f4be9062bf413 - - default default] Successfully bumped revision number for resource 6b1c24c0-3af1-45ae-a9f8-d647f937bfcf (type: security_group_rules) to 0
2026-04-20 06:27:29.928 7 INFO neutron.db.ovn_revision_numbers_db [None req-f2828491-f3e2-40b2-a368-dcafbc5fa340 94222d26040948dfa88afb4d9d8ffc23 7293df7eb7eb4aeea42f4be9062bf413 - - default default] Successfully bumped revision number for resource 969821bc-9377-4633-9333-656b456b1b18 (type: security_group_rules) to 0
2026-04-20 06:27:29.955 7 INFO neutron.db.ovn_revision_numbers_db [None req-f2828491-f3e2-40b2-a368-dcafbc5fa340 94222d26040948dfa88afb4d9d8ffc23 7293df7eb7eb4aeea42f4be9062bf413 - - default default] Successfully bumped revision number for resource fdc45293-111a-4917-bb19-c1534c2bc2aa (type: security_group_rules) to 0 [pid: 7|app: 0|req: 1116/2241] 10.0.0.141 () {32 vars in 774 bytes} [Mon Apr 20 06:27:29 2026] GET /v2.0/security-groups?tenant_id=1b2513207aab4f85a00b4af394ba6822&name=default => generated 2929 bytes in 273 msecs (HTTP/1.1 200) 4 headers in 158 bytes (1 switches on core 0) [pid: 8|app: 0|req: 1126/2242] 10.0.0.141 () {32 vars in 740 bytes} [Mon Apr 20 06:27:29 2026] DELETE /v2.0/security-groups/40a5f0eb-e7df-4255-b893-2333a00c5abb => generated 0 bytes in 252 msecs (HTTP/1.1 204) 2 headers in 112 bytes (1 switches on core 0) [pid: 7|app: 0|req: 1117/2243] 10.0.0.141 () {32 vars in 740 bytes} [Mon Apr 20 06:27:30 2026] DELETE /v2.0/security-groups/42709ef9-783d-425e-a07f-bcdb0250c181 => generated 0 bytes in 218 msecs (HTTP/1.1 204) 2 headers in 112 bytes (1 switches on core 0)
2026-04-20 06:27:30.626 8 INFO neutron.db.ovn_revision_numbers_db [None req-97386630-16cd-46a7-a786-ff009da9abda 94222d26040948dfa88afb4d9d8ffc23 7293df7eb7eb4aeea42f4be9062bf413 - - default default] Successfully bumped revision number for resource 06acf7ea-ec09-4ed5-b71a-c0927c6fb5d2 (type: security_groups) to 1
2026-04-20 06:27:30.641 8 INFO neutron.db.ovn_revision_numbers_db [None req-97386630-16cd-46a7-a786-ff009da9abda 94222d26040948dfa88afb4d9d8ffc23 7293df7eb7eb4aeea42f4be9062bf413 - - default default] Successfully bumped revision number for resource 368b6007-cf9f-42d5-925c-aa4bcee130c5 (type: security_group_rules) to 0
2026-04-20 06:27:30.676 8 INFO neutron.db.ovn_revision_numbers_db [None req-97386630-16cd-46a7-a786-ff009da9abda 94222d26040948dfa88afb4d9d8ffc23 7293df7eb7eb4aeea42f4be9062bf413 - - default default] Successfully bumped revision number for resource aee86247-d60e-40b9-8e08-d0fbbd35d9b3 (type: security_group_rules) to 0
2026-04-20 06:27:30.691 8 INFO neutron.db.ovn_revision_numbers_db [None req-97386630-16cd-46a7-a786-ff009da9abda 94222d26040948dfa88afb4d9d8ffc23 7293df7eb7eb4aeea42f4be9062bf413 - - default default] Successfully bumped revision number for resource b86379de-7145-490e-ae3e-bc4624745b9f (type: security_group_rules) to 0
2026-04-20 06:27:30.701 8 INFO neutron.db.ovn_revision_numbers_db [None req-97386630-16cd-46a7-a786-ff009da9abda 94222d26040948dfa88afb4d9d8ffc23 7293df7eb7eb4aeea42f4be9062bf413 - - default default] Successfully bumped revision number for resource eb9b29a5-d208-45d7-829e-3b06ee2d4ca9 (type: security_group_rules) to 0 [pid: 8|app: 0|req: 1127/2244] 10.0.0.141 () {32 vars in 774 bytes} [Mon Apr 20 06:27:30 2026] GET /v2.0/security-groups?tenant_id=8ef1634b1b484a6fb2a406ca8c8410c9&name=default => generated 2929 bytes in 328 msecs (HTTP/1.1 200) 4 headers in 158 bytes (1 switches on core 0) [pid: 7|app: 0|req: 1118/2245] 10.0.0.141 () {32 vars in 740 bytes} [Mon Apr 20 06:27:30 2026] DELETE /v2.0/security-groups/06acf7ea-ec09-4ed5-b71a-c0927c6fb5d2 => generated 0 bytes in 235 msecs (HTTP/1.1 204) 2 headers in 112 bytes (1 switches on core 0)
2026-04-20 06:27:32.272 8 INFO neutron.db.ovn_revision_numbers_db [None req-c223b41e-206a-4fea-90ba-728630e917e1 b8d79d4e87ec4fc883dbf59d21741f6a 52f993f332ae4803a2b1c7f95368e888 - - default default] Successfully bumped revision number for resource 65bb3502-4734-49de-81f0-99c0a81f7a4c (type: security_groups) to 1
2026-04-20 06:27:32.286 8 INFO neutron.db.ovn_revision_numbers_db [None req-c223b41e-206a-4fea-90ba-728630e917e1 b8d79d4e87ec4fc883dbf59d21741f6a 52f993f332ae4803a2b1c7f95368e888 - - default default] Successfully bumped revision number for resource 04a1e100-17bc-49ec-838b-7e408e703266 (type: security_group_rules) to 0
2026-04-20 06:27:32.298 8 INFO neutron.db.ovn_revision_numbers_db [None req-c223b41e-206a-4fea-90ba-728630e917e1 b8d79d4e87ec4fc883dbf59d21741f6a 52f993f332ae4803a2b1c7f95368e888 - - default default] Successfully bumped revision number for resource aab3657c-9dc4-41df-ab07-5f7d89ba1315 (type: security_group_rules) to 0
2026-04-20 06:27:32.314 8 INFO neutron.db.ovn_revision_numbers_db [None req-c223b41e-206a-4fea-90ba-728630e917e1 b8d79d4e87ec4fc883dbf59d21741f6a 52f993f332ae4803a2b1c7f95368e888 - - default default] Successfully bumped revision number for resource b3386d18-a38c-47ac-a0a6-1dc3438bdf29 (type: security_group_rules) to 0
2026-04-20 06:27:32.328 8 INFO neutron.db.ovn_revision_numbers_db [None req-c223b41e-206a-4fea-90ba-728630e917e1 b8d79d4e87ec4fc883dbf59d21741f6a 52f993f332ae4803a2b1c7f95368e888 - - default default] Successfully bumped revision number for resource ca3b5cca-7914-46d9-973b-48f20e339654 (type: security_group_rules) to 0
2026-04-20 06:27:32.403 8 INFO neutron.db.segments_db [None req-c223b41e-206a-4fea-90ba-728630e917e1 b8d79d4e87ec4fc883dbf59d21741f6a 52f993f332ae4803a2b1c7f95368e888 - - default default] Added segment 19dca445-43ff-49b9-9248-bddf8e9cf27b of type geneve for network 84e68b9d-13ca-4e57-876a-2897dd2808b1
2026-04-20 06:27:32.513 8 INFO neutron.db.ovn_revision_numbers_db [None req-c223b41e-206a-4fea-90ba-728630e917e1 b8d79d4e87ec4fc883dbf59d21741f6a 52f993f332ae4803a2b1c7f95368e888 - - default default] Successfully bumped revision number for resource 84e68b9d-13ca-4e57-876a-2897dd2808b1 (type: networks) to 1
2026-04-20 06:27:32.663 8 WARNING neutron.scheduler.dhcp_agent_scheduler [None req-c223b41e-206a-4fea-90ba-728630e917e1 b8d79d4e87ec4fc883dbf59d21741f6a 52f993f332ae4803a2b1c7f95368e888 - - default default] No more DHCP agents
2026-04-20 06:27:32.664 8 WARNING neutron.api.rpc.agentnotifiers.dhcp_rpc_agent_api [None req-c223b41e-206a-4fea-90ba-728630e917e1 b8d79d4e87ec4fc883dbf59d21741f6a 52f993f332ae4803a2b1c7f95368e888 - - default default] Unable to schedule network 84e68b9d-13ca-4e57-876a-2897dd2808b1: no agents available; will retry on subsequent port and subnet creation events.
2026-04-20 06:27:32.725 8 INFO neutron.plugins.ml2.drivers.ovn.mech_driver.mech_driver [None req-cd6355b1-47e3-47e2-ab04-a0cb0b3a0fba - - - - - -] OVN reports status down for port: 26f0ca9f-64f5-42dd-a310-b6a7d6b524fb
2026-04-20 06:27:32.796 8 INFO neutron.db.ovn_revision_numbers_db [None req-c223b41e-206a-4fea-90ba-728630e917e1 b8d79d4e87ec4fc883dbf59d21741f6a 52f993f332ae4803a2b1c7f95368e888 - - default default] Successfully bumped revision number for resource 26f0ca9f-64f5-42dd-a310-b6a7d6b524fb (type: ports) to 1 [pid: 8|app: 0|req: 1128/2246] 10.0.0.141 () {34 vars in 670 bytes} [Mon Apr 20 06:27:31 2026] POST /v2.0/networks => generated 646 bytes in 890 msecs (HTTP/1.1 201) 4 headers in 162 bytes (1 switches on core 0)
2026-04-20 06:27:33.056 7 WARNING neutron.scheduler.dhcp_agent_scheduler [None req-f2803c71-25fb-446e-b410-476beb59e3ef b8d79d4e87ec4fc883dbf59d21741f6a 52f993f332ae4803a2b1c7f95368e888 - - default default] No more DHCP agents
2026-04-20 06:27:33.057 7 WARNING neutron.api.rpc.agentnotifiers.dhcp_rpc_agent_api [None req-f2803c71-25fb-446e-b410-476beb59e3ef b8d79d4e87ec4fc883dbf59d21741f6a 52f993f332ae4803a2b1c7f95368e888 - - default default] Unable to schedule network 84e68b9d-13ca-4e57-876a-2897dd2808b1: no agents available; will retry on subsequent port and subnet creation events.
2026-04-20 06:27:33.494 7 INFO neutron.db.ovn_revision_numbers_db [None req-99b5d32e-be53-4325-8216-f1497f01ba91 - - - - - -] Successfully bumped revision number for resource 26f0ca9f-64f5-42dd-a310-b6a7d6b524fb (type: ports) to 2
2026-04-20 06:27:33.525 7 INFO neutron.db.ovn_revision_numbers_db [None req-99b5d32e-be53-4325-8216-f1497f01ba91 - - - - - -] Successfully bumped revision number for resource 5c7c655c-9b80-4e58-87be-48da01d30bdc (type: subnets) to 0 [pid: 7|app: 0|req: 1119/2247] 10.0.0.141 () {34 vars in 669 bytes} [Mon Apr 20 06:27:32 2026] POST /v2.0/subnets => generated 626 bytes in 679 msecs (HTTP/1.1 201) 4 headers in 162 bytes (1 switches on core 0)
2026-04-20 06:27:33.989 8 WARNING neutron.scheduler.dhcp_agent_scheduler [None req-09807909-1116-40cd-a9b7-fc9c884273a3 b8d79d4e87ec4fc883dbf59d21741f6a 52f993f332ae4803a2b1c7f95368e888 - - default default] No more DHCP agents
2026-04-20 06:27:33.991 8 WARNING neutron.api.rpc.agentnotifiers.dhcp_rpc_agent_api [None req-09807909-1116-40cd-a9b7-fc9c884273a3 b8d79d4e87ec4fc883dbf59d21741f6a 52f993f332ae4803a2b1c7f95368e888 - - default default] Unable to schedule network fdc86229-42a0-4ab7-86f4-e63f04bae509: no agents available; will retry on subsequent port and subnet creation events.
2026-04-20 06:27:34.151 8 INFO neutron.db.ovn_revision_numbers_db [None req-09807909-1116-40cd-a9b7-fc9c884273a3 b8d79d4e87ec4fc883dbf59d21741f6a 52f993f332ae4803a2b1c7f95368e888 - - default default] Successfully bumped revision number for resource bf42d2a8-b37e-4f14-94ba-c958d1b9fb34 (type: ports) to 1
2026-04-20 06:27:34.152 7 INFO neutron.plugins.ml2.drivers.ovn.mech_driver.mech_driver [None req-d0894f39-9ded-42b9-b57d-2ec1c14e3b97 - - - - - -] OVN reports status down for port: bf42d2a8-b37e-4f14-94ba-c958d1b9fb34
2026-04-20 06:27:34.450 7 INFO neutron.db.ovn_revision_numbers_db [None req-cf931b00-06b6-4b86-a685-b52eab92c17d cb6e3548a50848e394b0ce35fea076d0 71c6e905d3144ecab37e664fa7aed022 - - default default] Successfully bumped revision number for resource 27d37f41-c728-4756-a77b-a32f0e3913f4 (type: security_groups) to 1
2026-04-20 06:27:34.461 7 INFO neutron.db.ovn_revision_numbers_db [None req-cf931b00-06b6-4b86-a685-b52eab92c17d cb6e3548a50848e394b0ce35fea076d0 71c6e905d3144ecab37e664fa7aed022 - - default default] Successfully bumped revision number for resource 1122c004-123c-45cc-84b1-6b00f47f0db2 (type: security_group_rules) to 0
2026-04-20 06:27:34.474 7 INFO neutron.db.ovn_revision_numbers_db [None req-cf931b00-06b6-4b86-a685-b52eab92c17d cb6e3548a50848e394b0ce35fea076d0 71c6e905d3144ecab37e664fa7aed022 - - default default] Successfully bumped revision number for resource 31350b40-0c89-45a0-9f9d-65845429877a (type: security_group_rules) to 0
2026-04-20 06:27:34.485 7 INFO neutron.db.ovn_revision_numbers_db [None req-cf931b00-06b6-4b86-a685-b52eab92c17d cb6e3548a50848e394b0ce35fea076d0 71c6e905d3144ecab37e664fa7aed022 - - default default] Successfully bumped revision number for resource 65f4a7dd-cf10-457a-8802-ece966a571b0 (type: security_group_rules) to 0
2026-04-20 06:27:34.497 7 INFO neutron.db.ovn_revision_numbers_db [None req-cf931b00-06b6-4b86-a685-b52eab92c17d cb6e3548a50848e394b0ce35fea076d0 71c6e905d3144ecab37e664fa7aed022 - - default default] Successfully bumped revision number for resource f0d5c22e-9a29-4056-9a6b-ab538110a826 (type: security_group_rules) to 0
2026-04-20 06:27:34.622 7 INFO neutron.db.segments_db [None req-cf931b00-06b6-4b86-a685-b52eab92c17d cb6e3548a50848e394b0ce35fea076d0 71c6e905d3144ecab37e664fa7aed022 - - default default] Added segment 4915d45e-caf9-41af-85ec-b1fb828d8bd8 of type geneve for network 47dda3e1-f5e0-4f8c-a53a-3a53c53ca1fc
2026-04-20 06:27:34.777 7 INFO neutron.db.ovn_revision_numbers_db [None req-cf931b00-06b6-4b86-a685-b52eab92c17d cb6e3548a50848e394b0ce35fea076d0 71c6e905d3144ecab37e664fa7aed022 - - default default] Successfully bumped revision number for resource 47dda3e1-f5e0-4f8c-a53a-3a53c53ca1fc (type: networks) to 1
2026-04-20 06:27:34.865 8 INFO neutron.plugins.ml2.drivers.ovn.mech_driver.ovsdb.commands [None req-e144281a-9d7b-4dcd-b82e-4f80ae7e95b1 - - - - - -] Schedule LRP lrp-bf42d2a8-b37e-4f14-94ba-c958d1b9fb34 on gateway d28a01f2-82c8-4a30-bd78-4082d5dbf640 with priority 1
2026-04-20 06:27:34.925 8 INFO neutron.db.ovn_revision_numbers_db [None req-09807909-1116-40cd-a9b7-fc9c884273a3 b8d79d4e87ec4fc883dbf59d21741f6a 52f993f332ae4803a2b1c7f95368e888 - - default default] Successfully bumped revision number for resource bf42d2a8-b37e-4f14-94ba-c958d1b9fb34 (type: router_ports) to 1
2026-04-20 06:27:34.929 7 INFO neutron.plugins.ml2.drivers.ovn.mech_driver.mech_driver [None req-d0894f39-9ded-42b9-b57d-2ec1c14e3b97 - - - - - -] OVN reports status up for port: bf42d2a8-b37e-4f14-94ba-c958d1b9fb34
2026-04-20 06:27:34.954 7 INFO neutron.plugins.ml2.plugin [None req-d0894f39-9ded-42b9-b57d-2ec1c14e3b97 - - - - - -] Attempt 1 to provision port bf42d2a8-b37e-4f14-94ba-c958d1b9fb34
2026-04-20 06:27:34.985 8 INFO neutron.db.ovn_revision_numbers_db [None req-09807909-1116-40cd-a9b7-fc9c884273a3 b8d79d4e87ec4fc883dbf59d21741f6a 52f993f332ae4803a2b1c7f95368e888 - - default default] Successfully bumped revision number for resource 62158ef8-ca7b-44d4-8d41-09b768cfb66f (type: routers) to 2 [pid: 8|app: 0|req: 1129/2248] 10.0.0.141 () {34 vars in 669 bytes} [Mon Apr 20 06:27:33 2026] POST /v2.0/routers => generated 936 bytes in 1456 msecs (HTTP/1.1 201) 4 headers in 162 bytes (1 switches on core 0)
2026-04-20 06:27:35.006 7 WARNING neutron.scheduler.dhcp_agent_scheduler [None req-cf931b00-06b6-4b86-a685-b52eab92c17d cb6e3548a50848e394b0ce35fea076d0 71c6e905d3144ecab37e664fa7aed022 - - default default] No more DHCP agents
2026-04-20 06:27:35.010 7 WARNING neutron.api.rpc.agentnotifiers.dhcp_rpc_agent_api [None req-cf931b00-06b6-4b86-a685-b52eab92c17d cb6e3548a50848e394b0ce35fea076d0 71c6e905d3144ecab37e664fa7aed022 - - default default] Unable to schedule network 47dda3e1-f5e0-4f8c-a53a-3a53c53ca1fc: no agents available; will retry on subsequent port and subnet creation events.
2026-04-20 06:27:35.135 7 INFO neutron.db.ovn_revision_numbers_db [None req-cf931b00-06b6-4b86-a685-b52eab92c17d cb6e3548a50848e394b0ce35fea076d0 71c6e905d3144ecab37e664fa7aed022 - - default default] Successfully bumped revision number for resource 70c37e2b-e0c7-419f-b0b6-36e45b0d98a3 (type: ports) to 1 [pid: 7|app: 0|req: 1120/2249] 10.0.0.141 () {34 vars in 670 bytes} [Mon Apr 20 06:27:34 2026] POST /v2.0/networks => generated 651 bytes in 948 msecs (HTTP/1.1 201) 4 headers in 162 bytes (1 switches on core 0)
2026-04-20 06:27:35.200 8 INFO neutron.db.ovn_revision_numbers_db [None req-39c6e889-76c0-411c-a108-917514acd9a2 9a9c3fffd85f4ed7a7a716f08c68304b 10d474daac5f44f9a1d1b3b9988f36f0 - - default default] Successfully bumped revision number for resource aa6542c8-b330-4a7d-963f-20b4171bd420 (type: security_groups) to 1
2026-04-20 06:27:35.211 8 INFO neutron.db.ovn_revision_numbers_db [None req-39c6e889-76c0-411c-a108-917514acd9a2 9a9c3fffd85f4ed7a7a716f08c68304b 10d474daac5f44f9a1d1b3b9988f36f0 - - default default] Successfully bumped revision number for resource 0f4aa76d-b66a-4f59-8715-16c6fae350f3 (type: security_group_rules) to 0
2026-04-20 06:27:35.221 8 INFO neutron.db.ovn_revision_numbers_db [None req-39c6e889-76c0-411c-a108-917514acd9a2 9a9c3fffd85f4ed7a7a716f08c68304b 10d474daac5f44f9a1d1b3b9988f36f0 - - default default] Successfully bumped revision number for resource 3907bc24-7ca6-4599-94ab-4a75fbdd7825 (type: security_group_rules) to 0
2026-04-20 06:27:35.232 8 INFO neutron.db.ovn_revision_numbers_db [None req-39c6e889-76c0-411c-a108-917514acd9a2 9a9c3fffd85f4ed7a7a716f08c68304b 10d474daac5f44f9a1d1b3b9988f36f0 - - default default] Successfully bumped revision number for resource a9e08113-2f74-4c3c-a277-896b403c59dc (type: security_group_rules) to 0
2026-04-20 06:27:35.242 8 INFO neutron.db.ovn_revision_numbers_db [None req-39c6e889-76c0-411c-a108-917514acd9a2 9a9c3fffd85f4ed7a7a716f08c68304b 10d474daac5f44f9a1d1b3b9988f36f0 - - default default] Successfully bumped revision number for resource bf9f647f-a2f6-4584-96fc-c2c1e040ee1e (type: security_group_rules) to 0
2026-04-20 06:27:35.317 8 INFO neutron.db.segments_db [None req-39c6e889-76c0-411c-a108-917514acd9a2 9a9c3fffd85f4ed7a7a716f08c68304b 10d474daac5f44f9a1d1b3b9988f36f0 - - default default] Added segment 2f3612ec-3d97-4ce8-9b96-61c045298d28 of type geneve for network 3f3e26f9-71d2-40aa-8565-aef8a0b63b15
2026-04-20 06:27:35.434 8 INFO neutron.db.ovn_revision_numbers_db [None req-39c6e889-76c0-411c-a108-917514acd9a2 9a9c3fffd85f4ed7a7a716f08c68304b 10d474daac5f44f9a1d1b3b9988f36f0 - - default default] Successfully bumped revision number for resource 3f3e26f9-71d2-40aa-8565-aef8a0b63b15 (type: networks) to 1
2026-04-20 06:27:35.604 8 WARNING neutron.scheduler.dhcp_agent_scheduler [None req-39c6e889-76c0-411c-a108-917514acd9a2 9a9c3fffd85f4ed7a7a716f08c68304b 10d474daac5f44f9a1d1b3b9988f36f0 - - default default] No more DHCP agents
2026-04-20 06:27:35.605 8 WARNING neutron.api.rpc.agentnotifiers.dhcp_rpc_agent_api [None req-39c6e889-76c0-411c-a108-917514acd9a2 9a9c3fffd85f4ed7a7a716f08c68304b 10d474daac5f44f9a1d1b3b9988f36f0 - - default default] Unable to schedule network 3f3e26f9-71d2-40aa-8565-aef8a0b63b15: no agents available; will retry on subsequent port and subnet creation events.
2026-04-20 06:27:35.660 8 INFO neutron.plugins.ml2.drivers.ovn.mech_driver.mech_driver [None req-cd6355b1-47e3-47e2-ab04-a0cb0b3a0fba - - - - - -] OVN reports status down for port: a266687e-8779-4a36-b2f1-0aa65b70704b
2026-04-20 06:27:35.700 7 WARNING neutron.scheduler.dhcp_agent_scheduler [None req-77c408d1-ffa5-4ea8-807d-d69e52eee973 b8d79d4e87ec4fc883dbf59d21741f6a 52f993f332ae4803a2b1c7f95368e888 - - default default] No more DHCP agents
2026-04-20 06:27:35.701 7 WARNING neutron.api.rpc.agentnotifiers.dhcp_rpc_agent_api [None req-77c408d1-ffa5-4ea8-807d-d69e52eee973 b8d79d4e87ec4fc883dbf59d21741f6a 52f993f332ae4803a2b1c7f95368e888 - - default default] Unable to schedule network 84e68b9d-13ca-4e57-876a-2897dd2808b1: no agents available; will retry on subsequent port and subnet creation events.
2026-04-20 06:27:35.719 8 INFO neutron.db.ovn_revision_numbers_db [None req-39c6e889-76c0-411c-a108-917514acd9a2 9a9c3fffd85f4ed7a7a716f08c68304b 10d474daac5f44f9a1d1b3b9988f36f0 - - default default] Successfully bumped revision number for resource a266687e-8779-4a36-b2f1-0aa65b70704b (type: ports) to 1 [pid: 8|app: 0|req: 1130/2250] 10.0.0.141 () {34 vars in 670 bytes} [Mon Apr 20 06:27:35 2026] POST /v2.0/networks => generated 651 bytes in 762 msecs (HTTP/1.1 201) 4 headers in 162 bytes (1 switches on core 0)
2026-04-20 06:27:35.846 7 INFO neutron.db.ovn_revision_numbers_db [None req-77c408d1-ffa5-4ea8-807d-d69e52eee973 b8d79d4e87ec4fc883dbf59d21741f6a 52f993f332ae4803a2b1c7f95368e888 - - default default] Successfully bumped revision number for resource 12d05124-57d1-4bf6-b113-b8f5d4a1d457 (type: ports) to 1
2026-04-20 06:27:35.998 8 WARNING neutron.scheduler.dhcp_agent_scheduler [None req-057f143b-8f64-49f5-b107-42b4acd5f0a9 cb6e3548a50848e394b0ce35fea076d0 71c6e905d3144ecab37e664fa7aed022 - - default default] No more DHCP agents
2026-04-20 06:27:35.999 8 WARNING neutron.api.rpc.agentnotifiers.dhcp_rpc_agent_api [None req-057f143b-8f64-49f5-b107-42b4acd5f0a9 cb6e3548a50848e394b0ce35fea076d0 71c6e905d3144ecab37e664fa7aed022 - - default default] Unable to schedule network 47dda3e1-f5e0-4f8c-a53a-3a53c53ca1fc: no agents available; will retry on subsequent port and subnet creation events.
2026-04-20 06:27:36.063 8 INFO neutron.plugins.ml2.drivers.ovn.mech_driver.mech_driver [None req-cd6355b1-47e3-47e2-ab04-a0cb0b3a0fba - - - - - -] OVN reports status down for port: e3219ad8-d7b0-4dc9-8b1d-908dce107328
2026-04-20 06:27:36.122 8 INFO neutron.db.ovn_revision_numbers_db [None req-057f143b-8f64-49f5-b107-42b4acd5f0a9 cb6e3548a50848e394b0ce35fea076d0 71c6e905d3144ecab37e664fa7aed022 - - default default] Successfully bumped revision number for resource e3219ad8-d7b0-4dc9-8b1d-908dce107328 (type: ports) to 1 [pid: 8|app: 0|req: 1131/2251] 10.0.0.141 () {34 vars in 664 bytes} [Mon Apr 20 06:27:35 2026] POST /v2.0/ports => generated 743 bytes in 431 msecs (HTTP/1.1 201) 4 headers in 162 bytes (1 switches on core 0) /var/lib/openstack/lib/python3.12/site-packages/pycadf/identifier.py:70: UserWarning: Invalid uuid: neutron. To ensure interoperability, identifiers should be a valid uuid. warnings.warn(('Invalid uuid: %s. To ensure interoperability, '
2026-04-20 06:27:36.380 8 WARNING neutron.scheduler.dhcp_agent_scheduler [None req-2ac8e8e7-2437-4f67-9190-4b05e5c386fc 9a9c3fffd85f4ed7a7a716f08c68304b 10d474daac5f44f9a1d1b3b9988f36f0 - - default default] No more DHCP agents
2026-04-20 06:27:36.382 8 WARNING neutron.api.rpc.agentnotifiers.dhcp_rpc_agent_api [None req-2ac8e8e7-2437-4f67-9190-4b05e5c386fc 9a9c3fffd85f4ed7a7a716f08c68304b 10d474daac5f44f9a1d1b3b9988f36f0 - - default default] Unable to schedule network 3f3e26f9-71d2-40aa-8565-aef8a0b63b15: no agents available; will retry on subsequent port and subnet creation events.
2026-04-20 06:27:36.604 7 WARNING neutron.scheduler.dhcp_agent_scheduler [None req-77c408d1-ffa5-4ea8-807d-d69e52eee973 b8d79d4e87ec4fc883dbf59d21741f6a 52f993f332ae4803a2b1c7f95368e888 - - default default] No more DHCP agents
2026-04-20 06:27:36.605 7 WARNING neutron.api.rpc.agentnotifiers.dhcp_rpc_agent_api [None req-77c408d1-ffa5-4ea8-807d-d69e52eee973 b8d79d4e87ec4fc883dbf59d21741f6a 52f993f332ae4803a2b1c7f95368e888 - - default default] Unable to schedule network 84e68b9d-13ca-4e57-876a-2897dd2808b1: no agents available; will retry on subsequent port and subnet creation events.
2026-04-20 06:27:36.836 8 INFO neutron.db.ovn_revision_numbers_db [None req-55613b38-cc2a-41e0-8738-9b6bfd58bb5e - - - - - -] Successfully bumped revision number for resource a266687e-8779-4a36-b2f1-0aa65b70704b (type: ports) to 2
2026-04-20 06:27:36.872 8 INFO neutron.db.ovn_revision_numbers_db [None req-55613b38-cc2a-41e0-8738-9b6bfd58bb5e - - - - - -] Successfully bumped revision number for resource dad9bda2-19a7-4d5c-b68e-3a0484165e6e (type: subnets) to 0 [pid: 8|app: 0|req: 1132/2252] 10.0.0.141 () {34 vars in 669 bytes} [Mon Apr 20 06:27:36 2026] POST /v2.0/subnets => generated 626 bytes in 702 msecs (HTTP/1.1 201) 4 headers in 162 bytes (1 switches on core 0)
2026-04-20 06:27:36.991 7 INFO neutron.db.ovn_revision_numbers_db [None req-77c408d1-ffa5-4ea8-807d-d69e52eee973 b8d79d4e87ec4fc883dbf59d21741f6a 52f993f332ae4803a2b1c7f95368e888 - - default default] Successfully bumped revision number for resource 12d05124-57d1-4bf6-b113-b8f5d4a1d457 (type: router_ports) to 1 [pid: 7|app: 0|req: 1121/2253] 10.0.0.141 () {34 vars in 783 bytes} [Mon Apr 20 06:27:35 2026] PUT /v2.0/routers/62158ef8-ca7b-44d4-8d41-09b768cfb66f/add_router_interface => generated 309 bytes in 1841 msecs (HTTP/1.1 200) 4 headers in 157 bytes (1 switches on core 0) [pid: 7|app: 0|req: 1124/2256] 10.0.0.141 () {34 vars in 751 bytes} [Mon Apr 20 06:27:37 2026] PUT /v2.0/subnets/dad9bda2-19a7-4d5c-b68e-3a0484165e6e/tags => generated 25 bytes in 49 msecs (HTTP/1.1 200) 4 headers in 156 bytes (1 switches on core 0) [pid: 8|app: 0|req: 1133/2257] 10.0.0.141 () {34 vars in 666 bytes} [Mon Apr 20 06:27:36 2026] POST /v2.0/trunks => generated 409 bytes in 175 msecs (HTTP/1.1 201) 4 headers in 162 bytes (1 switches on core 0) [pid: 8|app: 0|req: 1134/2258] 10.0.0.141 () {32 vars in 731 bytes} [Mon Apr 20 06:27:37 2026] GET /v2.0/subnets/dad9bda2-19a7-4d5c-b68e-3a0484165e6e/tags => generated 25 bytes in 36 msecs (HTTP/1.1 200) 4 headers in 156 bytes (1 switches on core 0)
2026-04-20 06:27:37.197 8 INFO neutron.db.segments_db [None req-6629bb9a-66a6-4b36-9fa5-5c2c59c56c52 cb6e3548a50848e394b0ce35fea076d0 71c6e905d3144ecab37e664fa7aed022 - - default default] Added segment 347dbb22-67ef-4fed-9d9c-5c44d4ba9f65 of type geneve for network 5cf14ef3-8b02-4206-b70d-99c19a5b7a47
2026-04-20 06:27:37.312 8 INFO neutron.db.ovn_revision_numbers_db [None req-6629bb9a-66a6-4b36-9fa5-5c2c59c56c52 cb6e3548a50848e394b0ce35fea076d0 71c6e905d3144ecab37e664fa7aed022 - - default default] Successfully bumped revision number for resource 5cf14ef3-8b02-4206-b70d-99c19a5b7a47 (type: networks) to 1
2026-04-20 06:27:37.485 8 WARNING neutron.scheduler.dhcp_agent_scheduler [None req-6629bb9a-66a6-4b36-9fa5-5c2c59c56c52 cb6e3548a50848e394b0ce35fea076d0 71c6e905d3144ecab37e664fa7aed022 - - default default] No more DHCP agents
2026-04-20 06:27:37.487 8 WARNING neutron.api.rpc.agentnotifiers.dhcp_rpc_agent_api [None req-6629bb9a-66a6-4b36-9fa5-5c2c59c56c52 cb6e3548a50848e394b0ce35fea076d0 71c6e905d3144ecab37e664fa7aed022 - - default default] Unable to schedule network 5cf14ef3-8b02-4206-b70d-99c19a5b7a47: no agents available; will retry on subsequent port and subnet creation events.
2026-04-20 06:27:37.581 8 INFO neutron.db.ovn_revision_numbers_db [None req-6629bb9a-66a6-4b36-9fa5-5c2c59c56c52 cb6e3548a50848e394b0ce35fea076d0 71c6e905d3144ecab37e664fa7aed022 - - default default] Successfully bumped revision number for resource e9ab8300-66f2-4e5d-896c-0351be918385 (type: ports) to 1 [pid: 8|app: 0|req: 1135/2259] 10.0.0.141 () {34 vars in 670 bytes} [Mon Apr 20 06:27:37 2026] POST /v2.0/networks => generated 651 bytes in 492 msecs (HTTP/1.1 201) 4 headers in 162 bytes (1 switches on core 0) [pid: 8|app: 0|req: 1136/2260] 10.0.0.141 () {34 vars in 762 bytes} [Mon Apr 20 06:27:37 2026] PUT /v2.0/subnets/dad9bda2-19a7-4d5c-b68e-3a0484165e6e/tags/green => generated 4 bytes in 62 msecs (HTTP/1.1 201) 4 headers in 160 bytes (1 switches on core 0)
2026-04-20 06:27:37.757 7 WARNING neutron.scheduler.dhcp_agent_scheduler [None req-332a17a3-96f0-4b38-bc30-1357d477f72b - - - - - -] No more DHCP agents
2026-04-20 06:27:37.758 7 WARNING neutron.api.rpc.agentnotifiers.dhcp_rpc_agent_api [None req-332a17a3-96f0-4b38-bc30-1357d477f72b - - - - - -] Unable to schedule network fdc86229-42a0-4ab7-86f4-e63f04bae509: no agents available; will retry on subsequent port and subnet creation events.
2026-04-20 06:27:37.875 8 INFO neutron.plugins.ml2.drivers.ovn.mech_driver.mech_driver [None req-cd6355b1-47e3-47e2-ab04-a0cb0b3a0fba - - - - - -] OVN reports status down for port: 12e4bb0d-d715-4ef8-a689-3179e2aa1c50
2026-04-20 06:27:37.893 7 INFO neutron.db.ovn_revision_numbers_db [None req-332a17a3-96f0-4b38-bc30-1357d477f72b - - - - - -] Successfully bumped revision number for resource 12e4bb0d-d715-4ef8-a689-3179e2aa1c50 (type: ports) to 1
2026-04-20 06:27:37.939 8 WARNING neutron.scheduler.dhcp_agent_scheduler [None req-0e9fb05e-c4e9-44bc-929b-d4f42373f94d cb6e3548a50848e394b0ce35fea076d0 71c6e905d3144ecab37e664fa7aed022 - - default default] No more DHCP agents
2026-04-20 06:27:37.941 8 WARNING neutron.api.rpc.agentnotifiers.dhcp_rpc_agent_api [None req-0e9fb05e-c4e9-44bc-929b-d4f42373f94d cb6e3548a50848e394b0ce35fea076d0 71c6e905d3144ecab37e664fa7aed022 - - default default] Unable to schedule network 5cf14ef3-8b02-4206-b70d-99c19a5b7a47: no agents available; will retry on subsequent port and subnet creation events.
2026-04-20 06:27:38.024 8 INFO neutron.plugins.ml2.drivers.ovn.mech_driver.mech_driver [None req-cd6355b1-47e3-47e2-ab04-a0cb0b3a0fba - - - - - -] OVN reports status down for port: f478b598-9bec-48a2-95d5-2ee976bda683
2026-04-20 06:27:38.093 8 INFO neutron.db.ovn_revision_numbers_db [None req-0e9fb05e-c4e9-44bc-929b-d4f42373f94d cb6e3548a50848e394b0ce35fea076d0 71c6e905d3144ecab37e664fa7aed022 - - default default] Successfully bumped revision number for resource f478b598-9bec-48a2-95d5-2ee976bda683 (type: ports) to 1
2026-04-20 06:27:38.163 7 INFO neutron.db.ovn_revision_numbers_db [None req-332a17a3-96f0-4b38-bc30-1357d477f72b - - - - - -] Successfully bumped revision number for resource 12e4bb0d-d715-4ef8-a689-3179e2aa1c50 (type: ports) to 3 [pid: 8|app: 0|req: 1137/2261] 10.0.0.141 () {34 vars in 664 bytes} [Mon Apr 20 06:27:37 2026] POST /v2.0/ports => generated 743 bytes in 541 msecs (HTTP/1.1 201) 4 headers in 162 bytes (1 switches on core 0) /var/lib/openstack/lib/python3.12/site-packages/pycadf/identifier.py:70: UserWarning: Invalid uuid: neutron. To ensure interoperability, identifiers should be a valid uuid. warnings.warn(('Invalid uuid: %s. To ensure interoperability, '
2026-04-20 06:27:38.224 7 INFO neutron.db.segments_db [None req-332a17a3-96f0-4b38-bc30-1357d477f72b - - - - - -] Added segment 343fe012-d092-4056-a966-a42e3fe320b6 of type geneve for network 633e16e6-b11f-4a50-b99e-9d0088ddf388 [pid: 8|app: 0|req: 1138/2262] 10.0.0.141 () {32 vars in 731 bytes} [Mon Apr 20 06:27:38 2026] GET /v2.0/subnets/dad9bda2-19a7-4d5c-b68e-3a0484165e6e/tags => generated 34 bytes in 33 msecs (HTTP/1.1 200) 4 headers in 156 bytes (1 switches on core 0)
2026-04-20 06:27:38.320 7 INFO neutron.db.ovn_revision_numbers_db [None req-64b8fdef-412c-4fe5-a268-e5d95affbc91 - - - - - -] Successfully bumped revision number for resource 633e16e6-b11f-4a50-b99e-9d0088ddf388 (type: networks) to 1 [pid: 8|app: 0|req: 1139/2263] 10.0.0.141 () {34 vars in 666 bytes} [Mon Apr 20 06:27:38 2026] POST /v2.0/trunks => generated 409 bytes in 164 msecs (HTTP/1.1 201) 4 headers in 162 bytes (1 switches on core 0)
2026-04-20 06:27:38.457 7 WARNING neutron.scheduler.dhcp_agent_scheduler [None req-64b8fdef-412c-4fe5-a268-e5d95affbc91 - - - - - -] No more DHCP agents
2026-04-20 06:27:38.459 7 WARNING neutron.api.rpc.agentnotifiers.dhcp_rpc_agent_api [None req-64b8fdef-412c-4fe5-a268-e5d95affbc91 - - - - - -] Unable to schedule network 633e16e6-b11f-4a50-b99e-9d0088ddf388: no agents available; will retry on subsequent port and subnet creation events. [pid: 8|app: 0|req: 1140/2264] 10.0.0.141 () {34 vars in 758 bytes} [Mon Apr 20 06:27:38 2026] PUT /v2.0/subnets/dad9bda2-19a7-4d5c-b68e-3a0484165e6e/tags/red => generated 4 bytes in 58 msecs (HTTP/1.1 201) 4 headers in 160 bytes (1 switches on core 0)
2026-04-20 06:27:38.555 7 INFO neutron.db.ovn_revision_numbers_db [None req-64b8fdef-412c-4fe5-a268-e5d95affbc91 - - - - - -] Successfully bumped revision number for resource 3ce1c496-890f-4369-9a18-637759d11783 (type: ports) to 1
2026-04-20 06:27:38.568 8 INFO neutron.db.segments_db [None req-f779b79d-4461-42dc-b014-a1c7c6809939 cb6e3548a50848e394b0ce35fea076d0 71c6e905d3144ecab37e664fa7aed022 - - default default] Added segment 00d5f2e1-afb2-4d8a-b056-51c9dd83f762 of type geneve for network 91be99b0-57d3-467f-a4c5-517eea1653e1
2026-04-20 06:27:38.667 7 WARNING neutron.scheduler.dhcp_agent_scheduler [None req-64b8fdef-412c-4fe5-a268-e5d95affbc91 - - - - - -] No more DHCP agents
2026-04-20 06:27:38.668 7 WARNING neutron.api.rpc.agentnotifiers.dhcp_rpc_agent_api [None req-64b8fdef-412c-4fe5-a268-e5d95affbc91 - - - - - -] Unable to schedule network 633e16e6-b11f-4a50-b99e-9d0088ddf388: no agents available; will retry on subsequent port and subnet creation events.
2026-04-20 06:27:38.686 8 INFO neutron.db.ovn_revision_numbers_db [None req-f779b79d-4461-42dc-b014-a1c7c6809939 cb6e3548a50848e394b0ce35fea076d0 71c6e905d3144ecab37e664fa7aed022 - - default default] Successfully bumped revision number for resource 91be99b0-57d3-467f-a4c5-517eea1653e1 (type: networks) to 1
2026-04-20 06:27:38.692 7 INFO neutron.db.ovn_revision_numbers_db [None req-64b8fdef-412c-4fe5-a268-e5d95affbc91 - - - - - -] Successfully bumped revision number for resource cda09214-5aa1-4970-ac9a-be3bc31ea8e8 (type: subnets) to 0
2026-04-20 06:27:38.851 8 WARNING neutron.scheduler.dhcp_agent_scheduler [None req-f779b79d-4461-42dc-b014-a1c7c6809939 cb6e3548a50848e394b0ce35fea076d0 71c6e905d3144ecab37e664fa7aed022 - - default default] No more DHCP agents
2026-04-20 06:27:38.852 8 WARNING neutron.api.rpc.agentnotifiers.dhcp_rpc_agent_api [None req-f779b79d-4461-42dc-b014-a1c7c6809939 cb6e3548a50848e394b0ce35fea076d0 71c6e905d3144ecab37e664fa7aed022 - - default default] Unable to schedule network 91be99b0-57d3-467f-a4c5-517eea1653e1: no agents available; will retry on subsequent port and subnet creation events.
2026-04-20 06:27:38.938 8 INFO neutron.db.ovn_revision_numbers_db [None req-f779b79d-4461-42dc-b014-a1c7c6809939 cb6e3548a50848e394b0ce35fea076d0 71c6e905d3144ecab37e664fa7aed022 - - default default] Successfully bumped revision number for resource fc27321b-96a0-4f8f-a48d-e1026ee84762 (type: ports) to 1 [pid: 8|app: 0|req: 1141/2265] 10.0.0.141 () {34 vars in 670 bytes} [Mon Apr 20 06:27:38 2026] POST /v2.0/networks => generated 651 bytes in 494 msecs (HTTP/1.1 201) 4 headers in 162 bytes (1 switches on core 0) [pid: 8|app: 0|req: 1142/2266] 10.0.0.141 () {32 vars in 731 bytes} [Mon Apr 20 06:27:38 2026] GET /v2.0/subnets/dad9bda2-19a7-4d5c-b68e-3a0484165e6e/tags => generated 34 bytes in 37 msecs (HTTP/1.1 200) 4 headers in 156 bytes (1 switches on core 0)
2026-04-20 06:27:39.076 7 WARNING neutron.scheduler.dhcp_agent_scheduler [None req-64b8fdef-412c-4fe5-a268-e5d95affbc91 - - - - - -] No more DHCP agents
2026-04-20 06:27:39.077 7 WARNING neutron.api.rpc.agentnotifiers.dhcp_rpc_agent_api [None req-64b8fdef-412c-4fe5-a268-e5d95affbc91 - - - - - -] Unable to schedule network 633e16e6-b11f-4a50-b99e-9d0088ddf388: no agents available; will retry on subsequent port and subnet creation events.
2026-04-20 06:27:39.207 8 INFO neutron.plugins.ml2.drivers.ovn.mech_driver.mech_driver [None req-cd6355b1-47e3-47e2-ab04-a0cb0b3a0fba - - - - - -] OVN reports status down for port: ab7185c3-508e-47c4-96e1-7d3f9e6e0c27
2026-04-20 06:27:39.211 7 INFO neutron.db.ovn_revision_numbers_db [None req-64b8fdef-412c-4fe5-a268-e5d95affbc91 - - - - - -] Successfully bumped revision number for resource ab7185c3-508e-47c4-96e1-7d3f9e6e0c27 (type: ports) to 1
2026-04-20 06:27:39.265 8 WARNING neutron.scheduler.dhcp_agent_scheduler [None req-a794a062-1d33-4b53-9dca-4bc64a408c67 cb6e3548a50848e394b0ce35fea076d0 71c6e905d3144ecab37e664fa7aed022 - - default default] No more DHCP agents
2026-04-20 06:27:39.267 8 WARNING neutron.api.rpc.agentnotifiers.dhcp_rpc_agent_api [None req-a794a062-1d33-4b53-9dca-4bc64a408c67 cb6e3548a50848e394b0ce35fea076d0 71c6e905d3144ecab37e664fa7aed022 - - default default] Unable to schedule network 91be99b0-57d3-467f-a4c5-517eea1653e1: no agents available; will retry on subsequent port and subnet creation events.
2026-04-20 06:27:39.358 8 INFO neutron.plugins.ml2.drivers.ovn.mech_driver.mech_driver [None req-cd6355b1-47e3-47e2-ab04-a0cb0b3a0fba - - - - - -] OVN reports status down for port: 1f0bd8f2-c2d5-4325-8c56-4af93e487063
2026-04-20 06:27:39.426 8 INFO neutron.db.ovn_revision_numbers_db [None req-a794a062-1d33-4b53-9dca-4bc64a408c67 cb6e3548a50848e394b0ce35fea076d0 71c6e905d3144ecab37e664fa7aed022 - - default default] Successfully bumped revision number for resource 1f0bd8f2-c2d5-4325-8c56-4af93e487063 (type: ports) to 1 [pid: 8|app: 0|req: 1143/2267] 10.0.0.141 () {34 vars in 664 bytes} [Mon Apr 20 06:27:38 2026] POST /v2.0/ports => generated 743 bytes in 515 msecs (HTTP/1.1 201) 4 headers in 162 bytes (1 switches on core 0) /var/lib/openstack/lib/python3.12/site-packages/pycadf/identifier.py:70: UserWarning: Invalid uuid: neutron. To ensure interoperability, identifiers should be a valid uuid. warnings.warn(('Invalid uuid: %s. To ensure interoperability, ' [pid: 8|app: 0|req: 1144/2268] 10.0.0.141 () {34 vars in 780 bytes} [Mon Apr 20 06:27:39 2026] PUT /v2.0/subnets/dad9bda2-19a7-4d5c-b68e-3a0484165e6e/tags/black.or.white => generated 4 bytes in 66 msecs (HTTP/1.1 201) 4 headers in 160 bytes (1 switches on core 0) [pid: 8|app: 0|req: 1145/2269] 10.0.0.141 () {34 vars in 666 bytes} [Mon Apr 20 06:27:39 2026] POST /v2.0/trunks => generated 409 bytes in 157 msecs (HTTP/1.1 201) 4 headers in 162 bytes (1 switches on core 0) [pid: 8|app: 0|req: 1146/2270] 10.0.0.141 () {32 vars in 731 bytes} [Mon Apr 20 06:27:39 2026] GET /v2.0/subnets/dad9bda2-19a7-4d5c-b68e-3a0484165e6e/tags => generated 52 bytes in 36 msecs (HTTP/1.1 200) 4 headers in 156 bytes (1 switches on core 0)
2026-04-20 06:27:39.856 8 INFO neutron.plugins.ml2.drivers.ovn.mech_driver.mech_driver [None req-cd6355b1-47e3-47e2-ab04-a0cb0b3a0fba - - - - - -] OVN reports status up for port: ab7185c3-508e-47c4-96e1-7d3f9e6e0c27
