2026-04-20 06:24:39.770 7 INFO neutron.notifiers.nova [-] Nova event matching ['req-9eea8775-4570-466d-940b-b1e29e4a987c'] response: {'server_uuid': '4fa1f51f-febe-4bf1-8906-6d36bccb77df', 'name': 'network-vif-deleted', 'tag': '59ba422e-3108-42cb-b411-a37338f7b97c', 'status': 'completed', 'code': 200}
2026-04-20 06:24:39.774 8 INFO neutron.plugins.ml2.plugin [None req-b31e5ae8-4e22-41ba-a0d7-f291e5e82828 - - - - - -] Attempt 1 to provision port 451cafbd-2287-4a9a-bc0f-8b497af51340 [pid: 7|app: 0|req: 484/1011] 10.0.0.84 () {34 vars in 989 bytes} [Mon Apr 20 06:24:39 2026] GET /v2.0/ports?device_id=4fa1f51f-febe-4bf1-8906-6d36bccb77df => generated 12 bytes in 26 msecs (HTTP/1.1 200) 4 headers in 156 bytes (1 switches on core 0) [pid: 8|app: 0|req: 528/1012] 10.0.0.141 () {34 vars in 695 bytes} [Mon Apr 20 06:24:39 2026] POST /v2.0/security-group-rules => generated 596 bytes in 341 msecs (HTTP/1.1 201) 4 headers in 162 bytes (1 switches on core 0)
2026-04-20 06:24:39.911 7 INFO neutron.db.ovn_revision_numbers_db [None req-0f95797d-f7fe-43fa-a8fa-956a84788950 59c47275308e464b92bc834b5b907735 b39f9638bff2461094b9149baa3fe481 - - default default] Successfully bumped revision number for resource 2168e652-b0c2-4e33-9b88-53e9067a78c4 (type: security_group_rules) to 0 [pid: 7|app: 0|req: 485/1013] 10.0.0.141 () {34 vars in 695 bytes} [Mon Apr 20 06:24:39 2026] POST /v2.0/security-group-rules => generated 602 bytes in 136 msecs (HTTP/1.1 201) 4 headers in 162 bytes (1 switches on core 0) [pid: 7|app: 0|req: 486/1014] 10.0.0.141 () {32 vars in 717 bytes} [Mon Apr 20 06:24:40 2026] GET /v2.0/ports/74d6313d-30c3-486c-b1f6-8937ad91c912 => generated 953 bytes in 50 msecs (HTTP/1.1 200) 4 headers in 157 bytes (1 switches on core 0)
2026-04-20 06:24:40.742 8 INFO neutron.notifiers.nova [-] Nova event matching ['req-60f7178f-5600-4a4e-a640-8848b3ade7e4'] response: {'server_uuid': '74af68c4-e5c9-4075-89de-7d66c19d3682', 'name': 'network-vif-unplugged', 'status': 'completed', 'tag': 'c80f59b5-3b8b-45ae-99aa-b9b3677a4e1e', 'code': 200}
2026-04-20 06:24:40.845 8 INFO neutron.db.ovn_revision_numbers_db [None req-fd511c7c-d1d8-475f-a9c1-53967595a765 59c47275308e464b92bc834b5b907735 b39f9638bff2461094b9149baa3fe481 - - default default] Successfully bumped revision number for resource 181fe64e-4ae8-4799-8824-bcb845bb9d5e (type: security_group_rules) to 0
2026-04-20 06:24:40.869 8 INFO neutron.db.ovn_revision_numbers_db [None req-b31e5ae8-4e22-41ba-a0d7-f291e5e82828 - - - - - -] Successfully bumped revision number for resource 451cafbd-2287-4a9a-bc0f-8b497af51340 (type: ports) to 7 [pid: 7|app: 0|req: 487/1015] 10.0.0.84 () {34 vars in 989 bytes} [Mon Apr 20 06:24:40 2026] GET /v2.0/ports?device_id=4fa1f51f-febe-4bf1-8906-6d36bccb77df => generated 12 bytes in 26 msecs (HTTP/1.1 200) 4 headers in 156 bytes (1 switches on core 0) [pid: 8|app: 0|req: 529/1016] 10.0.0.141 () {34 vars in 695 bytes} [Mon Apr 20 06:24:39 2026] POST /v2.0/security-group-rules => generated 601 bytes in 945 msecs (HTTP/1.1 201) 4 headers in 162 bytes (1 switches on core 0)
2026-04-20 06:24:40.940 7 INFO neutron.db.securitygroups_db [None req-4068c81f-8c02-48b7-9887-fc4f4c645136 59c47275308e464b92bc834b5b907735 b39f9638bff2461094b9149baa3fe481 - - default default] Project b39f9638bff2461094b9149baa3fe481 added a security group rule with legacy IPv6 ICMP protocol name icmp, ipv6-icmp should be used instead. It was automatically converted.
2026-04-20 06:24:40.965 8 INFO neutron.plugins.ml2.drivers.ovn.mech_driver.mech_driver [None req-019011bd-462c-4303-becf-13804da7ca24 - - - - - -] OVN reports status down for port: 74d6313d-30c3-486c-b1f6-8937ad91c912
2026-04-20 06:24:41.023 7 INFO neutron.db.ovn_revision_numbers_db [None req-4068c81f-8c02-48b7-9887-fc4f4c645136 59c47275308e464b92bc834b5b907735 b39f9638bff2461094b9149baa3fe481 - - default default] Successfully bumped revision number for resource 50a0cdec-0e49-47f2-8c35-c99e8a049b37 (type: security_group_rules) to 0
2026-04-20 06:24:41.041 8 WARNING neutron.plugins.ml2.drivers.ovn.mech_driver.ovsdb.ovn_client [None req-019011bd-462c-4303-becf-13804da7ca24 - - - - - -] Logical_Switch_Port %s host information not removed, the port state is up
2026-04-20 06:24:41.041 8 INFO neutron.plugins.ml2.drivers.ovn.mech_driver.mech_driver [None req-019011bd-462c-4303-becf-13804da7ca24 - - - - - -] OVN reports status up for port: 74d6313d-30c3-486c-b1f6-8937ad91c912 [pid: 7|app: 0|req: 488/1017] 10.0.0.141 () {34 vars in 695 bytes} [Mon Apr 20 06:24:40 2026] POST /v2.0/security-group-rules => generated 607 bytes in 148 msecs (HTTP/1.1 201) 4 headers in 162 bytes (1 switches on core 0)
2026-04-20 06:24:41.059 8 INFO neutron.plugins.ml2.plugin [None req-019011bd-462c-4303-becf-13804da7ca24 - - - - - -] Attempt 1 to provision port 74d6313d-30c3-486c-b1f6-8937ad91c912
2026-04-20 06:24:41.129 8 INFO neutron.db.securitygroups_db [None req-d8b9956e-0bba-4982-a643-29ccca08d602 59c47275308e464b92bc834b5b907735 b39f9638bff2461094b9149baa3fe481 - - default default] Project b39f9638bff2461094b9149baa3fe481 added a security group rule with legacy IPv6 ICMP protocol name icmp, ipv6-icmp should be used instead. It was automatically converted.
2026-04-20 06:24:41.365 8 INFO neutron.db.ovn_revision_numbers_db [None req-d8b9956e-0bba-4982-a643-29ccca08d602 59c47275308e464b92bc834b5b907735 b39f9638bff2461094b9149baa3fe481 - - default default] Successfully bumped revision number for resource 471421f0-73f3-4a69-a474-0a457bc1520d (type: security_group_rules) to 0 [pid: 8|app: 0|req: 530/1018] 10.0.0.141 () {34 vars in 695 bytes} [Mon Apr 20 06:24:41 2026] POST /v2.0/security-group-rules => generated 606 bytes in 370 msecs (HTTP/1.1 201) 4 headers in 162 bytes (1 switches on core 0) [pid: 7|app: 0|req: 489/1019] 10.0.0.141 () {32 vars in 717 bytes} [Mon Apr 20 06:24:41 2026] GET /v2.0/ports/74d6313d-30c3-486c-b1f6-8937ad91c912 => generated 955 bytes in 49 msecs (HTTP/1.1 200) 4 headers in 157 bytes (1 switches on core 0)
2026-04-20 06:24:41.671 8 INFO neutron.db.ovn_revision_numbers_db [None req-019011bd-462c-4303-becf-13804da7ca24 - - - - - -] Successfully bumped revision number for resource 74d6313d-30c3-486c-b1f6-8937ad91c912 (type: ports) to 2 [pid: 7|app: 0|req: 490/1020] 10.0.0.141 () {32 vars in 649 bytes} [Mon Apr 20 06:24:41 2026] GET /v2.0/networks => generated 1374 bytes in 94 msecs (HTTP/1.1 200) 4 headers in 158 bytes (1 switches on core 0)
2026-04-20 06:24:41.957 8 INFO neutron_taas.services.taas.taas_plugin [None req-a818e01d-4b44-4f2b-85df-66386a9b9018 1f61677299de44f69df3cab20122234c 1aaca531ea6441ddbf742ef543d8c046 - - default default] TaaS: Handle Delete Port: 74d6313d-30c3-486c-b1f6-8937ad91c912
2026-04-20 06:24:41.960 8 INFO neutron_taas.services.taas.tap_mirror_plugin [None req-a818e01d-4b44-4f2b-85df-66386a9b9018 1f61677299de44f69df3cab20122234c 1aaca531ea6441ddbf742ef543d8c046 - - default default] Tap Mirror: Handle Delete Port: 74d6313d-30c3-486c-b1f6-8937ad91c912 [pid: 7|app: 0|req: 491/1021] 10.0.0.84 () {34 vars in 1099 bytes} [Mon Apr 20 06:24:41 2026] GET /v2.0/security-groups?name=tempest-secgroup-smoke-2051395458&fields=id&tenant_id=b39f9638bff2461094b9149baa3fe481 => generated 69 bytes in 32 msecs (HTTP/1.1 200) 4 headers in 156 bytes (1 switches on core 0) [pid: 7|app: 0|req: 492/1022] 10.0.0.84 () {34 vars in 989 bytes} [Mon Apr 20 06:24:41 2026] GET /v2.0/ports?device_id=4fa1f51f-febe-4bf1-8906-6d36bccb77df => generated 12 bytes in 17 msecs (HTTP/1.1 200) 4 headers in 156 bytes (1 switches on core 0) [pid: 7|app: 0|req: 493/1023] 10.0.0.84 () {34 vars in 981 bytes} [Mon Apr 20 06:24:41 2026] GET /v2.0/networks?id=d37f3bd9-3403-4494-af9e-2e3c5e3fa1c9 => generated 699 bytes in 44 msecs (HTTP/1.1 200) 4 headers in 157 bytes (1 switches on core 0) [pid: 7|app: 0|req: 494/1024] 10.0.0.84 () {34 vars in 964 bytes} [Mon Apr 20 06:24:42 2026] GET /v2.0/quotas/b39f9638bff2461094b9149baa3fe481 => generated 292 bytes in 9 msecs (HTTP/1.1 200) 4 headers in 157 bytes (1 switches on core 0) [pid: 7|app: 0|req: 495/1025] 10.0.0.84 () {34 vars in 1001 bytes} [Mon Apr 20 06:24:42 2026] GET /v2.0/ports?tenant_id=b39f9638bff2461094b9149baa3fe481&fields=id => generated 103 bytes in 100 msecs (HTTP/1.1 200) 4 headers in 157 bytes (1 switches on core 0) [pid: 7|app: 0|req: 496/1026] 10.0.0.84 () {34 vars in 1007 bytes} [Mon Apr 20 06:24:42 2026] GET /v2.0/networks/d37f3bd9-3403-4494-af9e-2e3c5e3fa1c9?fields=segments => generated 14 bytes in 43 msecs (HTTP/1.1 200) 4 headers in 156 bytes (1 switches on core 0) [pid: 7|app: 0|req: 497/1027] 10.0.0.84 () {34 vars in 1107 bytes} [Mon Apr 20 06:24:42 2026] GET /v2.0/networks/d37f3bd9-3403-4494-af9e-2e3c5e3fa1c9?fields=provider%3Aphysical_network&fields=provider%3Anetwork_type => generated 79 bytes in 54 msecs (HTTP/1.1 200) 4 headers in 156 bytes (1 switches on core 0) [pid: 8|app: 0|req: 531/1028] 10.0.0.141 () {34 vars in 789 bytes} [Mon Apr 20 06:24:41 2026] PUT /v2.0/routers/d639029d-5c8a-4a39-8781-e29a28f7a578/remove_router_interface => generated 309 bytes in 726 msecs (HTTP/1.1 200) 4 headers in 157 bytes (1 switches on core 0) [pid: 7|app: 0|req: 498/1029] 10.0.0.141 () {32 vars in 717 bytes} [Mon Apr 20 06:24:42 2026] GET /v2.0/ports/5b741e4e-9be6-42db-a0d0-9a49fe65596c => generated 947 bytes in 91 msecs (HTTP/1.1 200) 4 headers in 157 bytes (1 switches on core 0) /var/lib/openstack/lib/python3.12/site-packages/pycadf/identifier.py:70: UserWarning: Invalid uuid: neutron. To ensure interoperability, identifiers should be a valid uuid. warnings.warn(('Invalid uuid: %s. To ensure interoperability, ' [pid: 8|app: 0|req: 532/1030] 10.0.0.84 () {34 vars in 989 bytes} [Mon Apr 20 06:24:42 2026] GET /v2.0/ports?device_id=b765401d-0d68-41a8-8579-921ad7a78557 => generated 12 bytes in 22 msecs (HTTP/1.1 200) 4 headers in 156 bytes (1 switches on core 0)
2026-04-20 06:24:42.673 7 INFO neutron_taas.services.taas.taas_plugin [None req-778ca0ac-a6ef-4358-9d4d-4c29433b051a 1f61677299de44f69df3cab20122234c 1aaca531ea6441ddbf742ef543d8c046 - - default default] TaaS: Handle Delete Port: 5b741e4e-9be6-42db-a0d0-9a49fe65596c
2026-04-20 06:24:42.676 7 INFO neutron_taas.services.taas.tap_mirror_plugin [None req-778ca0ac-a6ef-4358-9d4d-4c29433b051a 1f61677299de44f69df3cab20122234c 1aaca531ea6441ddbf742ef543d8c046 - - default default] Tap Mirror: Handle Delete Port: 5b741e4e-9be6-42db-a0d0-9a49fe65596c
2026-04-20 06:24:42.978 7 WARNING neutron.plugins.ml2.drivers.ovn.mech_driver.ovsdb.ovn_client [None req-6702a8e9-4680-48c2-ae72-c861ae5a936f - - - - - -] No hosting information found for port a5d7ffa4-ae75-4358-b302-cdc1e54d82a6: RuntimeError: No hosting information found for port a5d7ffa4-ae75-4358-b302-cdc1e54d82a6
2026-04-20 06:24:42.979 7 INFO neutron.plugins.ml2.drivers.ovn.mech_driver.mech_driver [None req-6702a8e9-4680-48c2-ae72-c861ae5a936f - - - - - -] OVN reports status down for port: 59ba422e-3108-42cb-b411-a37338f7b97c [pid: 7|app: 0|req: 499/1031] 10.0.0.141 () {34 vars in 789 bytes} [Mon Apr 20 06:24:42 2026] PUT /v2.0/routers/d639029d-5c8a-4a39-8781-e29a28f7a578/remove_router_interface => generated 309 bytes in 602 msecs (HTTP/1.1 200) 4 headers in 157 bytes (1 switches on core 0) [pid: 8|app: 0|req: 533/1032] 10.0.0.141 () {32 vars in 736 bytes} [Mon Apr 20 06:24:43 2026] GET /v2.0/ports?device_id=d639029d-5c8a-4a39-8781-e29a28f7a578 => generated 12 bytes in 17 msecs (HTTP/1.1 200) 4 headers in 156 bytes (1 switches on core 0) /var/lib/openstack/lib/python3.12/site-packages/pycadf/identifier.py:70: UserWarning: Invalid uuid: neutron. To ensure interoperability, identifiers should be a valid uuid. warnings.warn(('Invalid uuid: %s. To ensure interoperability, '
2026-04-20 06:24:43.193 7 INFO neutron.db.ovn_revision_numbers_db [None req-6702a8e9-4680-48c2-ae72-c861ae5a936f - - - - - -] Successfully bumped revision number for resource a5d7ffa4-ae75-4358-b302-cdc1e54d82a6 (type: router_ports) to 2 [pid: 8|app: 0|req: 534/1033] 10.0.0.141 () {32 vars in 740 bytes} [Mon Apr 20 06:24:43 2026] DELETE /v2.0/security-groups/f07fde72-61d9-46ef-8e14-080a24627f05 => generated 0 bytes in 142 msecs (HTTP/1.1 204) 2 headers in 112 bytes (1 switches on core 0)
2026-04-20 06:24:43.236 8 INFO neutron.api.v2.resource [None req-b4fe6990-129f-4df4-aab7-0eee43b8d1de fa11038b775641e38b84f57ff1ad102f 9e385c8988ed4242a8e788912c0c473f - - default default] show failed (client error): The resource could not be found. [pid: 8|app: 0|req: 535/1034] 10.0.0.141 () {32 vars in 737 bytes} [Mon Apr 20 06:24:43 2026] GET /v2.0/security-groups/f07fde72-61d9-46ef-8e14-080a24627f05 => generated 146 bytes in 11 msecs (HTTP/1.1 404) 4 headers in 164 bytes (1 switches on core 0) [pid: 7|app: 0|req: 500/1035] 10.0.0.141 () {32 vars in 724 bytes} [Mon Apr 20 06:24:43 2026] DELETE /v2.0/routers/d639029d-5c8a-4a39-8781-e29a28f7a578 => generated 0 bytes in 281 msecs (HTTP/1.1 204) 2 headers in 112 bytes (1 switches on core 0)
2026-04-20 06:24:43.388 8 INFO neutron_taas.services.taas.taas_plugin [None req-a4fcdc54-a771-4f4e-9f45-bfeccee9dad5 fa11038b775641e38b84f57ff1ad102f 9e385c8988ed4242a8e788912c0c473f - - default default] TaaS: Handle Delete Port: bff75dbe-d895-4833-ac7b-82eb877285a8
2026-04-20 06:24:43.392 8 INFO neutron_taas.services.taas.tap_mirror_plugin [None req-a4fcdc54-a771-4f4e-9f45-bfeccee9dad5 fa11038b775641e38b84f57ff1ad102f 9e385c8988ed4242a8e788912c0c473f - - default default] Tap Mirror: Handle Delete Port: bff75dbe-d895-4833-ac7b-82eb877285a8 [pid: 7|app: 0|req: 501/1036] 10.0.0.141 () {32 vars in 724 bytes} [Mon Apr 20 06:24:43 2026] DELETE /v2.0/subnets/ca87d4c5-1484-41ed-84dd-d0f3566ea161 => generated 0 bytes in 151 msecs (HTTP/1.1 204) 3 headers in 131 bytes (1 switches on core 0) [pid: 8|app: 0|req: 536/1037] 10.0.0.141 () {32 vars in 732 bytes} [Mon Apr 20 06:24:43 2026] DELETE /v2.0/floatingips/58a5157f-a724-47e8-a024-d97afb4524e2 => generated 0 bytes in 310 msecs (HTTP/1.1 204) 2 headers in 112 bytes (1 switches on core 0) [pid: 8|app: 0|req: 537/1038] 10.0.0.84 () {34 vars in 989 bytes} [Mon Apr 20 06:24:43 2026] GET /v2.0/ports?device_id=b765401d-0d68-41a8-8579-921ad7a78557 => generated 12 bytes in 17 msecs (HTTP/1.1 200) 4 headers in 156 bytes (1 switches on core 0) [pid: 8|app: 0|req: 538/1039] 10.0.0.117 () {28 vars in 619 bytes} [Mon Apr 20 06:24:43 2026] GET /v2.0/network-ip-availabilities => generated 3032 bytes in 58 msecs (HTTP/1.1 200) 4 headers in 158 bytes (1 switches on core 0) [pid: 7|app: 0|req: 502/1040] 10.0.0.141 () {32 vars in 724 bytes} [Mon Apr 20 06:24:43 2026] DELETE /v2.0/subnets/946aabab-61c1-4358-9e87-a413e3f52ab8 => generated 0 bytes in 159 msecs (HTTP/1.1 204) 3 headers in 131 bytes (1 switches on core 0) [pid: 7|app: 0|req: 503/1041] 10.0.0.117 () {28 vars in 591 bytes} [Mon Apr 20 06:24:43 2026] GET /v2.0/floatingips => generated 858 bytes in 46 msecs (HTTP/1.1 200) 4 headers in 157 bytes (1 switches on core 0)
2026-04-20 06:24:43.803 7 INFO neutron_taas.services.taas.taas_plugin [None req-80e5616a-f358-4f38-a3d4-2df2e5c0da7e 1f61677299de44f69df3cab20122234c 1aaca531ea6441ddbf742ef543d8c046 - - default default] TaaS: Handle Delete Port: 4af3e880-9fd2-494e-b250-85b6aa10e4de
2026-04-20 06:24:43.806 7 INFO neutron_taas.services.taas.tap_mirror_plugin [None req-80e5616a-f358-4f38-a3d4-2df2e5c0da7e 1f61677299de44f69df3cab20122234c 1aaca531ea6441ddbf742ef543d8c046 - - default default] Tap Mirror: Handle Delete Port: 4af3e880-9fd2-494e-b250-85b6aa10e4de
2026-04-20 06:24:43.921 8 INFO neutron_taas.services.taas.taas_plugin [None req-0abeffad-d1c3-4507-bd3e-38a75702d7e3 94222d26040948dfa88afb4d9d8ffc23 7293df7eb7eb4aeea42f4be9062bf413 - - default default] TaaS: Handle Delete Port: e1110039-20b8-40ae-bff6-2871586c1cf1
2026-04-20 06:24:43.924 8 INFO neutron_taas.services.taas.tap_mirror_plugin [None req-0abeffad-d1c3-4507-bd3e-38a75702d7e3 94222d26040948dfa88afb4d9d8ffc23 7293df7eb7eb4aeea42f4be9062bf413 - - default default] Tap Mirror: Handle Delete Port: e1110039-20b8-40ae-bff6-2871586c1cf1
2026-04-20 06:24:43.985 7 INFO neutron.services.segments.plugin [-] Segment 2138fe8f-31eb-4e3e-ad81-55da07a6cc0c resource provider aggregate not found
2026-04-20 06:24:43.990 7 INFO neutron.services.segments.plugin [-] Segment 2138fe8f-31eb-4e3e-ad81-55da07a6cc0c resource provider aggregate not found
2026-04-20 06:24:44.006 7 INFO neutron.services.segments.plugin [-] Segment 2138fe8f-31eb-4e3e-ad81-55da07a6cc0c resource provider not found; error: Placement Client Error (4xx): {"errors": [{"status": 404, "title": "Not Found", "detail": "The resource could not be found.\n\n No resource provider with uuid 2138fe8f-31eb-4e3e-ad81-55da07a6cc0c found for delete ", "request_id": "req-bcb62321-1865-4bf9-bd58-a8ef400d286d"}]}
2026-04-20 06:24:44.011 7 INFO neutron.services.segments.plugin [-] Segment 2138fe8f-31eb-4e3e-ad81-55da07a6cc0c resource provider not found; error: Placement Client Error (4xx): {"errors": [{"status": 404, "title": "Not Found", "detail": "The resource could not be found.\n\n No resource provider with uuid 2138fe8f-31eb-4e3e-ad81-55da07a6cc0c found for delete ", "request_id": "req-ddefb888-2a06-4af9-ae87-537d2e31d580"}]} [pid: 7|app: 0|req: 504/1042] 10.0.0.141 () {32 vars in 726 bytes} [Mon Apr 20 06:24:43 2026] DELETE /v2.0/networks/318dc6b8-de56-472a-8a22-177a1e4ad60a => generated 0 bytes in 345 msecs (HTTP/1.1 204) 3 headers in 131 bytes (1 switches on core 0) [pid: 7|app: 0|req: 505/1043] 10.0.0.117 () {28 vars in 585 bytes} [Mon Apr 20 06:24:44 2026] GET /v2.0/networks => generated 5408 bytes in 64 msecs (HTTP/1.1 200) 4 headers in 158 bytes (1 switches on core 0)
2026-04-20 06:24:44.241 7 INFO neutron_taas.services.taas.taas_plugin [None req-66a81094-802e-46dc-87cb-8a7085de1eeb 1f61677299de44f69df3cab20122234c 1aaca531ea6441ddbf742ef543d8c046 - - default default] TaaS: Handle Delete Port: dda2e1b9-f81b-49b9-9285-fc4e1b2d6329
2026-04-20 06:24:44.244 7 INFO neutron_taas.services.taas.tap_mirror_plugin [None req-66a81094-802e-46dc-87cb-8a7085de1eeb 1f61677299de44f69df3cab20122234c 1aaca531ea6441ddbf742ef543d8c046 - - default default] Tap Mirror: Handle Delete Port: dda2e1b9-f81b-49b9-9285-fc4e1b2d6329 [pid: 7|app: 0|req: 506/1044] 10.0.0.141 () {32 vars in 726 bytes} [Mon Apr 20 06:24:44 2026] DELETE /v2.0/networks/767b344f-fb09-4cc9-8397-853abe33f9f2 => generated 0 bytes in 374 msecs (HTTP/1.1 204) 3 headers in 131 bytes (1 switches on core 0) [pid: 7|app: 0|req: 507/1045] 10.0.0.117 () {28 vars in 583 bytes} [Mon Apr 20 06:24:44 2026] GET /v2.0/subnets => generated 3328 bytes in 29 msecs (HTTP/1.1 200) 4 headers in 158 bytes (1 switches on core 0)
2026-04-20 06:24:44.596 7 INFO neutron.db.segments_db [None req-5a2257ab-b2ac-4e86-b7e9-6208bf24ae1a 1f61677299de44f69df3cab20122234c 1aaca531ea6441ddbf742ef543d8c046 - - default default] Added segment bd04fc15-23b3-4b8e-8099-2099ce4c9d21 of type geneve for network c06438ab-e727-4d64-8daa-88a24bf8205c [pid: 8|app: 0|req: 539/1046] 10.0.0.141 () {34 vars in 789 bytes} [Mon Apr 20 06:24:43 2026] PUT /v2.0/routers/046320be-da2d-459a-b8f9-0f5982877d98/remove_router_interface => generated 309 bytes in 1031 msecs (HTTP/1.1 200) 4 headers in 157 bytes (1 switches on core 0) /var/lib/openstack/lib/python3.12/site-packages/pycadf/identifier.py:70: UserWarning: Invalid uuid: neutron. To ensure interoperability, identifiers should be a valid uuid. warnings.warn(('Invalid uuid: %s. To ensure interoperability, '
2026-04-20 06:24:44.702 7 INFO neutron.db.ovn_revision_numbers_db [None req-5a2257ab-b2ac-4e86-b7e9-6208bf24ae1a 1f61677299de44f69df3cab20122234c 1aaca531ea6441ddbf742ef543d8c046 - - default default] Successfully bumped revision number for resource c06438ab-e727-4d64-8daa-88a24bf8205c (type: networks) to 1 [pid: 8|app: 0|req: 540/1047] 10.0.0.117 () {28 vars in 599 bytes} [Mon Apr 20 06:24:44 2026] GET /v2.0/security-groups => generated 37214 bytes in 61 msecs (HTTP/1.1 200) 4 headers in 159 bytes (1 switches on core 0) [pid: 8|app: 0|req: 541/1048] 10.0.0.84 () {34 vars in 989 bytes} [Mon Apr 20 06:24:44 2026] GET /v2.0/ports?device_id=b765401d-0d68-41a8-8579-921ad7a78557 => generated 12 bytes in 18 msecs (HTTP/1.1 200) 4 headers in 156 bytes (1 switches on core 0)
2026-04-20 06:24:44.856 7 WARNING neutron.scheduler.dhcp_agent_scheduler [None req-5a2257ab-b2ac-4e86-b7e9-6208bf24ae1a 1f61677299de44f69df3cab20122234c 1aaca531ea6441ddbf742ef543d8c046 - - default default] No more DHCP agents
2026-04-20 06:24:44.858 7 WARNING neutron.api.rpc.agentnotifiers.dhcp_rpc_agent_api [None req-5a2257ab-b2ac-4e86-b7e9-6208bf24ae1a 1f61677299de44f69df3cab20122234c 1aaca531ea6441ddbf742ef543d8c046 - - default default] Unable to schedule network c06438ab-e727-4d64-8daa-88a24bf8205c: no agents available; will retry on subsequent port and subnet creation events.
2026-04-20 06:24:44.899 7 INFO neutron.plugins.ml2.drivers.ovn.mech_driver.mech_driver [None req-6702a8e9-4680-48c2-ae72-c861ae5a936f - - - - - -] OVN reports status down for port: c07966a1-bee0-4de8-af90-a3a71970d17a
2026-04-20 06:24:44.958 7 INFO neutron.db.ovn_revision_numbers_db [None req-5a2257ab-b2ac-4e86-b7e9-6208bf24ae1a 1f61677299de44f69df3cab20122234c 1aaca531ea6441ddbf742ef543d8c046 - - default default] Successfully bumped revision number for resource c07966a1-bee0-4de8-af90-a3a71970d17a (type: ports) to 1 [pid: 7|app: 0|req: 508/1049] 10.0.0.141 () {34 vars in 670 bytes} [Mon Apr 20 06:24:44 2026] POST /v2.0/networks => generated 653 bytes in 487 msecs (HTTP/1.1 201) 4 headers in 162 bytes (1 switches on core 0) [pid: 7|app: 0|req: 509/1050] 10.0.0.117 () {28 vars in 583 bytes} [Mon Apr 20 06:24:45 2026] GET /v2.0/subnets => generated 3328 bytes in 45 msecs (HTTP/1.1 200) 4 headers in 158 bytes (1 switches on core 0)
2026-04-20 06:24:45.051 8 INFO neutron_taas.services.taas.taas_plugin [None req-b88ede05-9363-4f5b-b694-a21d540dad02 94222d26040948dfa88afb4d9d8ffc23 7293df7eb7eb4aeea42f4be9062bf413 - - default default] TaaS: Handle Delete Port: df48ecf5-2852-4d4d-bc6f-e103b53726d2
2026-04-20 06:24:45.054 8 INFO neutron_taas.services.taas.tap_mirror_plugin [None req-b88ede05-9363-4f5b-b694-a21d540dad02 94222d26040948dfa88afb4d9d8ffc23 7293df7eb7eb4aeea42f4be9062bf413 - - default default] Tap Mirror: Handle Delete Port: df48ecf5-2852-4d4d-bc6f-e103b53726d2
2026-04-20 06:24:45.227 7 WARNING neutron.scheduler.dhcp_agent_scheduler [None req-624a9634-b480-456f-a3f3-3ab1994b9b7d 1f61677299de44f69df3cab20122234c 1aaca531ea6441ddbf742ef543d8c046 - - default default] No more DHCP agents
2026-04-20 06:24:45.233 7 WARNING neutron.api.rpc.agentnotifiers.dhcp_rpc_agent_api [None req-624a9634-b480-456f-a3f3-3ab1994b9b7d 1f61677299de44f69df3cab20122234c 1aaca531ea6441ddbf742ef543d8c046 - - default default] Unable to schedule network c06438ab-e727-4d64-8daa-88a24bf8205c: no agents available; will retry on subsequent port and subnet creation events.
2026-04-20 06:24:45.262 7 INFO neutron.db.ovn_revision_numbers_db [None req-624a9634-b480-456f-a3f3-3ab1994b9b7d 1f61677299de44f69df3cab20122234c 1aaca531ea6441ddbf742ef543d8c046 - - default default] Successfully bumped revision number for resource 1a9f8dd6-554c-4f40-aa04-75402d274133 (type: subnets) to 0 [pid: 7|app: 0|req: 510/1051] 10.0.0.141 () {34 vars in 669 bytes} [Mon Apr 20 06:24:45 2026] POST /v2.0/subnets => generated 646 bytes in 237 msecs (HTTP/1.1 201) 4 headers in 162 bytes (1 switches on core 0) [pid: 7|app: 0|req: 511/1052] 10.0.0.117 () {28 vars in 591 bytes} [Mon Apr 20 06:24:45 2026] GET /v2.0/subnetpools => generated 19 bytes in 8 msecs (HTTP/1.1 200) 4 headers in 156 bytes (1 switches on core 0)
2026-04-20 06:24:45.390 7 INFO neutron.db.ovn_revision_numbers_db [None req-23f3bafe-6aca-438a-a24b-af0a672b79b8 1f61677299de44f69df3cab20122234c 1aaca531ea6441ddbf742ef543d8c046 - - default default] Successfully bumped revision number for resource 4cc98f8e-9a9a-4624-9719-c7c0c2a2a6a1 (type: routers) to 1 [pid: 7|app: 0|req: 512/1053] 10.0.0.141 () {34 vars in 669 bytes} [Mon Apr 20 06:24:45 2026] POST /v2.0/routers => generated 607 bytes in 113 msecs (HTTP/1.1 201) 4 headers in 162 bytes (1 switches on core 0) [pid: 8|app: 0|req: 542/1054] 10.0.0.141 () {32 vars in 724 bytes} [Mon Apr 20 06:24:44 2026] DELETE /v2.0/routers/046320be-da2d-459a-b8f9-0f5982877d98 => generated 0 bytes in 708 msecs (HTTP/1.1 204) 2 headers in 112 bytes (1 switches on core 0) [pid: 7|app: 0|req: 513/1055] 10.0.0.117 () {28 vars in 583 bytes} [Mon Apr 20 06:24:45 2026] GET /v2.0/routers => generated 3162 bytes in 61 msecs (HTTP/1.1 200) 4 headers in 158 bytes (1 switches on core 0) [pid: 7|app: 0|req: 514/1056] 10.0.0.141 () {32 vars in 724 bytes} [Mon Apr 20 06:24:45 2026] DELETE /v2.0/subnets/411ec7da-802a-4330-8968-89e308cc0b65 => generated 0 bytes in 156 msecs (HTTP/1.1 204) 3 headers in 131 bytes (1 switches on core 0) [pid: 7|app: 0|req: 515/1057] 10.0.0.117 () {28 vars in 624 bytes} [Mon Apr 20 06:24:45 2026] GET /v2.0/agents?binary=ovn-controller => generated 416 bytes in 21 msecs (HTTP/1.1 200) 4 headers in 157 bytes (1 switches on core 0)
2026-04-20 06:24:45.727 8 WARNING neutron.scheduler.dhcp_agent_scheduler [None req-d554b221-5c9e-43a0-883d-73f45fe2576c 1f61677299de44f69df3cab20122234c 1aaca531ea6441ddbf742ef543d8c046 - - default default] No more DHCP agents
2026-04-20 06:24:45.742 8 WARNING neutron.api.rpc.agentnotifiers.dhcp_rpc_agent_api [None req-d554b221-5c9e-43a0-883d-73f45fe2576c 1f61677299de44f69df3cab20122234c 1aaca531ea6441ddbf742ef543d8c046 - - default default] Unable to schedule network c06438ab-e727-4d64-8daa-88a24bf8205c: no agents available; will retry on subsequent port and subnet creation events.
2026-04-20 06:24:45.835 7 INFO neutron_taas.services.taas.taas_plugin [None req-a53eb876-2fff-43a0-8fa3-cca82004fc0b 94222d26040948dfa88afb4d9d8ffc23 7293df7eb7eb4aeea42f4be9062bf413 - - default default] TaaS: Handle Delete Port: 506bdb05-e156-47af-95c9-802b4a95f499
2026-04-20 06:24:45.840 7 INFO neutron_taas.services.taas.tap_mirror_plugin [None req-a53eb876-2fff-43a0-8fa3-cca82004fc0b 94222d26040948dfa88afb4d9d8ffc23 7293df7eb7eb4aeea42f4be9062bf413 - - default default] Tap Mirror: Handle Delete Port: 506bdb05-e156-47af-95c9-802b4a95f499
2026-04-20 06:24:45.854 8 INFO neutron.db.ovn_revision_numbers_db [None req-d554b221-5c9e-43a0-883d-73f45fe2576c 1f61677299de44f69df3cab20122234c 1aaca531ea6441ddbf742ef543d8c046 - - default default] Successfully bumped revision number for resource 1eb6717e-3b9b-41e8-8f3e-0969ba0e48b6 (type: ports) to 1 [pid: 8|app: 0|req: 543/1058] 10.0.0.141 () {34 vars in 665 bytes} [Mon Apr 20 06:24:45 2026] POST /v2.0/ports => generated 961 bytes in 455 msecs (HTTP/1.1 201) 4 headers in 162 bytes (1 switches on core 0) /var/lib/openstack/lib/python3.12/site-packages/pycadf/identifier.py:70: UserWarning: Invalid uuid: neutron. To ensure interoperability, identifiers should be a valid uuid. warnings.warn(('Invalid uuid: %s. To ensure interoperability, ' [pid: 8|app: 0|req: 544/1059] 10.0.0.117 () {28 vars in 579 bytes} [Mon Apr 20 06:24:45 2026] GET /v2.0/ports => generated 15756 bytes in 108 msecs (HTTP/1.1 200) 4 headers in 159 bytes (1 switches on core 0)
2026-04-20 06:24:46.032 7 INFO neutron.services.segments.plugin [-] Segment 43a0ea3e-dbe5-4481-bfea-8000ba6befb1 resource provider aggregate not found
2026-04-20 06:24:46.037 7 INFO neutron.services.segments.plugin [-] Segment 43a0ea3e-dbe5-4481-bfea-8000ba6befb1 resource provider aggregate not found [pid: 8|app: 0|req: 545/1060] 10.0.0.84 () {34 vars in 989 bytes} [Mon Apr 20 06:24:46 2026] GET /v2.0/ports?device_id=b765401d-0d68-41a8-8579-921ad7a78557 => generated 12 bytes in 28 msecs (HTTP/1.1 200) 4 headers in 156 bytes (1 switches on core 0)
2026-04-20 06:24:46.055 7 INFO neutron.services.segments.plugin [-] Segment 43a0ea3e-dbe5-4481-bfea-8000ba6befb1 resource provider not found; error: Placement Client Error (4xx): {"errors": [{"status": 404, "title": "Not Found", "detail": "The resource could not be found.\n\n No resource provider with uuid 43a0ea3e-dbe5-4481-bfea-8000ba6befb1 found for delete ", "request_id": "req-e93dbd2e-eed6-459f-965b-b39afea32926"}]} [pid: 7|app: 0|req: 516/1061] 10.0.0.141 () {32 vars in 726 bytes} [Mon Apr 20 06:24:45 2026] DELETE /v2.0/networks/d8aff6b0-4d7a-437d-a6a8-5d564520d81a => generated 0 bytes in 419 msecs (HTTP/1.1 204) 3 headers in 131 bytes (1 switches on core 0)
2026-04-20 06:24:46.070 7 INFO neutron.services.segments.plugin [-] Segment 43a0ea3e-dbe5-4481-bfea-8000ba6befb1 resource provider not found; error: Placement Client Error (4xx): {"errors": [{"status": 404, "title": "Not Found", "detail": "The resource could not be found.\n\n No resource provider with uuid 43a0ea3e-dbe5-4481-bfea-8000ba6befb1 found for delete ", "request_id": "req-22438a0b-b571-4f3a-a694-594ef598fad1"}]}
2026-04-20 06:24:46.075 7 INFO neutron.services.segments.plugin [-] Segment e0326e2e-b96f-481d-9bcd-dbda181beecd resource provider aggregate not found [pid: 7|app: 0|req: 517/1062] 10.0.0.117 () {28 vars in 581 bytes} [Mon Apr 20 06:24:46 2026] GET /v2.0/agents => generated 1214 bytes in 24 msecs (HTTP/1.1 200) 4 headers in 158 bytes (1 switches on core 0)
2026-04-20 06:24:46.092 7 INFO neutron.services.segments.plugin [-] Segment e0326e2e-b96f-481d-9bcd-dbda181beecd resource provider aggregate not found
2026-04-20 06:24:46.098 7 INFO neutron.services.segments.plugin [-] Segment e0326e2e-b96f-481d-9bcd-dbda181beecd resource provider not found; error: Placement Client Error (4xx): {"errors": [{"status": 404, "title": "Not Found", "detail": "The resource could not be found.\n\n No resource provider with uuid e0326e2e-b96f-481d-9bcd-dbda181beecd found for delete ", "request_id": "req-e3140eb2-3da7-4248-a2b1-4fb43caade6b"}]}
2026-04-20 06:24:46.122 7 INFO neutron.services.segments.plugin [-] Segment e0326e2e-b96f-481d-9bcd-dbda181beecd resource provider not found; error: Placement Client Error (4xx): {"errors": [{"status": 404, "title": "Not Found", "detail": "The resource could not be found.\n\n No resource provider with uuid e0326e2e-b96f-481d-9bcd-dbda181beecd found for delete ", "request_id": "req-8eaa2354-ffde-4667-81f6-1fe749553260"}]} [pid: 7|app: 0|req: 518/1063] 10.0.0.141 () {32 vars in 774 bytes} [Mon Apr 20 06:24:46 2026] GET /v2.0/security-groups?tenant_id=9e385c8988ed4242a8e788912c0c473f&name=default => generated 2925 bytes in 28 msecs (HTTP/1.1 200) 4 headers in 158 bytes (1 switches on core 0) [pid: 7|app: 0|req: 519/1064] 10.0.0.141 () {32 vars in 740 bytes} [Mon Apr 20 06:24:46 2026] DELETE /v2.0/security-groups/e3ac72ce-2082-430f-83d0-f36f6e8f7ff3 => generated 0 bytes in 218 msecs (HTTP/1.1 204) 2 headers in 112 bytes (1 switches on core 0)
2026-04-20 06:24:46.502 8 INFO neutron.db.ovn_revision_numbers_db [None req-f5c0fe15-858c-4f9b-a7f4-dede6f966e43 1f61677299de44f69df3cab20122234c 1aaca531ea6441ddbf742ef543d8c046 - - default default] Successfully bumped revision number for resource 1eb6717e-3b9b-41e8-8f3e-0969ba0e48b6 (type: ports) to 2 [pid: 7|app: 0|req: 520/1065] 199.204.45.38 () {34 vars in 985 bytes} [Mon Apr 20 06:24:46 2026] GET /v2.0/networks?id=d37f3bd9-3403-4494-af9e-2e3c5e3fa1c9 => generated 699 bytes in 53 msecs (HTTP/1.1 200) 4 headers in 157 bytes (1 switches on core 0) [pid: 7|app: 0|req: 521/1066] 199.204.45.38 () {34 vars in 1049 bytes} [Mon Apr 20 06:24:46 2026] GET /v2.0/security-groups?fields=id&fields=name&tenant_id=b39f9638bff2461094b9149baa3fe481 => generated 181 bytes in 34 msecs (HTTP/1.1 200) 4 headers in 157 bytes (1 switches on core 0)
2026-04-20 06:24:47.100 8 WARNING neutron.plugins.ml2.drivers.ovn.mech_driver.ovsdb.ovn_client [None req-e0ec8610-81f0-4d69-a9cc-f44291e5f5f3 - - - - - -] No port found with ID 74d6313d-30c3-486c-b1f6-8937ad91c912: RuntimeError: No port found with ID 74d6313d-30c3-486c-b1f6-8937ad91c912
2026-04-20 06:24:47.127 7 WARNING neutron.scheduler.dhcp_agent_scheduler [req-ce2843fd-cdf4-410d-9f87-406d3296f7b8 req-0af72e7a-b478-440f-a5d0-93028fcbd66c 59c47275308e464b92bc834b5b907735 b39f9638bff2461094b9149baa3fe481 - - default default] No more DHCP agents
2026-04-20 06:24:47.133 7 WARNING neutron.api.rpc.agentnotifiers.dhcp_rpc_agent_api [req-ce2843fd-cdf4-410d-9f87-406d3296f7b8 req-0af72e7a-b478-440f-a5d0-93028fcbd66c 59c47275308e464b92bc834b5b907735 b39f9638bff2461094b9149baa3fe481 - - default default] Unable to schedule network d37f3bd9-3403-4494-af9e-2e3c5e3fa1c9: no agents available; will retry on subsequent port and subnet creation events.
2026-04-20 06:24:47.152 8 INFO neutron.plugins.ml2.drivers.ovn.mech_driver.mech_driver [None req-e0ec8610-81f0-4d69-a9cc-f44291e5f5f3 - - - - - -] OVN reports status up for port: c80f59b5-3b8b-45ae-99aa-b9b3677a4e1e
2026-04-20 06:24:47.163 8 WARNING neutron.scheduler.dhcp_agent_scheduler [None req-f5c0fe15-858c-4f9b-a7f4-dede6f966e43 1f61677299de44f69df3cab20122234c 1aaca531ea6441ddbf742ef543d8c046 - - default default] No more DHCP agents
2026-04-20 06:24:47.166 8 WARNING neutron.api.rpc.agentnotifiers.dhcp_rpc_agent_api [None req-f5c0fe15-858c-4f9b-a7f4-dede6f966e43 1f61677299de44f69df3cab20122234c 1aaca531ea6441ddbf742ef543d8c046 - - default default] Unable to schedule network c06438ab-e727-4d64-8daa-88a24bf8205c: no agents available; will retry on subsequent port and subnet creation events.
2026-04-20 06:24:47.184 8 INFO neutron.plugins.ml2.plugin [None req-e0ec8610-81f0-4d69-a9cc-f44291e5f5f3 - - - - - -] Attempt 1 to provision port c80f59b5-3b8b-45ae-99aa-b9b3677a4e1e
2026-04-20 06:24:47.291 7 INFO neutron.db.ovn_revision_numbers_db [req-ce2843fd-cdf4-410d-9f87-406d3296f7b8 req-0af72e7a-b478-440f-a5d0-93028fcbd66c 59c47275308e464b92bc834b5b907735 b39f9638bff2461094b9149baa3fe481 - - default default] Successfully bumped revision number for resource 8a01ece8-5f24-4631-a786-5fafda4c7cce (type: ports) to 1 [pid: 7|app: 0|req: 522/1067] 199.204.45.38 () {38 vars in 954 bytes} [Mon Apr 20 06:24:46 2026] POST /v2.0/ports => generated 958 bytes in 558 msecs (HTTP/1.1 201) 4 headers in 162 bytes (1 switches on core 0) /var/lib/openstack/lib/python3.12/site-packages/pycadf/identifier.py:70: UserWarning: Invalid uuid: neutron. To ensure interoperability, identifiers should be a valid uuid. warnings.warn(('Invalid uuid: %s. To ensure interoperability, ' [pid: 7|app: 0|req: 523/1068] 10.0.0.84 () {34 vars in 989 bytes} [Mon Apr 20 06:24:47 2026] GET /v2.0/ports?device_id=b765401d-0d68-41a8-8579-921ad7a78557 => generated 961 bytes in 35 msecs (HTTP/1.1 200) 4 headers in 157 bytes (1 switches on core 0)
2026-04-20 06:24:47.474 8 INFO neutron.notifiers.nova [-] Nova event matching ['req-a26ff55a-fa51-4814-9584-9cd7b4a92842'] response: {'server_uuid': '74af68c4-e5c9-4075-89de-7d66c19d3682', 'name': 'network-vif-plugged', 'status': 'completed', 'tag': 'c80f59b5-3b8b-45ae-99aa-b9b3677a4e1e', 'code': 200}
2026-04-20 06:24:47.638 8 INFO neutron.db.ovn_revision_numbers_db [None req-f5c0fe15-858c-4f9b-a7f4-dede6f966e43 1f61677299de44f69df3cab20122234c 1aaca531ea6441ddbf742ef543d8c046 - - default default] Successfully bumped revision number for resource 1eb6717e-3b9b-41e8-8f3e-0969ba0e48b6 (type: router_ports) to 2 [pid: 8|app: 0|req: 546/1069] 10.0.0.141 () {34 vars in 783 bytes} [Mon Apr 20 06:24:46 2026] PUT /v2.0/routers/4cc98f8e-9a9a-4624-9719-c7c0c2a2a6a1/add_router_interface => generated 309 bytes in 1611 msecs (HTTP/1.1 200) 4 headers in 157 bytes (1 switches on core 0) /var/lib/openstack/lib/python3.12/site-packages/pycadf/identifier.py:70: UserWarning: Invalid uuid: neutron. To ensure interoperability, identifiers should be a valid uuid. warnings.warn(('Invalid uuid: %s. To ensure interoperability, ' [pid: 8|app: 0|req: 547/1070] 10.0.0.84 () {34 vars in 1039 bytes} [Mon Apr 20 06:24:47 2026] GET /v2.0/security-groups?id=7f0b8368-c531-4dc3-85c0-09677184333c&fields=id&fields=name => generated 114 bytes in 71 msecs (HTTP/1.1 200) 4 headers in 157 bytes (1 switches on core 0) [pid: 8|app: 0|req: 548/1071] 10.0.0.141 () {32 vars in 717 bytes} [Mon Apr 20 06:24:47 2026] GET /v2.0/ports/1eb6717e-3b9b-41e8-8f3e-0969ba0e48b6 => generated 1021 bytes in 65 msecs (HTTP/1.1 200) 4 headers in 158 bytes (1 switches on core 0)
2026-04-20 06:24:47.793 8 INFO neutron.db.ovn_revision_numbers_db [None req-e0ec8610-81f0-4d69-a9cc-f44291e5f5f3 - - - - - -] Successfully bumped revision number for resource c80f59b5-3b8b-45ae-99aa-b9b3677a4e1e (type: ports) to 7
2026-04-20 06:24:47.862 7 INFO neutron.db.ovn_revision_numbers_db [req-ce2843fd-cdf4-410d-9f87-406d3296f7b8 req-5464a044-a5d7-488f-a14e-7a112ef3f992 1ee2114bea5e4cd684d07f350c49d328 6367ad510e644dfb92360ede872fe3fd - - 7edb87b4a19c447dbde2620d9d06406e 7edb87b4a19c447dbde2620d9d06406e] Successfully bumped revision number for resource 8a01ece8-5f24-4631-a786-5fafda4c7cce (type: ports) to 2
2026-04-20 06:24:48.062 7 INFO neutron.db.ovn_revision_numbers_db [req-ce2843fd-cdf4-410d-9f87-406d3296f7b8 req-5464a044-a5d7-488f-a14e-7a112ef3f992 1ee2114bea5e4cd684d07f350c49d328 6367ad510e644dfb92360ede872fe3fd - - 7edb87b4a19c447dbde2620d9d06406e 7edb87b4a19c447dbde2620d9d06406e] Successfully bumped revision number for resource 8a01ece8-5f24-4631-a786-5fafda4c7cce (type: ports) to 4
2026-04-20 06:24:48.071 8 INFO neutron.plugins.ml2.drivers.ovn.mech_driver.mech_driver [None req-991c0b82-2f58-4ef4-a13e-dbc33c439b08 - - - - - -] OVN reports status down for port: 1eb6717e-3b9b-41e8-8f3e-0969ba0e48b6 [pid: 7|app: 0|req: 524/1072] 199.204.45.38 () {38 vars in 1027 bytes} [Mon Apr 20 06:24:47 2026] PUT /v2.0/ports/8a01ece8-5f24-4631-a786-5fafda4c7cce => generated 1208 bytes in 693 msecs (HTTP/1.1 200) 4 headers in 158 bytes (1 switches on core 0)
2026-04-20 06:24:48.123 7 INFO neutron.notifiers.nova [-] Nova event matching ['req-a389dc0b-8d9b-437b-8ffa-b9158968ee86'] response: {'name': 'network-changed', 'server_uuid': 'b765401d-0d68-41a8-8579-921ad7a78557', 'tag': '8a01ece8-5f24-4631-a786-5fafda4c7cce', 'status': 'completed', 'code': 200}
2026-04-20 06:24:48.210 8 WARNING neutron.plugins.ml2.drivers.ovn.mech_driver.ovsdb.ovn_client [None req-991c0b82-2f58-4ef4-a13e-dbc33c439b08 - - - - - -] Logical_Switch_Port %s host information not removed, the port state is up
2026-04-20 06:24:48.211 8 INFO neutron.plugins.ml2.drivers.ovn.mech_driver.mech_driver [None req-991c0b82-2f58-4ef4-a13e-dbc33c439b08 - - - - - -] OVN reports status up for port: 1eb6717e-3b9b-41e8-8f3e-0969ba0e48b6
2026-04-20 06:24:48.232 8 INFO neutron.plugins.ml2.plugin [None req-991c0b82-2f58-4ef4-a13e-dbc33c439b08 - - - - - -] Attempt 1 to provision port 1eb6717e-3b9b-41e8-8f3e-0969ba0e48b6 /var/lib/openstack/lib/python3.12/site-packages/pycadf/identifier.py:70: UserWarning: Invalid uuid: neutron. To ensure interoperability, identifiers should be a valid uuid. warnings.warn(('Invalid uuid: %s. To ensure interoperability, '
2026-04-20 06:24:48.402 7 INFO neutron.db.ovn_revision_numbers_db [None req-175f7eed-5463-4ef9-9a6c-7feebcd44a7e 94222d26040948dfa88afb4d9d8ffc23 7293df7eb7eb4aeea42f4be9062bf413 - - default default] Successfully bumped revision number for resource 88975037-dde9-48de-8fce-b10184a4e8e4 (type: security_groups) to 1
2026-04-20 06:24:48.402 8 INFO neutron_taas.services.taas.taas_plugin [None req-3ff1a4fb-a6de-4ce9-978c-979502764089 1f61677299de44f69df3cab20122234c 1aaca531ea6441ddbf742ef543d8c046 - - default default] TaaS: Handle Delete Port: 1eb6717e-3b9b-41e8-8f3e-0969ba0e48b6
2026-04-20 06:24:48.414 7 INFO neutron.db.ovn_revision_numbers_db [None req-175f7eed-5463-4ef9-9a6c-7feebcd44a7e 94222d26040948dfa88afb4d9d8ffc23 7293df7eb7eb4aeea42f4be9062bf413 - - default default] Successfully bumped revision number for resource 35d1ea10-c1e0-4027-9a89-4065480b7e6d (type: security_group_rules) to 0
2026-04-20 06:24:48.416 8 INFO neutron_taas.services.taas.tap_mirror_plugin [None req-3ff1a4fb-a6de-4ce9-978c-979502764089 1f61677299de44f69df3cab20122234c 1aaca531ea6441ddbf742ef543d8c046 - - default default] Tap Mirror: Handle Delete Port: 1eb6717e-3b9b-41e8-8f3e-0969ba0e48b6
2026-04-20 06:24:48.426 7 INFO neutron.db.ovn_revision_numbers_db [None req-175f7eed-5463-4ef9-9a6c-7feebcd44a7e 94222d26040948dfa88afb4d9d8ffc23 7293df7eb7eb4aeea42f4be9062bf413 - - default default] Successfully bumped revision number for resource 892135ee-a664-4496-9934-364c837ff546 (type: security_group_rules) to 0
2026-04-20 06:24:48.437 7 INFO neutron.db.ovn_revision_numbers_db [None req-175f7eed-5463-4ef9-9a6c-7feebcd44a7e 94222d26040948dfa88afb4d9d8ffc23 7293df7eb7eb4aeea42f4be9062bf413 - - default default] Successfully bumped revision number for resource b4d2639b-c700-4004-b8e4-1836884f9351 (type: security_group_rules) to 0
2026-04-20 06:24:48.448 7 INFO neutron.db.ovn_revision_numbers_db [None req-175f7eed-5463-4ef9-9a6c-7feebcd44a7e 94222d26040948dfa88afb4d9d8ffc23 7293df7eb7eb4aeea42f4be9062bf413 - - default default] Successfully bumped revision number for resource b85054b6-16bf-4498-b950-23f5de2bf735 (type: security_group_rules) to 0
2026-04-20 06:24:48.522 7 INFO neutron.db.segments_db [None req-175f7eed-5463-4ef9-9a6c-7feebcd44a7e 94222d26040948dfa88afb4d9d8ffc23 7293df7eb7eb4aeea42f4be9062bf413 - - default default] Added segment ff28e0d1-7248-431a-aac6-6df196cd20ac of type geneve for network be0f2e70-85fe-4602-9d8d-982ffc96a448
2026-04-20 06:24:48.626 7 INFO neutron.db.ovn_revision_numbers_db [None req-175f7eed-5463-4ef9-9a6c-7feebcd44a7e 94222d26040948dfa88afb4d9d8ffc23 7293df7eb7eb4aeea42f4be9062bf413 - - default default] Successfully bumped revision number for resource be0f2e70-85fe-4602-9d8d-982ffc96a448 (type: networks) to 1
2026-04-20 06:24:48.770 8 ERROR ovsdbapp.backend.ovs_idl.transaction [None req-991c0b82-2f58-4ef4-a13e-dbc33c439b08 - - - - - -]
Traceback (most recent call last): File "/var/lib/openstack/lib/python3.12/site-packages/neutron/plugins/ml2/drivers/ovn/mech_driver/ovsdb/commands.py", line 267, in run_idl port = idlutils.row_by_value(self.api.idl, 'Logical_Switch_Port', ^^^^^^^^^^^^^^^^^^^^^^^^^^^^^^^^^^^^^^^^^^^^^^^^^^^^^^^^^^
File "/var/lib/openstack/lib/python3.12/site-packages/ovsdbapp/backend/ovs_idl/idlutils.py", line 114, in row_by_value raise RowNotFound(table=table, col=column, match=match) ovsdbapp.backend.ovs_idl.idlutils.RowNotFound: Cannot find Logical_Switch_Port with name=1eb6717e-3b9b-41e8-8f3e-0969ba0e48b6 During handling of the above exception, another exception occurred: Traceback (most recent call last): File "/var/lib/openstack/lib/python3.12/site-packages/ovsdbapp/backend/ovs_idl/connection.py", line 121, in run txn.results.put(txn.do_commit()) ^^^^^^^^^^^^^^^
File "/var/lib/openstack/lib/python3.12/site-packages/ovsdbapp/backend/ovs_idl/transaction.py", line 92, in do_commit command.run_idl(txn)
File "/var/lib/openstack/lib/python3.12/site-packages/neutron/plugins/ml2/drivers/ovn/mech_driver/ovsdb/commands.py", line 273, in run_idl raise RuntimeError(msg) RuntimeError: Logical Switch Port 1eb6717e-3b9b-41e8-8f3e-0969ba0e48b6 does not exist
2026-04-20 06:24:48.787 7 WARNING neutron.scheduler.dhcp_agent_scheduler [None req-175f7eed-5463-4ef9-9a6c-7feebcd44a7e 94222d26040948dfa88afb4d9d8ffc23 7293df7eb7eb4aeea42f4be9062bf413 - - default default] No more DHCP agents
2026-04-20 06:24:48.788 7 WARNING neutron.api.rpc.agentnotifiers.dhcp_rpc_agent_api [None req-175f7eed-5463-4ef9-9a6c-7feebcd44a7e 94222d26040948dfa88afb4d9d8ffc23 7293df7eb7eb4aeea42f4be9062bf413 - - default default] Unable to schedule network be0f2e70-85fe-4602-9d8d-982ffc96a448: no agents available; will retry on subsequent port and subnet creation events.
2026-04-20 06:24:48.772 8 ERROR neutron.plugins.ml2.managers [None req-991c0b82-2f58-4ef4-a13e-dbc33c439b08 - - - - - -] Mechanism driver 'ovn' failed in update_port_postcommit: RuntimeError: Logical Switch Port 1eb6717e-3b9b-41e8-8f3e-0969ba0e48b6 does not exist
2026-04-20 06:24:48.772 8 ERROR neutron.plugins.ml2.managers
Traceback (most recent call last):
2026-04-20 06:24:48.772 8 ERROR neutron.plugins.ml2.managers
File "/var/lib/openstack/lib/python3.12/site-packages/neutron/plugins/ml2/drivers/ovn/mech_driver/ovsdb/commands.py", line 267, in run_idl
2026-04-20 06:24:48.772 8 ERROR neutron.plugins.ml2.managers port = idlutils.row_by_value(self.api.idl, 'Logical_Switch_Port',
2026-04-20 06:24:48.772 8 ERROR neutron.plugins.ml2.managers ^^^^^^^^^^^^^^^^^^^^^^^^^^^^^^^^^^^^^^^^^^^^^^^^^^^^^^^^^^
2026-04-20 06:24:48.772 8 ERROR neutron.plugins.ml2.managers
File "/var/lib/openstack/lib/python3.12/site-packages/ovsdbapp/backend/ovs_idl/idlutils.py", line 114, in row_by_value
2026-04-20 06:24:48.772 8 ERROR neutron.plugins.ml2.managers raise RowNotFound(table=table, col=column, match=match)
2026-04-20 06:24:48.772 8 ERROR neutron.plugins.ml2.managers ovsdbapp.backend.ovs_idl.idlutils.RowNotFound: Cannot find Logical_Switch_Port with name=1eb6717e-3b9b-41e8-8f3e-0969ba0e48b6
2026-04-20 06:24:48.772 8 ERROR neutron.plugins.ml2.managers
2026-04-20 06:24:48.772 8 ERROR neutron.plugins.ml2.managers During handling of the above exception, another exception occurred:
2026-04-20 06:24:48.772 8 ERROR neutron.plugins.ml2.managers
2026-04-20 06:24:48.772 8 ERROR neutron.plugins.ml2.managers
Traceback (most recent call last):
2026-04-20 06:24:48.772 8 ERROR neutron.plugins.ml2.managers
File "/var/lib/openstack/lib/python3.12/site-packages/neutron/plugins/ml2/managers.py", line 499, in _call_on_drivers
2026-04-20 06:24:48.772 8 ERROR neutron.plugins.ml2.managers getattr(driver.obj, method_name)(context)
2026-04-20 06:24:48.772 8 ERROR neutron.plugins.ml2.managers
File "/var/lib/openstack/lib/python3.12/site-packages/neutron/plugins/ml2/drivers/ovn/mech_driver/mech_driver.py", line 1034, in update_port_postcommit
2026-04-20 06:24:48.772 8 ERROR neutron.plugins.ml2.managers self._ovn_update_port(context.plugin_context, port, original_port,
2026-04-20 06:24:48.772 8 ERROR neutron.plugins.ml2.managers
File "/var/lib/openstack/lib/python3.12/site-packages/neutron/plugins/ml2/drivers/ovn/mech_driver/mech_driver.py", line 914, in _ovn_update_port
2026-04-20 06:24:48.772 8 ERROR neutron.plugins.ml2.managers self._ovn_client.update_port(plugin_context, port,
2026-04-20 06:24:48.772 8 ERROR neutron.plugins.ml2.managers
File "/var/lib/openstack/lib/python3.12/site-packages/neutron/plugins/ml2/drivers/ovn/mech_driver/ovsdb/ovn_client.py", line 700, in update_port
2026-04-20 06:24:48.772 8 ERROR neutron.plugins.ml2.managers with self._nb_idl.transaction(check_error=True,
2026-04-20 06:24:48.772 8 ERROR neutron.plugins.ml2.managers
File "/usr/lib/python3.12/contextlib.py", line 144, in __exit__
2026-04-20 06:24:48.772 8 ERROR neutron.plugins.ml2.managers next(self.gen)
2026-04-20 06:24:48.772 8 ERROR neutron.plugins.ml2.managers
File "/var/lib/openstack/lib/python3.12/site-packages/neutron/plugins/ml2/drivers/ovn/mech_driver/ovsdb/impl_idl_ovn.py", line 271, in transaction
2026-04-20 06:24:48.772 8 ERROR neutron.plugins.ml2.managers with super().transaction(*args, **kwargs) as t:
2026-04-20 06:24:48.772 8 ERROR neutron.plugins.ml2.managers
File "/usr/lib/python3.12/contextlib.py", line 144, in __exit__
2026-04-20 06:24:48.772 8 ERROR neutron.plugins.ml2.managers next(self.gen)
2026-04-20 06:24:48.772 8 ERROR neutron.plugins.ml2.managers
File "/var/lib/openstack/lib/python3.12/site-packages/ovsdbapp/api.py", line 114, in transaction
2026-04-20 06:24:48.772 8 ERROR neutron.plugins.ml2.managers with self.create_transaction(
2026-04-20 06:24:48.772 8 ERROR neutron.plugins.ml2.managers
File "/var/lib/openstack/lib/python3.12/site-packages/ovsdbapp/api.py", line 71, in __exit__
2026-04-20 06:24:48.772 8 ERROR neutron.plugins.ml2.managers self.result = self.commit()
2026-04-20 06:24:48.772 8 ERROR neutron.plugins.ml2.managers ^^^^^^^^^^^^^
2026-04-20 06:24:48.772 8 ERROR neutron.plugins.ml2.managers
File "/var/lib/openstack/lib/python3.12/site-packages/ovsdbapp/backend/ovs_idl/transaction.py", line 64, in commit
2026-04-20 06:24:48.772 8 ERROR neutron.plugins.ml2.managers raise result.ex
2026-04-20 06:24:48.772 8 ERROR neutron.plugins.ml2.managers
File "/var/lib/openstack/lib/python3.12/site-packages/ovsdbapp/backend/ovs_idl/connection.py", line 121, in run
2026-04-20 06:24:48.772 8 ERROR neutron.plugins.ml2.managers txn.results.put(txn.do_commit())
2026-04-20 06:24:48.772 8 ERROR neutron.plugins.ml2.managers ^^^^^^^^^^^^^^^
2026-04-20 06:24:48.772 8 ERROR neutron.plugins.ml2.managers
File "/var/lib/openstack/lib/python3.12/site-packages/ovsdbapp/backend/ovs_idl/transaction.py", line 92, in do_commit
2026-04-20 06:24:48.772 8 ERROR neutron.plugins.ml2.managers command.run_idl(txn)
2026-04-20 06:24:48.772 8 ERROR neutron.plugins.ml2.managers
File "/var/lib/openstack/lib/python3.12/site-packages/neutron/plugins/ml2/drivers/ovn/mech_driver/ovsdb/commands.py", line 273, in run_idl
2026-04-20 06:24:48.772 8 ERROR neutron.plugins.ml2.managers raise RuntimeError(msg)
2026-04-20 06:24:48.772 8 ERROR neutron.plugins.ml2.managers RuntimeError: Logical Switch Port 1eb6717e-3b9b-41e8-8f3e-0969ba0e48b6 does not exist
2026-04-20 06:24:48.772 8 ERROR neutron.plugins.ml2.managers
2026-04-20 06:24:48.816 8 ERROR ovsdbapp.backend.ovs_idl.command [None req-991c0b82-2f58-4ef4-a13e-dbc33c439b08 - - - - - -] Error executing command (LspGetUpCommand): ovsdbapp.backend.ovs_idl.idlutils.RowNotFound: Cannot find Logical_Switch_Port with name=1eb6717e-3b9b-41e8-8f3e-0969ba0e48b6
2026-04-20 06:24:48.816 8 ERROR ovsdbapp.backend.ovs_idl.command
Traceback (most recent call last):
2026-04-20 06:24:48.816 8 ERROR ovsdbapp.backend.ovs_idl.command
File "/var/lib/openstack/lib/python3.12/site-packages/ovsdbapp/backend/ovs_idl/command.py", line 47, in execute
2026-04-20 06:24:48.816 8 ERROR ovsdbapp.backend.ovs_idl.command self.run_idl(None)
2026-04-20 06:24:48.816 8 ERROR ovsdbapp.backend.ovs_idl.command
File "/var/lib/openstack/lib/python3.12/site-packages/ovsdbapp/schema/ovn_northbound/commands.py", line 681, in run_idl
