2026-04-20 06:27:59.598 8 INFO neutron.api.v2.resource [None req-0d4ca557-f015-4958-93ec-ba90c9f1fe45 b8d79d4e87ec4fc883dbf59d21741f6a 52f993f332ae4803a2b1c7f95368e888 - - default default] create failed (client error): Failed to parse request. Required attribute 'peer_id' not specified [pid: 8|app: 0|req: 1222/2416] 10.0.0.141 () {34 vars in 707 bytes} [Mon Apr 20 06:27:59 2026] POST /v2.0/vpn/ipsec-site-connections => generated 140 bytes in 6 msecs (HTTP/1.1 400) 4 headers in 166 bytes (1 switches on core 0) [pid: 8|app: 0|req: 1223/2417] 10.0.0.141 () {32 vars in 671 bytes} [Mon Apr 20 06:27:59 2026] GET /v2.0/vpn/endpoint-groups => generated 917 bytes in 9 msecs (HTTP/1.1 200) 4 headers in 157 bytes (1 switches on core 0) [pid: 8|app: 0|req: 1224/2418] 10.0.0.141 () {32 vars in 748 bytes} [Mon Apr 20 06:27:59 2026] DELETE /v2.0/vpn/endpoint-groups/1928382a-abfe-42e0-959f-66891dbb60d0 => generated 0 bytes in 18 msecs (HTTP/1.1 204) 2 headers in 112 bytes (1 switches on core 0)
2026-04-20 06:27:59.641 7 WARNING neutron.scheduler.dhcp_agent_scheduler [None req-730452c0-af13-4d2e-a2b5-67c67779630b c34329a683064a0494b6922fbbb01700 7400546ad9794be7ac43fe0aa95925ff - - default default] No more DHCP agents
2026-04-20 06:27:59.642 7 WARNING neutron.api.rpc.agentnotifiers.dhcp_rpc_agent_api [None req-730452c0-af13-4d2e-a2b5-67c67779630b c34329a683064a0494b6922fbbb01700 7400546ad9794be7ac43fe0aa95925ff - - default default] Unable to schedule network 0b292995-200f-4227-bf48-1e592ff0dc75: no agents available; will retry on subsequent port and subnet creation events. [pid: 8|app: 0|req: 1225/2419] 10.0.0.141 () {32 vars in 671 bytes} [Mon Apr 20 06:27:59 2026] GET /v2.0/vpn/endpoint-groups => generated 633 bytes in 12 msecs (HTTP/1.1 200) 4 headers in 157 bytes (1 switches on core 0)
2026-04-20 06:27:59.690 7 INFO neutron.db.ovn_revision_numbers_db [None req-730452c0-af13-4d2e-a2b5-67c67779630b c34329a683064a0494b6922fbbb01700 7400546ad9794be7ac43fe0aa95925ff - - default default] Successfully bumped revision number for resource 94b394ca-58f1-406b-9d30-2de4f621d009 (type: subnets) to 0 [pid: 8|app: 0|req: 1226/2420] 10.0.0.141 () {34 vars in 693 bytes} [Mon Apr 20 06:27:59 2026] POST /v2.0/vpn/endpoint-groups => generated 294 bytes in 45 msecs (HTTP/1.1 201) 4 headers in 162 bytes (1 switches on core 0) [pid: 7|app: 0|req: 1195/2421] 10.0.0.141 () {34 vars in 669 bytes} [Mon Apr 20 06:27:59 2026] POST /v2.0/subnets => generated 724 bytes in 265 msecs (HTTP/1.1 201) 4 headers in 162 bytes (1 switches on core 0)
2026-04-20 06:27:59.722 7 WARNING neutron.api.v2.base [None req-40cc4c4a-4282-4a59-a210-e00890a91d72 b8d79d4e87ec4fc883dbf59d21741f6a 52f993f332ae4803a2b1c7f95368e888 - - default default] An exception happened while processing the request body. The exception message is [Failed to parse request. Required attribute 'peer_id' not specified].: webob.exc.HTTPBadRequest: Failed to parse request. Required attribute 'peer_id' not specified
2026-04-20 06:27:59.722 7 INFO neutron.api.v2.resource [None req-40cc4c4a-4282-4a59-a210-e00890a91d72 b8d79d4e87ec4fc883dbf59d21741f6a 52f993f332ae4803a2b1c7f95368e888 - - default default] create failed (client error): Failed to parse request. Required attribute 'peer_id' not specified [pid: 7|app: 0|req: 1196/2422] 10.0.0.141 () {34 vars in 707 bytes} [Mon Apr 20 06:27:59 2026] POST /v2.0/vpn/ipsec-site-connections => generated 140 bytes in 9 msecs (HTTP/1.1 400) 4 headers in 166 bytes (1 switches on core 0) [pid: 7|app: 0|req: 1197/2423] 10.0.0.141 () {32 vars in 671 bytes} [Mon Apr 20 06:27:59 2026] GET /v2.0/vpn/endpoint-groups => generated 909 bytes in 10 msecs (HTTP/1.1 200) 4 headers in 157 bytes (1 switches on core 0) [pid: 7|app: 0|req: 1198/2424] 10.0.0.141 () {32 vars in 748 bytes} [Mon Apr 20 06:27:59 2026] DELETE /v2.0/vpn/endpoint-groups/1cb33e5a-09a4-414e-a668-ec01630a3c83 => generated 0 bytes in 51 msecs (HTTP/1.1 204) 2 headers in 112 bytes (1 switches on core 0) [pid: 7|app: 0|req: 1199/2425] 10.0.0.141 () {32 vars in 671 bytes} [Mon Apr 20 06:27:59 2026] GET /v2.0/vpn/endpoint-groups => generated 633 bytes in 10 msecs (HTTP/1.1 200) 4 headers in 157 bytes (1 switches on core 0)
2026-04-20 06:27:59.814 8 INFO neutron.db.segments_db [None req-8d923976-7a84-48d1-9c9a-d187ca0a44a5 c34329a683064a0494b6922fbbb01700 7400546ad9794be7ac43fe0aa95925ff - - default default] Added segment 016471f6-7f69-4dac-b801-0ddd9246df1d of type geneve for network 5a13efc5-3028-4c10-acd7-e97f693130f6 [pid: 7|app: 0|req: 1200/2426] 10.0.0.141 () {34 vars in 693 bytes} [Mon Apr 20 06:27:59 2026] POST /v2.0/vpn/endpoint-groups => generated 290 bytes in 41 msecs (HTTP/1.1 201) 4 headers in 162 bytes (1 switches on core 0)
2026-04-20 06:27:59.918 8 INFO neutron.db.ovn_revision_numbers_db [None req-8d923976-7a84-48d1-9c9a-d187ca0a44a5 c34329a683064a0494b6922fbbb01700 7400546ad9794be7ac43fe0aa95925ff - - default default] Successfully bumped revision number for resource 5a13efc5-3028-4c10-acd7-e97f693130f6 (type: networks) to 1 [pid: 7|app: 0|req: 1201/2427] 10.0.0.141 () {34 vars in 693 bytes} [Mon Apr 20 06:27:59 2026] POST /v2.0/vpn/endpoint-groups => generated 301 bytes in 55 msecs (HTTP/1.1 201) 4 headers in 162 bytes (1 switches on core 0)
2026-04-20 06:28:00.071 8 WARNING neutron.scheduler.dhcp_agent_scheduler [None req-8d923976-7a84-48d1-9c9a-d187ca0a44a5 c34329a683064a0494b6922fbbb01700 7400546ad9794be7ac43fe0aa95925ff - - default default] No more DHCP agents
2026-04-20 06:28:00.073 8 WARNING neutron.api.rpc.agentnotifiers.dhcp_rpc_agent_api [None req-8d923976-7a84-48d1-9c9a-d187ca0a44a5 c34329a683064a0494b6922fbbb01700 7400546ad9794be7ac43fe0aa95925ff - - default default] Unable to schedule network 5a13efc5-3028-4c10-acd7-e97f693130f6: no agents available; will retry on subsequent port and subnet creation events.
2026-04-20 06:28:00.131 7 INFO neutron.plugins.ml2.drivers.ovn.mech_driver.mech_driver [None req-183537c2-3b68-47fd-a5fe-cfb807dba21f - - - - - -] OVN reports status down for port: 274ff35b-3f22-4f5d-a743-c2d9d6d9ab9f
2026-04-20 06:28:00.151 8 INFO neutron.db.ovn_revision_numbers_db [None req-8d923976-7a84-48d1-9c9a-d187ca0a44a5 c34329a683064a0494b6922fbbb01700 7400546ad9794be7ac43fe0aa95925ff - - default default] Successfully bumped revision number for resource 274ff35b-3f22-4f5d-a743-c2d9d6d9ab9f (type: ports) to 1 [pid: 8|app: 0|req: 1227/2428] 10.0.0.141 () {34 vars in 670 bytes} [Mon Apr 20 06:27:59 2026] POST /v2.0/networks => generated 657 bytes in 458 msecs (HTTP/1.1 201) 4 headers in 162 bytes (1 switches on core 0)
2026-04-20 06:28:00.383 8 WARNING neutron.scheduler.dhcp_agent_scheduler [None req-7009b586-1c0d-4ce4-a231-3da8a87bdb44 c34329a683064a0494b6922fbbb01700 7400546ad9794be7ac43fe0aa95925ff - - default default] No more DHCP agents
2026-04-20 06:28:00.384 8 WARNING neutron.api.rpc.agentnotifiers.dhcp_rpc_agent_api [None req-7009b586-1c0d-4ce4-a231-3da8a87bdb44 c34329a683064a0494b6922fbbb01700 7400546ad9794be7ac43fe0aa95925ff - - default default] Unable to schedule network 5a13efc5-3028-4c10-acd7-e97f693130f6: no agents available; will retry on subsequent port and subnet creation events.
2026-04-20 06:28:00.737 7 INFO neutron.db.ovn_revision_numbers_db [None req-a6820002-9ffc-4c26-a6c7-4dc1f0ffac9f b8d79d4e87ec4fc883dbf59d21741f6a 52f993f332ae4803a2b1c7f95368e888 - - default default] Successfully bumped revision number for resource 62158ef8-ca7b-44d4-8d41-09b768cfb66f (type: routers) to 6 [pid: 7|app: 0|req: 1202/2429] 10.0.0.141 () {34 vars in 707 bytes} [Mon Apr 20 06:27:59 2026] POST /v2.0/vpn/ipsec-site-connections => generated 844 bytes in 864 msecs (HTTP/1.1 201) 4 headers in 162 bytes (1 switches on core 0)
2026-04-20 06:28:00.880 8 INFO neutron.db.ovn_revision_numbers_db [None req-58916496-8890-400c-ad19-26ea7daa40bc - - - - - -] Successfully bumped revision number for resource 274ff35b-3f22-4f5d-a743-c2d9d6d9ab9f (type: ports) to 2
2026-04-20 06:28:00.911 8 INFO neutron.db.ovn_revision_numbers_db [None req-58916496-8890-400c-ad19-26ea7daa40bc - - - - - -] Successfully bumped revision number for resource f7d1e74e-d25c-4a4c-8134-7ec175aaef48 (type: subnets) to 0 [pid: 8|app: 0|req: 1228/2430] 10.0.0.141 () {34 vars in 669 bytes} [Mon Apr 20 06:28:00 2026] POST /v2.0/subnets => generated 656 bytes in 750 msecs (HTTP/1.1 201) 4 headers in 162 bytes (1 switches on core 0) [pid: 7|app: 0|req: 1203/2431] 10.0.0.141 () {32 vars in 774 bytes} [Mon Apr 20 06:28:00 2026] GET /v2.0/security-groups?tenant_id=9b15193f83654b07b1192dae2b24c490&name=default => generated 2929 bytes in 139 msecs (HTTP/1.1 200) 4 headers in 158 bytes (1 switches on core 0)
2026-04-20 06:28:01.218 7 WARNING neutron.scheduler.dhcp_agent_scheduler [None req-25aa0928-e792-4cf3-b42f-336e3ae6e71b c34329a683064a0494b6922fbbb01700 7400546ad9794be7ac43fe0aa95925ff - - default default] No more DHCP agents
2026-04-20 06:28:01.219 7 WARNING neutron.api.rpc.agentnotifiers.dhcp_rpc_agent_api [None req-25aa0928-e792-4cf3-b42f-336e3ae6e71b c34329a683064a0494b6922fbbb01700 7400546ad9794be7ac43fe0aa95925ff - - default default] Unable to schedule network 5a13efc5-3028-4c10-acd7-e97f693130f6: no agents available; will retry on subsequent port and subnet creation events.
2026-04-20 06:28:01.260 7 INFO neutron.db.ovn_revision_numbers_db [None req-25aa0928-e792-4cf3-b42f-336e3ae6e71b c34329a683064a0494b6922fbbb01700 7400546ad9794be7ac43fe0aa95925ff - - default default] Successfully bumped revision number for resource 6a410909-e818-48e2-860a-63a9421f0d1e (type: subnets) to 0 [pid: 7|app: 0|req: 1204/2432] 10.0.0.141 () {34 vars in 669 bytes} [Mon Apr 20 06:28:00 2026] POST /v2.0/subnets => generated 730 bytes in 359 msecs (HTTP/1.1 201) 4 headers in 162 bytes (1 switches on core 0) [pid: 7|app: 0|req: 1205/2433] 10.0.0.141 () {32 vars in 740 bytes} [Mon Apr 20 06:28:01 2026] DELETE /v2.0/security-groups/030f8122-0552-420f-980c-40afb6f11483 => generated 0 bytes in 238 msecs (HTTP/1.1 204) 2 headers in 112 bytes (1 switches on core 0)
2026-04-20 06:28:01.536 8 INFO neutron.db.ovn_revision_numbers_db [None req-6ca39fe2-f7e5-4e7f-baf9-8a8a771fac2f b8d79d4e87ec4fc883dbf59d21741f6a 52f993f332ae4803a2b1c7f95368e888 - - default default] Successfully bumped revision number for resource 62158ef8-ca7b-44d4-8d41-09b768cfb66f (type: routers) to 7 [pid: 8|app: 0|req: 1229/2434] 10.0.0.141 () {32 vars in 762 bytes} [Mon Apr 20 06:28:00 2026] DELETE /v2.0/vpn/ipsec-site-connections/f41effb3-9755-4613-8bba-9be52d983b35 => generated 0 bytes in 637 msecs (HTTP/1.1 204) 2 headers in 112 bytes (1 switches on core 0) [pid: 8|app: 0|req: 1230/2435] 10.0.0.141 () {32 vars in 685 bytes} [Mon Apr 20 06:28:01 2026] GET /v2.0/vpn/ipsec-site-connections => generated 796 bytes in 23 msecs (HTTP/1.1 200) 4 headers in 157 bytes (1 switches on core 0)
2026-04-20 06:28:01.608 8 INFO neutron.api.v2.resource [None req-e5458850-aab0-4f97-a3b9-86311c5fbd68 b8d79d4e87ec4fc883dbf59d21741f6a 52f993f332ae4803a2b1c7f95368e888 - - default default] delete failed (client error): The resource could not be found. [pid: 8|app: 0|req: 1231/2436] 10.0.0.141 () {32 vars in 762 bytes} [Mon Apr 20 06:28:01 2026] DELETE /v2.0/vpn/ipsec-site-connections/f41effb3-9755-4613-8bba-9be52d983b35 => generated 154 bytes in 10 msecs (HTTP/1.1 404) 4 headers in 164 bytes (1 switches on core 0) [pid: 8|app: 0|req: 1232/2437] 10.0.0.141 () {32 vars in 671 bytes} [Mon Apr 20 06:28:01 2026] GET /v2.0/vpn/endpoint-groups => generated 1188 bytes in 11 msecs (HTTP/1.1 200) 4 headers in 158 bytes (1 switches on core 0)
2026-04-20 06:28:01.740 8 INFO neutron.db.ovn_revision_numbers_db [None req-171f2e79-9f9a-489c-8a7d-466c29bd2b6b 94222d26040948dfa88afb4d9d8ffc23 7293df7eb7eb4aeea42f4be9062bf413 - - default default] Successfully bumped revision number for resource 4effae42-2dbb-47a9-9dac-b8b5b8637528 (type: security_groups) to 1
2026-04-20 06:28:01.754 8 INFO neutron.db.ovn_revision_numbers_db [None req-171f2e79-9f9a-489c-8a7d-466c29bd2b6b 94222d26040948dfa88afb4d9d8ffc23 7293df7eb7eb4aeea42f4be9062bf413 - - default default] Successfully bumped revision number for resource 0a565abb-e98f-4d31-be6d-4c7c8fdde1f8 (type: security_group_rules) to 0
2026-04-20 06:28:01.766 8 INFO neutron.db.ovn_revision_numbers_db [None req-171f2e79-9f9a-489c-8a7d-466c29bd2b6b 94222d26040948dfa88afb4d9d8ffc23 7293df7eb7eb4aeea42f4be9062bf413 - - default default] Successfully bumped revision number for resource 72036483-5659-41e5-8c93-da69d791563e (type: security_group_rules) to 0
2026-04-20 06:28:01.778 8 INFO neutron.db.ovn_revision_numbers_db [None req-171f2e79-9f9a-489c-8a7d-466c29bd2b6b 94222d26040948dfa88afb4d9d8ffc23 7293df7eb7eb4aeea42f4be9062bf413 - - default default] Successfully bumped revision number for resource af5214f8-1421-458c-baa4-f76a42018e01 (type: security_group_rules) to 0
2026-04-20 06:28:01.789 8 INFO neutron.db.ovn_revision_numbers_db [None req-171f2e79-9f9a-489c-8a7d-466c29bd2b6b 94222d26040948dfa88afb4d9d8ffc23 7293df7eb7eb4aeea42f4be9062bf413 - - default default] Successfully bumped revision number for resource c51f0741-8303-4b0d-b206-bf5c07ed4bef (type: security_group_rules) to 0 [pid: 8|app: 0|req: 1233/2438] 10.0.0.141 () {32 vars in 774 bytes} [Mon Apr 20 06:28:01 2026] GET /v2.0/security-groups?tenant_id=8d3f14d005244005be688d6a9b7f1427&name=default => generated 2929 bytes in 204 msecs (HTTP/1.1 200) 4 headers in 158 bytes (1 switches on core 0) [pid: 8|app: 0|req: 1234/2439] 10.0.0.141 () {32 vars in 748 bytes} [Mon Apr 20 06:28:01 2026] DELETE /v2.0/vpn/endpoint-groups/6907c93b-bd76-4a92-b527-944bfb040777 => generated 0 bytes in 27 msecs (HTTP/1.1 204) 2 headers in 112 bytes (1 switches on core 0)
2026-04-20 06:28:01.990 7 WARNING neutron.scheduler.dhcp_agent_scheduler [None req-09c348fb-d513-4ba4-a223-212f31155366 c34329a683064a0494b6922fbbb01700 7400546ad9794be7ac43fe0aa95925ff - - default default] No more DHCP agents
2026-04-20 06:28:01.992 7 WARNING neutron.api.rpc.agentnotifiers.dhcp_rpc_agent_api [None req-09c348fb-d513-4ba4-a223-212f31155366 c34329a683064a0494b6922fbbb01700 7400546ad9794be7ac43fe0aa95925ff - - default default] Unable to schedule network fdc86229-42a0-4ab7-86f4-e63f04bae509: no agents available; will retry on subsequent port and subnet creation events. [pid: 8|app: 0|req: 1235/2440] 10.0.0.141 () {32 vars in 740 bytes} [Mon Apr 20 06:28:01 2026] DELETE /v2.0/security-groups/4effae42-2dbb-47a9-9dac-b8b5b8637528 => generated 0 bytes in 239 msecs (HTTP/1.1 204) 2 headers in 112 bytes (1 switches on core 0) [pid: 8|app: 0|req: 1236/2441] 10.0.0.141 () {32 vars in 671 bytes} [Mon Apr 20 06:28:02 2026] GET /v2.0/vpn/endpoint-groups => generated 905 bytes in 13 msecs (HTTP/1.1 200) 4 headers in 157 bytes (1 switches on core 0)
2026-04-20 06:28:02.148 7 INFO neutron.plugins.ml2.drivers.ovn.mech_driver.mech_driver [None req-183537c2-3b68-47fd-a5fe-cfb807dba21f - - - - - -] OVN reports status down for port: 68aae5e3-574c-4e94-bfd5-cdaca62176c0 [pid: 8|app: 0|req: 1237/2442] 10.0.0.141 () {32 vars in 671 bytes} [Mon Apr 20 06:28:02 2026] GET /v2.0/vpn/endpoint-groups => generated 905 bytes in 34 msecs (HTTP/1.1 200) 4 headers in 157 bytes (1 switches on core 0) [pid: 8|app: 0|req: 1238/2443] 10.0.0.141 () {32 vars in 748 bytes} [Mon Apr 20 06:28:02 2026] DELETE /v2.0/vpn/endpoint-groups/0fc2f371-770b-4bff-9df0-dd6a29a0ffad => generated 0 bytes in 32 msecs (HTTP/1.1 204) 2 headers in 112 bytes (1 switches on core 0) [pid: 8|app: 0|req: 1239/2444] 10.0.0.141 () {32 vars in 671 bytes} [Mon Apr 20 06:28:02 2026] GET /v2.0/vpn/endpoint-groups => generated 633 bytes in 11 msecs (HTTP/1.1 200) 4 headers in 157 bytes (1 switches on core 0)
2026-04-20 06:28:02.211 7 INFO neutron.db.ovn_revision_numbers_db [None req-09c348fb-d513-4ba4-a223-212f31155366 c34329a683064a0494b6922fbbb01700 7400546ad9794be7ac43fe0aa95925ff - - default default] Successfully bumped revision number for resource 68aae5e3-574c-4e94-bfd5-cdaca62176c0 (type: ports) to 1
2026-04-20 06:28:02.960 7 INFO neutron.plugins.ml2.drivers.ovn.mech_driver.ovsdb.commands [None req-4a3ee0b3-6668-4aa4-8c2a-da86a111abc9 - - - - - -] Schedule LRP lrp-68aae5e3-574c-4e94-bfd5-cdaca62176c0 on gateway d28a01f2-82c8-4a30-bd78-4082d5dbf640 with priority 1
2026-04-20 06:28:03.009 8 INFO neutron.db.ovn_revision_numbers_db [None req-57bf6e46-7919-4996-9627-35910dffe43f b8d79d4e87ec4fc883dbf59d21741f6a 52f993f332ae4803a2b1c7f95368e888 - - default default] Successfully bumped revision number for resource 62158ef8-ca7b-44d4-8d41-09b768cfb66f (type: routers) to 8
2026-04-20 06:28:03.024 7 INFO neutron.plugins.ml2.drivers.ovn.mech_driver.ovsdb.ovsdb_monitor [None req-09877231-b66e-4055-bed7-e8f52e9e7aad - - - - - -] Router bc936cc3-7a8d-492c-8dc1-5e4526a54f1c is bound to host instance
2026-04-20 06:28:03.049 7 INFO neutron.plugins.ml2.drivers.ovn.mech_driver.mech_driver [None req-183537c2-3b68-47fd-a5fe-cfb807dba21f - - - - - -] OVN reports status up for port: 68aae5e3-574c-4e94-bfd5-cdaca62176c0 [pid: 8|app: 0|req: 1240/2445] 10.0.0.141 () {34 vars in 707 bytes} [Mon Apr 20 06:28:02 2026] POST /v2.0/vpn/ipsec-site-connections => generated 804 bytes in 866 msecs (HTTP/1.1 201) 4 headers in 162 bytes (1 switches on core 0)
2026-04-20 06:28:03.122 7 INFO neutron.plugins.ml2.plugin [None req-183537c2-3b68-47fd-a5fe-cfb807dba21f - - - - - -] Attempt 1 to provision port 68aae5e3-574c-4e94-bfd5-cdaca62176c0
2026-04-20 06:28:03.157 7 INFO neutron.db.ovn_revision_numbers_db [None req-09c348fb-d513-4ba4-a223-212f31155366 c34329a683064a0494b6922fbbb01700 7400546ad9794be7ac43fe0aa95925ff - - default default] Successfully bumped revision number for resource 68aae5e3-574c-4e94-bfd5-cdaca62176c0 (type: router_ports) to 1
2026-04-20 06:28:03.413 7 INFO neutron.db.ovn_revision_numbers_db [None req-09c348fb-d513-4ba4-a223-212f31155366 c34329a683064a0494b6922fbbb01700 7400546ad9794be7ac43fe0aa95925ff - - default default] Successfully bumped revision number for resource bc936cc3-7a8d-492c-8dc1-5e4526a54f1c (type: routers) to 2 [pid: 7|app: 0|req: 1206/2446] 10.0.0.141 () {34 vars in 669 bytes} [Mon Apr 20 06:28:01 2026] POST /v2.0/routers => generated 945 bytes in 1919 msecs (HTTP/1.1 201) 4 headers in 162 bytes (1 switches on core 0)
2026-04-20 06:28:03.654 8 INFO neutron.db.ovn_revision_numbers_db [None req-0f08f775-0369-4f4a-bcf6-4632e6d4f800 b8d79d4e87ec4fc883dbf59d21741f6a 52f993f332ae4803a2b1c7f95368e888 - - default default] Successfully bumped revision number for resource 62158ef8-ca7b-44d4-8d41-09b768cfb66f (type: routers) to 9 [pid: 8|app: 0|req: 1241/2447] 10.0.0.141 () {32 vars in 762 bytes} [Mon Apr 20 06:28:03 2026] DELETE /v2.0/vpn/ipsec-site-connections/f0b81fc2-40ad-4294-bba6-3fb1468ea020 => generated 0 bytes in 600 msecs (HTTP/1.1 204) 2 headers in 112 bytes (1 switches on core 0) [pid: 8|app: 0|req: 1242/2448] 10.0.0.141 () {32 vars in 685 bytes} [Mon Apr 20 06:28:03 2026] GET /v2.0/vpn/ipsec-site-connections => generated 796 bytes in 29 msecs (HTTP/1.1 200) 4 headers in 157 bytes (1 switches on core 0)
2026-04-20 06:28:03.752 8 INFO neutron.api.v2.resource [None req-1ba957b8-94a6-42be-910c-d3c316227977 b8d79d4e87ec4fc883dbf59d21741f6a 52f993f332ae4803a2b1c7f95368e888 - - default default] delete failed (client error): The resource could not be found. [pid: 8|app: 0|req: 1243/2449] 10.0.0.141 () {32 vars in 762 bytes} [Mon Apr 20 06:28:03 2026] DELETE /v2.0/vpn/ipsec-site-connections/f0b81fc2-40ad-4294-bba6-3fb1468ea020 => generated 154 bytes in 15 msecs (HTTP/1.1 404) 4 headers in 164 bytes (1 switches on core 0) [pid: 8|app: 0|req: 1244/2450] 10.0.0.141 () {34 vars in 693 bytes} [Mon Apr 20 06:28:03 2026] POST /v2.0/vpn/endpoint-groups => generated 290 bytes in 40 msecs (HTTP/1.1 201) 4 headers in 162 bytes (1 switches on core 0) [pid: 8|app: 0|req: 1245/2451] 10.0.0.141 () {30 vars in 702 bytes} [Mon Apr 20 06:28:03 2026] PUT /v2.0/vpn/endpoint-groups/9d6bb155-39c2-4010-b4be-f38faeb804e1 => generated 290 bytes in 15 msecs (HTTP/1.1 200) 4 headers in 157 bytes (1 switches on core 0) [pid: 8|app: 0|req: 1246/2452] 10.0.0.141 () {32 vars in 745 bytes} [Mon Apr 20 06:28:03 2026] GET /v2.0/vpn/endpoint-groups/9d6bb155-39c2-4010-b4be-f38faeb804e1 => generated 290 bytes in 8 msecs (HTTP/1.1 200) 4 headers in 157 bytes (1 switches on core 0) [pid: 8|app: 0|req: 1247/2453] 10.0.0.141 () {32 vars in 748 bytes} [Mon Apr 20 06:28:03 2026] DELETE /v2.0/vpn/endpoint-groups/9d6bb155-39c2-4010-b4be-f38faeb804e1 => generated 0 bytes in 23 msecs (HTTP/1.1 204) 2 headers in 112 bytes (1 switches on core 0) [pid: 8|app: 0|req: 1248/2454] 10.0.0.141 () {32 vars in 671 bytes} [Mon Apr 20 06:28:03 2026] GET /v2.0/vpn/endpoint-groups => generated 633 bytes in 9 msecs (HTTP/1.1 200) 4 headers in 157 bytes (1 switches on core 0) [pid: 8|app: 0|req: 1249/2455] 10.0.0.141 () {32 vars in 671 bytes} [Mon Apr 20 06:28:03 2026] GET /v2.0/vpn/endpoint-groups => generated 633 bytes in 9 msecs (HTTP/1.1 200) 4 headers in 157 bytes (1 switches on core 0) [pid: 8|app: 0|req: 1250/2456] 10.0.0.141 () {34 vars in 685 bytes} [Mon Apr 20 06:28:03 2026] POST /v2.0/vpn/ikepolicies => generated 402 bytes in 41 msecs (HTTP/1.1 201) 4 headers in 162 bytes (1 switches on core 0) [pid: 8|app: 0|req: 1251/2457] 10.0.0.141 () {30 vars in 695 bytes} [Mon Apr 20 06:28:03 2026] PUT /v2.0/vpn/ikepolicies/c15367be-41f7-48f9-bef0-25f836b300c2 => generated 419 bytes in 25 msecs (HTTP/1.1 200) 4 headers in 157 bytes (1 switches on core 0) [pid: 8|app: 0|req: 1252/2458] 10.0.0.141 () {32 vars in 737 bytes} [Mon Apr 20 06:28:03 2026] GET /v2.0/vpn/ikepolicies/c15367be-41f7-48f9-bef0-25f836b300c2 => generated 419 bytes in 9 msecs (HTTP/1.1 200) 4 headers in 157 bytes (1 switches on core 0) [pid: 8|app: 0|req: 1253/2459] 10.0.0.141 () {32 vars in 740 bytes} [Mon Apr 20 06:28:03 2026] DELETE /v2.0/vpn/ikepolicies/c15367be-41f7-48f9-bef0-25f836b300c2 => generated 0 bytes in 28 msecs (HTTP/1.1 204) 2 headers in 112 bytes (1 switches on core 0) [pid: 8|app: 0|req: 1254/2460] 10.0.0.141 () {32 vars in 663 bytes} [Mon Apr 20 06:28:04 2026] GET /v2.0/vpn/ikepolicies => generated 408 bytes in 8 msecs (HTTP/1.1 200) 4 headers in 157 bytes (1 switches on core 0) [pid: 8|app: 0|req: 1255/2461] 10.0.0.141 () {32 vars in 663 bytes} [Mon Apr 20 06:28:04 2026] GET /v2.0/vpn/ikepolicies => generated 408 bytes in 9 msecs (HTTP/1.1 200) 4 headers in 157 bytes (1 switches on core 0) [pid: 8|app: 0|req: 1256/2462] 10.0.0.141 () {34 vars in 689 bytes} [Mon Apr 20 06:28:04 2026] POST /v2.0/vpn/ipsecpolicies => generated 411 bytes in 41 msecs (HTTP/1.1 201) 4 headers in 162 bytes (1 switches on core 0) [pid: 8|app: 0|req: 1257/2463] 10.0.0.141 () {30 vars in 699 bytes} [Mon Apr 20 06:28:04 2026] PUT /v2.0/vpn/ipsecpolicies/af5c1427-25ee-41d7-885a-947483695aa9 => generated 431 bytes in 26 msecs (HTTP/1.1 200) 4 headers in 157 bytes (1 switches on core 0) [pid: 8|app: 0|req: 1258/2464] 10.0.0.141 () {32 vars in 744 bytes} [Mon Apr 20 06:28:04 2026] DELETE /v2.0/vpn/ipsecpolicies/af5c1427-25ee-41d7-885a-947483695aa9 => generated 0 bytes in 30 msecs (HTTP/1.1 204) 2 headers in 112 bytes (1 switches on core 0)
2026-04-20 06:28:04.164 8 INFO neutron.api.v2.resource [None req-278bcd3e-925f-4d50-9a7f-99a465c22185 b8d79d4e87ec4fc883dbf59d21741f6a 52f993f332ae4803a2b1c7f95368e888 - - default default] delete failed (client error): The resource could not be found. [pid: 8|app: 0|req: 1259/2465] 10.0.0.141 () {32 vars in 744 bytes} [Mon Apr 20 06:28:04 2026] DELETE /v2.0/vpn/ipsecpolicies/af5c1427-25ee-41d7-885a-947483695aa9 => generated 145 bytes in 9 msecs (HTTP/1.1 404) 4 headers in 164 bytes (1 switches on core 0)
2026-04-20 06:28:04.179 8 INFO neutron.api.v2.resource [None req-a247031c-78ba-4b7c-ba05-9eb194997dcd b8d79d4e87ec4fc883dbf59d21741f6a 52f993f332ae4803a2b1c7f95368e888 - - default default] delete failed (client error): The resource could not be found. [pid: 8|app: 0|req: 1260/2466] 10.0.0.141 () {32 vars in 744 bytes} [Mon Apr 20 06:28:04 2026] DELETE /v2.0/vpn/ipsecpolicies/af5c1427-25ee-41d7-885a-947483695aa9 => generated 145 bytes in 12 msecs (HTTP/1.1 404) 4 headers in 164 bytes (1 switches on core 0)
2026-04-20 06:28:04.291 8 INFO neutron.db.segments_db [None req-46ef52a2-4f72-4469-8de1-0c4806fc497a b8d79d4e87ec4fc883dbf59d21741f6a 52f993f332ae4803a2b1c7f95368e888 - - default default] Added segment e286e7dc-0d69-4b54-a0b4-b4bb3ec65316 of type geneve for network 03335f42-03d2-4efb-b5b2-84ca1ca0570f
2026-04-20 06:28:04.419 8 INFO neutron.db.ovn_revision_numbers_db [None req-46ef52a2-4f72-4469-8de1-0c4806fc497a b8d79d4e87ec4fc883dbf59d21741f6a 52f993f332ae4803a2b1c7f95368e888 - - default default] Successfully bumped revision number for resource 03335f42-03d2-4efb-b5b2-84ca1ca0570f (type: networks) to 1
2026-04-20 06:28:04.499 7 WARNING neutron.scheduler.dhcp_agent_scheduler [None req-084e7b5d-62e6-4a58-962c-9ca687f48883 c34329a683064a0494b6922fbbb01700 7400546ad9794be7ac43fe0aa95925ff - - default default] No more DHCP agents
2026-04-20 06:28:04.503 7 WARNING neutron.api.rpc.agentnotifiers.dhcp_rpc_agent_api [None req-084e7b5d-62e6-4a58-962c-9ca687f48883 c34329a683064a0494b6922fbbb01700 7400546ad9794be7ac43fe0aa95925ff - - default default] Unable to schedule network 3e82483e-4a95-416a-8aa9-5650ae078370: no agents available; will retry on subsequent port and subnet creation events.
2026-04-20 06:28:04.590 8 WARNING neutron.scheduler.dhcp_agent_scheduler [None req-46ef52a2-4f72-4469-8de1-0c4806fc497a b8d79d4e87ec4fc883dbf59d21741f6a 52f993f332ae4803a2b1c7f95368e888 - - default default] No more DHCP agents
2026-04-20 06:28:04.592 8 WARNING neutron.api.rpc.agentnotifiers.dhcp_rpc_agent_api [None req-46ef52a2-4f72-4469-8de1-0c4806fc497a b8d79d4e87ec4fc883dbf59d21741f6a 52f993f332ae4803a2b1c7f95368e888 - - default default] Unable to schedule network 03335f42-03d2-4efb-b5b2-84ca1ca0570f: no agents available; will retry on subsequent port and subnet creation events.
2026-04-20 06:28:04.637 8 INFO neutron.plugins.ml2.drivers.ovn.mech_driver.mech_driver [None req-fddc0875-fb5d-4f36-9f82-f4226d799256 - - - - - -] OVN reports status down for port: 97c77fd8-1ff7-470d-9d95-1c1be884e973
2026-04-20 06:28:04.690 8 INFO neutron.db.ovn_revision_numbers_db [None req-46ef52a2-4f72-4469-8de1-0c4806fc497a b8d79d4e87ec4fc883dbf59d21741f6a 52f993f332ae4803a2b1c7f95368e888 - - default default] Successfully bumped revision number for resource 97c77fd8-1ff7-470d-9d95-1c1be884e973 (type: ports) to 1 [pid: 8|app: 0|req: 1261/2467] 10.0.0.141 () {34 vars in 670 bytes} [Mon Apr 20 06:28:04 2026] POST /v2.0/networks => generated 651 bytes in 549 msecs (HTTP/1.1 201) 4 headers in 162 bytes (1 switches on core 0)
2026-04-20 06:28:04.752 8 INFO neutron.plugins.ml2.drivers.ovn.mech_driver.mech_driver [None req-fddc0875-fb5d-4f36-9f82-f4226d799256 - - - - - -] OVN reports status down for port: 252c20a7-5445-4ee6-905a-1b76d76c6111
2026-04-20 06:28:04.831 7 INFO neutron.db.ovn_revision_numbers_db [None req-084e7b5d-62e6-4a58-962c-9ca687f48883 c34329a683064a0494b6922fbbb01700 7400546ad9794be7ac43fe0aa95925ff - - default default] Successfully bumped revision number for resource 252c20a7-5445-4ee6-905a-1b76d76c6111 (type: ports) to 1
2026-04-20 06:28:04.870 7 INFO neutron.db.ovn_revision_numbers_db [None req-db873dc4-90a3-4e1f-8dd6-016b69dc3a4f - - - - - -] Successfully bumped revision number for resource 68aae5e3-574c-4e94-bfd5-cdaca62176c0 (type: ports) to 4
2026-04-20 06:28:05.008 8 WARNING neutron.scheduler.dhcp_agent_scheduler [None req-6f61d86d-24c9-46ef-9fa5-6bb978deddcb b8d79d4e87ec4fc883dbf59d21741f6a 52f993f332ae4803a2b1c7f95368e888 - - default default] No more DHCP agents
2026-04-20 06:28:05.009 8 WARNING neutron.api.rpc.agentnotifiers.dhcp_rpc_agent_api [None req-6f61d86d-24c9-46ef-9fa5-6bb978deddcb b8d79d4e87ec4fc883dbf59d21741f6a 52f993f332ae4803a2b1c7f95368e888 - - default default] Unable to schedule network 03335f42-03d2-4efb-b5b2-84ca1ca0570f: no agents available; will retry on subsequent port and subnet creation events.
2026-04-20 06:28:05.450 8 INFO neutron.db.ovn_revision_numbers_db [None req-012f7903-bb30-4848-ae1e-bbf39aa0b7ed - - - - - -] Successfully bumped revision number for resource 97c77fd8-1ff7-470d-9d95-1c1be884e973 (type: ports) to 2
2026-04-20 06:28:05.488 8 INFO neutron.db.ovn_revision_numbers_db [None req-012f7903-bb30-4848-ae1e-bbf39aa0b7ed - - - - - -] Successfully bumped revision number for resource 320c2bcf-d92a-45e3-b68e-ab45cdb59af4 (type: subnets) to 0 [pid: 8|app: 0|req: 1262/2468] 10.0.0.141 () {34 vars in 669 bytes} [Mon Apr 20 06:28:04 2026] POST /v2.0/subnets => generated 629 bytes in 764 msecs (HTTP/1.1 201) 4 headers in 162 bytes (1 switches on core 0)
2026-04-20 06:28:05.640 7 INFO neutron.db.ovn_revision_numbers_db [None req-db873dc4-90a3-4e1f-8dd6-016b69dc3a4f - - - - - -] Successfully bumped revision number for resource 68aae5e3-574c-4e94-bfd5-cdaca62176c0 (type: ports) to 5
2026-04-20 06:28:05.801 8 INFO neutron.db.ovn_revision_numbers_db [None req-1175d75b-c7c4-4515-8762-277fd3594ecb 74b9bf640c904c448daf3762d0afc573 5493c47491e444adbbeff5d43687f87f - - default default] Successfully bumped revision number for resource fd340567-ad5e-4436-ba12-908b0ef4f87c (type: security_groups) to 1
2026-04-20 06:28:05.814 8 INFO neutron.db.ovn_revision_numbers_db [None req-1175d75b-c7c4-4515-8762-277fd3594ecb 74b9bf640c904c448daf3762d0afc573 5493c47491e444adbbeff5d43687f87f - - default default] Successfully bumped revision number for resource 397a5fe3-3a57-4089-994d-c8c128f2aad1 (type: security_group_rules) to 0
2026-04-20 06:28:05.825 8 INFO neutron.db.ovn_revision_numbers_db [None req-1175d75b-c7c4-4515-8762-277fd3594ecb 74b9bf640c904c448daf3762d0afc573 5493c47491e444adbbeff5d43687f87f - - default default] Successfully bumped revision number for resource 5ed3e8ab-fc02-4901-9c8e-2f8a91d7865e (type: security_group_rules) to 0
2026-04-20 06:28:05.837 8 INFO neutron.db.ovn_revision_numbers_db [None req-1175d75b-c7c4-4515-8762-277fd3594ecb 74b9bf640c904c448daf3762d0afc573 5493c47491e444adbbeff5d43687f87f - - default default] Successfully bumped revision number for resource 75e92acc-80eb-4b28-a20d-1e060dec47d3 (type: security_group_rules) to 0
2026-04-20 06:28:05.849 8 INFO neutron.db.ovn_revision_numbers_db [None req-1175d75b-c7c4-4515-8762-277fd3594ecb 74b9bf640c904c448daf3762d0afc573 5493c47491e444adbbeff5d43687f87f - - default default] Successfully bumped revision number for resource e8abe7b3-e3a1-4510-8623-730efc6a2239 (type: security_group_rules) to 0
2026-04-20 06:28:05.930 8 INFO neutron.db.segments_db [None req-1175d75b-c7c4-4515-8762-277fd3594ecb 74b9bf640c904c448daf3762d0afc573 5493c47491e444adbbeff5d43687f87f - - default default] Added segment a13234fd-42a2-4e42-bc60-467cdd4751a8 of type geneve for network 048923c1-026c-4d18-a4c3-3b091e70bd10
2026-04-20 06:28:05.968 8 INFO neutron.plugins.ml2.drivers.ovn.mech_driver.mech_driver [None req-fddc0875-fb5d-4f36-9f82-f4226d799256 - - - - - -] OVN reports status up for port: 252c20a7-5445-4ee6-905a-1b76d76c6111
2026-04-20 06:28:06.005 8 INFO neutron.plugins.ml2.plugin [None req-fddc0875-fb5d-4f36-9f82-f4226d799256 - - - - - -] Attempt 1 to provision port 252c20a7-5445-4ee6-905a-1b76d76c6111
2026-04-20 06:28:06.045 7 WARNING neutron.scheduler.dhcp_agent_scheduler [None req-084e7b5d-62e6-4a58-962c-9ca687f48883 c34329a683064a0494b6922fbbb01700 7400546ad9794be7ac43fe0aa95925ff - - default default] No more DHCP agents
2026-04-20 06:28:06.047 7 WARNING neutron.api.rpc.agentnotifiers.dhcp_rpc_agent_api [None req-084e7b5d-62e6-4a58-962c-9ca687f48883 c34329a683064a0494b6922fbbb01700 7400546ad9794be7ac43fe0aa95925ff - - default default] Unable to schedule network 3e82483e-4a95-416a-8aa9-5650ae078370: no agents available; will retry on subsequent port and subnet creation events.
2026-04-20 06:28:06.122 8 INFO neutron.db.ovn_revision_numbers_db [None req-1175d75b-c7c4-4515-8762-277fd3594ecb 74b9bf640c904c448daf3762d0afc573 5493c47491e444adbbeff5d43687f87f - - default default] Successfully bumped revision number for resource 048923c1-026c-4d18-a4c3-3b091e70bd10 (type: networks) to 1
2026-04-20 06:28:06.390 7 INFO neutron.db.ovn_revision_numbers_db [None req-084e7b5d-62e6-4a58-962c-9ca687f48883 c34329a683064a0494b6922fbbb01700 7400546ad9794be7ac43fe0aa95925ff - - default default] Successfully bumped revision number for resource 252c20a7-5445-4ee6-905a-1b76d76c6111 (type: router_ports) to 1 [pid: 7|app: 0|req: 1207/2469] 10.0.0.141 () {34 vars in 783 bytes} [Mon Apr 20 06:28:03 2026] PUT /v2.0/routers/bc936cc3-7a8d-492c-8dc1-5e4526a54f1c/add_router_interface => generated 309 bytes in 2939 msecs (HTTP/1.1 200) 4 headers in 157 bytes (1 switches on core 0)
2026-04-20 06:28:06.531 8 WARNING neutron.scheduler.dhcp_agent_scheduler [None req-1175d75b-c7c4-4515-8762-277fd3594ecb 74b9bf640c904c448daf3762d0afc573 5493c47491e444adbbeff5d43687f87f - - default default] No more DHCP agents
2026-04-20 06:28:06.532 8 WARNING neutron.api.rpc.agentnotifiers.dhcp_rpc_agent_api [None req-1175d75b-c7c4-4515-8762-277fd3594ecb 74b9bf640c904c448daf3762d0afc573 5493c47491e444adbbeff5d43687f87f - - default default] Unable to schedule network 048923c1-026c-4d18-a4c3-3b091e70bd10: no agents available; will retry on subsequent port and subnet creation events.
2026-04-20 06:28:06.618 7 INFO neutron.plugins.ml2.drivers.ovn.mech_driver.mech_driver [None req-183537c2-3b68-47fd-a5fe-cfb807dba21f - - - - - -] OVN reports status down for port: 6f803473-fc4d-4e8b-aace-34e030ac6b8a
2026-04-20 06:28:06.673 8 INFO neutron.db.ovn_revision_numbers_db [None req-1175d75b-c7c4-4515-8762-277fd3594ecb 74b9bf640c904c448daf3762d0afc573 5493c47491e444adbbeff5d43687f87f - - default default] Successfully bumped revision number for resource 6f803473-fc4d-4e8b-aace-34e030ac6b8a (type: ports) to 1 [pid: 8|app: 0|req: 1263/2470] 10.0.0.141 () {34 vars in 670 bytes} [Mon Apr 20 06:28:05 2026] POST /v2.0/networks => generated 649 bytes in 1208 msecs (HTTP/1.1 201) 4 headers in 162 bytes (1 switches on core 0)
2026-04-20 06:28:06.884 7 WARNING neutron.scheduler.dhcp_agent_scheduler [None req-bdaa5e84-4c76-43f8-96f0-e5a64d6c8578 b8d79d4e87ec4fc883dbf59d21741f6a 52f993f332ae4803a2b1c7f95368e888 - - default default] No more DHCP agents
2026-04-20 06:28:06.885 7 WARNING neutron.api.rpc.agentnotifiers.dhcp_rpc_agent_api [None req-bdaa5e84-4c76-43f8-96f0-e5a64d6c8578 b8d79d4e87ec4fc883dbf59d21741f6a 52f993f332ae4803a2b1c7f95368e888 - - default default] Unable to schedule network fdc86229-42a0-4ab7-86f4-e63f04bae509: no agents available; will retry on subsequent port and subnet creation events.
2026-04-20 06:28:06.996 7 INFO neutron.plugins.ml2.drivers.ovn.mech_driver.mech_driver [None req-183537c2-3b68-47fd-a5fe-cfb807dba21f - - - - - -] OVN reports status down for port: 4d4ba155-e1f7-4287-a75f-9e9952b05c90
2026-04-20 06:28:07.058 7 INFO neutron.db.ovn_revision_numbers_db [None req-bdaa5e84-4c76-43f8-96f0-e5a64d6c8578 b8d79d4e87ec4fc883dbf59d21741f6a 52f993f332ae4803a2b1c7f95368e888 - - default default] Successfully bumped revision number for resource 4d4ba155-e1f7-4287-a75f-9e9952b05c90 (type: ports) to 1
2026-04-20 06:28:07.725 7 INFO neutron.plugins.ml2.drivers.ovn.mech_driver.ovsdb.commands [None req-4a3ee0b3-6668-4aa4-8c2a-da86a111abc9 - - - - - -] Schedule LRP lrp-4d4ba155-e1f7-4287-a75f-9e9952b05c90 on gateway d28a01f2-82c8-4a30-bd78-4082d5dbf640 with priority 1
2026-04-20 06:28:07.764 7 INFO neutron.plugins.ml2.drivers.ovn.mech_driver.mech_driver [None req-183537c2-3b68-47fd-a5fe-cfb807dba21f - - - - - -] OVN reports status up for port: 4d4ba155-e1f7-4287-a75f-9e9952b05c90
2026-04-20 06:28:07.789 7 INFO neutron.plugins.ml2.plugin [None req-183537c2-3b68-47fd-a5fe-cfb807dba21f - - - - - -] Attempt 1 to provision port 4d4ba155-e1f7-4287-a75f-9e9952b05c90
2026-04-20 06:28:07.844 7 INFO neutron.db.ovn_revision_numbers_db [None req-bdaa5e84-4c76-43f8-96f0-e5a64d6c8578 b8d79d4e87ec4fc883dbf59d21741f6a 52f993f332ae4803a2b1c7f95368e888 - - default default] Successfully bumped revision number for resource 4d4ba155-e1f7-4287-a75f-9e9952b05c90 (type: router_ports) to 1
2026-04-20 06:28:07.965 8 INFO neutron.db.ovn_revision_numbers_db [None req-fddc0875-fb5d-4f36-9f82-f4226d799256 - - - - - -] Successfully bumped revision number for resource 252c20a7-5445-4ee6-905a-1b76d76c6111 (type: ports) to 2
2026-04-20 06:28:08.432 8 WARNING neutron.scheduler.dhcp_agent_scheduler [None req-b35bc07e-92f3-48f8-b477-06f6b2c8ed90 c34329a683064a0494b6922fbbb01700 7400546ad9794be7ac43fe0aa95925ff - - default default] No more DHCP agents
2026-04-20 06:28:08.434 8 WARNING neutron.api.rpc.agentnotifiers.dhcp_rpc_agent_api [None req-b35bc07e-92f3-48f8-b477-06f6b2c8ed90 c34329a683064a0494b6922fbbb01700 7400546ad9794be7ac43fe0aa95925ff - - default default] Unable to schedule network 0b292995-200f-4227-bf48-1e592ff0dc75: no agents available; will retry on subsequent port and subnet creation events.
2026-04-20 06:28:08.568 8 INFO neutron.db.ovn_revision_numbers_db [None req-b35bc07e-92f3-48f8-b477-06f6b2c8ed90 c34329a683064a0494b6922fbbb01700 7400546ad9794be7ac43fe0aa95925ff - - default default] Successfully bumped revision number for resource 609dd55b-d83d-44b0-b4ab-4197f1d8e70c (type: ports) to 1
2026-04-20 06:28:08.688 7 INFO neutron.db.ovn_revision_numbers_db [None req-bdaa5e84-4c76-43f8-96f0-e5a64d6c8578 b8d79d4e87ec4fc883dbf59d21741f6a 52f993f332ae4803a2b1c7f95368e888 - - default default] Successfully bumped revision number for resource 9f6a8c3e-37d7-40ff-b26c-7b1c2b7dd5b8 (type: routers) to 2 [pid: 7|app: 0|req: 1208/2471] 10.0.0.141 () {34 vars in 669 bytes} [Mon Apr 20 06:28:06 2026] POST /v2.0/routers => generated 937 bytes in 2309 msecs (HTTP/1.1 201) 4 headers in 162 bytes (1 switches on core 0)
2026-04-20 06:28:08.791 7 INFO neutron.db.segments_db [None req-a8139a71-f944-4562-86db-7d1a54454766 74b9bf640c904c448daf3762d0afc573 5493c47491e444adbbeff5d43687f87f - - default default] Added segment 947572bb-71c2-4001-beab-ea9a90fcbac9 of type geneve for network 72cc760a-5b31-42a0-9152-b4522469657c
2026-04-20 06:28:08.903 7 INFO neutron.db.ovn_revision_numbers_db [None req-a8139a71-f944-4562-86db-7d1a54454766 74b9bf640c904c448daf3762d0afc573 5493c47491e444adbbeff5d43687f87f - - default default] Successfully bumped revision number for resource 72cc760a-5b31-42a0-9152-b4522469657c (type: networks) to 1
2026-04-20 06:28:09.062 7 WARNING neutron.scheduler.dhcp_agent_scheduler [None req-a8139a71-f944-4562-86db-7d1a54454766 74b9bf640c904c448daf3762d0afc573 5493c47491e444adbbeff5d43687f87f - - default default] No more DHCP agents
2026-04-20 06:28:09.063 7 WARNING neutron.api.rpc.agentnotifiers.dhcp_rpc_agent_api [None req-a8139a71-f944-4562-86db-7d1a54454766 74b9bf640c904c448daf3762d0afc573 5493c47491e444adbbeff5d43687f87f - - default default] Unable to schedule network 72cc760a-5b31-42a0-9152-b4522469657c: no agents available; will retry on subsequent port and subnet creation events.
2026-04-20 06:28:09.141 7 INFO neutron.db.ovn_revision_numbers_db [None req-a8139a71-f944-4562-86db-7d1a54454766 74b9bf640c904c448daf3762d0afc573 5493c47491e444adbbeff5d43687f87f - - default default] Successfully bumped revision number for resource e8223cf6-a05d-4e4c-8c2c-3c1f101fd32a (type: ports) to 1 [pid: 7|app: 0|req: 1211/2474] 10.0.0.141 () {34 vars in 670 bytes} [Mon Apr 20 06:28:08 2026] POST /v2.0/networks => generated 651 bytes in 453 msecs (HTTP/1.1 201) 4 headers in 162 bytes (1 switches on core 0)
2026-04-20 06:28:09.293 8 WARNING neutron.scheduler.dhcp_agent_scheduler [None req-b35bc07e-92f3-48f8-b477-06f6b2c8ed90 c34329a683064a0494b6922fbbb01700 7400546ad9794be7ac43fe0aa95925ff - - default default] No more DHCP agents
2026-04-20 06:28:09.294 8 WARNING neutron.api.rpc.agentnotifiers.dhcp_rpc_agent_api [None req-b35bc07e-92f3-48f8-b477-06f6b2c8ed90 c34329a683064a0494b6922fbbb01700 7400546ad9794be7ac43fe0aa95925ff - - default default] Unable to schedule network 0b292995-200f-4227-bf48-1e592ff0dc75: no agents available; will retry on subsequent port and subnet creation events.
2026-04-20 06:28:09.589 8 INFO neutron.db.ovn_revision_numbers_db [None req-b35bc07e-92f3-48f8-b477-06f6b2c8ed90 c34329a683064a0494b6922fbbb01700 7400546ad9794be7ac43fe0aa95925ff - - default default] Successfully bumped revision number for resource 609dd55b-d83d-44b0-b4ab-4197f1d8e70c (type: router_ports) to 1 [pid: 8|app: 0|req: 1264/2475] 10.0.0.141 () {34 vars in 783 bytes} [Mon Apr 20 06:28:06 2026] PUT /v2.0/routers/bc936cc3-7a8d-492c-8dc1-5e4526a54f1c/add_router_interface => generated 309 bytes in 2875 msecs (HTTP/1.1 200) 4 headers in 157 bytes (1 switches on core 0) [pid: 8|app: 0|req: 1265/2476] 10.0.0.141 () {34 vars in 753 bytes} [Mon Apr 20 06:28:09 2026] PUT /v2.0/networks/048923c1-026c-4d18-a4c3-3b091e70bd10/tags => generated 25 bytes in 44 msecs (HTTP/1.1 200) 4 headers in 156 bytes (1 switches on core 0)
2026-04-20 06:28:09.788 7 WARNING neutron.scheduler.dhcp_agent_scheduler [None req-4add18ee-a5ef-427f-94b5-f69a6f9a04eb b8d79d4e87ec4fc883dbf59d21741f6a 52f993f332ae4803a2b1c7f95368e888 - - default default] No more DHCP agents
2026-04-20 06:28:09.791 7 WARNING neutron.api.rpc.agentnotifiers.dhcp_rpc_agent_api [None req-4add18ee-a5ef-427f-94b5-f69a6f9a04eb b8d79d4e87ec4fc883dbf59d21741f6a 52f993f332ae4803a2b1c7f95368e888 - - default default] Unable to schedule network 03335f42-03d2-4efb-b5b2-84ca1ca0570f: no agents available; will retry on subsequent port and subnet creation events.
2026-04-20 06:28:09.938 7 INFO neutron.db.ovn_revision_numbers_db [None req-4add18ee-a5ef-427f-94b5-f69a6f9a04eb b8d79d4e87ec4fc883dbf59d21741f6a 52f993f332ae4803a2b1c7f95368e888 - - default default] Successfully bumped revision number for resource 873b2001-5795-428d-bbe2-0ffe47002c42 (type: ports) to 1
2026-04-20 06:28:10.174 8 WARNING neutron.scheduler.dhcp_agent_scheduler [None req-5cf7d447-09fb-4b57-a54b-30b2335cc40b c34329a683064a0494b6922fbbb01700 7400546ad9794be7ac43fe0aa95925ff - - default default] No more DHCP agents
2026-04-20 06:28:10.176 8 WARNING neutron.api.rpc.agentnotifiers.dhcp_rpc_agent_api [None req-5cf7d447-09fb-4b57-a54b-30b2335cc40b c34329a683064a0494b6922fbbb01700 7400546ad9794be7ac43fe0aa95925ff - - default default] Unable to schedule network 5a13efc5-3028-4c10-acd7-e97f693130f6: no agents available; will retry on subsequent port and subnet creation events.
2026-04-20 06:28:10.323 8 INFO neutron.db.ovn_revision_numbers_db [None req-5cf7d447-09fb-4b57-a54b-30b2335cc40b c34329a683064a0494b6922fbbb01700 7400546ad9794be7ac43fe0aa95925ff - - default default] Successfully bumped revision number for resource 008a371b-84ea-4911-beef-d386e97e04b1 (type: ports) to 1
2026-04-20 06:28:10.640 7 WARNING neutron.scheduler.dhcp_agent_scheduler [None req-4add18ee-a5ef-427f-94b5-f69a6f9a04eb b8d79d4e87ec4fc883dbf59d21741f6a 52f993f332ae4803a2b1c7f95368e888 - - default default] No more DHCP agents
2026-04-20 06:28:10.641 7 WARNING neutron.api.rpc.agentnotifiers.dhcp_rpc_agent_api [None req-4add18ee-a5ef-427f-94b5-f69a6f9a04eb b8d79d4e87ec4fc883dbf59d21741f6a 52f993f332ae4803a2b1c7f95368e888 - - default default] Unable to schedule network 03335f42-03d2-4efb-b5b2-84ca1ca0570f: no agents available; will retry on subsequent port and subnet creation events.
2026-04-20 06:28:10.963 7 INFO neutron.db.ovn_revision_numbers_db [None req-4add18ee-a5ef-427f-94b5-f69a6f9a04eb b8d79d4e87ec4fc883dbf59d21741f6a 52f993f332ae4803a2b1c7f95368e888 - - default default] Successfully bumped revision number for resource 873b2001-5795-428d-bbe2-0ffe47002c42 (type: router_ports) to 1 [pid: 7|app: 0|req: 1212/2477] 10.0.0.141 () {34 vars in 783 bytes} [Mon Apr 20 06:28:09 2026] PUT /v2.0/routers/9f6a8c3e-37d7-40ff-b26c-7b1c2b7dd5b8/add_router_interface => generated 309 bytes in 1809 msecs (HTTP/1.1 200) 4 headers in 157 bytes (1 switches on core 0) [pid: 7|app: 0|req: 1213/2478] 10.0.0.141 () {32 vars in 733 bytes} [Mon Apr 20 06:28:10 2026] GET /v2.0/networks/048923c1-026c-4d18-a4c3-3b091e70bd10/tags => generated 25 bytes in 48 msecs (HTTP/1.1 200) 4 headers in 156 bytes (1 switches on core 0)
2026-04-20 06:28:11.280 8 WARNING neutron.scheduler.dhcp_agent_scheduler [None req-5cf7d447-09fb-4b57-a54b-30b2335cc40b c34329a683064a0494b6922fbbb01700 7400546ad9794be7ac43fe0aa95925ff - - default default] No more DHCP agents
2026-04-20 06:28:11.281 8 WARNING neutron.api.rpc.agentnotifiers.dhcp_rpc_agent_api [None req-5cf7d447-09fb-4b57-a54b-30b2335cc40b c34329a683064a0494b6922fbbb01700 7400546ad9794be7ac43fe0aa95925ff - - default default] Unable to schedule network 5a13efc5-3028-4c10-acd7-e97f693130f6: no agents available; will retry on subsequent port and subnet creation events.
2026-04-20 06:28:11.507 7 WARNING neutron.scheduler.dhcp_agent_scheduler [None req-867d8df9-0e41-44ec-b449-12f6f702fa34 - - - - - -] No more DHCP agents
2026-04-20 06:28:11.509 7 WARNING neutron.api.rpc.agentnotifiers.dhcp_rpc_agent_api [None req-867d8df9-0e41-44ec-b449-12f6f702fa34 - - - - - -] Unable to schedule network fdc86229-42a0-4ab7-86f4-e63f04bae509: no agents available; will retry on subsequent port and subnet creation events.
2026-04-20 06:28:11.699 8 INFO neutron.db.ovn_revision_numbers_db [None req-5cf7d447-09fb-4b57-a54b-30b2335cc40b c34329a683064a0494b6922fbbb01700 7400546ad9794be7ac43fe0aa95925ff - - default default] Successfully bumped revision number for resource 008a371b-84ea-4911-beef-d386e97e04b1 (type: router_ports) to 1 [pid: 8|app: 0|req: 1266/2479] 10.0.0.141 () {34 vars in 783 bytes} [Mon Apr 20 06:28:09 2026] PUT /v2.0/routers/bc936cc3-7a8d-492c-8dc1-5e4526a54f1c/add_router_interface => generated 309 bytes in 2066 msecs (HTTP/1.1 200) 4 headers in 157 bytes (1 switches on core 0)
2026-04-20 06:28:11.710 7 INFO neutron.db.ovn_revision_numbers_db [None req-867d8df9-0e41-44ec-b449-12f6f702fa34 - - - - - -] Successfully bumped revision number for resource f13a58e8-5cb8-4e4b-89d0-e4ed6e8b6ef6 (type: ports) to 1 [pid: 8|app: 0|req: 1267/2480] 10.0.0.141 () {34 vars in 753 bytes} [Mon Apr 20 06:28:11 2026] PUT /v2.0/networks/72cc760a-5b31-42a0-9152-b4522469657c/tags => generated 17 bytes in 51 msecs (HTTP/1.1 200) 4 headers in 156 bytes (1 switches on core 0) [pid: 8|app: 0|req: 1268/2481] 10.0.0.141 () {32 vars in 733 bytes} [Mon Apr 20 06:28:11 2026] GET /v2.0/networks/72cc760a-5b31-42a0-9152-b4522469657c/tags => generated 17 bytes in 43 msecs (HTTP/1.1 200) 4 headers in 156 bytes (1 switches on core 0)
2026-04-20 06:28:11.946 8 INFO neutron.db.ovn_revision_numbers_db [None req-0f752b53-a35c-4372-a5d9-76d66bc39ee2 c34329a683064a0494b6922fbbb01700 7400546ad9794be7ac43fe0aa95925ff - - default default] Successfully bumped revision number for resource 89d51b79-483a-43b7-b8fa-474b9c9b4af6 (type: security_groups) to 1
2026-04-20 06:28:11.958 7 INFO neutron.db.ovn_revision_numbers_db [None req-867d8df9-0e41-44ec-b449-12f6f702fa34 - - - - - -] Successfully bumped revision number for resource f13a58e8-5cb8-4e4b-89d0-e4ed6e8b6ef6 (type: ports) to 3
2026-04-20 06:28:11.960 8 INFO neutron.db.ovn_revision_numbers_db [None req-0f752b53-a35c-4372-a5d9-76d66bc39ee2 c34329a683064a0494b6922fbbb01700 7400546ad9794be7ac43fe0aa95925ff - - default default] Successfully bumped revision number for resource 113c80fc-a334-467d-aede-df2b8d4dc7f1 (type: security_group_rules) to 0
2026-04-20 06:28:11.969 8 INFO neutron.db.ovn_revision_numbers_db [None req-0f752b53-a35c-4372-a5d9-76d66bc39ee2 c34329a683064a0494b6922fbbb01700 7400546ad9794be7ac43fe0aa95925ff - - default default] Successfully bumped revision number for resource 40ba1321-5cfe-4d41-806d-33ba4517f0f8 (type: security_group_rules) to 0 [pid: 8|app: 0|req: 1269/2482] 10.0.0.141 () {34 vars in 684 bytes} [Mon Apr 20 06:28:11 2026] POST /v2.0/security-groups => generated 1630 bytes in 203 msecs (HTTP/1.1 201) 4 headers in 163 bytes (1 switches on core 0)
2026-04-20 06:28:12.014 7 INFO neutron.db.segments_db [None req-867d8df9-0e41-44ec-b449-12f6f702fa34 - - - - - -] Added segment 021d63ba-3497-4b45-a83e-72718d4bf229 of type geneve for network 3df19442-471f-4cab-a98c-7421928be60d [pid: 8|app: 0|req: 1270/2483] 10.0.0.141 () {34 vars in 753 bytes} [Mon Apr 20 06:28:12 2026] PUT /v2.0/networks/72cc760a-5b31-42a0-9152-b4522469657c/tags => generated 12 bytes in 57 msecs (HTTP/1.1 200) 4 headers in 156 bytes (1 switches on core 0)
2026-04-20 06:28:12.121 7 INFO neutron.db.ovn_revision_numbers_db [None req-3dfdc9da-6276-41ca-ac17-69ccc939c5ee - - - - - -] Successfully bumped revision number for resource 3df19442-471f-4cab-a98c-7421928be60d (type: networks) to 1
2026-04-20 06:28:12.229 8 INFO neutron.db.ovn_revision_numbers_db [None req-49c69f57-5f35-4943-98da-19969a95c0b7 c34329a683064a0494b6922fbbb01700 7400546ad9794be7ac43fe0aa95925ff - - default default] Successfully bumped revision number for resource 5b730df0-1698-4465-9e56-9b363c08c53e (type: security_group_rules) to 0 [pid: 8|app: 0|req: 1271/2484] 10.0.0.141 () {34 vars in 695 bytes} [Mon Apr 20 06:28:12 2026] POST /v2.0/security-group-rules => generated 597 bytes in 194 msecs (HTTP/1.1 201) 4 headers in 162 bytes (1 switches on core 0)
2026-04-20 06:28:12.273 7 WARNING neutron.scheduler.dhcp_agent_scheduler [None req-3dfdc9da-6276-41ca-ac17-69ccc939c5ee - - - - - -] No more DHCP agents
2026-04-20 06:28:12.274 7 WARNING neutron.api.rpc.agentnotifiers.dhcp_rpc_agent_api [None req-3dfdc9da-6276-41ca-ac17-69ccc939c5ee - - - - - -] Unable to schedule network 3df19442-471f-4cab-a98c-7421928be60d: no agents available; will retry on subsequent port and subnet creation events. [pid: 8|app: 0|req: 1272/2485] 10.0.0.141 () {32 vars in 733 bytes} [Mon Apr 20 06:28:12 2026] GET /v2.0/networks/72cc760a-5b31-42a0-9152-b4522469657c/tags => generated 12 bytes in 38 msecs (HTTP/1.1 200) 4 headers in 156 bytes (1 switches on core 0)
