2026-04-20 06:32:18.801 8 INFO neutron.plugins.ml2.drivers.ovn.mech_driver.mech_driver [None req-11edadff-d298-4abe-b09d-78e64cfd0e87 - - - - - -] OVN reports status down for port: a908daa8-9582-4db9-94b7-092069fcb4c2
2026-04-20 06:32:19.058 8 INFO neutron.db.ovn_revision_numbers_db [None req-11edadff-d298-4abe-b09d-78e64cfd0e87 - - - - - -] Successfully bumped revision number for resource a908daa8-9582-4db9-94b7-092069fcb4c2 (type: ports) to 6
2026-04-20 06:32:19.615 8 INFO neutron.notifiers.nova [-] Nova event matching ['req-bd58382e-3b85-4d18-a752-8cf700ee9c00'] response: {'server_uuid': '22b7de8a-5704-46b4-a7c9-56b1b5dd9f65', 'name': 'network-vif-unplugged', 'status': 'completed', 'tag': 'a908daa8-9582-4db9-94b7-092069fcb4c2', 'code': 200}
2026-04-20 06:32:19.615 8 INFO neutron.notifiers.nova [-] Nova event matching ['req-bd58382e-3b85-4d18-a752-8cf700ee9c00'] response: {'server_uuid': '22b7de8a-5704-46b4-a7c9-56b1b5dd9f65', 'name': 'network-vif-unplugged', 'status': 'completed', 'tag': 'a908daa8-9582-4db9-94b7-092069fcb4c2', 'code': 200} [pid: 7|app: 0|req: 1606/3234] 199.204.45.38 () {34 vars in 993 bytes} [Mon Apr 20 06:32:19 2026] GET /v2.0/ports?device_id=22b7de8a-5704-46b4-a7c9-56b1b5dd9f65 => generated 1194 bytes in 87 msecs (HTTP/1.1 200) 4 headers in 158 bytes (1 switches on core 0) /var/lib/openstack/lib/python3.12/site-packages/pycadf/identifier.py:70: UserWarning: Invalid uuid: neutron. To ensure interoperability, identifiers should be a valid uuid. warnings.warn(('Invalid uuid: %s. To ensure interoperability, '
2026-04-20 06:32:20.217 8 INFO neutron_taas.services.taas.taas_plugin [req-791441b6-e6cb-433b-a75a-5902a7cefb4e req-b127c6bf-b5ac-40e1-b0a4-651f0a20229e c34329a683064a0494b6922fbbb01700 7400546ad9794be7ac43fe0aa95925ff - - default default] TaaS: Handle Delete Port: a908daa8-9582-4db9-94b7-092069fcb4c2
2026-04-20 06:32:20.220 8 INFO neutron_taas.services.taas.tap_mirror_plugin [req-791441b6-e6cb-433b-a75a-5902a7cefb4e req-b127c6bf-b5ac-40e1-b0a4-651f0a20229e c34329a683064a0494b6922fbbb01700 7400546ad9794be7ac43fe0aa95925ff - - default default] Tap Mirror: Handle Delete Port: a908daa8-9582-4db9-94b7-092069fcb4c2 [pid: 8|app: 0|req: 1629/3235] 199.204.45.38 () {36 vars in 996 bytes} [Mon Apr 20 06:32:20 2026] DELETE /v2.0/ports/a908daa8-9582-4db9-94b7-092069fcb4c2 => generated 0 bytes in 258 msecs (HTTP/1.1 204) 3 headers in 131 bytes (1 switches on core 0)
2026-04-20 06:32:21.650 8 INFO neutron.notifiers.nova [-] Nova event matching ['req-f7bd7425-3765-4994-972e-b31b5c8b8cff'] response: {'server_uuid': '22b7de8a-5704-46b4-a7c9-56b1b5dd9f65', 'name': 'network-vif-deleted', 'tag': 'a908daa8-9582-4db9-94b7-092069fcb4c2', 'status': 'completed', 'code': 200} [pid: 7|app: 0|req: 1608/3238] 10.0.0.84 () {34 vars in 989 bytes} [Mon Apr 20 06:32:22 2026] GET /v2.0/ports?device_id=22b7de8a-5704-46b4-a7c9-56b1b5dd9f65 => generated 12 bytes in 24 msecs (HTTP/1.1 200) 4 headers in 156 bytes (1 switches on core 0) [pid: 8|app: 0|req: 1631/3239] 10.0.0.141 () {32 vars in 750 bytes} [Mon Apr 20 06:32:28 2026] DELETE /v2.0/security-group-rules/6a45821e-db2a-43ec-95fb-4cf0bec4427b => generated 0 bytes in 178 msecs (HTTP/1.1 204) 2 headers in 112 bytes (1 switches on core 0)
2026-04-20 06:32:28.219 7 INFO neutron.api.v2.resource [None req-e1742cb4-e053-4a10-a469-88760a02f7c0 c34329a683064a0494b6922fbbb01700 7400546ad9794be7ac43fe0aa95925ff - - default default] show failed (client error): The resource could not be found. [pid: 7|app: 0|req: 1609/3240] 10.0.0.141 () {32 vars in 747 bytes} [Mon Apr 20 06:32:28 2026] GET /v2.0/security-group-rules/6a45821e-db2a-43ec-95fb-4cf0bec4427b => generated 155 bytes in 11 msecs (HTTP/1.1 404) 4 headers in 164 bytes (1 switches on core 0) [pid: 8|app: 0|req: 1632/3241] 10.0.0.141 () {32 vars in 750 bytes} [Mon Apr 20 06:32:28 2026] DELETE /v2.0/security-group-rules/119b5455-037b-4167-acb8-7d37f31bdaab => generated 0 bytes in 150 msecs (HTTP/1.1 204) 2 headers in 112 bytes (1 switches on core 0)
2026-04-20 06:32:28.389 7 INFO neutron.api.v2.resource [None req-57cf5f9a-2f8f-4d4e-9e0a-33312a79de1f c34329a683064a0494b6922fbbb01700 7400546ad9794be7ac43fe0aa95925ff - - default default] show failed (client error): The resource could not be found. [pid: 7|app: 0|req: 1610/3242] 10.0.0.141 () {32 vars in 747 bytes} [Mon Apr 20 06:32:28 2026] GET /v2.0/security-group-rules/119b5455-037b-4167-acb8-7d37f31bdaab => generated 155 bytes in 9 msecs (HTTP/1.1 404) 4 headers in 164 bytes (1 switches on core 0) [pid: 8|app: 0|req: 1633/3243] 10.0.0.141 () {32 vars in 750 bytes} [Mon Apr 20 06:32:28 2026] DELETE /v2.0/security-group-rules/0d6cee47-7e6b-4204-be00-4107dbd0302d => generated 0 bytes in 142 msecs (HTTP/1.1 204) 2 headers in 112 bytes (1 switches on core 0)
2026-04-20 06:32:28.551 7 INFO neutron.api.v2.resource [None req-19384fce-0694-41e7-b4bb-301eeef4ef71 c34329a683064a0494b6922fbbb01700 7400546ad9794be7ac43fe0aa95925ff - - default default] show failed (client error): The resource could not be found. [pid: 7|app: 0|req: 1611/3244] 10.0.0.141 () {32 vars in 747 bytes} [Mon Apr 20 06:32:28 2026] GET /v2.0/security-group-rules/0d6cee47-7e6b-4204-be00-4107dbd0302d => generated 155 bytes in 11 msecs (HTTP/1.1 404) 4 headers in 164 bytes (1 switches on core 0) [pid: 8|app: 0|req: 1634/3245] 10.0.0.141 () {32 vars in 750 bytes} [Mon Apr 20 06:32:28 2026] DELETE /v2.0/security-group-rules/30c8a20f-cb35-4adb-9ddf-bc2073dc4a75 => generated 0 bytes in 154 msecs (HTTP/1.1 204) 2 headers in 112 bytes (1 switches on core 0)
2026-04-20 06:32:28.728 7 INFO neutron.api.v2.resource [None req-18e1a7fb-56a2-4bea-8f29-86435d3c4ec4 c34329a683064a0494b6922fbbb01700 7400546ad9794be7ac43fe0aa95925ff - - default default] show failed (client error): The resource could not be found. [pid: 7|app: 0|req: 1612/3246] 10.0.0.141 () {32 vars in 747 bytes} [Mon Apr 20 06:32:28 2026] GET /v2.0/security-group-rules/30c8a20f-cb35-4adb-9ddf-bc2073dc4a75 => generated 155 bytes in 13 msecs (HTTP/1.1 404) 4 headers in 164 bytes (1 switches on core 0) [pid: 8|app: 0|req: 1635/3247] 10.0.0.141 () {32 vars in 750 bytes} [Mon Apr 20 06:32:28 2026] DELETE /v2.0/security-group-rules/6b2485cb-ffae-4f77-b822-0336600f66c0 => generated 0 bytes in 128 msecs (HTTP/1.1 204) 2 headers in 112 bytes (1 switches on core 0)
2026-04-20 06:32:28.879 7 INFO neutron.api.v2.resource [None req-90637fad-9efa-4f02-89b0-70ca269432e9 c34329a683064a0494b6922fbbb01700 7400546ad9794be7ac43fe0aa95925ff - - default default] show failed (client error): The resource could not be found. [pid: 7|app: 0|req: 1613/3248] 10.0.0.141 () {32 vars in 747 bytes} [Mon Apr 20 06:32:28 2026] GET /v2.0/security-group-rules/6b2485cb-ffae-4f77-b822-0336600f66c0 => generated 155 bytes in 12 msecs (HTTP/1.1 404) 4 headers in 164 bytes (1 switches on core 0) [pid: 8|app: 0|req: 1636/3249] 10.0.0.141 () {32 vars in 750 bytes} [Mon Apr 20 06:32:28 2026] DELETE /v2.0/security-group-rules/6c446d27-76ff-4fe2-9163-b9f3d5b57ae4 => generated 0 bytes in 135 msecs (HTTP/1.1 204) 2 headers in 112 bytes (1 switches on core 0)
2026-04-20 06:32:29.037 7 INFO neutron.api.v2.resource [None req-87ce12ca-df45-44c5-88e8-35761fabc7e2 c34329a683064a0494b6922fbbb01700 7400546ad9794be7ac43fe0aa95925ff - - default default] show failed (client error): The resource could not be found. [pid: 7|app: 0|req: 1614/3250] 10.0.0.141 () {32 vars in 747 bytes} [Mon Apr 20 06:32:29 2026] GET /v2.0/security-group-rules/6c446d27-76ff-4fe2-9163-b9f3d5b57ae4 => generated 155 bytes in 13 msecs (HTTP/1.1 404) 4 headers in 164 bytes (1 switches on core 0) [pid: 8|app: 0|req: 1637/3251] 10.0.0.141 () {32 vars in 750 bytes} [Mon Apr 20 06:32:29 2026] DELETE /v2.0/security-group-rules/bbb6100f-06d7-4ac7-ba9e-a154be92c996 => generated 0 bytes in 131 msecs (HTTP/1.1 204) 2 headers in 112 bytes (1 switches on core 0)
2026-04-20 06:32:29.190 7 INFO neutron.api.v2.resource [None req-2d48e683-87f3-4094-8fba-5a4bc73fb1a2 c34329a683064a0494b6922fbbb01700 7400546ad9794be7ac43fe0aa95925ff - - default default] show failed (client error): The resource could not be found. [pid: 7|app: 0|req: 1615/3252] 10.0.0.141 () {32 vars in 747 bytes} [Mon Apr 20 06:32:29 2026] GET /v2.0/security-group-rules/bbb6100f-06d7-4ac7-ba9e-a154be92c996 => generated 155 bytes in 13 msecs (HTTP/1.1 404) 4 headers in 164 bytes (1 switches on core 0) [pid: 8|app: 0|req: 1638/3253] 10.0.0.141 () {32 vars in 750 bytes} [Mon Apr 20 06:32:29 2026] DELETE /v2.0/security-group-rules/09f52bdb-feb1-49da-a953-165c15cbf956 => generated 0 bytes in 114 msecs (HTTP/1.1 204) 2 headers in 112 bytes (1 switches on core 0)
2026-04-20 06:32:29.324 7 INFO neutron.api.v2.resource [None req-235e36fe-5408-4d08-a474-07a82f2d11de c34329a683064a0494b6922fbbb01700 7400546ad9794be7ac43fe0aa95925ff - - default default] show failed (client error): The resource could not be found. [pid: 7|app: 0|req: 1616/3254] 10.0.0.141 () {32 vars in 747 bytes} [Mon Apr 20 06:32:29 2026] GET /v2.0/security-group-rules/09f52bdb-feb1-49da-a953-165c15cbf956 => generated 155 bytes in 11 msecs (HTTP/1.1 404) 4 headers in 164 bytes (1 switches on core 0) [pid: 8|app: 0|req: 1639/3255] 10.0.0.141 () {32 vars in 750 bytes} [Mon Apr 20 06:32:29 2026] DELETE /v2.0/security-group-rules/19e97e80-d719-4b04-aa9b-01eb1fd4f5dd => generated 0 bytes in 126 msecs (HTTP/1.1 204) 2 headers in 112 bytes (1 switches on core 0)
2026-04-20 06:32:29.475 7 INFO neutron.api.v2.resource [None req-92ed733f-59fc-4428-aa74-a7818a111f84 c34329a683064a0494b6922fbbb01700 7400546ad9794be7ac43fe0aa95925ff - - default default] show failed (client error): The resource could not be found. [pid: 7|app: 0|req: 1617/3256] 10.0.0.141 () {32 vars in 747 bytes} [Mon Apr 20 06:32:29 2026] GET /v2.0/security-group-rules/19e97e80-d719-4b04-aa9b-01eb1fd4f5dd => generated 155 bytes in 16 msecs (HTTP/1.1 404) 4 headers in 164 bytes (1 switches on core 0) [pid: 8|app: 0|req: 1640/3257] 10.0.0.141 () {32 vars in 750 bytes} [Mon Apr 20 06:32:29 2026] DELETE /v2.0/security-group-rules/6378c0d8-a28b-4488-bba8-7bdf5002059d => generated 0 bytes in 116 msecs (HTTP/1.1 204) 2 headers in 112 bytes (1 switches on core 0)
2026-04-20 06:32:29.611 7 INFO neutron.api.v2.resource [None req-1a5e3ca9-3d4f-40f6-9b1b-049840ab3fba c34329a683064a0494b6922fbbb01700 7400546ad9794be7ac43fe0aa95925ff - - default default] show failed (client error): The resource could not be found. [pid: 7|app: 0|req: 1618/3258] 10.0.0.141 () {32 vars in 747 bytes} [Mon Apr 20 06:32:29 2026] GET /v2.0/security-group-rules/6378c0d8-a28b-4488-bba8-7bdf5002059d => generated 155 bytes in 11 msecs (HTTP/1.1 404) 4 headers in 164 bytes (1 switches on core 0) [pid: 8|app: 0|req: 1641/3259] 10.0.0.141 () {32 vars in 750 bytes} [Mon Apr 20 06:32:29 2026] DELETE /v2.0/security-group-rules/5b730df0-1698-4465-9e56-9b363c08c53e => generated 0 bytes in 115 msecs (HTTP/1.1 204) 2 headers in 112 bytes (1 switches on core 0)
2026-04-20 06:32:29.747 7 INFO neutron.api.v2.resource [None req-e79f3f57-66a5-4f82-a847-741877cc4065 c34329a683064a0494b6922fbbb01700 7400546ad9794be7ac43fe0aa95925ff - - default default] show failed (client error): The resource could not be found. [pid: 7|app: 0|req: 1619/3260] 10.0.0.141 () {32 vars in 747 bytes} [Mon Apr 20 06:32:29 2026] GET /v2.0/security-group-rules/5b730df0-1698-4465-9e56-9b363c08c53e => generated 155 bytes in 12 msecs (HTTP/1.1 404) 4 headers in 164 bytes (1 switches on core 0) [pid: 8|app: 0|req: 1642/3261] 10.0.0.141 () {32 vars in 740 bytes} [Mon Apr 20 06:32:29 2026] DELETE /v2.0/security-groups/89d51b79-483a-43b7-b8fa-474b9c9b4af6 => generated 0 bytes in 113 msecs (HTTP/1.1 204) 2 headers in 112 bytes (1 switches on core 0)
2026-04-20 06:32:29.885 7 INFO neutron.api.v2.resource [None req-352b1f2a-1968-4e05-aec9-9558b5e53717 c34329a683064a0494b6922fbbb01700 7400546ad9794be7ac43fe0aa95925ff - - default default] show failed (client error): The resource could not be found. [pid: 7|app: 0|req: 1620/3262] 10.0.0.141 () {32 vars in 737 bytes} [Mon Apr 20 06:32:29 2026] GET /v2.0/security-groups/89d51b79-483a-43b7-b8fa-474b9c9b4af6 => generated 146 bytes in 14 msecs (HTTP/1.1 404) 4 headers in 164 bytes (1 switches on core 0)
2026-04-20 06:32:30.257 8 INFO neutron_taas.services.taas.taas_plugin [None req-8df9036e-dbae-40bd-bd79-1750917548bc c34329a683064a0494b6922fbbb01700 7400546ad9794be7ac43fe0aa95925ff - - default default] TaaS: Handle Delete Port: 008a371b-84ea-4911-beef-d386e97e04b1
2026-04-20 06:32:30.260 8 INFO neutron_taas.services.taas.tap_mirror_plugin [None req-8df9036e-dbae-40bd-bd79-1750917548bc c34329a683064a0494b6922fbbb01700 7400546ad9794be7ac43fe0aa95925ff - - default default] Tap Mirror: Handle Delete Port: 008a371b-84ea-4911-beef-d386e97e04b1 [pid: 8|app: 0|req: 1643/3263] 10.0.0.141 () {34 vars in 789 bytes} [Mon Apr 20 06:32:29 2026] PUT /v2.0/routers/bc936cc3-7a8d-492c-8dc1-5e4526a54f1c/remove_router_interface => generated 309 bytes in 797 msecs (HTTP/1.1 200) 4 headers in 157 bytes (1 switches on core 0)
2026-04-20 06:32:30.839 7 INFO neutron.api.v2.resource [None req-7b6b20d0-86b5-4271-812f-7fcbd2b4a79a c34329a683064a0494b6922fbbb01700 7400546ad9794be7ac43fe0aa95925ff - - default default] remove_router_interface failed (client error): The resource could not be found. [pid: 7|app: 0|req: 1621/3264] 10.0.0.141 () {34 vars in 789 bytes} [Mon Apr 20 06:32:30 2026] PUT /v2.0/routers/bc936cc3-7a8d-492c-8dc1-5e4526a54f1c/remove_router_interface => generated 198 bytes in 100 msecs (HTTP/1.1 404) 4 headers in 164 bytes (1 switches on core 0) /var/lib/openstack/lib/python3.12/site-packages/pycadf/identifier.py:70: UserWarning: Invalid uuid: neutron. To ensure interoperability, identifiers should be a valid uuid. warnings.warn(('Invalid uuid: %s. To ensure interoperability, '
2026-04-20 06:32:31.179 8 INFO neutron_taas.services.taas.taas_plugin [None req-2536bbf8-f89e-47d4-9f73-603f7b224136 c34329a683064a0494b6922fbbb01700 7400546ad9794be7ac43fe0aa95925ff - - default default] TaaS: Handle Delete Port: 609dd55b-d83d-44b0-b4ab-4197f1d8e70c
2026-04-20 06:32:31.183 8 INFO neutron_taas.services.taas.tap_mirror_plugin [None req-2536bbf8-f89e-47d4-9f73-603f7b224136 c34329a683064a0494b6922fbbb01700 7400546ad9794be7ac43fe0aa95925ff - - default default] Tap Mirror: Handle Delete Port: 609dd55b-d83d-44b0-b4ab-4197f1d8e70c [pid: 8|app: 0|req: 1644/3265] 10.0.0.141 () {34 vars in 789 bytes} [Mon Apr 20 06:32:30 2026] PUT /v2.0/routers/bc936cc3-7a8d-492c-8dc1-5e4526a54f1c/remove_router_interface => generated 309 bytes in 969 msecs (HTTP/1.1 200) 4 headers in 157 bytes (1 switches on core 0)
2026-04-20 06:32:31.930 7 INFO neutron.api.v2.resource [None req-d2a1ea84-a4fe-4e00-b5d2-9006bb38f180 c34329a683064a0494b6922fbbb01700 7400546ad9794be7ac43fe0aa95925ff - - default default] remove_router_interface failed (client error): The resource could not be found. [pid: 7|app: 0|req: 1622/3266] 10.0.0.141 () {34 vars in 789 bytes} [Mon Apr 20 06:32:31 2026] PUT /v2.0/routers/bc936cc3-7a8d-492c-8dc1-5e4526a54f1c/remove_router_interface => generated 198 bytes in 111 msecs (HTTP/1.1 404) 4 headers in 164 bytes (1 switches on core 0) /var/lib/openstack/lib/python3.12/site-packages/pycadf/identifier.py:70: UserWarning: Invalid uuid: neutron. To ensure interoperability, identifiers should be a valid uuid. warnings.warn(('Invalid uuid: %s. To ensure interoperability, '
2026-04-20 06:32:32.275 8 INFO neutron_taas.services.taas.taas_plugin [None req-8051f96c-37c5-4ae2-8326-9b10071cc7d8 c34329a683064a0494b6922fbbb01700 7400546ad9794be7ac43fe0aa95925ff - - default default] TaaS: Handle Delete Port: 252c20a7-5445-4ee6-905a-1b76d76c6111
2026-04-20 06:32:32.278 8 INFO neutron_taas.services.taas.tap_mirror_plugin [None req-8051f96c-37c5-4ae2-8326-9b10071cc7d8 c34329a683064a0494b6922fbbb01700 7400546ad9794be7ac43fe0aa95925ff - - default default] Tap Mirror: Handle Delete Port: 252c20a7-5445-4ee6-905a-1b76d76c6111 [pid: 8|app: 0|req: 1645/3267] 10.0.0.141 () {34 vars in 789 bytes} [Mon Apr 20 06:32:31 2026] PUT /v2.0/routers/bc936cc3-7a8d-492c-8dc1-5e4526a54f1c/remove_router_interface => generated 309 bytes in 888 msecs (HTTP/1.1 200) 4 headers in 157 bytes (1 switches on core 0)
2026-04-20 06:32:32.951 7 INFO neutron.api.v2.resource [None req-61083d1b-11f5-4c3a-b152-d1909f1ae320 c34329a683064a0494b6922fbbb01700 7400546ad9794be7ac43fe0aa95925ff - - default default] remove_router_interface failed (client error): The resource could not be found. [pid: 7|app: 0|req: 1623/3268] 10.0.0.141 () {34 vars in 789 bytes} [Mon Apr 20 06:32:32 2026] PUT /v2.0/routers/bc936cc3-7a8d-492c-8dc1-5e4526a54f1c/remove_router_interface => generated 198 bytes in 123 msecs (HTTP/1.1 404) 4 headers in 164 bytes (1 switches on core 0) /var/lib/openstack/lib/python3.12/site-packages/pycadf/identifier.py:70: UserWarning: Invalid uuid: neutron. To ensure interoperability, identifiers should be a valid uuid. warnings.warn(('Invalid uuid: %s. To ensure interoperability, '
2026-04-20 06:32:33.317 8 INFO neutron_taas.services.taas.taas_plugin [None req-7008b74f-d172-42b9-9144-d7f824f30b4a c34329a683064a0494b6922fbbb01700 7400546ad9794be7ac43fe0aa95925ff - - default default] TaaS: Handle Delete Port: 68aae5e3-574c-4e94-bfd5-cdaca62176c0
2026-04-20 06:32:33.322 8 INFO neutron_taas.services.taas.tap_mirror_plugin [None req-7008b74f-d172-42b9-9144-d7f824f30b4a c34329a683064a0494b6922fbbb01700 7400546ad9794be7ac43fe0aa95925ff - - default default] Tap Mirror: Handle Delete Port: 68aae5e3-574c-4e94-bfd5-cdaca62176c0 [pid: 8|app: 0|req: 1646/3269] 10.0.0.141 () {32 vars in 724 bytes} [Mon Apr 20 06:32:32 2026] DELETE /v2.0/routers/bc936cc3-7a8d-492c-8dc1-5e4526a54f1c => generated 0 bytes in 760 msecs (HTTP/1.1 204) 2 headers in 112 bytes (1 switches on core 0)
2026-04-20 06:32:33.747 7 INFO neutron.api.v2.resource [None req-bb75880c-3836-4f70-babf-d67afb36d8cf c34329a683064a0494b6922fbbb01700 7400546ad9794be7ac43fe0aa95925ff - - default default] show failed (client error): The resource could not be found. [pid: 7|app: 0|req: 1624/3270] 10.0.0.141 () {32 vars in 721 bytes} [Mon Apr 20 06:32:33 2026] GET /v2.0/routers/bc936cc3-7a8d-492c-8dc1-5e4526a54f1c => generated 135 bytes in 26 msecs (HTTP/1.1 404) 4 headers in 164 bytes (1 switches on core 0) [pid: 8|app: 0|req: 1647/3271] 10.0.0.141 () {32 vars in 724 bytes} [Mon Apr 20 06:32:33 2026] DELETE /v2.0/subnets/6a410909-e818-48e2-860a-63a9421f0d1e => generated 0 bytes in 180 msecs (HTTP/1.1 204) 3 headers in 131 bytes (1 switches on core 0)
2026-04-20 06:32:33.952 7 INFO neutron.pecan_wsgi.hooks.translation [None req-b8ce30ce-56a5-4578-b072-810d8a5264d9 c34329a683064a0494b6922fbbb01700 7400546ad9794be7ac43fe0aa95925ff - - default default] GET failed (client error): The resource could not be found. [pid: 7|app: 0|req: 1625/3272] 10.0.0.141 () {32 vars in 721 bytes} [Mon Apr 20 06:32:33 2026] GET /v2.0/subnets/6a410909-e818-48e2-860a-63a9421f0d1e => generated 136 bytes in 15 msecs (HTTP/1.1 404) 4 headers in 164 bytes (1 switches on core 0) [pid: 8|app: 0|req: 1648/3273] 10.0.0.141 () {32 vars in 724 bytes} [Mon Apr 20 06:32:33 2026] DELETE /v2.0/subnets/f7d1e74e-d25c-4a4c-8134-7ec175aaef48 => generated 0 bytes in 204 msecs (HTTP/1.1 204) 3 headers in 131 bytes (1 switches on core 0)
2026-04-20 06:32:34.184 7 INFO neutron.pecan_wsgi.hooks.translation [None req-fc40585b-e538-4549-b3d4-c6994c34c23f c34329a683064a0494b6922fbbb01700 7400546ad9794be7ac43fe0aa95925ff - - default default] GET failed (client error): The resource could not be found. [pid: 7|app: 0|req: 1626/3274] 10.0.0.141 () {32 vars in 721 bytes} [Mon Apr 20 06:32:34 2026] GET /v2.0/subnets/f7d1e74e-d25c-4a4c-8134-7ec175aaef48 => generated 136 bytes in 15 msecs (HTTP/1.1 404) 4 headers in 164 bytes (1 switches on core 0)
2026-04-20 06:32:34.307 8 INFO neutron_taas.services.taas.taas_plugin [None req-01a397cf-61d5-4caa-bed7-12d163b949de c34329a683064a0494b6922fbbb01700 7400546ad9794be7ac43fe0aa95925ff - - default default] TaaS: Handle Delete Port: 274ff35b-3f22-4f5d-a743-c2d9d6d9ab9f
2026-04-20 06:32:34.313 8 INFO neutron_taas.services.taas.tap_mirror_plugin [None req-01a397cf-61d5-4caa-bed7-12d163b949de c34329a683064a0494b6922fbbb01700 7400546ad9794be7ac43fe0aa95925ff - - default default] Tap Mirror: Handle Delete Port: 274ff35b-3f22-4f5d-a743-c2d9d6d9ab9f
2026-04-20 06:32:34.479 8 INFO neutron.services.segments.plugin [-] Segment 016471f6-7f69-4dac-b801-0ddd9246df1d resource provider aggregate not found
2026-04-20 06:32:34.486 8 INFO neutron.services.segments.plugin [-] Segment 016471f6-7f69-4dac-b801-0ddd9246df1d resource provider aggregate not found
2026-04-20 06:32:34.504 8 INFO neutron.services.segments.plugin [-] Segment 016471f6-7f69-4dac-b801-0ddd9246df1d resource provider not found; error: Placement Client Error (4xx): {"errors": [{"status": 404, "title": "Not Found", "detail": "The resource could not be found.\n\n No resource provider with uuid 016471f6-7f69-4dac-b801-0ddd9246df1d found for delete ", "request_id": "req-bdac1da9-3b30-4421-82bc-74dda1eacb97"}]}
2026-04-20 06:32:34.506 8 INFO neutron.services.segments.plugin [-] Segment 016471f6-7f69-4dac-b801-0ddd9246df1d resource provider not found; error: Placement Client Error (4xx): {"errors": [{"status": 404, "title": "Not Found", "detail": "The resource could not be found.\n\n No resource provider with uuid 016471f6-7f69-4dac-b801-0ddd9246df1d found for delete ", "request_id": "req-19ce1889-7831-47c5-b0ff-91f69b642a91"}]} [pid: 8|app: 0|req: 1649/3275] 10.0.0.141 () {32 vars in 726 bytes} [Mon Apr 20 06:32:34 2026] DELETE /v2.0/networks/5a13efc5-3028-4c10-acd7-e97f693130f6 => generated 0 bytes in 346 msecs (HTTP/1.1 204) 3 headers in 131 bytes (1 switches on core 0)
2026-04-20 06:32:34.558 7 INFO neutron.pecan_wsgi.hooks.translation [None req-7e915cb8-250a-4c29-81dc-73670ef16a24 c34329a683064a0494b6922fbbb01700 7400546ad9794be7ac43fe0aa95925ff - - default default] GET failed (client error): The resource could not be found. [pid: 7|app: 0|req: 1627/3276] 10.0.0.141 () {32 vars in 723 bytes} [Mon Apr 20 06:32:34 2026] GET /v2.0/networks/5a13efc5-3028-4c10-acd7-e97f693130f6 => generated 138 bytes in 15 msecs (HTTP/1.1 404) 4 headers in 164 bytes (1 switches on core 0) [pid: 8|app: 0|req: 1650/3277] 10.0.0.141 () {32 vars in 724 bytes} [Mon Apr 20 06:32:34 2026] DELETE /v2.0/subnets/94b394ca-58f1-406b-9d30-2de4f621d009 => generated 0 bytes in 219 msecs (HTTP/1.1 204) 3 headers in 131 bytes (1 switches on core 0)
2026-04-20 06:32:34.811 7 INFO neutron.pecan_wsgi.hooks.translation [None req-22e4e42a-a0c2-40d0-b6b9-4dadb3dee0d2 c34329a683064a0494b6922fbbb01700 7400546ad9794be7ac43fe0aa95925ff - - default default] GET failed (client error): The resource could not be found. [pid: 7|app: 0|req: 1628/3278] 10.0.0.141 () {32 vars in 721 bytes} [Mon Apr 20 06:32:34 2026] GET /v2.0/subnets/94b394ca-58f1-406b-9d30-2de4f621d009 => generated 136 bytes in 21 msecs (HTTP/1.1 404) 4 headers in 164 bytes (1 switches on core 0) [pid: 8|app: 0|req: 1651/3279] 10.0.0.141 () {32 vars in 724 bytes} [Mon Apr 20 06:32:34 2026] DELETE /v2.0/subnets/27752e6c-200c-4e5d-bfd6-290704c37271 => generated 0 bytes in 181 msecs (HTTP/1.1 204) 3 headers in 131 bytes (1 switches on core 0)
2026-04-20 06:32:35.021 7 INFO neutron.pecan_wsgi.hooks.translation [None req-a1a83444-370d-4056-a168-95903d915b14 c34329a683064a0494b6922fbbb01700 7400546ad9794be7ac43fe0aa95925ff - - default default] GET failed (client error): The resource could not be found. [pid: 7|app: 0|req: 1629/3280] 10.0.0.141 () {32 vars in 721 bytes} [Mon Apr 20 06:32:35 2026] GET /v2.0/subnets/27752e6c-200c-4e5d-bfd6-290704c37271 => generated 136 bytes in 16 msecs (HTTP/1.1 404) 4 headers in 164 bytes (1 switches on core 0)
2026-04-20 06:32:35.145 8 INFO neutron_taas.services.taas.taas_plugin [None req-59d1abc5-8cc2-4a61-aede-fdc18543839a c34329a683064a0494b6922fbbb01700 7400546ad9794be7ac43fe0aa95925ff - - default default] TaaS: Handle Delete Port: bf0f98f0-78e1-47c9-bed7-abea193a1ad2
2026-04-20 06:32:35.149 8 INFO neutron_taas.services.taas.tap_mirror_plugin [None req-59d1abc5-8cc2-4a61-aede-fdc18543839a c34329a683064a0494b6922fbbb01700 7400546ad9794be7ac43fe0aa95925ff - - default default] Tap Mirror: Handle Delete Port: bf0f98f0-78e1-47c9-bed7-abea193a1ad2 [pid: 8|app: 0|req: 1652/3281] 10.0.0.141 () {32 vars in 726 bytes} [Mon Apr 20 06:32:35 2026] DELETE /v2.0/networks/0b292995-200f-4227-bf48-1e592ff0dc75 => generated 0 bytes in 311 msecs (HTTP/1.1 204) 3 headers in 131 bytes (1 switches on core 0)
2026-04-20 06:32:35.359 7 INFO neutron.pecan_wsgi.hooks.translation [None req-3b836159-6395-4240-8b42-5bb9af9d49be c34329a683064a0494b6922fbbb01700 7400546ad9794be7ac43fe0aa95925ff - - default default] GET failed (client error): The resource could not be found. [pid: 7|app: 0|req: 1630/3282] 10.0.0.141 () {32 vars in 723 bytes} [Mon Apr 20 06:32:35 2026] GET /v2.0/networks/0b292995-200f-4227-bf48-1e592ff0dc75 => generated 138 bytes in 17 msecs (HTTP/1.1 404) 4 headers in 164 bytes (1 switches on core 0) [pid: 8|app: 0|req: 1653/3283] 10.0.0.141 () {32 vars in 724 bytes} [Mon Apr 20 06:32:35 2026] DELETE /v2.0/subnets/dc009559-21fd-47cb-9c1c-0e74ff8ec92e => generated 0 bytes in 170 msecs (HTTP/1.1 204) 3 headers in 131 bytes (1 switches on core 0)
2026-04-20 06:32:35.560 7 INFO neutron.pecan_wsgi.hooks.translation [None req-f3d62fe6-2fde-43fe-92ce-4113e0a30eaf c34329a683064a0494b6922fbbb01700 7400546ad9794be7ac43fe0aa95925ff - - default default] GET failed (client error): The resource could not be found. [pid: 7|app: 0|req: 1631/3284] 10.0.0.141 () {32 vars in 721 bytes} [Mon Apr 20 06:32:35 2026] GET /v2.0/subnets/dc009559-21fd-47cb-9c1c-0e74ff8ec92e => generated 136 bytes in 20 msecs (HTTP/1.1 404) 4 headers in 164 bytes (1 switches on core 0) [pid: 8|app: 0|req: 1654/3285] 10.0.0.141 () {32 vars in 724 bytes} [Mon Apr 20 06:32:35 2026] DELETE /v2.0/subnets/dab95e45-d7bd-4338-90b0-5fc45fe18bc7 => generated 0 bytes in 161 msecs (HTTP/1.1 204) 3 headers in 131 bytes (1 switches on core 0)
2026-04-20 06:32:35.752 7 INFO neutron.pecan_wsgi.hooks.translation [None req-33d3d8d5-2ab7-4bee-99b7-4a86286e3e0f c34329a683064a0494b6922fbbb01700 7400546ad9794be7ac43fe0aa95925ff - - default default] GET failed (client error): The resource could not be found. [pid: 7|app: 0|req: 1632/3286] 10.0.0.141 () {32 vars in 721 bytes} [Mon Apr 20 06:32:35 2026] GET /v2.0/subnets/dab95e45-d7bd-4338-90b0-5fc45fe18bc7 => generated 136 bytes in 20 msecs (HTTP/1.1 404) 4 headers in 164 bytes (1 switches on core 0)
2026-04-20 06:32:35.873 8 INFO neutron_taas.services.taas.taas_plugin [None req-415a0699-c28a-4a1e-ba6c-df26493316d0 c34329a683064a0494b6922fbbb01700 7400546ad9794be7ac43fe0aa95925ff - - default default] TaaS: Handle Delete Port: d0e8775c-c415-4005-989b-36888f6f2167
2026-04-20 06:32:35.877 8 INFO neutron_taas.services.taas.tap_mirror_plugin [None req-415a0699-c28a-4a1e-ba6c-df26493316d0 c34329a683064a0494b6922fbbb01700 7400546ad9794be7ac43fe0aa95925ff - - default default] Tap Mirror: Handle Delete Port: d0e8775c-c415-4005-989b-36888f6f2167 [pid: 8|app: 0|req: 1655/3287] 10.0.0.141 () {32 vars in 726 bytes} [Mon Apr 20 06:32:35 2026] DELETE /v2.0/networks/3e82483e-4a95-416a-8aa9-5650ae078370 => generated 0 bytes in 350 msecs (HTTP/1.1 204) 3 headers in 131 bytes (1 switches on core 0)
2026-04-20 06:32:36.130 7 INFO neutron.pecan_wsgi.hooks.translation [None req-4f741b72-f5cb-47f0-baa9-cc9963673285 c34329a683064a0494b6922fbbb01700 7400546ad9794be7ac43fe0aa95925ff - - default default] GET failed (client error): The resource could not be found. [pid: 7|app: 0|req: 1633/3288] 10.0.0.141 () {32 vars in 723 bytes} [Mon Apr 20 06:32:36 2026] GET /v2.0/networks/3e82483e-4a95-416a-8aa9-5650ae078370 => generated 138 bytes in 17 msecs (HTTP/1.1 404) 4 headers in 164 bytes (1 switches on core 0)
2026-04-20 06:32:36.524 8 INFO neutron.services.segments.plugin [-] Segment 758276a0-1f91-4ace-ba0d-13b7a211a4a4 resource provider aggregate not found
2026-04-20 06:32:36.529 8 INFO neutron.services.segments.plugin [-] Segment 758276a0-1f91-4ace-ba0d-13b7a211a4a4 resource provider aggregate not found
2026-04-20 06:32:36.542 8 INFO neutron.services.segments.plugin [-] Segment 758276a0-1f91-4ace-ba0d-13b7a211a4a4 resource provider not found; error: Placement Client Error (4xx): {"errors": [{"status": 404, "title": "Not Found", "detail": "The resource could not be found.\n\n No resource provider with uuid 758276a0-1f91-4ace-ba0d-13b7a211a4a4 found for delete ", "request_id": "req-8a3bd3eb-4cc4-40c9-8740-dc26504b18eb"}]}
2026-04-20 06:32:36.547 8 INFO neutron.services.segments.plugin [-] Segment 758276a0-1f91-4ace-ba0d-13b7a211a4a4 resource provider not found; error: Placement Client Error (4xx): {"errors": [{"status": 404, "title": "Not Found", "detail": "The resource could not be found.\n\n No resource provider with uuid 758276a0-1f91-4ace-ba0d-13b7a211a4a4 found for delete ", "request_id": "req-999a948c-a82a-4957-8d53-680b9596efa3"}]}
2026-04-20 06:32:36.561 8 INFO neutron.services.segments.plugin [-] Segment d4a977e4-3924-4637-b024-6f4a654ac051 resource provider aggregate not found
2026-04-20 06:32:36.566 8 INFO neutron.services.segments.plugin [-] Segment d4a977e4-3924-4637-b024-6f4a654ac051 resource provider aggregate not found
2026-04-20 06:32:36.578 8 INFO neutron.services.segments.plugin [-] Segment d4a977e4-3924-4637-b024-6f4a654ac051 resource provider not found; error: Placement Client Error (4xx): {"errors": [{"status": 404, "title": "Not Found", "detail": "The resource could not be found.\n\n No resource provider with uuid d4a977e4-3924-4637-b024-6f4a654ac051 found for delete ", "request_id": "req-5aa7c5ae-16f2-4256-b1db-1a426b591332"}]}
2026-04-20 06:32:36.583 8 INFO neutron.services.segments.plugin [-] Segment d4a977e4-3924-4637-b024-6f4a654ac051 resource provider not found; error: Placement Client Error (4xx): {"errors": [{"status": 404, "title": "Not Found", "detail": "The resource could not be found.\n\n No resource provider with uuid d4a977e4-3924-4637-b024-6f4a654ac051 found for delete ", "request_id": "req-f67fbddd-77ed-4df1-8ae6-46a703dcfd18"}]}
2026-04-20 06:32:38.321 8 INFO neutron.db.ovn_revision_numbers_db [None req-83b4f8f1-e2ad-4c0a-9c4f-0ee999686533 94222d26040948dfa88afb4d9d8ffc23 7293df7eb7eb4aeea42f4be9062bf413 - - default default] Successfully bumped revision number for resource 38a07c6d-6b63-4994-9a25-191ad49ff279 (type: security_groups) to 1
2026-04-20 06:32:38.336 8 INFO neutron.db.ovn_revision_numbers_db [None req-83b4f8f1-e2ad-4c0a-9c4f-0ee999686533 94222d26040948dfa88afb4d9d8ffc23 7293df7eb7eb4aeea42f4be9062bf413 - - default default] Successfully bumped revision number for resource 26cacc8f-ac9c-47c8-b037-e6df290af3ee (type: security_group_rules) to 0
2026-04-20 06:32:38.347 8 INFO neutron.db.ovn_revision_numbers_db [None req-83b4f8f1-e2ad-4c0a-9c4f-0ee999686533 94222d26040948dfa88afb4d9d8ffc23 7293df7eb7eb4aeea42f4be9062bf413 - - default default] Successfully bumped revision number for resource 47b79bd3-7a37-40cf-b6e1-62787a1715eb (type: security_group_rules) to 0
2026-04-20 06:32:38.358 8 INFO neutron.db.ovn_revision_numbers_db [None req-83b4f8f1-e2ad-4c0a-9c4f-0ee999686533 94222d26040948dfa88afb4d9d8ffc23 7293df7eb7eb4aeea42f4be9062bf413 - - default default] Successfully bumped revision number for resource 95d04eb2-25be-4f25-a23d-b137fdc07ea7 (type: security_group_rules) to 0
2026-04-20 06:32:38.368 8 INFO neutron.db.ovn_revision_numbers_db [None req-83b4f8f1-e2ad-4c0a-9c4f-0ee999686533 94222d26040948dfa88afb4d9d8ffc23 7293df7eb7eb4aeea42f4be9062bf413 - - default default] Successfully bumped revision number for resource c2a97732-f3bb-4e8a-ab0c-6895d91e178d (type: security_group_rules) to 0 [pid: 8|app: 0|req: 1657/3291] 10.0.0.141 () {32 vars in 774 bytes} [Mon Apr 20 06:32:38 2026] GET /v2.0/security-groups?tenant_id=d0665adfed254dc18350f42066f531e7&name=default => generated 2929 bytes in 405 msecs (HTTP/1.1 200) 4 headers in 158 bytes (1 switches on core 0) [pid: 7|app: 0|req: 1635/3292] 10.0.0.141 () {32 vars in 740 bytes} [Mon Apr 20 06:32:38 2026] DELETE /v2.0/security-groups/38a07c6d-6b63-4994-9a25-191ad49ff279 => generated 0 bytes in 285 msecs (HTTP/1.1 204) 2 headers in 112 bytes (1 switches on core 0)
2026-04-20 06:32:38.925 8 INFO neutron.db.ovn_revision_numbers_db [None req-429cccbf-c22d-4712-b462-d984ee30296b 94222d26040948dfa88afb4d9d8ffc23 7293df7eb7eb4aeea42f4be9062bf413 - - default default] Successfully bumped revision number for resource 84fd6e4b-70c3-468a-b9eb-00201d5ea493 (type: security_groups) to 1
2026-04-20 06:32:38.938 8 INFO neutron.db.ovn_revision_numbers_db [None req-429cccbf-c22d-4712-b462-d984ee30296b 94222d26040948dfa88afb4d9d8ffc23 7293df7eb7eb4aeea42f4be9062bf413 - - default default] Successfully bumped revision number for resource 8fa9fee6-41c3-430e-a8fa-40fcbd402348 (type: security_group_rules) to 0
2026-04-20 06:32:38.951 8 INFO neutron.db.ovn_revision_numbers_db [None req-429cccbf-c22d-4712-b462-d984ee30296b 94222d26040948dfa88afb4d9d8ffc23 7293df7eb7eb4aeea42f4be9062bf413 - - default default] Successfully bumped revision number for resource cdeba862-61ff-470f-8573-e114fd745c5f (type: security_group_rules) to 0
2026-04-20 06:32:38.962 8 INFO neutron.db.ovn_revision_numbers_db [None req-429cccbf-c22d-4712-b462-d984ee30296b 94222d26040948dfa88afb4d9d8ffc23 7293df7eb7eb4aeea42f4be9062bf413 - - default default] Successfully bumped revision number for resource ef7a8dc9-f46d-4b78-b00d-9430b0bc51ef (type: security_group_rules) to 0
2026-04-20 06:32:38.972 8 INFO neutron.db.ovn_revision_numbers_db [None req-429cccbf-c22d-4712-b462-d984ee30296b 94222d26040948dfa88afb4d9d8ffc23 7293df7eb7eb4aeea42f4be9062bf413 - - default default] Successfully bumped revision number for resource ff878859-6b68-4329-a89f-5788cccbed8d (type: security_group_rules) to 0 [pid: 8|app: 0|req: 1658/3293] 10.0.0.141 () {32 vars in 774 bytes} [Mon Apr 20 06:32:38 2026] GET /v2.0/security-groups?tenant_id=46a7d6b0710748c3850a5496ae08c99e&name=default => generated 2929 bytes in 224 msecs (HTTP/1.1 200) 4 headers in 158 bytes (1 switches on core 0) [pid: 7|app: 0|req: 1636/3294] 10.0.0.141 () {32 vars in 740 bytes} [Mon Apr 20 06:32:39 2026] DELETE /v2.0/security-groups/84fd6e4b-70c3-468a-b9eb-00201d5ea493 => generated 0 bytes in 267 msecs (HTTP/1.1 204) 2 headers in 112 bytes (1 switches on core 0)
2026-04-20 06:32:39.557 8 INFO neutron.db.ovn_revision_numbers_db [None req-ac784bac-e27c-4375-9b3a-0591beb3d4f1 94222d26040948dfa88afb4d9d8ffc23 7293df7eb7eb4aeea42f4be9062bf413 - - default default] Successfully bumped revision number for resource 6789ed4c-0325-4dff-ba3d-b95374d2f2e5 (type: security_groups) to 1
2026-04-20 06:32:39.566 8 INFO neutron.db.ovn_revision_numbers_db [None req-ac784bac-e27c-4375-9b3a-0591beb3d4f1 94222d26040948dfa88afb4d9d8ffc23 7293df7eb7eb4aeea42f4be9062bf413 - - default default] Successfully bumped revision number for resource 68d8cca6-846f-48ea-a892-068bda5f2f7b (type: security_group_rules) to 0
2026-04-20 06:32:39.575 8 INFO neutron.db.ovn_revision_numbers_db [None req-ac784bac-e27c-4375-9b3a-0591beb3d4f1 94222d26040948dfa88afb4d9d8ffc23 7293df7eb7eb4aeea42f4be9062bf413 - - default default] Successfully bumped revision number for resource 747180f1-df11-4f32-bd91-84f6b6cf1130 (type: security_group_rules) to 0
2026-04-20 06:32:39.590 8 INFO neutron.db.ovn_revision_numbers_db [None req-ac784bac-e27c-4375-9b3a-0591beb3d4f1 94222d26040948dfa88afb4d9d8ffc23 7293df7eb7eb4aeea42f4be9062bf413 - - default default] Successfully bumped revision number for resource 8b59347f-40df-42ce-a6c9-831da7758987 (type: security_group_rules) to 0
2026-04-20 06:32:39.608 8 INFO neutron.db.ovn_revision_numbers_db [None req-ac784bac-e27c-4375-9b3a-0591beb3d4f1 94222d26040948dfa88afb4d9d8ffc23 7293df7eb7eb4aeea42f4be9062bf413 - - default default] Successfully bumped revision number for resource 90c8391a-1c7f-46cf-aba3-c296e88412c7 (type: security_group_rules) to 0 [pid: 8|app: 0|req: 1659/3295] 10.0.0.141 () {32 vars in 774 bytes} [Mon Apr 20 06:32:39 2026] GET /v2.0/security-groups?tenant_id=4ce9fa51fd764d8b8658b40b887e51a9&name=default => generated 2929 bytes in 218 msecs (HTTP/1.1 200) 4 headers in 158 bytes (1 switches on core 0) [pid: 7|app: 0|req: 1637/3296] 10.0.0.141 () {32 vars in 740 bytes} [Mon Apr 20 06:32:39 2026] DELETE /v2.0/security-groups/6789ed4c-0325-4dff-ba3d-b95374d2f2e5 => generated 0 bytes in 217 msecs (HTTP/1.1 204) 2 headers in 112 bytes (1 switches on core 0) [pid: 8|app: 0|req: 1660/3297] 10.0.0.141 () {32 vars in 774 bytes} [Mon Apr 20 06:32:40 2026] GET /v2.0/security-groups?tenant_id=7400546ad9794be7ac43fe0aa95925ff&name=default => generated 2929 bytes in 37 msecs (HTTP/1.1 200) 4 headers in 158 bytes (1 switches on core 0) [pid: 7|app: 0|req: 1638/3298] 10.0.0.141 () {32 vars in 740 bytes} [Mon Apr 20 06:32:40 2026] DELETE /v2.0/security-groups/fbdbe5ad-3951-4c27-9399-1dba2a6ee674 => generated 0 bytes in 244 msecs (HTTP/1.1 204) 2 headers in 112 bytes (1 switches on core 0)
2026-04-20 06:32:40.573 8 INFO neutron.db.ovn_revision_numbers_db [None req-e19c1bfe-fd38-4fe5-a73d-b0639de706ff 94222d26040948dfa88afb4d9d8ffc23 7293df7eb7eb4aeea42f4be9062bf413 - - default default] Successfully bumped revision number for resource 245854df-7c8c-4e32-831e-2f96e2d15989 (type: security_groups) to 1
2026-04-20 06:32:40.591 8 INFO neutron.db.ovn_revision_numbers_db [None req-e19c1bfe-fd38-4fe5-a73d-b0639de706ff 94222d26040948dfa88afb4d9d8ffc23 7293df7eb7eb4aeea42f4be9062bf413 - - default default] Successfully bumped revision number for resource 7403ff39-bfd0-4e71-b756-dc278b44e043 (type: security_group_rules) to 0
2026-04-20 06:32:40.602 8 INFO neutron.db.ovn_revision_numbers_db [None req-e19c1bfe-fd38-4fe5-a73d-b0639de706ff 94222d26040948dfa88afb4d9d8ffc23 7293df7eb7eb4aeea42f4be9062bf413 - - default default] Successfully bumped revision number for resource 757573a4-5555-4b8e-a778-e0fb8a6157f9 (type: security_group_rules) to 0
2026-04-20 06:32:40.614 8 INFO neutron.db.ovn_revision_numbers_db [None req-e19c1bfe-fd38-4fe5-a73d-b0639de706ff 94222d26040948dfa88afb4d9d8ffc23 7293df7eb7eb4aeea42f4be9062bf413 - - default default] Successfully bumped revision number for resource 9a019f5e-974f-4aa2-a696-5364ad52b49b (type: security_group_rules) to 0
2026-04-20 06:32:40.628 8 INFO neutron.db.ovn_revision_numbers_db [None req-e19c1bfe-fd38-4fe5-a73d-b0639de706ff 94222d26040948dfa88afb4d9d8ffc23 7293df7eb7eb4aeea42f4be9062bf413 - - default default] Successfully bumped revision number for resource e6c56901-8f3b-4614-8e9c-5afa445350b3 (type: security_group_rules) to 0 [pid: 8|app: 0|req: 1661/3299] 10.0.0.141 () {32 vars in 774 bytes} [Mon Apr 20 06:32:40 2026] GET /v2.0/security-groups?tenant_id=bd2737cdda2b4dacba04e0270fe482e6&name=default => generated 2929 bytes in 223 msecs (HTTP/1.1 200) 4 headers in 158 bytes (1 switches on core 0) [pid: 7|app: 0|req: 1639/3300] 10.0.0.141 () {32 vars in 740 bytes} [Mon Apr 20 06:32:40 2026] DELETE /v2.0/security-groups/245854df-7c8c-4e32-831e-2f96e2d15989 => generated 0 bytes in 219 msecs (HTTP/1.1 204) 2 headers in 112 bytes (1 switches on core 0)
2026-04-20 06:32:41.175 8 INFO neutron.db.ovn_revision_numbers_db [None req-7df2b15e-1eb0-4555-b931-cd60ddde54b7 94222d26040948dfa88afb4d9d8ffc23 7293df7eb7eb4aeea42f4be9062bf413 - - default default] Successfully bumped revision number for resource 4ad1f0f9-9640-4bf0-acde-17f386cdd82d (type: security_groups) to 1
2026-04-20 06:32:41.187 8 INFO neutron.db.ovn_revision_numbers_db [None req-7df2b15e-1eb0-4555-b931-cd60ddde54b7 94222d26040948dfa88afb4d9d8ffc23 7293df7eb7eb4aeea42f4be9062bf413 - - default default] Successfully bumped revision number for resource 92978c42-4890-4266-bff3-fe383ab083d2 (type: security_group_rules) to 0
2026-04-20 06:32:41.205 8 INFO neutron.db.ovn_revision_numbers_db [None req-7df2b15e-1eb0-4555-b931-cd60ddde54b7 94222d26040948dfa88afb4d9d8ffc23 7293df7eb7eb4aeea42f4be9062bf413 - - default default] Successfully bumped revision number for resource abbadb4b-706c-4127-8cce-4f93514fb068 (type: security_group_rules) to 0
2026-04-20 06:32:41.216 8 INFO neutron.db.ovn_revision_numbers_db [None req-7df2b15e-1eb0-4555-b931-cd60ddde54b7 94222d26040948dfa88afb4d9d8ffc23 7293df7eb7eb4aeea42f4be9062bf413 - - default default] Successfully bumped revision number for resource c3fe3581-c85d-413b-94da-e43fd5526792 (type: security_group_rules) to 0
2026-04-20 06:32:41.231 8 INFO neutron.db.ovn_revision_numbers_db [None req-7df2b15e-1eb0-4555-b931-cd60ddde54b7 94222d26040948dfa88afb4d9d8ffc23 7293df7eb7eb4aeea42f4be9062bf413 - - default default] Successfully bumped revision number for resource e6197058-abf0-42d7-8171-9886b4d8540f (type: security_group_rules) to 0 [pid: 8|app: 0|req: 1662/3301] 10.0.0.141 () {32 vars in 774 bytes} [Mon Apr 20 06:32:41 2026] GET /v2.0/security-groups?tenant_id=1823d870536c48088b47ad7875a27a8f&name=default => generated 2929 bytes in 227 msecs (HTTP/1.1 200) 4 headers in 158 bytes (1 switches on core 0) [pid: 7|app: 0|req: 1640/3302] 10.0.0.141 () {32 vars in 740 bytes} [Mon Apr 20 06:32:41 2026] DELETE /v2.0/security-groups/4ad1f0f9-9640-4bf0-acde-17f386cdd82d => generated 0 bytes in 213 msecs (HTTP/1.1 204) 2 headers in 112 bytes (1 switches on core 0)
2026-04-20 06:32:41.790 8 INFO neutron.db.ovn_revision_numbers_db [None req-507ad08d-dbbc-4e64-ab32-d1926917cd76 94222d26040948dfa88afb4d9d8ffc23 7293df7eb7eb4aeea42f4be9062bf413 - - default default] Successfully bumped revision number for resource c2c8a2e8-c95a-4ed8-8ae2-a010545115ad (type: security_groups) to 1
2026-04-20 06:32:41.802 8 INFO neutron.db.ovn_revision_numbers_db [None req-507ad08d-dbbc-4e64-ab32-d1926917cd76 94222d26040948dfa88afb4d9d8ffc23 7293df7eb7eb4aeea42f4be9062bf413 - - default default] Successfully bumped revision number for resource 1030a671-e492-46bb-b545-b35b105eb002 (type: security_group_rules) to 0
2026-04-20 06:32:41.816 8 INFO neutron.db.ovn_revision_numbers_db [None req-507ad08d-dbbc-4e64-ab32-d1926917cd76 94222d26040948dfa88afb4d9d8ffc23 7293df7eb7eb4aeea42f4be9062bf413 - - default default] Successfully bumped revision number for resource 37857a95-5df4-43cf-b67f-ca57f6503a2b (type: security_group_rules) to 0
2026-04-20 06:32:41.829 8 INFO neutron.db.ovn_revision_numbers_db [None req-507ad08d-dbbc-4e64-ab32-d1926917cd76 94222d26040948dfa88afb4d9d8ffc23 7293df7eb7eb4aeea42f4be9062bf413 - - default default] Successfully bumped revision number for resource b5794c7f-6ab1-4363-9af8-e5f52d6b526a (type: security_group_rules) to 0
