2026-09-11 18:56:17.947 7 INFO neutron.db.ovn_revision_numbers_db [None req-ee096bb7-49e5-4880-94db-4e6406622d6b fbc78f8c8e9b42a7b12db2db606530bf 7ef9708e2910490ea008894132e793cc - - default default] Successfully bumped revision number for resource 22efd138-e506-48b1-adfc-54d671e37985 (type: security_groups) to 1
2026-09-11 18:56:17.981 7 INFO neutron.db.ovn_revision_numbers_db [None req-ee096bb7-49e5-4880-94db-4e6406622d6b fbc78f8c8e9b42a7b12db2db606530bf 7ef9708e2910490ea008894132e793cc - - default default] Successfully bumped revision number for resource 391a6c58-5774-4939-93a3-9e3711c09f54 (type: security_group_rules) to 0
2026-09-11 18:56:18.007 7 INFO neutron.db.ovn_revision_numbers_db [None req-ee096bb7-49e5-4880-94db-4e6406622d6b fbc78f8c8e9b42a7b12db2db606530bf 7ef9708e2910490ea008894132e793cc - - default default] Successfully bumped revision number for resource 78954972-40be-4b37-a41d-1d783c0cfc48 (type: security_group_rules) to 0
2026-09-11 18:56:18.042 7 INFO neutron.db.ovn_revision_numbers_db [None req-ee096bb7-49e5-4880-94db-4e6406622d6b fbc78f8c8e9b42a7b12db2db606530bf 7ef9708e2910490ea008894132e793cc - - default default] Successfully bumped revision number for resource 7c3d1252-9e49-4d1a-be6a-5ca44318191f (type: security_group_rules) to 0
2026-09-11 18:56:18.075 7 INFO neutron.db.ovn_revision_numbers_db [None req-ee096bb7-49e5-4880-94db-4e6406622d6b fbc78f8c8e9b42a7b12db2db606530bf 7ef9708e2910490ea008894132e793cc - - default default] Successfully bumped revision number for resource 94b14b70-2fef-4d24-9c65-05825a3b1bef (type: security_group_rules) to 0
2026-09-11 18:56:18.138 7 INFO neutron.db.ovn_revision_numbers_db [None req-d922219e-40d5-4b32-9ccc-0d3a9a84cb37 - - - - - -] Successfully bumped revision number for resource 9b5d0d61-b27b-4d0a-af95-8e4cdefd1b50 (type: ports) to 2 [pid: 7|app: 0|req: 734/1416] 10.0.0.137 () {32 vars in 773 bytes} [Fri Sep 11 18:56:17 2026] GET /v2.0/security-groups?tenant_id=9a3e3195844244da83a7a45ace2b226b&name=default => generated 2925 bytes in 652 msecs (HTTP/1.1 200) 4 headers in 158 bytes (1 switches on core 0)
2026-09-11 18:56:18.232 8 INFO neutron_taas.services.taas.taas_plugin [None req-542a36f1-bf80-407e-bbeb-a9fda5d92151 c0b859f6ce08488bbe7f40026864dcf4 b6e8865ccef24151b68aa65720d35e9c - - default default] TaaS: Handle Delete Port: 9b5d0d61-b27b-4d0a-af95-8e4cdefd1b50
2026-09-11 18:56:18.235 8 INFO neutron_taas.services.taas.tap_mirror_plugin [None req-542a36f1-bf80-407e-bbeb-a9fda5d92151 c0b859f6ce08488bbe7f40026864dcf4 b6e8865ccef24151b68aa65720d35e9c - - default default] Tap Mirror: Handle Delete Port: 9b5d0d61-b27b-4d0a-af95-8e4cdefd1b50
2026-09-11 18:56:18.441 7 INFO neutron.db.ovn_revision_numbers_db [None req-132f40da-b6d3-4ec8-9df4-bdf788d6b67c - - - - - -] Successfully bumped revision number for resource 9b5d0d61-b27b-4d0a-af95-8e4cdefd1b50 (type: router_ports) to 2 [pid: 7|app: 0|req: 735/1417] 10.0.0.137 () {32 vars in 739 bytes} [Fri Sep 11 18:56:18 2026] DELETE /v2.0/security-groups/22efd138-e506-48b1-adfc-54d671e37985 => generated 0 bytes in 395 msecs (HTTP/1.1 204) 2 headers in 112 bytes (1 switches on core 0) [pid: 7|app: 0|req: 736/1418] 10.0.0.139 () {34 vars in 989 bytes} [Fri Sep 11 18:56:18 2026] GET /v2.0/ports?device_id=42157660-e4ac-48b8-8212-29e6a63bee9f => generated 969 bytes in 47 msecs (HTTP/1.1 200) 4 headers in 157 bytes (1 switches on core 0) [pid: 7|app: 0|req: 737/1419] 10.0.0.139 () {34 vars in 1039 bytes} [Fri Sep 11 18:56:18 2026] GET /v2.0/security-groups?id=cd327fb7-0b54-45fd-bd6c-3dea5b891a80&fields=id&fields=name => generated 114 bytes in 44 msecs (HTTP/1.1 200) 4 headers in 157 bytes (1 switches on core 0)
2026-09-11 18:56:18.774 8 INFO neutron.plugins.ml2.drivers.ovn.mech_driver.mech_driver [None req-dc0ebb76-514b-446b-b61c-83e49606b14c - - - - - -] OVN reports status up for port: b74f1837-d05c-4ad7-b5ad-d549ed606a41
2026-09-11 18:56:18.808 8 INFO neutron.plugins.ml2.plugin [None req-dc0ebb76-514b-446b-b61c-83e49606b14c - - - - - -] Attempt 1 to provision port b74f1837-d05c-4ad7-b5ad-d549ed606a41
2026-09-11 18:56:19.030 7 INFO neutron.db.ovn_revision_numbers_db [None req-3bb43781-5218-4736-991e-64f84fc54fc8 fbc78f8c8e9b42a7b12db2db606530bf 7ef9708e2910490ea008894132e793cc - - default default] Successfully bumped revision number for resource 7c26e428-62cb-4fba-b73e-d736bbdaae6f (type: security_groups) to 1
2026-09-11 18:56:19.043 7 INFO neutron.db.ovn_revision_numbers_db [None req-3bb43781-5218-4736-991e-64f84fc54fc8 fbc78f8c8e9b42a7b12db2db606530bf 7ef9708e2910490ea008894132e793cc - - default default] Successfully bumped revision number for resource 32565718-0c01-48f9-aae8-527bc4bf1fc6 (type: security_group_rules) to 0
2026-09-11 18:56:19.056 7 INFO neutron.db.ovn_revision_numbers_db [None req-3bb43781-5218-4736-991e-64f84fc54fc8 fbc78f8c8e9b42a7b12db2db606530bf 7ef9708e2910490ea008894132e793cc - - default default] Successfully bumped revision number for resource 6c68b62a-5e0b-4596-a0fd-afa004ac467c (type: security_group_rules) to 0
2026-09-11 18:56:19.070 7 INFO neutron.db.ovn_revision_numbers_db [None req-3bb43781-5218-4736-991e-64f84fc54fc8 fbc78f8c8e9b42a7b12db2db606530bf 7ef9708e2910490ea008894132e793cc - - default default] Successfully bumped revision number for resource 7e6365c6-ebef-45c3-89e1-1494a34fd335 (type: security_group_rules) to 0
2026-09-11 18:56:19.081 7 INFO neutron.db.ovn_revision_numbers_db [None req-3bb43781-5218-4736-991e-64f84fc54fc8 fbc78f8c8e9b42a7b12db2db606530bf 7ef9708e2910490ea008894132e793cc - - default default] Successfully bumped revision number for resource ac77841b-b5e7-4d5a-a607-af1257fa43df (type: security_group_rules) to 0 [pid: 7|app: 0|req: 738/1420] 10.0.0.137 () {32 vars in 773 bytes} [Fri Sep 11 18:56:18 2026] GET /v2.0/security-groups?tenant_id=04430c15e11d453797d39a4b7642c7e3&name=default => generated 2925 bytes in 234 msecs (HTTP/1.1 200) 4 headers in 158 bytes (1 switches on core 0) [pid: 8|app: 0|req: 683/1421] 10.0.0.137 () {34 vars in 788 bytes} [Fri Sep 11 18:56:17 2026] PUT /v2.0/routers/244f05b6-9577-4a9e-bafe-c6658b5c76fa/remove_router_interface => generated 309 bytes in 1217 msecs (HTTP/1.1 200) 4 headers in 157 bytes (1 switches on core 0) /var/lib/openstack/lib/python3.12/site-packages/pycadf/identifier.py:70: UserWarning: Invalid uuid: neutron. To ensure interoperability, identifiers should be a valid uuid. warnings.warn(('Invalid uuid: %s. To ensure interoperability, ' [pid: 8|app: 0|req: 684/1422] 10.0.0.137 () {32 vars in 735 bytes} [Fri Sep 11 18:56:19 2026] GET /v2.0/ports?device_id=244f05b6-9577-4a9e-bafe-c6658b5c76fa => generated 12 bytes in 59 msecs (HTTP/1.1 200) 4 headers in 156 bytes (1 switches on core 0)
2026-09-11 18:56:19.308 8 INFO neutron.db.ovn_revision_numbers_db [None req-dc0ebb76-514b-446b-b61c-83e49606b14c - - - - - -] Successfully bumped revision number for resource b74f1837-d05c-4ad7-b5ad-d549ed606a41 (type: ports) to 7 [pid: 7|app: 0|req: 739/1423] 10.0.0.137 () {32 vars in 739 bytes} [Fri Sep 11 18:56:19 2026] DELETE /v2.0/security-groups/7c26e428-62cb-4fba-b73e-d736bbdaae6f => generated 0 bytes in 241 msecs (HTTP/1.1 204) 2 headers in 112 bytes (1 switches on core 0) [pid: 8|app: 0|req: 685/1424] 10.0.0.137 () {32 vars in 723 bytes} [Fri Sep 11 18:56:19 2026] DELETE /v2.0/routers/244f05b6-9577-4a9e-bafe-c6658b5c76fa => generated 0 bytes in 331 msecs (HTTP/1.1 204) 2 headers in 112 bytes (1 switches on core 0) /var/lib/openstack/lib/python3.12/site-packages/pycadf/identifier.py:70: UserWarning: Invalid uuid: neutron. To ensure interoperability, identifiers should be a valid uuid. warnings.warn(('Invalid uuid: %s. To ensure interoperability, ' [pid: 7|app: 0|req: 740/1425] 10.0.0.137 () {32 vars in 723 bytes} [Fri Sep 11 18:56:19 2026] DELETE /v2.0/subnets/804b6878-49aa-46b4-9ee7-9f73495afd70 => generated 0 bytes in 187 msecs (HTTP/1.1 204) 3 headers in 131 bytes (1 switches on core 0) [pid: 8|app: 0|req: 686/1426] 10.0.0.139 () {34 vars in 989 bytes} [Fri Sep 11 18:56:19 2026] GET /v2.0/ports?device_id=42157660-e4ac-48b8-8212-29e6a63bee9f => generated 971 bytes in 78 msecs (HTTP/1.1 200) 4 headers in 157 bytes (1 switches on core 0) [pid: 8|app: 0|req: 687/1427] 10.0.0.139 () {34 vars in 1039 bytes} [Fri Sep 11 18:56:19 2026] GET /v2.0/security-groups?id=cd327fb7-0b54-45fd-bd6c-3dea5b891a80&fields=id&fields=name => generated 114 bytes in 31 msecs (HTTP/1.1 200) 4 headers in 157 bytes (1 switches on core 0)
2026-09-11 18:56:19.876 7 INFO neutron_taas.services.taas.taas_plugin [None req-8c79bdde-4df2-4e9f-ad5e-9a150ef3cb61 c0b859f6ce08488bbe7f40026864dcf4 b6e8865ccef24151b68aa65720d35e9c - - default default] TaaS: Handle Delete Port: a49cdae6-1d8b-4cb5-9601-77dae8f0e7e2
2026-09-11 18:56:19.878 7 INFO neutron_taas.services.taas.tap_mirror_plugin [None req-8c79bdde-4df2-4e9f-ad5e-9a150ef3cb61 c0b859f6ce08488bbe7f40026864dcf4 b6e8865ccef24151b68aa65720d35e9c - - default default] Tap Mirror: Handle Delete Port: a49cdae6-1d8b-4cb5-9601-77dae8f0e7e2
2026-09-11 18:56:19.953 8 INFO neutron.notifiers.nova [-] Nova event matching ['req-65e4735f-ad78-45a9-b9eb-3927fb6984c2'] response: {'server_uuid': '42157660-e4ac-48b8-8212-29e6a63bee9f', 'name': 'network-vif-plugged', 'status': 'completed', 'tag': 'b74f1837-d05c-4ad7-b5ad-d549ed606a41', 'code': 200}
2026-09-11 18:56:19.953 8 INFO neutron.notifiers.nova [-] Nova event matching ['req-65e4735f-ad78-45a9-b9eb-3927fb6984c2'] response: {'server_uuid': '42157660-e4ac-48b8-8212-29e6a63bee9f', 'name': 'network-vif-plugged', 'status': 'completed', 'tag': 'b74f1837-d05c-4ad7-b5ad-d549ed606a41', 'code': 200}
2026-09-11 18:56:20.061 7 INFO neutron.services.segments.plugin [-] Segment 15a64591-d331-4076-9b0f-5947f135552d resource provider aggregate not found
2026-09-11 18:56:20.065 7 INFO neutron.services.segments.plugin [-] Segment 15a64591-d331-4076-9b0f-5947f135552d resource provider aggregate not found
2026-09-11 18:56:20.094 7 INFO neutron.services.segments.plugin [-] Client error retrieving segment 15a64591-d331-4076-9b0f-5947f135552d resource provider; error: Placement Client Error (4xx): {"errors": [{"status": 404, "title": "Not Found", "detail": "The resource could not be found.\n\n No resource provider with uuid 15a64591-d331-4076-9b0f-5947f135552d found for delete ", "request_id": "req-5abaa6c3-cda8-4e6d-ba82-6ff255b2a9e5"}]}
2026-09-11 18:56:20.107 7 INFO neutron.services.segments.plugin [-] Client error retrieving segment 15a64591-d331-4076-9b0f-5947f135552d resource provider; error: Placement Client Error (4xx): {"errors": [{"status": 404, "title": "Not Found", "detail": "The resource could not be found.\n\n No resource provider with uuid 15a64591-d331-4076-9b0f-5947f135552d found for delete ", "request_id": "req-68ddc8ae-0139-413d-a396-5751d6171905"}]} [pid: 7|app: 0|req: 741/1428] 10.0.0.137 () {32 vars in 725 bytes} [Fri Sep 11 18:56:19 2026] DELETE /v2.0/networks/a3fd3b4b-2b52-40fd-8316-2e59bf8cf89f => generated 0 bytes in 385 msecs (HTTP/1.1 204) 3 headers in 131 bytes (1 switches on core 0)
2026-09-11 18:56:20.590 8 WARNING neutron.scheduler.dhcp_agent_scheduler [None req-a88e8745-2a23-482a-a202-da1b172a2da7 c0b859f6ce08488bbe7f40026864dcf4 b6e8865ccef24151b68aa65720d35e9c - - default default] No more DHCP agents
2026-09-11 18:56:20.592 8 WARNING neutron.api.rpc.agentnotifiers.dhcp_rpc_agent_api [None req-a88e8745-2a23-482a-a202-da1b172a2da7 c0b859f6ce08488bbe7f40026864dcf4 b6e8865ccef24151b68aa65720d35e9c - - default default] Unable to schedule network 99eb405f-2110-459c-b1d1-c802287d36a6: no agents available; will retry on subsequent port and subnet creation events.
2026-09-11 18:56:20.708 8 INFO neutron.plugins.ml2.drivers.ovn.mech_driver.mech_driver [None req-c8646750-1863-4f62-ae3f-f62084fddab5 - - - - - -] OVN reports status down for port: 38784d73-588e-459e-9c3d-f6279c2a1adb
2026-09-11 18:56:20.773 8 INFO neutron.db.ovn_revision_numbers_db [None req-a88e8745-2a23-482a-a202-da1b172a2da7 c0b859f6ce08488bbe7f40026864dcf4 b6e8865ccef24151b68aa65720d35e9c - - default default] Successfully bumped revision number for resource 38784d73-588e-459e-9c3d-f6279c2a1adb (type: ports) to 1 [pid: 7|app: 0|req: 744/1431] 10.0.0.139 () {34 vars in 989 bytes} [Fri Sep 11 18:56:20 2026] GET /v2.0/ports?device_id=42157660-e4ac-48b8-8212-29e6a63bee9f => generated 971 bytes in 49 msecs (HTTP/1.1 200) 4 headers in 157 bytes (1 switches on core 0) [pid: 7|app: 0|req: 745/1432] 10.0.0.139 () {34 vars in 1039 bytes} [Fri Sep 11 18:56:21 2026] GET /v2.0/security-groups?id=cd327fb7-0b54-45fd-bd6c-3dea5b891a80&fields=id&fields=name => generated 114 bytes in 29 msecs (HTTP/1.1 200) 4 headers in 157 bytes (1 switches on core 0)
2026-09-11 18:56:21.370 7 INFO neutron.db.ovn_revision_numbers_db [None req-aee9bb88-8194-4685-8830-09bb04a0c704 fbc78f8c8e9b42a7b12db2db606530bf 7ef9708e2910490ea008894132e793cc - - default default] Successfully bumped revision number for resource f9edbee7-9bc6-41ef-9c30-a7e1346a836a (type: security_groups) to 1
2026-09-11 18:56:21.379 7 INFO neutron.db.ovn_revision_numbers_db [None req-aee9bb88-8194-4685-8830-09bb04a0c704 fbc78f8c8e9b42a7b12db2db606530bf 7ef9708e2910490ea008894132e793cc - - default default] Successfully bumped revision number for resource 161ca20b-6fb0-49cd-9509-129d4607143b (type: security_group_rules) to 0
2026-09-11 18:56:21.397 7 INFO neutron.db.ovn_revision_numbers_db [None req-aee9bb88-8194-4685-8830-09bb04a0c704 fbc78f8c8e9b42a7b12db2db606530bf 7ef9708e2910490ea008894132e793cc - - default default] Successfully bumped revision number for resource 530686c0-266a-47d7-b853-ed67cee1fe39 (type: security_group_rules) to 0
2026-09-11 18:56:21.407 7 INFO neutron.db.ovn_revision_numbers_db [None req-aee9bb88-8194-4685-8830-09bb04a0c704 fbc78f8c8e9b42a7b12db2db606530bf 7ef9708e2910490ea008894132e793cc - - default default] Successfully bumped revision number for resource 5672f1f6-fbc1-4ca4-b94a-f546a10018ab (type: security_group_rules) to 0
2026-09-11 18:56:21.417 7 INFO neutron.db.ovn_revision_numbers_db [None req-aee9bb88-8194-4685-8830-09bb04a0c704 fbc78f8c8e9b42a7b12db2db606530bf 7ef9708e2910490ea008894132e793cc - - default default] Successfully bumped revision number for resource 591a12ff-7b0c-4933-b49f-7b2924490a94 (type: security_group_rules) to 0 [pid: 7|app: 0|req: 746/1433] 10.0.0.137 () {32 vars in 773 bytes} [Fri Sep 11 18:56:21 2026] GET /v2.0/security-groups?tenant_id=9913e063f1454f76bdfce67125869cd8&name=default => generated 2925 bytes in 365 msecs (HTTP/1.1 200) 4 headers in 158 bytes (1 switches on core 0)
2026-09-11 18:56:21.468 8 INFO neutron.plugins.ml2.drivers.ovn.mech_driver.ovsdb.commands [None req-2fe235cf-daef-4823-9a1f-2a2a6311c434 - - - - - -] Schedule LRP lrp-38784d73-588e-459e-9c3d-f6279c2a1adb on gateway 0f18c4d4-a57d-487f-bff8-667d9093290b with priority 1
2026-09-11 18:56:21.492 8 INFO neutron.plugins.ml2.drivers.ovn.mech_driver.mech_driver [None req-c8646750-1863-4f62-ae3f-f62084fddab5 - - - - - -] OVN reports status up for port: 38784d73-588e-459e-9c3d-f6279c2a1adb
2026-09-11 18:56:21.521 8 INFO neutron.plugins.ml2.plugin [None req-c8646750-1863-4f62-ae3f-f62084fddab5 - - - - - -] Attempt 1 to provision port 38784d73-588e-459e-9c3d-f6279c2a1adb
2026-09-11 18:56:21.568 8 INFO neutron.db.ovn_revision_numbers_db [None req-a88e8745-2a23-482a-a202-da1b172a2da7 c0b859f6ce08488bbe7f40026864dcf4 b6e8865ccef24151b68aa65720d35e9c - - default default] Successfully bumped revision number for resource 38784d73-588e-459e-9c3d-f6279c2a1adb (type: router_ports) to 1 [pid: 7|app: 0|req: 747/1434] 10.0.0.137 () {32 vars in 739 bytes} [Fri Sep 11 18:56:21 2026] DELETE /v2.0/security-groups/f9edbee7-9bc6-41ef-9c30-a7e1346a836a => generated 0 bytes in 270 msecs (HTTP/1.1 204) 2 headers in 112 bytes (1 switches on core 0)
2026-09-11 18:56:21.748 8 INFO neutron.db.ovn_revision_numbers_db [None req-a88e8745-2a23-482a-a202-da1b172a2da7 c0b859f6ce08488bbe7f40026864dcf4 b6e8865ccef24151b68aa65720d35e9c - - default default] Successfully bumped revision number for resource 26627f66-d193-4df4-8969-fa0968d6e8c9 (type: routers) to 2 [pid: 8|app: 0|req: 688/1435] 10.0.0.137 () {34 vars in 668 bytes} [Fri Sep 11 18:56:20 2026] POST /v2.0/routers => generated 947 bytes in 1636 msecs (HTTP/1.1 201) 4 headers in 162 bytes (1 switches on core 0) [pid: 7|app: 0|req: 748/1436] 10.0.0.137 () {32 vars in 720 bytes} [Fri Sep 11 18:56:21 2026] GET /v2.0/routers/26627f66-d193-4df4-8969-fa0968d6e8c9 => generated 953 bytes in 82 msecs (HTTP/1.1 200) 4 headers in 157 bytes (1 switches on core 0) [pid: 8|app: 0|req: 689/1437] 10.0.0.137 () {32 vars in 646 bytes} [Fri Sep 11 18:56:21 2026] GET /v2.0/routers => generated 956 bytes in 136 msecs (HTTP/1.1 200) 4 headers in 157 bytes (1 switches on core 0)
2026-09-11 18:56:22.028 7 INFO neutron.db.ovn_revision_numbers_db [None req-bed0b14b-794e-4ff6-aa7c-ec1788e62b58 fbc78f8c8e9b42a7b12db2db606530bf 7ef9708e2910490ea008894132e793cc - - default default] Successfully bumped revision number for resource 300fa8a0-3cca-4692-a4a0-7c0eebdf7ed0 (type: security_groups) to 1
2026-09-11 18:56:22.041 7 INFO neutron.db.ovn_revision_numbers_db [None req-bed0b14b-794e-4ff6-aa7c-ec1788e62b58 fbc78f8c8e9b42a7b12db2db606530bf 7ef9708e2910490ea008894132e793cc - - default default] Successfully bumped revision number for resource 35338540-17be-4fab-88ef-85e5040c01e6 (type: security_group_rules) to 0
2026-09-11 18:56:22.054 7 INFO neutron.db.ovn_revision_numbers_db [None req-bed0b14b-794e-4ff6-aa7c-ec1788e62b58 fbc78f8c8e9b42a7b12db2db606530bf 7ef9708e2910490ea008894132e793cc - - default default] Successfully bumped revision number for resource 3e550fc0-d4f6-49e8-aa14-5d8917887f61 (type: security_group_rules) to 0
2026-09-11 18:56:22.065 7 INFO neutron.db.ovn_revision_numbers_db [None req-bed0b14b-794e-4ff6-aa7c-ec1788e62b58 fbc78f8c8e9b42a7b12db2db606530bf 7ef9708e2910490ea008894132e793cc - - default default] Successfully bumped revision number for resource 62706ffc-a48d-461e-98da-1d2aac48a05a (type: security_group_rules) to 0
2026-09-11 18:56:22.078 7 INFO neutron.db.ovn_revision_numbers_db [None req-bed0b14b-794e-4ff6-aa7c-ec1788e62b58 fbc78f8c8e9b42a7b12db2db606530bf 7ef9708e2910490ea008894132e793cc - - default default] Successfully bumped revision number for resource d3b03dbd-7dfc-4569-bce3-d09bcd63bd87 (type: security_group_rules) to 0 [pid: 7|app: 0|req: 749/1438] 10.0.0.137 () {32 vars in 773 bytes} [Fri Sep 11 18:56:21 2026] GET /v2.0/security-groups?tenant_id=6baf484884fe4fc5af6b973dbcb78333&name=default => generated 2925 bytes in 213 msecs (HTTP/1.1 200) 4 headers in 158 bytes (1 switches on core 0) [pid: 7|app: 0|req: 750/1439] 10.0.0.137 () {32 vars in 739 bytes} [Fri Sep 11 18:56:22 2026] DELETE /v2.0/security-groups/300fa8a0-3cca-4692-a4a0-7c0eebdf7ed0 => generated 0 bytes in 200 msecs (HTTP/1.1 204) 2 headers in 112 bytes (1 switches on core 0)
2026-09-11 18:56:22.410 8 INFO neutron.db.ovn_revision_numbers_db [None req-58ed7949-80aa-405b-b7f9-99057d29513f c0b859f6ce08488bbe7f40026864dcf4 b6e8865ccef24151b68aa65720d35e9c - - default default] Successfully bumped revision number for resource 26627f66-d193-4df4-8969-fa0968d6e8c9 (type: routers) to 3 [pid: 8|app: 0|req: 690/1440] 10.0.0.137 () {34 vars in 740 bytes} [Fri Sep 11 18:56:22 2026] PUT /v2.0/routers/26627f66-d193-4df4-8969-fa0968d6e8c9 => generated 960 bytes in 400 msecs (HTTP/1.1 200) 4 headers in 157 bytes (1 switches on core 0) [pid: 7|app: 0|req: 751/1441] 10.0.0.137 () {32 vars in 720 bytes} [Fri Sep 11 18:56:22 2026] GET /v2.0/routers/26627f66-d193-4df4-8969-fa0968d6e8c9 => generated 960 bytes in 78 msecs (HTTP/1.1 200) 4 headers in 157 bytes (1 switches on core 0) [pid: 8|app: 0|req: 691/1442] 10.0.0.137 () {32 vars in 735 bytes} [Fri Sep 11 18:56:22 2026] GET /v2.0/ports?device_id=26627f66-d193-4df4-8969-fa0968d6e8c9 => generated 12 bytes in 19 msecs (HTTP/1.1 200) 4 headers in 156 bytes (1 switches on core 0)
2026-09-11 18:56:22.880 7 INFO neutron_taas.services.taas.taas_plugin [None req-d0c6aefd-b07d-4b9f-b31c-47325e7f68b0 c0b859f6ce08488bbe7f40026864dcf4 b6e8865ccef24151b68aa65720d35e9c - - default default] TaaS: Handle Delete Port: 38784d73-588e-459e-9c3d-f6279c2a1adb
2026-09-11 18:56:22.882 7 INFO neutron_taas.services.taas.tap_mirror_plugin [None req-d0c6aefd-b07d-4b9f-b31c-47325e7f68b0 c0b859f6ce08488bbe7f40026864dcf4 b6e8865ccef24151b68aa65720d35e9c - - default default] Tap Mirror: Handle Delete Port: 38784d73-588e-459e-9c3d-f6279c2a1adb [pid: 7|app: 0|req: 752/1443] 10.0.0.137 () {32 vars in 723 bytes} [Fri Sep 11 18:56:22 2026] DELETE /v2.0/routers/26627f66-d193-4df4-8969-fa0968d6e8c9 => generated 0 bytes in 1337 msecs (HTTP/1.1 204) 2 headers in 112 bytes (1 switches on core 0) [pid: 8|app: 0|req: 692/1444] 10.0.0.137 () {32 vars in 735 bytes} [Fri Sep 11 18:56:23 2026] GET /v2.0/ports?device_id=26627f66-d193-4df4-8969-fa0968d6e8c9 => generated 12 bytes in 22 msecs (HTTP/1.1 200) 4 headers in 156 bytes (1 switches on core 0)
2026-09-11 18:56:23.923 7 INFO neutron.api.v2.resource [None req-47f96fe2-2e2e-4669-9116-30837fd1eef0 c0b859f6ce08488bbe7f40026864dcf4 b6e8865ccef24151b68aa65720d35e9c - - default default] delete failed (client error): The resource could not be found. [pid: 7|app: 0|req: 753/1445] 10.0.0.137 () {32 vars in 723 bytes} [Fri Sep 11 18:56:23 2026] DELETE /v2.0/routers/26627f66-d193-4df4-8969-fa0968d6e8c9 => generated 135 bytes in 23 msecs (HTTP/1.1 404) 4 headers in 164 bytes (1 switches on core 0) [pid: 8|app: 0|req: 693/1446] 10.0.0.137 () {32 vars in 735 bytes} [Fri Sep 11 18:56:23 2026] GET /v2.0/ports?device_id=244f05b6-9577-4a9e-bafe-c6658b5c76fa => generated 12 bytes in 25 msecs (HTTP/1.1 200) 4 headers in 156 bytes (1 switches on core 0)
2026-09-11 18:56:23.984 7 INFO neutron.api.v2.resource [None req-4d7ae9f5-dd6f-4a00-b302-ae81aeac0afd c0b859f6ce08488bbe7f40026864dcf4 b6e8865ccef24151b68aa65720d35e9c - - default default] delete failed (client error): The resource could not be found. [pid: 7|app: 0|req: 754/1447] 10.0.0.137 () {32 vars in 723 bytes} [Fri Sep 11 18:56:23 2026] DELETE /v2.0/routers/244f05b6-9577-4a9e-bafe-c6658b5c76fa => generated 135 bytes in 27 msecs (HTTP/1.1 404) 4 headers in 164 bytes (1 switches on core 0)
2026-09-11 18:56:24.012 8 INFO neutron.pecan_wsgi.hooks.translation [None req-7878411f-6dc0-4537-a93a-fa633b41501c c0b859f6ce08488bbe7f40026864dcf4 b6e8865ccef24151b68aa65720d35e9c - - default default] DELETE failed (client error): The resource could not be found. [pid: 8|app: 0|req: 694/1448] 10.0.0.137 () {32 vars in 723 bytes} [Fri Sep 11 18:56:23 2026] DELETE /v2.0/subnets/804b6878-49aa-46b4-9ee7-9f73495afd70 => generated 136 bytes in 27 msecs (HTTP/1.1 404) 4 headers in 164 bytes (1 switches on core 0) [pid: 7|app: 0|req: 755/1449] 10.0.0.137 () {32 vars in 735 bytes} [Fri Sep 11 18:56:24 2026] GET /v2.0/ports?device_id=5e12aa1c-e554-4fa5-92f5-e5b4199dd0f8 => generated 12 bytes in 23 msecs (HTTP/1.1 200) 4 headers in 156 bytes (1 switches on core 0)
2026-09-11 18:56:24.077 8 INFO neutron.api.v2.resource [None req-9c897088-a940-4a03-85a3-8432fcc7126d c0b859f6ce08488bbe7f40026864dcf4 b6e8865ccef24151b68aa65720d35e9c - - default default] delete failed (client error): The resource could not be found. [pid: 8|app: 0|req: 695/1450] 10.0.0.137 () {32 vars in 723 bytes} [Fri Sep 11 18:56:24 2026] DELETE /v2.0/routers/5e12aa1c-e554-4fa5-92f5-e5b4199dd0f8 => generated 135 bytes in 29 msecs (HTTP/1.1 404) 4 headers in 164 bytes (1 switches on core 0)
2026-09-11 18:56:24.103 7 INFO neutron.pecan_wsgi.hooks.translation [None req-3f82c45b-1a82-4de0-8ec8-793607472b4f c0b859f6ce08488bbe7f40026864dcf4 b6e8865ccef24151b68aa65720d35e9c - - default default] DELETE failed (client error): The resource could not be found. [pid: 7|app: 0|req: 756/1451] 10.0.0.137 () {32 vars in 723 bytes} [Fri Sep 11 18:56:24 2026] DELETE /v2.0/subnets/bb1f3b52-c9c8-4753-b913-381c0317d67a => generated 136 bytes in 22 msecs (HTTP/1.1 404) 4 headers in 164 bytes (1 switches on core 0) [pid: 8|app: 0|req: 696/1452] 10.0.0.137 () {32 vars in 735 bytes} [Fri Sep 11 18:56:24 2026] GET /v2.0/ports?device_id=6284909f-c68d-4e1e-befc-583382103ef7 => generated 12 bytes in 31 msecs (HTTP/1.1 200) 4 headers in 156 bytes (1 switches on core 0)
2026-09-11 18:56:24.187 7 INFO neutron.api.v2.resource [None req-a14f6525-1e90-44d2-a365-b01bb2453b6b c0b859f6ce08488bbe7f40026864dcf4 b6e8865ccef24151b68aa65720d35e9c - - default default] delete failed (client error): The resource could not be found. [pid: 7|app: 0|req: 757/1453] 10.0.0.137 () {32 vars in 723 bytes} [Fri Sep 11 18:56:24 2026] DELETE /v2.0/routers/6284909f-c68d-4e1e-befc-583382103ef7 => generated 135 bytes in 25 msecs (HTTP/1.1 404) 4 headers in 164 bytes (1 switches on core 0)
2026-09-11 18:56:24.213 8 INFO neutron.pecan_wsgi.hooks.translation [None req-9b76fa5d-7cf1-4bdb-aeef-9644ed00ac6a c0b859f6ce08488bbe7f40026864dcf4 b6e8865ccef24151b68aa65720d35e9c - - default default] DELETE failed (client error): The resource could not be found. [pid: 8|app: 0|req: 697/1454] 10.0.0.137 () {32 vars in 723 bytes} [Fri Sep 11 18:56:24 2026] DELETE /v2.0/subnets/9a22eb50-5768-4322-b92d-bd4beac19f02 => generated 136 bytes in 25 msecs (HTTP/1.1 404) 4 headers in 164 bytes (1 switches on core 0)
2026-09-11 18:56:24.241 7 INFO neutron.pecan_wsgi.hooks.translation [None req-3f533030-04d5-45cb-9f60-354c8e3325f3 c0b859f6ce08488bbe7f40026864dcf4 b6e8865ccef24151b68aa65720d35e9c - - default default] DELETE failed (client error): The resource could not be found. [pid: 7|app: 0|req: 758/1455] 10.0.0.137 () {32 vars in 723 bytes} [Fri Sep 11 18:56:24 2026] DELETE /v2.0/subnets/dea37288-ec73-438d-89f5-9b7277f33bd6 => generated 136 bytes in 24 msecs (HTTP/1.1 404) 4 headers in 164 bytes (1 switches on core 0)
2026-09-11 18:56:24.515 8 INFO neutron.db.ovn_revision_numbers_db [None req-7c5d1e41-3307-4ccb-8d22-561b909caac0 fbc78f8c8e9b42a7b12db2db606530bf 7ef9708e2910490ea008894132e793cc - - default default] Successfully bumped revision number for resource d2091ea8-f438-4d47-a310-bc97dba5fe2b (type: security_groups) to 1
2026-09-11 18:56:24.542 8 INFO neutron.db.ovn_revision_numbers_db [None req-7c5d1e41-3307-4ccb-8d22-561b909caac0 fbc78f8c8e9b42a7b12db2db606530bf 7ef9708e2910490ea008894132e793cc - - default default] Successfully bumped revision number for resource 110b69db-c140-49c2-8afa-b92ce7a36505 (type: security_group_rules) to 0
2026-09-11 18:56:24.563 8 INFO neutron.db.ovn_revision_numbers_db [None req-7c5d1e41-3307-4ccb-8d22-561b909caac0 fbc78f8c8e9b42a7b12db2db606530bf 7ef9708e2910490ea008894132e793cc - - default default] Successfully bumped revision number for resource 79795472-b30f-4542-a6f0-89d0ff00e345 (type: security_group_rules) to 0
2026-09-11 18:56:24.586 8 INFO neutron.db.ovn_revision_numbers_db [None req-7c5d1e41-3307-4ccb-8d22-561b909caac0 fbc78f8c8e9b42a7b12db2db606530bf 7ef9708e2910490ea008894132e793cc - - default default] Successfully bumped revision number for resource dbf337e8-dacf-4e23-9fb5-099ce67060db (type: security_group_rules) to 0
2026-09-11 18:56:24.605 8 INFO neutron.db.ovn_revision_numbers_db [None req-7c5d1e41-3307-4ccb-8d22-561b909caac0 fbc78f8c8e9b42a7b12db2db606530bf 7ef9708e2910490ea008894132e793cc - - default default] Successfully bumped revision number for resource f5a39eec-e4f3-43d9-9029-7b4ffb47faa7 (type: security_group_rules) to 0 [pid: 8|app: 0|req: 698/1456] 10.0.0.137 () {32 vars in 773 bytes} [Fri Sep 11 18:56:24 2026] GET /v2.0/security-groups?tenant_id=703a8e95f96e4e5b8f7dd9125f43bcb0&name=default => generated 2925 bytes in 403 msecs (HTTP/1.1 200) 4 headers in 158 bytes (1 switches on core 0) [pid: 7|app: 0|req: 759/1457] 10.0.0.137 () {32 vars in 739 bytes} [Fri Sep 11 18:56:24 2026] DELETE /v2.0/security-groups/d2091ea8-f438-4d47-a310-bc97dba5fe2b => generated 0 bytes in 273 msecs (HTTP/1.1 204) 2 headers in 112 bytes (1 switches on core 0) [pid: 8|app: 0|req: 699/1458] 10.0.0.137 () {32 vars in 773 bytes} [Fri Sep 11 18:56:24 2026] GET /v2.0/security-groups?tenant_id=b6e8865ccef24151b68aa65720d35e9c&name=default => generated 2925 bytes in 221 msecs (HTTP/1.1 200) 4 headers in 158 bytes (1 switches on core 0)
2026-09-11 18:56:25.195 8 INFO neutron.db.ovn_revision_numbers_db [None req-87fef31d-8efe-4750-ba73-dc5089fb6ed5 fbc78f8c8e9b42a7b12db2db606530bf 7ef9708e2910490ea008894132e793cc - - default default] Successfully bumped revision number for resource 76a6170c-f0e3-430a-a1be-0b87bfff8156 (type: security_groups) to 1
2026-09-11 18:56:25.208 8 INFO neutron.db.ovn_revision_numbers_db [None req-87fef31d-8efe-4750-ba73-dc5089fb6ed5 fbc78f8c8e9b42a7b12db2db606530bf 7ef9708e2910490ea008894132e793cc - - default default] Successfully bumped revision number for resource 35b477d8-41a4-4b3e-8612-70d8c36f47c1 (type: security_group_rules) to 0
2026-09-11 18:56:25.220 8 INFO neutron.db.ovn_revision_numbers_db [None req-87fef31d-8efe-4750-ba73-dc5089fb6ed5 fbc78f8c8e9b42a7b12db2db606530bf 7ef9708e2910490ea008894132e793cc - - default default] Successfully bumped revision number for resource 39eeecbd-1edb-475b-9131-802310dbf222 (type: security_group_rules) to 0
2026-09-11 18:56:25.232 8 INFO neutron.db.ovn_revision_numbers_db [None req-87fef31d-8efe-4750-ba73-dc5089fb6ed5 fbc78f8c8e9b42a7b12db2db606530bf 7ef9708e2910490ea008894132e793cc - - default default] Successfully bumped revision number for resource 433edbf2-c64b-4004-a0e0-584209531f13 (type: security_group_rules) to 0 [pid: 7|app: 0|req: 760/1459] 10.0.0.137 () {32 vars in 739 bytes} [Fri Sep 11 18:56:25 2026] DELETE /v2.0/security-groups/47bb7088-a028-446a-b599-522d6089dcdc => generated 0 bytes in 225 msecs (HTTP/1.1 204) 2 headers in 112 bytes (1 switches on core 0)
2026-09-11 18:56:25.243 8 INFO neutron.db.ovn_revision_numbers_db [None req-87fef31d-8efe-4750-ba73-dc5089fb6ed5 fbc78f8c8e9b42a7b12db2db606530bf 7ef9708e2910490ea008894132e793cc - - default default] Successfully bumped revision number for resource a0417c67-0682-442e-9722-6b7065b847f7 (type: security_group_rules) to 0 [pid: 8|app: 0|req: 700/1460] 10.0.0.137 () {32 vars in 773 bytes} [Fri Sep 11 18:56:25 2026] GET /v2.0/security-groups?tenant_id=57a3c985217d45188f28b1f8ae433c89&name=default => generated 2925 bytes in 228 msecs (HTTP/1.1 200) 4 headers in 158 bytes (1 switches on core 0) [pid: 7|app: 0|req: 761/1461] 10.0.0.137 () {32 vars in 739 bytes} [Fri Sep 11 18:56:25 2026] DELETE /v2.0/security-groups/76a6170c-f0e3-430a-a1be-0b87bfff8156 => generated 0 bytes in 259 msecs (HTTP/1.1 204) 2 headers in 112 bytes (1 switches on core 0)
2026-09-11 18:56:26.536 8 WARNING neutron.plugins.ml2.drivers.ovn.mech_driver.ovsdb.ovn_client [None req-c8646750-1863-4f62-ae3f-f62084fddab5 - - - - - -] No port found with ID 38784d73-588e-459e-9c3d-f6279c2a1adb: RuntimeError: No port found with ID 38784d73-588e-459e-9c3d-f6279c2a1adb
2026-09-11 18:56:29.631 8 INFO neutron.db.ovn_revision_numbers_db [None req-fa6e4e95-2ea8-4e82-b4a3-7992c76bca9d fbc78f8c8e9b42a7b12db2db606530bf 7ef9708e2910490ea008894132e793cc - - default default] Successfully bumped revision number for resource fefe3c2f-5c40-4743-9683-5e925d80f40b (type: security_groups) to 1
2026-09-11 18:56:29.644 8 INFO neutron.db.ovn_revision_numbers_db [None req-fa6e4e95-2ea8-4e82-b4a3-7992c76bca9d fbc78f8c8e9b42a7b12db2db606530bf 7ef9708e2910490ea008894132e793cc - - default default] Successfully bumped revision number for resource 65caf31d-5646-4d6c-a2a6-2f9fcf8ac0e2 (type: security_group_rules) to 0
2026-09-11 18:56:29.653 8 INFO neutron.db.ovn_revision_numbers_db [None req-fa6e4e95-2ea8-4e82-b4a3-7992c76bca9d fbc78f8c8e9b42a7b12db2db606530bf 7ef9708e2910490ea008894132e793cc - - default default] Successfully bumped revision number for resource 68f963c2-c96f-4ced-980e-c3fbc8dc9b04 (type: security_group_rules) to 0
2026-09-11 18:56:29.663 8 INFO neutron.db.ovn_revision_numbers_db [None req-fa6e4e95-2ea8-4e82-b4a3-7992c76bca9d fbc78f8c8e9b42a7b12db2db606530bf 7ef9708e2910490ea008894132e793cc - - default default] Successfully bumped revision number for resource bbe91aaf-abe9-4324-8c7f-cbbb63064689 (type: security_group_rules) to 0
2026-09-11 18:56:29.681 8 INFO neutron.db.ovn_revision_numbers_db [None req-fa6e4e95-2ea8-4e82-b4a3-7992c76bca9d fbc78f8c8e9b42a7b12db2db606530bf 7ef9708e2910490ea008894132e793cc - - default default] Successfully bumped revision number for resource fe167842-d6a5-47c7-9c1a-4374a4602ed6 (type: security_group_rules) to 0 [pid: 8|app: 0|req: 701/1462] 10.0.0.137 () {32 vars in 773 bytes} [Fri Sep 11 18:56:29 2026] GET /v2.0/security-groups?tenant_id=d3e412f3fcb54d54a723dbcef9246670&name=default => generated 2925 bytes in 565 msecs (HTTP/1.1 200) 4 headers in 158 bytes (1 switches on core 0) [pid: 7|app: 0|req: 762/1463] 10.0.0.137 () {32 vars in 739 bytes} [Fri Sep 11 18:56:29 2026] DELETE /v2.0/security-groups/fefe3c2f-5c40-4743-9683-5e925d80f40b => generated 0 bytes in 322 msecs (HTTP/1.1 204) 2 headers in 112 bytes (1 switches on core 0)
2026-09-11 18:56:30.266 8 INFO neutron.db.ovn_revision_numbers_db [None req-f3e0d676-3b27-48f2-8891-e7991636aaf4 fbc78f8c8e9b42a7b12db2db606530bf 7ef9708e2910490ea008894132e793cc - - default default] Successfully bumped revision number for resource 6eb43c7b-e8a8-460b-87da-988b10902425 (type: security_groups) to 1
2026-09-11 18:56:30.276 8 INFO neutron.db.ovn_revision_numbers_db [None req-f3e0d676-3b27-48f2-8891-e7991636aaf4 fbc78f8c8e9b42a7b12db2db606530bf 7ef9708e2910490ea008894132e793cc - - default default] Successfully bumped revision number for resource 1b713a5c-e6d7-410f-9d53-2a9f5aac54da (type: security_group_rules) to 0
2026-09-11 18:56:30.288 8 INFO neutron.db.ovn_revision_numbers_db [None req-f3e0d676-3b27-48f2-8891-e7991636aaf4 fbc78f8c8e9b42a7b12db2db606530bf 7ef9708e2910490ea008894132e793cc - - default default] Successfully bumped revision number for resource 3a03026a-ea9d-425b-886f-d3b2f9646418 (type: security_group_rules) to 0
2026-09-11 18:56:30.298 8 INFO neutron.db.ovn_revision_numbers_db [None req-f3e0d676-3b27-48f2-8891-e7991636aaf4 fbc78f8c8e9b42a7b12db2db606530bf 7ef9708e2910490ea008894132e793cc - - default default] Successfully bumped revision number for resource c2983dd1-f1e8-4d30-866f-b7779af3b8ab (type: security_group_rules) to 0
2026-09-11 18:56:30.314 8 INFO neutron.db.ovn_revision_numbers_db [None req-f3e0d676-3b27-48f2-8891-e7991636aaf4 fbc78f8c8e9b42a7b12db2db606530bf 7ef9708e2910490ea008894132e793cc - - default default] Successfully bumped revision number for resource e33ec000-559d-4d74-82af-f069ee761d80 (type: security_group_rules) to 0 [pid: 8|app: 0|req: 702/1464] 10.0.0.137 () {32 vars in 773 bytes} [Fri Sep 11 18:56:30 2026] GET /v2.0/security-groups?tenant_id=c9650bf7006145b982cfb67219e46c0a&name=default => generated 2925 bytes in 222 msecs (HTTP/1.1 200) 4 headers in 158 bytes (1 switches on core 0) [pid: 7|app: 0|req: 763/1465] 10.0.0.137 () {32 vars in 739 bytes} [Fri Sep 11 18:56:30 2026] DELETE /v2.0/security-groups/6eb43c7b-e8a8-460b-87da-988b10902425 => generated 0 bytes in 289 msecs (HTTP/1.1 204) 2 headers in 112 bytes (1 switches on core 0) [pid: 7|app: 0|req: 764/1466] 10.0.0.55 () {34 vars in 988 bytes} [Fri Sep 11 18:56:31 2026] GET /v2.0/ports?device_id=42157660-e4ac-48b8-8212-29e6a63bee9f => generated 1209 bytes in 56 msecs (HTTP/1.1 200) 4 headers in 158 bytes (1 switches on core 0) [pid: 7|app: 0|req: 765/1467] 10.0.0.55 () {34 vars in 1038 bytes} [Fri Sep 11 18:56:31 2026] GET /v2.0/security-groups?id=cd327fb7-0b54-45fd-bd6c-3dea5b891a80&fields=id&fields=name => generated 114 bytes in 44 msecs (HTTP/1.1 200) 4 headers in 157 bytes (1 switches on core 0)
2026-09-11 18:56:31.672 8 INFO neutron.db.ovn_revision_numbers_db [None req-b0ee2f25-5b95-4fae-b992-4fde039788e6 fbc78f8c8e9b42a7b12db2db606530bf 7ef9708e2910490ea008894132e793cc - - default default] Successfully bumped revision number for resource 6d1c20fd-bfb0-4413-91dc-585226acea0b (type: security_groups) to 1
2026-09-11 18:56:31.684 8 INFO neutron.db.ovn_revision_numbers_db [None req-b0ee2f25-5b95-4fae-b992-4fde039788e6 fbc78f8c8e9b42a7b12db2db606530bf 7ef9708e2910490ea008894132e793cc - - default default] Successfully bumped revision number for resource 10e853ab-ff4f-49a2-b449-a9cc4e1c7677 (type: security_group_rules) to 0
2026-09-11 18:56:31.695 8 INFO neutron.db.ovn_revision_numbers_db [None req-b0ee2f25-5b95-4fae-b992-4fde039788e6 fbc78f8c8e9b42a7b12db2db606530bf 7ef9708e2910490ea008894132e793cc - - default default] Successfully bumped revision number for resource 31d7b0ba-1938-4be0-a606-c08aeab463e6 (type: security_group_rules) to 0
2026-09-11 18:56:31.705 8 INFO neutron.db.ovn_revision_numbers_db [None req-b0ee2f25-5b95-4fae-b992-4fde039788e6 fbc78f8c8e9b42a7b12db2db606530bf 7ef9708e2910490ea008894132e793cc - - default default] Successfully bumped revision number for resource 4ab2dd6a-d7db-4660-8b1e-56d98e04d9f1 (type: security_group_rules) to 0
2026-09-11 18:56:31.717 8 INFO neutron.db.ovn_revision_numbers_db [None req-b0ee2f25-5b95-4fae-b992-4fde039788e6 fbc78f8c8e9b42a7b12db2db606530bf 7ef9708e2910490ea008894132e793cc - - default default] Successfully bumped revision number for resource dd50acc0-5b32-4843-92c1-ee8634ad4619 (type: security_group_rules) to 0 [pid: 8|app: 0|req: 703/1468] 10.0.0.137 () {32 vars in 773 bytes} [Fri Sep 11 18:56:31 2026] GET /v2.0/security-groups?tenant_id=f01e303b4b874ec08add9a0635a203fd&name=default => generated 2925 bytes in 395 msecs (HTTP/1.1 200) 4 headers in 158 bytes (1 switches on core 0) [pid: 7|app: 0|req: 766/1469] 10.0.0.137 () {32 vars in 739 bytes} [Fri Sep 11 18:56:31 2026] DELETE /v2.0/security-groups/6d1c20fd-bfb0-4413-91dc-585226acea0b => generated 0 bytes in 349 msecs (HTTP/1.1 204) 2 headers in 112 bytes (1 switches on core 0)
2026-09-11 18:56:32.446 8 INFO neutron.db.ovn_revision_numbers_db [None req-4d79b543-0ab9-40e0-a383-09126fcc9329 fbc78f8c8e9b42a7b12db2db606530bf 7ef9708e2910490ea008894132e793cc - - default default] Successfully bumped revision number for resource 08d27909-ed24-4f5d-ad99-aaa4e7bbc9a7 (type: security_groups) to 1
2026-09-11 18:56:32.462 8 INFO neutron.db.ovn_revision_numbers_db [None req-4d79b543-0ab9-40e0-a383-09126fcc9329 fbc78f8c8e9b42a7b12db2db606530bf 7ef9708e2910490ea008894132e793cc - - default default] Successfully bumped revision number for resource 1872a700-f156-4017-a3b7-fdeeea9f5475 (type: security_group_rules) to 0
2026-09-11 18:56:32.482 8 INFO neutron.db.ovn_revision_numbers_db [None req-4d79b543-0ab9-40e0-a383-09126fcc9329 fbc78f8c8e9b42a7b12db2db606530bf 7ef9708e2910490ea008894132e793cc - - default default] Successfully bumped revision number for resource 29eeb2af-ddb9-4fd0-a9fb-7d30eac9ae5a (type: security_group_rules) to 0
2026-09-11 18:56:32.507 8 INFO neutron.db.ovn_revision_numbers_db [None req-4d79b543-0ab9-40e0-a383-09126fcc9329 fbc78f8c8e9b42a7b12db2db606530bf 7ef9708e2910490ea008894132e793cc - - default default] Successfully bumped revision number for resource 2a97b420-993e-49df-ab37-24c5cf702a9e (type: security_group_rules) to 0
2026-09-11 18:56:32.525 8 INFO neutron.db.ovn_revision_numbers_db [None req-4d79b543-0ab9-40e0-a383-09126fcc9329 fbc78f8c8e9b42a7b12db2db606530bf 7ef9708e2910490ea008894132e793cc - - default default] Successfully bumped revision number for resource a1d118aa-4641-432f-8d4c-df2ebbe4484a (type: security_group_rules) to 0 [pid: 8|app: 0|req: 704/1470] 10.0.0.137 () {32 vars in 773 bytes} [Fri Sep 11 18:56:32 2026] GET /v2.0/security-groups?tenant_id=4ccf6060873e4d83ae22a78d455d5106&name=default => generated 2925 bytes in 318 msecs (HTTP/1.1 200) 4 headers in 158 bytes (1 switches on core 0)
2026-09-11 18:56:32.848 7 INFO neutron.db.ovn_revision_numbers_db [None req-149387bc-4468-4c6a-91bb-4359d189702e fbc78f8c8e9b42a7b12db2db606530bf 7ef9708e2910490ea008894132e793cc - - default default] Successfully bumped revision number for resource 7cc5e5cd-57ae-427a-a46e-3e125a73c368 (type: security_groups) to 1
2026-09-11 18:56:32.870 7 INFO neutron.db.ovn_revision_numbers_db [None req-149387bc-4468-4c6a-91bb-4359d189702e fbc78f8c8e9b42a7b12db2db606530bf 7ef9708e2910490ea008894132e793cc - - default default] Successfully bumped revision number for resource 24b5f82f-96eb-4237-ad1a-15e207f3464f (type: security_group_rules) to 0 [pid: 8|app: 0|req: 705/1471] 10.0.0.137 () {32 vars in 739 bytes} [Fri Sep 11 18:56:32 2026] DELETE /v2.0/security-groups/08d27909-ed24-4f5d-ad99-aaa4e7bbc9a7 => generated 0 bytes in 277 msecs (HTTP/1.1 204) 2 headers in 112 bytes (1 switches on core 0)
2026-09-11 18:56:32.890 7 INFO neutron.db.ovn_revision_numbers_db [None req-149387bc-4468-4c6a-91bb-4359d189702e fbc78f8c8e9b42a7b12db2db606530bf 7ef9708e2910490ea008894132e793cc - - default default] Successfully bumped revision number for resource 766af207-13a7-43b3-8890-b696271a7d54 (type: security_group_rules) to 0
2026-09-11 18:56:32.907 7 INFO neutron.db.ovn_revision_numbers_db [None req-149387bc-4468-4c6a-91bb-4359d189702e fbc78f8c8e9b42a7b12db2db606530bf 7ef9708e2910490ea008894132e793cc - - default default] Successfully bumped revision number for resource 7791821e-b476-4fba-9e9e-65ad814b9b4a (type: security_group_rules) to 0
2026-09-11 18:56:32.921 7 INFO neutron.db.ovn_revision_numbers_db [None req-149387bc-4468-4c6a-91bb-4359d189702e fbc78f8c8e9b42a7b12db2db606530bf 7ef9708e2910490ea008894132e793cc - - default default] Successfully bumped revision number for resource ec9b424e-e8e9-4909-9abf-395af2f020da (type: security_group_rules) to 0 [pid: 7|app: 0|req: 767/1472] 10.0.0.137 () {32 vars in 773 bytes} [Fri Sep 11 18:56:32 2026] GET /v2.0/security-groups?tenant_id=148883c0826f4c06811b933604b099fb&name=default => generated 2925 bytes in 487 msecs (HTTP/1.1 200) 4 headers in 158 bytes (1 switches on core 0) [pid: 8|app: 0|req: 706/1473] 10.0.0.137 () {32 vars in 739 bytes} [Fri Sep 11 18:56:32 2026] DELETE /v2.0/security-groups/7cc5e5cd-57ae-427a-a46e-3e125a73c368 => generated 0 bytes in 199 msecs (HTTP/1.1 204) 2 headers in 112 bytes (1 switches on core 0)
2026-09-11 18:56:33.609 8 INFO neutron.db.ovn_revision_numbers_db [None req-da49b34f-2f1b-44c1-8224-406464a3561e fbc78f8c8e9b42a7b12db2db606530bf 7ef9708e2910490ea008894132e793cc - - default default] Successfully bumped revision number for resource 783544c7-452b-4b62-ba02-ce8128718a14 (type: security_groups) to 1
2026-09-11 18:56:33.626 8 INFO neutron.db.ovn_revision_numbers_db [None req-da49b34f-2f1b-44c1-8224-406464a3561e fbc78f8c8e9b42a7b12db2db606530bf 7ef9708e2910490ea008894132e793cc - - default default] Successfully bumped revision number for resource 9b67e7d7-c319-42b8-b2c5-05fb56eb71e7 (type: security_group_rules) to 0
2026-09-11 18:56:33.644 8 INFO neutron.db.ovn_revision_numbers_db [None req-da49b34f-2f1b-44c1-8224-406464a3561e fbc78f8c8e9b42a7b12db2db606530bf 7ef9708e2910490ea008894132e793cc - - default default] Successfully bumped revision number for resource b2eb006a-aaa2-4c0a-b2de-cab4ce2c8aa6 (type: security_group_rules) to 0
2026-09-11 18:56:33.658 8 INFO neutron.db.ovn_revision_numbers_db [None req-da49b34f-2f1b-44c1-8224-406464a3561e fbc78f8c8e9b42a7b12db2db606530bf 7ef9708e2910490ea008894132e793cc - - default default] Successfully bumped revision number for resource dfaba7f7-120e-46e3-80fa-b57a661115fa (type: security_group_rules) to 0
2026-09-11 18:56:33.671 8 INFO neutron.db.ovn_revision_numbers_db [None req-da49b34f-2f1b-44c1-8224-406464a3561e fbc78f8c8e9b42a7b12db2db606530bf 7ef9708e2910490ea008894132e793cc - - default default] Successfully bumped revision number for resource e52d77c3-c5b8-45ab-b724-6b4446d08028 (type: security_group_rules) to 0 [pid: 8|app: 0|req: 707/1474] 10.0.0.137 () {32 vars in 773 bytes} [Fri Sep 11 18:56:33 2026] GET /v2.0/security-groups?tenant_id=d82c5b44bd944f0f924085daf692d342&name=default => generated 2925 bytes in 309 msecs (HTTP/1.1 200) 4 headers in 158 bytes (1 switches on core 0)
2026-09-11 18:56:33.785 7 INFO neutron.db.ovn_revision_numbers_db [None req-79f2b88a-d73b-4a67-b0d9-fa0576ea9887 fbc78f8c8e9b42a7b12db2db606530bf 7ef9708e2910490ea008894132e793cc - - default default] Successfully bumped revision number for resource 68ecea38-e8d1-499e-88d3-d24233d344bb (type: security_groups) to 1
2026-09-11 18:56:33.801 7 INFO neutron.db.ovn_revision_numbers_db [None req-79f2b88a-d73b-4a67-b0d9-fa0576ea9887 fbc78f8c8e9b42a7b12db2db606530bf 7ef9708e2910490ea008894132e793cc - - default default] Successfully bumped revision number for resource a794751d-91fb-48d2-af88-e3394d3053dc (type: security_group_rules) to 0
2026-09-11 18:56:33.814 7 INFO neutron.db.ovn_revision_numbers_db [None req-79f2b88a-d73b-4a67-b0d9-fa0576ea9887 fbc78f8c8e9b42a7b12db2db606530bf 7ef9708e2910490ea008894132e793cc - - default default] Successfully bumped revision number for resource be222e8a-de74-41db-aae0-5d21e3495eb1 (type: security_group_rules) to 0
2026-09-11 18:56:33.825 7 INFO neutron.db.ovn_revision_numbers_db [None req-79f2b88a-d73b-4a67-b0d9-fa0576ea9887 fbc78f8c8e9b42a7b12db2db606530bf 7ef9708e2910490ea008894132e793cc - - default default] Successfully bumped revision number for resource e03e3c31-cbff-4e58-97c9-8cedd6402ddc (type: security_group_rules) to 0
2026-09-11 18:56:33.843 7 INFO neutron.db.ovn_revision_numbers_db [None req-79f2b88a-d73b-4a67-b0d9-fa0576ea9887 fbc78f8c8e9b42a7b12db2db606530bf 7ef9708e2910490ea008894132e793cc - - default default] Successfully bumped revision number for resource f0c610e3-9221-416a-b8c6-d1647173b8a8 (type: security_group_rules) to 0 [pid: 7|app: 0|req: 768/1475] 10.0.0.137 () {32 vars in 773 bytes} [Fri Sep 11 18:56:33 2026] GET /v2.0/security-groups?tenant_id=1f9e127b6b214b5e97675d025b88452c&name=default => generated 2925 bytes in 544 msecs (HTTP/1.1 200) 4 headers in 158 bytes (1 switches on core 0) [pid: 8|app: 0|req: 708/1476] 10.0.0.137 () {32 vars in 739 bytes} [Fri Sep 11 18:56:33 2026] DELETE /v2.0/security-groups/783544c7-452b-4b62-ba02-ce8128718a14 => generated 0 bytes in 331 msecs (HTTP/1.1 204) 2 headers in 112 bytes (1 switches on core 0) [pid: 7|app: 0|req: 769/1477] 10.0.0.137 () {32 vars in 739 bytes} [Fri Sep 11 18:56:33 2026] DELETE /v2.0/security-groups/68ecea38-e8d1-499e-88d3-d24233d344bb => generated 0 bytes in 340 msecs (HTTP/1.1 204) 2 headers in 112 bytes (1 switches on core 0)
2026-09-11 18:56:36.673 7 INFO neutron.db.ovn_revision_numbers_db [None req-a91af9a7-9ecb-4bb2-ab77-caa4443bbb89 0afe00baf1534050b1278de31b135bec 65239fab677e490dbbd0666e9f45fd65 - - default default] Successfully bumped revision number for resource cf752f49-b3cc-4fa1-8921-372d0d660351 (type: security_groups) to 1
2026-09-11 18:56:36.690 7 INFO neutron.db.ovn_revision_numbers_db [None req-a91af9a7-9ecb-4bb2-ab77-caa4443bbb89 0afe00baf1534050b1278de31b135bec 65239fab677e490dbbd0666e9f45fd65 - - default default] Successfully bumped revision number for resource 10676c58-f2a9-4146-90a6-ed797e0ef3c1 (type: security_group_rules) to 0
2026-09-11 18:56:36.703 7 INFO neutron.db.ovn_revision_numbers_db [None req-a91af9a7-9ecb-4bb2-ab77-caa4443bbb89 0afe00baf1534050b1278de31b135bec 65239fab677e490dbbd0666e9f45fd65 - - default default] Successfully bumped revision number for resource 769fe60b-36e2-42c6-b98c-32ffa4339b13 (type: security_group_rules) to 0
2026-09-11 18:56:36.716 7 INFO neutron.db.ovn_revision_numbers_db [None req-a91af9a7-9ecb-4bb2-ab77-caa4443bbb89 0afe00baf1534050b1278de31b135bec 65239fab677e490dbbd0666e9f45fd65 - - default default] Successfully bumped revision number for resource 8f2755b8-f833-4c54-b46d-97ad8425b703 (type: security_group_rules) to 0
2026-09-11 18:56:36.726 7 INFO neutron.db.ovn_revision_numbers_db [None req-a91af9a7-9ecb-4bb2-ab77-caa4443bbb89 0afe00baf1534050b1278de31b135bec 65239fab677e490dbbd0666e9f45fd65 - - default default] Successfully bumped revision number for resource fc599094-ebb4-456d-9857-f11d9dd9f48f (type: security_group_rules) to 0
2026-09-11 18:56:36.818 7 INFO neutron.db.segments_db [None req-a91af9a7-9ecb-4bb2-ab77-caa4443bbb89 0afe00baf1534050b1278de31b135bec 65239fab677e490dbbd0666e9f45fd65 - - default default] Added segment b3d12062-d6a2-403c-ab44-49f1c946ae16 of type geneve for network db4ba103-36c9-4a71-b0ed-e9b272161c65
2026-09-11 18:56:36.830 8 INFO neutron.db.ovn_revision_numbers_db [None req-e7685457-b7a2-4869-9ce0-e993108e5ca3 fbc78f8c8e9b42a7b12db2db606530bf 7ef9708e2910490ea008894132e793cc - - default default] Successfully bumped revision number for resource 53010d85-1cc8-4e5c-8a83-5424f2b6a5f6 (type: security_groups) to 1
2026-09-11 18:56:36.842 8 INFO neutron.db.ovn_revision_numbers_db [None req-e7685457-b7a2-4869-9ce0-e993108e5ca3 fbc78f8c8e9b42a7b12db2db606530bf 7ef9708e2910490ea008894132e793cc - - default default] Successfully bumped revision number for resource 88a2ae51-ad64-4963-b1ae-d3bfb3deb235 (type: security_group_rules) to 0
2026-09-11 18:56:36.854 8 INFO neutron.db.ovn_revision_numbers_db [None req-e7685457-b7a2-4869-9ce0-e993108e5ca3 fbc78f8c8e9b42a7b12db2db606530bf 7ef9708e2910490ea008894132e793cc - - default default] Successfully bumped revision number for resource 9a736113-5640-4b25-bb83-9a9b881807eb (type: security_group_rules) to 0
2026-09-11 18:56:36.867 8 INFO neutron.db.ovn_revision_numbers_db [None req-e7685457-b7a2-4869-9ce0-e993108e5ca3 fbc78f8c8e9b42a7b12db2db606530bf 7ef9708e2910490ea008894132e793cc - - default default] Successfully bumped revision number for resource b6e07ee9-b7e8-43e1-80f9-98cb6c9c6457 (type: security_group_rules) to 0
