2026-09-11 19:03:53.039 7 INFO neutron.notifiers.nova [-] Nova event matching ['req-c2ae4f31-46da-4e1b-a026-245f84b06706'] response: {'server_uuid': '8914bf67-126a-403e-94e2-5659782171e1', 'name': 'network-vif-deleted', 'tag': 'b65dc813-acac-45fd-ac6e-1ec13e640200', 'status': 'completed', 'code': 200}
2026-09-11 19:03:53.491 8 INFO neutron.notifiers.nova [-] Nova event matching ['req-829d0952-1b32-44ae-9e0e-525514ec1802'] response: {'server_uuid': '8914bf67-126a-403e-94e2-5659782171e1', 'name': 'network-vif-unplugged', 'status': 'completed', 'tag': 'b65dc813-acac-45fd-ac6e-1ec13e640200', 'code': 200} [pid: 8|app: 0|req: 1817/3644] 10.0.0.139 () {34 vars in 989 bytes} [Fri Sep 11 19:03:55 2026] GET /v2.0/ports?device_id=8914bf67-126a-403e-94e2-5659782171e1 => generated 12 bytes in 28 msecs (HTTP/1.1 200) 4 headers in 156 bytes (1 switches on core 0) [pid: 7|app: 0|req: 1828/3645] 10.0.0.137 () {32 vars in 749 bytes} [Fri Sep 11 19:04:00 2026] DELETE /v2.0/security-group-rules/a2f61238-2312-4a73-a6a7-f2f8fc2996f1 => generated 0 bytes in 295 msecs (HTTP/1.1 204) 2 headers in 112 bytes (1 switches on core 0)
2026-09-11 19:04:00.858 8 INFO neutron.api.v2.resource [None req-2a63a7bb-fd8c-4cbe-811b-e19c8b0b7307 c3a4f80221fe40c1b256551fde98bd64 1b0290531ad14ac39ddce3a021c5efdd - - default default] show failed (client error): The resource could not be found. [pid: 8|app: 0|req: 1818/3646] 10.0.0.137 () {32 vars in 746 bytes} [Fri Sep 11 19:04:00 2026] GET /v2.0/security-group-rules/a2f61238-2312-4a73-a6a7-f2f8fc2996f1 => generated 155 bytes in 17 msecs (HTTP/1.1 404) 4 headers in 164 bytes (1 switches on core 0) [pid: 7|app: 0|req: 1829/3647] 10.0.0.137 () {32 vars in 749 bytes} [Fri Sep 11 19:04:00 2026] DELETE /v2.0/security-group-rules/b6336841-747e-4cbe-80cd-0c2181c7d1d2 => generated 0 bytes in 154 msecs (HTTP/1.1 204) 2 headers in 112 bytes (1 switches on core 0)
2026-09-11 19:04:01.041 8 INFO neutron.api.v2.resource [None req-f8c4cc33-1bff-415f-b282-4e9fcd955539 c3a4f80221fe40c1b256551fde98bd64 1b0290531ad14ac39ddce3a021c5efdd - - default default] show failed (client error): The resource could not be found. [pid: 8|app: 0|req: 1819/3648] 10.0.0.137 () {32 vars in 746 bytes} [Fri Sep 11 19:04:01 2026] GET /v2.0/security-group-rules/b6336841-747e-4cbe-80cd-0c2181c7d1d2 => generated 155 bytes in 19 msecs (HTTP/1.1 404) 4 headers in 164 bytes (1 switches on core 0) [pid: 7|app: 0|req: 1830/3649] 10.0.0.137 () {32 vars in 749 bytes} [Fri Sep 11 19:04:01 2026] DELETE /v2.0/security-group-rules/9c33fa6d-c582-459c-b76e-26c13a834ed0 => generated 0 bytes in 142 msecs (HTTP/1.1 204) 2 headers in 112 bytes (1 switches on core 0)
2026-09-11 19:04:01.209 8 INFO neutron.api.v2.resource [None req-015283e9-bf32-4cda-8124-232defa034f3 c3a4f80221fe40c1b256551fde98bd64 1b0290531ad14ac39ddce3a021c5efdd - - default default] show failed (client error): The resource could not be found. [pid: 8|app: 0|req: 1820/3650] 10.0.0.137 () {32 vars in 746 bytes} [Fri Sep 11 19:04:01 2026] GET /v2.0/security-group-rules/9c33fa6d-c582-459c-b76e-26c13a834ed0 => generated 155 bytes in 15 msecs (HTTP/1.1 404) 4 headers in 164 bytes (1 switches on core 0) [pid: 7|app: 0|req: 1831/3651] 10.0.0.137 () {32 vars in 749 bytes} [Fri Sep 11 19:04:01 2026] DELETE /v2.0/security-group-rules/b11b957b-5cc9-4ec9-a487-042cd5e6d014 => generated 0 bytes in 205 msecs (HTTP/1.1 204) 2 headers in 112 bytes (1 switches on core 0)
2026-09-11 19:04:01.438 8 INFO neutron.api.v2.resource [None req-3c300f1f-aa6b-4864-895e-1c7f91268570 c3a4f80221fe40c1b256551fde98bd64 1b0290531ad14ac39ddce3a021c5efdd - - default default] show failed (client error): The resource could not be found. [pid: 8|app: 0|req: 1821/3652] 10.0.0.137 () {32 vars in 746 bytes} [Fri Sep 11 19:04:01 2026] GET /v2.0/security-group-rules/b11b957b-5cc9-4ec9-a487-042cd5e6d014 => generated 155 bytes in 15 msecs (HTTP/1.1 404) 4 headers in 164 bytes (1 switches on core 0) [pid: 7|app: 0|req: 1832/3653] 10.0.0.137 () {32 vars in 749 bytes} [Fri Sep 11 19:04:01 2026] DELETE /v2.0/security-group-rules/8e60e890-1905-4d9c-99a5-1acf053a96af => generated 0 bytes in 221 msecs (HTTP/1.1 204) 2 headers in 112 bytes (1 switches on core 0)
2026-09-11 19:04:01.688 8 INFO neutron.api.v2.resource [None req-02f6ed48-1fa0-4bdb-bfbe-8e6f5d98d294 c3a4f80221fe40c1b256551fde98bd64 1b0290531ad14ac39ddce3a021c5efdd - - default default] show failed (client error): The resource could not be found. [pid: 8|app: 0|req: 1822/3654] 10.0.0.137 () {32 vars in 746 bytes} [Fri Sep 11 19:04:01 2026] GET /v2.0/security-group-rules/8e60e890-1905-4d9c-99a5-1acf053a96af => generated 155 bytes in 19 msecs (HTTP/1.1 404) 4 headers in 164 bytes (1 switches on core 0) [pid: 7|app: 0|req: 1833/3655] 10.0.0.137 () {32 vars in 749 bytes} [Fri Sep 11 19:04:01 2026] DELETE /v2.0/security-group-rules/faf6d45f-d8b9-4d4d-8bb2-1f71a5536904 => generated 0 bytes in 174 msecs (HTTP/1.1 204) 2 headers in 112 bytes (1 switches on core 0)
2026-09-11 19:04:01.891 8 INFO neutron.api.v2.resource [None req-9de57202-e99e-4828-9947-d0d206018330 c3a4f80221fe40c1b256551fde98bd64 1b0290531ad14ac39ddce3a021c5efdd - - default default] show failed (client error): The resource could not be found. [pid: 8|app: 0|req: 1823/3656] 10.0.0.137 () {32 vars in 746 bytes} [Fri Sep 11 19:04:01 2026] GET /v2.0/security-group-rules/faf6d45f-d8b9-4d4d-8bb2-1f71a5536904 => generated 155 bytes in 17 msecs (HTTP/1.1 404) 4 headers in 164 bytes (1 switches on core 0) [pid: 7|app: 0|req: 1834/3657] 10.0.0.137 () {32 vars in 749 bytes} [Fri Sep 11 19:04:01 2026] DELETE /v2.0/security-group-rules/941f134a-c1a7-4007-8fb0-eea6931878ba => generated 0 bytes in 185 msecs (HTTP/1.1 204) 2 headers in 112 bytes (1 switches on core 0)
2026-09-11 19:04:02.103 8 INFO neutron.api.v2.resource [None req-34869c8b-f8ae-4470-9218-bb33a23b6a48 c3a4f80221fe40c1b256551fde98bd64 1b0290531ad14ac39ddce3a021c5efdd - - default default] show failed (client error): The resource could not be found. [pid: 8|app: 0|req: 1824/3658] 10.0.0.137 () {32 vars in 746 bytes} [Fri Sep 11 19:04:02 2026] GET /v2.0/security-group-rules/941f134a-c1a7-4007-8fb0-eea6931878ba => generated 155 bytes in 16 msecs (HTTP/1.1 404) 4 headers in 164 bytes (1 switches on core 0) [pid: 7|app: 0|req: 1835/3659] 10.0.0.137 () {32 vars in 749 bytes} [Fri Sep 11 19:04:02 2026] DELETE /v2.0/security-group-rules/d27cee60-b3c8-4b86-8656-a511f68c6139 => generated 0 bytes in 171 msecs (HTTP/1.1 204) 2 headers in 112 bytes (1 switches on core 0)
2026-09-11 19:04:02.298 8 INFO neutron.api.v2.resource [None req-cac693d0-0fb6-47ac-a300-c448e4a9a871 c3a4f80221fe40c1b256551fde98bd64 1b0290531ad14ac39ddce3a021c5efdd - - default default] show failed (client error): The resource could not be found. [pid: 8|app: 0|req: 1825/3660] 10.0.0.137 () {32 vars in 746 bytes} [Fri Sep 11 19:04:02 2026] GET /v2.0/security-group-rules/d27cee60-b3c8-4b86-8656-a511f68c6139 => generated 155 bytes in 14 msecs (HTTP/1.1 404) 4 headers in 164 bytes (1 switches on core 0) [pid: 7|app: 0|req: 1836/3661] 10.0.0.137 () {32 vars in 749 bytes} [Fri Sep 11 19:04:02 2026] DELETE /v2.0/security-group-rules/61b33bbd-f6da-4fbf-8ded-61a7bf19eebb => generated 0 bytes in 158 msecs (HTTP/1.1 204) 2 headers in 112 bytes (1 switches on core 0)
2026-09-11 19:04:02.483 8 INFO neutron.api.v2.resource [None req-1a37edb4-0cf8-4bbd-8dfb-75cd753a6f79 c3a4f80221fe40c1b256551fde98bd64 1b0290531ad14ac39ddce3a021c5efdd - - default default] show failed (client error): The resource could not be found. [pid: 8|app: 0|req: 1826/3662] 10.0.0.137 () {32 vars in 746 bytes} [Fri Sep 11 19:04:02 2026] GET /v2.0/security-group-rules/61b33bbd-f6da-4fbf-8ded-61a7bf19eebb => generated 155 bytes in 17 msecs (HTTP/1.1 404) 4 headers in 164 bytes (1 switches on core 0) [pid: 7|app: 0|req: 1837/3663] 10.0.0.137 () {32 vars in 749 bytes} [Fri Sep 11 19:04:02 2026] DELETE /v2.0/security-group-rules/8893c5e8-e07e-4583-b955-727eee1048fd => generated 0 bytes in 199 msecs (HTTP/1.1 204) 2 headers in 112 bytes (1 switches on core 0)
2026-09-11 19:04:02.707 8 INFO neutron.api.v2.resource [None req-4434c237-fd7c-43ea-b825-b8b331594e36 c3a4f80221fe40c1b256551fde98bd64 1b0290531ad14ac39ddce3a021c5efdd - - default default] show failed (client error): The resource could not be found. [pid: 8|app: 0|req: 1827/3664] 10.0.0.137 () {32 vars in 746 bytes} [Fri Sep 11 19:04:02 2026] GET /v2.0/security-group-rules/8893c5e8-e07e-4583-b955-727eee1048fd => generated 155 bytes in 15 msecs (HTTP/1.1 404) 4 headers in 164 bytes (1 switches on core 0) [pid: 7|app: 0|req: 1838/3665] 10.0.0.137 () {32 vars in 749 bytes} [Fri Sep 11 19:04:02 2026] DELETE /v2.0/security-group-rules/96862bd1-a0c0-44fe-b168-e3c82aa4f70c => generated 0 bytes in 146 msecs (HTTP/1.1 204) 2 headers in 112 bytes (1 switches on core 0)
2026-09-11 19:04:02.878 8 INFO neutron.api.v2.resource [None req-98233771-7b42-4053-a88c-95de4dc001d9 c3a4f80221fe40c1b256551fde98bd64 1b0290531ad14ac39ddce3a021c5efdd - - default default] show failed (client error): The resource could not be found. [pid: 8|app: 0|req: 1828/3666] 10.0.0.137 () {32 vars in 746 bytes} [Fri Sep 11 19:04:02 2026] GET /v2.0/security-group-rules/96862bd1-a0c0-44fe-b168-e3c82aa4f70c => generated 155 bytes in 14 msecs (HTTP/1.1 404) 4 headers in 164 bytes (1 switches on core 0) [pid: 7|app: 0|req: 1839/3667] 10.0.0.137 () {32 vars in 739 bytes} [Fri Sep 11 19:04:02 2026] DELETE /v2.0/security-groups/97c00b39-ae2f-4518-8f81-43705caf8a1a => generated 0 bytes in 155 msecs (HTTP/1.1 204) 2 headers in 112 bytes (1 switches on core 0)
2026-09-11 19:04:03.059 8 INFO neutron.api.v2.resource [None req-e8472d95-c42e-4e5a-a306-9380447ee1f8 c3a4f80221fe40c1b256551fde98bd64 1b0290531ad14ac39ddce3a021c5efdd - - default default] show failed (client error): The resource could not be found. [pid: 8|app: 0|req: 1829/3668] 10.0.0.137 () {32 vars in 736 bytes} [Fri Sep 11 19:04:03 2026] GET /v2.0/security-groups/97c00b39-ae2f-4518-8f81-43705caf8a1a => generated 146 bytes in 17 msecs (HTTP/1.1 404) 4 headers in 164 bytes (1 switches on core 0)
2026-09-11 19:04:03.430 7 INFO neutron_taas.services.taas.taas_plugin [None req-7cad57ee-35d5-4709-8e5b-31c203f38a6a c3a4f80221fe40c1b256551fde98bd64 1b0290531ad14ac39ddce3a021c5efdd - - default default] TaaS: Handle Delete Port: 912b3002-9e15-4ebb-b84c-faadadf926a3
2026-09-11 19:04:03.433 7 INFO neutron_taas.services.taas.tap_mirror_plugin [None req-7cad57ee-35d5-4709-8e5b-31c203f38a6a c3a4f80221fe40c1b256551fde98bd64 1b0290531ad14ac39ddce3a021c5efdd - - default default] Tap Mirror: Handle Delete Port: 912b3002-9e15-4ebb-b84c-faadadf926a3 [pid: 7|app: 0|req: 1840/3669] 10.0.0.137 () {34 vars in 788 bytes} [Fri Sep 11 19:04:03 2026] PUT /v2.0/routers/c47678fa-2c06-433c-832d-b4c82290223f/remove_router_interface => generated 309 bytes in 1040 msecs (HTTP/1.1 200) 4 headers in 157 bytes (1 switches on core 0)
2026-09-11 19:04:04.288 8 INFO neutron.api.v2.resource [None req-e374c315-d76d-4f77-9c1e-85b28e1b5b8b c3a4f80221fe40c1b256551fde98bd64 1b0290531ad14ac39ddce3a021c5efdd - - default default] remove_router_interface failed (client error): The resource could not be found. [pid: 8|app: 0|req: 1830/3670] 10.0.0.137 () {34 vars in 788 bytes} [Fri Sep 11 19:04:04 2026] PUT /v2.0/routers/c47678fa-2c06-433c-832d-b4c82290223f/remove_router_interface => generated 198 bytes in 124 msecs (HTTP/1.1 404) 4 headers in 164 bytes (1 switches on core 0) /var/lib/openstack/lib/python3.12/site-packages/pycadf/identifier.py:70: UserWarning: Invalid uuid: neutron. To ensure interoperability, identifiers should be a valid uuid. warnings.warn(('Invalid uuid: %s. To ensure interoperability, '
2026-09-11 19:04:04.721 7 INFO neutron_taas.services.taas.taas_plugin [None req-34488b6b-dfef-4bbc-8912-eda01cf49381 c3a4f80221fe40c1b256551fde98bd64 1b0290531ad14ac39ddce3a021c5efdd - - default default] TaaS: Handle Delete Port: 022a3320-c606-4f49-b843-be6884583509
2026-09-11 19:04:04.724 7 INFO neutron_taas.services.taas.tap_mirror_plugin [None req-34488b6b-dfef-4bbc-8912-eda01cf49381 c3a4f80221fe40c1b256551fde98bd64 1b0290531ad14ac39ddce3a021c5efdd - - default default] Tap Mirror: Handle Delete Port: 022a3320-c606-4f49-b843-be6884583509 [pid: 7|app: 0|req: 1841/3673] 10.0.0.137 () {34 vars in 788 bytes} [Fri Sep 11 19:04:04 2026] PUT /v2.0/routers/c47678fa-2c06-433c-832d-b4c82290223f/remove_router_interface => generated 309 bytes in 1068 msecs (HTTP/1.1 200) 4 headers in 157 bytes (1 switches on core 0)
2026-09-11 19:04:05.493 8 INFO neutron.api.v2.resource [None req-79d3e0fe-c73b-4987-9d0e-8aa332d78935 c3a4f80221fe40c1b256551fde98bd64 1b0290531ad14ac39ddce3a021c5efdd - - default default] remove_router_interface failed (client error): The resource could not be found. [pid: 8|app: 0|req: 1833/3674] 10.0.0.137 () {34 vars in 788 bytes} [Fri Sep 11 19:04:05 2026] PUT /v2.0/routers/c47678fa-2c06-433c-832d-b4c82290223f/remove_router_interface => generated 198 bytes in 127 msecs (HTTP/1.1 404) 4 headers in 164 bytes (1 switches on core 0) /var/lib/openstack/lib/python3.12/site-packages/pycadf/identifier.py:70: UserWarning: Invalid uuid: neutron. To ensure interoperability, identifiers should be a valid uuid. warnings.warn(('Invalid uuid: %s. To ensure interoperability, '
2026-09-11 19:04:05.935 7 INFO neutron_taas.services.taas.taas_plugin [None req-c60d4829-423a-4917-a518-f20d7ff09fa2 c3a4f80221fe40c1b256551fde98bd64 1b0290531ad14ac39ddce3a021c5efdd - - default default] TaaS: Handle Delete Port: d970c901-3de5-429c-a94a-3a385c4f0dcc
2026-09-11 19:04:05.939 7 INFO neutron_taas.services.taas.tap_mirror_plugin [None req-c60d4829-423a-4917-a518-f20d7ff09fa2 c3a4f80221fe40c1b256551fde98bd64 1b0290531ad14ac39ddce3a021c5efdd - - default default] Tap Mirror: Handle Delete Port: d970c901-3de5-429c-a94a-3a385c4f0dcc [pid: 7|app: 0|req: 1842/3675] 10.0.0.137 () {34 vars in 788 bytes} [Fri Sep 11 19:04:05 2026] PUT /v2.0/routers/c47678fa-2c06-433c-832d-b4c82290223f/remove_router_interface => generated 309 bytes in 1071 msecs (HTTP/1.1 200) 4 headers in 157 bytes (1 switches on core 0)
2026-09-11 19:04:06.715 8 INFO neutron.api.v2.resource [None req-befecba6-bd59-448b-a87a-18dab752a0b0 c3a4f80221fe40c1b256551fde98bd64 1b0290531ad14ac39ddce3a021c5efdd - - default default] remove_router_interface failed (client error): The resource could not be found. [pid: 8|app: 0|req: 1834/3676] 10.0.0.137 () {34 vars in 788 bytes} [Fri Sep 11 19:04:06 2026] PUT /v2.0/routers/c47678fa-2c06-433c-832d-b4c82290223f/remove_router_interface => generated 198 bytes in 140 msecs (HTTP/1.1 404) 4 headers in 164 bytes (1 switches on core 0) /var/lib/openstack/lib/python3.12/site-packages/pycadf/identifier.py:70: UserWarning: Invalid uuid: neutron. To ensure interoperability, identifiers should be a valid uuid. warnings.warn(('Invalid uuid: %s. To ensure interoperability, '
2026-09-11 19:04:07.079 7 INFO neutron_taas.services.taas.taas_plugin [None req-7ed03e69-3806-4b7b-a8be-bf16a276b6dc c3a4f80221fe40c1b256551fde98bd64 1b0290531ad14ac39ddce3a021c5efdd - - default default] TaaS: Handle Delete Port: 044e6587-5846-4177-b05d-7438ea3f728a
2026-09-11 19:04:07.082 7 INFO neutron_taas.services.taas.tap_mirror_plugin [None req-7ed03e69-3806-4b7b-a8be-bf16a276b6dc c3a4f80221fe40c1b256551fde98bd64 1b0290531ad14ac39ddce3a021c5efdd - - default default] Tap Mirror: Handle Delete Port: 044e6587-5846-4177-b05d-7438ea3f728a [pid: 7|app: 0|req: 1843/3677] 10.0.0.137 () {32 vars in 723 bytes} [Fri Sep 11 19:04:06 2026] DELETE /v2.0/routers/c47678fa-2c06-433c-832d-b4c82290223f => generated 0 bytes in 1348 msecs (HTTP/1.1 204) 2 headers in 112 bytes (1 switches on core 0)
2026-09-11 19:04:08.112 8 INFO neutron.api.v2.resource [None req-ba24514e-1709-4852-810f-98d1df89bef8 c3a4f80221fe40c1b256551fde98bd64 1b0290531ad14ac39ddce3a021c5efdd - - default default] show failed (client error): The resource could not be found. [pid: 8|app: 0|req: 1835/3678] 10.0.0.137 () {32 vars in 720 bytes} [Fri Sep 11 19:04:08 2026] GET /v2.0/routers/c47678fa-2c06-433c-832d-b4c82290223f => generated 135 bytes in 39 msecs (HTTP/1.1 404) 4 headers in 164 bytes (1 switches on core 0) [pid: 7|app: 0|req: 1844/3679] 10.0.0.137 () {32 vars in 723 bytes} [Fri Sep 11 19:04:08 2026] DELETE /v2.0/subnets/e556edab-52d5-4723-a5e3-d9e3d3e8c79b => generated 0 bytes in 215 msecs (HTTP/1.1 204) 3 headers in 131 bytes (1 switches on core 0)
2026-09-11 19:04:08.364 8 INFO neutron.pecan_wsgi.hooks.translation [None req-937de1d1-41c2-4a25-ba76-be62d50fe6ec c3a4f80221fe40c1b256551fde98bd64 1b0290531ad14ac39ddce3a021c5efdd - - default default] GET failed (client error): The resource could not be found. [pid: 8|app: 0|req: 1836/3680] 10.0.0.137 () {32 vars in 720 bytes} [Fri Sep 11 19:04:08 2026] GET /v2.0/subnets/e556edab-52d5-4723-a5e3-d9e3d3e8c79b => generated 136 bytes in 22 msecs (HTTP/1.1 404) 4 headers in 164 bytes (1 switches on core 0) [pid: 7|app: 0|req: 1845/3681] 10.0.0.137 () {32 vars in 723 bytes} [Fri Sep 11 19:04:08 2026] DELETE /v2.0/subnets/330babd6-2d3e-4dfd-b6b7-4d699bd08521 => generated 0 bytes in 182 msecs (HTTP/1.1 204) 3 headers in 131 bytes (1 switches on core 0)
2026-09-11 19:04:08.584 8 INFO neutron.pecan_wsgi.hooks.translation [None req-fa951902-e71d-4cd0-a2a3-418d7e07852f c3a4f80221fe40c1b256551fde98bd64 1b0290531ad14ac39ddce3a021c5efdd - - default default] GET failed (client error): The resource could not be found. [pid: 8|app: 0|req: 1837/3682] 10.0.0.137 () {32 vars in 720 bytes} [Fri Sep 11 19:04:08 2026] GET /v2.0/subnets/330babd6-2d3e-4dfd-b6b7-4d699bd08521 => generated 136 bytes in 27 msecs (HTTP/1.1 404) 4 headers in 164 bytes (1 switches on core 0)
2026-09-11 19:04:08.758 7 INFO neutron_taas.services.taas.taas_plugin [None req-b4397926-95bc-4b0c-a38d-ab50d149cf1a c3a4f80221fe40c1b256551fde98bd64 1b0290531ad14ac39ddce3a021c5efdd - - default default] TaaS: Handle Delete Port: 11f4db5a-b093-470c-8a38-f1847129db4a
2026-09-11 19:04:08.761 7 INFO neutron_taas.services.taas.tap_mirror_plugin [None req-b4397926-95bc-4b0c-a38d-ab50d149cf1a c3a4f80221fe40c1b256551fde98bd64 1b0290531ad14ac39ddce3a021c5efdd - - default default] Tap Mirror: Handle Delete Port: 11f4db5a-b093-470c-8a38-f1847129db4a
2026-09-11 19:04:08.935 7 INFO neutron.services.segments.plugin [-] Segment 851ed83e-6416-42b1-a5da-12fba0bf8ebb resource provider aggregate not found
2026-09-11 19:04:08.938 7 INFO neutron.services.segments.plugin [-] Segment 851ed83e-6416-42b1-a5da-12fba0bf8ebb resource provider aggregate not found
2026-09-11 19:04:08.965 7 INFO neutron.services.segments.plugin [-] Client error retrieving segment 851ed83e-6416-42b1-a5da-12fba0bf8ebb resource provider; error: Placement Client Error (4xx): {"errors": [{"status": 404, "title": "Not Found", "detail": "The resource could not be found.\n\n No resource provider with uuid 851ed83e-6416-42b1-a5da-12fba0bf8ebb found for delete ", "request_id": "req-07e8b60b-efb1-4f66-8646-daaf71b44d0c"}]}
2026-09-11 19:04:08.967 7 INFO neutron.services.segments.plugin [-] Client error retrieving segment 851ed83e-6416-42b1-a5da-12fba0bf8ebb resource provider; error: Placement Client Error (4xx): {"errors": [{"status": 404, "title": "Not Found", "detail": "The resource could not be found.\n\n No resource provider with uuid 851ed83e-6416-42b1-a5da-12fba0bf8ebb found for delete ", "request_id": "req-acb4f71d-26a7-4fa2-b6a5-be3139640b19"}]} [pid: 7|app: 0|req: 1846/3683] 10.0.0.137 () {32 vars in 725 bytes} [Fri Sep 11 19:04:08 2026] DELETE /v2.0/networks/89fea06b-3ae1-408f-b289-35141cc879bc => generated 0 bytes in 387 msecs (HTTP/1.1 204) 3 headers in 131 bytes (1 switches on core 0)
2026-09-11 19:04:09.005 8 INFO neutron.pecan_wsgi.hooks.translation [None req-f24982b6-84d4-45d0-a68d-80eccd8b05dc c3a4f80221fe40c1b256551fde98bd64 1b0290531ad14ac39ddce3a021c5efdd - - default default] GET failed (client error): The resource could not be found. [pid: 8|app: 0|req: 1838/3684] 10.0.0.137 () {32 vars in 722 bytes} [Fri Sep 11 19:04:08 2026] GET /v2.0/networks/89fea06b-3ae1-408f-b289-35141cc879bc => generated 138 bytes in 22 msecs (HTTP/1.1 404) 4 headers in 164 bytes (1 switches on core 0) [pid: 7|app: 0|req: 1847/3685] 10.0.0.137 () {32 vars in 723 bytes} [Fri Sep 11 19:04:09 2026] DELETE /v2.0/subnets/7d0d5335-de0a-4c53-b6bc-d09b60234888 => generated 0 bytes in 137 msecs (HTTP/1.1 204) 3 headers in 131 bytes (1 switches on core 0)
2026-09-11 19:04:09.179 8 INFO neutron.pecan_wsgi.hooks.translation [None req-c16cff16-f808-420c-b957-879058a7e141 c3a4f80221fe40c1b256551fde98bd64 1b0290531ad14ac39ddce3a021c5efdd - - default default] GET failed (client error): The resource could not be found. [pid: 8|app: 0|req: 1839/3686] 10.0.0.137 () {32 vars in 720 bytes} [Fri Sep 11 19:04:09 2026] GET /v2.0/subnets/7d0d5335-de0a-4c53-b6bc-d09b60234888 => generated 136 bytes in 26 msecs (HTTP/1.1 404) 4 headers in 164 bytes (1 switches on core 0) [pid: 7|app: 0|req: 1848/3687] 10.0.0.137 () {32 vars in 723 bytes} [Fri Sep 11 19:04:09 2026] DELETE /v2.0/subnets/fc26f1fd-19f1-42b3-a2dc-6ff90ff41646 => generated 0 bytes in 160 msecs (HTTP/1.1 204) 3 headers in 131 bytes (1 switches on core 0)
2026-09-11 19:04:09.360 8 INFO neutron.pecan_wsgi.hooks.translation [None req-f0115071-f2e9-4684-bd5b-3df52d5320ab c3a4f80221fe40c1b256551fde98bd64 1b0290531ad14ac39ddce3a021c5efdd - - default default] GET failed (client error): The resource could not be found. [pid: 8|app: 0|req: 1840/3688] 10.0.0.137 () {32 vars in 720 bytes} [Fri Sep 11 19:04:09 2026] GET /v2.0/subnets/fc26f1fd-19f1-42b3-a2dc-6ff90ff41646 => generated 136 bytes in 10 msecs (HTTP/1.1 404) 4 headers in 164 bytes (1 switches on core 0)
2026-09-11 19:04:09.451 7 INFO neutron_taas.services.taas.taas_plugin [None req-9ac701e3-e14e-4f01-a8d1-230eb21dd12d c3a4f80221fe40c1b256551fde98bd64 1b0290531ad14ac39ddce3a021c5efdd - - default default] TaaS: Handle Delete Port: 5faa779a-8c4b-480e-ac50-c46328012cc9
2026-09-11 19:04:09.454 7 INFO neutron_taas.services.taas.tap_mirror_plugin [None req-9ac701e3-e14e-4f01-a8d1-230eb21dd12d c3a4f80221fe40c1b256551fde98bd64 1b0290531ad14ac39ddce3a021c5efdd - - default default] Tap Mirror: Handle Delete Port: 5faa779a-8c4b-480e-ac50-c46328012cc9 [pid: 7|app: 0|req: 1849/3689] 10.0.0.137 () {32 vars in 725 bytes} [Fri Sep 11 19:04:09 2026] DELETE /v2.0/networks/07c0f99d-51dc-49f5-9fb3-7c87e7138638 => generated 0 bytes in 323 msecs (HTTP/1.1 204) 3 headers in 131 bytes (1 switches on core 0)
2026-09-11 19:04:09.712 8 INFO neutron.pecan_wsgi.hooks.translation [None req-82cad7d9-3689-4620-9021-efbb0b936858 c3a4f80221fe40c1b256551fde98bd64 1b0290531ad14ac39ddce3a021c5efdd - - default default] GET failed (client error): The resource could not be found. [pid: 8|app: 0|req: 1841/3690] 10.0.0.137 () {32 vars in 722 bytes} [Fri Sep 11 19:04:09 2026] GET /v2.0/networks/07c0f99d-51dc-49f5-9fb3-7c87e7138638 => generated 138 bytes in 22 msecs (HTTP/1.1 404) 4 headers in 164 bytes (1 switches on core 0) [pid: 7|app: 0|req: 1850/3691] 10.0.0.137 () {32 vars in 723 bytes} [Fri Sep 11 19:04:09 2026] DELETE /v2.0/subnets/7a968a59-0cd4-4183-a380-6a7c76fb1ded => generated 0 bytes in 187 msecs (HTTP/1.1 204) 3 headers in 131 bytes (1 switches on core 0)
2026-09-11 19:04:09.929 8 INFO neutron.pecan_wsgi.hooks.translation [None req-21861104-7a71-4fbc-a5be-8a29dd025153 c3a4f80221fe40c1b256551fde98bd64 1b0290531ad14ac39ddce3a021c5efdd - - default default] GET failed (client error): The resource could not be found. [pid: 8|app: 0|req: 1842/3692] 10.0.0.137 () {32 vars in 720 bytes} [Fri Sep 11 19:04:09 2026] GET /v2.0/subnets/7a968a59-0cd4-4183-a380-6a7c76fb1ded => generated 136 bytes in 20 msecs (HTTP/1.1 404) 4 headers in 164 bytes (1 switches on core 0) [pid: 7|app: 0|req: 1851/3693] 10.0.0.137 () {32 vars in 723 bytes} [Fri Sep 11 19:04:09 2026] DELETE /v2.0/subnets/05587d34-d4cc-4bac-9c4c-d07350a1c2d6 => generated 0 bytes in 169 msecs (HTTP/1.1 204) 3 headers in 131 bytes (1 switches on core 0)
2026-09-11 19:04:10.130 8 INFO neutron.pecan_wsgi.hooks.translation [None req-84049758-5454-4969-b4a3-c47f0a612ed2 c3a4f80221fe40c1b256551fde98bd64 1b0290531ad14ac39ddce3a021c5efdd - - default default] GET failed (client error): The resource could not be found. [pid: 8|app: 0|req: 1843/3694] 10.0.0.137 () {32 vars in 720 bytes} [Fri Sep 11 19:04:10 2026] GET /v2.0/subnets/05587d34-d4cc-4bac-9c4c-d07350a1c2d6 => generated 136 bytes in 25 msecs (HTTP/1.1 404) 4 headers in 164 bytes (1 switches on core 0)
2026-09-11 19:04:10.286 7 INFO neutron_taas.services.taas.taas_plugin [None req-eb5bf9d5-1c5a-41f9-8870-99ac0777ee43 c3a4f80221fe40c1b256551fde98bd64 1b0290531ad14ac39ddce3a021c5efdd - - default default] TaaS: Handle Delete Port: 1f56195d-6f35-43c4-a8fb-7f2ae4c07e8f
2026-09-11 19:04:10.290 7 INFO neutron_taas.services.taas.tap_mirror_plugin [None req-eb5bf9d5-1c5a-41f9-8870-99ac0777ee43 c3a4f80221fe40c1b256551fde98bd64 1b0290531ad14ac39ddce3a021c5efdd - - default default] Tap Mirror: Handle Delete Port: 1f56195d-6f35-43c4-a8fb-7f2ae4c07e8f [pid: 7|app: 0|req: 1852/3695] 10.0.0.137 () {32 vars in 725 bytes} [Fri Sep 11 19:04:10 2026] DELETE /v2.0/networks/823c86b6-fe6f-4a57-a5b8-e508e832c6d7 => generated 0 bytes in 459 msecs (HTTP/1.1 204) 3 headers in 131 bytes (1 switches on core 0)
2026-09-11 19:04:10.623 8 INFO neutron.pecan_wsgi.hooks.translation [None req-4c9fc7d4-0b82-4bb9-a7ac-2a4a1a3a1b40 c3a4f80221fe40c1b256551fde98bd64 1b0290531ad14ac39ddce3a021c5efdd - - default default] GET failed (client error): The resource could not be found. [pid: 8|app: 0|req: 1844/3696] 10.0.0.137 () {32 vars in 722 bytes} [Fri Sep 11 19:04:10 2026] GET /v2.0/networks/823c86b6-fe6f-4a57-a5b8-e508e832c6d7 => generated 138 bytes in 23 msecs (HTTP/1.1 404) 4 headers in 164 bytes (1 switches on core 0)
2026-09-11 19:04:10.993 7 INFO neutron.services.segments.plugin [-] Segment 9d866f01-b9ec-487c-a14e-1ef75e94e614 resource provider aggregate not found
2026-09-11 19:04:10.999 7 INFO neutron.services.segments.plugin [-] Segment 9d866f01-b9ec-487c-a14e-1ef75e94e614 resource provider aggregate not found
2026-09-11 19:04:11.016 7 INFO neutron.services.segments.plugin [-] Client error retrieving segment 9d866f01-b9ec-487c-a14e-1ef75e94e614 resource provider; error: Placement Client Error (4xx): {"errors": [{"status": 404, "title": "Not Found", "detail": "The resource could not be found.\n\n No resource provider with uuid 9d866f01-b9ec-487c-a14e-1ef75e94e614 found for delete ", "request_id": "req-60a23136-e621-4a3b-a247-3ac4e2d43bb7"}]}
2026-09-11 19:04:11.020 7 INFO neutron.services.segments.plugin [-] Client error retrieving segment 9d866f01-b9ec-487c-a14e-1ef75e94e614 resource provider; error: Placement Client Error (4xx): {"errors": [{"status": 404, "title": "Not Found", "detail": "The resource could not be found.\n\n No resource provider with uuid 9d866f01-b9ec-487c-a14e-1ef75e94e614 found for delete ", "request_id": "req-b4ba2237-5dfa-4e05-a448-855b8618b28a"}]}
2026-09-11 19:04:11.037 7 INFO neutron.services.segments.plugin [-] Segment 39dfd85c-0f32-4f31-ad26-73c21595008e resource provider aggregate not found
2026-09-11 19:04:11.042 7 INFO neutron.services.segments.plugin [-] Segment 39dfd85c-0f32-4f31-ad26-73c21595008e resource provider aggregate not found
2026-09-11 19:04:11.064 7 INFO neutron.services.segments.plugin [-] Client error retrieving segment 39dfd85c-0f32-4f31-ad26-73c21595008e resource provider; error: Placement Client Error (4xx): {"errors": [{"status": 404, "title": "Not Found", "detail": "The resource could not be found.\n\n No resource provider with uuid 39dfd85c-0f32-4f31-ad26-73c21595008e found for delete ", "request_id": "req-d37ae9d6-73cf-450b-af48-f02eb9fd7bb6"}]}
2026-09-11 19:04:11.068 7 INFO neutron.services.segments.plugin [-] Client error retrieving segment 39dfd85c-0f32-4f31-ad26-73c21595008e resource provider; error: Placement Client Error (4xx): {"errors": [{"status": 404, "title": "Not Found", "detail": "The resource could not be found.\n\n No resource provider with uuid 39dfd85c-0f32-4f31-ad26-73c21595008e found for delete ", "request_id": "req-0cf795ab-04e4-4a2e-a4fe-f88cb476de44"}]} [pid: 7|app: 0|req: 1853/3697] 10.0.0.157 () {28 vars in 590 bytes} [Fri Sep 11 19:04:11 2026] GET /v2.0/floatingips => generated 19 bytes in 233 msecs (HTTP/1.1 200) 4 headers in 156 bytes (1 switches on core 0) [pid: 8|app: 0|req: 1845/3698] 10.0.0.157 () {28 vars in 584 bytes} [Fri Sep 11 19:04:11 2026] GET /v2.0/networks => generated 2287 bytes in 88 msecs (HTTP/1.1 200) 4 headers in 158 bytes (1 switches on core 0) [pid: 7|app: 0|req: 1854/3699] 10.0.0.157 () {28 vars in 580 bytes} [Fri Sep 11 19:04:11 2026] GET /v2.0/agents => generated 1214 bytes in 41 msecs (HTTP/1.1 200) 4 headers in 158 bytes (1 switches on core 0) [pid: 8|app: 0|req: 1846/3700] 10.0.0.157 () {28 vars in 582 bytes} [Fri Sep 11 19:04:11 2026] GET /v2.0/subnets => generated 1308 bytes in 60 msecs (HTTP/1.1 200) 4 headers in 158 bytes (1 switches on core 0) [pid: 7|app: 0|req: 1855/3701] 10.0.0.157 () {28 vars in 590 bytes} [Fri Sep 11 19:04:11 2026] GET /v2.0/subnetpools => generated 19 bytes in 15 msecs (HTTP/1.1 200) 4 headers in 156 bytes (1 switches on core 0) [pid: 8|app: 0|req: 1847/3702] 10.0.0.157 () {28 vars in 618 bytes} [Fri Sep 11 19:04:11 2026] GET /v2.0/network-ip-availabilities => generated 1104 bytes in 19 msecs (HTTP/1.1 200) 4 headers in 158 bytes (1 switches on core 0) [pid: 7|app: 0|req: 1856/3703] 10.0.0.157 () {28 vars in 582 bytes} [Fri Sep 11 19:04:11 2026] GET /v2.0/subnets => generated 1308 bytes in 43 msecs (HTTP/1.1 200) 4 headers in 158 bytes (1 switches on core 0) [pid: 8|app: 0|req: 1848/3704] 10.0.0.157 () {28 vars in 578 bytes} [Fri Sep 11 19:04:11 2026] GET /v2.0/ports => generated 5171 bytes in 73 msecs (HTTP/1.1 200) 4 headers in 158 bytes (1 switches on core 0) [pid: 7|app: 0|req: 1857/3705] 10.0.0.157 () {28 vars in 598 bytes} [Fri Sep 11 19:04:11 2026] GET /v2.0/security-groups => generated 20305 bytes in 82 msecs (HTTP/1.1 200) 4 headers in 159 bytes (1 switches on core 0) [pid: 8|app: 0|req: 1849/3706] 10.0.0.157 () {28 vars in 582 bytes} [Fri Sep 11 19:04:11 2026] GET /v2.0/routers => generated 15 bytes in 32 msecs (HTTP/1.1 200) 4 headers in 156 bytes (1 switches on core 0) [pid: 7|app: 0|req: 1858/3707] 10.0.0.157 () {28 vars in 623 bytes} [Fri Sep 11 19:04:11 2026] GET /v2.0/agents?binary=ovn-controller => generated 416 bytes in 22 msecs (HTTP/1.1 200) 4 headers in 157 bytes (1 switches on core 0) [pid: 8|app: 0|req: 1850/3708] 10.0.0.137 () {32 vars in 773 bytes} [Fri Sep 11 19:04:12 2026] GET /v2.0/security-groups?tenant_id=1b0290531ad14ac39ddce3a021c5efdd&name=default => generated 2929 bytes in 193 msecs (HTTP/1.1 200) 4 headers in 158 bytes (1 switches on core 0) [pid: 7|app: 0|req: 1859/3709] 10.0.0.137 () {32 vars in 739 bytes} [Fri Sep 11 19:04:12 2026] DELETE /v2.0/security-groups/52997bad-1501-42b5-9bd9-1047be3cc4e0 => generated 0 bytes in 278 msecs (HTTP/1.1 204) 2 headers in 112 bytes (1 switches on core 0)
2026-09-11 19:04:13.534 8 INFO neutron.db.ovn_revision_numbers_db [None req-e8dff318-bc55-4f8f-998f-24e2ec1cba86 fbc78f8c8e9b42a7b12db2db606530bf 7ef9708e2910490ea008894132e793cc - - default default] Successfully bumped revision number for resource 0d2bbe36-598d-4282-a7e0-12e58f0df012 (type: security_groups) to 1
2026-09-11 19:04:13.555 8 INFO neutron.db.ovn_revision_numbers_db [None req-e8dff318-bc55-4f8f-998f-24e2ec1cba86 fbc78f8c8e9b42a7b12db2db606530bf 7ef9708e2910490ea008894132e793cc - - default default] Successfully bumped revision number for resource 049c214d-0b4c-4ed3-9eed-7903fe03f5d0 (type: security_group_rules) to 0
2026-09-11 19:04:13.574 8 INFO neutron.db.ovn_revision_numbers_db [None req-e8dff318-bc55-4f8f-998f-24e2ec1cba86 fbc78f8c8e9b42a7b12db2db606530bf 7ef9708e2910490ea008894132e793cc - - default default] Successfully bumped revision number for resource 8e6ec604-30c9-4223-91df-4f13e104e216 (type: security_group_rules) to 0
2026-09-11 19:04:13.597 8 INFO neutron.db.ovn_revision_numbers_db [None req-e8dff318-bc55-4f8f-998f-24e2ec1cba86 fbc78f8c8e9b42a7b12db2db606530bf 7ef9708e2910490ea008894132e793cc - - default default] Successfully bumped revision number for resource 954ef6bc-a319-4ac4-ac51-64f1614f3b68 (type: security_group_rules) to 0
2026-09-11 19:04:13.620 8 INFO neutron.db.ovn_revision_numbers_db [None req-e8dff318-bc55-4f8f-998f-24e2ec1cba86 fbc78f8c8e9b42a7b12db2db606530bf 7ef9708e2910490ea008894132e793cc - - default default] Successfully bumped revision number for resource f6025a3c-3d8f-4960-9f94-feec7f5d75d8 (type: security_group_rules) to 0 [pid: 8|app: 0|req: 1851/3710] 10.0.0.137 () {32 vars in 773 bytes} [Fri Sep 11 19:04:13 2026] GET /v2.0/security-groups?tenant_id=9e1ddd08745f4ef9893f3ce806c5ea38&name=default => generated 2929 bytes in 343 msecs (HTTP/1.1 200) 4 headers in 158 bytes (1 switches on core 0) [pid: 7|app: 0|req: 1860/3711] 10.0.0.137 () {32 vars in 739 bytes} [Fri Sep 11 19:04:13 2026] DELETE /v2.0/security-groups/0d2bbe36-598d-4282-a7e0-12e58f0df012 => generated 0 bytes in 233 msecs (HTTP/1.1 204) 2 headers in 112 bytes (1 switches on core 0)
2026-09-11 19:04:14.275 8 INFO neutron.db.ovn_revision_numbers_db [None req-a4d329c7-b020-4715-8d07-b22101c34ab8 fbc78f8c8e9b42a7b12db2db606530bf 7ef9708e2910490ea008894132e793cc - - default default] Successfully bumped revision number for resource a75a0cc1-0f63-4f86-9ade-aabbc830d7a7 (type: security_groups) to 1
2026-09-11 19:04:14.288 8 INFO neutron.db.ovn_revision_numbers_db [None req-a4d329c7-b020-4715-8d07-b22101c34ab8 fbc78f8c8e9b42a7b12db2db606530bf 7ef9708e2910490ea008894132e793cc - - default default] Successfully bumped revision number for resource 336f4aaf-da68-4ab5-a45a-957b0202146c (type: security_group_rules) to 0
2026-09-11 19:04:14.303 8 INFO neutron.db.ovn_revision_numbers_db [None req-a4d329c7-b020-4715-8d07-b22101c34ab8 fbc78f8c8e9b42a7b12db2db606530bf 7ef9708e2910490ea008894132e793cc - - default default] Successfully bumped revision number for resource 55589f77-eb0a-463b-8856-ac7176bc4a18 (type: security_group_rules) to 0
2026-09-11 19:04:14.318 8 INFO neutron.db.ovn_revision_numbers_db [None req-a4d329c7-b020-4715-8d07-b22101c34ab8 fbc78f8c8e9b42a7b12db2db606530bf 7ef9708e2910490ea008894132e793cc - - default default] Successfully bumped revision number for resource ab627c36-5e73-4e26-8778-e6110349df7d (type: security_group_rules) to 0
2026-09-11 19:04:14.333 8 INFO neutron.db.ovn_revision_numbers_db [None req-a4d329c7-b020-4715-8d07-b22101c34ab8 fbc78f8c8e9b42a7b12db2db606530bf 7ef9708e2910490ea008894132e793cc - - default default] Successfully bumped revision number for resource f2b4fd8b-d54c-470e-aca1-5304a77b187f (type: security_group_rules) to 0 [pid: 8|app: 0|req: 1852/3712] 10.0.0.137 () {32 vars in 773 bytes} [Fri Sep 11 19:04:14 2026] GET /v2.0/security-groups?tenant_id=d54a8e0dfad243339bbf50370e66022b&name=default => generated 2929 bytes in 285 msecs (HTTP/1.1 200) 4 headers in 158 bytes (1 switches on core 0) [pid: 7|app: 0|req: 1861/3713] 10.0.0.137 () {32 vars in 739 bytes} [Fri Sep 11 19:04:14 2026] DELETE /v2.0/security-groups/a75a0cc1-0f63-4f86-9ade-aabbc830d7a7 => generated 0 bytes in 326 msecs (HTTP/1.1 204) 2 headers in 112 bytes (1 switches on core 0)
2026-09-11 19:04:14.971 8 INFO neutron.db.ovn_revision_numbers_db [None req-958e8660-ed74-4d36-bdde-fb53d1a543d3 fbc78f8c8e9b42a7b12db2db606530bf 7ef9708e2910490ea008894132e793cc - - default default] Successfully bumped revision number for resource 5c172f2b-b58e-4663-b50a-ba7b1fbe390b (type: security_groups) to 1
2026-09-11 19:04:14.985 8 INFO neutron.db.ovn_revision_numbers_db [None req-958e8660-ed74-4d36-bdde-fb53d1a543d3 fbc78f8c8e9b42a7b12db2db606530bf 7ef9708e2910490ea008894132e793cc - - default default] Successfully bumped revision number for resource 0e2a9533-ba41-474b-aa63-e31f5308268a (type: security_group_rules) to 0
2026-09-11 19:04:14.996 8 INFO neutron.db.ovn_revision_numbers_db [None req-958e8660-ed74-4d36-bdde-fb53d1a543d3 fbc78f8c8e9b42a7b12db2db606530bf 7ef9708e2910490ea008894132e793cc - - default default] Successfully bumped revision number for resource 55f466f3-7059-4468-bc26-06617402c762 (type: security_group_rules) to 0
2026-09-11 19:04:15.008 8 INFO neutron.db.ovn_revision_numbers_db [None req-958e8660-ed74-4d36-bdde-fb53d1a543d3 fbc78f8c8e9b42a7b12db2db606530bf 7ef9708e2910490ea008894132e793cc - - default default] Successfully bumped revision number for resource b7f52ef1-7eba-49c6-94ff-7efbda4c7284 (type: security_group_rules) to 0
2026-09-11 19:04:15.020 8 INFO neutron.db.ovn_revision_numbers_db [None req-958e8660-ed74-4d36-bdde-fb53d1a543d3 fbc78f8c8e9b42a7b12db2db606530bf 7ef9708e2910490ea008894132e793cc - - default default] Successfully bumped revision number for resource f6c2837e-292b-4cc2-8bf5-671fc3a9beb3 (type: security_group_rules) to 0 [pid: 8|app: 0|req: 1853/3714] 10.0.0.137 () {32 vars in 773 bytes} [Fri Sep 11 19:04:14 2026] GET /v2.0/security-groups?tenant_id=75c84e8d476f453cb3e47b5aae01e591&name=default => generated 2929 bytes in 227 msecs (HTTP/1.1 200) 4 headers in 158 bytes (1 switches on core 0) [pid: 7|app: 0|req: 1862/3715] 10.0.0.137 () {32 vars in 739 bytes} [Fri Sep 11 19:04:15 2026] DELETE /v2.0/security-groups/5c172f2b-b58e-4663-b50a-ba7b1fbe390b => generated 0 bytes in 240 msecs (HTTP/1.1 204) 2 headers in 112 bytes (1 switches on core 0)
2026-09-11 19:04:15.614 8 INFO neutron.db.ovn_revision_numbers_db [None req-08ed4c7f-ef11-4b45-9929-1a27b6964ea3 fbc78f8c8e9b42a7b12db2db606530bf 7ef9708e2910490ea008894132e793cc - - default default] Successfully bumped revision number for resource 69bf86aa-a40c-4570-8bb1-ea9e7c4e9c13 (type: security_groups) to 1
2026-09-11 19:04:15.634 8 INFO neutron.db.ovn_revision_numbers_db [None req-08ed4c7f-ef11-4b45-9929-1a27b6964ea3 fbc78f8c8e9b42a7b12db2db606530bf 7ef9708e2910490ea008894132e793cc - - default default] Successfully bumped revision number for resource 232c45cf-45c1-4f6d-84e4-04f9e19edb98 (type: security_group_rules) to 0
2026-09-11 19:04:15.659 8 INFO neutron.db.ovn_revision_numbers_db [None req-08ed4c7f-ef11-4b45-9929-1a27b6964ea3 fbc78f8c8e9b42a7b12db2db606530bf 7ef9708e2910490ea008894132e793cc - - default default] Successfully bumped revision number for resource 7b2a1558-fd2b-4f0c-bd9b-c3ae6988c83a (type: security_group_rules) to 0
2026-09-11 19:04:15.676 8 INFO neutron.db.ovn_revision_numbers_db [None req-08ed4c7f-ef11-4b45-9929-1a27b6964ea3 fbc78f8c8e9b42a7b12db2db606530bf 7ef9708e2910490ea008894132e793cc - - default default] Successfully bumped revision number for resource 8cd312a4-4f76-4431-b6d5-3643613f429a (type: security_group_rules) to 0
2026-09-11 19:04:15.694 8 INFO neutron.db.ovn_revision_numbers_db [None req-08ed4c7f-ef11-4b45-9929-1a27b6964ea3 fbc78f8c8e9b42a7b12db2db606530bf 7ef9708e2910490ea008894132e793cc - - default default] Successfully bumped revision number for resource 8ed5392d-aaf2-4bf1-ab60-c4cf06de9142 (type: security_group_rules) to 0 [pid: 8|app: 0|req: 1854/3716] 10.0.0.137 () {32 vars in 773 bytes} [Fri Sep 11 19:04:15 2026] GET /v2.0/security-groups?tenant_id=024b3c326b864f1e83e3b64f9f6058f1&name=default => generated 2929 bytes in 291 msecs (HTTP/1.1 200) 4 headers in 158 bytes (1 switches on core 0) [pid: 7|app: 0|req: 1863/3717] 10.0.0.137 () {32 vars in 739 bytes} [Fri Sep 11 19:04:15 2026] DELETE /v2.0/security-groups/69bf86aa-a40c-4570-8bb1-ea9e7c4e9c13 => generated 0 bytes in 287 msecs (HTTP/1.1 204) 2 headers in 112 bytes (1 switches on core 0)
2026-09-11 19:04:16.372 8 INFO neutron.db.ovn_revision_numbers_db [None req-73f8b595-0dd6-48dc-9fd4-4b3c5e20ed74 fbc78f8c8e9b42a7b12db2db606530bf 7ef9708e2910490ea008894132e793cc - - default default] Successfully bumped revision number for resource da98f38b-caa7-4f40-b503-1757eec42836 (type: security_groups) to 1
2026-09-11 19:04:16.388 8 INFO neutron.db.ovn_revision_numbers_db [None req-73f8b595-0dd6-48dc-9fd4-4b3c5e20ed74 fbc78f8c8e9b42a7b12db2db606530bf 7ef9708e2910490ea008894132e793cc - - default default] Successfully bumped revision number for resource 44146305-f941-4cc3-a0f5-f491a124d538 (type: security_group_rules) to 0
2026-09-11 19:04:16.404 8 INFO neutron.db.ovn_revision_numbers_db [None req-73f8b595-0dd6-48dc-9fd4-4b3c5e20ed74 fbc78f8c8e9b42a7b12db2db606530bf 7ef9708e2910490ea008894132e793cc - - default default] Successfully bumped revision number for resource 45689ea3-570e-46dc-b4c0-5c2220b3c92e (type: security_group_rules) to 0
2026-09-11 19:04:16.421 8 INFO neutron.db.ovn_revision_numbers_db [None req-73f8b595-0dd6-48dc-9fd4-4b3c5e20ed74 fbc78f8c8e9b42a7b12db2db606530bf 7ef9708e2910490ea008894132e793cc - - default default] Successfully bumped revision number for resource 4960b306-ee28-4368-812a-8cd95cc09798 (type: security_group_rules) to 0
2026-09-11 19:04:16.438 8 INFO neutron.db.ovn_revision_numbers_db [None req-73f8b595-0dd6-48dc-9fd4-4b3c5e20ed74 fbc78f8c8e9b42a7b12db2db606530bf 7ef9708e2910490ea008894132e793cc - - default default] Successfully bumped revision number for resource a3ee8924-3aa5-4365-9644-f6ebcb3a6a2c (type: security_group_rules) to 0 [pid: 8|app: 0|req: 1855/3718] 10.0.0.137 () {32 vars in 773 bytes} [Fri Sep 11 19:04:16 2026] GET /v2.0/security-groups?tenant_id=0997c8dde76a431bb10e777748a970d4&name=default => generated 2929 bytes in 338 msecs (HTTP/1.1 200) 4 headers in 158 bytes (1 switches on core 0) [pid: 7|app: 0|req: 1864/3719] 10.0.0.137 () {32 vars in 739 bytes} [Fri Sep 11 19:04:16 2026] DELETE /v2.0/security-groups/da98f38b-caa7-4f40-b503-1757eec42836 => generated 0 bytes in 195 msecs (HTTP/1.1 204) 2 headers in 112 bytes (1 switches on core 0)
2026-09-11 19:04:17.091 8 INFO neutron.db.ovn_revision_numbers_db [None req-fccb9fcc-f2ad-4039-8a4f-837d70c3400d fbc78f8c8e9b42a7b12db2db606530bf 7ef9708e2910490ea008894132e793cc - - default default] Successfully bumped revision number for resource 0478791e-9f66-4b06-a2b4-c04c1f4cca84 (type: security_groups) to 1
2026-09-11 19:04:17.108 8 INFO neutron.db.ovn_revision_numbers_db [None req-fccb9fcc-f2ad-4039-8a4f-837d70c3400d fbc78f8c8e9b42a7b12db2db606530bf 7ef9708e2910490ea008894132e793cc - - default default] Successfully bumped revision number for resource 7a0ab517-036f-4f9b-9ea6-d0a46b4ff916 (type: security_group_rules) to 0
2026-09-11 19:04:17.125 8 INFO neutron.db.ovn_revision_numbers_db [None req-fccb9fcc-f2ad-4039-8a4f-837d70c3400d fbc78f8c8e9b42a7b12db2db606530bf 7ef9708e2910490ea008894132e793cc - - default default] Successfully bumped revision number for resource 863ec7d0-c207-43a8-9008-03b270cffbec (type: security_group_rules) to 0
2026-09-11 19:04:17.157 8 INFO neutron.db.ovn_revision_numbers_db [None req-fccb9fcc-f2ad-4039-8a4f-837d70c3400d fbc78f8c8e9b42a7b12db2db606530bf 7ef9708e2910490ea008894132e793cc - - default default] Successfully bumped revision number for resource 885394f0-1bb8-4d73-89d5-f827e57c34a7 (type: security_group_rules) to 0
