2026-09-11 18:59:16.714 8 INFO neutron.db.ovn_revision_numbers_db [None req-fd1af60d-cbe9-495d-951d-81941d28b54d 2c05057cd5424466b4801fed74c1fefe 74f5380fe3b24104a1e76f418333ce61 - - default default] Successfully bumped revision number for resource ccadeade-9f54-4af3-a26a-5a012faad4ef (type: ports) to 1 [pid: 8|app: 0|req: 1257/2560] 10.0.0.137 () {34 vars in 669 bytes} [Fri Sep 11 18:59:15 2026] POST /v2.0/networks => generated 669 bytes in 902 msecs (HTTP/1.1 201) 4 headers in 162 bytes (1 switches on core 0)
2026-09-11 18:59:16.995 7 WARNING neutron.scheduler.dhcp_agent_scheduler [None req-ccc69f0f-8078-4aae-8c9c-67bed5f19b46 2c05057cd5424466b4801fed74c1fefe 74f5380fe3b24104a1e76f418333ce61 - - default default] No more DHCP agents
2026-09-11 18:59:16.996 7 WARNING neutron.api.rpc.agentnotifiers.dhcp_rpc_agent_api [None req-ccc69f0f-8078-4aae-8c9c-67bed5f19b46 2c05057cd5424466b4801fed74c1fefe 74f5380fe3b24104a1e76f418333ce61 - - default default] Unable to schedule network ab4f9d32-b75b-4079-8f8c-a0d38e6d5a39: no agents available; will retry on subsequent port and subnet creation events.
2026-09-11 18:59:17.497 7 INFO neutron.db.ovn_revision_numbers_db [None req-af84e2df-466f-4d5c-87fe-8c1935b02fb2 - - - - - -] Successfully bumped revision number for resource ccadeade-9f54-4af3-a26a-5a012faad4ef (type: ports) to 2
2026-09-11 18:59:17.531 7 INFO neutron.db.ovn_revision_numbers_db [None req-af84e2df-466f-4d5c-87fe-8c1935b02fb2 - - - - - -] Successfully bumped revision number for resource 37717bb3-8977-451e-a591-bf7a83e51012 (type: subnets) to 0 [pid: 7|app: 0|req: 1304/2561] 10.0.0.137 () {34 vars in 668 bytes} [Fri Sep 11 18:59:16 2026] POST /v2.0/subnets => generated 626 bytes in 777 msecs (HTTP/1.1 201) 4 headers in 162 bytes (1 switches on core 0)
2026-09-11 18:59:17.677 8 INFO neutron.db.segments_db [None req-d80ec266-2210-4e2d-81d8-e7d3b4361ae8 2c05057cd5424466b4801fed74c1fefe 74f5380fe3b24104a1e76f418333ce61 - - default default] Added segment 9e40de9e-1c77-4f7f-9106-e11d33afd773 of type geneve for network a5797566-427b-4c0a-8d3c-01f84285d036
2026-09-11 18:59:17.755 8 INFO neutron.db.ovn_revision_numbers_db [None req-d80ec266-2210-4e2d-81d8-e7d3b4361ae8 2c05057cd5424466b4801fed74c1fefe 74f5380fe3b24104a1e76f418333ce61 - - default default] Successfully bumped revision number for resource a5797566-427b-4c0a-8d3c-01f84285d036 (type: networks) to 1
2026-09-11 18:59:17.915 8 WARNING neutron.scheduler.dhcp_agent_scheduler [None req-d80ec266-2210-4e2d-81d8-e7d3b4361ae8 2c05057cd5424466b4801fed74c1fefe 74f5380fe3b24104a1e76f418333ce61 - - default default] No more DHCP agents
2026-09-11 18:59:17.917 8 WARNING neutron.api.rpc.agentnotifiers.dhcp_rpc_agent_api [None req-d80ec266-2210-4e2d-81d8-e7d3b4361ae8 2c05057cd5424466b4801fed74c1fefe 74f5380fe3b24104a1e76f418333ce61 - - default default] Unable to schedule network a5797566-427b-4c0a-8d3c-01f84285d036: no agents available; will retry on subsequent port and subnet creation events.
2026-09-11 18:59:17.960 8 INFO neutron.plugins.ml2.drivers.ovn.mech_driver.mech_driver [None req-b0dba039-5139-4625-b588-62eed100b024 - - - - - -] OVN reports status down for port: f8206e04-ea1f-48e8-ad10-1649921289f4
2026-09-11 18:59:18.019 8 INFO neutron.db.ovn_revision_numbers_db [None req-d80ec266-2210-4e2d-81d8-e7d3b4361ae8 2c05057cd5424466b4801fed74c1fefe 74f5380fe3b24104a1e76f418333ce61 - - default default] Successfully bumped revision number for resource f8206e04-ea1f-48e8-ad10-1649921289f4 (type: ports) to 1 [pid: 8|app: 0|req: 1258/2562] 10.0.0.137 () {34 vars in 669 bytes} [Fri Sep 11 18:59:17 2026] POST /v2.0/networks => generated 669 bytes in 499 msecs (HTTP/1.1 201) 4 headers in 162 bytes (1 switches on core 0)
2026-09-11 18:59:18.269 7 WARNING neutron.scheduler.dhcp_agent_scheduler [None req-ec136244-8fc5-45f9-9102-e4bd6405a8f6 2c05057cd5424466b4801fed74c1fefe 74f5380fe3b24104a1e76f418333ce61 - - default default] No more DHCP agents
2026-09-11 18:59:18.270 7 WARNING neutron.api.rpc.agentnotifiers.dhcp_rpc_agent_api [None req-ec136244-8fc5-45f9-9102-e4bd6405a8f6 2c05057cd5424466b4801fed74c1fefe 74f5380fe3b24104a1e76f418333ce61 - - default default] Unable to schedule network a5797566-427b-4c0a-8d3c-01f84285d036: no agents available; will retry on subsequent port and subnet creation events.
2026-09-11 18:59:18.648 7 INFO neutron.db.ovn_revision_numbers_db [None req-e1676154-b92d-41b9-91b6-be2e8cdff3b6 - - - - - -] Successfully bumped revision number for resource f8206e04-ea1f-48e8-ad10-1649921289f4 (type: ports) to 2
2026-09-11 18:59:18.700 7 INFO neutron.db.ovn_revision_numbers_db [None req-e1676154-b92d-41b9-91b6-be2e8cdff3b6 - - - - - -] Successfully bumped revision number for resource 6a152d8d-b1dd-402b-b0cc-6c1d094c9819 (type: subnets) to 0 [pid: 7|app: 0|req: 1305/2563] 10.0.0.137 () {34 vars in 668 bytes} [Fri Sep 11 18:59:18 2026] POST /v2.0/subnets => generated 629 bytes in 656 msecs (HTTP/1.1 201) 4 headers in 162 bytes (1 switches on core 0)
2026-09-11 18:59:18.856 8 INFO neutron.db.segments_db [None req-4e920155-8fc5-4923-98b2-e86609b1340f 2c05057cd5424466b4801fed74c1fefe 74f5380fe3b24104a1e76f418333ce61 - - default default] Added segment fd0faef3-7e13-4f08-9c1a-f4c612fbd8a9 of type geneve for network 79a67c8b-a5ec-4a4c-89c4-4a50e469e265
2026-09-11 18:59:19.001 8 INFO neutron.db.ovn_revision_numbers_db [None req-4e920155-8fc5-4923-98b2-e86609b1340f 2c05057cd5424466b4801fed74c1fefe 74f5380fe3b24104a1e76f418333ce61 - - default default] Successfully bumped revision number for resource 79a67c8b-a5ec-4a4c-89c4-4a50e469e265 (type: networks) to 1
2026-09-11 18:59:19.170 8 WARNING neutron.scheduler.dhcp_agent_scheduler [None req-4e920155-8fc5-4923-98b2-e86609b1340f 2c05057cd5424466b4801fed74c1fefe 74f5380fe3b24104a1e76f418333ce61 - - default default] No more DHCP agents
2026-09-11 18:59:19.171 8 WARNING neutron.api.rpc.agentnotifiers.dhcp_rpc_agent_api [None req-4e920155-8fc5-4923-98b2-e86609b1340f 2c05057cd5424466b4801fed74c1fefe 74f5380fe3b24104a1e76f418333ce61 - - default default] Unable to schedule network 79a67c8b-a5ec-4a4c-89c4-4a50e469e265: no agents available; will retry on subsequent port and subnet creation events.
2026-09-11 18:59:19.227 7 INFO neutron.plugins.ml2.drivers.ovn.mech_driver.mech_driver [None req-70c79886-5a48-46f7-a3bb-ef1cadaff3cc - - - - - -] OVN reports status down for port: 6d844b9d-72d8-4808-98ae-e7c709873236
2026-09-11 18:59:19.253 8 INFO neutron.db.ovn_revision_numbers_db [None req-4e920155-8fc5-4923-98b2-e86609b1340f 2c05057cd5424466b4801fed74c1fefe 74f5380fe3b24104a1e76f418333ce61 - - default default] Successfully bumped revision number for resource 6d844b9d-72d8-4808-98ae-e7c709873236 (type: ports) to 1 [pid: 8|app: 0|req: 1259/2564] 10.0.0.137 () {34 vars in 669 bytes} [Fri Sep 11 18:59:18 2026] POST /v2.0/networks => generated 670 bytes in 574 msecs (HTTP/1.1 201) 4 headers in 162 bytes (1 switches on core 0)
2026-09-11 18:59:19.586 7 WARNING neutron.scheduler.dhcp_agent_scheduler [None req-18296af5-c736-4409-bc6e-8af52c30ad4a 2c05057cd5424466b4801fed74c1fefe 74f5380fe3b24104a1e76f418333ce61 - - default default] No more DHCP agents
2026-09-11 18:59:19.590 7 WARNING neutron.api.rpc.agentnotifiers.dhcp_rpc_agent_api [None req-18296af5-c736-4409-bc6e-8af52c30ad4a 2c05057cd5424466b4801fed74c1fefe 74f5380fe3b24104a1e76f418333ce61 - - default default] Unable to schedule network 79a67c8b-a5ec-4a4c-89c4-4a50e469e265: no agents available; will retry on subsequent port and subnet creation events.
2026-09-11 18:59:20.082 7 INFO neutron.db.ovn_revision_numbers_db [None req-76a9d77f-cb42-4a36-83d9-56852ede4aa7 - - - - - -] Successfully bumped revision number for resource 6d844b9d-72d8-4808-98ae-e7c709873236 (type: ports) to 2
2026-09-11 18:59:20.116 7 INFO neutron.db.ovn_revision_numbers_db [None req-76a9d77f-cb42-4a36-83d9-56852ede4aa7 - - - - - -] Successfully bumped revision number for resource 32c5d2f1-7865-4618-80a3-2f02fc229130 (type: subnets) to 0 [pid: 7|app: 0|req: 1306/2565] 10.0.0.137 () {34 vars in 668 bytes} [Fri Sep 11 18:59:19 2026] POST /v2.0/subnets => generated 629 bytes in 830 msecs (HTTP/1.1 201) 4 headers in 162 bytes (1 switches on core 0)
2026-09-11 18:59:20.271 8 INFO neutron.db.segments_db [None req-60931488-cea0-405a-9f05-b96a90e9d726 2c05057cd5424466b4801fed74c1fefe 74f5380fe3b24104a1e76f418333ce61 - - default default] Added segment fb6fe11c-1278-4c23-9657-1117d7003e5c of type geneve for network c747e836-0438-4a21-97e7-8bdeac808457
2026-09-11 18:59:20.431 8 INFO neutron.db.ovn_revision_numbers_db [None req-60931488-cea0-405a-9f05-b96a90e9d726 2c05057cd5424466b4801fed74c1fefe 74f5380fe3b24104a1e76f418333ce61 - - default default] Successfully bumped revision number for resource c747e836-0438-4a21-97e7-8bdeac808457 (type: networks) to 1
2026-09-11 18:59:20.593 8 WARNING neutron.scheduler.dhcp_agent_scheduler [None req-60931488-cea0-405a-9f05-b96a90e9d726 2c05057cd5424466b4801fed74c1fefe 74f5380fe3b24104a1e76f418333ce61 - - default default] No more DHCP agents
2026-09-11 18:59:20.595 8 WARNING neutron.api.rpc.agentnotifiers.dhcp_rpc_agent_api [None req-60931488-cea0-405a-9f05-b96a90e9d726 2c05057cd5424466b4801fed74c1fefe 74f5380fe3b24104a1e76f418333ce61 - - default default] Unable to schedule network c747e836-0438-4a21-97e7-8bdeac808457: no agents available; will retry on subsequent port and subnet creation events.
2026-09-11 18:59:20.639 7 INFO neutron.plugins.ml2.drivers.ovn.mech_driver.mech_driver [None req-70c79886-5a48-46f7-a3bb-ef1cadaff3cc - - - - - -] OVN reports status down for port: a4398838-4cec-4846-b15c-4697272d2284
2026-09-11 18:59:20.671 8 INFO neutron.db.ovn_revision_numbers_db [None req-60931488-cea0-405a-9f05-b96a90e9d726 2c05057cd5424466b4801fed74c1fefe 74f5380fe3b24104a1e76f418333ce61 - - default default] Successfully bumped revision number for resource a4398838-4cec-4846-b15c-4697272d2284 (type: ports) to 1 [pid: 8|app: 0|req: 1260/2568] 10.0.0.137 () {34 vars in 669 bytes} [Fri Sep 11 18:59:20 2026] POST /v2.0/networks => generated 669 bytes in 555 msecs (HTTP/1.1 201) 4 headers in 162 bytes (1 switches on core 0)
2026-09-11 18:59:20.881 7 WARNING neutron.scheduler.dhcp_agent_scheduler [None req-93ee1900-e27f-4312-a3b5-57db4cf0babb 2c05057cd5424466b4801fed74c1fefe 74f5380fe3b24104a1e76f418333ce61 - - default default] No more DHCP agents
2026-09-11 18:59:20.883 7 WARNING neutron.api.rpc.agentnotifiers.dhcp_rpc_agent_api [None req-93ee1900-e27f-4312-a3b5-57db4cf0babb 2c05057cd5424466b4801fed74c1fefe 74f5380fe3b24104a1e76f418333ce61 - - default default] Unable to schedule network c747e836-0438-4a21-97e7-8bdeac808457: no agents available; will retry on subsequent port and subnet creation events.
2026-09-11 18:59:21.265 7 INFO neutron.db.ovn_revision_numbers_db [None req-547651cf-3773-49c0-b89b-89168175d511 - - - - - -] Successfully bumped revision number for resource a4398838-4cec-4846-b15c-4697272d2284 (type: ports) to 2
2026-09-11 18:59:21.324 7 INFO neutron.db.ovn_revision_numbers_db [None req-547651cf-3773-49c0-b89b-89168175d511 - - - - - -] Successfully bumped revision number for resource 2163c250-742e-4468-8978-eeb734f938b6 (type: subnets) to 0 [pid: 7|app: 0|req: 1309/2569] 10.0.0.137 () {34 vars in 668 bytes} [Fri Sep 11 18:59:20 2026] POST /v2.0/subnets => generated 629 bytes in 656 msecs (HTTP/1.1 201) 4 headers in 162 bytes (1 switches on core 0)
2026-09-11 18:59:21.460 8 INFO neutron.db.segments_db [None req-23b6dd83-0af2-4555-8bf5-2dbf2f4f41b2 2c05057cd5424466b4801fed74c1fefe 74f5380fe3b24104a1e76f418333ce61 - - default default] Added segment 78ad6b3b-0e90-4e26-bc73-5174a088b174 of type geneve for network d602c278-5ecb-415c-b73e-ddcc448a2b4a
2026-09-11 18:59:21.557 8 INFO neutron.db.ovn_revision_numbers_db [None req-23b6dd83-0af2-4555-8bf5-2dbf2f4f41b2 2c05057cd5424466b4801fed74c1fefe 74f5380fe3b24104a1e76f418333ce61 - - default default] Successfully bumped revision number for resource d602c278-5ecb-415c-b73e-ddcc448a2b4a (type: networks) to 1
2026-09-11 18:59:21.723 8 WARNING neutron.scheduler.dhcp_agent_scheduler [None req-23b6dd83-0af2-4555-8bf5-2dbf2f4f41b2 2c05057cd5424466b4801fed74c1fefe 74f5380fe3b24104a1e76f418333ce61 - - default default] No more DHCP agents
2026-09-11 18:59:21.725 8 WARNING neutron.api.rpc.agentnotifiers.dhcp_rpc_agent_api [None req-23b6dd83-0af2-4555-8bf5-2dbf2f4f41b2 2c05057cd5424466b4801fed74c1fefe 74f5380fe3b24104a1e76f418333ce61 - - default default] Unable to schedule network d602c278-5ecb-415c-b73e-ddcc448a2b4a: no agents available; will retry on subsequent port and subnet creation events.
2026-09-11 18:59:21.772 8 INFO neutron.plugins.ml2.drivers.ovn.mech_driver.mech_driver [None req-b0dba039-5139-4625-b588-62eed100b024 - - - - - -] OVN reports status down for port: 3a5741b9-836b-480a-aa0e-0c1719eb4a90
2026-09-11 18:59:21.838 8 INFO neutron.db.ovn_revision_numbers_db [None req-23b6dd83-0af2-4555-8bf5-2dbf2f4f41b2 2c05057cd5424466b4801fed74c1fefe 74f5380fe3b24104a1e76f418333ce61 - - default default] Successfully bumped revision number for resource 3a5741b9-836b-480a-aa0e-0c1719eb4a90 (type: ports) to 1 [pid: 8|app: 0|req: 1261/2570] 10.0.0.137 () {34 vars in 669 bytes} [Fri Sep 11 18:59:21 2026] POST /v2.0/networks => generated 670 bytes in 530 msecs (HTTP/1.1 201) 4 headers in 162 bytes (1 switches on core 0)
2026-09-11 18:59:21.924 7 INFO neutron.db.ovn_revision_numbers_db [None req-cd00c39c-9a12-4342-b4f6-818b903b7862 c3a4f80221fe40c1b256551fde98bd64 1b0290531ad14ac39ddce3a021c5efdd - - default default] Successfully bumped revision number for resource 52997bad-1501-42b5-9bd9-1047be3cc4e0 (type: security_groups) to 1
2026-09-11 18:59:21.940 7 INFO neutron.db.ovn_revision_numbers_db [None req-cd00c39c-9a12-4342-b4f6-818b903b7862 c3a4f80221fe40c1b256551fde98bd64 1b0290531ad14ac39ddce3a021c5efdd - - default default] Successfully bumped revision number for resource 1d2f3ea0-331b-4b5e-9fae-c7e9759cf39e (type: security_group_rules) to 0
2026-09-11 18:59:21.957 7 INFO neutron.db.ovn_revision_numbers_db [None req-cd00c39c-9a12-4342-b4f6-818b903b7862 c3a4f80221fe40c1b256551fde98bd64 1b0290531ad14ac39ddce3a021c5efdd - - default default] Successfully bumped revision number for resource 561fbd44-6760-4a8c-a515-f67215c586f3 (type: security_group_rules) to 0
2026-09-11 18:59:21.974 7 INFO neutron.db.ovn_revision_numbers_db [None req-cd00c39c-9a12-4342-b4f6-818b903b7862 c3a4f80221fe40c1b256551fde98bd64 1b0290531ad14ac39ddce3a021c5efdd - - default default] Successfully bumped revision number for resource d89f8839-9463-45f9-9d30-86343894afe9 (type: security_group_rules) to 0
2026-09-11 18:59:21.993 7 INFO neutron.db.ovn_revision_numbers_db [None req-cd00c39c-9a12-4342-b4f6-818b903b7862 c3a4f80221fe40c1b256551fde98bd64 1b0290531ad14ac39ddce3a021c5efdd - - default default] Successfully bumped revision number for resource f08e74eb-80b4-4454-b4f7-74ca3b02211a (type: security_group_rules) to 0 [pid: 8|app: 0|req: 1262/2571] 10.0.0.139 () {34 vars in 989 bytes} [Fri Sep 11 18:59:21 2026] GET /v2.0/ports?device_id=0ad53617-6fc2-45a6-929d-c9752eefacec => generated 1010 bytes in 108 msecs (HTTP/1.1 200) 4 headers in 158 bytes (1 switches on core 0)
2026-09-11 18:59:22.092 7 INFO neutron.db.segments_db [None req-cd00c39c-9a12-4342-b4f6-818b903b7862 c3a4f80221fe40c1b256551fde98bd64 1b0290531ad14ac39ddce3a021c5efdd - - default default] Added segment 39dfd85c-0f32-4f31-ad26-73c21595008e of type geneve for network 823c86b6-fe6f-4a57-a5b8-e508e832c6d7
2026-09-11 18:59:22.173 8 WARNING neutron.scheduler.dhcp_agent_scheduler [None req-34089966-f783-4da9-8303-b764f251fca9 2c05057cd5424466b4801fed74c1fefe 74f5380fe3b24104a1e76f418333ce61 - - default default] No more DHCP agents
2026-09-11 18:59:22.174 8 WARNING neutron.api.rpc.agentnotifiers.dhcp_rpc_agent_api [None req-34089966-f783-4da9-8303-b764f251fca9 2c05057cd5424466b4801fed74c1fefe 74f5380fe3b24104a1e76f418333ce61 - - default default] Unable to schedule network d602c278-5ecb-415c-b73e-ddcc448a2b4a: no agents available; will retry on subsequent port and subnet creation events.
2026-09-11 18:59:22.204 7 INFO neutron.db.ovn_revision_numbers_db [None req-cd00c39c-9a12-4342-b4f6-818b903b7862 c3a4f80221fe40c1b256551fde98bd64 1b0290531ad14ac39ddce3a021c5efdd - - default default] Successfully bumped revision number for resource 823c86b6-fe6f-4a57-a5b8-e508e832c6d7 (type: networks) to 1
2026-09-11 18:59:22.412 7 WARNING neutron.scheduler.dhcp_agent_scheduler [None req-cd00c39c-9a12-4342-b4f6-818b903b7862 c3a4f80221fe40c1b256551fde98bd64 1b0290531ad14ac39ddce3a021c5efdd - - default default] No more DHCP agents
2026-09-11 18:59:22.414 7 WARNING neutron.api.rpc.agentnotifiers.dhcp_rpc_agent_api [None req-cd00c39c-9a12-4342-b4f6-818b903b7862 c3a4f80221fe40c1b256551fde98bd64 1b0290531ad14ac39ddce3a021c5efdd - - default default] Unable to schedule network 823c86b6-fe6f-4a57-a5b8-e508e832c6d7: no agents available; will retry on subsequent port and subnet creation events.
2026-09-11 18:59:22.456 8 INFO neutron.plugins.ml2.drivers.ovn.mech_driver.mech_driver [None req-b0dba039-5139-4625-b588-62eed100b024 - - - - - -] OVN reports status down for port: 1f56195d-6f35-43c4-a8fb-7f2ae4c07e8f
2026-09-11 18:59:22.491 7 INFO neutron.db.ovn_revision_numbers_db [None req-cd00c39c-9a12-4342-b4f6-818b903b7862 c3a4f80221fe40c1b256551fde98bd64 1b0290531ad14ac39ddce3a021c5efdd - - default default] Successfully bumped revision number for resource 1f56195d-6f35-43c4-a8fb-7f2ae4c07e8f (type: ports) to 1 [pid: 7|app: 0|req: 1310/2572] 10.0.0.137 () {34 vars in 669 bytes} [Fri Sep 11 18:59:21 2026] POST /v2.0/networks => generated 677 bytes in 969 msecs (HTTP/1.1 201) 4 headers in 162 bytes (1 switches on core 0) [pid: 7|app: 0|req: 1311/2573] 10.0.0.139 () {34 vars in 1119 bytes} [Fri Sep 11 18:59:22 2026] GET /v2.0/security-groups?id=f2bde6a2-ac5e-4990-b292-282b17dd3710&id=763b1b68-66a5-448e-a213-ac44a0e8fdb4&fields=id&fields=name => generated 207 bytes in 51 msecs (HTTP/1.1 200) 4 headers in 157 bytes (1 switches on core 0)
2026-09-11 18:59:22.738 8 INFO neutron.db.ovn_revision_numbers_db [None req-8f315c6e-ebfe-4ae8-9765-ebd75ac25ab6 - - - - - -] Successfully bumped revision number for resource 3a5741b9-836b-480a-aa0e-0c1719eb4a90 (type: ports) to 2
2026-09-11 18:59:22.770 8 INFO neutron.db.ovn_revision_numbers_db [None req-8f315c6e-ebfe-4ae8-9765-ebd75ac25ab6 - - - - - -] Successfully bumped revision number for resource 771081b4-d9bc-469d-a5df-88be2dff5d1b (type: subnets) to 0 [pid: 8|app: 0|req: 1263/2574] 10.0.0.137 () {34 vars in 668 bytes} [Fri Sep 11 18:59:21 2026] POST /v2.0/subnets => generated 629 bytes in 792 msecs (HTTP/1.1 201) 4 headers in 162 bytes (1 switches on core 0)
2026-09-11 18:59:22.821 7 WARNING neutron.scheduler.dhcp_agent_scheduler [None req-65c90f1c-06fc-45eb-a1d5-b1487bf2ed91 c3a4f80221fe40c1b256551fde98bd64 1b0290531ad14ac39ddce3a021c5efdd - - default default] No more DHCP agents
2026-09-11 18:59:22.822 7 WARNING neutron.api.rpc.agentnotifiers.dhcp_rpc_agent_api [None req-65c90f1c-06fc-45eb-a1d5-b1487bf2ed91 c3a4f80221fe40c1b256551fde98bd64 1b0290531ad14ac39ddce3a021c5efdd - - default default] Unable to schedule network 823c86b6-fe6f-4a57-a5b8-e508e832c6d7: no agents available; will retry on subsequent port and subnet creation events. [pid: 8|app: 0|req: 1264/2575] 10.0.0.137 () {32 vars in 735 bytes} [Fri Sep 11 18:59:22 2026] GET /v2.0/ports?device_id=0ad53617-6fc2-45a6-929d-c9752eefacec => generated 1248 bytes in 127 msecs (HTTP/1.1 200) 4 headers in 158 bytes (1 switches on core 0) [pid: 8|app: 0|req: 1265/2576] 10.0.0.137 () {34 vars in 750 bytes} [Fri Sep 11 18:59:22 2026] PUT /v2.0/subnets/37717bb3-8977-451e-a591-bf7a83e51012/tags => generated 17 bytes in 57 msecs (HTTP/1.1 200) 4 headers in 156 bytes (1 switches on core 0) [pid: 8|app: 0|req: 1266/2577] 10.0.0.137 () {32 vars in 857 bytes} [Fri Sep 11 18:59:22 2026] GET /v2.0/floatingips?floating_network_id=99eb405f-2110-459c-b1d1-c802287d36a6&port_id=d0d0848b-5883-4fd0-bb16-d69783b620ec => generated 860 bytes in 51 msecs (HTTP/1.1 200) 4 headers in 157 bytes (1 switches on core 0) [pid: 8|app: 0|req: 1267/2578] 10.0.0.137 () {34 vars in 750 bytes} [Fri Sep 11 18:59:23 2026] PUT /v2.0/subnets/6a152d8d-b1dd-402b-b0cc-6c1d094c9819/tags => generated 25 bytes in 40 msecs (HTTP/1.1 200) 4 headers in 156 bytes (1 switches on core 0) [pid: 8|app: 0|req: 1268/2579] 10.0.0.137 () {34 vars in 750 bytes} [Fri Sep 11 18:59:23 2026] PUT /v2.0/subnets/32c5d2f1-7865-4618-80a3-2f02fc229130/tags => generated 34 bytes in 39 msecs (HTTP/1.1 200) 4 headers in 156 bytes (1 switches on core 0) [pid: 8|app: 0|req: 1269/2580] 10.0.0.137 () {34 vars in 750 bytes} [Fri Sep 11 18:59:23 2026] PUT /v2.0/subnets/2163c250-742e-4468-8978-eeb734f938b6/tags => generated 19 bytes in 35 msecs (HTTP/1.1 200) 4 headers in 156 bytes (1 switches on core 0) [pid: 8|app: 0|req: 1270/2581] 10.0.0.137 () {32 vars in 663 bytes} [Fri Sep 11 18:59:23 2026] GET /v2.0/subnets?tags=red => generated 1904 bytes in 61 msecs (HTTP/1.1 200) 4 headers in 158 bytes (1 switches on core 0)
2026-09-11 18:59:23.222 7 INFO neutron.db.ovn_revision_numbers_db [None req-7fde6623-d58d-4cc5-abdd-0f36fd773b5b - - - - - -] Successfully bumped revision number for resource 1f56195d-6f35-43c4-a8fb-7f2ae4c07e8f (type: ports) to 2
2026-09-11 18:59:23.274 7 INFO neutron.db.ovn_revision_numbers_db [None req-7fde6623-d58d-4cc5-abdd-0f36fd773b5b - - - - - -] Successfully bumped revision number for resource 05587d34-d4cc-4bac-9c4c-d07350a1c2d6 (type: subnets) to 0 [pid: 8|app: 0|req: 1271/2582] 10.0.0.137 () {32 vars in 677 bytes} [Fri Sep 11 18:59:23 2026] GET /v2.0/subnets?tags=red%2Cblue => generated 1283 bytes in 54 msecs (HTTP/1.1 200) 4 headers in 158 bytes (1 switches on core 0) [pid: 7|app: 0|req: 1312/2583] 10.0.0.137 () {34 vars in 668 bytes} [Fri Sep 11 18:59:22 2026] POST /v2.0/subnets => generated 657 bytes in 719 msecs (HTTP/1.1 201) 4 headers in 162 bytes (1 switches on core 0) [pid: 8|app: 0|req: 1272/2584] 10.0.0.137 () {32 vars in 673 bytes} [Fri Sep 11 18:59:23 2026] GET /v2.0/subnets?tags-any=blue => generated 1283 bytes in 62 msecs (HTTP/1.1 200) 4 headers in 158 bytes (1 switches on core 0) [pid: 7|app: 0|req: 1313/2585] 10.0.0.137 () {32 vars in 721 bytes} [Fri Sep 11 18:59:23 2026] GET /v2.0/subnetpools?name=shared-default-subnetpool-v6 => generated 19 bytes in 76 msecs (HTTP/1.1 200) 4 headers in 156 bytes (1 switches on core 0) [pid: 8|app: 0|req: 1273/2586] 10.0.0.55 () {34 vars in 988 bytes} [Fri Sep 11 18:59:23 2026] GET /v2.0/ports?device_id=0ad53617-6fc2-45a6-929d-c9752eefacec => generated 1248 bytes in 41 msecs (HTTP/1.1 200) 4 headers in 158 bytes (1 switches on core 0) [pid: 7|app: 0|req: 1314/2587] 10.0.0.137 () {32 vars in 685 bytes} [Fri Sep 11 18:59:23 2026] GET /v2.0/subnets?tags-any=red%2Cblue => generated 1904 bytes in 51 msecs (HTTP/1.1 200) 4 headers in 158 bytes (1 switches on core 0) [pid: 7|app: 0|req: 1315/2588] 10.0.0.55 () {34 vars in 1118 bytes} [Fri Sep 11 18:59:23 2026] GET /v2.0/security-groups?id=763b1b68-66a5-448e-a213-ac44a0e8fdb4&id=f2bde6a2-ac5e-4990-b292-282b17dd3710&fields=id&fields=name => generated 207 bytes in 24 msecs (HTTP/1.1 200) 4 headers in 157 bytes (1 switches on core 0) [pid: 7|app: 0|req: 1316/2589] 10.0.0.137 () {32 vars in 671 bytes} [Fri Sep 11 18:59:23 2026] GET /v2.0/subnets?not-tags=red => generated 1894 bytes in 35 msecs (HTTP/1.1 200) 4 headers in 158 bytes (1 switches on core 0) [pid: 7|app: 0|req: 1317/2590] 10.0.0.137 () {32 vars in 685 bytes} [Fri Sep 11 18:59:23 2026] GET /v2.0/subnets?not-tags=red%2Cblue => generated 2515 bytes in 49 msecs (HTTP/1.1 200) 4 headers in 158 bytes (1 switches on core 0) [pid: 7|app: 0|req: 1318/2591] 10.0.0.137 () {32 vars in 681 bytes} [Fri Sep 11 18:59:23 2026] GET /v2.0/subnets?not-tags-any=blue => generated 2515 bytes in 43 msecs (HTTP/1.1 200) 4 headers in 158 bytes (1 switches on core 0) [pid: 7|app: 0|req: 1319/2592] 10.0.0.137 () {32 vars in 693 bytes} [Fri Sep 11 18:59:23 2026] GET /v2.0/subnets?not-tags-any=red%2Cblue => generated 1894 bytes in 31 msecs (HTTP/1.1 200) 4 headers in 158 bytes (1 switches on core 0)
2026-09-11 18:59:23.692 8 WARNING neutron.scheduler.dhcp_agent_scheduler [None req-dcf7536d-1cdd-42d1-9bae-49bfb1ef783f c3a4f80221fe40c1b256551fde98bd64 1b0290531ad14ac39ddce3a021c5efdd - - default default] No more DHCP agents
2026-09-11 18:59:23.693 8 WARNING neutron.api.rpc.agentnotifiers.dhcp_rpc_agent_api [None req-dcf7536d-1cdd-42d1-9bae-49bfb1ef783f c3a4f80221fe40c1b256551fde98bd64 1b0290531ad14ac39ddce3a021c5efdd - - default default] Unable to schedule network 823c86b6-fe6f-4a57-a5b8-e508e832c6d7: no agents available; will retry on subsequent port and subnet creation events.
2026-09-11 18:59:23.747 8 INFO neutron.db.ovn_revision_numbers_db [None req-dcf7536d-1cdd-42d1-9bae-49bfb1ef783f c3a4f80221fe40c1b256551fde98bd64 1b0290531ad14ac39ddce3a021c5efdd - - default default] Successfully bumped revision number for resource 7a968a59-0cd4-4183-a380-6a7c76fb1ded (type: subnets) to 0 [pid: 8|app: 0|req: 1274/2593] 10.0.0.137 () {34 vars in 668 bytes} [Fri Sep 11 18:59:23 2026] POST /v2.0/subnets => generated 732 bytes in 378 msecs (HTTP/1.1 201) 4 headers in 162 bytes (1 switches on core 0) [pid: 7|app: 0|req: 1320/2594] 10.0.0.137 () {32 vars in 723 bytes} [Fri Sep 11 18:59:23 2026] DELETE /v2.0/subnets/37717bb3-8977-451e-a591-bf7a83e51012 => generated 0 bytes in 149 msecs (HTTP/1.1 204) 3 headers in 131 bytes (1 switches on core 0)
2026-09-11 18:59:23.869 8 INFO neutron.db.segments_db [None req-ade6ec2b-63fe-4230-ae81-6326fb09da93 c3a4f80221fe40c1b256551fde98bd64 1b0290531ad14ac39ddce3a021c5efdd - - default default] Added segment 9d866f01-b9ec-487c-a14e-1ef75e94e614 of type geneve for network 07c0f99d-51dc-49f5-9fb3-7c87e7138638
2026-09-11 18:59:23.982 8 INFO neutron.db.ovn_revision_numbers_db [None req-ade6ec2b-63fe-4230-ae81-6326fb09da93 c3a4f80221fe40c1b256551fde98bd64 1b0290531ad14ac39ddce3a021c5efdd - - default default] Successfully bumped revision number for resource 07c0f99d-51dc-49f5-9fb3-7c87e7138638 (type: networks) to 1 [pid: 7|app: 0|req: 1321/2595] 10.0.0.137 () {32 vars in 723 bytes} [Fri Sep 11 18:59:23 2026] DELETE /v2.0/subnets/6a152d8d-b1dd-402b-b0cc-6c1d094c9819 => generated 0 bytes in 226 msecs (HTTP/1.1 204) 3 headers in 131 bytes (1 switches on core 0)
2026-09-11 18:59:24.122 8 WARNING neutron.scheduler.dhcp_agent_scheduler [None req-ade6ec2b-63fe-4230-ae81-6326fb09da93 c3a4f80221fe40c1b256551fde98bd64 1b0290531ad14ac39ddce3a021c5efdd - - default default] No more DHCP agents
2026-09-11 18:59:24.123 8 WARNING neutron.api.rpc.agentnotifiers.dhcp_rpc_agent_api [None req-ade6ec2b-63fe-4230-ae81-6326fb09da93 c3a4f80221fe40c1b256551fde98bd64 1b0290531ad14ac39ddce3a021c5efdd - - default default] Unable to schedule network 07c0f99d-51dc-49f5-9fb3-7c87e7138638: no agents available; will retry on subsequent port and subnet creation events.
2026-09-11 18:59:24.158 8 INFO neutron.plugins.ml2.drivers.ovn.mech_driver.mech_driver [None req-b0dba039-5139-4625-b588-62eed100b024 - - - - - -] OVN reports status down for port: 5faa779a-8c4b-480e-ac50-c46328012cc9
2026-09-11 18:59:24.235 8 INFO neutron.db.ovn_revision_numbers_db [None req-ade6ec2b-63fe-4230-ae81-6326fb09da93 c3a4f80221fe40c1b256551fde98bd64 1b0290531ad14ac39ddce3a021c5efdd - - default default] Successfully bumped revision number for resource 5faa779a-8c4b-480e-ac50-c46328012cc9 (type: ports) to 1 [pid: 8|app: 0|req: 1275/2596] 10.0.0.137 () {34 vars in 669 bytes} [Fri Sep 11 18:59:23 2026] POST /v2.0/networks => generated 676 bytes in 507 msecs (HTTP/1.1 201) 4 headers in 162 bytes (1 switches on core 0) [pid: 7|app: 0|req: 1322/2597] 10.0.0.137 () {32 vars in 723 bytes} [Fri Sep 11 18:59:24 2026] DELETE /v2.0/subnets/32c5d2f1-7865-4618-80a3-2f02fc229130 => generated 0 bytes in 255 msecs (HTTP/1.1 204) 3 headers in 131 bytes (1 switches on core 0) [pid: 8|app: 0|req: 1276/2598] 10.0.0.137 () {32 vars in 723 bytes} [Fri Sep 11 18:59:24 2026] DELETE /v2.0/subnets/2163c250-742e-4468-8978-eeb734f938b6 => generated 0 bytes in 159 msecs (HTTP/1.1 204) 3 headers in 131 bytes (1 switches on core 0)
2026-09-11 18:59:24.498 7 WARNING neutron.scheduler.dhcp_agent_scheduler [None req-dc71bb0c-307d-496b-b977-a437c4d291e9 c3a4f80221fe40c1b256551fde98bd64 1b0290531ad14ac39ddce3a021c5efdd - - default default] No more DHCP agents
2026-09-11 18:59:24.499 7 WARNING neutron.api.rpc.agentnotifiers.dhcp_rpc_agent_api [None req-dc71bb0c-307d-496b-b977-a437c4d291e9 c3a4f80221fe40c1b256551fde98bd64 1b0290531ad14ac39ddce3a021c5efdd - - default default] Unable to schedule network 07c0f99d-51dc-49f5-9fb3-7c87e7138638: no agents available; will retry on subsequent port and subnet creation events. [pid: 8|app: 0|req: 1277/2599] 10.0.0.137 () {32 vars in 723 bytes} [Fri Sep 11 18:59:24 2026] DELETE /v2.0/subnets/771081b4-d9bc-469d-a5df-88be2dff5d1b => generated 0 bytes in 232 msecs (HTTP/1.1 204) 3 headers in 131 bytes (1 switches on core 0)
2026-09-11 18:59:24.805 8 INFO neutron_taas.services.taas.taas_plugin [None req-41c965fc-2b7a-46f9-8287-9588cda3191f 2c05057cd5424466b4801fed74c1fefe 74f5380fe3b24104a1e76f418333ce61 - - default default] TaaS: Handle Delete Port: ccadeade-9f54-4af3-a26a-5a012faad4ef
2026-09-11 18:59:24.808 8 INFO neutron_taas.services.taas.tap_mirror_plugin [None req-41c965fc-2b7a-46f9-8287-9588cda3191f 2c05057cd5424466b4801fed74c1fefe 74f5380fe3b24104a1e76f418333ce61 - - default default] Tap Mirror: Handle Delete Port: ccadeade-9f54-4af3-a26a-5a012faad4ef
2026-09-11 18:59:24.979 7 INFO neutron.db.ovn_revision_numbers_db [None req-6d15d32e-6cb0-47cc-a7e0-7bf7a3f5e18c - - - - - -] Successfully bumped revision number for resource 5faa779a-8c4b-480e-ac50-c46328012cc9 (type: ports) to 2
2026-09-11 18:59:25.001 8 INFO neutron.services.segments.plugin [-] Segment f9b31c15-432f-4f44-9d36-512953899378 resource provider aggregate not found
2026-09-11 18:59:25.005 8 INFO neutron.services.segments.plugin [-] Segment f9b31c15-432f-4f44-9d36-512953899378 resource provider aggregate not found
2026-09-11 18:59:25.027 8 INFO neutron.services.segments.plugin [-] Client error retrieving segment f9b31c15-432f-4f44-9d36-512953899378 resource provider; error: Placement Client Error (4xx): {"errors": [{"status": 404, "title": "Not Found", "detail": "The resource could not be found.\n\n No resource provider with uuid f9b31c15-432f-4f44-9d36-512953899378 found for delete ", "request_id": "req-7458e877-2e7d-4455-9fc4-1cf0021423cd"}]}
2026-09-11 18:59:25.027 8 INFO neutron.services.segments.plugin [-] Client error retrieving segment f9b31c15-432f-4f44-9d36-512953899378 resource provider; error: Placement Client Error (4xx): {"errors": [{"status": 404, "title": "Not Found", "detail": "The resource could not be found.\n\n No resource provider with uuid f9b31c15-432f-4f44-9d36-512953899378 found for delete ", "request_id": "req-6e50e865-2083-48fe-8deb-e22644c267a0"}]}
2026-09-11 18:59:25.028 7 INFO neutron.db.ovn_revision_numbers_db [None req-6d15d32e-6cb0-47cc-a7e0-7bf7a3f5e18c - - - - - -] Successfully bumped revision number for resource fc26f1fd-19f1-42b3-a2dc-6ff90ff41646 (type: subnets) to 0 [pid: 8|app: 0|req: 1278/2600] 10.0.0.137 () {32 vars in 725 bytes} [Fri Sep 11 18:59:24 2026] DELETE /v2.0/networks/ab4f9d32-b75b-4079-8f8c-a0d38e6d5a39 => generated 0 bytes in 354 msecs (HTTP/1.1 204) 3 headers in 131 bytes (1 switches on core 0) [pid: 7|app: 0|req: 1323/2601] 10.0.0.137 () {34 vars in 668 bytes} [Fri Sep 11 18:59:24 2026] POST /v2.0/subnets => generated 656 bytes in 763 msecs (HTTP/1.1 201) 4 headers in 162 bytes (1 switches on core 0)
2026-09-11 18:59:25.199 8 INFO neutron_taas.services.taas.taas_plugin [None req-31f9cf44-ff7c-4253-bb2d-2bc379ecc962 2c05057cd5424466b4801fed74c1fefe 74f5380fe3b24104a1e76f418333ce61 - - default default] TaaS: Handle Delete Port: f8206e04-ea1f-48e8-ad10-1649921289f4
2026-09-11 18:59:25.204 8 INFO neutron_taas.services.taas.tap_mirror_plugin [None req-31f9cf44-ff7c-4253-bb2d-2bc379ecc962 2c05057cd5424466b4801fed74c1fefe 74f5380fe3b24104a1e76f418333ce61 - - default default] Tap Mirror: Handle Delete Port: f8206e04-ea1f-48e8-ad10-1649921289f4
2026-09-11 18:59:25.248 7 WARNING neutron.scheduler.dhcp_agent_scheduler [None req-f515fa98-7374-43c7-8666-3b726ad73a16 c3a4f80221fe40c1b256551fde98bd64 1b0290531ad14ac39ddce3a021c5efdd - - default default] No more DHCP agents
2026-09-11 18:59:25.249 7 WARNING neutron.api.rpc.agentnotifiers.dhcp_rpc_agent_api [None req-f515fa98-7374-43c7-8666-3b726ad73a16 c3a4f80221fe40c1b256551fde98bd64 1b0290531ad14ac39ddce3a021c5efdd - - default default] Unable to schedule network 07c0f99d-51dc-49f5-9fb3-7c87e7138638: no agents available; will retry on subsequent port and subnet creation events.
2026-09-11 18:59:25.269 7 INFO neutron.db.ovn_revision_numbers_db [None req-f515fa98-7374-43c7-8666-3b726ad73a16 c3a4f80221fe40c1b256551fde98bd64 1b0290531ad14ac39ddce3a021c5efdd - - default default] Successfully bumped revision number for resource 7d0d5335-de0a-4c53-b6bc-d09b60234888 (type: subnets) to 0 [pid: 7|app: 0|req: 1324/2602] 10.0.0.137 () {34 vars in 668 bytes} [Fri Sep 11 18:59:25 2026] POST /v2.0/subnets => generated 726 bytes in 229 msecs (HTTP/1.1 201) 4 headers in 162 bytes (1 switches on core 0) [pid: 8|app: 0|req: 1279/2603] 10.0.0.137 () {32 vars in 725 bytes} [Fri Sep 11 18:59:25 2026] DELETE /v2.0/networks/a5797566-427b-4c0a-8d3c-01f84285d036 => generated 0 bytes in 360 msecs (HTTP/1.1 204) 3 headers in 131 bytes (1 switches on core 0)
2026-09-11 18:59:25.406 7 INFO neutron.db.segments_db [None req-62b2b702-fb2a-444c-b668-c6b32afd2202 c3a4f80221fe40c1b256551fde98bd64 1b0290531ad14ac39ddce3a021c5efdd - - default default] Added segment 851ed83e-6416-42b1-a5da-12fba0bf8ebb of type geneve for network 89fea06b-3ae1-408f-b289-35141cc879bc
2026-09-11 18:59:25.506 8 INFO neutron_taas.services.taas.taas_plugin [None req-1458dbe6-6933-484b-86d3-4643402da3aa 2c05057cd5424466b4801fed74c1fefe 74f5380fe3b24104a1e76f418333ce61 - - default default] TaaS: Handle Delete Port: 6d844b9d-72d8-4808-98ae-e7c709873236
2026-09-11 18:59:25.510 8 INFO neutron_taas.services.taas.tap_mirror_plugin [None req-1458dbe6-6933-484b-86d3-4643402da3aa 2c05057cd5424466b4801fed74c1fefe 74f5380fe3b24104a1e76f418333ce61 - - default default] Tap Mirror: Handle Delete Port: 6d844b9d-72d8-4808-98ae-e7c709873236
2026-09-11 18:59:25.557 7 INFO neutron.db.ovn_revision_numbers_db [None req-62b2b702-fb2a-444c-b668-c6b32afd2202 c3a4f80221fe40c1b256551fde98bd64 1b0290531ad14ac39ddce3a021c5efdd - - default default] Successfully bumped revision number for resource 89fea06b-3ae1-408f-b289-35141cc879bc (type: networks) to 1
2026-09-11 18:59:25.733 7 WARNING neutron.scheduler.dhcp_agent_scheduler [None req-62b2b702-fb2a-444c-b668-c6b32afd2202 c3a4f80221fe40c1b256551fde98bd64 1b0290531ad14ac39ddce3a021c5efdd - - default default] No more DHCP agents
2026-09-11 18:59:25.734 7 WARNING neutron.api.rpc.agentnotifiers.dhcp_rpc_agent_api [None req-62b2b702-fb2a-444c-b668-c6b32afd2202 c3a4f80221fe40c1b256551fde98bd64 1b0290531ad14ac39ddce3a021c5efdd - - default default] Unable to schedule network 89fea06b-3ae1-408f-b289-35141cc879bc: no agents available; will retry on subsequent port and subnet creation events. [pid: 8|app: 0|req: 1280/2604] 10.0.0.137 () {32 vars in 725 bytes} [Fri Sep 11 18:59:25 2026] DELETE /v2.0/networks/79a67c8b-a5ec-4a4c-89c4-4a50e469e265 => generated 0 bytes in 350 msecs (HTTP/1.1 204) 3 headers in 131 bytes (1 switches on core 0)
2026-09-11 18:59:25.779 7 INFO neutron.plugins.ml2.drivers.ovn.mech_driver.mech_driver [None req-70c79886-5a48-46f7-a3bb-ef1cadaff3cc - - - - - -] OVN reports status down for port: 11f4db5a-b093-470c-8a38-f1847129db4a
2026-09-11 18:59:25.846 7 INFO neutron.db.ovn_revision_numbers_db [None req-62b2b702-fb2a-444c-b668-c6b32afd2202 c3a4f80221fe40c1b256551fde98bd64 1b0290531ad14ac39ddce3a021c5efdd - - default default] Successfully bumped revision number for resource 11f4db5a-b093-470c-8a38-f1847129db4a (type: ports) to 1 [pid: 7|app: 0|req: 1325/2605] 10.0.0.137 () {34 vars in 669 bytes} [Fri Sep 11 18:59:25 2026] POST /v2.0/networks => generated 676 bytes in 617 msecs (HTTP/1.1 201) 4 headers in 162 bytes (1 switches on core 0)
2026-09-11 18:59:25.908 8 INFO neutron_taas.services.taas.taas_plugin [None req-ff2d9800-bf7e-473a-93e5-1e66a6508d5e 2c05057cd5424466b4801fed74c1fefe 74f5380fe3b24104a1e76f418333ce61 - - default default] TaaS: Handle Delete Port: a4398838-4cec-4846-b15c-4697272d2284
2026-09-11 18:59:25.911 8 INFO neutron_taas.services.taas.tap_mirror_plugin [None req-ff2d9800-bf7e-473a-93e5-1e66a6508d5e 2c05057cd5424466b4801fed74c1fefe 74f5380fe3b24104a1e76f418333ce61 - - default default] Tap Mirror: Handle Delete Port: a4398838-4cec-4846-b15c-4697272d2284 [pid: 8|app: 0|req: 1281/2606] 10.0.0.137 () {32 vars in 725 bytes} [Fri Sep 11 18:59:25 2026] DELETE /v2.0/networks/c747e836-0438-4a21-97e7-8bdeac808457 => generated 0 bytes in 331 msecs (HTTP/1.1 204) 3 headers in 131 bytes (1 switches on core 0)
2026-09-11 18:59:26.143 7 WARNING neutron.scheduler.dhcp_agent_scheduler [None req-b4bf49ee-4a55-47b8-b035-9b698a0bc882 c3a4f80221fe40c1b256551fde98bd64 1b0290531ad14ac39ddce3a021c5efdd - - default default] No more DHCP agents
2026-09-11 18:59:26.145 7 WARNING neutron.api.rpc.agentnotifiers.dhcp_rpc_agent_api [None req-b4bf49ee-4a55-47b8-b035-9b698a0bc882 c3a4f80221fe40c1b256551fde98bd64 1b0290531ad14ac39ddce3a021c5efdd - - default default] Unable to schedule network 89fea06b-3ae1-408f-b289-35141cc879bc: no agents available; will retry on subsequent port and subnet creation events. [pid: 8|app: 0|req: 1282/2607] 10.0.0.139 () {34 vars in 989 bytes} [Fri Sep 11 18:59:26 2026] GET /v2.0/ports?device_id=0ad53617-6fc2-45a6-929d-c9752eefacec => generated 1010 bytes in 56 msecs (HTTP/1.1 200) 4 headers in 158 bytes (1 switches on core 0)
2026-09-11 18:59:26.258 8 INFO neutron_taas.services.taas.taas_plugin [None req-4614ac99-eb04-4e14-81cc-877ec975903f 2c05057cd5424466b4801fed74c1fefe 74f5380fe3b24104a1e76f418333ce61 - - default default] TaaS: Handle Delete Port: 3a5741b9-836b-480a-aa0e-0c1719eb4a90
2026-09-11 18:59:26.261 8 INFO neutron_taas.services.taas.tap_mirror_plugin [None req-4614ac99-eb04-4e14-81cc-877ec975903f 2c05057cd5424466b4801fed74c1fefe 74f5380fe3b24104a1e76f418333ce61 - - default default] Tap Mirror: Handle Delete Port: 3a5741b9-836b-480a-aa0e-0c1719eb4a90 [pid: 8|app: 0|req: 1283/2608] 10.0.0.137 () {32 vars in 725 bytes} [Fri Sep 11 18:59:26 2026] DELETE /v2.0/networks/d602c278-5ecb-415c-b73e-ddcc448a2b4a => generated 0 bytes in 354 msecs (HTTP/1.1 204) 3 headers in 131 bytes (1 switches on core 0) [pid: 8|app: 0|req: 1284/2609] 10.0.0.139 () {34 vars in 1119 bytes} [Fri Sep 11 18:59:26 2026] GET /v2.0/security-groups?id=f2bde6a2-ac5e-4990-b292-282b17dd3710&id=763b1b68-66a5-448e-a213-ac44a0e8fdb4&fields=id&fields=name => generated 207 bytes in 37 msecs (HTTP/1.1 200) 4 headers in 157 bytes (1 switches on core 0)
2026-09-11 18:59:26.647 7 INFO neutron.db.ovn_revision_numbers_db [None req-22aa8d01-8b3e-4e61-b28b-171d34fa78d0 - - - - - -] Successfully bumped revision number for resource 11f4db5a-b093-470c-8a38-f1847129db4a (type: ports) to 2
2026-09-11 18:59:26.686 7 INFO neutron.db.ovn_revision_numbers_db [None req-22aa8d01-8b3e-4e61-b28b-171d34fa78d0 - - - - - -] Successfully bumped revision number for resource 330babd6-2d3e-4dfd-b6b7-4d699bd08521 (type: subnets) to 0 [pid: 7|app: 0|req: 1326/2610] 10.0.0.137 () {34 vars in 668 bytes} [Fri Sep 11 18:59:25 2026] POST /v2.0/subnets => generated 656 bytes in 799 msecs (HTTP/1.1 201) 4 headers in 162 bytes (1 switches on core 0)
2026-09-11 18:59:26.971 8 WARNING neutron.scheduler.dhcp_agent_scheduler [None req-7832b1e5-195f-4bf4-be77-4f70d76a781a c3a4f80221fe40c1b256551fde98bd64 1b0290531ad14ac39ddce3a021c5efdd - - default default] No more DHCP agents
2026-09-11 18:59:26.973 8 WARNING neutron.api.rpc.agentnotifiers.dhcp_rpc_agent_api [None req-7832b1e5-195f-4bf4-be77-4f70d76a781a c3a4f80221fe40c1b256551fde98bd64 1b0290531ad14ac39ddce3a021c5efdd - - default default] Unable to schedule network 89fea06b-3ae1-408f-b289-35141cc879bc: no agents available; will retry on subsequent port and subnet creation events.
2026-09-11 18:59:27.001 8 INFO neutron.db.ovn_revision_numbers_db [None req-7832b1e5-195f-4bf4-be77-4f70d76a781a c3a4f80221fe40c1b256551fde98bd64 1b0290531ad14ac39ddce3a021c5efdd - - default default] Successfully bumped revision number for resource e556edab-52d5-4723-a5e3-d9e3d3e8c79b (type: subnets) to 0 [pid: 8|app: 0|req: 1285/2611] 10.0.0.137 () {34 vars in 668 bytes} [Fri Sep 11 18:59:26 2026] POST /v2.0/subnets => generated 729 bytes in 324 msecs (HTTP/1.1 201) 4 headers in 162 bytes (1 switches on core 0)
2026-09-11 18:59:27.040 7 INFO neutron.plugins.ml2.drivers.ovn.mech_driver.mech_driver [None req-70c79886-5a48-46f7-a3bb-ef1cadaff3cc - - - - - -] OVN reports status down for port: d0d0848b-5883-4fd0-bb16-d69783b620ec
2026-09-11 18:59:27.045 8 INFO neutron.services.segments.plugin [-] Segment 9e40de9e-1c77-4f7f-9106-e11d33afd773 resource provider aggregate not found
2026-09-11 18:59:27.047 8 INFO neutron.services.segments.plugin [-] Segment 9e40de9e-1c77-4f7f-9106-e11d33afd773 resource provider aggregate not found
2026-09-11 18:59:27.056 8 INFO neutron.services.segments.plugin [-] Client error retrieving segment 9e40de9e-1c77-4f7f-9106-e11d33afd773 resource provider; error: Placement Client Error (4xx): {"errors": [{"status": 404, "title": "Not Found", "detail": "The resource could not be found.\n\n No resource provider with uuid 9e40de9e-1c77-4f7f-9106-e11d33afd773 found for delete ", "request_id": "req-d764c0af-59b5-4812-80a2-54190c453cd9"}]}
2026-09-11 18:59:27.060 8 INFO neutron.services.segments.plugin [-] Client error retrieving segment 9e40de9e-1c77-4f7f-9106-e11d33afd773 resource provider; error: Placement Client Error (4xx): {"errors": [{"status": 404, "title": "Not Found", "detail": "The resource could not be found.\n\n No resource provider with uuid 9e40de9e-1c77-4f7f-9106-e11d33afd773 found for delete ", "request_id": "req-fa6c2cee-b408-4c69-b44f-6c972eb5b7e0"}]}
2026-09-11 18:59:27.071 8 INFO neutron.services.segments.plugin [-] Segment fd0faef3-7e13-4f08-9c1a-f4c612fbd8a9 resource provider aggregate not found
2026-09-11 18:59:27.076 8 INFO neutron.services.segments.plugin [-] Segment fd0faef3-7e13-4f08-9c1a-f4c612fbd8a9 resource provider aggregate not found
2026-09-11 18:59:27.082 8 INFO neutron.services.segments.plugin [-] Client error retrieving segment fd0faef3-7e13-4f08-9c1a-f4c612fbd8a9 resource provider; error: Placement Client Error (4xx): {"errors": [{"status": 404, "title": "Not Found", "detail": "The resource could not be found.\n\n No resource provider with uuid fd0faef3-7e13-4f08-9c1a-f4c612fbd8a9 found for delete ", "request_id": "req-fd4f42c3-1048-4cbb-b9b1-98d31a19b666"}]}
2026-09-11 18:59:27.099 8 INFO neutron.services.segments.plugin [-] Segment fb6fe11c-1278-4c23-9657-1117d7003e5c resource provider aggregate not found
2026-09-11 18:59:27.112 8 INFO neutron.services.segments.plugin [-] Client error retrieving segment fd0faef3-7e13-4f08-9c1a-f4c612fbd8a9 resource provider; error: Placement Client Error (4xx): {"errors": [{"status": 404, "title": "Not Found", "detail": "The resource could not be found.\n\n No resource provider with uuid fd0faef3-7e13-4f08-9c1a-f4c612fbd8a9 found for delete ", "request_id": "req-26e4e111-c14f-4e3c-b78b-793c859be345"}]}
2026-09-11 18:59:27.116 8 INFO neutron.services.segments.plugin [-] Client error retrieving segment fb6fe11c-1278-4c23-9657-1117d7003e5c resource provider; error: Placement Client Error (4xx): {"errors": [{"status": 404, "title": "Not Found", "detail": "The resource could not be found.\n\n No resource provider with uuid fb6fe11c-1278-4c23-9657-1117d7003e5c found for delete ", "request_id": "req-09235e57-ad25-4279-a4d8-4ca6bddfcdea"}]}
2026-09-11 18:59:27.133 8 INFO neutron.services.segments.plugin [-] Segment fb6fe11c-1278-4c23-9657-1117d7003e5c resource provider aggregate not found
2026-09-11 18:59:27.152 8 INFO neutron.services.segments.plugin [-] Segment 78ad6b3b-0e90-4e26-bc73-5174a088b174 resource provider aggregate not found
2026-09-11 18:59:27.162 8 INFO neutron.services.segments.plugin [-] Client error retrieving segment fb6fe11c-1278-4c23-9657-1117d7003e5c resource provider; error: Placement Client Error (4xx): {"errors": [{"status": 404, "title": "Not Found", "detail": "The resource could not be found.\n\n No resource provider with uuid fb6fe11c-1278-4c23-9657-1117d7003e5c found for delete ", "request_id": "req-590834f6-c631-47d6-8efb-6865d4d4c444"}]}
2026-09-11 18:59:27.172 8 INFO neutron.services.segments.plugin [-] Client error retrieving segment 78ad6b3b-0e90-4e26-bc73-5174a088b174 resource provider; error: Placement Client Error (4xx): {"errors": [{"status": 404, "title": "Not Found", "detail": "The resource could not be found.\n\n No resource provider with uuid 78ad6b3b-0e90-4e26-bc73-5174a088b174 found for delete ", "request_id": "req-09ceef29-1ded-458b-bbe0-2dc0eaafb547"}]}
2026-09-11 18:59:27.183 8 INFO neutron.services.segments.plugin [-] Segment 78ad6b3b-0e90-4e26-bc73-5174a088b174 resource provider aggregate not found
2026-09-11 18:59:27.205 8 INFO neutron.services.segments.plugin [-] Client error retrieving segment 78ad6b3b-0e90-4e26-bc73-5174a088b174 resource provider; error: Placement Client Error (4xx): {"errors": [{"status": 404, "title": "Not Found", "detail": "The resource could not be found.\n\n No resource provider with uuid 78ad6b3b-0e90-4e26-bc73-5174a088b174 found for delete ", "request_id": "req-86a91308-71ed-4989-8db9-42e9ee43ead2"}]}
2026-09-11 18:59:27.270 7 INFO neutron.notifiers.nova [-] Nova event matching ['req-078ce2e5-74e0-4492-a04e-2551d55be91c'] response: {'server_uuid': '0ad53617-6fc2-45a6-929d-c9752eefacec', 'name': 'network-vif-unplugged', 'status': 'completed', 'tag': 'd0d0848b-5883-4fd0-bb16-d69783b620ec', 'code': 200}
2026-09-11 18:59:27.554 7 INFO neutron.db.ovn_revision_numbers_db [None req-70c79886-5a48-46f7-a3bb-ef1cadaff3cc - - - - - -] Successfully bumped revision number for resource d0d0848b-5883-4fd0-bb16-d69783b620ec (type: ports) to 6
2026-09-11 18:59:27.811 8 INFO neutron.db.ovn_revision_numbers_db [None req-26a74b65-fc55-4e98-becf-79c605fc680d fbc78f8c8e9b42a7b12db2db606530bf 7ef9708e2910490ea008894132e793cc - - default default] Successfully bumped revision number for resource 266a91d0-c65a-4680-96c6-470027cdb4b0 (type: security_groups) to 1
2026-09-11 18:59:27.825 8 INFO neutron.db.ovn_revision_numbers_db [None req-26a74b65-fc55-4e98-becf-79c605fc680d fbc78f8c8e9b42a7b12db2db606530bf 7ef9708e2910490ea008894132e793cc - - default default] Successfully bumped revision number for resource 2977a1e4-0052-4200-8c99-5a5c80985db4 (type: security_group_rules) to 0
2026-09-11 18:59:27.841 8 INFO neutron.db.ovn_revision_numbers_db [None req-26a74b65-fc55-4e98-becf-79c605fc680d fbc78f8c8e9b42a7b12db2db606530bf 7ef9708e2910490ea008894132e793cc - - default default] Successfully bumped revision number for resource 5c93eddb-efdf-4e35-b2c7-08cd6b46b348 (type: security_group_rules) to 0
2026-09-11 18:59:27.855 8 INFO neutron.db.ovn_revision_numbers_db [None req-26a74b65-fc55-4e98-becf-79c605fc680d fbc78f8c8e9b42a7b12db2db606530bf 7ef9708e2910490ea008894132e793cc - - default default] Successfully bumped revision number for resource 745eee5c-99b2-43f3-b803-1a33b75ad727 (type: security_group_rules) to 0
2026-09-11 18:59:27.862 7 WARNING neutron.scheduler.dhcp_agent_scheduler [None req-23adc5f1-374a-41d7-b8c7-f5355832c639 c3a4f80221fe40c1b256551fde98bd64 1b0290531ad14ac39ddce3a021c5efdd - - default default] No more DHCP agents
2026-09-11 18:59:27.864 7 WARNING neutron.api.rpc.agentnotifiers.dhcp_rpc_agent_api [None req-23adc5f1-374a-41d7-b8c7-f5355832c639 c3a4f80221fe40c1b256551fde98bd64 1b0290531ad14ac39ddce3a021c5efdd - - default default] Unable to schedule network 99eb405f-2110-459c-b1d1-c802287d36a6: no agents available; will retry on subsequent port and subnet creation events.
2026-09-11 18:59:27.870 8 INFO neutron.db.ovn_revision_numbers_db [None req-26a74b65-fc55-4e98-becf-79c605fc680d fbc78f8c8e9b42a7b12db2db606530bf 7ef9708e2910490ea008894132e793cc - - default default] Successfully bumped revision number for resource cd8278f5-a4ce-4cc0-805f-8ce75689cde0 (type: security_group_rules) to 0 [pid: 8|app: 0|req: 1286/2612] 10.0.0.137 () {32 vars in 773 bytes} [Fri Sep 11 18:59:27 2026] GET /v2.0/security-groups?tenant_id=6bad731e3caf489d889130795bb9ec14&name=default => generated 2929 bytes in 513 msecs (HTTP/1.1 200) 4 headers in 158 bytes (1 switches on core 0)
2026-09-11 18:59:28.028 7 INFO neutron.plugins.ml2.drivers.ovn.mech_driver.mech_driver [None req-16e6408f-3909-4a42-8ab0-f70ad6680a3c - - - - - -] OVN reports status down for port: 044e6587-5846-4177-b05d-7438ea3f728a [pid: 8|app: 0|req: 1287/2613] 10.0.0.139 () {34 vars in 989 bytes} [Fri Sep 11 18:59:27 2026] GET /v2.0/ports?device_id=0ad53617-6fc2-45a6-929d-c9752eefacec => generated 1008 bytes in 146 msecs (HTTP/1.1 200) 4 headers in 158 bytes (1 switches on core 0)
