May 06 20:59:30.536498 np0000172309 neutron-periodic-workers[105420]: DEBUG cotyledon.oslo_config_glue [-] network_log.local_output_log_base = None {{(pid=105420) log_opt_values /opt/stack/data/venv/lib/python3.12/site-packages/oslo_config/cfg.py:3006}}
May 06 20:59:30.536732 np0000172309 neutron-periodic-workers[105420]: DEBUG cotyledon.oslo_config_glue [-] network_log.rate_limit = 100 {{(pid=105420) log_opt_values /opt/stack/data/venv/lib/python3.12/site-packages/oslo_config/cfg.py:3006}}
May 06 20:59:30.536732 np0000172309 neutron-periodic-workers[105420]: DEBUG cotyledon.oslo_config_glue [-] database.asyncio_connection = **** {{(pid=105420) log_opt_values /opt/stack/data/venv/lib/python3.12/site-packages/oslo_config/cfg.py:3006}}
May 06 20:59:30.536732 np0000172309 neutron-periodic-workers[105420]: DEBUG cotyledon.oslo_config_glue [-] database.asyncio_slave_connection = **** {{(pid=105420) log_opt_values /opt/stack/data/venv/lib/python3.12/site-packages/oslo_config/cfg.py:3006}}
May 06 20:59:30.536732 np0000172309 neutron-periodic-workers[105420]: DEBUG cotyledon.oslo_config_glue [-] database.backend = sqlalchemy {{(pid=105420) log_opt_values /opt/stack/data/venv/lib/python3.12/site-packages/oslo_config/cfg.py:3006}}
May 06 20:59:30.536732 np0000172309 neutron-periodic-workers[105420]: DEBUG cotyledon.oslo_config_glue [-] database.connection = **** {{(pid=105420) log_opt_values /opt/stack/data/venv/lib/python3.12/site-packages/oslo_config/cfg.py:3006}}
May 06 20:59:30.536732 np0000172309 neutron-periodic-workers[105420]: DEBUG cotyledon.oslo_config_glue [-] database.connection_debug = 0 {{(pid=105420) log_opt_values /opt/stack/data/venv/lib/python3.12/site-packages/oslo_config/cfg.py:3006}}
May 06 20:59:30.536732 np0000172309 neutron-periodic-workers[105420]: DEBUG cotyledon.oslo_config_glue [-] database.connection_parameters = {{(pid=105420) log_opt_values /opt/stack/data/venv/lib/python3.12/site-packages/oslo_config/cfg.py:3006}}
May 06 20:59:30.536732 np0000172309 neutron-periodic-workers[105420]: DEBUG cotyledon.oslo_config_glue [-] database.connection_recycle_time = 3600 {{(pid=105420) log_opt_values /opt/stack/data/venv/lib/python3.12/site-packages/oslo_config/cfg.py:3006}}
May 06 20:59:30.536732 np0000172309 neutron-periodic-workers[105420]: DEBUG cotyledon.oslo_config_glue [-] database.connection_trace = False {{(pid=105420) log_opt_values /opt/stack/data/venv/lib/python3.12/site-packages/oslo_config/cfg.py:3006}}
May 06 20:59:30.536961 np0000172309 neutron-periodic-workers[105420]: DEBUG cotyledon.oslo_config_glue [-] database.db_inc_retry_interval = True {{(pid=105420) log_opt_values /opt/stack/data/venv/lib/python3.12/site-packages/oslo_config/cfg.py:3006}}
May 06 20:59:30.536961 np0000172309 neutron-periodic-workers[105420]: DEBUG cotyledon.oslo_config_glue [-] database.db_max_retries = 20 {{(pid=105420) log_opt_values /opt/stack/data/venv/lib/python3.12/site-packages/oslo_config/cfg.py:3006}}
May 06 20:59:30.536961 np0000172309 neutron-periodic-workers[105420]: DEBUG cotyledon.oslo_config_glue [-] database.db_max_retry_interval = 10 {{(pid=105420) log_opt_values /opt/stack/data/venv/lib/python3.12/site-packages/oslo_config/cfg.py:3006}}
May 06 20:59:30.536961 np0000172309 neutron-periodic-workers[105420]: DEBUG cotyledon.oslo_config_glue [-] database.db_retry_interval = 1 {{(pid=105420) log_opt_values /opt/stack/data/venv/lib/python3.12/site-packages/oslo_config/cfg.py:3006}}
May 06 20:59:30.536961 np0000172309 neutron-periodic-workers[105420]: DEBUG cotyledon.oslo_config_glue [-] database.max_overflow = 50 {{(pid=105420) log_opt_values /opt/stack/data/venv/lib/python3.12/site-packages/oslo_config/cfg.py:3006}}
May 06 20:59:30.536961 np0000172309 neutron-periodic-workers[105420]: DEBUG cotyledon.oslo_config_glue [-] database.max_pool_size = 5 {{(pid=105420) log_opt_values /opt/stack/data/venv/lib/python3.12/site-packages/oslo_config/cfg.py:3006}}
May 06 20:59:30.536961 np0000172309 neutron-periodic-workers[105420]: DEBUG cotyledon.oslo_config_glue [-] database.max_retries = 10 {{(pid=105420) log_opt_values /opt/stack/data/venv/lib/python3.12/site-packages/oslo_config/cfg.py:3006}}
May 06 20:59:30.536961 np0000172309 neutron-periodic-workers[105420]: DEBUG cotyledon.oslo_config_glue [-] database.mysql_sql_mode = TRADITIONAL {{(pid=105420) log_opt_values /opt/stack/data/venv/lib/python3.12/site-packages/oslo_config/cfg.py:3006}}
May 06 20:59:30.536961 np0000172309 neutron-periodic-workers[105420]: DEBUG cotyledon.oslo_config_glue [-] database.mysql_wsrep_sync_wait = None {{(pid=105420) log_opt_values /opt/stack/data/venv/lib/python3.12/site-packages/oslo_config/cfg.py:3006}}
May 06 20:59:30.537191 np0000172309 neutron-periodic-workers[105420]: DEBUG cotyledon.oslo_config_glue [-] database.pool_timeout = None {{(pid=105420) log_opt_values /opt/stack/data/venv/lib/python3.12/site-packages/oslo_config/cfg.py:3006}}
May 06 20:59:30.537191 np0000172309 neutron-periodic-workers[105420]: DEBUG cotyledon.oslo_config_glue [-] database.retry_interval = 10 {{(pid=105420) log_opt_values /opt/stack/data/venv/lib/python3.12/site-packages/oslo_config/cfg.py:3006}}
May 06 20:59:30.537191 np0000172309 neutron-periodic-workers[105420]: DEBUG cotyledon.oslo_config_glue [-] database.slave_connection = **** {{(pid=105420) log_opt_values /opt/stack/data/venv/lib/python3.12/site-packages/oslo_config/cfg.py:3006}}
May 06 20:59:30.537191 np0000172309 neutron-periodic-workers[105420]: DEBUG cotyledon.oslo_config_glue [-] database.sqlite_synchronous = True {{(pid=105420) log_opt_values /opt/stack/data/venv/lib/python3.12/site-packages/oslo_config/cfg.py:3006}}
May 06 20:59:30.537191 np0000172309 neutron-periodic-workers[105420]: DEBUG cotyledon.oslo_config_glue [-] database.synchronous_reader = True {{(pid=105420) log_opt_values /opt/stack/data/venv/lib/python3.12/site-packages/oslo_config/cfg.py:3006}}
May 06 20:59:30.537191 np0000172309 neutron-periodic-workers[105420]: DEBUG cotyledon.oslo_config_glue [-] database.use_db_reconnect = False {{(pid=105420) log_opt_values /opt/stack/data/venv/lib/python3.12/site-packages/oslo_config/cfg.py:3006}}
May 06 20:59:30.537191 np0000172309 neutron-periodic-workers[105420]: DEBUG cotyledon.oslo_config_glue [-] ovn.bfd_min_rx = 1000 {{(pid=105420) log_opt_values /opt/stack/data/venv/lib/python3.12/site-packages/oslo_config/cfg.py:3006}}
May 06 20:59:30.537191 np0000172309 neutron-periodic-workers[105420]: DEBUG cotyledon.oslo_config_glue [-] ovn.bfd_min_tx = 100 {{(pid=105420) log_opt_values /opt/stack/data/venv/lib/python3.12/site-packages/oslo_config/cfg.py:3006}}
May 06 20:59:30.537191 np0000172309 neutron-periodic-workers[105420]: DEBUG cotyledon.oslo_config_glue [-] ovn.bfd_mult = 3 {{(pid=105420) log_opt_values /opt/stack/data/venv/lib/python3.12/site-packages/oslo_config/cfg.py:3006}}
May 06 20:59:30.537422 np0000172309 neutron-periodic-workers[105420]: DEBUG cotyledon.oslo_config_glue [-] ovn.broadcast_arps_to_all_routers = True {{(pid=105420) log_opt_values /opt/stack/data/venv/lib/python3.12/site-packages/oslo_config/cfg.py:3006}}
May 06 20:59:30.537422 np0000172309 neutron-periodic-workers[105420]: DEBUG cotyledon.oslo_config_glue [-] ovn.dhcp_default_lease_time = 43200 {{(pid=105420) log_opt_values /opt/stack/data/venv/lib/python3.12/site-packages/oslo_config/cfg.py:3006}}
May 06 20:59:30.537422 np0000172309 neutron-periodic-workers[105420]: DEBUG cotyledon.oslo_config_glue [-] ovn.disable_ovn_dhcp_for_baremetal_ports = False {{(pid=105420) log_opt_values /opt/stack/data/venv/lib/python3.12/site-packages/oslo_config/cfg.py:3006}}
May 06 20:59:30.537422 np0000172309 neutron-periodic-workers[105420]: DEBUG cotyledon.oslo_config_glue [-] ovn.dns_records_ovn_owned = False {{(pid=105420) log_opt_values /opt/stack/data/venv/lib/python3.12/site-packages/oslo_config/cfg.py:3006}}
May 06 20:59:30.537422 np0000172309 neutron-periodic-workers[105420]: DEBUG cotyledon.oslo_config_glue [-] ovn.dns_servers = [] {{(pid=105420) log_opt_values /opt/stack/data/venv/lib/python3.12/site-packages/oslo_config/cfg.py:3006}}
May 06 20:59:30.537422 np0000172309 neutron-periodic-workers[105420]: DEBUG cotyledon.oslo_config_glue [-] ovn.enable_distributed_floating_ip = False {{(pid=105420) log_opt_values /opt/stack/data/venv/lib/python3.12/site-packages/oslo_config/cfg.py:3006}}
May 06 20:59:30.537422 np0000172309 neutron-periodic-workers[105420]: DEBUG cotyledon.oslo_config_glue [-] ovn.fdb_age_threshold = 300 {{(pid=105420) log_opt_values /opt/stack/data/venv/lib/python3.12/site-packages/oslo_config/cfg.py:3006}}
May 06 20:59:30.537422 np0000172309 neutron-periodic-workers[105420]: DEBUG cotyledon.oslo_config_glue [-] ovn.ha_failover_strategy = normal {{(pid=105420) log_opt_values /opt/stack/data/venv/lib/python3.12/site-packages/oslo_config/cfg.py:3006}}
May 06 20:59:30.537422 np0000172309 neutron-periodic-workers[105420]: DEBUG cotyledon.oslo_config_glue [-] ovn.live_migration_activation_strategy = rarp {{(pid=105420) log_opt_values /opt/stack/data/venv/lib/python3.12/site-packages/oslo_config/cfg.py:3006}}
May 06 20:59:30.537631 np0000172309 neutron-periodic-workers[105420]: DEBUG cotyledon.oslo_config_glue [-] ovn.localnet_learn_fdb = False {{(pid=105420) log_opt_values /opt/stack/data/venv/lib/python3.12/site-packages/oslo_config/cfg.py:3006}}
May 06 20:59:30.537631 np0000172309 neutron-periodic-workers[105420]: DEBUG cotyledon.oslo_config_glue [-] ovn.mac_binding_age_threshold = 300 {{(pid=105420) log_opt_values /opt/stack/data/venv/lib/python3.12/site-packages/oslo_config/cfg.py:3006}}
May 06 20:59:30.537631 np0000172309 neutron-periodic-workers[105420]: DEBUG cotyledon.oslo_config_glue [-] ovn.neutron_sync_mode = log {{(pid=105420) log_opt_values /opt/stack/data/venv/lib/python3.12/site-packages/oslo_config/cfg.py:3006}}
May 06 20:59:30.537631 np0000172309 neutron-periodic-workers[105420]: DEBUG cotyledon.oslo_config_glue [-] ovn.ovn_dhcp4_global_options = {} {{(pid=105420) log_opt_values /opt/stack/data/venv/lib/python3.12/site-packages/oslo_config/cfg.py:3006}}
May 06 20:59:30.537631 np0000172309 neutron-periodic-workers[105420]: DEBUG cotyledon.oslo_config_glue [-] ovn.ovn_dhcp6_global_options = {} {{(pid=105420) log_opt_values /opt/stack/data/venv/lib/python3.12/site-packages/oslo_config/cfg.py:3006}}
May 06 20:59:30.537631 np0000172309 neutron-periodic-workers[105420]: DEBUG cotyledon.oslo_config_glue [-] ovn.ovn_l3_scheduler = leastloaded {{(pid=105420) log_opt_values /opt/stack/data/venv/lib/python3.12/site-packages/oslo_config/cfg.py:3006}}
May 06 20:59:30.537631 np0000172309 neutron-periodic-workers[105420]: DEBUG cotyledon.oslo_config_glue [-] ovn.ovn_metadata_enabled = True {{(pid=105420) log_opt_values /opt/stack/data/venv/lib/python3.12/site-packages/oslo_config/cfg.py:3006}}
May 06 20:59:30.537631 np0000172309 neutron-periodic-workers[105420]: DEBUG cotyledon.oslo_config_glue [-] ovn.ovn_nb_ca_cert = /opt/stack/data/CA/int-ca/ca-chain.pem {{(pid=105420) log_opt_values /opt/stack/data/venv/lib/python3.12/site-packages/oslo_config/cfg.py:3006}}
May 06 20:59:30.537631 np0000172309 neutron-periodic-workers[105420]: DEBUG cotyledon.oslo_config_glue [-] ovn.ovn_nb_certificate = /opt/stack/data/CA/int-ca/devstack-cert.crt {{(pid=105420) log_opt_values /opt/stack/data/venv/lib/python3.12/site-packages/oslo_config/cfg.py:3006}}
May 06 20:59:30.537867 np0000172309 neutron-periodic-workers[105420]: DEBUG cotyledon.oslo_config_glue [-] ovn.ovn_nb_connection = ['ssl:199.204.45.223:6641'] {{(pid=105420) log_opt_values /opt/stack/data/venv/lib/python3.12/site-packages/oslo_config/cfg.py:3006}}
May 06 20:59:30.537867 np0000172309 neutron-periodic-workers[105420]: DEBUG cotyledon.oslo_config_glue [-] ovn.ovn_nb_private_key = /opt/stack/data/CA/int-ca/private/devstack-cert.key {{(pid=105420) log_opt_values /opt/stack/data/venv/lib/python3.12/site-packages/oslo_config/cfg.py:3006}}
May 06 20:59:30.537867 np0000172309 neutron-periodic-workers[105420]: DEBUG cotyledon.oslo_config_glue [-] ovn.ovn_router_indirect_snat = False {{(pid=105420) log_opt_values /opt/stack/data/venv/lib/python3.12/site-packages/oslo_config/cfg.py:3006}}
May 06 20:59:30.537867 np0000172309 neutron-periodic-workers[105420]: DEBUG cotyledon.oslo_config_glue [-] ovn.ovn_sb_ca_cert = /opt/stack/data/CA/int-ca/ca-chain.pem {{(pid=105420) log_opt_values /opt/stack/data/venv/lib/python3.12/site-packages/oslo_config/cfg.py:3006}}
May 06 20:59:30.537867 np0000172309 neutron-periodic-workers[105420]: DEBUG cotyledon.oslo_config_glue [-] ovn.ovn_sb_certificate = /opt/stack/data/CA/int-ca/devstack-cert.crt {{(pid=105420) log_opt_values /opt/stack/data/venv/lib/python3.12/site-packages/oslo_config/cfg.py:3006}}
May 06 20:59:30.537867 np0000172309 neutron-periodic-workers[105420]: DEBUG cotyledon.oslo_config_glue [-] ovn.ovn_sb_connection = ['ssl:199.204.45.223:6642'] {{(pid=105420) log_opt_values /opt/stack/data/venv/lib/python3.12/site-packages/oslo_config/cfg.py:3006}}
May 06 20:59:30.537867 np0000172309 neutron-periodic-workers[105420]: DEBUG cotyledon.oslo_config_glue [-] ovn.ovn_sb_private_key = /opt/stack/data/CA/int-ca/private/devstack-cert.key {{(pid=105420) log_opt_values /opt/stack/data/venv/lib/python3.12/site-packages/oslo_config/cfg.py:3006}}
May 06 20:59:30.537867 np0000172309 neutron-periodic-workers[105420]: DEBUG cotyledon.oslo_config_glue [-] ovn.ovs_create_tap = False {{(pid=105420) log_opt_values /opt/stack/data/venv/lib/python3.12/site-packages/oslo_config/cfg.py:3006}}
May 06 20:59:30.538079 np0000172309 neutron-periodic-workers[105420]: DEBUG cotyledon.oslo_config_glue [-] ovn.ovsdb_connection_timeout = 180 {{(pid=105420) log_opt_values /opt/stack/data/venv/lib/python3.12/site-packages/oslo_config/cfg.py:3006}}
May 06 20:59:30.538079 np0000172309 neutron-periodic-workers[105420]: DEBUG cotyledon.oslo_config_glue [-] ovn.ovsdb_log_level = INFO {{(pid=105420) log_opt_values /opt/stack/data/venv/lib/python3.12/site-packages/oslo_config/cfg.py:3006}}
May 06 20:59:30.538079 np0000172309 neutron-periodic-workers[105420]: DEBUG cotyledon.oslo_config_glue [-] ovn.ovsdb_probe_interval = 60000 {{(pid=105420) log_opt_values /opt/stack/data/venv/lib/python3.12/site-packages/oslo_config/cfg.py:3006}}
May 06 20:59:30.538079 np0000172309 neutron-periodic-workers[105420]: DEBUG cotyledon.oslo_config_glue [-] ovn.ovsdb_retry_max_interval = 180 {{(pid=105420) log_opt_values /opt/stack/data/venv/lib/python3.12/site-packages/oslo_config/cfg.py:3006}}
May 06 20:59:30.538079 np0000172309 neutron-periodic-workers[105420]: DEBUG cotyledon.oslo_config_glue [-] ovn.stateless_nat_enabled = False {{(pid=105420) log_opt_values /opt/stack/data/venv/lib/python3.12/site-packages/oslo_config/cfg.py:3006}}
May 06 20:59:30.538079 np0000172309 neutron-periodic-workers[105420]: DEBUG cotyledon.oslo_config_glue [-] ovn.vhost_sock_dir = /var/run/openvswitch {{(pid=105420) log_opt_values /opt/stack/data/venv/lib/python3.12/site-packages/oslo_config/cfg.py:3006}}
May 06 20:59:30.538079 np0000172309 neutron-periodic-workers[105420]: DEBUG cotyledon.oslo_config_glue [-] OVS.bridge_mac_table_size = 50000 {{(pid=105420) log_opt_values /opt/stack/data/venv/lib/python3.12/site-packages/oslo_config/cfg.py:3006}}
May 06 20:59:30.538079 np0000172309 neutron-periodic-workers[105420]: DEBUG cotyledon.oslo_config_glue [-] OVS.igmp_flood = False {{(pid=105420) log_opt_values /opt/stack/data/venv/lib/python3.12/site-packages/oslo_config/cfg.py:3006}}
May 06 20:59:30.538079 np0000172309 neutron-periodic-workers[105420]: DEBUG cotyledon.oslo_config_glue [-] OVS.igmp_flood_reports = True {{(pid=105420) log_opt_values /opt/stack/data/venv/lib/python3.12/site-packages/oslo_config/cfg.py:3006}}
May 06 20:59:30.538309 np0000172309 neutron-periodic-workers[105420]: DEBUG cotyledon.oslo_config_glue [-] OVS.igmp_flood_unregistered = False {{(pid=105420) log_opt_values /opt/stack/data/venv/lib/python3.12/site-packages/oslo_config/cfg.py:3006}}
May 06 20:59:30.538309 np0000172309 neutron-periodic-workers[105420]: DEBUG cotyledon.oslo_config_glue [-] OVS.igmp_snooping_enable = False {{(pid=105420) log_opt_values /opt/stack/data/venv/lib/python3.12/site-packages/oslo_config/cfg.py:3006}}
May 06 20:59:30.538309 np0000172309 neutron-periodic-workers[105420]: DEBUG cotyledon.oslo_config_glue [-] OVS.ovsdb_timeout = 10 {{(pid=105420) log_opt_values /opt/stack/data/venv/lib/python3.12/site-packages/oslo_config/cfg.py:3006}}
May 06 20:59:30.538309 np0000172309 neutron-periodic-workers[105420]: DEBUG cotyledon.oslo_config_glue [-] ovn_nb_global.fdb_removal_limit = 0 {{(pid=105420) log_opt_values /opt/stack/data/venv/lib/python3.12/site-packages/oslo_config/cfg.py:3006}}
May 06 20:59:30.538309 np0000172309 neutron-periodic-workers[105420]: DEBUG cotyledon.oslo_config_glue [-] ovn_nb_global.ignore_lsp_down = False {{(pid=105420) log_opt_values /opt/stack/data/venv/lib/python3.12/site-packages/oslo_config/cfg.py:3006}}
May 06 20:59:30.538309 np0000172309 neutron-periodic-workers[105420]: DEBUG cotyledon.oslo_config_glue [-] ovn_nb_global.mac_binding_removal_limit = 0 {{(pid=105420) log_opt_values /opt/stack/data/venv/lib/python3.12/site-packages/oslo_config/cfg.py:3006}}
May 06 20:59:30.538309 np0000172309 neutron-periodic-workers[105420]: DEBUG cotyledon.oslo_config_glue [-] ******************************************************************************** {{(pid=105420) log_opt_values /opt/stack/data/venv/lib/python3.12/site-packages/oslo_config/cfg.py:3013}}
May 06 20:59:30.538309 np0000172309 neutron-periodic-workers[105420]: DEBUG cotyledon._service_worker [-] Run service ServiceWrapper(0) [105420] {{(pid=105420) wait_forever /opt/stack/data/venv/lib/python3.12/site-packages/cotyledon/_service_worker.py:218}}
May 06 20:59:40.180412 np0000172309 neutron-periodic-workers[104600]: DEBUG dbcounter [-] [104600] Writing DB stats neutron:SELECT=4 {{(pid=104600) stat_writer /opt/stack/data/venv/lib/python3.12/site-packages/dbcounter.py:115}}
May 06 21:00:07.484120 np0000172309 neutron-periodic-workers[105400]: DEBUG oslo_db.sqlalchemy.engines [None req-93390d6a-304e-40e4-acde-fcaa922de350 None None] Parent process 104600 forked (105400) with an open database connection, which is being discarded and recreated. {{(pid=105400) checkout /opt/stack/data/venv/lib/python3.12/site-packages/oslo_db/sqlalchemy/engines.py:402}}
May 06 21:00:07.492608 np0000172309 neutron-periodic-workers[105400]: DEBUG dbcounter [-] [105400] Writer thread running {{(pid=105400) stat_writer /opt/stack/data/venv/lib/python3.12/site-packages/dbcounter.py:102}}
May 06 21:00:07.502931 np0000172309 neutron-periodic-workers[105400]: DEBUG oslo.service.backend._threading.loopingcall [None req-93390d6a-304e-40e4-acde-fcaa922de350 None None] Fixed interval looping call 'neutron.plugins.ml2.plugin.DhcpAgentSchedulerDbMixin.remove_networks_from_down_agents' sleeping for 36.98 seconds {{(pid=105400) _run_loop /opt/stack/data/venv/lib/python3.12/site-packages/oslo_service/backend/_threading/loopingcall.py:125}}
May 06 21:00:17.501731 np0000172309 neutron-periodic-workers[105400]: DEBUG dbcounter [-] [105400] Writing DB stats neutron:SELECT=3 {{(pid=105400) stat_writer /opt/stack/data/venv/lib/python3.12/site-packages/dbcounter.py:115}}
May 06 21:00:30.514330 np0000172309 neutron-periodic-workers[105408]: DEBUG dbcounter [-] [105408] Writer thread running {{(pid=105408) stat_writer /opt/stack/data/venv/lib/python3.12/site-packages/dbcounter.py:102}}
May 06 21:00:30.517656 np0000172309 neutron-periodic-workers[105408]: DEBUG neutron.db.agents_db [None req-cd8508fe-b1b4-424e-bde8-97a4cb694c79 None None] Agent healthcheck: found 0 active agents {{(pid=105408) agent_health_check /opt/stack/neutron/neutron/db/agents_db.py:322}}
May 06 21:00:30.517986 np0000172309 neutron-periodic-workers[105408]: DEBUG oslo.service.backend._threading.loopingcall [None req-cd8508fe-b1b4-424e-bde8-97a4cb694c79 None None] Fixed interval looping call 'neutron.plugins.ml2.plugin.AgentDbMixin.agent_health_check' sleeping for 36.98 seconds {{(pid=105408) _run_loop /opt/stack/data/venv/lib/python3.12/site-packages/oslo_service/backend/_threading/loopingcall.py:125}}
May 06 21:00:40.515053 np0000172309 neutron-periodic-workers[105408]: DEBUG dbcounter [-] [105408] Writing DB stats neutron:SELECT=1 {{(pid=105408) stat_writer /opt/stack/data/venv/lib/python3.12/site-packages/dbcounter.py:115}}
May 06 21:00:44.497556 np0000172309 neutron-periodic-workers[105400]: DEBUG oslo.service.backend._threading.loopingcall [None req-93390d6a-304e-40e4-acde-fcaa922de350 None None] Fixed interval looping call 'neutron.plugins.ml2.plugin.DhcpAgentSchedulerDbMixin.remove_networks_from_down_agents' sleeping for 36.99 seconds {{(pid=105400) _run_loop /opt/stack/data/venv/lib/python3.12/site-packages/oslo_service/backend/_threading/loopingcall.py:125}}
May 06 21:00:54.492346 np0000172309 neutron-periodic-workers[105400]: DEBUG dbcounter [-] [105400] Writing DB stats neutron:SELECT=3 {{(pid=105400) stat_writer /opt/stack/data/venv/lib/python3.12/site-packages/dbcounter.py:115}}
May 06 21:01:07.504456 np0000172309 neutron-periodic-workers[105408]: DEBUG neutron.db.agents_db [None req-cd8508fe-b1b4-424e-bde8-97a4cb694c79 None None] Agent healthcheck: found 0 active agents {{(pid=105408) agent_health_check /opt/stack/neutron/neutron/db/agents_db.py:322}}
May 06 21:01:07.505246 np0000172309 neutron-periodic-workers[105408]: DEBUG oslo.service.backend._threading.loopingcall [None req-cd8508fe-b1b4-424e-bde8-97a4cb694c79 None None] Fixed interval looping call 'neutron.plugins.ml2.plugin.AgentDbMixin.agent_health_check' sleeping for 36.99 seconds {{(pid=105408) _run_loop /opt/stack/data/venv/lib/python3.12/site-packages/oslo_service/backend/_threading/loopingcall.py:125}}
May 06 21:01:17.502321 np0000172309 neutron-periodic-workers[105408]: DEBUG dbcounter [-] [105408] Writing DB stats neutron:SELECT=1 {{(pid=105408) stat_writer /opt/stack/data/venv/lib/python3.12/site-packages/dbcounter.py:115}}
May 06 21:01:21.498126 np0000172309 neutron-periodic-workers[105400]: DEBUG oslo.service.backend._threading.loopingcall [None req-93390d6a-304e-40e4-acde-fcaa922de350 None None] Fixed interval looping call 'neutron.plugins.ml2.plugin.DhcpAgentSchedulerDbMixin.remove_networks_from_down_agents' sleeping for 36.99 seconds {{(pid=105400) _run_loop /opt/stack/data/venv/lib/python3.12/site-packages/oslo_service/backend/_threading/loopingcall.py:125}}
May 06 21:01:30.554375 np0000172309 neutron-periodic-workers[105420]: DEBUG dbcounter [-] [105420] Writer thread running {{(pid=105420) stat_writer /opt/stack/data/venv/lib/python3.12/site-packages/dbcounter.py:102}}
May 06 21:01:30.556044 np0000172309 neutron-periodic-workers[105420]: DEBUG oslo.service.backend._threading.loopingcall [None req-9d177b73-cf83-4fa9-b155-cbaa3a2e22db None None] Fixed interval looping call 'neutron.db.quota.driver_nolock.DbQuotaNoLockDriver._remove_expired_reservations' sleeping for 119.98 seconds {{(pid=105420) _run_loop /opt/stack/data/venv/lib/python3.12/site-packages/oslo_service/backend/_threading/loopingcall.py:125}}
May 06 21:01:31.497381 np0000172309 neutron-periodic-workers[105400]: DEBUG dbcounter [-] [105400] Writing DB stats neutron:SELECT=3 {{(pid=105400) stat_writer /opt/stack/data/venv/lib/python3.12/site-packages/dbcounter.py:115}}
May 06 21:01:40.555032 np0000172309 neutron-periodic-workers[105420]: DEBUG dbcounter [-] [105420] Writing DB stats neutron:DELETE=1 {{(pid=105420) stat_writer /opt/stack/data/venv/lib/python3.12/site-packages/dbcounter.py:115}}
May 06 21:01:44.501829 np0000172309 neutron-periodic-workers[105408]: DEBUG neutron.db.agents_db [None req-cd8508fe-b1b4-424e-bde8-97a4cb694c79 None None] Agent healthcheck: found 0 active agents {{(pid=105408) agent_health_check /opt/stack/neutron/neutron/db/agents_db.py:322}}
May 06 21:01:44.502240 np0000172309 neutron-periodic-workers[105408]: DEBUG oslo.service.backend._threading.loopingcall [None req-cd8508fe-b1b4-424e-bde8-97a4cb694c79 None None] Fixed interval looping call 'neutron.plugins.ml2.plugin.AgentDbMixin.agent_health_check' sleeping for 36.99 seconds {{(pid=105408) _run_loop /opt/stack/data/venv/lib/python3.12/site-packages/oslo_service/backend/_threading/loopingcall.py:125}}
May 06 21:01:54.499410 np0000172309 neutron-periodic-workers[105408]: DEBUG dbcounter [-] [105408] Writing DB stats neutron:SELECT=1 {{(pid=105408) stat_writer /opt/stack/data/venv/lib/python3.12/site-packages/dbcounter.py:115}}
May 06 21:01:58.498488 np0000172309 neutron-periodic-workers[105400]: DEBUG oslo.service.backend._threading.loopingcall [None req-93390d6a-304e-40e4-acde-fcaa922de350 None None] Fixed interval looping call 'neutron.plugins.ml2.plugin.DhcpAgentSchedulerDbMixin.remove_networks_from_down_agents' sleeping for 36.99 seconds {{(pid=105400) _run_loop /opt/stack/data/venv/lib/python3.12/site-packages/oslo_service/backend/_threading/loopingcall.py:125}}
May 06 21:02:03.569878 np0000172309 neutron-periodic-workers[105432]: DEBUG dbcounter [-] [105432] Writer thread running {{(pid=105432) stat_writer /opt/stack/data/venv/lib/python3.12/site-packages/dbcounter.py:102}}
May 06 21:02:03.583883 np0000172309 neutron-periodic-workers[105432]: DEBUG oslo.service.backend._threading.loopingcall [None req-35359188-0330-4c8f-b14f-3aad7347e5be None None] Fixed interval looping call 'neutron.services.ovn_l3.plugin.L3_NAT_dbonly_mixin._clean_garbage' sleeping for 299.95 seconds {{(pid=105432) _run_loop /opt/stack/data/venv/lib/python3.12/site-packages/oslo_service/backend/_threading/loopingcall.py:125}}
May 06 21:02:08.496961 np0000172309 neutron-periodic-workers[105400]: DEBUG dbcounter [-] [105400] Writing DB stats neutron:SELECT=3 {{(pid=105400) stat_writer /opt/stack/data/venv/lib/python3.12/site-packages/dbcounter.py:115}}
May 06 21:02:13.571241 np0000172309 neutron-periodic-workers[105432]: DEBUG dbcounter [-] [105432] Writing DB stats neutron:SELECT=1 {{(pid=105432) stat_writer /opt/stack/data/venv/lib/python3.12/site-packages/dbcounter.py:115}}
May 06 21:02:21.497496 np0000172309 neutron-periodic-workers[105408]: DEBUG neutron.db.agents_db [None req-cd8508fe-b1b4-424e-bde8-97a4cb694c79 None None] Agent healthcheck: found 0 active agents {{(pid=105408) agent_health_check /opt/stack/neutron/neutron/db/agents_db.py:322}}
May 06 21:02:21.498347 np0000172309 neutron-periodic-workers[105408]: DEBUG oslo.service.backend._threading.loopingcall [None req-cd8508fe-b1b4-424e-bde8-97a4cb694c79 None None] Fixed interval looping call 'neutron.plugins.ml2.plugin.AgentDbMixin.agent_health_check' sleeping for 36.99 seconds {{(pid=105408) _run_loop /opt/stack/data/venv/lib/python3.12/site-packages/oslo_service/backend/_threading/loopingcall.py:125}}
May 06 21:02:31.495863 np0000172309 neutron-periodic-workers[105408]: DEBUG dbcounter [-] [105408] Writing DB stats neutron:SELECT=1 {{(pid=105408) stat_writer /opt/stack/data/venv/lib/python3.12/site-packages/dbcounter.py:115}}
May 06 21:02:35.497377 np0000172309 neutron-periodic-workers[105400]: DEBUG oslo.service.backend._threading.loopingcall [None req-93390d6a-304e-40e4-acde-fcaa922de350 None None] Fixed interval looping call 'neutron.plugins.ml2.plugin.DhcpAgentSchedulerDbMixin.remove_networks_from_down_agents' sleeping for 36.99 seconds {{(pid=105400) _run_loop /opt/stack/data/venv/lib/python3.12/site-packages/oslo_service/backend/_threading/loopingcall.py:125}}
May 06 21:02:45.496646 np0000172309 neutron-periodic-workers[105400]: DEBUG dbcounter [-] [105400] Writing DB stats neutron:SELECT=3 {{(pid=105400) stat_writer /opt/stack/data/venv/lib/python3.12/site-packages/dbcounter.py:115}}
May 06 21:02:58.495833 np0000172309 neutron-periodic-workers[105408]: DEBUG neutron.db.agents_db [None req-cd8508fe-b1b4-424e-bde8-97a4cb694c79 None None] Agent healthcheck: found 0 active agents {{(pid=105408) agent_health_check /opt/stack/neutron/neutron/db/agents_db.py:322}}
May 06 21:02:58.496515 np0000172309 neutron-periodic-workers[105408]: DEBUG oslo.service.backend._threading.loopingcall [None req-cd8508fe-b1b4-424e-bde8-97a4cb694c79 None None] Fixed interval looping call 'neutron.plugins.ml2.plugin.AgentDbMixin.agent_health_check' sleeping for 36.99 seconds {{(pid=105408) _run_loop /opt/stack/data/venv/lib/python3.12/site-packages/oslo_service/backend/_threading/loopingcall.py:125}}
May 06 21:03:08.494803 np0000172309 neutron-periodic-workers[105408]: DEBUG dbcounter [-] [105408] Writing DB stats neutron:SELECT=1 {{(pid=105408) stat_writer /opt/stack/data/venv/lib/python3.12/site-packages/dbcounter.py:115}}
May 06 21:03:12.494066 np0000172309 neutron-periodic-workers[105400]: DEBUG oslo.service.backend._threading.loopingcall [None req-93390d6a-304e-40e4-acde-fcaa922de350 None None] Fixed interval looping call 'neutron.plugins.ml2.plugin.DhcpAgentSchedulerDbMixin.remove_networks_from_down_agents' sleeping for 36.99 seconds {{(pid=105400) _run_loop /opt/stack/data/venv/lib/python3.12/site-packages/oslo_service/backend/_threading/loopingcall.py:125}}
May 06 21:03:22.493189 np0000172309 neutron-periodic-workers[105400]: DEBUG dbcounter [-] [105400] Writing DB stats neutron:SELECT=3 {{(pid=105400) stat_writer /opt/stack/data/venv/lib/python3.12/site-packages/dbcounter.py:115}}
May 06 21:03:30.541100 np0000172309 neutron-periodic-workers[105420]: DEBUG oslo.service.backend._threading.loopingcall [None req-9d177b73-cf83-4fa9-b155-cbaa3a2e22db None None] Fixed interval looping call 'neutron.db.quota.driver_nolock.DbQuotaNoLockDriver._remove_expired_reservations' sleeping for 120.00 seconds {{(pid=105420) _run_loop /opt/stack/data/venv/lib/python3.12/site-packages/oslo_service/backend/_threading/loopingcall.py:125}}
May 06 21:03:35.491533 np0000172309 neutron-periodic-workers[105408]: DEBUG neutron.db.agents_db [None req-cd8508fe-b1b4-424e-bde8-97a4cb694c79 None None] Agent healthcheck: found 0 active agents {{(pid=105408) agent_health_check /opt/stack/neutron/neutron/db/agents_db.py:322}}
May 06 21:03:35.491533 np0000172309 neutron-periodic-workers[105408]: DEBUG oslo.service.backend._threading.loopingcall [None req-cd8508fe-b1b4-424e-bde8-97a4cb694c79 None None] Fixed interval looping call 'neutron.plugins.ml2.plugin.AgentDbMixin.agent_health_check' sleeping for 36.99 seconds {{(pid=105408) _run_loop /opt/stack/data/venv/lib/python3.12/site-packages/oslo_service/backend/_threading/loopingcall.py:125}}
May 06 21:03:40.540234 np0000172309 neutron-periodic-workers[105420]: DEBUG dbcounter [-] [105420] Writing DB stats neutron:DELETE=1 {{(pid=105420) stat_writer /opt/stack/data/venv/lib/python3.12/site-packages/dbcounter.py:115}}
May 06 21:03:45.489906 np0000172309 neutron-periodic-workers[105408]: DEBUG dbcounter [-] [105408] Writing DB stats neutron:SELECT=1 {{(pid=105408) stat_writer /opt/stack/data/venv/lib/python3.12/site-packages/dbcounter.py:115}}
May 06 21:03:49.494988 np0000172309 neutron-periodic-workers[105400]: DEBUG oslo.service.backend._threading.loopingcall [None req-93390d6a-304e-40e4-acde-fcaa922de350 None None] Fixed interval looping call 'neutron.plugins.ml2.plugin.DhcpAgentSchedulerDbMixin.remove_networks_from_down_agents' sleeping for 36.99 seconds {{(pid=105400) _run_loop /opt/stack/data/venv/lib/python3.12/site-packages/oslo_service/backend/_threading/loopingcall.py:125}}
May 06 21:03:59.494282 np0000172309 neutron-periodic-workers[105400]: DEBUG dbcounter [-] [105400] Writing DB stats neutron:SELECT=3 {{(pid=105400) stat_writer /opt/stack/data/venv/lib/python3.12/site-packages/dbcounter.py:115}}
May 06 21:04:12.487035 np0000172309 neutron-periodic-workers[105408]: DEBUG neutron.db.agents_db [None req-cd8508fe-b1b4-424e-bde8-97a4cb694c79 None None] Agent healthcheck: found 0 active agents {{(pid=105408) agent_health_check /opt/stack/neutron/neutron/db/agents_db.py:322}}
May 06 21:04:12.487594 np0000172309 neutron-periodic-workers[105408]: DEBUG oslo.service.backend._threading.loopingcall [None req-cd8508fe-b1b4-424e-bde8-97a4cb694c79 None None] Fixed interval looping call 'neutron.plugins.ml2.plugin.AgentDbMixin.agent_health_check' sleeping for 36.99 seconds {{(pid=105408) _run_loop /opt/stack/data/venv/lib/python3.12/site-packages/oslo_service/backend/_threading/loopingcall.py:125}}
May 06 21:04:22.485550 np0000172309 neutron-periodic-workers[105408]: DEBUG dbcounter [-] [105408] Writing DB stats neutron:SELECT=1 {{(pid=105408) stat_writer /opt/stack/data/venv/lib/python3.12/site-packages/dbcounter.py:115}}
May 06 21:04:26.494021 np0000172309 neutron-periodic-workers[105400]: DEBUG oslo.service.backend._threading.loopingcall [None req-93390d6a-304e-40e4-acde-fcaa922de350 None None] Fixed interval looping call 'neutron.plugins.ml2.plugin.DhcpAgentSchedulerDbMixin.remove_networks_from_down_agents' sleeping for 36.99 seconds {{(pid=105400) _run_loop /opt/stack/data/venv/lib/python3.12/site-packages/oslo_service/backend/_threading/loopingcall.py:125}}
May 06 21:04:36.493459 np0000172309 neutron-periodic-workers[105400]: DEBUG dbcounter [-] [105400] Writing DB stats neutron:SELECT=3 {{(pid=105400) stat_writer /opt/stack/data/venv/lib/python3.12/site-packages/dbcounter.py:115}}
May 06 21:04:49.482387 np0000172309 neutron-periodic-workers[105408]: DEBUG neutron.db.agents_db [None req-cd8508fe-b1b4-424e-bde8-97a4cb694c79 None None] Agent healthcheck: found 0 active agents {{(pid=105408) agent_health_check /opt/stack/neutron/neutron/db/agents_db.py:322}}
May 06 21:04:49.482921 np0000172309 neutron-periodic-workers[105408]: DEBUG oslo.service.backend._threading.loopingcall [None req-cd8508fe-b1b4-424e-bde8-97a4cb694c79 None None] Fixed interval looping call 'neutron.plugins.ml2.plugin.AgentDbMixin.agent_health_check' sleeping for 36.99 seconds {{(pid=105408) _run_loop /opt/stack/data/venv/lib/python3.12/site-packages/oslo_service/backend/_threading/loopingcall.py:125}}
May 06 21:04:59.483020 np0000172309 neutron-periodic-workers[105408]: DEBUG dbcounter [-] [105408] Writing DB stats neutron:SELECT=1 {{(pid=105408) stat_writer /opt/stack/data/venv/lib/python3.12/site-packages/dbcounter.py:115}}
May 06 21:05:03.491760 np0000172309 neutron-periodic-workers[105400]: DEBUG oslo.service.backend._threading.loopingcall [None req-93390d6a-304e-40e4-acde-fcaa922de350 None None] Fixed interval looping call 'neutron.plugins.ml2.plugin.DhcpAgentSchedulerDbMixin.remove_networks_from_down_agents' sleeping for 36.99 seconds {{(pid=105400) _run_loop /opt/stack/data/venv/lib/python3.12/site-packages/oslo_service/backend/_threading/loopingcall.py:125}}
May 06 21:05:13.491127 np0000172309 neutron-periodic-workers[105400]: DEBUG dbcounter [-] [105400] Writing DB stats neutron:SELECT=3 {{(pid=105400) stat_writer /opt/stack/data/venv/lib/python3.12/site-packages/dbcounter.py:115}}
May 06 21:05:26.477370 np0000172309 neutron-periodic-workers[105408]: DEBUG neutron.db.agents_db [None req-cd8508fe-b1b4-424e-bde8-97a4cb694c79 None None] Agent healthcheck: found 0 active agents {{(pid=105408) agent_health_check /opt/stack/neutron/neutron/db/agents_db.py:322}}
May 06 21:05:26.478096 np0000172309 neutron-periodic-workers[105408]: DEBUG oslo.service.backend._threading.loopingcall [None req-cd8508fe-b1b4-424e-bde8-97a4cb694c79 None None] Fixed interval looping call 'neutron.plugins.ml2.plugin.AgentDbMixin.agent_health_check' sleeping for 37.00 seconds {{(pid=105408) _run_loop /opt/stack/data/venv/lib/python3.12/site-packages/oslo_service/backend/_threading/loopingcall.py:125}}
May 06 21:05:30.571856 np0000172309 neutron-periodic-workers[105420]: DEBUG oslo.service.backend._threading.loopingcall [None req-9d177b73-cf83-4fa9-b155-cbaa3a2e22db None None] Fixed interval looping call 'neutron.db.quota.driver_nolock.DbQuotaNoLockDriver._remove_expired_reservations' sleeping for 119.99 seconds {{(pid=105420) _run_loop /opt/stack/data/venv/lib/python3.12/site-packages/oslo_service/backend/_threading/loopingcall.py:125}}
May 06 21:05:36.476534 np0000172309 neutron-periodic-workers[105408]: DEBUG dbcounter [-] [105408] Writing DB stats neutron:SELECT=1 {{(pid=105408) stat_writer /opt/stack/data/venv/lib/python3.12/site-packages/dbcounter.py:115}}
May 06 21:05:40.495695 np0000172309 neutron-periodic-workers[105400]: DEBUG oslo.service.backend._threading.loopingcall [None req-93390d6a-304e-40e4-acde-fcaa922de350 None None] Fixed interval looping call 'neutron.plugins.ml2.plugin.DhcpAgentSchedulerDbMixin.remove_networks_from_down_agents' sleeping for 36.99 seconds {{(pid=105400) _run_loop /opt/stack/data/venv/lib/python3.12/site-packages/oslo_service/backend/_threading/loopingcall.py:125}}
May 06 21:05:40.569323 np0000172309 neutron-periodic-workers[105420]: DEBUG dbcounter [-] [105420] Writing DB stats neutron:DELETE=1 {{(pid=105420) stat_writer /opt/stack/data/venv/lib/python3.12/site-packages/dbcounter.py:115}}
May 06 21:05:50.493634 np0000172309 neutron-periodic-workers[105400]: DEBUG dbcounter [-] [105400] Writing DB stats neutron:SELECT=3 {{(pid=105400) stat_writer /opt/stack/data/venv/lib/python3.12/site-packages/dbcounter.py:115}}
May 06 21:06:03.482800 np0000172309 neutron-periodic-workers[105408]: DEBUG neutron.db.agents_db [None req-cd8508fe-b1b4-424e-bde8-97a4cb694c79 None None] Agent healthcheck: found 0 active agents {{(pid=105408) agent_health_check /opt/stack/neutron/neutron/db/agents_db.py:322}}
May 06 21:06:03.483519 np0000172309 neutron-periodic-workers[105408]: DEBUG oslo.service.backend._threading.loopingcall [None req-cd8508fe-b1b4-424e-bde8-97a4cb694c79 None None] Fixed interval looping call 'neutron.plugins.ml2.plugin.AgentDbMixin.agent_health_check' sleeping for 37.00 seconds {{(pid=105408) _run_loop /opt/stack/data/venv/lib/python3.12/site-packages/oslo_service/backend/_threading/loopingcall.py:125}}
May 06 21:06:13.481652 np0000172309 neutron-periodic-workers[105408]: DEBUG dbcounter [-] [105408] Writing DB stats neutron:SELECT=1 {{(pid=105408) stat_writer /opt/stack/data/venv/lib/python3.12/site-packages/dbcounter.py:115}}
May 06 21:06:17.498520 np0000172309 neutron-periodic-workers[105400]: DEBUG oslo.service.backend._threading.loopingcall [None req-93390d6a-304e-40e4-acde-fcaa922de350 None None] Fixed interval looping call 'neutron.plugins.ml2.plugin.DhcpAgentSchedulerDbMixin.remove_networks_from_down_agents' sleeping for 36.99 seconds {{(pid=105400) _run_loop /opt/stack/data/venv/lib/python3.12/site-packages/oslo_service/backend/_threading/loopingcall.py:125}}
May 06 21:06:27.495786 np0000172309 neutron-periodic-workers[105400]: DEBUG dbcounter [-] [105400] Writing DB stats neutron:SELECT=3 {{(pid=105400) stat_writer /opt/stack/data/venv/lib/python3.12/site-packages/dbcounter.py:115}}
May 06 21:06:40.488866 np0000172309 neutron-periodic-workers[105408]: DEBUG neutron.db.agents_db [None req-cd8508fe-b1b4-424e-bde8-97a4cb694c79 None None] Agent healthcheck: found 0 active agents {{(pid=105408) agent_health_check /opt/stack/neutron/neutron/db/agents_db.py:322}}
May 06 21:06:40.489631 np0000172309 neutron-periodic-workers[105408]: DEBUG oslo.service.backend._threading.loopingcall [None req-cd8508fe-b1b4-424e-bde8-97a4cb694c79 None None] Fixed interval looping call 'neutron.plugins.ml2.plugin.AgentDbMixin.agent_health_check' sleeping for 36.99 seconds {{(pid=105408) _run_loop /opt/stack/data/venv/lib/python3.12/site-packages/oslo_service/backend/_threading/loopingcall.py:125}}
May 06 21:06:50.486834 np0000172309 neutron-periodic-workers[105408]: DEBUG dbcounter [-] [105408] Writing DB stats neutron:SELECT=1 {{(pid=105408) stat_writer /opt/stack/data/venv/lib/python3.12/site-packages/dbcounter.py:115}}
May 06 21:06:54.495469 np0000172309 neutron-periodic-workers[105400]: DEBUG oslo.service.backend._threading.loopingcall [None req-93390d6a-304e-40e4-acde-fcaa922de350 None None] Fixed interval looping call 'neutron.plugins.ml2.plugin.DhcpAgentSchedulerDbMixin.remove_networks_from_down_agents' sleeping for 36.99 seconds {{(pid=105400) _run_loop /opt/stack/data/venv/lib/python3.12/site-packages/oslo_service/backend/_threading/loopingcall.py:125}}
May 06 21:07:03.545036 np0000172309 neutron-periodic-workers[105432]: DEBUG oslo.service.backend._threading.loopingcall [None req-35359188-0330-4c8f-b14f-3aad7347e5be None None] Fixed interval looping call 'neutron.services.ovn_l3.plugin.L3_NAT_dbonly_mixin._clean_garbage' sleeping for 299.99 seconds {{(pid=105432) _run_loop /opt/stack/data/venv/lib/python3.12/site-packages/oslo_service/backend/_threading/loopingcall.py:125}}
May 06 21:07:04.494607 np0000172309 neutron-periodic-workers[105400]: DEBUG dbcounter [-] [105400] Writing DB stats neutron:SELECT=3 {{(pid=105400) stat_writer /opt/stack/data/venv/lib/python3.12/site-packages/dbcounter.py:115}}
May 06 21:07:13.537561 np0000172309 neutron-periodic-workers[105432]: DEBUG dbcounter [-] [105432] Writing DB stats neutron:SELECT=1 {{(pid=105432) stat_writer /opt/stack/data/venv/lib/python3.12/site-packages/dbcounter.py:115}}
May 06 21:07:17.483805 np0000172309 neutron-periodic-workers[105408]: DEBUG neutron.db.agents_db [None req-cd8508fe-b1b4-424e-bde8-97a4cb694c79 None None] Agent healthcheck: found 0 active agents {{(pid=105408) agent_health_check /opt/stack/neutron/neutron/db/agents_db.py:322}}
May 06 21:07:17.483805 np0000172309 neutron-periodic-workers[105408]: DEBUG oslo.service.backend._threading.loopingcall [None req-cd8508fe-b1b4-424e-bde8-97a4cb694c79 None None] Fixed interval looping call 'neutron.plugins.ml2.plugin.AgentDbMixin.agent_health_check' sleeping for 37.00 seconds {{(pid=105408) _run_loop /opt/stack/data/venv/lib/python3.12/site-packages/oslo_service/backend/_threading/loopingcall.py:125}}
May 06 21:07:27.482231 np0000172309 neutron-periodic-workers[105408]: DEBUG dbcounter [-] [105408] Writing DB stats neutron:SELECT=1 {{(pid=105408) stat_writer /opt/stack/data/venv/lib/python3.12/site-packages/dbcounter.py:115}}
May 06 21:07:30.568529 np0000172309 neutron-periodic-workers[105420]: DEBUG oslo.service.backend._threading.loopingcall [None req-9d177b73-cf83-4fa9-b155-cbaa3a2e22db None None] Fixed interval looping call 'neutron.db.quota.driver_nolock.DbQuotaNoLockDriver._remove_expired_reservations' sleeping for 119.99 seconds {{(pid=105420) _run_loop /opt/stack/data/venv/lib/python3.12/site-packages/oslo_service/backend/_threading/loopingcall.py:125}}
May 06 21:07:31.494790 np0000172309 neutron-periodic-workers[105400]: DEBUG oslo.service.backend._threading.loopingcall [None req-93390d6a-304e-40e4-acde-fcaa922de350 None None] Fixed interval looping call 'neutron.plugins.ml2.plugin.DhcpAgentSchedulerDbMixin.remove_networks_from_down_agents' sleeping for 36.99 seconds {{(pid=105400) _run_loop /opt/stack/data/venv/lib/python3.12/site-packages/oslo_service/backend/_threading/loopingcall.py:125}}
May 06 21:07:40.567476 np0000172309 neutron-periodic-workers[105420]: DEBUG dbcounter [-] [105420] Writing DB stats neutron:DELETE=1 {{(pid=105420) stat_writer /opt/stack/data/venv/lib/python3.12/site-packages/dbcounter.py:115}}
May 06 21:07:41.493771 np0000172309 neutron-periodic-workers[105400]: DEBUG dbcounter [-] [105400] Writing DB stats neutron:SELECT=3 {{(pid=105400) stat_writer /opt/stack/data/venv/lib/python3.12/site-packages/dbcounter.py:115}}
May 06 21:07:54.490832 np0000172309 neutron-periodic-workers[105408]: DEBUG neutron.db.agents_db [None req-cd8508fe-b1b4-424e-bde8-97a4cb694c79 None None] Agent healthcheck: found 0 active agents {{(pid=105408) agent_health_check /opt/stack/neutron/neutron/db/agents_db.py:322}}
May 06 21:07:54.490832 np0000172309 neutron-periodic-workers[105408]: DEBUG oslo.service.backend._threading.loopingcall [None req-cd8508fe-b1b4-424e-bde8-97a4cb694c79 None None] Fixed interval looping call 'neutron.plugins.ml2.plugin.AgentDbMixin.agent_health_check' sleeping for 36.99 seconds {{(pid=105408) _run_loop /opt/stack/data/venv/lib/python3.12/site-packages/oslo_service/backend/_threading/loopingcall.py:125}}
May 06 21:08:04.516822 np0000172309 neutron-periodic-workers[105408]: DEBUG dbcounter [-] [105408] Writing DB stats neutron:SELECT=1 {{(pid=105408) stat_writer /opt/stack/data/venv/lib/python3.12/site-packages/dbcounter.py:115}}
May 06 21:08:08.493780 np0000172309 neutron-periodic-workers[105400]: DEBUG oslo.service.backend._threading.loopingcall [None req-93390d6a-304e-40e4-acde-fcaa922de350 None None] Fixed interval looping call 'neutron.plugins.ml2.plugin.DhcpAgentSchedulerDbMixin.remove_networks_from_down_agents' sleeping for 36.99 seconds {{(pid=105400) _run_loop /opt/stack/data/venv/lib/python3.12/site-packages/oslo_service/backend/_threading/loopingcall.py:125}}
May 06 21:08:18.492415 np0000172309 neutron-periodic-workers[105400]: DEBUG dbcounter [-] [105400] Writing DB stats neutron:SELECT=3 {{(pid=105400) stat_writer /opt/stack/data/venv/lib/python3.12/site-packages/dbcounter.py:115}}
May 06 21:08:31.486241 np0000172309 neutron-periodic-workers[105408]: DEBUG neutron.db.agents_db [None req-cd8508fe-b1b4-424e-bde8-97a4cb694c79 None None] Agent healthcheck: found 0 active agents {{(pid=105408) agent_health_check /opt/stack/neutron/neutron/db/agents_db.py:322}}
May 06 21:08:31.486743 np0000172309 neutron-periodic-workers[105408]: DEBUG oslo.service.backend._threading.loopingcall [None req-cd8508fe-b1b4-424e-bde8-97a4cb694c79 None None] Fixed interval looping call 'neutron.plugins.ml2.plugin.AgentDbMixin.agent_health_check' sleeping for 37.00 seconds {{(pid=105408) _run_loop /opt/stack/data/venv/lib/python3.12/site-packages/oslo_service/backend/_threading/loopingcall.py:125}}
May 06 21:08:41.484852 np0000172309 neutron-periodic-workers[105408]: DEBUG dbcounter [-] [105408] Writing DB stats neutron:SELECT=1 {{(pid=105408) stat_writer /opt/stack/data/venv/lib/python3.12/site-packages/dbcounter.py:115}}
May 06 21:08:45.492670 np0000172309 neutron-periodic-workers[105400]: DEBUG oslo.service.backend._threading.loopingcall [None req-93390d6a-304e-40e4-acde-fcaa922de350 None None] Fixed interval looping call 'neutron.plugins.ml2.plugin.DhcpAgentSchedulerDbMixin.remove_networks_from_down_agents' sleeping for 36.99 seconds {{(pid=105400) _run_loop /opt/stack/data/venv/lib/python3.12/site-packages/oslo_service/backend/_threading/loopingcall.py:125}}
May 06 21:08:55.491775 np0000172309 neutron-periodic-workers[105400]: DEBUG dbcounter [-] [105400] Writing DB stats neutron:SELECT=3 {{(pid=105400) stat_writer /opt/stack/data/venv/lib/python3.12/site-packages/dbcounter.py:115}}
May 06 21:09:08.494148 np0000172309 neutron-periodic-workers[105408]: DEBUG neutron.db.agents_db [None req-cd8508fe-b1b4-424e-bde8-97a4cb694c79 None None] Agent healthcheck: found 0 active agents {{(pid=105408) agent_health_check /opt/stack/neutron/neutron/db/agents_db.py:322}}
May 06 21:09:08.495136 np0000172309 neutron-periodic-workers[105408]: DEBUG oslo.service.backend._threading.loopingcall [None req-cd8508fe-b1b4-424e-bde8-97a4cb694c79 None None] Fixed interval looping call 'neutron.plugins.ml2.plugin.AgentDbMixin.agent_health_check' sleeping for 36.99 seconds {{(pid=105408) _run_loop /opt/stack/data/venv/lib/python3.12/site-packages/oslo_service/backend/_threading/loopingcall.py:125}}
May 06 21:09:18.491041 np0000172309 neutron-periodic-workers[105408]: DEBUG dbcounter [-] [105408] Writing DB stats neutron:SELECT=1 {{(pid=105408) stat_writer /opt/stack/data/venv/lib/python3.12/site-packages/dbcounter.py:115}}
May 06 21:09:22.493436 np0000172309 neutron-periodic-workers[105400]: DEBUG oslo.service.backend._threading.loopingcall [None req-93390d6a-304e-40e4-acde-fcaa922de350 None None] Fixed interval looping call 'neutron.plugins.ml2.plugin.DhcpAgentSchedulerDbMixin.remove_networks_from_down_agents' sleeping for 36.99 seconds {{(pid=105400) _run_loop /opt/stack/data/venv/lib/python3.12/site-packages/oslo_service/backend/_threading/loopingcall.py:125}}
May 06 21:09:30.562316 np0000172309 neutron-periodic-workers[105420]: DEBUG oslo.service.backend._threading.loopingcall [None req-9d177b73-cf83-4fa9-b155-cbaa3a2e22db None None] Fixed interval looping call 'neutron.db.quota.driver_nolock.DbQuotaNoLockDriver._remove_expired_reservations' sleeping for 120.00 seconds {{(pid=105420) _run_loop /opt/stack/data/venv/lib/python3.12/site-packages/oslo_service/backend/_threading/loopingcall.py:125}}
May 06 21:09:32.491905 np0000172309 neutron-periodic-workers[105400]: DEBUG dbcounter [-] [105400] Writing DB stats neutron:SELECT=3 {{(pid=105400) stat_writer /opt/stack/data/venv/lib/python3.12/site-packages/dbcounter.py:115}}
May 06 21:09:40.561595 np0000172309 neutron-periodic-workers[105420]: DEBUG dbcounter [-] [105420] Writing DB stats neutron:DELETE=1 {{(pid=105420) stat_writer /opt/stack/data/venv/lib/python3.12/site-packages/dbcounter.py:115}}
May 06 21:09:45.490629 np0000172309 neutron-periodic-workers[105408]: DEBUG neutron.db.agents_db [None req-cd8508fe-b1b4-424e-bde8-97a4cb694c79 None None] Agent healthcheck: found 0 active agents {{(pid=105408) agent_health_check /opt/stack/neutron/neutron/db/agents_db.py:322}}
May 06 21:09:45.491356 np0000172309 neutron-periodic-workers[105408]: DEBUG oslo.service.backend._threading.loopingcall [None req-cd8508fe-b1b4-424e-bde8-97a4cb694c79 None None] Fixed interval looping call 'neutron.plugins.ml2.plugin.AgentDbMixin.agent_health_check' sleeping for 36.99 seconds {{(pid=105408) _run_loop /opt/stack/data/venv/lib/python3.12/site-packages/oslo_service/backend/_threading/loopingcall.py:125}}
May 06 21:09:55.488551 np0000172309 neutron-periodic-workers[105408]: DEBUG dbcounter [-] [105408] Writing DB stats neutron:SELECT=1 {{(pid=105408) stat_writer /opt/stack/data/venv/lib/python3.12/site-packages/dbcounter.py:115}}
