2026-04-02 18:08:42.698 7 INFO neutron.db.ovn_revision_numbers_db [None req-e8327e17-2ae1-463f-af9e-cc601b35421e 98bb09e1ccb746b68d809229e43b3d20 d3bad4e76b1b49f4bed439d09aa57153 - - default default] Successfully bumped revision number for resource 59c921e2-e2e2-4418-9f44-c7bf8849fadd (type: security_group_rules) to 0
2026-04-02 18:08:42.747 7 INFO neutron.db.ovn_revision_numbers_db [None req-e8327e17-2ae1-463f-af9e-cc601b35421e 98bb09e1ccb746b68d809229e43b3d20 d3bad4e76b1b49f4bed439d09aa57153 - - default default] Successfully bumped revision number for resource 95d4b885-3200-41f5-ab6e-1b5cfa29077b (type: security_group_rules) to 0
2026-04-02 18:08:42.753 8 INFO neutron.db.ovn_revision_numbers_db [None req-44a0dbd1-6af5-42c4-8259-d9d5f990e754 98bb09e1ccb746b68d809229e43b3d20 d3bad4e76b1b49f4bed439d09aa57153 - - default default] Successfully bumped revision number for resource 4f0d2610-e488-4303-9414-7b88e96ecfca (type: router_ports) to 1 [pid: 8|app: 0|req: 627/1259] 10.0.0.139 () {34 vars in 783 bytes} [Thu Apr 2 18:08:41 2026] PUT /v2.0/routers/e3bf364c-f36f-4325-bb9f-a90dba127584/add_router_interface => generated 309 bytes in 1738 msecs (HTTP/1.1 200) 4 headers in 157 bytes (1 switches on core 0)
2026-04-02 18:08:42.795 7 INFO neutron.db.ovn_revision_numbers_db [None req-e8327e17-2ae1-463f-af9e-cc601b35421e 98bb09e1ccb746b68d809229e43b3d20 d3bad4e76b1b49f4bed439d09aa57153 - - default default] Successfully bumped revision number for resource b11f86b3-89ed-4f8f-bf7d-4e540c771c2a (type: security_group_rules) to 0 [pid: 8|app: 0|req: 628/1260] 10.0.0.51 () {34 vars in 989 bytes} [Thu Apr 2 18:08:42 2026] GET /v2.0/ports?device_id=47bb633f-d9f1-4db9-a34a-2bd16d3fb8c1 => generated 975 bytes in 75 msecs (HTTP/1.1 200) 4 headers in 157 bytes (1 switches on core 0)
2026-04-02 18:08:42.840 7 INFO neutron.db.ovn_revision_numbers_db [None req-e8327e17-2ae1-463f-af9e-cc601b35421e 98bb09e1ccb746b68d809229e43b3d20 d3bad4e76b1b49f4bed439d09aa57153 - - default default] Successfully bumped revision number for resource c2719ed9-a923-4445-88b5-813a13b6b369 (type: security_group_rules) to 0
2026-04-02 18:08:42.979 8 INFO neutron.db.ovn_revision_numbers_db [None req-dce6c316-2e62-4ab8-9960-83d520d8157c d775b21406194af391f0508f7c7a910d 3f085f30db16452f92c78875ebf82116 - - default default] Successfully bumped revision number for resource 258459f7-c8f6-45f4-9ece-70098b250deb (type: routers) to 1 [pid: 8|app: 0|req: 629/1261] 10.0.0.139 () {34 vars in 669 bytes} [Thu Apr 2 18:08:42 2026] POST /v2.0/routers => generated 606 bytes in 170 msecs (HTTP/1.1 201) 4 headers in 162 bytes (1 switches on core 0) /var/lib/openstack/lib/python3.12/site-packages/pycadf/identifier.py:70: UserWarning: Invalid uuid: neutron. To ensure interoperability, identifiers should be a valid uuid. warnings.warn(('Invalid uuid: %s. To ensure interoperability, ' [pid: 8|app: 0|req: 630/1262] 199.19.213.21 () {34 vars in 1079 bytes} [Thu Apr 2 18:08:43 2026] GET /v2.0/ports?tenant_id=264672ed95724c62a5201c4d670d1729&device_id=47bb633f-d9f1-4db9-a34a-2bd16d3fb8c1 => generated 1213 bytes in 51 msecs (HTTP/1.1 200) 4 headers in 158 bytes (1 switches on core 0) [pid: 8|app: 0|req: 631/1263] 10.0.0.51 () {34 vars in 1039 bytes} [Thu Apr 2 18:08:43 2026] GET /v2.0/security-groups?id=a7464f67-5a41-474e-86fc-0b9bbcbfbe62&fields=id&fields=name => generated 114 bytes in 41 msecs (HTTP/1.1 200) 4 headers in 157 bytes (1 switches on core 0)
2026-04-02 18:08:43.643 7 INFO neutron.db.segments_db [None req-e8327e17-2ae1-463f-af9e-cc601b35421e 98bb09e1ccb746b68d809229e43b3d20 d3bad4e76b1b49f4bed439d09aa57153 - - default default] Added segment 79f50960-ece9-4539-bf53-df0329dd600c of type geneve for network 0f0a014d-33fd-46f3-924d-fc68dcef0983
2026-04-02 18:08:43.810 7 INFO neutron.db.ovn_revision_numbers_db [None req-4b48015d-5851-46b1-84b5-743558ec8ee2 - - - - - -] Successfully bumped revision number for resource 27594a16-9047-48f5-8940-340d947fb366 (type: ports) to 5
2026-04-02 18:08:43.907 8 WARNING neutron.scheduler.dhcp_agent_scheduler [None req-4eeca9ec-4247-4223-a166-10fb0884c48c d775b21406194af391f0508f7c7a910d 3f085f30db16452f92c78875ebf82116 - - default default] No more DHCP agents
2026-04-02 18:08:43.908 8 WARNING neutron.api.rpc.agentnotifiers.dhcp_rpc_agent_api [None req-4eeca9ec-4247-4223-a166-10fb0884c48c d775b21406194af391f0508f7c7a910d 3f085f30db16452f92c78875ebf82116 - - default default] Unable to schedule network 38c350e9-9e35-422b-b96b-62ccbdfdc27c: no agents available; will retry on subsequent port and subnet creation events.
2026-04-02 18:08:43.981 8 INFO neutron.plugins.ml2.drivers.ovn.mech_driver.mech_driver [None req-b7f6f4cb-6b7d-41c5-aad3-3451b4674a65 - - - - - -] OVN reports status down for port: f0483acf-e7a6-4106-9bd6-969dbb5f3dee
2026-04-02 18:08:44.036 8 INFO neutron.db.ovn_revision_numbers_db [None req-4eeca9ec-4247-4223-a166-10fb0884c48c d775b21406194af391f0508f7c7a910d 3f085f30db16452f92c78875ebf82116 - - default default] Successfully bumped revision number for resource f0483acf-e7a6-4106-9bd6-969dbb5f3dee (type: ports) to 1
2026-04-02 18:08:44.079 7 INFO neutron.db.ovn_revision_numbers_db [None req-e8327e17-2ae1-463f-af9e-cc601b35421e 98bb09e1ccb746b68d809229e43b3d20 d3bad4e76b1b49f4bed439d09aa57153 - - default default] Successfully bumped revision number for resource 0f0a014d-33fd-46f3-924d-fc68dcef0983 (type: networks) to 1
2026-04-02 18:08:44.400 7 INFO neutron.db.ovn_revision_numbers_db [None req-b3af5249-34d0-493e-ba14-2bb5f5ec4697 - - - - - -] Successfully bumped revision number for resource 4f0d2610-e488-4303-9414-7b88e96ecfca (type: ports) to 2
2026-04-02 18:08:44.503 8 INFO neutron.plugins.ml2.drivers.ovn.mech_driver.mech_driver [None req-b7f6f4cb-6b7d-41c5-aad3-3451b4674a65 - - - - - -] OVN reports status down for port: 3795f0c5-24e0-4e5c-ac70-b53b76ae1556
2026-04-02 18:08:44.514 7 WARNING neutron.scheduler.dhcp_agent_scheduler [None req-e8327e17-2ae1-463f-af9e-cc601b35421e 98bb09e1ccb746b68d809229e43b3d20 d3bad4e76b1b49f4bed439d09aa57153 - - default default] No more DHCP agents
2026-04-02 18:08:44.518 7 WARNING neutron.api.rpc.agentnotifiers.dhcp_rpc_agent_api [None req-e8327e17-2ae1-463f-af9e-cc601b35421e 98bb09e1ccb746b68d809229e43b3d20 d3bad4e76b1b49f4bed439d09aa57153 - - default default] Unable to schedule network 0f0a014d-33fd-46f3-924d-fc68dcef0983: no agents available; will retry on subsequent port and subnet creation events.
2026-04-02 18:08:44.690 7 INFO neutron.db.ovn_revision_numbers_db [None req-e8327e17-2ae1-463f-af9e-cc601b35421e 98bb09e1ccb746b68d809229e43b3d20 d3bad4e76b1b49f4bed439d09aa57153 - - default default] Successfully bumped revision number for resource f0312807-18be-4e40-8f2b-5f1f4e49f39b (type: ports) to 1 [pid: 7|app: 0|req: 633/1264] 10.0.0.139 () {34 vars in 671 bytes} [Thu Apr 2 18:08:42 2026] POST /v2.0/networks => generated 761 bytes in 2616 msecs (HTTP/1.1 201) 4 headers in 162 bytes (1 switches on core 0) [pid: 7|app: 0|req: 634/1265] 199.19.213.21 () {34 vars in 985 bytes} [Thu Apr 2 18:08:44 2026] GET /v2.0/networks?id=b1768884-ab11-484c-a479-5a1da99d5625 => generated 813 bytes in 62 msecs (HTTP/1.1 200) 4 headers in 157 bytes (1 switches on core 0)
2026-04-02 18:08:44.791 8 INFO neutron.notifiers.nova [-] Nova event matching ['req-6a358e91-dd9d-42a2-8645-2bce3f2aa2bb'] response: {'server_uuid': '47bb633f-d9f1-4db9-a34a-2bd16d3fb8c1', 'name': 'network-vif-unplugged', 'status': 'completed', 'tag': '3795f0c5-24e0-4e5c-ac70-b53b76ae1556', 'code': 200}
2026-04-02 18:08:44.888 8 WARNING neutron.scheduler.dhcp_agent_scheduler [None req-4eeca9ec-4247-4223-a166-10fb0884c48c d775b21406194af391f0508f7c7a910d 3f085f30db16452f92c78875ebf82116 - - default default] No more DHCP agents
2026-04-02 18:08:44.895 8 WARNING neutron.api.rpc.agentnotifiers.dhcp_rpc_agent_api [None req-4eeca9ec-4247-4223-a166-10fb0884c48c d775b21406194af391f0508f7c7a910d 3f085f30db16452f92c78875ebf82116 - - default default] Unable to schedule network 38c350e9-9e35-422b-b96b-62ccbdfdc27c: no agents available; will retry on subsequent port and subnet creation events.
2026-04-02 18:08:44.907 7 INFO neutron.db.ovn_revision_numbers_db [None req-b0b5ab07-73d4-4876-8f45-d23ae3c572e6 1e4914dc3eaa44fdb75c9bc63788a439 364ab2bf9a4844bfb2bd6692564c8c32 - - default default] Successfully bumped revision number for resource 93313712-32d8-4696-a13c-88cb4d147f13 (type: security_groups) to 1
2026-04-02 18:08:44.916 7 INFO neutron.db.ovn_revision_numbers_db [None req-b0b5ab07-73d4-4876-8f45-d23ae3c572e6 1e4914dc3eaa44fdb75c9bc63788a439 364ab2bf9a4844bfb2bd6692564c8c32 - - default default] Successfully bumped revision number for resource 0745af7d-ad38-45f6-9219-23e823db190d (type: security_group_rules) to 0
2026-04-02 18:08:44.928 7 INFO neutron.db.ovn_revision_numbers_db [None req-b0b5ab07-73d4-4876-8f45-d23ae3c572e6 1e4914dc3eaa44fdb75c9bc63788a439 364ab2bf9a4844bfb2bd6692564c8c32 - - default default] Successfully bumped revision number for resource ff03a1c4-3f8f-40fa-9cc4-38019d939a65 (type: security_group_rules) to 0 [pid: 7|app: 0|req: 635/1266] 10.0.0.139 () {34 vars in 685 bytes} [Thu Apr 2 18:08:44 2026] POST /v2.0/security-groups => generated 1660 bytes in 181 msecs (HTTP/1.1 201) 4 headers in 163 bytes (1 switches on core 0) [pid: 7|app: 0|req: 636/1267] 10.0.0.51 () {34 vars in 989 bytes} [Thu Apr 2 18:08:44 2026] GET /v2.0/ports?device_id=47bb633f-d9f1-4db9-a34a-2bd16d3fb8c1 => generated 973 bytes in 109 msecs (HTTP/1.1 200) 4 headers in 157 bytes (1 switches on core 0)
2026-04-02 18:08:45.118 8 INFO neutron.db.ovn_revision_numbers_db [None req-b7f6f4cb-6b7d-41c5-aad3-3451b4674a65 - - - - - -] Successfully bumped revision number for resource 3795f0c5-24e0-4e5c-ac70-b53b76ae1556 (type: ports) to 6
2026-04-02 18:08:45.231 7 WARNING neutron.scheduler.dhcp_agent_scheduler [None req-42933943-67b8-417f-9782-2278cf9c55c0 98bb09e1ccb746b68d809229e43b3d20 d3bad4e76b1b49f4bed439d09aa57153 - - default default] No more DHCP agents
2026-04-02 18:08:45.233 7 WARNING neutron.api.rpc.agentnotifiers.dhcp_rpc_agent_api [None req-42933943-67b8-417f-9782-2278cf9c55c0 98bb09e1ccb746b68d809229e43b3d20 d3bad4e76b1b49f4bed439d09aa57153 - - default default] Unable to schedule network 0f0a014d-33fd-46f3-924d-fc68dcef0983: no agents available; will retry on subsequent port and subnet creation events.
2026-04-02 18:08:45.306 8 INFO neutron.plugins.ml2.drivers.ovn.mech_driver.mech_driver [None req-c95fcd72-ca99-441a-bdaf-0cda5723acd0 - - - - - -] OVN reports status up for port: f0483acf-e7a6-4106-9bd6-969dbb5f3dee
2026-04-02 18:08:45.351 8 INFO neutron.db.ovn_revision_numbers_db [None req-4eeca9ec-4247-4223-a166-10fb0884c48c d775b21406194af391f0508f7c7a910d 3f085f30db16452f92c78875ebf82116 - - default default] Successfully bumped revision number for resource f0483acf-e7a6-4106-9bd6-969dbb5f3dee (type: router_ports) to 1
2026-04-02 18:08:45.357 8 INFO neutron.plugins.ml2.plugin [None req-c95fcd72-ca99-441a-bdaf-0cda5723acd0 - - - - - -] Attempt 1 to provision port f0483acf-e7a6-4106-9bd6-969dbb5f3dee [pid: 8|app: 0|req: 632/1270] 10.0.0.139 () {34 vars in 783 bytes} [Thu Apr 2 18:08:43 2026] PUT /v2.0/routers/258459f7-c8f6-45f4-9ece-70098b250deb/add_router_interface => generated 309 bytes in 2266 msecs (HTTP/1.1 200) 4 headers in 157 bytes (1 switches on core 0) /var/lib/openstack/lib/python3.12/site-packages/pycadf/identifier.py:70: UserWarning: Invalid uuid: neutron. To ensure interoperability, identifiers should be a valid uuid. warnings.warn(('Invalid uuid: %s. To ensure interoperability, ' [pid: 8|app: 0|req: 633/1271] 199.19.213.21 () {34 vars in 1059 bytes} [Thu Apr 2 18:08:45 2026] GET /v2.0/floatingips?fixed_ip_address=10.100.0.13&port_id=3795f0c5-24e0-4e5c-ac70-b53b76ae1556 => generated 859 bytes in 85 msecs (HTTP/1.1 200) 4 headers in 157 bytes (1 switches on core 0)
2026-04-02 18:08:45.768 7 INFO neutron.db.ovn_revision_numbers_db [None req-8def96b2-adff-485b-be96-f296cb821240 - - - - - -] Successfully bumped revision number for resource f0312807-18be-4e40-8f2b-5f1f4e49f39b (type: ports) to 2
2026-04-02 18:08:45.771 8 INFO neutron.db.ovn_revision_numbers_db [None req-52357589-a41c-4abc-ba0f-2a5e69160c12 1e4914dc3eaa44fdb75c9bc63788a439 364ab2bf9a4844bfb2bd6692564c8c32 - - default default] Successfully bumped revision number for resource cd12641f-d437-480d-aab7-49ac0fda876c (type: security_group_rules) to 0
2026-04-02 18:08:45.808 7 INFO neutron.db.ovn_revision_numbers_db [None req-8def96b2-adff-485b-be96-f296cb821240 - - - - - -] Successfully bumped revision number for resource 1e1a4e13-ee4e-4eff-82e2-514e56956ee7 (type: subnets) to 0 [pid: 7|app: 0|req: 639/1272] 10.0.0.139 () {34 vars in 669 bytes} [Thu Apr 2 18:08:45 2026] POST /v2.0/subnets => generated 686 bytes in 755 msecs (HTTP/1.1 201) 4 headers in 162 bytes (1 switches on core 0) [pid: 8|app: 0|req: 634/1273] 10.0.0.139 () {34 vars in 695 bytes} [Thu Apr 2 18:08:45 2026] POST /v2.0/security-group-rules => generated 597 bytes in 412 msecs (HTTP/1.1 201) 4 headers in 162 bytes (1 switches on core 0) [pid: 7|app: 0|req: 640/1274] 10.0.0.51 () {34 vars in 1039 bytes} [Thu Apr 2 18:08:45 2026] GET /v2.0/security-groups?id=a7464f67-5a41-474e-86fc-0b9bbcbfbe62&fields=id&fields=name => generated 114 bytes in 38 msecs (HTTP/1.1 200) 4 headers in 157 bytes (1 switches on core 0) [pid: 7|app: 0|req: 641/1275] 199.19.213.21 () {34 vars in 983 bytes} [Thu Apr 2 18:08:45 2026] GET /v2.0/subnets?id=1dbb0b27-bf56-45cc-870e-bc39f2cc26fc => generated 694 bytes in 37 msecs (HTTP/1.1 200) 4 headers in 157 bytes (1 switches on core 0) [pid: 7|app: 0|req: 642/1276] 199.19.213.21 () {34 vars in 993 bytes} [Thu Apr 2 18:08:45 2026] GET /v2.0/ports?device_id=47bb633f-d9f1-4db9-a34a-2bd16d3fb8c1 => generated 973 bytes in 43 msecs (HTTP/1.1 200) 4 headers in 157 bytes (1 switches on core 0) [pid: 8|app: 0|req: 635/1277] 10.0.0.139 () {32 vars in 717 bytes} [Thu Apr 2 18:08:45 2026] GET /v2.0/ports/f0483acf-e7a6-4106-9bd6-969dbb5f3dee => generated 947 bytes in 243 msecs (HTTP/1.1 200) 4 headers in 157 bytes (1 switches on core 0)
2026-04-02 18:08:46.122 8 INFO neutron.db.ovn_revision_numbers_db [None req-c95fcd72-ca99-441a-bdaf-0cda5723acd0 - - - - - -] Successfully bumped revision number for resource f0483acf-e7a6-4106-9bd6-969dbb5f3dee (type: ports) to 2
2026-04-02 18:08:46.297 8 INFO neutron.db.ovn_revision_numbers_db [None req-6191e2fa-bf48-4d8d-80c0-b1b336e4e884 1e4914dc3eaa44fdb75c9bc63788a439 364ab2bf9a4844bfb2bd6692564c8c32 - - default default] Successfully bumped revision number for resource 2ce6646e-508c-41af-a50e-3c7a34b2f3ee (type: security_group_rules) to 0 [pid: 8|app: 0|req: 636/1278] 10.0.0.139 () {34 vars in 695 bytes} [Thu Apr 2 18:08:46 2026] POST /v2.0/security-group-rules => generated 602 bytes in 219 msecs (HTTP/1.1 201) 4 headers in 162 bytes (1 switches on core 0) [pid: 8|app: 0|req: 637/1279] 199.19.213.21 () {34 vars in 1051 bytes} [Thu Apr 2 18:08:46 2026] GET /v2.0/ports?network_id=b1768884-ab11-484c-a479-5a1da99d5625&device_owner=network%3Adhcp => generated 12 bytes in 17 msecs (HTTP/1.1 200) 4 headers in 156 bytes (1 switches on core 0)
2026-04-02 18:08:46.471 8 INFO neutron_taas.services.taas.taas_plugin [req-52cf4cab-7654-409a-b026-e18bb896a9a4 req-edee10d3-9dc5-453c-91ce-015b0113f292 c9482c75f9a740829702ab25823cfea7 264672ed95724c62a5201c4d670d1729 - - default default] TaaS: Handle Delete Port: 3795f0c5-24e0-4e5c-ac70-b53b76ae1556
2026-04-02 18:08:46.475 8 INFO neutron_taas.services.taas.tap_mirror_plugin [req-52cf4cab-7654-409a-b026-e18bb896a9a4 req-edee10d3-9dc5-453c-91ce-015b0113f292 c9482c75f9a740829702ab25823cfea7 264672ed95724c62a5201c4d670d1729 - - default default] Tap Mirror: Handle Delete Port: 3795f0c5-24e0-4e5c-ac70-b53b76ae1556
2026-04-02 18:08:46.479 7 WARNING neutron.scheduler.dhcp_agent_scheduler [None req-0ebb6b7f-b18f-4cfc-85fa-a8bde36fe7f0 98bb09e1ccb746b68d809229e43b3d20 d3bad4e76b1b49f4bed439d09aa57153 - - default default] No more DHCP agents
2026-04-02 18:08:46.481 7 WARNING neutron.api.rpc.agentnotifiers.dhcp_rpc_agent_api [None req-0ebb6b7f-b18f-4cfc-85fa-a8bde36fe7f0 98bb09e1ccb746b68d809229e43b3d20 d3bad4e76b1b49f4bed439d09aa57153 - - default default] Unable to schedule network 0d9d87d5-e6d4-4577-80c0-38cdbdd8f4a1: no agents available; will retry on subsequent port and subnet creation events.
2026-04-02 18:08:46.619 7 INFO neutron.db.ovn_revision_numbers_db [None req-0ebb6b7f-b18f-4cfc-85fa-a8bde36fe7f0 98bb09e1ccb746b68d809229e43b3d20 d3bad4e76b1b49f4bed439d09aa57153 - - default default] Successfully bumped revision number for resource 428080ba-6d2c-4ec6-bda9-ab7d7769c162 (type: ports) to 1
2026-04-02 18:08:46.719 8 INFO neutron.db.l3_db [req-52cf4cab-7654-409a-b026-e18bb896a9a4 req-edee10d3-9dc5-453c-91ce-015b0113f292 c9482c75f9a740829702ab25823cfea7 264672ed95724c62a5201c4d670d1729 - - default default] Floating IP 14ce93f3-af17-416a-a32e-0b049f89b141 disassociated. External IP: 10.96.250.211, port: 3795f0c5-24e0-4e5c-ac70-b53b76ae1556.
2026-04-02 18:08:46.833 8 INFO neutron.notifiers.nova [-] Nova event matching ['req-dd7a8721-70e7-4bd7-a856-25d21d1791ef'] response: {'server_uuid': '47bb633f-d9f1-4db9-a34a-2bd16d3fb8c1', 'name': 'network-vif-unplugged', 'status': 'completed', 'tag': '3795f0c5-24e0-4e5c-ac70-b53b76ae1556', 'code': 200} [pid: 8|app: 0|req: 638/1280] 199.19.213.21 () {36 vars in 996 bytes} [Thu Apr 2 18:08:46 2026] DELETE /v2.0/ports/3795f0c5-24e0-4e5c-ac70-b53b76ae1556 => generated 0 bytes in 532 msecs (HTTP/1.1 204) 3 headers in 131 bytes (1 switches on core 0) [pid: 8|app: 0|req: 639/1281] 10.0.0.139 () {32 vars in 717 bytes} [Thu Apr 2 18:08:46 2026] GET /v2.0/ports/f0483acf-e7a6-4106-9bd6-969dbb5f3dee => generated 947 bytes in 39 msecs (HTTP/1.1 200) 4 headers in 157 bytes (1 switches on core 0)
2026-04-02 18:08:47.174 8 WARNING neutron.scheduler.dhcp_agent_scheduler [None req-dc52a8a3-693c-4e70-b9e3-fcd6694e417a 1e4914dc3eaa44fdb75c9bc63788a439 364ab2bf9a4844bfb2bd6692564c8c32 - - default default] No more DHCP agents
2026-04-02 18:08:47.175 8 WARNING neutron.api.rpc.agentnotifiers.dhcp_rpc_agent_api [None req-dc52a8a3-693c-4e70-b9e3-fcd6694e417a 1e4914dc3eaa44fdb75c9bc63788a439 364ab2bf9a4844bfb2bd6692564c8c32 - - default default] Unable to schedule network 0d9d87d5-e6d4-4577-80c0-38cdbdd8f4a1: no agents available; will retry on subsequent port and subnet creation events.
2026-04-02 18:08:47.330 7 INFO neutron.plugins.ml2.drivers.ovn.mech_driver.ovsdb.commands [None req-7ad227bb-9eb9-47d2-8e1a-4831b4d398e5 - - - - - -] Schedule LRP lrp-428080ba-6d2c-4ec6-bda9-ab7d7769c162 on gateway 2fbdf6b6-4778-4d93-b434-5ac7d81b8191 with priority 1
2026-04-02 18:08:47.416 7 INFO neutron.plugins.ml2.drivers.ovn.mech_driver.ovsdb.ovsdb_monitor [None req-4b48015d-5851-46b1-84b5-743558ec8ee2 - - - - - -] Router db36ee5c-9c8f-4d7b-aa93-6f068612d505 is bound to host instance
2026-04-02 18:08:47.449 7 INFO neutron.db.ovn_revision_numbers_db [None req-0ebb6b7f-b18f-4cfc-85fa-a8bde36fe7f0 98bb09e1ccb746b68d809229e43b3d20 d3bad4e76b1b49f4bed439d09aa57153 - - default default] Successfully bumped revision number for resource 428080ba-6d2c-4ec6-bda9-ab7d7769c162 (type: router_ports) to 1
2026-04-02 18:08:47.578 7 INFO neutron.db.ovn_revision_numbers_db [None req-0ebb6b7f-b18f-4cfc-85fa-a8bde36fe7f0 98bb09e1ccb746b68d809229e43b3d20 d3bad4e76b1b49f4bed439d09aa57153 - - default default] Successfully bumped revision number for resource db36ee5c-9c8f-4d7b-aa93-6f068612d505 (type: routers) to 2 [pid: 8|app: 0|req: 640/1282] 10.0.0.139 () {34 vars in 676 bytes} [Thu Apr 2 18:08:46 2026] POST /v2.0/floatingips => generated 552 bytes in 693 msecs (HTTP/1.1 201) 4 headers in 162 bytes (1 switches on core 0) [pid: 7|app: 0|req: 643/1283] 10.0.0.139 () {34 vars in 669 bytes} [Thu Apr 2 18:08:45 2026] POST /v2.0/routers => generated 964 bytes in 1664 msecs (HTTP/1.1 201) 4 headers in 162 bytes (1 switches on core 0) [pid: 8|app: 0|req: 641/1284] 199.19.213.21 () {34 vars in 1011 bytes} [Thu Apr 2 18:08:47 2026] GET /v2.0/networks/b1768884-ab11-484c-a479-5a1da99d5625?fields=segments => generated 14 bytes in 58 msecs (HTTP/1.1 200) 4 headers in 156 bytes (1 switches on core 0) [pid: 8|app: 0|req: 642/1285] 10.0.0.51 () {34 vars in 989 bytes} [Thu Apr 2 18:08:47 2026] GET /v2.0/ports?device_id=47bb633f-d9f1-4db9-a34a-2bd16d3fb8c1 => generated 12 bytes in 33 msecs (HTTP/1.1 200) 4 headers in 156 bytes (1 switches on core 0)
2026-04-02 18:08:48.193 7 INFO neutron_taas.services.taas.taas_plugin [None req-ac4923a9-aa35-4d21-a1d1-edefee82f004 d775b21406194af391f0508f7c7a910d 3f085f30db16452f92c78875ebf82116 - - default default] TaaS: Handle Delete Port: f0483acf-e7a6-4106-9bd6-969dbb5f3dee
2026-04-02 18:08:48.198 7 INFO neutron_taas.services.taas.tap_mirror_plugin [None req-ac4923a9-aa35-4d21-a1d1-edefee82f004 d775b21406194af391f0508f7c7a910d 3f085f30db16452f92c78875ebf82116 - - default default] Tap Mirror: Handle Delete Port: f0483acf-e7a6-4106-9bd6-969dbb5f3dee
2026-04-02 18:08:48.201 8 WARNING neutron.scheduler.dhcp_agent_scheduler [None req-5bb3f34a-78bd-4ec3-b06a-c24ec5e1ecaf 98bb09e1ccb746b68d809229e43b3d20 d3bad4e76b1b49f4bed439d09aa57153 - - default default] No more DHCP agents
2026-04-02 18:08:48.202 8 WARNING neutron.api.rpc.agentnotifiers.dhcp_rpc_agent_api [None req-5bb3f34a-78bd-4ec3-b06a-c24ec5e1ecaf 98bb09e1ccb746b68d809229e43b3d20 d3bad4e76b1b49f4bed439d09aa57153 - - default default] Unable to schedule network 0f0a014d-33fd-46f3-924d-fc68dcef0983: no agents available; will retry on subsequent port and subnet creation events.
2026-04-02 18:08:48.454 8 INFO neutron.db.ovn_revision_numbers_db [None req-5bb3f34a-78bd-4ec3-b06a-c24ec5e1ecaf 98bb09e1ccb746b68d809229e43b3d20 d3bad4e76b1b49f4bed439d09aa57153 - - default default] Successfully bumped revision number for resource ff62e671-e841-4224-aeed-9a6343657712 (type: ports) to 1 [pid: 7|app: 0|req: 644/1286] 10.0.0.139 () {34 vars in 789 bytes} [Thu Apr 2 18:08:47 2026] PUT /v2.0/routers/258459f7-c8f6-45f4-9ece-70098b250deb/remove_router_interface => generated 309 bytes in 1194 msecs (HTTP/1.1 200) 4 headers in 157 bytes (1 switches on core 0) /var/lib/openstack/lib/python3.12/site-packages/pycadf/identifier.py:70: UserWarning: Invalid uuid: neutron. To ensure interoperability, identifiers should be a valid uuid. warnings.warn(('Invalid uuid: %s. To ensure interoperability, ' [pid: 7|app: 0|req: 645/1287] 199.19.213.21 () {34 vars in 1111 bytes} [Thu Apr 2 18:08:48 2026] GET /v2.0/networks/b1768884-ab11-484c-a479-5a1da99d5625?fields=provider%3Aphysical_network&fields=provider%3Anetwork_type => generated 79 bytes in 87 msecs (HTTP/1.1 200) 4 headers in 156 bytes (1 switches on core 0) [pid: 7|app: 0|req: 646/1288] 10.0.0.51 () {34 vars in 1099 bytes} [Thu Apr 2 18:08:48 2026] GET /v2.0/security-groups?name=tempest-securitygroup--2011297562&fields=id&tenant_id=364ab2bf9a4844bfb2bd6692564c8c32 => generated 69 bytes in 68 msecs (HTTP/1.1 200) 4 headers in 156 bytes (1 switches on core 0) [pid: 7|app: 0|req: 647/1289] 10.0.0.51 () {34 vars in 989 bytes} [Thu Apr 2 18:08:48 2026] GET /v2.0/ports?device_id=47bb633f-d9f1-4db9-a34a-2bd16d3fb8c1 => generated 12 bytes in 54 msecs (HTTP/1.1 200) 4 headers in 156 bytes (1 switches on core 0)
2026-04-02 18:08:49.054 8 INFO neutron.notifiers.nova [-] Nova event matching ['req-f6d71c0f-61dc-45db-a675-ce42160c2e46'] response: {'server_uuid': '47bb633f-d9f1-4db9-a34a-2bd16d3fb8c1', 'name': 'network-vif-deleted', 'tag': '3795f0c5-24e0-4e5c-ac70-b53b76ae1556', 'status': 'completed', 'code': 200} [pid: 7|app: 0|req: 648/1290] 10.0.0.139 () {32 vars in 736 bytes} [Thu Apr 2 18:08:49 2026] GET /v2.0/ports?device_id=258459f7-c8f6-45f4-9ece-70098b250deb => generated 12 bytes in 51 msecs (HTTP/1.1 200) 4 headers in 156 bytes (1 switches on core 0)
2026-04-02 18:08:49.138 7 INFO neutron.db.ovn_revision_numbers_db [None req-5fd5a2b5-996e-44a9-bcb2-c539029901cb - - - - - -] Successfully bumped revision number for resource 428080ba-6d2c-4ec6-bda9-ab7d7769c162 (type: ports) to 4 [pid: 7|app: 0|req: 649/1291] 10.0.0.51 () {34 vars in 981 bytes} [Thu Apr 2 18:08:49 2026] GET /v2.0/networks?id=07117191-ff2e-4991-84c0-ad19a2f7bb63 => generated 707 bytes in 125 msecs (HTTP/1.1 200) 4 headers in 157 bytes (1 switches on core 0)
2026-04-02 18:08:49.213 8 WARNING neutron.scheduler.dhcp_agent_scheduler [None req-5bb3f34a-78bd-4ec3-b06a-c24ec5e1ecaf 98bb09e1ccb746b68d809229e43b3d20 d3bad4e76b1b49f4bed439d09aa57153 - - default default] No more DHCP agents
2026-04-02 18:08:49.214 8 WARNING neutron.api.rpc.agentnotifiers.dhcp_rpc_agent_api [None req-5bb3f34a-78bd-4ec3-b06a-c24ec5e1ecaf 98bb09e1ccb746b68d809229e43b3d20 d3bad4e76b1b49f4bed439d09aa57153 - - default default] Unable to schedule network 0f0a014d-33fd-46f3-924d-fc68dcef0983: no agents available; will retry on subsequent port and subnet creation events. [pid: 7|app: 0|req: 650/1292] 10.0.0.139 () {32 vars in 724 bytes} [Thu Apr 2 18:08:49 2026] DELETE /v2.0/routers/258459f7-c8f6-45f4-9ece-70098b250deb => generated 0 bytes in 336 msecs (HTTP/1.1 204) 2 headers in 112 bytes (1 switches on core 0) [pid: 7|app: 0|req: 651/1293] 10.0.0.51 () {34 vars in 964 bytes} [Thu Apr 2 18:08:49 2026] GET /v2.0/quotas/364ab2bf9a4844bfb2bd6692564c8c32 => generated 292 bytes in 26 msecs (HTTP/1.1 200) 4 headers in 157 bytes (1 switches on core 0)
2026-04-02 18:08:49.782 8 INFO neutron.db.ovn_revision_numbers_db [None req-5bb3f34a-78bd-4ec3-b06a-c24ec5e1ecaf 98bb09e1ccb746b68d809229e43b3d20 d3bad4e76b1b49f4bed439d09aa57153 - - default default] Successfully bumped revision number for resource ff62e671-e841-4224-aeed-9a6343657712 (type: router_ports) to 1 [pid: 8|app: 0|req: 643/1294] 10.0.0.139 () {34 vars in 783 bytes} [Thu Apr 2 18:08:47 2026] PUT /v2.0/routers/db36ee5c-9c8f-4d7b-aa93-6f068612d505/add_router_interface => generated 309 bytes in 2086 msecs (HTTP/1.1 200) 4 headers in 157 bytes (1 switches on core 0) [pid: 8|app: 0|req: 644/1295] 10.0.0.51 () {34 vars in 1001 bytes} [Thu Apr 2 18:08:49 2026] GET /v2.0/ports?tenant_id=364ab2bf9a4844bfb2bd6692564c8c32&fields=id => generated 103 bytes in 92 msecs (HTTP/1.1 200) 4 headers in 157 bytes (1 switches on core 0)
2026-04-02 18:08:49.907 7 WARNING neutron.plugins.ml2.drivers.ovn.mech_driver.ovsdb.ovn_client [None req-75b95b91-5439-471c-a7dd-92bf439a8c11 - - - - - -] No hosting information found for port 4f0d2610-e488-4303-9414-7b88e96ecfca: RuntimeError: No hosting information found for port 4f0d2610-e488-4303-9414-7b88e96ecfca
2026-04-02 18:08:49.911 7 INFO neutron.db.ovn_revision_numbers_db [None req-5fd5a2b5-996e-44a9-bcb2-c539029901cb - - - - - -] Successfully bumped revision number for resource 428080ba-6d2c-4ec6-bda9-ab7d7769c162 (type: ports) to 5 [pid: 8|app: 0|req: 645/1296] 10.0.0.51 () {34 vars in 1007 bytes} [Thu Apr 2 18:08:49 2026] GET /v2.0/networks/07117191-ff2e-4991-84c0-ad19a2f7bb63?fields=segments => generated 14 bytes in 47 msecs (HTTP/1.1 200) 4 headers in 156 bytes (1 switches on core 0) [pid: 7|app: 0|req: 652/1297] 10.0.0.139 () {32 vars in 724 bytes} [Thu Apr 2 18:08:49 2026] DELETE /v2.0/subnets/7cc03f84-1185-46df-a65d-95313dbd7693 => generated 0 bytes in 410 msecs (HTTP/1.1 204) 3 headers in 131 bytes (1 switches on core 0) [pid: 8|app: 0|req: 646/1298] 10.0.0.51 () {34 vars in 1107 bytes} [Thu Apr 2 18:08:49 2026] GET /v2.0/networks/07117191-ff2e-4991-84c0-ad19a2f7bb63?fields=provider%3Aphysical_network&fields=provider%3Anetwork_type => generated 79 bytes in 36 msecs (HTTP/1.1 200) 4 headers in 156 bytes (1 switches on core 0)
2026-04-02 18:08:50.179 7 INFO neutron.db.ovn_revision_numbers_db [None req-75b95b91-5439-471c-a7dd-92bf439a8c11 - - - - - -] Successfully bumped revision number for resource 4f0d2610-e488-4303-9414-7b88e96ecfca (type: router_ports) to 2 [pid: 8|app: 0|req: 647/1299] 10.0.0.139 () {32 vars in 740 bytes} [Thu Apr 2 18:08:50 2026] DELETE /v2.0/security-groups/a7464f67-5a41-474e-86fc-0b9bbcbfbe62 => generated 0 bytes in 168 msecs (HTTP/1.1 204) 2 headers in 112 bytes (1 switches on core 0) [pid: 8|app: 0|req: 648/1300] 10.0.0.51 () {34 vars in 989 bytes} [Thu Apr 2 18:08:50 2026] GET /v2.0/ports?device_id=36e7a268-95ac-4140-955f-6d1d7bd38ff9 => generated 12 bytes in 22 msecs (HTTP/1.1 200) 4 headers in 156 bytes (1 switches on core 0)
2026-04-02 18:08:50.319 7 INFO neutron.plugins.ml2.drivers.ovn.mech_driver.mech_driver [None req-75b95b91-5439-471c-a7dd-92bf439a8c11 - - - - - -] OVN reports status down for port: f0312807-18be-4e40-8f2b-5f1f4e49f39b
2026-04-02 18:08:50.322 8 INFO neutron.api.v2.resource [None req-393036cd-84c4-4218-b880-53cd57727969 c9482c75f9a740829702ab25823cfea7 264672ed95724c62a5201c4d670d1729 - - default default] show failed (client error): The resource could not be found. [pid: 8|app: 0|req: 649/1301] 10.0.0.139 () {32 vars in 737 bytes} [Thu Apr 2 18:08:50 2026] GET /v2.0/security-groups/a7464f67-5a41-474e-86fc-0b9bbcbfbe62 => generated 146 bytes in 16 msecs (HTTP/1.1 404) 4 headers in 164 bytes (1 switches on core 0)
2026-04-02 18:08:50.369 7 INFO neutron_taas.services.taas.taas_plugin [None req-c2051a7a-46f7-4714-93ab-962f19b5f1f9 d775b21406194af391f0508f7c7a910d 3f085f30db16452f92c78875ebf82116 - - default default] TaaS: Handle Delete Port: 541daf73-b4dc-4730-9f02-4306221eeffc
2026-04-02 18:08:50.375 7 INFO neutron_taas.services.taas.tap_mirror_plugin [None req-c2051a7a-46f7-4714-93ab-962f19b5f1f9 d775b21406194af391f0508f7c7a910d 3f085f30db16452f92c78875ebf82116 - - default default] Tap Mirror: Handle Delete Port: 541daf73-b4dc-4730-9f02-4306221eeffc
2026-04-02 18:08:50.478 8 INFO neutron_taas.services.taas.taas_plugin [None req-2b11452e-1e45-4679-aa35-439efb9ea56a c9482c75f9a740829702ab25823cfea7 264672ed95724c62a5201c4d670d1729 - - default default] TaaS: Handle Delete Port: 668e3a50-096f-487d-914a-1573fec6534e
2026-04-02 18:08:50.482 8 INFO neutron_taas.services.taas.tap_mirror_plugin [None req-2b11452e-1e45-4679-aa35-439efb9ea56a c9482c75f9a740829702ab25823cfea7 264672ed95724c62a5201c4d670d1729 - - default default] Tap Mirror: Handle Delete Port: 668e3a50-096f-487d-914a-1573fec6534e
2026-04-02 18:08:50.642 7 INFO neutron.services.segments.plugin [-] Segment 4a8aac93-2f3a-4e66-8107-dd1179199c03 resource provider aggregate not found
2026-04-02 18:08:50.646 7 INFO neutron.services.segments.plugin [-] Segment 4a8aac93-2f3a-4e66-8107-dd1179199c03 resource provider aggregate not found
2026-04-02 18:08:50.672 7 INFO neutron.services.segments.plugin [-] Segment 4a8aac93-2f3a-4e66-8107-dd1179199c03 resource provider not found; error: Placement Client Error (4xx): {"errors": [{"status": 404, "title": "Not Found", "detail": "The resource could not be found.\n\n No resource provider with uuid 4a8aac93-2f3a-4e66-8107-dd1179199c03 found for delete ", "request_id": "req-cc46d06d-299c-40d8-ba4e-e0d8ba7d7609"}]}
2026-04-02 18:08:50.681 7 INFO neutron.services.segments.plugin [-] Segment 4a8aac93-2f3a-4e66-8107-dd1179199c03 resource provider not found; error: Placement Client Error (4xx): {"errors": [{"status": 404, "title": "Not Found", "detail": "The resource could not be found.\n\n No resource provider with uuid 4a8aac93-2f3a-4e66-8107-dd1179199c03 found for delete ", "request_id": "req-a1b19f65-254c-40f4-b508-ba3a970032f2"}]} [pid: 8|app: 0|req: 650/1302] 10.0.0.139 () {32 vars in 732 bytes} [Thu Apr 2 18:08:50 2026] DELETE /v2.0/floatingips/14ce93f3-af17-416a-a32e-0b049f89b141 => generated 0 bytes in 363 msecs (HTTP/1.1 204) 2 headers in 112 bytes (1 switches on core 0) [pid: 7|app: 0|req: 653/1303] 10.0.0.139 () {32 vars in 726 bytes} [Thu Apr 2 18:08:49 2026] DELETE /v2.0/networks/38c350e9-9e35-422b-b96b-62ccbdfdc27c => generated 0 bytes in 723 msecs (HTTP/1.1 204) 3 headers in 131 bytes (1 switches on core 0)
2026-04-02 18:08:51.013 8 INFO neutron_taas.services.taas.taas_plugin [None req-868b0246-cc4c-431a-b890-1e9a31f642cd 98bb09e1ccb746b68d809229e43b3d20 d3bad4e76b1b49f4bed439d09aa57153 - - default default] TaaS: Handle Delete Port: ae726393-3400-4a1a-8d6d-504c0c7a4abb
2026-04-02 18:08:51.016 8 INFO neutron_taas.services.taas.tap_mirror_plugin [None req-868b0246-cc4c-431a-b890-1e9a31f642cd 98bb09e1ccb746b68d809229e43b3d20 d3bad4e76b1b49f4bed439d09aa57153 - - default default] Tap Mirror: Handle Delete Port: ae726393-3400-4a1a-8d6d-504c0c7a4abb
2026-04-02 18:08:51.150 7 WARNING neutron.scheduler.dhcp_agent_scheduler [None req-10bc43d9-1cc2-4bcc-aca3-4ae73e1fa681 d775b21406194af391f0508f7c7a910d 3f085f30db16452f92c78875ebf82116 - - default default] No more DHCP agents
2026-04-02 18:08:51.153 7 WARNING neutron.api.rpc.agentnotifiers.dhcp_rpc_agent_api [None req-10bc43d9-1cc2-4bcc-aca3-4ae73e1fa681 d775b21406194af391f0508f7c7a910d 3f085f30db16452f92c78875ebf82116 - - default default] Unable to schedule network 0d9d87d5-e6d4-4577-80c0-38cdbdd8f4a1: no agents available; will retry on subsequent port and subnet creation events.
2026-04-02 18:08:51.292 7 INFO neutron.plugins.ml2.drivers.ovn.mech_driver.mech_driver [None req-75b95b91-5439-471c-a7dd-92bf439a8c11 - - - - - -] OVN reports status down for port: f3a84abd-c03f-4d8c-9fcc-a92f2ee889e2
2026-04-02 18:08:51.346 7 INFO neutron.db.ovn_revision_numbers_db [None req-10bc43d9-1cc2-4bcc-aca3-4ae73e1fa681 d775b21406194af391f0508f7c7a910d 3f085f30db16452f92c78875ebf82116 - - default default] Successfully bumped revision number for resource f3a84abd-c03f-4d8c-9fcc-a92f2ee889e2 (type: ports) to 1
2026-04-02 18:08:51.563 8 WARNING neutron.plugins.ml2.drivers.ovn.mech_driver.ovsdb.ovn_client [None req-7bcf9584-0ac2-4dcd-8f82-1e8d3c22c541 - - - - - -] No port found with ID f0483acf-e7a6-4106-9bd6-969dbb5f3dee: RuntimeError: No port found with ID f0483acf-e7a6-4106-9bd6-969dbb5f3dee
2026-04-02 18:08:51.594 8 INFO neutron.plugins.ml2.drivers.ovn.mech_driver.mech_driver [None req-7bcf9584-0ac2-4dcd-8f82-1e8d3c22c541 - - - - - -] OVN reports status down for port: 428080ba-6d2c-4ec6-bda9-ab7d7769c162 [pid: 8|app: 0|req: 651/1304] 10.0.0.139 () {34 vars in 789 bytes} [Thu Apr 2 18:08:50 2026] PUT /v2.0/routers/2d223775-5875-4df9-ad2f-ddb79d1a33d4/remove_router_interface => generated 309 bytes in 1160 msecs (HTTP/1.1 200) 4 headers in 157 bytes (1 switches on core 0) /var/lib/openstack/lib/python3.12/site-packages/pycadf/identifier.py:70: UserWarning: Invalid uuid: neutron. To ensure interoperability, identifiers should be a valid uuid. warnings.warn(('Invalid uuid: %s. To ensure interoperability, ' [pid: 8|app: 0|req: 652/1305] 10.0.0.51 () {34 vars in 989 bytes} [Thu Apr 2 18:08:51 2026] GET /v2.0/ports?device_id=36e7a268-95ac-4140-955f-6d1d7bd38ff9 => generated 12 bytes in 56 msecs (HTTP/1.1 200) 4 headers in 156 bytes (1 switches on core 0)
2026-04-02 18:08:52.028 7 INFO neutron.plugins.ml2.drivers.ovn.mech_driver.ovsdb.commands [None req-7ad227bb-9eb9-47d2-8e1a-4831b4d398e5 - - - - - -] Schedule LRP lrp-f3a84abd-c03f-4d8c-9fcc-a92f2ee889e2 on gateway 2fbdf6b6-4778-4d93-b434-5ac7d81b8191 with priority 1
2026-04-02 18:08:52.080 7 INFO neutron.plugins.ml2.drivers.ovn.mech_driver.mech_driver [None req-75b95b91-5439-471c-a7dd-92bf439a8c11 - - - - - -] OVN reports status up for port: f3a84abd-c03f-4d8c-9fcc-a92f2ee889e2
2026-04-02 18:08:52.114 7 INFO neutron.plugins.ml2.plugin [None req-75b95b91-5439-471c-a7dd-92bf439a8c11 - - - - - -] Attempt 1 to provision port f3a84abd-c03f-4d8c-9fcc-a92f2ee889e2
2026-04-02 18:08:52.144 7 INFO neutron.db.ovn_revision_numbers_db [None req-10bc43d9-1cc2-4bcc-aca3-4ae73e1fa681 d775b21406194af391f0508f7c7a910d 3f085f30db16452f92c78875ebf82116 - - default default] Successfully bumped revision number for resource f3a84abd-c03f-4d8c-9fcc-a92f2ee889e2 (type: router_ports) to 1
2026-04-02 18:08:52.277 7 INFO neutron.db.ovn_revision_numbers_db [None req-10bc43d9-1cc2-4bcc-aca3-4ae73e1fa681 d775b21406194af391f0508f7c7a910d 3f085f30db16452f92c78875ebf82116 - - default default] Successfully bumped revision number for resource 42bda801-f2d7-4df9-bf19-06d8a3ae9b9c (type: routers) to 2 [pid: 7|app: 0|req: 654/1306] 10.0.0.139 () {34 vars in 669 bytes} [Thu Apr 2 18:08:50 2026] POST /v2.0/routers => generated 951 bytes in 1587 msecs (HTTP/1.1 201) 4 headers in 162 bytes (1 switches on core 0) [pid: 7|app: 0|req: 655/1307] 10.0.0.51 () {34 vars in 981 bytes} [Thu Apr 2 18:08:52 2026] GET /v2.0/networks?id=0f0a014d-33fd-46f3-924d-fc68dcef0983 => generated 709 bytes in 67 msecs (HTTP/1.1 200) 4 headers in 157 bytes (1 switches on core 0)
2026-04-02 18:08:52.409 8 INFO neutron.db.ovn_revision_numbers_db [None req-7bcf9584-0ac2-4dcd-8f82-1e8d3c22c541 - - - - - -] Successfully bumped revision number for resource 428080ba-6d2c-4ec6-bda9-ab7d7769c162 (type: ports) to 6 [pid: 7|app: 0|req: 656/1308] 10.0.0.139 () {32 vars in 721 bytes} [Thu Apr 2 18:08:52 2026] GET /v2.0/routers/42bda801-f2d7-4df9-bf19-06d8a3ae9b9c => generated 957 bytes in 58 msecs (HTTP/1.1 200) 4 headers in 157 bytes (1 switches on core 0) [pid: 7|app: 0|req: 657/1309] 10.0.0.51 () {34 vars in 964 bytes} [Thu Apr 2 18:08:52 2026] GET /v2.0/quotas/663e20b6c1f94fbcb126fc493117d7d2 => generated 292 bytes in 10 msecs (HTTP/1.1 200) 4 headers in 157 bytes (1 switches on core 0) [pid: 7|app: 0|req: 658/1310] 10.0.0.139 () {32 vars in 647 bytes} [Thu Apr 2 18:08:52 2026] GET /v2.0/routers => generated 960 bytes in 94 msecs (HTTP/1.1 200) 4 headers in 157 bytes (1 switches on core 0)
2026-04-02 18:08:52.584 8 WARNING neutron.plugins.ml2.drivers.ovn.mech_driver.ovsdb.ovn_client [None req-740f8c7a-1b64-4a1d-8440-97e934cc2c04 - - - - - -] Logical_Switch_Port %s host information not removed, the port state is up [pid: 7|app: 0|req: 659/1311] 10.0.0.51 () {34 vars in 1001 bytes} [Thu Apr 2 18:08:52 2026] GET /v2.0/ports?tenant_id=663e20b6c1f94fbcb126fc493117d7d2&fields=id => generated 103 bytes in 77 msecs (HTTP/1.1 200) 4 headers in 157 bytes (1 switches on core 0)
2026-04-02 18:08:52.618 8 INFO neutron.plugins.ml2.drivers.ovn.mech_driver.mech_driver [None req-740f8c7a-1b64-4a1d-8440-97e934cc2c04 - - - - - -] OVN reports status up for port: 428080ba-6d2c-4ec6-bda9-ab7d7769c162
2026-04-02 18:08:52.641 8 INFO neutron_taas.services.taas.taas_plugin [None req-c6def086-f1f2-4c57-8613-601bad32c614 98bb09e1ccb746b68d809229e43b3d20 d3bad4e76b1b49f4bed439d09aa57153 - - default default] TaaS: Handle Delete Port: 79d9166d-7d34-4bc7-8a39-206674ab193c
2026-04-02 18:08:52.645 8 INFO neutron_taas.services.taas.tap_mirror_plugin [None req-c6def086-f1f2-4c57-8613-601bad32c614 98bb09e1ccb746b68d809229e43b3d20 d3bad4e76b1b49f4bed439d09aa57153 - - default default] Tap Mirror: Handle Delete Port: 79d9166d-7d34-4bc7-8a39-206674ab193c
2026-04-02 18:08:52.646 8 INFO neutron.plugins.ml2.plugin [None req-740f8c7a-1b64-4a1d-8440-97e934cc2c04 - - - - - -] Attempt 1 to provision port 428080ba-6d2c-4ec6-bda9-ab7d7769c162
2026-04-02 18:08:53.064 7 INFO neutron.db.ovn_revision_numbers_db [None req-4ea498a5-9640-49fe-871f-bbbbac030f73 d775b21406194af391f0508f7c7a910d 3f085f30db16452f92c78875ebf82116 - - default default] Successfully bumped revision number for resource 42bda801-f2d7-4df9-bf19-06d8a3ae9b9c (type: routers) to 3 [pid: 7|app: 0|req: 660/1312] 10.0.0.139 () {34 vars in 741 bytes} [Thu Apr 2 18:08:52 2026] PUT /v2.0/routers/42bda801-f2d7-4df9-bf19-06d8a3ae9b9c => generated 964 bytes in 467 msecs (HTTP/1.1 200) 4 headers in 157 bytes (1 switches on core 0) [pid: 7|app: 0|req: 661/1313] 10.0.0.51 () {34 vars in 1007 bytes} [Thu Apr 2 18:08:53 2026] GET /v2.0/networks/0f0a014d-33fd-46f3-924d-fc68dcef0983?fields=segments => generated 14 bytes in 49 msecs (HTTP/1.1 200) 4 headers in 156 bytes (1 switches on core 0) [pid: 7|app: 0|req: 662/1314] 10.0.0.51 () {34 vars in 989 bytes} [Thu Apr 2 18:08:53 2026] GET /v2.0/ports?device_id=36e7a268-95ac-4140-955f-6d1d7bd38ff9 => generated 12 bytes in 18 msecs (HTTP/1.1 200) 4 headers in 156 bytes (1 switches on core 0) [pid: 7|app: 0|req: 663/1315] 10.0.0.139 () {32 vars in 721 bytes} [Thu Apr 2 18:08:53 2026] GET /v2.0/routers/42bda801-f2d7-4df9-bf19-06d8a3ae9b9c => generated 964 bytes in 58 msecs (HTTP/1.1 200) 4 headers in 157 bytes (1 switches on core 0) [pid: 7|app: 0|req: 664/1316] 10.0.0.51 () {34 vars in 1107 bytes} [Thu Apr 2 18:08:53 2026] GET /v2.0/networks/0f0a014d-33fd-46f3-924d-fc68dcef0983?fields=provider%3Aphysical_network&fields=provider%3Anetwork_type => generated 79 bytes in 39 msecs (HTTP/1.1 200) 4 headers in 156 bytes (1 switches on core 0) [pid: 7|app: 0|req: 665/1317] 10.0.0.139 () {32 vars in 736 bytes} [Thu Apr 2 18:08:53 2026] GET /v2.0/ports?device_id=42bda801-f2d7-4df9-bf19-06d8a3ae9b9c => generated 12 bytes in 20 msecs (HTTP/1.1 200) 4 headers in 156 bytes (1 switches on core 0)
2026-04-02 18:08:53.381 8 INFO neutron.db.ovn_revision_numbers_db [None req-740f8c7a-1b64-4a1d-8440-97e934cc2c04 - - - - - -] Successfully bumped revision number for resource 428080ba-6d2c-4ec6-bda9-ab7d7769c162 (type: ports) to 7 [pid: 8|app: 0|req: 653/1318] 10.0.0.139 () {32 vars in 724 bytes} [Thu Apr 2 18:08:51 2026] DELETE /v2.0/routers/2d223775-5875-4df9-ad2f-ddb79d1a33d4 => generated 0 bytes in 1539 msecs (HTTP/1.1 204) 2 headers in 112 bytes (1 switches on core 0) /var/lib/openstack/lib/python3.12/site-packages/pycadf/identifier.py:70: UserWarning: Invalid uuid: neutron. To ensure interoperability, identifiers should be a valid uuid. warnings.warn(('Invalid uuid: %s. To ensure interoperability, ' [pid: 8|app: 0|req: 654/1319] 10.0.0.51 () {34 vars in 989 bytes} [Thu Apr 2 18:08:53 2026] GET /v2.0/ports?device_id=f4c0f4b9-194c-4c00-a1c6-a1d1461fc137 => generated 12 bytes in 39 msecs (HTTP/1.1 200) 4 headers in 156 bytes (1 switches on core 0)
2026-04-02 18:08:53.592 8 INFO neutron.plugins.ml2.drivers.ovn.mech_driver.mech_driver [None req-07d7fa14-9ccf-406e-a151-ca2868cf9954 - - - - - -] OVN reports status down for port: ff62e671-e841-4224-aeed-9a6343657712
2026-04-02 18:08:53.611 7 INFO neutron_taas.services.taas.taas_plugin [None req-e4118515-7f35-4b9b-84c2-021679f98e73 d775b21406194af391f0508f7c7a910d 3f085f30db16452f92c78875ebf82116 - - default default] TaaS: Handle Delete Port: f3a84abd-c03f-4d8c-9fcc-a92f2ee889e2
2026-04-02 18:08:53.614 7 INFO neutron_taas.services.taas.tap_mirror_plugin [None req-e4118515-7f35-4b9b-84c2-021679f98e73 d775b21406194af391f0508f7c7a910d 3f085f30db16452f92c78875ebf82116 - - default default] Tap Mirror: Handle Delete Port: f3a84abd-c03f-4d8c-9fcc-a92f2ee889e2
2026-04-02 18:08:53.733 8 WARNING neutron.plugins.ml2.drivers.ovn.mech_driver.ovsdb.ovn_client [None req-07d7fa14-9ccf-406e-a151-ca2868cf9954 - - - - - -] Logical_Switch_Port %s host information not removed, the port state is up
2026-04-02 18:08:53.735 8 INFO neutron.plugins.ml2.drivers.ovn.mech_driver.mech_driver [None req-07d7fa14-9ccf-406e-a151-ca2868cf9954 - - - - - -] OVN reports status up for port: ff62e671-e841-4224-aeed-9a6343657712
2026-04-02 18:08:53.755 8 INFO neutron.plugins.ml2.plugin [None req-07d7fa14-9ccf-406e-a151-ca2868cf9954 - - - - - -] Attempt 1 to provision port ff62e671-e841-4224-aeed-9a6343657712 [pid: 8|app: 0|req: 655/1320] 10.0.0.139 () {32 vars in 724 bytes} [Thu Apr 2 18:08:53 2026] DELETE /v2.0/subnets/1dbb0b27-bf56-45cc-870e-bc39f2cc26fc => generated 0 bytes in 337 msecs (HTTP/1.1 204) 3 headers in 131 bytes (1 switches on core 0) [pid: 7|app: 0|req: 666/1321] 10.0.0.139 () {32 vars in 724 bytes} [Thu Apr 2 18:08:53 2026] DELETE /v2.0/routers/42bda801-f2d7-4df9-bf19-06d8a3ae9b9c => generated 0 bytes in 749 msecs (HTTP/1.1 204) 2 headers in 112 bytes (1 switches on core 0) [pid: 7|app: 0|req: 667/1322] 10.0.0.139 () {32 vars in 736 bytes} [Thu Apr 2 18:08:54 2026] GET /v2.0/ports?device_id=42bda801-f2d7-4df9-bf19-06d8a3ae9b9c => generated 12 bytes in 28 msecs (HTTP/1.1 200) 4 headers in 156 bytes (1 switches on core 0)
2026-04-02 18:08:54.074 7 INFO neutron.api.v2.resource [None req-99f3e8f4-e26f-4850-bd9d-e36a074d1d8d d775b21406194af391f0508f7c7a910d 3f085f30db16452f92c78875ebf82116 - - default default] delete failed (client error): The resource could not be found. [pid: 7|app: 0|req: 668/1323] 10.0.0.139 () {32 vars in 724 bytes} [Thu Apr 2 18:08:54 2026] DELETE /v2.0/routers/42bda801-f2d7-4df9-bf19-06d8a3ae9b9c => generated 135 bytes in 21 msecs (HTTP/1.1 404) 4 headers in 164 bytes (1 switches on core 0) [pid: 7|app: 0|req: 669/1324] 10.0.0.139 () {32 vars in 736 bytes} [Thu Apr 2 18:08:54 2026] GET /v2.0/ports?device_id=258459f7-c8f6-45f4-9ece-70098b250deb => generated 12 bytes in 23 msecs (HTTP/1.1 200) 4 headers in 156 bytes (1 switches on core 0)
2026-04-02 18:08:54.125 8 INFO neutron_taas.services.taas.taas_plugin [None req-74e21e4f-3790-4f08-a017-db070999503c 98bb09e1ccb746b68d809229e43b3d20 d3bad4e76b1b49f4bed439d09aa57153 - - default default] TaaS: Handle Delete Port: 5d08df3b-b3ab-4540-95aa-252f97300eac
2026-04-02 18:08:54.127 7 INFO neutron.api.v2.resource [None req-3305eeb7-ae9b-4658-93d3-5c9b611220aa d775b21406194af391f0508f7c7a910d 3f085f30db16452f92c78875ebf82116 - - default default] delete failed (client error): The resource could not be found. [pid: 7|app: 0|req: 670/1325] 10.0.0.139 () {32 vars in 724 bytes} [Thu Apr 2 18:08:54 2026] DELETE /v2.0/routers/258459f7-c8f6-45f4-9ece-70098b250deb => generated 135 bytes in 20 msecs (HTTP/1.1 404) 4 headers in 164 bytes (1 switches on core 0)
2026-04-02 18:08:54.134 8 INFO neutron_taas.services.taas.tap_mirror_plugin [None req-74e21e4f-3790-4f08-a017-db070999503c 98bb09e1ccb746b68d809229e43b3d20 d3bad4e76b1b49f4bed439d09aa57153 - - default default] Tap Mirror: Handle Delete Port: 5d08df3b-b3ab-4540-95aa-252f97300eac
2026-04-02 18:08:54.150 7 INFO neutron.pecan_wsgi.hooks.translation [None req-5edf2474-630f-40e1-890e-75c9dc041d3c d775b21406194af391f0508f7c7a910d 3f085f30db16452f92c78875ebf82116 - - default default] DELETE failed (client error): The resource could not be found. [pid: 7|app: 0|req: 671/1326] 10.0.0.139 () {32 vars in 724 bytes} [Thu Apr 2 18:08:54 2026] DELETE /v2.0/subnets/7cc03f84-1185-46df-a65d-95313dbd7693 => generated 136 bytes in 19 msecs (HTTP/1.1 404) 4 headers in 164 bytes (1 switches on core 0) [pid: 7|app: 0|req: 672/1327] 10.0.0.139 () {32 vars in 736 bytes} [Thu Apr 2 18:08:54 2026] GET /v2.0/ports?device_id=5c24831e-ac0d-44fa-83f9-87e378165b16 => generated 12 bytes in 22 msecs (HTTP/1.1 200) 4 headers in 156 bytes (1 switches on core 0)
2026-04-02 18:08:54.203 7 INFO neutron.api.v2.resource [None req-26ff0fc7-880d-420b-b16a-ccf5a79076af d775b21406194af391f0508f7c7a910d 3f085f30db16452f92c78875ebf82116 - - default default] delete failed (client error): The resource could not be found. [pid: 7|app: 0|req: 673/1328] 10.0.0.139 () {32 vars in 724 bytes} [Thu Apr 2 18:08:54 2026] DELETE /v2.0/routers/5c24831e-ac0d-44fa-83f9-87e378165b16 => generated 135 bytes in 19 msecs (HTTP/1.1 404) 4 headers in 164 bytes (1 switches on core 0) [pid: 7|app: 0|req: 674/1329] 10.0.0.51 () {34 vars in 989 bytes} [Thu Apr 2 18:08:54 2026] GET /v2.0/ports?device_id=36e7a268-95ac-4140-955f-6d1d7bd38ff9 => generated 12 bytes in 21 msecs (HTTP/1.1 200) 4 headers in 156 bytes (1 switches on core 0)
2026-04-02 18:08:54.247 7 INFO neutron.pecan_wsgi.hooks.translation [None req-01aed5c3-43de-42dc-9922-610e3ef5ee68 d775b21406194af391f0508f7c7a910d 3f085f30db16452f92c78875ebf82116 - - default default] DELETE failed (client error): The resource could not be found. [pid: 7|app: 0|req: 675/1330] 10.0.0.139 () {32 vars in 724 bytes} [Thu Apr 2 18:08:54 2026] DELETE /v2.0/subnets/97fcdd7e-7db0-4d3d-9175-a06703a975b0 => generated 136 bytes in 20 msecs (HTTP/1.1 404) 4 headers in 164 bytes (1 switches on core 0) [pid: 7|app: 0|req: 676/1331] 10.0.0.139 () {32 vars in 736 bytes} [Thu Apr 2 18:08:54 2026] GET /v2.0/ports?device_id=2dd2f96b-734c-43b5-8cd9-ad0d507448f7 => generated 12 bytes in 31 msecs (HTTP/1.1 200) 4 headers in 156 bytes (1 switches on core 0)
2026-04-02 18:08:54.307 7 INFO neutron.api.v2.resource [None req-749b038c-6919-4620-88c9-03d0175ae848 d775b21406194af391f0508f7c7a910d 3f085f30db16452f92c78875ebf82116 - - default default] delete failed (client error): The resource could not be found. [pid: 7|app: 0|req: 677/1332] 10.0.0.139 () {32 vars in 724 bytes} [Thu Apr 2 18:08:54 2026] DELETE /v2.0/routers/2dd2f96b-734c-43b5-8cd9-ad0d507448f7 => generated 135 bytes in 17 msecs (HTTP/1.1 404) 4 headers in 164 bytes (1 switches on core 0)
2026-04-02 18:08:54.328 7 INFO neutron.pecan_wsgi.hooks.translation [None req-ac4f17b8-264b-4e3d-aef3-7a953853b184 d775b21406194af391f0508f7c7a910d 3f085f30db16452f92c78875ebf82116 - - default default] DELETE failed (client error): The resource could not be found. [pid: 7|app: 0|req: 678/1333] 10.0.0.139 () {32 vars in 724 bytes} [Thu Apr 2 18:08:54 2026] DELETE /v2.0/subnets/94d13608-d428-487a-a004-ce90f5472a15 => generated 136 bytes in 21 msecs (HTTP/1.1 404) 4 headers in 164 bytes (1 switches on core 0)
2026-04-02 18:08:54.352 7 INFO neutron.pecan_wsgi.hooks.translation [None req-eeebdfa7-b8c4-4952-9785-66b812373b37 d775b21406194af391f0508f7c7a910d 3f085f30db16452f92c78875ebf82116 - - default default] DELETE failed (client error): The resource could not be found. [pid: 7|app: 0|req: 679/1334] 10.0.0.139 () {32 vars in 724 bytes} [Thu Apr 2 18:08:54 2026] DELETE /v2.0/subnets/a970d18a-6702-43d0-bd9c-c78e24967fa6 => generated 136 bytes in 20 msecs (HTTP/1.1 404) 4 headers in 164 bytes (1 switches on core 0)
2026-04-02 18:08:54.440 8 INFO neutron.services.segments.plugin [-] Segment db36ed21-e39e-4454-ad73-e3517c2ad317 resource provider aggregate not found
2026-04-02 18:08:54.447 8 INFO neutron.services.segments.plugin [-] Segment db36ed21-e39e-4454-ad73-e3517c2ad317 resource provider aggregate not found
