2026-04-02 18:08:05.039 8 INFO neutron.services.segments.plugin [-] Segment 09b7a75c-5b31-43ff-a20d-ef1b27ad0962 resource provider not found; error: Placement Client Error (4xx): {"errors": [{"status": 404, "title": "Not Found", "detail": "The resource could not be found.\n\n No resource provider with uuid 09b7a75c-5b31-43ff-a20d-ef1b27ad0962 found for delete ", "request_id": "req-a75e0b06-0f37-4886-a01a-24c98f9b0c03"}]}
2026-04-02 18:08:05.044 8 INFO neutron.services.segments.plugin [-] Segment 09b7a75c-5b31-43ff-a20d-ef1b27ad0962 resource provider not found; error: Placement Client Error (4xx): {"errors": [{"status": 404, "title": "Not Found", "detail": "The resource could not be found.\n\n No resource provider with uuid 09b7a75c-5b31-43ff-a20d-ef1b27ad0962 found for delete ", "request_id": "req-63f44ce3-546a-473b-9c5a-2bf22141ed55"}]} [pid: 8|app: 0|req: 493/987] 10.0.0.139 () {32 vars in 726 bytes} [Thu Apr 2 18:08:04 2026] DELETE /v2.0/networks/765f9315-2577-42db-9d99-600d8255e7d2 => generated 0 bytes in 417 msecs (HTTP/1.1 204) 3 headers in 131 bytes (1 switches on core 0)
2026-04-02 18:08:05.193 8 INFO neutron_taas.services.taas.taas_plugin [None req-8936af02-55a3-48c2-af5e-b92c6316957d 699ca9b51e214b5893f3b5a51b3f2bc2 adc717a2d5cb4f9a9d543adc5b35dcba - - default default] TaaS: Handle Delete Port: e97ea5c8-5a4b-423a-b113-efb5a1a5160b
2026-04-02 18:08:05.195 8 INFO neutron_taas.services.taas.tap_mirror_plugin [None req-8936af02-55a3-48c2-af5e-b92c6316957d 699ca9b51e214b5893f3b5a51b3f2bc2 adc717a2d5cb4f9a9d543adc5b35dcba - - default default] Tap Mirror: Handle Delete Port: e97ea5c8-5a4b-423a-b113-efb5a1a5160b /var/lib/openstack/lib/python3.12/site-packages/pycadf/identifier.py:70: UserWarning: Invalid uuid: neutron. To ensure interoperability, identifiers should be a valid uuid. warnings.warn(('Invalid uuid: %s. To ensure interoperability, ' [pid: 7|app: 0|req: 495/988] 10.0.0.179 () {34 vars in 990 bytes} [Thu Apr 2 18:08:04 2026] GET /v2.0/ports?device_id=5a369241-ee6b-4c08-9d85-890e5ef75bf6 => generated 1209 bytes in 326 msecs (HTTP/1.1 200) 4 headers in 158 bytes (1 switches on core 0) [pid: 7|app: 0|req: 496/989] 10.0.0.179 () {34 vars in 1040 bytes} [Thu Apr 2 18:08:05 2026] GET /v2.0/security-groups?id=2ea34218-696e-40e4-a486-404f0e96a29b&fields=id&fields=name => generated 114 bytes in 52 msecs (HTTP/1.1 200) 4 headers in 157 bytes (1 switches on core 0) [pid: 8|app: 0|req: 494/990] 10.0.0.139 () {32 vars in 726 bytes} [Thu Apr 2 18:08:05 2026] DELETE /v2.0/networks/7e3ac818-76bb-4283-a6af-625bc858a98b => generated 0 bytes in 356 msecs (HTTP/1.1 204) 3 headers in 131 bytes (1 switches on core 0)
2026-04-02 18:08:05.554 7 INFO neutron_taas.services.taas.taas_plugin [None req-7eb13a00-2903-4e07-907e-eaaab03b867d 699ca9b51e214b5893f3b5a51b3f2bc2 adc717a2d5cb4f9a9d543adc5b35dcba - - default default] TaaS: Handle Delete Port: d9cc1132-1b1b-4812-a2a0-d3bb5587bca3
2026-04-02 18:08:05.558 7 INFO neutron_taas.services.taas.tap_mirror_plugin [None req-7eb13a00-2903-4e07-907e-eaaab03b867d 699ca9b51e214b5893f3b5a51b3f2bc2 adc717a2d5cb4f9a9d543adc5b35dcba - - default default] Tap Mirror: Handle Delete Port: d9cc1132-1b1b-4812-a2a0-d3bb5587bca3 [pid: 8|app: 0|req: 495/991] 10.0.0.51 () {34 vars in 989 bytes} [Thu Apr 2 18:08:05 2026] GET /v2.0/ports?device_id=da62fd15-643d-43d1-9ac6-6d0e9978349f => generated 12 bytes in 27 msecs (HTTP/1.1 200) 4 headers in 156 bytes (1 switches on core 0) [pid: 7|app: 0|req: 497/992] 10.0.0.139 () {32 vars in 726 bytes} [Thu Apr 2 18:08:05 2026] DELETE /v2.0/networks/987870f6-f948-4c80-ac0e-fbd5368032c8 => generated 0 bytes in 371 msecs (HTTP/1.1 204) 3 headers in 131 bytes (1 switches on core 0)
2026-04-02 18:08:06.341 7 INFO neutron.services.segments.plugin [-] Segment 228695f6-558f-4d23-a715-25337e5a8727 resource provider aggregate not found
2026-04-02 18:08:06.345 7 INFO neutron.services.segments.plugin [-] Segment 228695f6-558f-4d23-a715-25337e5a8727 resource provider aggregate not found
2026-04-02 18:08:06.361 7 INFO neutron.services.segments.plugin [-] Segment 228695f6-558f-4d23-a715-25337e5a8727 resource provider not found; error: Placement Client Error (4xx): {"errors": [{"status": 404, "title": "Not Found", "detail": "The resource could not be found.\n\n No resource provider with uuid 228695f6-558f-4d23-a715-25337e5a8727 found for delete ", "request_id": "req-818ddfc6-2d08-4f3d-bb63-a3ff221e7698"}]}
2026-04-02 18:08:06.365 7 INFO neutron.services.segments.plugin [-] Segment 228695f6-558f-4d23-a715-25337e5a8727 resource provider not found; error: Placement Client Error (4xx): {"errors": [{"status": 404, "title": "Not Found", "detail": "The resource could not be found.\n\n No resource provider with uuid 228695f6-558f-4d23-a715-25337e5a8727 found for delete ", "request_id": "req-b72fdf54-aa57-4b1c-965c-e8f4f9c0fa69"}]} [pid: 8|app: 0|req: 496/993] 10.0.0.139 () {32 vars in 774 bytes} [Thu Apr 2 18:08:06 2026] GET /v2.0/security-groups?tenant_id=adc717a2d5cb4f9a9d543adc5b35dcba&name=default => generated 2925 bytes in 180 msecs (HTTP/1.1 200) 4 headers in 158 bytes (1 switches on core 0)
2026-04-02 18:08:06.698 8 INFO neutron.db.ovn_revision_numbers_db [None req-0b5079e0-add1-40ef-a7d5-b00d74c8b1d9 1c5891d64d66489396caea40b7a82b12 632db8bc5db54214a4fc0493a35db205 - - default default] Successfully bumped revision number for resource e41a33ce-8772-48a8-8359-0a3e6f9d8926 (type: security_groups) to 1
2026-04-02 18:08:06.716 8 INFO neutron.db.ovn_revision_numbers_db [None req-0b5079e0-add1-40ef-a7d5-b00d74c8b1d9 1c5891d64d66489396caea40b7a82b12 632db8bc5db54214a4fc0493a35db205 - - default default] Successfully bumped revision number for resource 07f493dd-b269-4a58-bd00-87e4152cc2e8 (type: security_group_rules) to 0 [pid: 7|app: 0|req: 498/994] 10.0.0.139 () {32 vars in 740 bytes} [Thu Apr 2 18:08:06 2026] DELETE /v2.0/security-groups/bb98ce6c-f42d-423d-9780-eda307812392 => generated 0 bytes in 249 msecs (HTTP/1.1 204) 2 headers in 112 bytes (1 switches on core 0)
2026-04-02 18:08:06.733 8 INFO neutron.db.ovn_revision_numbers_db [None req-0b5079e0-add1-40ef-a7d5-b00d74c8b1d9 1c5891d64d66489396caea40b7a82b12 632db8bc5db54214a4fc0493a35db205 - - default default] Successfully bumped revision number for resource 0a444b80-9a99-4bdb-a1a2-d8f971636e73 (type: security_group_rules) to 0
2026-04-02 18:08:06.747 8 INFO neutron.db.ovn_revision_numbers_db [None req-0b5079e0-add1-40ef-a7d5-b00d74c8b1d9 1c5891d64d66489396caea40b7a82b12 632db8bc5db54214a4fc0493a35db205 - - default default] Successfully bumped revision number for resource 0f3d49f4-8d5f-4a25-a49f-38bd58a0448d (type: security_group_rules) to 0
2026-04-02 18:08:06.761 8 INFO neutron.db.ovn_revision_numbers_db [None req-0b5079e0-add1-40ef-a7d5-b00d74c8b1d9 1c5891d64d66489396caea40b7a82b12 632db8bc5db54214a4fc0493a35db205 - - default default] Successfully bumped revision number for resource dfd93c0a-a2f0-4091-9ab7-70145eba3a1f (type: security_group_rules) to 0 [pid: 7|app: 0|req: 499/995] 10.0.0.51 () {34 vars in 989 bytes} [Thu Apr 2 18:08:06 2026] GET /v2.0/ports?device_id=5a369241-ee6b-4c08-9d85-890e5ef75bf6 => generated 971 bytes in 92 msecs (HTTP/1.1 200) 4 headers in 157 bytes (1 switches on core 0) [pid: 7|app: 0|req: 500/996] 10.0.0.51 () {34 vars in 989 bytes} [Thu Apr 2 18:08:06 2026] GET /v2.0/ports?device_id=da62fd15-643d-43d1-9ac6-6d0e9978349f => generated 12 bytes in 21 msecs (HTTP/1.1 200) 4 headers in 156 bytes (1 switches on core 0)
2026-04-02 18:08:06.849 8 INFO neutron.db.segments_db [None req-0b5079e0-add1-40ef-a7d5-b00d74c8b1d9 1c5891d64d66489396caea40b7a82b12 632db8bc5db54214a4fc0493a35db205 - - default default] Added segment 9d25f166-c445-4f23-92cc-43528d21af44 of type geneve for network 060db41d-3374-4334-8872-3f2924dd3d7f [pid: 7|app: 0|req: 501/997] 10.0.0.51 () {34 vars in 970 bytes} [Thu Apr 2 18:08:06 2026] GET /v2.0/ports/53e6e003-fde5-467d-86a2-5233b00b21cd => generated 968 bytes in 42 msecs (HTTP/1.1 200) 4 headers in 157 bytes (1 switches on core 0)
2026-04-02 18:08:06.936 7 INFO neutron.notifiers.nova [-] Nova event matching ['req-0f64e678-484a-42b1-bf97-3af86b96052b'] response: {'server_uuid': 'da62fd15-643d-43d1-9ac6-6d0e9978349f', 'name': 'network-vif-deleted', 'tag': '0462609f-0c4e-4225-a6a0-6f1f4912d951', 'status': 'completed', 'code': 200}
2026-04-02 18:08:07.001 8 INFO neutron.db.ovn_revision_numbers_db [None req-0b5079e0-add1-40ef-a7d5-b00d74c8b1d9 1c5891d64d66489396caea40b7a82b12 632db8bc5db54214a4fc0493a35db205 - - default default] Successfully bumped revision number for resource 060db41d-3374-4334-8872-3f2924dd3d7f (type: networks) to 1
2026-04-02 18:08:07.081 8 INFO neutron.services.segments.plugin [-] Segment cdd1770f-2b8b-48ca-8494-6bb0fb022a46 resource provider aggregate not found
2026-04-02 18:08:07.085 8 INFO neutron.services.segments.plugin [-] Segment cdd1770f-2b8b-48ca-8494-6bb0fb022a46 resource provider aggregate not found
2026-04-02 18:08:07.099 8 INFO neutron.services.segments.plugin [-] Segment cdd1770f-2b8b-48ca-8494-6bb0fb022a46 resource provider not found; error: Placement Client Error (4xx): {"errors": [{"status": 404, "title": "Not Found", "detail": "The resource could not be found.\n\n No resource provider with uuid cdd1770f-2b8b-48ca-8494-6bb0fb022a46 found for delete ", "request_id": "req-f2df8d76-22ae-408a-9878-7e619c8d63bc"}]}
2026-04-02 18:08:07.100 8 INFO neutron.services.segments.plugin [-] Segment cdd1770f-2b8b-48ca-8494-6bb0fb022a46 resource provider not found; error: Placement Client Error (4xx): {"errors": [{"status": 404, "title": "Not Found", "detail": "The resource could not be found.\n\n No resource provider with uuid cdd1770f-2b8b-48ca-8494-6bb0fb022a46 found for delete ", "request_id": "req-e8b761c5-3aea-4b13-a1b4-1c9ca1f14ecd"}]}
2026-04-02 18:08:07.202 8 WARNING neutron.scheduler.dhcp_agent_scheduler [None req-0b5079e0-add1-40ef-a7d5-b00d74c8b1d9 1c5891d64d66489396caea40b7a82b12 632db8bc5db54214a4fc0493a35db205 - - default default] No more DHCP agents
2026-04-02 18:08:07.204 8 WARNING neutron.api.rpc.agentnotifiers.dhcp_rpc_agent_api [None req-0b5079e0-add1-40ef-a7d5-b00d74c8b1d9 1c5891d64d66489396caea40b7a82b12 632db8bc5db54214a4fc0493a35db205 - - default default] Unable to schedule network 060db41d-3374-4334-8872-3f2924dd3d7f: no agents available; will retry on subsequent port and subnet creation events.
2026-04-02 18:08:07.254 7 INFO neutron.plugins.ml2.drivers.ovn.mech_driver.mech_driver [None req-1deee1eb-a564-4e10-87c6-33200596df37 - - - - - -] OVN reports status down for port: 7b349541-9227-4954-97cd-c6bcf11ebc34
2026-04-02 18:08:07.306 8 INFO neutron.db.ovn_revision_numbers_db [None req-0b5079e0-add1-40ef-a7d5-b00d74c8b1d9 1c5891d64d66489396caea40b7a82b12 632db8bc5db54214a4fc0493a35db205 - - default default] Successfully bumped revision number for resource 7b349541-9227-4954-97cd-c6bcf11ebc34 (type: ports) to 1 [pid: 8|app: 0|req: 497/998] 10.0.0.139 () {34 vars in 670 bytes} [Thu Apr 2 18:08:06 2026] POST /v2.0/networks => generated 667 bytes in 836 msecs (HTTP/1.1 201) 4 headers in 162 bytes (1 switches on core 0) [pid: 8|app: 0|req: 498/999] 199.19.213.21 () {34 vars in 999 bytes} [Thu Apr 2 18:08:07 2026] GET /v2.0/subnets?network_id=da29ef95-ad65-48c6-bf23-eb1f87415ede => generated 682 bytes in 42 msecs (HTTP/1.1 200) 4 headers in 157 bytes (1 switches on core 0)
2026-04-02 18:08:07.675 7 WARNING neutron.scheduler.dhcp_agent_scheduler [None req-38cb29e2-8ece-42aa-b787-c01d38e34762 1c5891d64d66489396caea40b7a82b12 632db8bc5db54214a4fc0493a35db205 - - default default] No more DHCP agents
2026-04-02 18:08:07.677 7 WARNING neutron.api.rpc.agentnotifiers.dhcp_rpc_agent_api [None req-38cb29e2-8ece-42aa-b787-c01d38e34762 1c5891d64d66489396caea40b7a82b12 632db8bc5db54214a4fc0493a35db205 - - default default] Unable to schedule network 060db41d-3374-4334-8872-3f2924dd3d7f: no agents available; will retry on subsequent port and subnet creation events.
2026-04-02 18:08:07.765 7 INFO neutron.plugins.ml2.drivers.ovn.mech_driver.mech_driver [None req-1deee1eb-a564-4e10-87c6-33200596df37 - - - - - -] OVN reports status down for port: a3c09f52-67d6-4594-8544-73e4f37da00d [pid: 8|app: 0|req: 499/1000] 199.19.213.21 () {34 vars in 1145 bytes} [Thu Apr 2 18:08:07 2026] GET /v2.0/ports?device_id=5a369241-ee6b-4c08-9d85-890e5ef75bf6&device_owner=compute%3Anova&network_id=da29ef95-ad65-48c6-bf23-eb1f87415ede => generated 971 bytes in 173 msecs (HTTP/1.1 200) 4 headers in 157 bytes (1 switches on core 0)
2026-04-02 18:08:07.827 7 INFO neutron.db.ovn_revision_numbers_db [None req-38cb29e2-8ece-42aa-b787-c01d38e34762 1c5891d64d66489396caea40b7a82b12 632db8bc5db54214a4fc0493a35db205 - - default default] Successfully bumped revision number for resource a3c09f52-67d6-4594-8544-73e4f37da00d (type: ports) to 1 [pid: 7|app: 0|req: 502/1001] 10.0.0.139 () {34 vars in 665 bytes} [Thu Apr 2 18:08:07 2026] POST /v2.0/ports => generated 779 bytes in 599 msecs (HTTP/1.1 201) 4 headers in 162 bytes (1 switches on core 0) /var/lib/openstack/lib/python3.12/site-packages/pycadf/identifier.py:70: UserWarning: Invalid uuid: neutron. To ensure interoperability, identifiers should be a valid uuid. warnings.warn(('Invalid uuid: %s. To ensure interoperability, ' [pid: 7|app: 0|req: 503/1002] 10.0.0.51 () {34 vars in 989 bytes} [Thu Apr 2 18:08:07 2026] GET /v2.0/ports?device_id=da62fd15-643d-43d1-9ac6-6d0e9978349f => generated 12 bytes in 23 msecs (HTTP/1.1 200) 4 headers in 156 bytes (1 switches on core 0)
2026-04-02 18:08:08.066 7 INFO neutron.db.segments_db [None req-c0f6a90e-568f-4681-a6cc-8ca317216a39 1c5891d64d66489396caea40b7a82b12 632db8bc5db54214a4fc0493a35db205 - - default default] Added segment c5f6a2f2-f305-4760-9424-8b4f69b024b0 of type geneve for network 3892f8be-bfa1-4622-af96-a506d31bbb4f
2026-04-02 18:08:08.219 7 INFO neutron.db.ovn_revision_numbers_db [None req-c0f6a90e-568f-4681-a6cc-8ca317216a39 1c5891d64d66489396caea40b7a82b12 632db8bc5db54214a4fc0493a35db205 - - default default] Successfully bumped revision number for resource 3892f8be-bfa1-4622-af96-a506d31bbb4f (type: networks) to 1
2026-04-02 18:08:08.418 7 WARNING neutron.scheduler.dhcp_agent_scheduler [None req-c0f6a90e-568f-4681-a6cc-8ca317216a39 1c5891d64d66489396caea40b7a82b12 632db8bc5db54214a4fc0493a35db205 - - default default] No more DHCP agents
2026-04-02 18:08:08.419 7 WARNING neutron.api.rpc.agentnotifiers.dhcp_rpc_agent_api [None req-c0f6a90e-568f-4681-a6cc-8ca317216a39 1c5891d64d66489396caea40b7a82b12 632db8bc5db54214a4fc0493a35db205 - - default default] Unable to schedule network 3892f8be-bfa1-4622-af96-a506d31bbb4f: no agents available; will retry on subsequent port and subnet creation events.
2026-04-02 18:08:08.429 8 INFO neutron.db.ovn_revision_numbers_db [req-22b6caa6-8778-4f4d-81ba-150f992b0fb9 req-429b204d-d4a5-48c7-ab43-0a9844aa4bce c9a4fcee92e0489f95317b21ced95433 7069b1653313452fa57ab0f6ab2c1447 - - default default] Successfully bumped revision number for resource 53e6e003-fde5-467d-86a2-5233b00b21cd (type: ports) to 6 [pid: 8|app: 0|req: 500/1003] 199.19.213.21 () {38 vars in 1027 bytes} [Thu Apr 2 18:08:07 2026] PUT /v2.0/ports/53e6e003-fde5-467d-86a2-5233b00b21cd => generated 1149 bytes in 636 msecs (HTTP/1.1 200) 4 headers in 158 bytes (1 switches on core 0)
2026-04-02 18:08:08.479 8 INFO neutron.notifiers.nova [-] Nova event matching ['req-43ef9a2d-3f9b-4603-bd69-0b32834e4830'] response: {'name': 'network-changed', 'server_uuid': '5a369241-ee6b-4c08-9d85-890e5ef75bf6', 'tag': '53e6e003-fde5-467d-86a2-5233b00b21cd', 'status': 'completed', 'code': 200}
2026-04-02 18:08:08.481 8 INFO neutron.plugins.ml2.drivers.ovn.mech_driver.mech_driver [None req-1f868103-0dca-4d18-9a31-0b01aa716e96 - - - - - -] OVN reports status down for port: 266db22b-bf28-47a5-8316-72f24897c725
2026-04-02 18:08:08.504 7 INFO neutron.db.ovn_revision_numbers_db [None req-c0f6a90e-568f-4681-a6cc-8ca317216a39 1c5891d64d66489396caea40b7a82b12 632db8bc5db54214a4fc0493a35db205 - - default default] Successfully bumped revision number for resource 266db22b-bf28-47a5-8316-72f24897c725 (type: ports) to 1 [pid: 7|app: 0|req: 504/1004] 10.0.0.139 () {34 vars in 670 bytes} [Thu Apr 2 18:08:07 2026] POST /v2.0/networks => generated 655 bytes in 565 msecs (HTTP/1.1 201) 4 headers in 162 bytes (1 switches on core 0) /var/lib/openstack/lib/python3.12/site-packages/pycadf/identifier.py:70: UserWarning: Invalid uuid: neutron. To ensure interoperability, identifiers should be a valid uuid. warnings.warn(('Invalid uuid: %s. To ensure interoperability, '
2026-04-02 18:08:08.727 7 WARNING neutron.scheduler.dhcp_agent_scheduler [None req-503865c2-131a-4283-b751-9eec023231c9 1c5891d64d66489396caea40b7a82b12 632db8bc5db54214a4fc0493a35db205 - - default default] No more DHCP agents
2026-04-02 18:08:08.728 7 WARNING neutron.api.rpc.agentnotifiers.dhcp_rpc_agent_api [None req-503865c2-131a-4283-b751-9eec023231c9 1c5891d64d66489396caea40b7a82b12 632db8bc5db54214a4fc0493a35db205 - - default default] Unable to schedule network 3892f8be-bfa1-4622-af96-a506d31bbb4f: no agents available; will retry on subsequent port and subnet creation events.
2026-04-02 18:08:08.761 7 INFO neutron.db.ovn_revision_numbers_db [None req-503865c2-131a-4283-b751-9eec023231c9 1c5891d64d66489396caea40b7a82b12 632db8bc5db54214a4fc0493a35db205 - - default default] Successfully bumped revision number for resource 9e3ead5f-7891-4cb5-8624-178fbb98fece (type: subnets) to 0
2026-04-02 18:08:08.768 8 INFO neutron.db.ovn_revision_numbers_db [None req-78eeff9a-0a05-4d1a-87cd-c676db6f4696 31db859ac0a644edab6db90c32801048 eb4a6030c98b439081a710586a0094f2 - - default default] Successfully bumped revision number for resource a7520b0a-7153-4f11-b510-a5277c32d8bf (type: security_groups) to 1
2026-04-02 18:08:08.781 8 INFO neutron.db.ovn_revision_numbers_db [None req-78eeff9a-0a05-4d1a-87cd-c676db6f4696 31db859ac0a644edab6db90c32801048 eb4a6030c98b439081a710586a0094f2 - - default default] Successfully bumped revision number for resource 271ae8fa-bf4b-4d22-9fec-14ff3913b480 (type: security_group_rules) to 0 [pid: 7|app: 0|req: 505/1005] 10.0.0.139 () {34 vars in 669 bytes} [Thu Apr 2 18:08:08 2026] POST /v2.0/subnets => generated 646 bytes in 257 msecs (HTTP/1.1 201) 4 headers in 162 bytes (1 switches on core 0)
2026-04-02 18:08:08.796 8 INFO neutron.db.ovn_revision_numbers_db [None req-78eeff9a-0a05-4d1a-87cd-c676db6f4696 31db859ac0a644edab6db90c32801048 eb4a6030c98b439081a710586a0094f2 - - default default] Successfully bumped revision number for resource 272cbbd2-03cb-4b62-a174-a9a1a189ed2b (type: security_group_rules) to 0
2026-04-02 18:08:08.808 8 INFO neutron.db.ovn_revision_numbers_db [None req-78eeff9a-0a05-4d1a-87cd-c676db6f4696 31db859ac0a644edab6db90c32801048 eb4a6030c98b439081a710586a0094f2 - - default default] Successfully bumped revision number for resource 4e795ad6-fadf-4e21-ae39-bcbd70461766 (type: security_group_rules) to 0
2026-04-02 18:08:08.820 8 INFO neutron.db.ovn_revision_numbers_db [None req-78eeff9a-0a05-4d1a-87cd-c676db6f4696 31db859ac0a644edab6db90c32801048 eb4a6030c98b439081a710586a0094f2 - - default default] Successfully bumped revision number for resource 80c466fa-ec9c-4fa6-8451-b414f2c75cdc (type: security_group_rules) to 0
2026-04-02 18:08:08.903 8 INFO neutron.db.segments_db [None req-78eeff9a-0a05-4d1a-87cd-c676db6f4696 31db859ac0a644edab6db90c32801048 eb4a6030c98b439081a710586a0094f2 - - default default] Added segment 337f4b41-365b-4349-a24d-3e6c2b7fbe0c of type geneve for network c53c960e-348b-4afe-b027-aa401abdf875
2026-04-02 18:08:09.009 8 INFO neutron.db.ovn_revision_numbers_db [None req-78eeff9a-0a05-4d1a-87cd-c676db6f4696 31db859ac0a644edab6db90c32801048 eb4a6030c98b439081a710586a0094f2 - - default default] Successfully bumped revision number for resource c53c960e-348b-4afe-b027-aa401abdf875 (type: networks) to 1
2026-04-02 18:08:09.084 7 WARNING neutron.scheduler.dhcp_agent_scheduler [None req-1bfc24f7-8da0-4637-b167-d329f3474399 1c5891d64d66489396caea40b7a82b12 632db8bc5db54214a4fc0493a35db205 - - default default] No more DHCP agents
2026-04-02 18:08:09.086 7 WARNING neutron.api.rpc.agentnotifiers.dhcp_rpc_agent_api [None req-1bfc24f7-8da0-4637-b167-d329f3474399 1c5891d64d66489396caea40b7a82b12 632db8bc5db54214a4fc0493a35db205 - - default default] Unable to schedule network 3892f8be-bfa1-4622-af96-a506d31bbb4f: no agents available; will retry on subsequent port and subnet creation events.
2026-04-02 18:08:09.171 7 INFO neutron.plugins.ml2.drivers.ovn.mech_driver.mech_driver [None req-1deee1eb-a564-4e10-87c6-33200596df37 - - - - - -] OVN reports status down for port: 6c66cd45-06b2-4ddf-87b9-c7cee2f87be0
2026-04-02 18:08:09.220 8 WARNING neutron.scheduler.dhcp_agent_scheduler [None req-78eeff9a-0a05-4d1a-87cd-c676db6f4696 31db859ac0a644edab6db90c32801048 eb4a6030c98b439081a710586a0094f2 - - default default] No more DHCP agents
2026-04-02 18:08:09.222 8 WARNING neutron.api.rpc.agentnotifiers.dhcp_rpc_agent_api [None req-78eeff9a-0a05-4d1a-87cd-c676db6f4696 31db859ac0a644edab6db90c32801048 eb4a6030c98b439081a710586a0094f2 - - default default] Unable to schedule network c53c960e-348b-4afe-b027-aa401abdf875: no agents available; will retry on subsequent port and subnet creation events.
2026-04-02 18:08:09.274 8 INFO neutron.plugins.ml2.drivers.ovn.mech_driver.mech_driver [None req-1f868103-0dca-4d18-9a31-0b01aa716e96 - - - - - -] OVN reports status down for port: 2cc7d2a4-20f6-4039-a1e5-aa8956b1091a
2026-04-02 18:08:09.294 7 INFO neutron.db.ovn_revision_numbers_db [None req-1bfc24f7-8da0-4637-b167-d329f3474399 1c5891d64d66489396caea40b7a82b12 632db8bc5db54214a4fc0493a35db205 - - default default] Successfully bumped revision number for resource 6c66cd45-06b2-4ddf-87b9-c7cee2f87be0 (type: ports) to 1
2026-04-02 18:08:09.326 8 INFO neutron.db.ovn_revision_numbers_db [None req-78eeff9a-0a05-4d1a-87cd-c676db6f4696 31db859ac0a644edab6db90c32801048 eb4a6030c98b439081a710586a0094f2 - - default default] Successfully bumped revision number for resource 2cc7d2a4-20f6-4039-a1e5-aa8956b1091a (type: ports) to 1 [pid: 7|app: 0|req: 506/1006] 10.0.0.139 () {34 vars in 665 bytes} [Thu Apr 2 18:08:08 2026] POST /v2.0/ports => generated 961 bytes in 554 msecs (HTTP/1.1 201) 4 headers in 162 bytes (1 switches on core 0) /var/lib/openstack/lib/python3.12/site-packages/pycadf/identifier.py:70: UserWarning: Invalid uuid: neutron. To ensure interoperability, identifiers should be a valid uuid. warnings.warn(('Invalid uuid: %s. To ensure interoperability, ' [pid: 8|app: 0|req: 501/1007] 10.0.0.139 () {34 vars in 670 bytes} [Thu Apr 2 18:08:08 2026] POST /v2.0/networks => generated 664 bytes in 911 msecs (HTTP/1.1 201) 4 headers in 162 bytes (1 switches on core 0) [pid: 7|app: 0|req: 507/1008] 199.19.213.21 () {34 vars in 1079 bytes} [Thu Apr 2 18:08:09 2026] GET /v2.0/ports?tenant_id=7069b1653313452fa57ab0f6ab2c1447&device_id=5a369241-ee6b-4c08-9d85-890e5ef75bf6 => generated 1390 bytes in 46 msecs (HTTP/1.1 200) 4 headers in 158 bytes (1 switches on core 0) [pid: 8|app: 0|req: 502/1009] 10.0.0.139 () {32 vars in 740 bytes} [Thu Apr 2 18:08:09 2026] DELETE /v2.0/security-groups/414991cd-47ba-4a27-a8b0-ccb9927e8e3c => generated 0 bytes in 144 msecs (HTTP/1.1 204) 2 headers in 112 bytes (1 switches on core 0)
2026-04-02 18:08:09.543 7 INFO neutron_taas.services.taas.taas_plugin [None req-8e428062-d2cd-42f1-aa2d-238c0a079b3c 1c5891d64d66489396caea40b7a82b12 632db8bc5db54214a4fc0493a35db205 - - default default] TaaS: Handle Delete Port: 6c66cd45-06b2-4ddf-87b9-c7cee2f87be0
2026-04-02 18:08:09.547 7 INFO neutron_taas.services.taas.tap_mirror_plugin [None req-8e428062-d2cd-42f1-aa2d-238c0a079b3c 1c5891d64d66489396caea40b7a82b12 632db8bc5db54214a4fc0493a35db205 - - default default] Tap Mirror: Handle Delete Port: 6c66cd45-06b2-4ddf-87b9-c7cee2f87be0 [pid: 7|app: 0|req: 508/1010] 10.0.0.139 () {32 vars in 720 bytes} [Thu Apr 2 18:08:09 2026] DELETE /v2.0/ports/6c66cd45-06b2-4ddf-87b9-c7cee2f87be0 => generated 0 bytes in 301 msecs (HTTP/1.1 204) 3 headers in 131 bytes (1 switches on core 0) [pid: 7|app: 0|req: 509/1011] 199.19.213.21 () {34 vars in 985 bytes} [Thu Apr 2 18:08:09 2026] GET /v2.0/networks?id=da29ef95-ad65-48c6-bf23-eb1f87415ede => generated 819 bytes in 45 msecs (HTTP/1.1 200) 4 headers in 157 bytes (1 switches on core 0)
2026-04-02 18:08:09.743 8 WARNING neutron.scheduler.dhcp_agent_scheduler [None req-bb0f42b5-0aed-4fe9-b964-37c487bb485e 31db859ac0a644edab6db90c32801048 eb4a6030c98b439081a710586a0094f2 - - default default] No more DHCP agents
2026-04-02 18:08:09.745 8 WARNING neutron.api.rpc.agentnotifiers.dhcp_rpc_agent_api [None req-bb0f42b5-0aed-4fe9-b964-37c487bb485e 31db859ac0a644edab6db90c32801048 eb4a6030c98b439081a710586a0094f2 - - default default] Unable to schedule network c53c960e-348b-4afe-b027-aa401abdf875: no agents available; will retry on subsequent port and subnet creation events.
2026-04-02 18:08:09.751 7 INFO neutron.api.v2.resource [None req-6a77418a-ad17-4e46-842d-ee6c6223ee01 987ba9bcb4c1477a95aa11947d856263 59df746268774ba683fc00a155110df9 - - default default] show failed (client error): The resource could not be found. [pid: 7|app: 0|req: 510/1012] 10.0.0.139 () {32 vars in 737 bytes} [Thu Apr 2 18:08:09 2026] GET /v2.0/security-groups/414991cd-47ba-4a27-a8b0-ccb9927e8e3c => generated 146 bytes in 9 msecs (HTTP/1.1 404) 4 headers in 164 bytes (1 switches on core 0)
2026-04-02 18:08:09.766 7 INFO neutron.pecan_wsgi.hooks.translation [None req-a9328874-365c-46bc-a4a8-24a845758267 1c5891d64d66489396caea40b7a82b12 632db8bc5db54214a4fc0493a35db205 - - default default] DELETE failed (client error): The resource could not be found. [pid: 7|app: 0|req: 511/1013] 10.0.0.139 () {32 vars in 720 bytes} [Thu Apr 2 18:08:09 2026] DELETE /v2.0/ports/6c66cd45-06b2-4ddf-87b9-c7cee2f87be0 => generated 132 bytes in 17 msecs (HTTP/1.1 404) 4 headers in 164 bytes (1 switches on core 0) [pid: 7|app: 0|req: 512/1014] 199.19.213.21 () {34 vars in 1059 bytes} [Thu Apr 2 18:08:09 2026] GET /v2.0/floatingips?fixed_ip_address=10.100.0.14&port_id=53e6e003-fde5-467d-86a2-5233b00b21cd => generated 19 bytes in 16 msecs (HTTP/1.1 200) 4 headers in 156 bytes (1 switches on core 0)
2026-04-02 18:08:09.823 8 INFO neutron.plugins.ml2.drivers.ovn.mech_driver.mech_driver [None req-1f868103-0dca-4d18-9a31-0b01aa716e96 - - - - - -] OVN reports status down for port: d950c83d-7f72-444a-a445-bc67a236aa53
2026-04-02 18:08:09.883 8 INFO neutron.db.ovn_revision_numbers_db [None req-bb0f42b5-0aed-4fe9-b964-37c487bb485e 31db859ac0a644edab6db90c32801048 eb4a6030c98b439081a710586a0094f2 - - default default] Successfully bumped revision number for resource d950c83d-7f72-444a-a445-bc67a236aa53 (type: ports) to 1
2026-04-02 18:08:09.917 7 INFO neutron_taas.services.taas.taas_plugin [None req-29cec932-561a-4f52-9ee9-9d744656e495 987ba9bcb4c1477a95aa11947d856263 59df746268774ba683fc00a155110df9 - - default default] TaaS: Handle Delete Port: 91058e75-fc48-44ed-856f-0562a1234550
2026-04-02 18:08:09.920 7 INFO neutron_taas.services.taas.tap_mirror_plugin [None req-29cec932-561a-4f52-9ee9-9d744656e495 987ba9bcb4c1477a95aa11947d856263 59df746268774ba683fc00a155110df9 - - default default] Tap Mirror: Handle Delete Port: 91058e75-fc48-44ed-856f-0562a1234550 [pid: 8|app: 0|req: 503/1015] 10.0.0.139 () {34 vars in 665 bytes} [Thu Apr 2 18:08:09 2026] POST /v2.0/ports => generated 775 bytes in 440 msecs (HTTP/1.1 201) 4 headers in 162 bytes (1 switches on core 0) /var/lib/openstack/lib/python3.12/site-packages/pycadf/identifier.py:70: UserWarning: Invalid uuid: neutron. To ensure interoperability, identifiers should be a valid uuid. warnings.warn(('Invalid uuid: %s. To ensure interoperability, '
2026-04-02 18:08:09.972 8 INFO neutron.pecan_wsgi.hooks.translation [None req-a7481b53-9d17-472c-ad9a-6af63f02bce6 1c5891d64d66489396caea40b7a82b12 632db8bc5db54214a4fc0493a35db205 - - default default] GET failed (client error): The resource could not be found. [pid: 8|app: 0|req: 504/1016] 10.0.0.139 () {32 vars in 717 bytes} [Thu Apr 2 18:08:09 2026] GET /v2.0/ports/6c66cd45-06b2-4ddf-87b9-c7cee2f87be0 => generated 132 bytes in 14 msecs (HTTP/1.1 404) 4 headers in 164 bytes (1 switches on core 0) [pid: 8|app: 0|req: 505/1017] 199.19.213.21 () {34 vars in 1057 bytes} [Thu Apr 2 18:08:09 2026] GET /v2.0/floatingips?fixed_ip_address=10.100.0.3&port_id=53e6e003-fde5-467d-86a2-5233b00b21cd => generated 860 bytes in 35 msecs (HTTP/1.1 200) 4 headers in 157 bytes (1 switches on core 0) [pid: 7|app: 0|req: 513/1018] 10.0.0.139 () {32 vars in 732 bytes} [Thu Apr 2 18:08:09 2026] DELETE /v2.0/floatingips/0601ed57-dd68-4485-9f0d-b1f2b5019fdd => generated 0 bytes in 274 msecs (HTTP/1.1 204) 2 headers in 112 bytes (1 switches on core 0)
2026-04-02 18:08:10.071 8 INFO neutron.db.segments_db [None req-35fe92fd-8c90-4d08-a4d4-56271383300f 31db859ac0a644edab6db90c32801048 eb4a6030c98b439081a710586a0094f2 - - default default] Added segment f49a3ba1-91ad-4af1-a604-030e0cbffd67 of type geneve for network 0624ed2e-9eb4-4095-8bb2-889b35042da9 [pid: 7|app: 0|req: 514/1019] 10.0.0.139 () {32 vars in 724 bytes} [Thu Apr 2 18:08:10 2026] DELETE /v2.0/subnets/9e3ead5f-7891-4cb5-8624-178fbb98fece => generated 0 bytes in 143 msecs (HTTP/1.1 204) 3 headers in 131 bytes (1 switches on core 0)
2026-04-02 18:08:10.205 8 INFO neutron.db.ovn_revision_numbers_db [None req-35fe92fd-8c90-4d08-a4d4-56271383300f 31db859ac0a644edab6db90c32801048 eb4a6030c98b439081a710586a0094f2 - - default default] Successfully bumped revision number for resource 0624ed2e-9eb4-4095-8bb2-889b35042da9 (type: networks) to 1 [pid: 7|app: 0|req: 515/1020] 199.19.213.21 () {34 vars in 983 bytes} [Thu Apr 2 18:08:10 2026] GET /v2.0/subnets?id=543f6992-e118-45bc-bf2f-b60b19907a1a => generated 700 bytes in 29 msecs (HTTP/1.1 200) 4 headers in 157 bytes (1 switches on core 0)
2026-04-02 18:08:10.405 8 WARNING neutron.scheduler.dhcp_agent_scheduler [None req-35fe92fd-8c90-4d08-a4d4-56271383300f 31db859ac0a644edab6db90c32801048 eb4a6030c98b439081a710586a0094f2 - - default default] No more DHCP agents
2026-04-02 18:08:10.407 8 WARNING neutron.api.rpc.agentnotifiers.dhcp_rpc_agent_api [None req-35fe92fd-8c90-4d08-a4d4-56271383300f 31db859ac0a644edab6db90c32801048 eb4a6030c98b439081a710586a0094f2 - - default default] Unable to schedule network 0624ed2e-9eb4-4095-8bb2-889b35042da9: no agents available; will retry on subsequent port and subnet creation events.
2026-04-02 18:08:10.465 8 INFO neutron.plugins.ml2.drivers.ovn.mech_driver.mech_driver [None req-1f868103-0dca-4d18-9a31-0b01aa716e96 - - - - - -] OVN reports status down for port: 149dd301-6276-4f75-ad4b-ed1402a50837
2026-04-02 18:08:10.529 8 INFO neutron.db.ovn_revision_numbers_db [None req-35fe92fd-8c90-4d08-a4d4-56271383300f 31db859ac0a644edab6db90c32801048 eb4a6030c98b439081a710586a0094f2 - - default default] Successfully bumped revision number for resource 149dd301-6276-4f75-ad4b-ed1402a50837 (type: ports) to 1
2026-04-02 18:08:10.541 7 INFO neutron_taas.services.taas.taas_plugin [None req-d6bb6f45-7d39-43a7-8190-c2ab505c391c 98bb09e1ccb746b68d809229e43b3d20 d3bad4e76b1b49f4bed439d09aa57153 - - default default] TaaS: Handle Delete Port: 2e146245-cdb9-4b27-9fe1-5c02876ca686
2026-04-02 18:08:10.544 7 INFO neutron_taas.services.taas.tap_mirror_plugin [None req-d6bb6f45-7d39-43a7-8190-c2ab505c391c 98bb09e1ccb746b68d809229e43b3d20 d3bad4e76b1b49f4bed439d09aa57153 - - default default] Tap Mirror: Handle Delete Port: 2e146245-cdb9-4b27-9fe1-5c02876ca686 [pid: 8|app: 0|req: 506/1021] 10.0.0.139 () {34 vars in 670 bytes} [Thu Apr 2 18:08:10 2026] POST /v2.0/networks => generated 650 bytes in 555 msecs (HTTP/1.1 201) 4 headers in 162 bytes (1 switches on core 0)
2026-04-02 18:08:10.685 8 INFO neutron_taas.services.taas.taas_plugin [None req-cd5d9bfc-8027-4463-b413-7c4cfcbf2ecb 1c5891d64d66489396caea40b7a82b12 632db8bc5db54214a4fc0493a35db205 - - default default] TaaS: Handle Delete Port: 266db22b-bf28-47a5-8316-72f24897c725
2026-04-02 18:08:10.688 8 INFO neutron_taas.services.taas.tap_mirror_plugin [None req-cd5d9bfc-8027-4463-b413-7c4cfcbf2ecb 1c5891d64d66489396caea40b7a82b12 632db8bc5db54214a4fc0493a35db205 - - default default] Tap Mirror: Handle Delete Port: 266db22b-bf28-47a5-8316-72f24897c725
2026-04-02 18:08:10.892 8 INFO neutron.services.segments.plugin [-] Segment c5f6a2f2-f305-4760-9424-8b4f69b024b0 resource provider aggregate not found
2026-04-02 18:08:10.899 8 INFO neutron.services.segments.plugin [-] Segment c5f6a2f2-f305-4760-9424-8b4f69b024b0 resource provider aggregate not found
2026-04-02 18:08:10.918 8 INFO neutron.services.segments.plugin [-] Segment c5f6a2f2-f305-4760-9424-8b4f69b024b0 resource provider not found; error: Placement Client Error (4xx): {"errors": [{"status": 404, "title": "Not Found", "detail": "The resource could not be found.\n\n No resource provider with uuid c5f6a2f2-f305-4760-9424-8b4f69b024b0 found for delete ", "request_id": "req-3915716a-6514-4d26-9da3-02eb39a1c891"}]}
2026-04-02 18:08:10.919 8 INFO neutron.services.segments.plugin [-] Segment c5f6a2f2-f305-4760-9424-8b4f69b024b0 resource provider not found; error: Placement Client Error (4xx): {"errors": [{"status": 404, "title": "Not Found", "detail": "The resource could not be found.\n\n No resource provider with uuid c5f6a2f2-f305-4760-9424-8b4f69b024b0 found for delete ", "request_id": "req-ba7b4ac5-a34b-453c-af6f-d65713aa2af4"}]} [pid: 8|app: 0|req: 507/1022] 10.0.0.139 () {32 vars in 726 bytes} [Thu Apr 2 18:08:10 2026] DELETE /v2.0/networks/3892f8be-bfa1-4622-af96-a506d31bbb4f => generated 0 bytes in 402 msecs (HTTP/1.1 204) 3 headers in 131 bytes (1 switches on core 0) [pid: 8|app: 0|req: 508/1023] 199.19.213.21 () {34 vars in 1051 bytes} [Thu Apr 2 18:08:10 2026] GET /v2.0/ports?network_id=da29ef95-ad65-48c6-bf23-eb1f87415ede&device_owner=network%3Adhcp => generated 12 bytes in 26 msecs (HTTP/1.1 200) 4 headers in 156 bytes (1 switches on core 0)
2026-04-02 18:08:11.185 8 WARNING neutron.scheduler.dhcp_agent_scheduler [None req-7b0670a3-137a-4400-880f-c930c1f6e865 31db859ac0a644edab6db90c32801048 eb4a6030c98b439081a710586a0094f2 - - default default] No more DHCP agents
2026-04-02 18:08:11.191 8 WARNING neutron.api.rpc.agentnotifiers.dhcp_rpc_agent_api [None req-7b0670a3-137a-4400-880f-c930c1f6e865 31db859ac0a644edab6db90c32801048 eb4a6030c98b439081a710586a0094f2 - - default default] Unable to schedule network 0624ed2e-9eb4-4095-8bb2-889b35042da9: no agents available; will retry on subsequent port and subnet creation events. [pid: 7|app: 0|req: 516/1024] 10.0.0.139 () {34 vars in 789 bytes} [Thu Apr 2 18:08:10 2026] PUT /v2.0/routers/127945b9-a8a6-487b-824d-96b1e75de8ab/remove_router_interface => generated 309 bytes in 969 msecs (HTTP/1.1 200) 4 headers in 157 bytes (1 switches on core 0) /var/lib/openstack/lib/python3.12/site-packages/pycadf/identifier.py:70: UserWarning: Invalid uuid: neutron. To ensure interoperability, identifiers should be a valid uuid. warnings.warn(('Invalid uuid: %s. To ensure interoperability, '
2026-04-02 18:08:11.300 7 INFO neutron.db.segments_db [None req-e6cdefc0-78cd-4480-89a0-df7641838166 1c5891d64d66489396caea40b7a82b12 632db8bc5db54214a4fc0493a35db205 - - default default] Added segment 52df4d21-ac40-4eee-a53a-cee665f7cf88 of type geneve for network 8dceb98b-c54e-4153-8b06-7d1def72b684
2026-04-02 18:08:11.446 7 INFO neutron.db.ovn_revision_numbers_db [None req-e6cdefc0-78cd-4480-89a0-df7641838166 1c5891d64d66489396caea40b7a82b12 632db8bc5db54214a4fc0493a35db205 - - default default] Successfully bumped revision number for resource 8dceb98b-c54e-4153-8b06-7d1def72b684 (type: networks) to 1
2026-04-02 18:08:11.645 7 WARNING neutron.scheduler.dhcp_agent_scheduler [None req-e6cdefc0-78cd-4480-89a0-df7641838166 1c5891d64d66489396caea40b7a82b12 632db8bc5db54214a4fc0493a35db205 - - default default] No more DHCP agents
2026-04-02 18:08:11.647 7 WARNING neutron.api.rpc.agentnotifiers.dhcp_rpc_agent_api [None req-e6cdefc0-78cd-4480-89a0-df7641838166 1c5891d64d66489396caea40b7a82b12 632db8bc5db54214a4fc0493a35db205 - - default default] Unable to schedule network 8dceb98b-c54e-4153-8b06-7d1def72b684: no agents available; will retry on subsequent port and subnet creation events.
2026-04-02 18:08:11.673 8 INFO neutron.db.ovn_revision_numbers_db [None req-56d57ede-d65c-4162-9789-bda76d1a5a83 - - - - - -] Successfully bumped revision number for resource 149dd301-6276-4f75-ad4b-ed1402a50837 (type: ports) to 2
2026-04-02 18:08:11.713 7 INFO neutron.plugins.ml2.drivers.ovn.mech_driver.mech_driver [None req-1deee1eb-a564-4e10-87c6-33200596df37 - - - - - -] OVN reports status down for port: 70977150-a105-4464-8f8c-bd679e296624
2026-04-02 18:08:11.730 8 INFO neutron.db.ovn_revision_numbers_db [None req-56d57ede-d65c-4162-9789-bda76d1a5a83 - - - - - -] Successfully bumped revision number for resource 85762c83-6953-4fd9-9bd1-a324fc5a5bc6 (type: subnets) to 0 [pid: 8|app: 0|req: 509/1025] 10.0.0.139 () {34 vars in 669 bytes} [Thu Apr 2 18:08:10 2026] POST /v2.0/subnets => generated 626 bytes in 761 msecs (HTTP/1.1 201) 4 headers in 162 bytes (1 switches on core 0)
2026-04-02 18:08:11.779 7 INFO neutron.db.ovn_revision_numbers_db [None req-e6cdefc0-78cd-4480-89a0-df7641838166 1c5891d64d66489396caea40b7a82b12 632db8bc5db54214a4fc0493a35db205 - - default default] Successfully bumped revision number for resource 70977150-a105-4464-8f8c-bd679e296624 (type: ports) to 1 [pid: 8|app: 0|req: 510/1026] 199.19.213.21 () {34 vars in 1011 bytes} [Thu Apr 2 18:08:11 2026] GET /v2.0/networks/da29ef95-ad65-48c6-bf23-eb1f87415ede?fields=segments => generated 14 bytes in 33 msecs (HTTP/1.1 200) 4 headers in 156 bytes (1 switches on core 0) [pid: 7|app: 0|req: 517/1027] 10.0.0.139 () {34 vars in 670 bytes} [Thu Apr 2 18:08:11 2026] POST /v2.0/networks => generated 655 bytes in 636 msecs (HTTP/1.1 201) 4 headers in 162 bytes (1 switches on core 0)
2026-04-02 18:08:12.080 8 INFO neutron_taas.services.taas.taas_plugin [None req-d66dd9d5-e198-472d-9f15-e89616c4b1e3 98bb09e1ccb746b68d809229e43b3d20 d3bad4e76b1b49f4bed439d09aa57153 - - default default] TaaS: Handle Delete Port: f31bbafd-605d-4ea7-adb6-1039958556cd
2026-04-02 18:08:12.083 8 INFO neutron_taas.services.taas.tap_mirror_plugin [None req-d66dd9d5-e198-472d-9f15-e89616c4b1e3 98bb09e1ccb746b68d809229e43b3d20 d3bad4e76b1b49f4bed439d09aa57153 - - default default] Tap Mirror: Handle Delete Port: f31bbafd-605d-4ea7-adb6-1039958556cd
2026-04-02 18:08:12.169 7 WARNING neutron.scheduler.dhcp_agent_scheduler [None req-48cfe841-ede4-4af0-911f-57c4d6582d09 31db859ac0a644edab6db90c32801048 eb4a6030c98b439081a710586a0094f2 - - default default] No more DHCP agents
2026-04-02 18:08:12.170 7 WARNING neutron.api.rpc.agentnotifiers.dhcp_rpc_agent_api [None req-48cfe841-ede4-4af0-911f-57c4d6582d09 31db859ac0a644edab6db90c32801048 eb4a6030c98b439081a710586a0094f2 - - default default] Unable to schedule network 0624ed2e-9eb4-4095-8bb2-889b35042da9: no agents available; will retry on subsequent port and subnet creation events.
2026-04-02 18:08:12.308 7 INFO neutron.plugins.ml2.drivers.ovn.mech_driver.mech_driver [None req-1deee1eb-a564-4e10-87c6-33200596df37 - - - - - -] OVN reports status down for port: 96c59196-9994-45ac-b93f-b245d9ca920e
2026-04-02 18:08:12.371 7 INFO neutron.db.ovn_revision_numbers_db [None req-48cfe841-ede4-4af0-911f-57c4d6582d09 31db859ac0a644edab6db90c32801048 eb4a6030c98b439081a710586a0094f2 - - default default] Successfully bumped revision number for resource 96c59196-9994-45ac-b93f-b245d9ca920e (type: ports) to 1 [pid: 7|app: 0|req: 518/1028] 10.0.0.139 () {34 vars in 665 bytes} [Thu Apr 2 18:08:11 2026] POST /v2.0/ports => generated 954 bytes in 626 msecs (HTTP/1.1 201) 4 headers in 162 bytes (1 switches on core 0) /var/lib/openstack/lib/python3.12/site-packages/pycadf/identifier.py:70: UserWarning: Invalid uuid: neutron. To ensure interoperability, identifiers should be a valid uuid. warnings.warn(('Invalid uuid: %s. To ensure interoperability, ' [pid: 8|app: 0|req: 511/1029] 10.0.0.139 () {32 vars in 724 bytes} [Thu Apr 2 18:08:11 2026] DELETE /v2.0/routers/127945b9-a8a6-487b-824d-96b1e75de8ab => generated 0 bytes in 718 msecs (HTTP/1.1 204) 2 headers in 112 bytes (1 switches on core 0) [pid: 7|app: 0|req: 519/1030] 199.19.213.21 () {34 vars in 1111 bytes} [Thu Apr 2 18:08:12 2026] GET /v2.0/networks/da29ef95-ad65-48c6-bf23-eb1f87415ede?fields=provider%3Aphysical_network&fields=provider%3Anetwork_type => generated 79 bytes in 78 msecs (HTTP/1.1 200) 4 headers in 156 bytes (1 switches on core 0)
2026-04-02 18:08:12.668 7 INFO neutron_taas.services.taas.taas_plugin [None req-6678433a-eba0-400d-bfbc-43e414fc1f3c 31db859ac0a644edab6db90c32801048 eb4a6030c98b439081a710586a0094f2 - - default default] TaaS: Handle Delete Port: 96c59196-9994-45ac-b93f-b245d9ca920e
2026-04-02 18:08:12.672 7 INFO neutron_taas.services.taas.tap_mirror_plugin [None req-6678433a-eba0-400d-bfbc-43e414fc1f3c 31db859ac0a644edab6db90c32801048 eb4a6030c98b439081a710586a0094f2 - - default default] Tap Mirror: Handle Delete Port: 96c59196-9994-45ac-b93f-b245d9ca920e
2026-04-02 18:08:12.744 8 WARNING neutron.scheduler.dhcp_agent_scheduler [None req-c985f156-b8ef-4c26-851c-6fd0c4f8fcff 1c5891d64d66489396caea40b7a82b12 632db8bc5db54214a4fc0493a35db205 - - default default] No more DHCP agents
2026-04-02 18:08:12.746 8 WARNING neutron.api.rpc.agentnotifiers.dhcp_rpc_agent_api [None req-c985f156-b8ef-4c26-851c-6fd0c4f8fcff 1c5891d64d66489396caea40b7a82b12 632db8bc5db54214a4fc0493a35db205 - - default default] Unable to schedule network 8dceb98b-c54e-4153-8b06-7d1def72b684: no agents available; will retry on subsequent port and subnet creation events.
2026-04-02 18:08:12.777 8 INFO neutron.db.ovn_revision_numbers_db [None req-c985f156-b8ef-4c26-851c-6fd0c4f8fcff 1c5891d64d66489396caea40b7a82b12 632db8bc5db54214a4fc0493a35db205 - - default default] Successfully bumped revision number for resource 81c67576-5a89-45c0-b857-27080bdb77c8 (type: subnets) to 0 [pid: 8|app: 0|req: 512/1031] 10.0.0.139 () {34 vars in 669 bytes} [Thu Apr 2 18:08:12 2026] POST /v2.0/subnets => generated 646 bytes in 284 msecs (HTTP/1.1 201) 4 headers in 162 bytes (1 switches on core 0) [pid: 7|app: 0|req: 520/1032] 10.0.0.139 () {32 vars in 720 bytes} [Thu Apr 2 18:08:12 2026] DELETE /v2.0/ports/96c59196-9994-45ac-b93f-b245d9ca920e => generated 0 bytes in 329 msecs (HTTP/1.1 204) 3 headers in 131 bytes (1 switches on core 0) [pid: 8|app: 0|req: 513/1033] 10.0.0.139 () {32 vars in 724 bytes} [Thu Apr 2 18:08:12 2026] DELETE /v2.0/subnets/8206647b-6d59-44a1-a438-686930992bd4 => generated 0 bytes in 149 msecs (HTTP/1.1 204) 3 headers in 131 bytes (1 switches on core 0)
2026-04-02 18:08:12.957 8 INFO neutron.pecan_wsgi.hooks.translation [None req-ef646ff4-c6f6-4975-8494-184295ce0c82 31db859ac0a644edab6db90c32801048 eb4a6030c98b439081a710586a0094f2 - - default default] DELETE failed (client error): The resource could not be found. [pid: 8|app: 0|req: 514/1034] 10.0.0.139 () {32 vars in 720 bytes} [Thu Apr 2 18:08:12 2026] DELETE /v2.0/ports/96c59196-9994-45ac-b93f-b245d9ca920e => generated 132 bytes in 15 msecs (HTTP/1.1 404) 4 headers in 164 bytes (1 switches on core 0)
2026-04-02 18:08:13.070 8 INFO neutron_taas.services.taas.taas_plugin [None req-a86abe69-ae22-4c7a-930c-4ff6202ee112 98bb09e1ccb746b68d809229e43b3d20 d3bad4e76b1b49f4bed439d09aa57153 - - default default] TaaS: Handle Delete Port: a3a5c7ad-1f9c-463d-9032-239ee2105c2a
2026-04-02 18:08:13.072 8 INFO neutron_taas.services.taas.tap_mirror_plugin [None req-a86abe69-ae22-4c7a-930c-4ff6202ee112 98bb09e1ccb746b68d809229e43b3d20 d3bad4e76b1b49f4bed439d09aa57153 - - default default] Tap Mirror: Handle Delete Port: a3a5c7ad-1f9c-463d-9032-239ee2105c2a
2026-04-02 18:08:13.126 7 WARNING neutron.scheduler.dhcp_agent_scheduler [None req-aff83fc2-6e32-4927-88ec-42283b92f250 1c5891d64d66489396caea40b7a82b12 632db8bc5db54214a4fc0493a35db205 - - default default] No more DHCP agents
2026-04-02 18:08:13.128 7 WARNING neutron.api.rpc.agentnotifiers.dhcp_rpc_agent_api [None req-aff83fc2-6e32-4927-88ec-42283b92f250 1c5891d64d66489396caea40b7a82b12 632db8bc5db54214a4fc0493a35db205 - - default default] Unable to schedule network 8dceb98b-c54e-4153-8b06-7d1def72b684: no agents available; will retry on subsequent port and subnet creation events.
2026-04-02 18:08:13.220 7 INFO neutron.plugins.ml2.drivers.ovn.mech_driver.mech_driver [None req-1deee1eb-a564-4e10-87c6-33200596df37 - - - - - -] OVN reports status down for port: 77c45838-fa35-4b84-ad3e-8d4878d9be9d
2026-04-02 18:08:13.277 7 INFO neutron.db.ovn_revision_numbers_db [None req-aff83fc2-6e32-4927-88ec-42283b92f250 1c5891d64d66489396caea40b7a82b12 632db8bc5db54214a4fc0493a35db205 - - default default] Successfully bumped revision number for resource 77c45838-fa35-4b84-ad3e-8d4878d9be9d (type: ports) to 1
2026-04-02 18:08:13.286 8 INFO neutron.services.segments.plugin [-] Segment c868299c-22e4-4c8a-bd8e-90552d950a82 resource provider aggregate not found
2026-04-02 18:08:13.288 8 INFO neutron.services.segments.plugin [-] Segment c868299c-22e4-4c8a-bd8e-90552d950a82 resource provider aggregate not found
2026-04-02 18:08:13.310 8 INFO neutron.services.segments.plugin [-] Segment c868299c-22e4-4c8a-bd8e-90552d950a82 resource provider not found; error: Placement Client Error (4xx): {"errors": [{"status": 404, "title": "Not Found", "detail": "The resource could not be found.\n\n No resource provider with uuid c868299c-22e4-4c8a-bd8e-90552d950a82 found for delete ", "request_id": "req-0040629e-93a3-4ed9-99dc-b13c7dfcf211"}]}
2026-04-02 18:08:13.314 8 INFO neutron.services.segments.plugin [-] Segment c868299c-22e4-4c8a-bd8e-90552d950a82 resource provider not found; error: Placement Client Error (4xx): {"errors": [{"status": 404, "title": "Not Found", "detail": "The resource could not be found.\n\n No resource provider with uuid c868299c-22e4-4c8a-bd8e-90552d950a82 found for delete ", "request_id": "req-30c638e7-1839-4fe8-a5c8-b2df7a8edf1e"}]} [pid: 8|app: 0|req: 515/1035] 10.0.0.139 () {32 vars in 726 bytes} [Thu Apr 2 18:08:12 2026] DELETE /v2.0/networks/99e525d3-ce1d-453d-bf4d-8660920a4c8c => generated 0 bytes in 382 msecs (HTTP/1.1 204) 3 headers in 131 bytes (1 switches on core 0)
2026-04-02 18:08:13.362 8 INFO neutron.pecan_wsgi.hooks.translation [None req-c4fe5983-5127-4fff-b329-cc8bf4d1af30 31db859ac0a644edab6db90c32801048 eb4a6030c98b439081a710586a0094f2 - - default default] GET failed (client error): The resource could not be found. [pid: 8|app: 0|req: 516/1036] 10.0.0.139 () {32 vars in 717 bytes} [Thu Apr 2 18:08:13 2026] GET /v2.0/ports/96c59196-9994-45ac-b93f-b245d9ca920e => generated 132 bytes in 23 msecs (HTTP/1.1 404) 4 headers in 164 bytes (1 switches on core 0) [pid: 7|app: 0|req: 521/1037] 10.0.0.139 () {34 vars in 665 bytes} [Thu Apr 2 18:08:12 2026] POST /v2.0/ports => generated 923 bytes in 501 msecs (HTTP/1.1 201) 4 headers in 162 bytes (1 switches on core 0)
2026-04-02 18:08:13.484 7 INFO neutron_taas.services.taas.taas_plugin [None req-fd26fe1d-0edf-4bff-9287-f2edfd14abd0 1c5891d64d66489396caea40b7a82b12 632db8bc5db54214a4fc0493a35db205 - - default default] TaaS: Handle Delete Port: 77c45838-fa35-4b84-ad3e-8d4878d9be9d
2026-04-02 18:08:13.487 7 INFO neutron_taas.services.taas.tap_mirror_plugin [None req-fd26fe1d-0edf-4bff-9287-f2edfd14abd0 1c5891d64d66489396caea40b7a82b12 632db8bc5db54214a4fc0493a35db205 - - default default] Tap Mirror: Handle Delete Port: 77c45838-fa35-4b84-ad3e-8d4878d9be9d [pid: 8|app: 0|req: 517/1038] 10.0.0.139 () {32 vars in 724 bytes} [Thu Apr 2 18:08:13 2026] DELETE /v2.0/subnets/85762c83-6953-4fd9-9bd1-a324fc5a5bc6 => generated 0 bytes in 160 msecs (HTTP/1.1 204) 3 headers in 131 bytes (1 switches on core 0) [pid: 7|app: 0|req: 522/1039] 10.0.0.139 () {32 vars in 720 bytes} [Thu Apr 2 18:08:13 2026] DELETE /v2.0/ports/77c45838-fa35-4b84-ad3e-8d4878d9be9d => generated 0 bytes in 237 msecs (HTTP/1.1 204) 3 headers in 131 bytes (1 switches on core 0) [pid: 8|app: 0|req: 518/1040] 10.0.0.51 () {34 vars in 989 bytes} [Thu Apr 2 18:08:13 2026] GET /v2.0/ports?device_id=5a369241-ee6b-4c08-9d85-890e5ef75bf6 => generated 1152 bytes in 119 msecs (HTTP/1.1 200) 4 headers in 158 bytes (1 switches on core 0) [pid: 7|app: 0|req: 523/1041] 10.0.0.139 () {32 vars in 774 bytes} [Thu Apr 2 18:08:13 2026] GET /v2.0/security-groups?tenant_id=59df746268774ba683fc00a155110df9&name=default => generated 2925 bytes in 35 msecs (HTTP/1.1 200) 4 headers in 158 bytes (1 switches on core 0) [pid: 7|app: 0|req: 524/1042] 199.19.213.21 () {34 vars in 1079 bytes} [Thu Apr 2 18:08:13 2026] GET /v2.0/ports?tenant_id=7069b1653313452fa57ab0f6ab2c1447&device_id=5a369241-ee6b-4c08-9d85-890e5ef75bf6 => generated 1390 bytes in 40 msecs (HTTP/1.1 200) 4 headers in 158 bytes (1 switches on core 0)
2026-04-02 18:08:13.716 7 INFO neutron.pecan_wsgi.hooks.translation [None req-25c0e1df-06a1-4a6f-9042-c4090a7c9a27 1c5891d64d66489396caea40b7a82b12 632db8bc5db54214a4fc0493a35db205 - - default default] GET failed (client error): The resource could not be found. [pid: 7|app: 0|req: 525/1043] 10.0.0.139 () {32 vars in 717 bytes} [Thu Apr 2 18:08:13 2026] GET /v2.0/ports/77c45838-fa35-4b84-ad3e-8d4878d9be9d => generated 132 bytes in 23 msecs (HTTP/1.1 404) 4 headers in 164 bytes (1 switches on core 0)
2026-04-02 18:08:13.781 8 INFO neutron_taas.services.taas.taas_plugin [None req-3576846e-c535-471b-9b79-4753bd04eb75 31db859ac0a644edab6db90c32801048 eb4a6030c98b439081a710586a0094f2 - - default default] TaaS: Handle Delete Port: 149dd301-6276-4f75-ad4b-ed1402a50837
