2026-04-02 18:09:37.059 8 INFO neutron.plugins.ml2.drivers.ovn.mech_driver.mech_driver [None req-043501f3-6ed3-444a-beef-b19e59b6c9f4 - - - - - -] OVN reports status up for port: 25a27f71-f583-4419-9fce-2a66253f4414
2026-04-02 18:09:37.072 7 INFO neutron.plugins.ml2.drivers.ovn.mech_driver.ovsdb.ovsdb_monitor [None req-d4fdab97-df0d-4716-8544-99be05818b58 - - - - - -] Router d99ed3d3-13f9-41c5-a283-039e35d6c230 is bound to host instance
2026-04-02 18:09:37.087 8 INFO neutron.plugins.ml2.plugin [None req-043501f3-6ed3-444a-beef-b19e59b6c9f4 - - - - - -] Attempt 1 to provision port 25a27f71-f583-4419-9fce-2a66253f4414
2026-04-02 18:09:37.136 8 INFO neutron.db.ovn_revision_numbers_db [None req-ee2f7998-6fcb-4968-9e21-b526e59f92fe 98bb09e1ccb746b68d809229e43b3d20 d3bad4e76b1b49f4bed439d09aa57153 - - default default] Successfully bumped revision number for resource 25a27f71-f583-4419-9fce-2a66253f4414 (type: router_ports) to 1
2026-04-02 18:09:37.274 8 INFO neutron.db.ovn_revision_numbers_db [None req-ee2f7998-6fcb-4968-9e21-b526e59f92fe 98bb09e1ccb746b68d809229e43b3d20 d3bad4e76b1b49f4bed439d09aa57153 - - default default] Successfully bumped revision number for resource d99ed3d3-13f9-41c5-a283-039e35d6c230 (type: routers) to 2 [pid: 8|app: 0|req: 805/1613] 10.0.0.139 () {34 vars in 669 bytes} [Thu Apr 2 18:09:35 2026] POST /v2.0/routers => generated 966 bytes in 1860 msecs (HTTP/1.1 201) 4 headers in 162 bytes (1 switches on core 0) [pid: 8|app: 0|req: 806/1614] 10.0.0.51 () {34 vars in 989 bytes} [Thu Apr 2 18:09:37 2026] GET /v2.0/ports?device_id=a552474c-bced-4ecc-b070-799f74a0e04e => generated 971 bytes in 144 msecs (HTTP/1.1 200) 4 headers in 157 bytes (1 switches on core 0) [pid: 8|app: 0|req: 807/1615] 10.0.0.51 () {34 vars in 1039 bytes} [Thu Apr 2 18:09:37 2026] GET /v2.0/security-groups?id=538f1428-4269-4b5f-a743-dffc42465888&fields=id&fields=name => generated 114 bytes in 33 msecs (HTTP/1.1 200) 4 headers in 157 bytes (1 switches on core 0) [pid: 8|app: 0|req: 808/1616] 199.19.213.21 () {34 vars in 1079 bytes} [Thu Apr 2 18:09:37 2026] GET /v2.0/ports?tenant_id=de29d70b61cf4f59961dabf1852a1d23&device_id=a552474c-bced-4ecc-b070-799f74a0e04e => generated 1209 bytes in 51 msecs (HTTP/1.1 200) 4 headers in 158 bytes (1 switches on core 0) [pid: 8|app: 0|req: 809/1617] 199.19.213.21 () {34 vars in 985 bytes} [Thu Apr 2 18:09:37 2026] GET /v2.0/networks?id=4b15c3b6-616d-4e31-87b6-8b974ccd3561 => generated 812 bytes in 45 msecs (HTTP/1.1 200) 4 headers in 157 bytes (1 switches on core 0) [pid: 8|app: 0|req: 810/1618] 199.19.213.21 () {34 vars in 1057 bytes} [Thu Apr 2 18:09:37 2026] GET /v2.0/floatingips?fixed_ip_address=10.100.0.7&port_id=9cfd847f-11e9-4fb3-bcb1-7d6afe9f42f4 => generated 860 bytes in 46 msecs (HTTP/1.1 200) 4 headers in 157 bytes (1 switches on core 0) [pid: 8|app: 0|req: 811/1619] 199.19.213.21 () {34 vars in 983 bytes} [Thu Apr 2 18:09:37 2026] GET /v2.0/subnets?id=a8a66f36-ff1b-4b6b-83d6-3a5b7678773e => generated 694 bytes in 27 msecs (HTTP/1.1 200) 4 headers in 157 bytes (1 switches on core 0) [pid: 8|app: 0|req: 812/1620] 199.19.213.21 () {34 vars in 1051 bytes} [Thu Apr 2 18:09:38 2026] GET /v2.0/ports?network_id=4b15c3b6-616d-4e31-87b6-8b974ccd3561&device_owner=network%3Adhcp => generated 12 bytes in 31 msecs (HTTP/1.1 200) 4 headers in 156 bytes (1 switches on core 0) [pid: 8|app: 0|req: 813/1621] 199.19.213.21 () {34 vars in 1011 bytes} [Thu Apr 2 18:09:38 2026] GET /v2.0/networks/4b15c3b6-616d-4e31-87b6-8b974ccd3561?fields=segments => generated 14 bytes in 46 msecs (HTTP/1.1 200) 4 headers in 156 bytes (1 switches on core 0) [pid: 8|app: 0|req: 814/1622] 199.19.213.21 () {34 vars in 1111 bytes} [Thu Apr 2 18:09:38 2026] GET /v2.0/networks/4b15c3b6-616d-4e31-87b6-8b974ccd3561?fields=provider%3Aphysical_network&fields=provider%3Anetwork_type => generated 79 bytes in 48 msecs (HTTP/1.1 200) 4 headers in 156 bytes (1 switches on core 0)
2026-04-02 18:09:38.182 7 WARNING neutron.scheduler.dhcp_agent_scheduler [None req-8d21971e-81ea-4a72-a3f0-18424c078ca4 98bb09e1ccb746b68d809229e43b3d20 d3bad4e76b1b49f4bed439d09aa57153 - - default default] No more DHCP agents
2026-04-02 18:09:38.190 7 WARNING neutron.api.rpc.agentnotifiers.dhcp_rpc_agent_api [None req-8d21971e-81ea-4a72-a3f0-18424c078ca4 98bb09e1ccb746b68d809229e43b3d20 d3bad4e76b1b49f4bed439d09aa57153 - - default default] Unable to schedule network ad29f0fd-81a8-4c5c-bc50-db76056167c0: no agents available; will retry on subsequent port and subnet creation events.
2026-04-02 18:09:38.469 7 INFO neutron.db.ovn_revision_numbers_db [None req-5ceb0248-e3bc-4c84-93d9-68032c519647 - - - - - -] Successfully bumped revision number for resource 25a27f71-f583-4419-9fce-2a66253f4414 (type: ports) to 4
2026-04-02 18:09:38.482 7 INFO neutron.plugins.ml2.drivers.ovn.mech_driver.mech_driver [None req-9c363eef-e4b5-4f91-a3bf-f8f73f664def - - - - - -] OVN reports status down for port: da8ceb91-bd86-458b-b96b-9b3af78829f7
2026-04-02 18:09:38.595 7 INFO neutron.db.ovn_revision_numbers_db [None req-8d21971e-81ea-4a72-a3f0-18424c078ca4 98bb09e1ccb746b68d809229e43b3d20 d3bad4e76b1b49f4bed439d09aa57153 - - default default] Successfully bumped revision number for resource da8ceb91-bd86-458b-b96b-9b3af78829f7 (type: ports) to 1 [pid: 8|app: 0|req: 815/1623] 10.0.0.51 () {34 vars in 989 bytes} [Thu Apr 2 18:09:38 2026] GET /v2.0/ports?device_id=a552474c-bced-4ecc-b070-799f74a0e04e => generated 971 bytes in 43 msecs (HTTP/1.1 200) 4 headers in 157 bytes (1 switches on core 0) [pid: 8|app: 0|req: 816/1624] 10.0.0.51 () {34 vars in 1039 bytes} [Thu Apr 2 18:09:38 2026] GET /v2.0/security-groups?id=538f1428-4269-4b5f-a743-dffc42465888&fields=id&fields=name => generated 114 bytes in 34 msecs (HTTP/1.1 200) 4 headers in 157 bytes (1 switches on core 0)
2026-04-02 18:09:39.218 7 INFO neutron.db.ovn_revision_numbers_db [None req-5ceb0248-e3bc-4c84-93d9-68032c519647 - - - - - -] Successfully bumped revision number for resource 25a27f71-f583-4419-9fce-2a66253f4414 (type: ports) to 5
2026-04-02 18:09:39.584 7 INFO neutron.plugins.ml2.drivers.ovn.mech_driver.mech_driver [None req-9c363eef-e4b5-4f91-a3bf-f8f73f664def - - - - - -] OVN reports status up for port: da8ceb91-bd86-458b-b96b-9b3af78829f7
2026-04-02 18:09:39.612 7 INFO neutron.plugins.ml2.plugin [None req-9c363eef-e4b5-4f91-a3bf-f8f73f664def - - - - - -] Attempt 1 to provision port da8ceb91-bd86-458b-b96b-9b3af78829f7
2026-04-02 18:09:39.733 7 WARNING neutron.scheduler.dhcp_agent_scheduler [None req-8d21971e-81ea-4a72-a3f0-18424c078ca4 98bb09e1ccb746b68d809229e43b3d20 d3bad4e76b1b49f4bed439d09aa57153 - - default default] No more DHCP agents
2026-04-02 18:09:39.737 7 WARNING neutron.api.rpc.agentnotifiers.dhcp_rpc_agent_api [None req-8d21971e-81ea-4a72-a3f0-18424c078ca4 98bb09e1ccb746b68d809229e43b3d20 d3bad4e76b1b49f4bed439d09aa57153 - - default default] Unable to schedule network ad29f0fd-81a8-4c5c-bc50-db76056167c0: no agents available; will retry on subsequent port and subnet creation events.
2026-04-02 18:09:39.976 8 INFO neutron.db.ovn_revision_numbers_db [None req-f85fda12-0493-4516-a21f-08685f058d9d 98bb09e1ccb746b68d809229e43b3d20 d3bad4e76b1b49f4bed439d09aa57153 - - default default] Successfully bumped revision number for resource 22331fea-0cc0-4103-9f76-d32b976c1916 (type: security_groups) to 1
2026-04-02 18:09:39.990 8 INFO neutron.db.ovn_revision_numbers_db [None req-f85fda12-0493-4516-a21f-08685f058d9d 98bb09e1ccb746b68d809229e43b3d20 d3bad4e76b1b49f4bed439d09aa57153 - - default default] Successfully bumped revision number for resource 47f71c6e-7d62-4d61-aa9c-ed4bc0e1d9d0 (type: security_group_rules) to 0
2026-04-02 18:09:40.012 8 INFO neutron.db.ovn_revision_numbers_db [None req-f85fda12-0493-4516-a21f-08685f058d9d 98bb09e1ccb746b68d809229e43b3d20 d3bad4e76b1b49f4bed439d09aa57153 - - default default] Successfully bumped revision number for resource 51bd14a5-601e-4a03-8c86-2ce01263494e (type: security_group_rules) to 0
2026-04-02 18:09:40.023 8 INFO neutron.db.ovn_revision_numbers_db [None req-f85fda12-0493-4516-a21f-08685f058d9d 98bb09e1ccb746b68d809229e43b3d20 d3bad4e76b1b49f4bed439d09aa57153 - - default default] Successfully bumped revision number for resource 678c1406-9774-4337-9f6d-c61a21490d5c (type: security_group_rules) to 0
2026-04-02 18:09:40.034 8 INFO neutron.db.ovn_revision_numbers_db [None req-f85fda12-0493-4516-a21f-08685f058d9d 98bb09e1ccb746b68d809229e43b3d20 d3bad4e76b1b49f4bed439d09aa57153 - - default default] Successfully bumped revision number for resource 953b84e8-f108-4349-855b-1b55a45943c8 (type: security_group_rules) to 0 [pid: 8|app: 0|req: 817/1625] 10.0.0.139 () {32 vars in 774 bytes} [Thu Apr 2 18:09:39 2026] GET /v2.0/security-groups?tenant_id=1aab866a4d1d470d97491f20be02a97d&name=default => generated 2925 bytes in 417 msecs (HTTP/1.1 200) 4 headers in 158 bytes (1 switches on core 0) [pid: 8|app: 0|req: 818/1626] 10.0.0.51 () {34 vars in 989 bytes} [Thu Apr 2 18:09:40 2026] GET /v2.0/ports?device_id=a552474c-bced-4ecc-b070-799f74a0e04e => generated 971 bytes in 32 msecs (HTTP/1.1 200) 4 headers in 157 bytes (1 switches on core 0)
2026-04-02 18:09:40.312 8 INFO neutron.plugins.ml2.drivers.ovn.mech_driver.mech_driver [None req-043501f3-6ed3-444a-beef-b19e59b6c9f4 - - - - - -] OVN reports status down for port: 9cfd847f-11e9-4fb3-bcb1-7d6afe9f42f4 [pid: 8|app: 0|req: 819/1627] 10.0.0.139 () {32 vars in 740 bytes} [Thu Apr 2 18:09:40 2026] DELETE /v2.0/security-groups/22331fea-0cc0-4103-9f76-d32b976c1916 => generated 0 bytes in 294 msecs (HTTP/1.1 204) 2 headers in 112 bytes (1 switches on core 0) [pid: 8|app: 0|req: 820/1628] 10.0.0.51 () {34 vars in 1039 bytes} [Thu Apr 2 18:09:40 2026] GET /v2.0/security-groups?id=538f1428-4269-4b5f-a743-dffc42465888&fields=id&fields=name => generated 114 bytes in 47 msecs (HTTP/1.1 200) 4 headers in 157 bytes (1 switches on core 0)
2026-04-02 18:09:40.450 7 INFO neutron.db.ovn_revision_numbers_db [None req-9c363eef-e4b5-4f91-a3bf-f8f73f664def - - - - - -] Successfully bumped revision number for resource da8ceb91-bd86-458b-b96b-9b3af78829f7 (type: ports) to 2
2026-04-02 18:09:40.528 8 INFO neutron.notifiers.nova [-] Nova event matching ['req-5001cb10-3649-4baf-a3a0-02c092e94b2f'] response: {'server_uuid': 'a552474c-bced-4ecc-b070-799f74a0e04e', 'name': 'network-vif-unplugged', 'status': 'completed', 'tag': '9cfd847f-11e9-4fb3-bcb1-7d6afe9f42f4', 'code': 200}
2026-04-02 18:09:40.768 7 INFO neutron.db.ovn_revision_numbers_db [None req-8d21971e-81ea-4a72-a3f0-18424c078ca4 98bb09e1ccb746b68d809229e43b3d20 d3bad4e76b1b49f4bed439d09aa57153 - - default default] Successfully bumped revision number for resource da8ceb91-bd86-458b-b96b-9b3af78829f7 (type: router_ports) to 1 [pid: 7|app: 0|req: 809/1629] 10.0.0.139 () {34 vars in 783 bytes} [Thu Apr 2 18:09:37 2026] PUT /v2.0/routers/d99ed3d3-13f9-41c5-a283-039e35d6c230/add_router_interface => generated 309 bytes in 3472 msecs (HTTP/1.1 200) 4 headers in 157 bytes (1 switches on core 0)
2026-04-02 18:09:40.786 8 INFO neutron.db.ovn_revision_numbers_db [None req-cfe762e7-c446-4ee9-a09a-d630f60d872d 98bb09e1ccb746b68d809229e43b3d20 d3bad4e76b1b49f4bed439d09aa57153 - - default default] Successfully bumped revision number for resource b06573f8-645d-4b8f-a921-cec0ba64b2a5 (type: security_groups) to 1
2026-04-02 18:09:40.805 8 INFO neutron.db.ovn_revision_numbers_db [None req-043501f3-6ed3-444a-beef-b19e59b6c9f4 - - - - - -] Successfully bumped revision number for resource 9cfd847f-11e9-4fb3-bcb1-7d6afe9f42f4 (type: ports) to 6
2026-04-02 18:09:40.810 8 INFO neutron.db.ovn_revision_numbers_db [None req-cfe762e7-c446-4ee9-a09a-d630f60d872d 98bb09e1ccb746b68d809229e43b3d20 d3bad4e76b1b49f4bed439d09aa57153 - - default default] Successfully bumped revision number for resource 1778bffc-6028-4a92-bcc3-6cd8e7406958 (type: security_group_rules) to 0
2026-04-02 18:09:40.841 8 INFO neutron.db.ovn_revision_numbers_db [None req-cfe762e7-c446-4ee9-a09a-d630f60d872d 98bb09e1ccb746b68d809229e43b3d20 d3bad4e76b1b49f4bed439d09aa57153 - - default default] Successfully bumped revision number for resource 2b7c375f-ea16-4a3e-917b-3371dede5095 (type: security_group_rules) to 0
2026-04-02 18:09:40.869 8 INFO neutron.db.ovn_revision_numbers_db [None req-cfe762e7-c446-4ee9-a09a-d630f60d872d 98bb09e1ccb746b68d809229e43b3d20 d3bad4e76b1b49f4bed439d09aa57153 - - default default] Successfully bumped revision number for resource 60fa57c3-c65d-4c7e-adc8-d089008cdadf (type: security_group_rules) to 0
2026-04-02 18:09:40.901 8 INFO neutron.db.ovn_revision_numbers_db [None req-cfe762e7-c446-4ee9-a09a-d630f60d872d 98bb09e1ccb746b68d809229e43b3d20 d3bad4e76b1b49f4bed439d09aa57153 - - default default] Successfully bumped revision number for resource 755e163c-fa23-4625-b37c-9f2830ff539d (type: security_group_rules) to 0 [pid: 8|app: 0|req: 821/1630] 10.0.0.139 () {32 vars in 774 bytes} [Thu Apr 2 18:09:40 2026] GET /v2.0/security-groups?tenant_id=fef0638a50214e90a3f92c832829d38c&name=default => generated 2925 bytes in 450 msecs (HTTP/1.1 200) 4 headers in 158 bytes (1 switches on core 0) [pid: 7|app: 0|req: 810/1631] 10.0.0.139 () {32 vars in 740 bytes} [Thu Apr 2 18:09:40 2026] DELETE /v2.0/security-groups/b06573f8-645d-4b8f-a921-cec0ba64b2a5 => generated 0 bytes in 248 msecs (HTTP/1.1 204) 2 headers in 112 bytes (1 switches on core 0) /var/lib/openstack/lib/python3.12/site-packages/pycadf/identifier.py:70: UserWarning: Invalid uuid: neutron. To ensure interoperability, identifiers should be a valid uuid. warnings.warn(('Invalid uuid: %s. To ensure interoperability, ' [pid: 8|app: 0|req: 822/1632] 10.0.0.179 () {34 vars in 990 bytes} [Thu Apr 2 18:09:41 2026] GET /v2.0/ports?device_id=1b6d1f09-73b3-4a31-a24b-82174cc4137e => generated 1209 bytes in 44 msecs (HTTP/1.1 200) 4 headers in 158 bytes (1 switches on core 0) [pid: 7|app: 0|req: 811/1633] 10.0.0.179 () {34 vars in 1040 bytes} [Thu Apr 2 18:09:41 2026] GET /v2.0/security-groups?id=5a68da39-92b4-4816-9088-b1ec208da71d&fields=id&fields=name => generated 114 bytes in 29 msecs (HTTP/1.1 200) 4 headers in 157 bytes (1 switches on core 0) [pid: 8|app: 0|req: 823/1634] 10.0.0.51 () {34 vars in 989 bytes} [Thu Apr 2 18:09:41 2026] GET /v2.0/ports?device_id=a552474c-bced-4ecc-b070-799f74a0e04e => generated 969 bytes in 68 msecs (HTTP/1.1 200) 4 headers in 157 bytes (1 switches on core 0) [pid: 7|app: 0|req: 812/1635] 10.0.0.51 () {34 vars in 1039 bytes} [Thu Apr 2 18:09:41 2026] GET /v2.0/security-groups?id=538f1428-4269-4b5f-a743-dffc42465888&fields=id&fields=name => generated 114 bytes in 42 msecs (HTTP/1.1 200) 4 headers in 157 bytes (1 switches on core 0)
2026-04-02 18:09:42.027 8 INFO neutron.db.ovn_revision_numbers_db [None req-dca1c2f9-3cf3-42fc-9a07-96b8527fb5f8 98bb09e1ccb746b68d809229e43b3d20 d3bad4e76b1b49f4bed439d09aa57153 - - default default] Successfully bumped revision number for resource b33430d3-7401-4e56-98cf-a6f417c4f95c (type: security_groups) to 1
2026-04-02 18:09:42.039 8 INFO neutron.db.ovn_revision_numbers_db [None req-dca1c2f9-3cf3-42fc-9a07-96b8527fb5f8 98bb09e1ccb746b68d809229e43b3d20 d3bad4e76b1b49f4bed439d09aa57153 - - default default] Successfully bumped revision number for resource 03537f13-be19-4f18-a720-2b34f1f3eef9 (type: security_group_rules) to 0
2026-04-02 18:09:42.051 8 INFO neutron.db.ovn_revision_numbers_db [None req-dca1c2f9-3cf3-42fc-9a07-96b8527fb5f8 98bb09e1ccb746b68d809229e43b3d20 d3bad4e76b1b49f4bed439d09aa57153 - - default default] Successfully bumped revision number for resource 1310d019-8eb4-4687-b076-99c6292a019d (type: security_group_rules) to 0
2026-04-02 18:09:42.064 8 INFO neutron.db.ovn_revision_numbers_db [None req-dca1c2f9-3cf3-42fc-9a07-96b8527fb5f8 98bb09e1ccb746b68d809229e43b3d20 d3bad4e76b1b49f4bed439d09aa57153 - - default default] Successfully bumped revision number for resource 4aba5a46-6dd9-4217-88c4-79272c2754d7 (type: security_group_rules) to 0
2026-04-02 18:09:42.076 8 INFO neutron.db.ovn_revision_numbers_db [None req-dca1c2f9-3cf3-42fc-9a07-96b8527fb5f8 98bb09e1ccb746b68d809229e43b3d20 d3bad4e76b1b49f4bed439d09aa57153 - - default default] Successfully bumped revision number for resource 6d2c8cc1-32ea-4ce6-b3b8-6947a49f6284 (type: security_group_rules) to 0
2026-04-02 18:09:42.148 8 INFO neutron.db.segments_db [None req-dca1c2f9-3cf3-42fc-9a07-96b8527fb5f8 98bb09e1ccb746b68d809229e43b3d20 d3bad4e76b1b49f4bed439d09aa57153 - - default default] Added segment 44c51fe8-c3ba-493a-b0cc-b72518433d50 of type geneve for network 36ed6df1-fb92-4ad0-b80b-05e18f00cb24
2026-04-02 18:09:42.277 8 INFO neutron.db.ovn_revision_numbers_db [None req-dca1c2f9-3cf3-42fc-9a07-96b8527fb5f8 98bb09e1ccb746b68d809229e43b3d20 d3bad4e76b1b49f4bed439d09aa57153 - - default default] Successfully bumped revision number for resource 36ed6df1-fb92-4ad0-b80b-05e18f00cb24 (type: networks) to 1
2026-04-02 18:09:42.471 8 WARNING neutron.scheduler.dhcp_agent_scheduler [None req-dca1c2f9-3cf3-42fc-9a07-96b8527fb5f8 98bb09e1ccb746b68d809229e43b3d20 d3bad4e76b1b49f4bed439d09aa57153 - - default default] No more DHCP agents
2026-04-02 18:09:42.472 8 WARNING neutron.api.rpc.agentnotifiers.dhcp_rpc_agent_api [None req-dca1c2f9-3cf3-42fc-9a07-96b8527fb5f8 98bb09e1ccb746b68d809229e43b3d20 d3bad4e76b1b49f4bed439d09aa57153 - - default default] Unable to schedule network 36ed6df1-fb92-4ad0-b80b-05e18f00cb24: no agents available; will retry on subsequent port and subnet creation events.
2026-04-02 18:09:42.522 8 INFO neutron.plugins.ml2.drivers.ovn.mech_driver.mech_driver [None req-d0af5178-da8b-43bb-b6f7-c2fdf62875b0 - - - - - -] OVN reports status down for port: a563bd87-8ba6-41ec-b9ff-c3ec48076b13
2026-04-02 18:09:42.590 8 INFO neutron.db.ovn_revision_numbers_db [None req-dca1c2f9-3cf3-42fc-9a07-96b8527fb5f8 98bb09e1ccb746b68d809229e43b3d20 d3bad4e76b1b49f4bed439d09aa57153 - - default default] Successfully bumped revision number for resource a563bd87-8ba6-41ec-b9ff-c3ec48076b13 (type: ports) to 1
2026-04-02 18:09:42.595 8 INFO neutron.notifiers.nova [-] Nova event matching ['req-61abc2ab-f85c-4465-aad8-de12e2f8cc40'] response: {'server_uuid': 'a552474c-bced-4ecc-b070-799f74a0e04e', 'name': 'network-vif-unplugged', 'status': 'completed', 'tag': '9cfd847f-11e9-4fb3-bcb1-7d6afe9f42f4', 'code': 200} [pid: 8|app: 0|req: 824/1636] 10.0.0.139 () {34 vars in 671 bytes} [Thu Apr 2 18:09:41 2026] POST /v2.0/networks => generated 762 bytes in 758 msecs (HTTP/1.1 201) 4 headers in 162 bytes (1 switches on core 0) [pid: 8|app: 0|req: 825/1637] 10.0.0.139 () {32 vars in 826 bytes} [Thu Apr 2 18:09:42 2026] GET /v2.0/ports?project_id=2ad983a1e1124f1f9d79457e9b9acfac&network_id=dd596df7-bef9-4d53-bfb0-43ab61addc7f => generated 3315 bytes in 70 msecs (HTTP/1.1 200) 4 headers in 158 bytes (1 switches on core 0)
2026-04-02 18:09:42.808 7 WARNING neutron.scheduler.dhcp_agent_scheduler [None req-825b0bda-027d-4c77-9b91-efc7619d7356 98bb09e1ccb746b68d809229e43b3d20 d3bad4e76b1b49f4bed439d09aa57153 - - default default] No more DHCP agents
2026-04-02 18:09:42.811 7 WARNING neutron.api.rpc.agentnotifiers.dhcp_rpc_agent_api [None req-825b0bda-027d-4c77-9b91-efc7619d7356 98bb09e1ccb746b68d809229e43b3d20 d3bad4e76b1b49f4bed439d09aa57153 - - default default] Unable to schedule network 36ed6df1-fb92-4ad0-b80b-05e18f00cb24: no agents available; will retry on subsequent port and subnet creation events. [pid: 8|app: 0|req: 826/1638] 10.0.0.51 () {34 vars in 989 bytes} [Thu Apr 2 18:09:42 2026] GET /v2.0/ports?device_id=a552474c-bced-4ecc-b070-799f74a0e04e => generated 969 bytes in 69 msecs (HTTP/1.1 200) 4 headers in 157 bytes (1 switches on core 0) [pid: 8|app: 0|req: 827/1639] 10.0.0.51 () {34 vars in 1039 bytes} [Thu Apr 2 18:09:42 2026] GET /v2.0/security-groups?id=538f1428-4269-4b5f-a743-dffc42465888&fields=id&fields=name => generated 114 bytes in 34 msecs (HTTP/1.1 200) 4 headers in 157 bytes (1 switches on core 0) [pid: 8|app: 0|req: 828/1640] 10.0.0.139 () {32 vars in 742 bytes} [Thu Apr 2 18:09:42 2026] GET /v2.0/subnets?network_id=0d9d87d5-e6d4-4577-80c0-38cdbdd8f4a1 => generated 667 bytes in 39 msecs (HTTP/1.1 200) 4 headers in 157 bytes (1 switches on core 0)
2026-04-02 18:09:43.270 7 INFO neutron.db.ovn_revision_numbers_db [None req-4cb3ceee-935d-48c8-8a7c-934871c10ee6 - - - - - -] Successfully bumped revision number for resource a563bd87-8ba6-41ec-b9ff-c3ec48076b13 (type: ports) to 2
2026-04-02 18:09:43.300 7 INFO neutron.db.ovn_revision_numbers_db [None req-4cb3ceee-935d-48c8-8a7c-934871c10ee6 - - - - - -] Successfully bumped revision number for resource b0ffcf29-d001-4f96-a651-097fa0dc16c6 (type: subnets) to 0 [pid: 7|app: 0|req: 813/1641] 10.0.0.139 () {34 vars in 669 bytes} [Thu Apr 2 18:09:42 2026] POST /v2.0/subnets => generated 687 bytes in 679 msecs (HTTP/1.1 201) 4 headers in 162 bytes (1 switches on core 0)
2026-04-02 18:09:43.384 8 INFO neutron.db.ovn_revision_numbers_db [None req-1fb5b8d8-7f38-4ce2-8778-82ae3f01e5d7 db330e459f2d425b856d9b0d87d56508 2ad983a1e1124f1f9d79457e9b9acfac - - default default] Successfully bumped revision number for resource a76f14f0-510a-4bd6-996b-1503325fb1dd (type: floatingips) to 2
2026-04-02 18:09:43.410 8 INFO neutron.plugins.ml2.drivers.ovn.mech_driver.mech_driver [None req-d0af5178-da8b-43bb-b6f7-c2fdf62875b0 - - - - - -] OVN reports status up for port: 9cfd847f-11e9-4fb3-bcb1-7d6afe9f42f4
2026-04-02 18:09:43.446 8 INFO neutron.plugins.ml2.plugin [None req-d0af5178-da8b-43bb-b6f7-c2fdf62875b0 - - - - - -] Attempt 1 to provision port 9cfd847f-11e9-4fb3-bcb1-7d6afe9f42f4
2026-04-02 18:09:43.474 8 INFO neutron.db.l3_db [None req-1fb5b8d8-7f38-4ce2-8778-82ae3f01e5d7 db330e459f2d425b856d9b0d87d56508 2ad983a1e1124f1f9d79457e9b9acfac - - default default] Floating IP a76f14f0-510a-4bd6-996b-1503325fb1dd disassociated. External IP: 10.96.250.216, port: d29a2339-4f74-4ba8-9657-fbe6cf779b9f. [pid: 8|app: 0|req: 829/1642] 10.0.0.139 () {34 vars in 749 bytes} [Thu Apr 2 18:09:43 2026] PUT /v2.0/floatingips/a76f14f0-510a-4bd6-996b-1503325fb1dd => generated 554 bytes in 345 msecs (HTTP/1.1 200) 4 headers in 157 bytes (1 switches on core 0)
2026-04-02 18:09:43.777 8 INFO neutron.db.ovn_revision_numbers_db [None req-d0af5178-da8b-43bb-b6f7-c2fdf62875b0 - - - - - -] Successfully bumped revision number for resource 9cfd847f-11e9-4fb3-bcb1-7d6afe9f42f4 (type: ports) to 7
2026-04-02 18:09:43.990 8 INFO neutron.db.ovn_revision_numbers_db [None req-0699830c-e15f-404f-b129-3f909a327e02 98bb09e1ccb746b68d809229e43b3d20 d3bad4e76b1b49f4bed439d09aa57153 - - default default] Successfully bumped revision number for resource 544140e0-9c02-4a2e-bee3-ec51460f392b (type: security_groups) to 1
2026-04-02 18:09:44.004 8 INFO neutron.db.ovn_revision_numbers_db [None req-0699830c-e15f-404f-b129-3f909a327e02 98bb09e1ccb746b68d809229e43b3d20 d3bad4e76b1b49f4bed439d09aa57153 - - default default] Successfully bumped revision number for resource a18be104-782e-433b-95cb-54dd46e6da2d (type: security_group_rules) to 0
2026-04-02 18:09:44.016 8 INFO neutron.db.ovn_revision_numbers_db [None req-0699830c-e15f-404f-b129-3f909a327e02 98bb09e1ccb746b68d809229e43b3d20 d3bad4e76b1b49f4bed439d09aa57153 - - default default] Successfully bumped revision number for resource bc90a22a-562d-4ea2-af65-468ee689f004 (type: security_group_rules) to 0
2026-04-02 18:09:44.030 8 INFO neutron.db.ovn_revision_numbers_db [None req-0699830c-e15f-404f-b129-3f909a327e02 98bb09e1ccb746b68d809229e43b3d20 d3bad4e76b1b49f4bed439d09aa57153 - - default default] Successfully bumped revision number for resource cf042d79-d0cc-4157-9a96-1bb8e7b8a577 (type: security_group_rules) to 0
2026-04-02 18:09:44.047 8 INFO neutron.db.ovn_revision_numbers_db [None req-0699830c-e15f-404f-b129-3f909a327e02 98bb09e1ccb746b68d809229e43b3d20 d3bad4e76b1b49f4bed439d09aa57153 - - default default] Successfully bumped revision number for resource e8e381ca-ab63-4e4e-b323-11c1b1098f84 (type: security_group_rules) to 0 [pid: 8|app: 0|req: 830/1643] 10.0.0.139 () {32 vars in 774 bytes} [Thu Apr 2 18:09:43 2026] GET /v2.0/security-groups?tenant_id=d0429d910959476ea2215508b3d0323a&name=default => generated 2925 bytes in 567 msecs (HTTP/1.1 200) 4 headers in 158 bytes (1 switches on core 0) /var/lib/openstack/lib/python3.12/site-packages/pycadf/identifier.py:70: UserWarning: Invalid uuid: neutron. To ensure interoperability, identifiers should be a valid uuid. warnings.warn(('Invalid uuid: %s. To ensure interoperability, ' [pid: 8|app: 0|req: 831/1644] 10.0.0.139 () {32 vars in 729 bytes} [Thu Apr 2 18:09:44 2026] GET /v2.0/floatingips/a76f14f0-510a-4bd6-996b-1503325fb1dd => generated 552 bytes in 20 msecs (HTTP/1.1 200) 4 headers in 157 bytes (1 switches on core 0) [pid: 8|app: 0|req: 832/1645] 10.0.0.51 () {34 vars in 989 bytes} [Thu Apr 2 18:09:44 2026] GET /v2.0/ports?device_id=a552474c-bced-4ecc-b070-799f74a0e04e => generated 971 bytes in 33 msecs (HTTP/1.1 200) 4 headers in 157 bytes (1 switches on core 0)
2026-04-02 18:09:44.358 7 WARNING neutron.scheduler.dhcp_agent_scheduler [None req-c1fef537-d40f-4358-b460-04d9bc61afe2 98bb09e1ccb746b68d809229e43b3d20 d3bad4e76b1b49f4bed439d09aa57153 - - default default] No more DHCP agents
2026-04-02 18:09:44.359 7 WARNING neutron.api.rpc.agentnotifiers.dhcp_rpc_agent_api [None req-c1fef537-d40f-4358-b460-04d9bc61afe2 98bb09e1ccb746b68d809229e43b3d20 d3bad4e76b1b49f4bed439d09aa57153 - - default default] Unable to schedule network 0d9d87d5-e6d4-4577-80c0-38cdbdd8f4a1: no agents available; will retry on subsequent port and subnet creation events. [pid: 8|app: 0|req: 833/1646] 10.0.0.139 () {32 vars in 740 bytes} [Thu Apr 2 18:09:44 2026] DELETE /v2.0/security-groups/544140e0-9c02-4a2e-bee3-ec51460f392b => generated 0 bytes in 267 msecs (HTTP/1.1 204) 2 headers in 112 bytes (1 switches on core 0) [pid: 8|app: 0|req: 834/1647] 10.0.0.51 () {34 vars in 1039 bytes} [Thu Apr 2 18:09:44 2026] GET /v2.0/security-groups?id=538f1428-4269-4b5f-a743-dffc42465888&fields=id&fields=name => generated 114 bytes in 44 msecs (HTTP/1.1 200) 4 headers in 157 bytes (1 switches on core 0)
2026-04-02 18:09:44.548 7 INFO neutron.db.ovn_revision_numbers_db [None req-c1fef537-d40f-4358-b460-04d9bc61afe2 98bb09e1ccb746b68d809229e43b3d20 d3bad4e76b1b49f4bed439d09aa57153 - - default default] Successfully bumped revision number for resource 60df4dcb-4427-48f8-b819-10d1408141b9 (type: ports) to 1
2026-04-02 18:09:44.659 8 INFO neutron.notifiers.nova [-] Nova event matching ['req-dc79230e-24a0-43ba-98ca-b5f8a38402e8'] response: {'name': 'network-changed', 'server_uuid': '1b6d1f09-73b3-4a31-a24b-82174cc4137e', 'tag': 'd29a2339-4f74-4ba8-9657-fbe6cf779b9f', 'status': 'completed', 'code': 200}
2026-04-02 18:09:44.660 8 INFO neutron.notifiers.nova [-] Nova event matching ['req-dc79230e-24a0-43ba-98ca-b5f8a38402e8'] response: {'server_uuid': 'a552474c-bced-4ecc-b070-799f74a0e04e', 'name': 'network-vif-plugged', 'status': 'completed', 'tag': '9cfd847f-11e9-4fb3-bcb1-7d6afe9f42f4', 'code': 200}
2026-04-02 18:09:44.660 8 INFO neutron.notifiers.nova [-] Nova event matching ['req-dc79230e-24a0-43ba-98ca-b5f8a38402e8'] response: {'server_uuid': 'a552474c-bced-4ecc-b070-799f74a0e04e', 'name': 'network-vif-plugged', 'status': 'completed', 'tag': '9cfd847f-11e9-4fb3-bcb1-7d6afe9f42f4', 'code': 200} [pid: 8|app: 0|req: 837/1650] 199.19.213.21 () {34 vars in 1079 bytes} [Thu Apr 2 18:09:45 2026] GET /v2.0/ports?tenant_id=2ad983a1e1124f1f9d79457e9b9acfac&device_id=1b6d1f09-73b3-4a31-a24b-82174cc4137e => generated 1209 bytes in 59 msecs (HTTP/1.1 200) 4 headers in 158 bytes (1 switches on core 0)
2026-04-02 18:09:45.277 7 INFO neutron.plugins.ml2.drivers.ovn.mech_driver.ovsdb.commands [None req-7ad227bb-9eb9-47d2-8e1a-4831b4d398e5 - - - - - -] Schedule LRP lrp-60df4dcb-4427-48f8-b819-10d1408141b9 on gateway 2fbdf6b6-4778-4d93-b434-5ac7d81b8191 with priority 1
2026-04-02 18:09:45.359 7 INFO neutron.plugins.ml2.drivers.ovn.mech_driver.ovsdb.ovsdb_monitor [None req-5ceb0248-e3bc-4c84-93d9-68032c519647 - - - - - -] Router 0de203ed-0659-458d-8808-4c585b4cceb5 is bound to host instance
2026-04-02 18:09:45.421 8 INFO neutron.db.ovn_revision_numbers_db [None req-0457b788-9478-4387-a3b0-dec18401c154 db330e459f2d425b856d9b0d87d56508 2ad983a1e1124f1f9d79457e9b9acfac - - default default] Successfully bumped revision number for resource afeb84de-7218-4cd6-977d-92980a3a9e97 (type: security_groups) to 1
2026-04-02 18:09:45.434 8 INFO neutron.db.ovn_revision_numbers_db [None req-0457b788-9478-4387-a3b0-dec18401c154 db330e459f2d425b856d9b0d87d56508 2ad983a1e1124f1f9d79457e9b9acfac - - default default] Successfully bumped revision number for resource 0bd76704-aa81-416a-a175-659e499f9add (type: security_group_rules) to 0
2026-04-02 18:09:45.456 8 INFO neutron.db.ovn_revision_numbers_db [None req-0457b788-9478-4387-a3b0-dec18401c154 db330e459f2d425b856d9b0d87d56508 2ad983a1e1124f1f9d79457e9b9acfac - - default default] Successfully bumped revision number for resource eb210a48-5dc8-45ba-8fc6-e646413935ff (type: security_group_rules) to 0
2026-04-02 18:09:45.473 7 INFO neutron.db.ovn_revision_numbers_db [None req-c1fef537-d40f-4358-b460-04d9bc61afe2 98bb09e1ccb746b68d809229e43b3d20 d3bad4e76b1b49f4bed439d09aa57153 - - default default] Successfully bumped revision number for resource 60df4dcb-4427-48f8-b819-10d1408141b9 (type: router_ports) to 1 [pid: 8|app: 0|req: 838/1651] 10.0.0.139 () {34 vars in 685 bytes} [Thu Apr 2 18:09:45 2026] POST /v2.0/security-groups => generated 1673 bytes in 271 msecs (HTTP/1.1 201) 4 headers in 163 bytes (1 switches on core 0) [pid: 8|app: 0|req: 839/1652] 199.19.213.21 () {34 vars in 985 bytes} [Thu Apr 2 18:09:45 2026] GET /v2.0/networks?id=dd596df7-bef9-4d53-bfb0-43ab61addc7f => generated 796 bytes in 46 msecs (HTTP/1.1 200) 4 headers in 157 bytes (1 switches on core 0)
2026-04-02 18:09:45.624 7 INFO neutron.db.ovn_revision_numbers_db [None req-c1fef537-d40f-4358-b460-04d9bc61afe2 98bb09e1ccb746b68d809229e43b3d20 d3bad4e76b1b49f4bed439d09aa57153 - - default default] Successfully bumped revision number for resource 0de203ed-0659-458d-8808-4c585b4cceb5 (type: routers) to 2 [pid: 7|app: 0|req: 814/1653] 10.0.0.139 () {34 vars in 669 bytes} [Thu Apr 2 18:09:43 2026] POST /v2.0/routers => generated 965 bytes in 2341 msecs (HTTP/1.1 201) 4 headers in 162 bytes (1 switches on core 0)
2026-04-02 18:09:45.706 8 INFO neutron.db.ovn_revision_numbers_db [None req-e8f12836-ac40-4a42-bc6c-3230e055d482 db330e459f2d425b856d9b0d87d56508 2ad983a1e1124f1f9d79457e9b9acfac - - default default] Successfully bumped revision number for resource 294bb91d-a335-409b-b19b-370f46d82f5b (type: security_group_rules) to 0 [pid: 8|app: 0|req: 840/1654] 10.0.0.139 () {34 vars in 695 bytes} [Thu Apr 2 18:09:45 2026] POST /v2.0/security-group-rules => generated 597 bytes in 191 msecs (HTTP/1.1 201) 4 headers in 162 bytes (1 switches on core 0) [pid: 8|app: 0|req: 841/1655] 199.19.213.21 () {34 vars in 1057 bytes} [Thu Apr 2 18:09:45 2026] GET /v2.0/floatingips?fixed_ip_address=10.100.0.8&port_id=d29a2339-4f74-4ba8-9657-fbe6cf779b9f => generated 19 bytes in 23 msecs (HTTP/1.1 200) 4 headers in 156 bytes (1 switches on core 0) [pid: 7|app: 0|req: 815/1656] 10.0.0.51 () {34 vars in 989 bytes} [Thu Apr 2 18:09:45 2026] GET /v2.0/ports?device_id=a552474c-bced-4ecc-b070-799f74a0e04e => generated 971 bytes in 189 msecs (HTTP/1.1 200) 4 headers in 157 bytes (1 switches on core 0)
2026-04-02 18:09:46.064 7 WARNING neutron.plugins.ml2.drivers.ovn.mech_driver.ovsdb.ovn_client [None req-cc59d89f-c0e9-48b8-bdb0-527c0e85391a - - - - - -] No hosting information found for port da8ceb91-bd86-458b-b96b-9b3af78829f7: RuntimeError: No hosting information found for port da8ceb91-bd86-458b-b96b-9b3af78829f7
2026-04-02 18:09:46.129 7 INFO neutron.db.ovn_revision_numbers_db [None req-87bc7300-dad6-47a4-86e8-c37a371dff5d db330e459f2d425b856d9b0d87d56508 2ad983a1e1124f1f9d79457e9b9acfac - - default default] Successfully bumped revision number for resource 000ffd85-83d1-4808-8662-81a7ae3a23eb (type: security_group_rules) to 0 [pid: 7|app: 0|req: 816/1657] 10.0.0.139 () {34 vars in 695 bytes} [Thu Apr 2 18:09:45 2026] POST /v2.0/security-group-rules => generated 596 bytes in 407 msecs (HTTP/1.1 201) 4 headers in 162 bytes (1 switches on core 0)
2026-04-02 18:09:46.268 8 WARNING neutron.scheduler.dhcp_agent_scheduler [None req-3fc1df5e-6e1b-4a0c-beee-a9ce2d1a02fe 98bb09e1ccb746b68d809229e43b3d20 d3bad4e76b1b49f4bed439d09aa57153 - - default default] No more DHCP agents
2026-04-02 18:09:46.269 8 WARNING neutron.api.rpc.agentnotifiers.dhcp_rpc_agent_api [None req-3fc1df5e-6e1b-4a0c-beee-a9ce2d1a02fe 98bb09e1ccb746b68d809229e43b3d20 d3bad4e76b1b49f4bed439d09aa57153 - - default default] Unable to schedule network 36ed6df1-fb92-4ad0-b80b-05e18f00cb24: no agents available; will retry on subsequent port and subnet creation events.
2026-04-02 18:09:46.361 7 INFO neutron.db.ovn_revision_numbers_db [None req-cc59d89f-c0e9-48b8-bdb0-527c0e85391a - - - - - -] Successfully bumped revision number for resource da8ceb91-bd86-458b-b96b-9b3af78829f7 (type: router_ports) to 2 [pid: 7|app: 0|req: 817/1658] 199.19.213.21 () {34 vars in 983 bytes} [Thu Apr 2 18:09:46 2026] GET /v2.0/subnets?id=d04665af-49cd-4edc-8fec-1bd2cc7ef26d => generated 678 bytes in 109 msecs (HTTP/1.1 200) 4 headers in 157 bytes (1 switches on core 0)
2026-04-02 18:09:46.390 8 INFO neutron.plugins.ml2.drivers.ovn.mech_driver.mech_driver [None req-298a8a0a-8643-438f-807b-c0a6ca969905 - - - - - -] OVN reports status down for port: d8d54b1f-f348-43b5-9363-bf2016580a87 /var/lib/openstack/lib/python3.12/site-packages/pycadf/identifier.py:70: UserWarning: Invalid uuid: neutron. To ensure interoperability, identifiers should be a valid uuid. warnings.warn(('Invalid uuid: %s. To ensure interoperability, '
2026-04-02 18:09:46.455 7 INFO neutron.plugins.ml2.drivers.ovn.mech_driver.mech_driver [None req-cc59d89f-c0e9-48b8-bdb0-527c0e85391a - - - - - -] OVN reports status down for port: 60df4dcb-4427-48f8-b819-10d1408141b9
2026-04-02 18:09:46.466 8 INFO neutron.db.ovn_revision_numbers_db [None req-3fc1df5e-6e1b-4a0c-beee-a9ce2d1a02fe 98bb09e1ccb746b68d809229e43b3d20 d3bad4e76b1b49f4bed439d09aa57153 - - default default] Successfully bumped revision number for resource d8d54b1f-f348-43b5-9363-bf2016580a87 (type: ports) to 1 [pid: 7|app: 0|req: 818/1659] 10.0.0.51 () {34 vars in 1039 bytes} [Thu Apr 2 18:09:46 2026] GET /v2.0/security-groups?id=538f1428-4269-4b5f-a743-dffc42465888&fields=id&fields=name => generated 114 bytes in 162 msecs (HTTP/1.1 200) 4 headers in 157 bytes (1 switches on core 0)
2026-04-02 18:09:46.663 7 WARNING neutron.plugins.ml2.drivers.ovn.mech_driver.ovsdb.ovn_client [None req-cc59d89f-c0e9-48b8-bdb0-527c0e85391a - - - - - -] Logical_Switch_Port %s host information not removed, the port state is up
2026-04-02 18:09:46.663 7 INFO neutron.plugins.ml2.drivers.ovn.mech_driver.mech_driver [None req-cc59d89f-c0e9-48b8-bdb0-527c0e85391a - - - - - -] OVN reports status up for port: 60df4dcb-4427-48f8-b819-10d1408141b9
2026-04-02 18:09:46.704 7 INFO neutron.plugins.ml2.plugin [None req-cc59d89f-c0e9-48b8-bdb0-527c0e85391a - - - - - -] Attempt 1 to provision port 60df4dcb-4427-48f8-b819-10d1408141b9
2026-04-02 18:09:46.982 7 INFO neutron.db.ovn_revision_numbers_db [None req-779a2fe0-d515-4f49-a309-cb3ac22d6110 db330e459f2d425b856d9b0d87d56508 2ad983a1e1124f1f9d79457e9b9acfac - - default default] Successfully bumped revision number for resource 1602e60f-eb41-4643-aa43-703b3986826e (type: security_group_rules) to 0 [pid: 7|app: 0|req: 819/1660] 10.0.0.139 () {34 vars in 695 bytes} [Thu Apr 2 18:09:46 2026] POST /v2.0/security-group-rules => generated 602 bytes in 520 msecs (HTTP/1.1 201) 4 headers in 162 bytes (1 switches on core 0)
2026-04-02 18:09:47.150 8 INFO neutron.plugins.ml2.drivers.ovn.mech_driver.mech_driver [None req-298a8a0a-8643-438f-807b-c0a6ca969905 - - - - - -] OVN reports status up for port: d8d54b1f-f348-43b5-9363-bf2016580a87
2026-04-02 18:09:47.173 8 INFO neutron.plugins.ml2.plugin [None req-298a8a0a-8643-438f-807b-c0a6ca969905 - - - - - -] Attempt 1 to provision port d8d54b1f-f348-43b5-9363-bf2016580a87
2026-04-02 18:09:47.302 8 WARNING neutron.scheduler.dhcp_agent_scheduler [None req-3fc1df5e-6e1b-4a0c-beee-a9ce2d1a02fe 98bb09e1ccb746b68d809229e43b3d20 d3bad4e76b1b49f4bed439d09aa57153 - - default default] No more DHCP agents
2026-04-02 18:09:47.306 8 WARNING neutron.api.rpc.agentnotifiers.dhcp_rpc_agent_api [None req-3fc1df5e-6e1b-4a0c-beee-a9ce2d1a02fe 98bb09e1ccb746b68d809229e43b3d20 d3bad4e76b1b49f4bed439d09aa57153 - - default default] Unable to schedule network 36ed6df1-fb92-4ad0-b80b-05e18f00cb24: no agents available; will retry on subsequent port and subnet creation events.
2026-04-02 18:09:47.427 7 INFO neutron.db.ovn_revision_numbers_db [None req-35de61b2-641f-4353-ba9c-bf22b36d3505 - - - - - -] Successfully bumped revision number for resource 60df4dcb-4427-48f8-b819-10d1408141b9 (type: ports) to 4
2026-04-02 18:09:47.558 7 INFO neutron.db.ovn_revision_numbers_db [None req-72801986-6610-4e9d-af88-93ccbe6ebc55 490124a963134073afde8541129a0dcb 1039e6d0809d4730ad1942c9fbfa20d4 - - default default] Successfully bumped revision number for resource 5d83bd27-775d-4d46-b607-ff55dd075a98 (type: security_groups) to 1
2026-04-02 18:09:47.588 7 INFO neutron.db.ovn_revision_numbers_db [None req-72801986-6610-4e9d-af88-93ccbe6ebc55 490124a963134073afde8541129a0dcb 1039e6d0809d4730ad1942c9fbfa20d4 - - default default] Successfully bumped revision number for resource 3a3dce86-8553-4005-bb77-d8f5a0dddc64 (type: security_group_rules) to 0
2026-04-02 18:09:47.633 7 INFO neutron.db.ovn_revision_numbers_db [None req-72801986-6610-4e9d-af88-93ccbe6ebc55 490124a963134073afde8541129a0dcb 1039e6d0809d4730ad1942c9fbfa20d4 - - default default] Successfully bumped revision number for resource 9ac32262-258c-499a-8530-96336ed84a91 (type: security_group_rules) to 0
2026-04-02 18:09:47.655 7 INFO neutron.db.ovn_revision_numbers_db [None req-72801986-6610-4e9d-af88-93ccbe6ebc55 490124a963134073afde8541129a0dcb 1039e6d0809d4730ad1942c9fbfa20d4 - - default default] Successfully bumped revision number for resource a7115793-3369-4266-9f50-c03f0e8030bc (type: security_group_rules) to 0
2026-04-02 18:09:47.690 7 INFO neutron.db.ovn_revision_numbers_db [None req-72801986-6610-4e9d-af88-93ccbe6ebc55 490124a963134073afde8541129a0dcb 1039e6d0809d4730ad1942c9fbfa20d4 - - default default] Successfully bumped revision number for resource f274aff2-985f-47bb-95a9-adbb32efffcb (type: security_group_rules) to 0
2026-04-02 18:09:47.809 7 INFO neutron.db.segments_db [None req-72801986-6610-4e9d-af88-93ccbe6ebc55 490124a963134073afde8541129a0dcb 1039e6d0809d4730ad1942c9fbfa20d4 - - default default] Added segment a1775d4c-923b-4556-b7cb-b6a6d5dcdcc8 of type geneve for network f77313d5-8a16-4abc-bfb8-ba4d44d9e2c3
2026-04-02 18:09:47.940 8 INFO neutron.db.ovn_revision_numbers_db [None req-298a8a0a-8643-438f-807b-c0a6ca969905 - - - - - -] Successfully bumped revision number for resource d8d54b1f-f348-43b5-9363-bf2016580a87 (type: ports) to 2
2026-04-02 18:09:48.085 7 INFO neutron.db.ovn_revision_numbers_db [None req-35de61b2-641f-4353-ba9c-bf22b36d3505 - - - - - -] Successfully bumped revision number for resource 60df4dcb-4427-48f8-b819-10d1408141b9 (type: ports) to 5
2026-04-02 18:09:48.090 7 INFO neutron.db.ovn_revision_numbers_db [None req-72801986-6610-4e9d-af88-93ccbe6ebc55 490124a963134073afde8541129a0dcb 1039e6d0809d4730ad1942c9fbfa20d4 - - default default] Successfully bumped revision number for resource f77313d5-8a16-4abc-bfb8-ba4d44d9e2c3 (type: networks) to 1
2026-04-02 18:09:48.289 8 INFO neutron.db.ovn_revision_numbers_db [None req-3fc1df5e-6e1b-4a0c-beee-a9ce2d1a02fe 98bb09e1ccb746b68d809229e43b3d20 d3bad4e76b1b49f4bed439d09aa57153 - - default default] Successfully bumped revision number for resource d8d54b1f-f348-43b5-9363-bf2016580a87 (type: router_ports) to 1 [pid: 8|app: 0|req: 842/1661] 10.0.0.139 () {34 vars in 783 bytes} [Thu Apr 2 18:09:45 2026] PUT /v2.0/routers/0de203ed-0659-458d-8808-4c585b4cceb5/add_router_interface => generated 309 bytes in 2530 msecs (HTTP/1.1 200) 4 headers in 157 bytes (1 switches on core 0) [pid: 8|app: 0|req: 843/1662] 199.19.213.21 () {34 vars in 1051 bytes} [Thu Apr 2 18:09:48 2026] GET /v2.0/ports?network_id=dd596df7-bef9-4d53-bfb0-43ab61addc7f&device_owner=network%3Adhcp => generated 12 bytes in 22 msecs (HTTP/1.1 200) 4 headers in 156 bytes (1 switches on core 0)
2026-04-02 18:09:48.422 7 WARNING neutron.scheduler.dhcp_agent_scheduler [None req-72801986-6610-4e9d-af88-93ccbe6ebc55 490124a963134073afde8541129a0dcb 1039e6d0809d4730ad1942c9fbfa20d4 - - default default] No more DHCP agents
2026-04-02 18:09:48.424 7 WARNING neutron.api.rpc.agentnotifiers.dhcp_rpc_agent_api [None req-72801986-6610-4e9d-af88-93ccbe6ebc55 490124a963134073afde8541129a0dcb 1039e6d0809d4730ad1942c9fbfa20d4 - - default default] Unable to schedule network f77313d5-8a16-4abc-bfb8-ba4d44d9e2c3: no agents available; will retry on subsequent port and subnet creation events.
2026-04-02 18:09:48.502 7 INFO neutron.plugins.ml2.drivers.ovn.mech_driver.mech_driver [None req-cc59d89f-c0e9-48b8-bdb0-527c0e85391a - - - - - -] OVN reports status down for port: 2e15e6e9-9888-4aa3-894a-79ae1ee09ed2
2026-04-02 18:09:48.515 8 INFO neutron.db.ovn_revision_numbers_db [None req-90f2717f-c1b6-4738-a471-793b499a1dcb db330e459f2d425b856d9b0d87d56508 2ad983a1e1124f1f9d79457e9b9acfac - - default default] Successfully bumped revision number for resource 0e13051d-1322-49c4-b5f8-afff6971b24c (type: security_group_rules) to 0 [pid: 8|app: 0|req: 844/1663] 10.0.0.139 () {34 vars in 695 bytes} [Thu Apr 2 18:09:48 2026] POST /v2.0/security-group-rules => generated 601 bytes in 241 msecs (HTTP/1.1 201) 4 headers in 162 bytes (1 switches on core 0)
2026-04-02 18:09:48.573 7 INFO neutron.db.ovn_revision_numbers_db [None req-72801986-6610-4e9d-af88-93ccbe6ebc55 490124a963134073afde8541129a0dcb 1039e6d0809d4730ad1942c9fbfa20d4 - - default default] Successfully bumped revision number for resource 2e15e6e9-9888-4aa3-894a-79ae1ee09ed2 (type: ports) to 1 [pid: 7|app: 0|req: 820/1664] 10.0.0.139 () {34 vars in 670 bytes} [Thu Apr 2 18:09:47 2026] POST /v2.0/networks => generated 663 bytes in 1575 msecs (HTTP/1.1 201) 4 headers in 162 bytes (1 switches on core 0) [pid: 8|app: 0|req: 845/1665] 10.0.0.51 () {34 vars in 989 bytes} [Thu Apr 2 18:09:48 2026] GET /v2.0/ports?device_id=a552474c-bced-4ecc-b070-799f74a0e04e => generated 971 bytes in 95 msecs (HTTP/1.1 200) 4 headers in 157 bytes (1 switches on core 0) [pid: 7|app: 0|req: 821/1666] 199.19.213.21 () {34 vars in 1011 bytes} [Thu Apr 2 18:09:48 2026] GET /v2.0/networks/dd596df7-bef9-4d53-bfb0-43ab61addc7f?fields=segments => generated 14 bytes in 36 msecs (HTTP/1.1 200) 4 headers in 156 bytes (1 switches on core 0)
2026-04-02 18:09:48.688 8 INFO neutron.db.securitygroups_db [None req-865be95b-c14a-4a24-aad3-fa0a5d971318 db330e459f2d425b856d9b0d87d56508 2ad983a1e1124f1f9d79457e9b9acfac - - default default] Project 2ad983a1e1124f1f9d79457e9b9acfac added a security group rule with legacy IPv6 ICMP protocol name icmp, ipv6-icmp should be used instead. It was automatically converted.
2026-04-02 18:09:48.799 8 INFO neutron.db.ovn_revision_numbers_db [None req-865be95b-c14a-4a24-aad3-fa0a5d971318 db330e459f2d425b856d9b0d87d56508 2ad983a1e1124f1f9d79457e9b9acfac - - default default] Successfully bumped revision number for resource 963d75b9-4c25-42da-b6c6-130d2a993880 (type: security_group_rules) to 0 [pid: 8|app: 0|req: 846/1667] 10.0.0.139 () {34 vars in 695 bytes} [Thu Apr 2 18:09:48 2026] POST /v2.0/security-group-rules => generated 607 bytes in 172 msecs (HTTP/1.1 201) 4 headers in 162 bytes (1 switches on core 0)
2026-04-02 18:09:48.853 7 WARNING neutron.scheduler.dhcp_agent_scheduler [None req-3e7398e7-3b72-449e-86c2-ebe4a845254f 490124a963134073afde8541129a0dcb 1039e6d0809d4730ad1942c9fbfa20d4 - - default default] No more DHCP agents
2026-04-02 18:09:48.854 7 WARNING neutron.api.rpc.agentnotifiers.dhcp_rpc_agent_api [None req-3e7398e7-3b72-449e-86c2-ebe4a845254f 490124a963134073afde8541129a0dcb 1039e6d0809d4730ad1942c9fbfa20d4 - - default default] Unable to schedule network f77313d5-8a16-4abc-bfb8-ba4d44d9e2c3: no agents available; will retry on subsequent port and subnet creation events. [pid: 8|app: 0|req: 847/1668] 10.0.0.51 () {34 vars in 1039 bytes} [Thu Apr 2 18:09:48 2026] GET /v2.0/security-groups?id=538f1428-4269-4b5f-a743-dffc42465888&fields=id&fields=name => generated 114 bytes in 35 msecs (HTTP/1.1 200) 4 headers in 157 bytes (1 switches on core 0) [pid: 8|app: 0|req: 848/1669] 199.19.213.21 () {34 vars in 1111 bytes} [Thu Apr 2 18:09:48 2026] GET /v2.0/networks/dd596df7-bef9-4d53-bfb0-43ab61addc7f?fields=provider%3Aphysical_network&fields=provider%3Anetwork_type => generated 79 bytes in 34 msecs (HTTP/1.1 200) 4 headers in 156 bytes (1 switches on core 0)
2026-04-02 18:09:48.930 8 INFO neutron.db.securitygroups_db [None req-22fde276-6b53-486c-8406-bf0830d12ec1 db330e459f2d425b856d9b0d87d56508 2ad983a1e1124f1f9d79457e9b9acfac - - default default] Project 2ad983a1e1124f1f9d79457e9b9acfac added a security group rule with legacy IPv6 ICMP protocol name icmp, ipv6-icmp should be used instead. It was automatically converted.
2026-04-02 18:09:49.048 8 INFO neutron.db.ovn_revision_numbers_db [None req-22fde276-6b53-486c-8406-bf0830d12ec1 db330e459f2d425b856d9b0d87d56508 2ad983a1e1124f1f9d79457e9b9acfac - - default default] Successfully bumped revision number for resource 1452409d-767e-4412-8baf-2565ca57345d (type: security_group_rules) to 0 [pid: 8|app: 0|req: 849/1670] 10.0.0.139 () {34 vars in 695 bytes} [Thu Apr 2 18:09:48 2026] POST /v2.0/security-group-rules => generated 606 bytes in 182 msecs (HTTP/1.1 201) 4 headers in 162 bytes (1 switches on core 0)
2026-04-02 18:09:49.185 8 INFO neutron.db.ovn_revision_numbers_db [None req-ee078853-b401-44d9-9aa5-f63d401a6f05 0bcb2c0afd8b467db09117a44f2b16c0 af14b18903df4dbd8cd88a468fe34a47 - - default default] Successfully bumped revision number for resource a8fa3ce3-097c-4dfc-b86f-10b740db1e7a (type: security_groups) to 1
2026-04-02 18:09:49.200 8 INFO neutron.db.ovn_revision_numbers_db [None req-ee078853-b401-44d9-9aa5-f63d401a6f05 0bcb2c0afd8b467db09117a44f2b16c0 af14b18903df4dbd8cd88a468fe34a47 - - default default] Successfully bumped revision number for resource 8c5f4f6e-8ed4-4303-bf2c-271dad4dd4f5 (type: security_group_rules) to 0
2026-04-02 18:09:49.211 8 INFO neutron.db.ovn_revision_numbers_db [None req-ee078853-b401-44d9-9aa5-f63d401a6f05 0bcb2c0afd8b467db09117a44f2b16c0 af14b18903df4dbd8cd88a468fe34a47 - - default default] Successfully bumped revision number for resource acce413b-91d8-4233-a7f7-e212c3560cab (type: security_group_rules) to 0 [pid: 8|app: 0|req: 850/1671] 10.0.0.139 () {34 vars in 685 bytes} [Thu Apr 2 18:09:49 2026] POST /v2.0/security-groups => generated 1673 bytes in 175 msecs (HTTP/1.1 201) 4 headers in 163 bytes (1 switches on core 0)
2026-04-02 18:09:49.334 7 INFO neutron.db.ovn_revision_numbers_db [None req-43bfc294-4dc4-43a3-82e3-250fc428eccb - - - - - -] Successfully bumped revision number for resource 2e15e6e9-9888-4aa3-894a-79ae1ee09ed2 (type: ports) to 2
2026-04-02 18:09:49.367 7 INFO neutron.db.ovn_revision_numbers_db [None req-43bfc294-4dc4-43a3-82e3-250fc428eccb - - - - - -] Successfully bumped revision number for resource efe6570e-9986-42b2-83c2-1b65247a76aa (type: subnets) to 0 [pid: 7|app: 0|req: 822/1672] 10.0.0.139 () {34 vars in 669 bytes} [Thu Apr 2 18:09:48 2026] POST /v2.0/subnets => generated 641 bytes in 721 msecs (HTTP/1.1 201) 4 headers in 162 bytes (1 switches on core 0)
2026-04-02 18:09:49.409 8 INFO neutron.db.ovn_revision_numbers_db [None req-5c6551c2-bd0a-4e2e-aaf7-a7192c07cb83 0bcb2c0afd8b467db09117a44f2b16c0 af14b18903df4dbd8cd88a468fe34a47 - - default default] Successfully bumped revision number for resource 75943f71-0ffc-4043-a289-74a008a13771 (type: security_group_rules) to 0 [pid: 8|app: 0|req: 851/1673] 10.0.0.139 () {34 vars in 695 bytes} [Thu Apr 2 18:09:49 2026] POST /v2.0/security-group-rules => generated 597 bytes in 179 msecs (HTTP/1.1 201) 4 headers in 162 bytes (1 switches on core 0)
2026-04-02 18:09:49.483 7 INFO neutron.db.segments_db [None req-d2a41736-bb49-4f93-aec3-a50cff10ce4d 490124a963134073afde8541129a0dcb 1039e6d0809d4730ad1942c9fbfa20d4 - - default default] Added segment e9b03ccc-de8b-43bc-9f47-9bb113a9472b of type geneve for network db65fbbd-1a37-4708-9a4f-b24199c4758e
2026-04-02 18:09:49.578 8 INFO neutron.db.ovn_revision_numbers_db [None req-91c52e0c-67ba-48e3-8b43-e4b83bba4412 0bcb2c0afd8b467db09117a44f2b16c0 af14b18903df4dbd8cd88a468fe34a47 - - default default] Successfully bumped revision number for resource 91330e42-92ac-4335-bec1-d3209fdaa912 (type: security_group_rules) to 0
2026-04-02 18:09:49.607 7 INFO neutron.db.ovn_revision_numbers_db [None req-d2a41736-bb49-4f93-aec3-a50cff10ce4d 490124a963134073afde8541129a0dcb 1039e6d0809d4730ad1942c9fbfa20d4 - - default default] Successfully bumped revision number for resource db65fbbd-1a37-4708-9a4f-b24199c4758e (type: networks) to 1 [pid: 8|app: 0|req: 852/1674] 10.0.0.139 () {34 vars in 695 bytes} [Thu Apr 2 18:09:49 2026] POST /v2.0/security-group-rules => generated 596 bytes in 170 msecs (HTTP/1.1 201) 4 headers in 162 bytes (1 switches on core 0) [pid: 8|app: 0|req: 853/1675] 10.0.0.139 () {32 vars in 649 bytes} [Thu Apr 2 18:09:49 2026] GET /v2.0/networks => generated 1373 bytes in 97 msecs (HTTP/1.1 200) 4 headers in 158 bytes (1 switches on core 0)
2026-04-02 18:09:49.787 7 WARNING neutron.scheduler.dhcp_agent_scheduler [None req-d2a41736-bb49-4f93-aec3-a50cff10ce4d 490124a963134073afde8541129a0dcb 1039e6d0809d4730ad1942c9fbfa20d4 - - default default] No more DHCP agents
