2026-04-02 18:11:46.185 8 INFO neutron.db.ovn_revision_numbers_db [None req-29a555e5-0afe-403c-a2e1-b28aa2b94b11 8aac7b91e22b4d1db867bd47fc759bcd 285e3a2361534f6eb4763f1b2fce5e64 - - default default] Successfully bumped revision number for resource 9a1d6c86-2c46-4ba2-84b6-9c056da6aef4 (type: ports) to 1 [pid: 8|app: 0|req: 1269/2553] 10.0.0.139 () {34 vars in 664 bytes} [Thu Apr 2 18:11:45 2026] POST /v2.0/ports => generated 743 bytes in 402 msecs (HTTP/1.1 201) 4 headers in 162 bytes (1 switches on core 0) /var/lib/openstack/lib/python3.12/site-packages/pycadf/identifier.py:70: UserWarning: Invalid uuid: neutron. To ensure interoperability, identifiers should be a valid uuid. warnings.warn(('Invalid uuid: %s. To ensure interoperability, '
2026-04-02 18:11:46.700 8 INFO neutron.plugins.ml2.drivers.ovn.mech_driver.mech_driver [None req-70f0e44d-f9fe-490f-ae72-d105fe243a79 - - - - - -] OVN reports status up for port: f599ac25-b97f-4c4f-9b37-97a95141cc11
2026-04-02 18:11:46.715 8 INFO neutron.plugins.ml2.plugin [None req-70f0e44d-f9fe-490f-ae72-d105fe243a79 - - - - - -] Attempt 1 to provision port f599ac25-b97f-4c4f-9b37-97a95141cc11 [pid: 7|app: 0|req: 1285/2554] 10.0.0.139 () {32 vars in 740 bytes} [Thu Apr 2 18:11:45 2026] DELETE /v2.0/security-groups/ea2277b5-8c29-4c3a-934b-61eb7ce82619 => generated 0 bytes in 903 msecs (HTTP/1.1 204) 2 headers in 112 bytes (1 switches on core 0)
2026-04-02 18:11:46.912 8 INFO neutron.notifiers.nova [-] Nova event matching ['req-6c2d0dc7-bbfc-47ea-9471-fb578d5030c2'] response: {'server_uuid': 'd0c4d620-0916-45fd-a9e4-7b86df0990aa', 'name': 'network-vif-plugged', 'status': 'completed', 'tag': 'f599ac25-b97f-4c4f-9b37-97a95141cc11', 'code': 200}
2026-04-02 18:11:47.069 8 INFO neutron.db.ovn_revision_numbers_db [None req-1f4ce005-7df5-4d5c-b746-dbfbbba7cf1b c7852a98c4d842518d24f9fa55ae4d82 7c8735a4b76f4b619280c1c094abb0b5 - - default default] Successfully bumped revision number for resource 4512cc10-1136-4444-b780-f24a2295b89d (type: security_groups) to 1
2026-04-02 18:11:47.115 8 INFO neutron.db.ovn_revision_numbers_db [None req-1f4ce005-7df5-4d5c-b746-dbfbbba7cf1b c7852a98c4d842518d24f9fa55ae4d82 7c8735a4b76f4b619280c1c094abb0b5 - - default default] Successfully bumped revision number for resource 1e5b1129-7762-4ca9-80e1-ba3200336a10 (type: security_group_rules) to 0
2026-04-02 18:11:47.158 8 INFO neutron.db.ovn_revision_numbers_db [None req-1f4ce005-7df5-4d5c-b746-dbfbbba7cf1b c7852a98c4d842518d24f9fa55ae4d82 7c8735a4b76f4b619280c1c094abb0b5 - - default default] Successfully bumped revision number for resource 236cae12-362b-482f-a306-e50d24204e80 (type: security_group_rules) to 0 [pid: 7|app: 0|req: 1286/2555] 10.0.0.139 () {34 vars in 666 bytes} [Thu Apr 2 18:11:46 2026] POST /v2.0/trunks => generated 409 bytes in 296 msecs (HTTP/1.1 201) 4 headers in 162 bytes (1 switches on core 0)
2026-04-02 18:11:47.190 8 INFO neutron.db.ovn_revision_numbers_db [None req-1f4ce005-7df5-4d5c-b746-dbfbbba7cf1b c7852a98c4d842518d24f9fa55ae4d82 7c8735a4b76f4b619280c1c094abb0b5 - - default default] Successfully bumped revision number for resource 7c0b3d19-8144-4bda-a4a3-3d5e0dcb1bba (type: security_group_rules) to 0
2026-04-02 18:11:47.202 8 INFO neutron.db.ovn_revision_numbers_db [None req-70f0e44d-f9fe-490f-ae72-d105fe243a79 - - - - - -] Successfully bumped revision number for resource f599ac25-b97f-4c4f-9b37-97a95141cc11 (type: ports) to 5
2026-04-02 18:11:47.209 8 INFO neutron.db.ovn_revision_numbers_db [None req-1f4ce005-7df5-4d5c-b746-dbfbbba7cf1b c7852a98c4d842518d24f9fa55ae4d82 7c8735a4b76f4b619280c1c094abb0b5 - - default default] Successfully bumped revision number for resource a4544ac5-f3d4-4c01-9bf2-b37216b2fa2e (type: security_group_rules) to 0
2026-04-02 18:11:47.294 7 INFO neutron.db.ovn_revision_numbers_db [None req-55ad0a59-9cc5-4384-81d6-229bcdc4331e 98bb09e1ccb746b68d809229e43b3d20 d3bad4e76b1b49f4bed439d09aa57153 - - default default] Successfully bumped revision number for resource b10823d4-5b5b-4fc2-88a3-4a58e5303bc8 (type: security_groups) to 1
2026-04-02 18:11:47.323 7 INFO neutron.db.ovn_revision_numbers_db [None req-55ad0a59-9cc5-4384-81d6-229bcdc4331e 98bb09e1ccb746b68d809229e43b3d20 d3bad4e76b1b49f4bed439d09aa57153 - - default default] Successfully bumped revision number for resource 8e080ae5-fba0-41b9-a586-9ecc1095ae69 (type: security_group_rules) to 0
2026-04-02 18:11:47.339 7 INFO neutron.db.ovn_revision_numbers_db [None req-55ad0a59-9cc5-4384-81d6-229bcdc4331e 98bb09e1ccb746b68d809229e43b3d20 d3bad4e76b1b49f4bed439d09aa57153 - - default default] Successfully bumped revision number for resource 985c2c88-4fe9-45a2-b793-60907866a5a6 (type: security_group_rules) to 0
2026-04-02 18:11:47.353 7 INFO neutron.db.ovn_revision_numbers_db [None req-55ad0a59-9cc5-4384-81d6-229bcdc4331e 98bb09e1ccb746b68d809229e43b3d20 d3bad4e76b1b49f4bed439d09aa57153 - - default default] Successfully bumped revision number for resource 9b4e925b-313a-46b3-a79d-22f55ac5c742 (type: security_group_rules) to 0
2026-04-02 18:11:47.354 8 INFO neutron.db.segments_db [None req-1f4ce005-7df5-4d5c-b746-dbfbbba7cf1b c7852a98c4d842518d24f9fa55ae4d82 7c8735a4b76f4b619280c1c094abb0b5 - - default default] Added segment fe259c2a-e97a-4cac-a2e8-45d99521a981 of type geneve for network a334ea8c-fd57-4bcc-b671-21eb44d0dcae
2026-04-02 18:11:47.369 7 INFO neutron.db.ovn_revision_numbers_db [None req-55ad0a59-9cc5-4384-81d6-229bcdc4331e 98bb09e1ccb746b68d809229e43b3d20 d3bad4e76b1b49f4bed439d09aa57153 - - default default] Successfully bumped revision number for resource d6135d33-0a34-434f-9939-153a1f45e208 (type: security_group_rules) to 0 [pid: 7|app: 0|req: 1287/2556] 10.0.0.139 () {32 vars in 774 bytes} [Thu Apr 2 18:11:47 2026] GET /v2.0/security-groups?tenant_id=84d50c51d4214121a78727bb0cb9e0f4&name=default => generated 2925 bytes in 256 msecs (HTTP/1.1 200) 4 headers in 158 bytes (1 switches on core 0) [pid: 7|app: 0|req: 1288/2557] 10.0.0.139 () {34 vars in 749 bytes} [Thu Apr 2 18:11:47 2026] PUT /v2.0/trunks/0dd28443-cd78-42b6-9210-7ff988dce68c/tags => generated 17 bytes in 44 msecs (HTTP/1.1 200) 4 headers in 156 bytes (1 switches on core 0)
2026-04-02 18:11:47.538 8 INFO neutron.db.ovn_revision_numbers_db [None req-1f4ce005-7df5-4d5c-b746-dbfbbba7cf1b c7852a98c4d842518d24f9fa55ae4d82 7c8735a4b76f4b619280c1c094abb0b5 - - default default] Successfully bumped revision number for resource a334ea8c-fd57-4bcc-b671-21eb44d0dcae (type: networks) to 1 [pid: 7|app: 0|req: 1289/2558] 10.0.0.139 () {32 vars in 740 bytes} [Thu Apr 2 18:11:47 2026] DELETE /v2.0/security-groups/b10823d4-5b5b-4fc2-88a3-4a58e5303bc8 => generated 0 bytes in 277 msecs (HTTP/1.1 204) 2 headers in 112 bytes (1 switches on core 0) [pid: 7|app: 0|req: 1290/2559] 10.0.0.139 () {34 vars in 749 bytes} [Thu Apr 2 18:11:47 2026] PUT /v2.0/trunks/55aabdcc-7826-482e-a0d7-f70d1828f352/tags => generated 25 bytes in 36 msecs (HTTP/1.1 200) 4 headers in 156 bytes (1 switches on core 0)
2026-04-02 18:11:47.793 8 WARNING neutron.scheduler.dhcp_agent_scheduler [None req-1f4ce005-7df5-4d5c-b746-dbfbbba7cf1b c7852a98c4d842518d24f9fa55ae4d82 7c8735a4b76f4b619280c1c094abb0b5 - - default default] No more DHCP agents
2026-04-02 18:11:47.795 8 WARNING neutron.api.rpc.agentnotifiers.dhcp_rpc_agent_api [None req-1f4ce005-7df5-4d5c-b746-dbfbbba7cf1b c7852a98c4d842518d24f9fa55ae4d82 7c8735a4b76f4b619280c1c094abb0b5 - - default default] Unable to schedule network a334ea8c-fd57-4bcc-b671-21eb44d0dcae: no agents available; will retry on subsequent port and subnet creation events. [pid: 7|app: 0|req: 1291/2560] 10.0.0.139 () {34 vars in 749 bytes} [Thu Apr 2 18:11:47 2026] PUT /v2.0/trunks/934bcceb-9565-45a8-8f03-5356e073d6e8/tags => generated 34 bytes in 36 msecs (HTTP/1.1 200) 4 headers in 156 bytes (1 switches on core 0)
2026-04-02 18:11:47.872 7 INFO neutron.plugins.ml2.drivers.ovn.mech_driver.mech_driver [None req-340de23d-dd27-4f44-86d3-771fe23249c6 - - - - - -] OVN reports status down for port: 4fe15369-7e02-4f11-ad9b-7e54355ec3ba [pid: 7|app: 0|req: 1292/2561] 10.0.0.139 () {34 vars in 749 bytes} [Thu Apr 2 18:11:47 2026] PUT /v2.0/trunks/7eda0d4d-cce6-4e5e-b394-174698204ac0/tags => generated 19 bytes in 77 msecs (HTTP/1.1 200) 4 headers in 156 bytes (1 switches on core 0)
2026-04-02 18:11:47.916 8 INFO neutron.db.ovn_revision_numbers_db [None req-1f4ce005-7df5-4d5c-b746-dbfbbba7cf1b c7852a98c4d842518d24f9fa55ae4d82 7c8735a4b76f4b619280c1c094abb0b5 - - default default] Successfully bumped revision number for resource 4fe15369-7e02-4f11-ad9b-7e54355ec3ba (type: ports) to 1 [pid: 8|app: 0|req: 1270/2562] 10.0.0.139 () {34 vars in 670 bytes} [Thu Apr 2 18:11:46 2026] POST /v2.0/networks => generated 650 bytes in 1706 msecs (HTTP/1.1 201) 4 headers in 162 bytes (1 switches on core 0) /var/lib/openstack/lib/python3.12/site-packages/pycadf/identifier.py:70: UserWarning: Invalid uuid: neutron. To ensure interoperability, identifiers should be a valid uuid. warnings.warn(('Invalid uuid: %s. To ensure interoperability, ' [pid: 7|app: 0|req: 1293/2563] 10.0.0.139 () {32 vars in 662 bytes} [Thu Apr 2 18:11:47 2026] GET /v2.0/trunks?tags=red => generated 1252 bytes in 45 msecs (HTTP/1.1 200) 4 headers in 158 bytes (1 switches on core 0) [pid: 7|app: 0|req: 1294/2564] 10.0.0.139 () {32 vars in 676 bytes} [Thu Apr 2 18:11:47 2026] GET /v2.0/trunks?tags=red%2Cblue => generated 847 bytes in 42 msecs (HTTP/1.1 200) 4 headers in 157 bytes (1 switches on core 0) [pid: 7|app: 0|req: 1295/2565] 10.0.0.139 () {32 vars in 672 bytes} [Thu Apr 2 18:11:48 2026] GET /v2.0/trunks?tags-any=blue => generated 847 bytes in 27 msecs (HTTP/1.1 200) 4 headers in 157 bytes (1 switches on core 0) [pid: 7|app: 0|req: 1296/2566] 10.0.0.139 () {32 vars in 684 bytes} [Thu Apr 2 18:11:48 2026] GET /v2.0/trunks?tags-any=red%2Cblue => generated 1252 bytes in 21 msecs (HTTP/1.1 200) 4 headers in 158 bytes (1 switches on core 0) [pid: 7|app: 0|req: 1297/2567] 10.0.0.139 () {32 vars in 670 bytes} [Thu Apr 2 18:11:48 2026] GET /v2.0/trunks?not-tags=red => generated 819 bytes in 22 msecs (HTTP/1.1 200) 4 headers in 157 bytes (1 switches on core 0) [pid: 7|app: 0|req: 1298/2568] 10.0.0.139 () {32 vars in 684 bytes} [Thu Apr 2 18:11:48 2026] GET /v2.0/trunks?not-tags=red%2Cblue => generated 1224 bytes in 21 msecs (HTTP/1.1 200) 4 headers in 158 bytes (1 switches on core 0) [pid: 7|app: 0|req: 1299/2569] 10.0.0.139 () {32 vars in 680 bytes} [Thu Apr 2 18:11:48 2026] GET /v2.0/trunks?not-tags-any=blue => generated 1224 bytes in 20 msecs (HTTP/1.1 200) 4 headers in 158 bytes (1 switches on core 0) [pid: 7|app: 0|req: 1300/2570] 10.0.0.139 () {32 vars in 692 bytes} [Thu Apr 2 18:11:48 2026] GET /v2.0/trunks?not-tags-any=red%2Cblue => generated 819 bytes in 18 msecs (HTTP/1.1 200) 4 headers in 157 bytes (1 switches on core 0)
2026-04-02 18:11:48.193 8 WARNING neutron.scheduler.dhcp_agent_scheduler [None req-3609c30b-6d39-4524-bd06-63b6fc5fce33 c7852a98c4d842518d24f9fa55ae4d82 7c8735a4b76f4b619280c1c094abb0b5 - - default default] No more DHCP agents
2026-04-02 18:11:48.195 8 WARNING neutron.api.rpc.agentnotifiers.dhcp_rpc_agent_api [None req-3609c30b-6d39-4524-bd06-63b6fc5fce33 c7852a98c4d842518d24f9fa55ae4d82 7c8735a4b76f4b619280c1c094abb0b5 - - default default] Unable to schedule network a334ea8c-fd57-4bcc-b671-21eb44d0dcae: no agents available; will retry on subsequent port and subnet creation events. [pid: 7|app: 0|req: 1301/2571] 10.0.0.139 () {32 vars in 719 bytes} [Thu Apr 2 18:11:48 2026] GET /v2.0/trunks/0dd28443-cd78-42b6-9210-7ff988dce68c => generated 414 bytes in 30 msecs (HTTP/1.1 200) 4 headers in 157 bytes (1 switches on core 0) [pid: 7|app: 0|req: 1302/2572] 10.0.0.139 () {32 vars in 717 bytes} [Thu Apr 2 18:11:48 2026] GET /v2.0/ports/373fe825-38e9-437a-94e2-eafd47045d7a => generated 826 bytes in 112 msecs (HTTP/1.1 200) 4 headers in 157 bytes (1 switches on core 0) [pid: 7|app: 0|req: 1303/2573] 10.0.0.139 () {32 vars in 722 bytes} [Thu Apr 2 18:11:48 2026] DELETE /v2.0/trunks/0dd28443-cd78-42b6-9210-7ff988dce68c => generated 0 bytes in 90 msecs (HTTP/1.1 204) 2 headers in 112 bytes (1 switches on core 0) [pid: 7|app: 0|req: 1304/2574] 10.0.0.139 () {32 vars in 719 bytes} [Thu Apr 2 18:11:48 2026] GET /v2.0/trunks/55aabdcc-7826-482e-a0d7-f70d1828f352 => generated 422 bytes in 27 msecs (HTTP/1.1 200) 4 headers in 157 bytes (1 switches on core 0) [pid: 7|app: 0|req: 1305/2575] 10.0.0.139 () {32 vars in 717 bytes} [Thu Apr 2 18:11:48 2026] GET /v2.0/ports/ac4827a2-29bb-4812-9594-a8d90bea7b6e => generated 826 bytes in 109 msecs (HTTP/1.1 200) 4 headers in 157 bytes (1 switches on core 0) [pid: 7|app: 0|req: 1306/2576] 10.0.0.139 () {32 vars in 722 bytes} [Thu Apr 2 18:11:48 2026] DELETE /v2.0/trunks/55aabdcc-7826-482e-a0d7-f70d1828f352 => generated 0 bytes in 93 msecs (HTTP/1.1 204) 2 headers in 112 bytes (1 switches on core 0) [pid: 7|app: 0|req: 1307/2577] 10.0.0.139 () {32 vars in 719 bytes} [Thu Apr 2 18:11:48 2026] GET /v2.0/trunks/934bcceb-9565-45a8-8f03-5356e073d6e8 => generated 431 bytes in 27 msecs (HTTP/1.1 200) 4 headers in 157 bytes (1 switches on core 0)
2026-04-02 18:11:48.728 8 INFO neutron.db.ovn_revision_numbers_db [None req-2a9bab85-a42e-4b90-ad35-ae387b5aa8c9 - - - - - -] Successfully bumped revision number for resource 4fe15369-7e02-4f11-ad9b-7e54355ec3ba (type: ports) to 2
2026-04-02 18:11:48.769 8 INFO neutron.db.ovn_revision_numbers_db [None req-2a9bab85-a42e-4b90-ad35-ae387b5aa8c9 - - - - - -] Successfully bumped revision number for resource 5acccdee-9c61-4c65-9abf-3dc8d115430d (type: subnets) to 0 [pid: 8|app: 0|req: 1271/2578] 10.0.0.139 () {34 vars in 669 bytes} [Thu Apr 2 18:11:47 2026] POST /v2.0/subnets => generated 626 bytes in 842 msecs (HTTP/1.1 201) 4 headers in 162 bytes (1 switches on core 0) [pid: 7|app: 0|req: 1308/2579] 10.0.0.139 () {32 vars in 717 bytes} [Thu Apr 2 18:11:48 2026] GET /v2.0/ports/eb5bf55d-ea32-4282-94b2-b618074de176 => generated 826 bytes in 100 msecs (HTTP/1.1 200) 4 headers in 157 bytes (1 switches on core 0)
2026-04-02 18:11:48.884 8 INFO neutron.db.segments_db [None req-ec96757b-346a-40b1-bb46-93aa9ee4dbf7 c7852a98c4d842518d24f9fa55ae4d82 7c8735a4b76f4b619280c1c094abb0b5 - - default default] Added segment 6fd32cd5-b8dd-484e-995f-1eb3b2e7999c of type geneve for network 71538f6c-b4c3-456c-bd68-6b836556a284 [pid: 7|app: 0|req: 1309/2580] 10.0.0.139 () {32 vars in 722 bytes} [Thu Apr 2 18:11:48 2026] DELETE /v2.0/trunks/934bcceb-9565-45a8-8f03-5356e073d6e8 => generated 0 bytes in 85 msecs (HTTP/1.1 204) 2 headers in 112 bytes (1 switches on core 0) [pid: 7|app: 0|req: 1310/2581] 10.0.0.139 () {32 vars in 719 bytes} [Thu Apr 2 18:11:48 2026] GET /v2.0/trunks/7eda0d4d-cce6-4e5e-b394-174698204ac0 => generated 416 bytes in 16 msecs (HTTP/1.1 200) 4 headers in 157 bytes (1 switches on core 0)
2026-04-02 18:11:48.970 8 INFO neutron.notifiers.nova [-] Nova event matching ['req-01b96a1a-1760-47ab-b576-7871698225d0'] response: {'server_uuid': 'd0c4d620-0916-45fd-a9e4-7b86df0990aa', 'name': 'network-vif-plugged', 'status': 'completed', 'tag': 'f599ac25-b97f-4c4f-9b37-97a95141cc11', 'code': 200}
2026-04-02 18:11:49.019 8 INFO neutron.db.ovn_revision_numbers_db [None req-ec96757b-346a-40b1-bb46-93aa9ee4dbf7 c7852a98c4d842518d24f9fa55ae4d82 7c8735a4b76f4b619280c1c094abb0b5 - - default default] Successfully bumped revision number for resource 71538f6c-b4c3-456c-bd68-6b836556a284 (type: networks) to 1 [pid: 7|app: 0|req: 1311/2582] 10.0.0.139 () {32 vars in 717 bytes} [Thu Apr 2 18:11:48 2026] GET /v2.0/ports/5c0e980a-d8c9-444a-9092-f462c591a8f6 => generated 826 bytes in 99 msecs (HTTP/1.1 200) 4 headers in 157 bytes (1 switches on core 0) [pid: 7|app: 0|req: 1312/2583] 10.0.0.139 () {32 vars in 722 bytes} [Thu Apr 2 18:11:49 2026] DELETE /v2.0/trunks/7eda0d4d-cce6-4e5e-b394-174698204ac0 => generated 0 bytes in 77 msecs (HTTP/1.1 204) 2 headers in 112 bytes (1 switches on core 0) [pid: 7|app: 0|req: 1313/2584] 10.0.0.139 () {32 vars in 719 bytes} [Thu Apr 2 18:11:49 2026] GET /v2.0/trunks/95293440-5a2a-49a3-ad6c-0735afc32706 => generated 409 bytes in 16 msecs (HTTP/1.1 200) 4 headers in 157 bytes (1 switches on core 0)
2026-04-02 18:11:49.207 8 WARNING neutron.scheduler.dhcp_agent_scheduler [None req-ec96757b-346a-40b1-bb46-93aa9ee4dbf7 c7852a98c4d842518d24f9fa55ae4d82 7c8735a4b76f4b619280c1c094abb0b5 - - default default] No more DHCP agents
2026-04-02 18:11:49.208 8 WARNING neutron.api.rpc.agentnotifiers.dhcp_rpc_agent_api [None req-ec96757b-346a-40b1-bb46-93aa9ee4dbf7 c7852a98c4d842518d24f9fa55ae4d82 7c8735a4b76f4b619280c1c094abb0b5 - - default default] Unable to schedule network 71538f6c-b4c3-456c-bd68-6b836556a284: no agents available; will retry on subsequent port and subnet creation events. [pid: 7|app: 0|req: 1314/2585] 10.0.0.139 () {32 vars in 717 bytes} [Thu Apr 2 18:11:49 2026] GET /v2.0/ports/9a1d6c86-2c46-4ba2-84b6-9c056da6aef4 => generated 826 bytes in 79 msecs (HTTP/1.1 200) 4 headers in 157 bytes (1 switches on core 0)
2026-04-02 18:11:49.292 8 INFO neutron.db.ovn_revision_numbers_db [None req-ec96757b-346a-40b1-bb46-93aa9ee4dbf7 c7852a98c4d842518d24f9fa55ae4d82 7c8735a4b76f4b619280c1c094abb0b5 - - default default] Successfully bumped revision number for resource 44e02c7b-b4fe-4b38-a218-e79b33793ede (type: ports) to 1
2026-04-02 18:11:49.292 7 INFO neutron.plugins.ml2.drivers.ovn.mech_driver.mech_driver [None req-340de23d-dd27-4f44-86d3-771fe23249c6 - - - - - -] OVN reports status down for port: 44e02c7b-b4fe-4b38-a218-e79b33793ede [pid: 8|app: 0|req: 1272/2586] 10.0.0.139 () {34 vars in 670 bytes} [Thu Apr 2 18:11:48 2026] POST /v2.0/networks => generated 650 bytes in 534 msecs (HTTP/1.1 201) 4 headers in 162 bytes (1 switches on core 0) [pid: 7|app: 0|req: 1315/2587] 10.0.0.139 () {32 vars in 722 bytes} [Thu Apr 2 18:11:49 2026] DELETE /v2.0/trunks/95293440-5a2a-49a3-ad6c-0735afc32706 => generated 0 bytes in 136 msecs (HTTP/1.1 204) 2 headers in 112 bytes (1 switches on core 0)
2026-04-02 18:11:49.525 8 WARNING neutron.scheduler.dhcp_agent_scheduler [None req-84869bf0-45d1-4e79-b058-0225348c72c0 c7852a98c4d842518d24f9fa55ae4d82 7c8735a4b76f4b619280c1c094abb0b5 - - default default] No more DHCP agents
2026-04-02 18:11:49.526 8 WARNING neutron.api.rpc.agentnotifiers.dhcp_rpc_agent_api [None req-84869bf0-45d1-4e79-b058-0225348c72c0 c7852a98c4d842518d24f9fa55ae4d82 7c8735a4b76f4b619280c1c094abb0b5 - - default default] Unable to schedule network 71538f6c-b4c3-456c-bd68-6b836556a284: no agents available; will retry on subsequent port and subnet creation events.
2026-04-02 18:11:49.541 7 INFO neutron_taas.services.taas.taas_plugin [None req-ef2e5655-c100-4ead-a61b-754065171d65 8aac7b91e22b4d1db867bd47fc759bcd 285e3a2361534f6eb4763f1b2fce5e64 - - default default] TaaS: Handle Delete Port: 373fe825-38e9-437a-94e2-eafd47045d7a
2026-04-02 18:11:49.544 7 INFO neutron_taas.services.taas.tap_mirror_plugin [None req-ef2e5655-c100-4ead-a61b-754065171d65 8aac7b91e22b4d1db867bd47fc759bcd 285e3a2361534f6eb4763f1b2fce5e64 - - default default] Tap Mirror: Handle Delete Port: 373fe825-38e9-437a-94e2-eafd47045d7a [pid: 7|app: 0|req: 1316/2588] 10.0.0.139 () {32 vars in 720 bytes} [Thu Apr 2 18:11:49 2026] DELETE /v2.0/ports/373fe825-38e9-437a-94e2-eafd47045d7a => generated 0 bytes in 275 msecs (HTTP/1.1 204) 3 headers in 131 bytes (1 switches on core 0)
2026-04-02 18:11:49.779 7 INFO neutron_taas.services.taas.taas_plugin [None req-79ae954e-13e4-4fbd-9610-1b6e2bcae47b 8aac7b91e22b4d1db867bd47fc759bcd 285e3a2361534f6eb4763f1b2fce5e64 - - default default] TaaS: Handle Delete Port: ac4827a2-29bb-4812-9594-a8d90bea7b6e
2026-04-02 18:11:49.785 7 INFO neutron_taas.services.taas.tap_mirror_plugin [None req-79ae954e-13e4-4fbd-9610-1b6e2bcae47b 8aac7b91e22b4d1db867bd47fc759bcd 285e3a2361534f6eb4763f1b2fce5e64 - - default default] Tap Mirror: Handle Delete Port: ac4827a2-29bb-4812-9594-a8d90bea7b6e [pid: 7|app: 0|req: 1317/2589] 10.0.0.139 () {32 vars in 720 bytes} [Thu Apr 2 18:11:49 2026] DELETE /v2.0/ports/ac4827a2-29bb-4812-9594-a8d90bea7b6e => generated 0 bytes in 263 msecs (HTTP/1.1 204) 3 headers in 131 bytes (1 switches on core 0)
2026-04-02 18:11:50.068 8 INFO neutron.db.ovn_revision_numbers_db [None req-313d62ab-c937-4ede-82ab-75ecfe6af668 - - - - - -] Successfully bumped revision number for resource 44e02c7b-b4fe-4b38-a218-e79b33793ede (type: ports) to 2
2026-04-02 18:11:50.089 7 INFO neutron_taas.services.taas.taas_plugin [None req-759f97d0-64e7-4dfd-89f7-eb125d56ff8e 8aac7b91e22b4d1db867bd47fc759bcd 285e3a2361534f6eb4763f1b2fce5e64 - - default default] TaaS: Handle Delete Port: eb5bf55d-ea32-4282-94b2-b618074de176
2026-04-02 18:11:50.092 7 INFO neutron_taas.services.taas.tap_mirror_plugin [None req-759f97d0-64e7-4dfd-89f7-eb125d56ff8e 8aac7b91e22b4d1db867bd47fc759bcd 285e3a2361534f6eb4763f1b2fce5e64 - - default default] Tap Mirror: Handle Delete Port: eb5bf55d-ea32-4282-94b2-b618074de176
2026-04-02 18:11:50.107 8 INFO neutron.db.ovn_revision_numbers_db [None req-313d62ab-c937-4ede-82ab-75ecfe6af668 - - - - - -] Successfully bumped revision number for resource ca519343-a233-461a-a9cf-9bf08abaf426 (type: subnets) to 0 [pid: 8|app: 0|req: 1273/2590] 10.0.0.139 () {34 vars in 669 bytes} [Thu Apr 2 18:11:49 2026] POST /v2.0/subnets => generated 629 bytes in 794 msecs (HTTP/1.1 201) 4 headers in 162 bytes (1 switches on core 0) [pid: 7|app: 0|req: 1318/2591] 10.0.0.139 () {32 vars in 720 bytes} [Thu Apr 2 18:11:49 2026] DELETE /v2.0/ports/eb5bf55d-ea32-4282-94b2-b618074de176 => generated 0 bytes in 303 msecs (HTTP/1.1 204) 3 headers in 131 bytes (1 switches on core 0)
2026-04-02 18:11:50.223 8 INFO neutron.db.segments_db [None req-eb0d32ab-2a67-48d2-a98c-87ed421edccb c7852a98c4d842518d24f9fa55ae4d82 7c8735a4b76f4b619280c1c094abb0b5 - - default default] Added segment 8354cfd9-3dd5-479e-b557-3fee4acf0fb0 of type geneve for network bf5b0284-5244-408e-8bf4-4b2f28cfa020
2026-04-02 18:11:50.342 7 INFO neutron_taas.services.taas.taas_plugin [None req-f13e73fb-5e1c-46e4-a85c-6623e28562a6 8aac7b91e22b4d1db867bd47fc759bcd 285e3a2361534f6eb4763f1b2fce5e64 - - default default] TaaS: Handle Delete Port: 5c0e980a-d8c9-444a-9092-f462c591a8f6
2026-04-02 18:11:50.346 7 INFO neutron_taas.services.taas.tap_mirror_plugin [None req-f13e73fb-5e1c-46e4-a85c-6623e28562a6 8aac7b91e22b4d1db867bd47fc759bcd 285e3a2361534f6eb4763f1b2fce5e64 - - default default] Tap Mirror: Handle Delete Port: 5c0e980a-d8c9-444a-9092-f462c591a8f6
2026-04-02 18:11:50.367 8 INFO neutron.db.ovn_revision_numbers_db [None req-eb0d32ab-2a67-48d2-a98c-87ed421edccb c7852a98c4d842518d24f9fa55ae4d82 7c8735a4b76f4b619280c1c094abb0b5 - - default default] Successfully bumped revision number for resource bf5b0284-5244-408e-8bf4-4b2f28cfa020 (type: networks) to 1 [pid: 7|app: 0|req: 1319/2592] 10.0.0.139 () {32 vars in 720 bytes} [Thu Apr 2 18:11:50 2026] DELETE /v2.0/ports/5c0e980a-d8c9-444a-9092-f462c591a8f6 => generated 0 bytes in 251 msecs (HTTP/1.1 204) 3 headers in 131 bytes (1 switches on core 0)
2026-04-02 18:11:50.538 8 WARNING neutron.scheduler.dhcp_agent_scheduler [None req-eb0d32ab-2a67-48d2-a98c-87ed421edccb c7852a98c4d842518d24f9fa55ae4d82 7c8735a4b76f4b619280c1c094abb0b5 - - default default] No more DHCP agents
2026-04-02 18:11:50.542 8 WARNING neutron.api.rpc.agentnotifiers.dhcp_rpc_agent_api [None req-eb0d32ab-2a67-48d2-a98c-87ed421edccb c7852a98c4d842518d24f9fa55ae4d82 7c8735a4b76f4b619280c1c094abb0b5 - - default default] Unable to schedule network bf5b0284-5244-408e-8bf4-4b2f28cfa020: no agents available; will retry on subsequent port and subnet creation events.
2026-04-02 18:11:50.615 8 INFO neutron.plugins.ml2.drivers.ovn.mech_driver.mech_driver [None req-ac82cdae-febc-4573-9bee-81371a6b088e - - - - - -] OVN reports status down for port: fff26651-cca9-4d5e-8190-fd09bcff431e
2026-04-02 18:11:50.659 7 INFO neutron_taas.services.taas.taas_plugin [None req-801dce1c-6ea3-4b5d-aa2c-30f5c2588afa 8aac7b91e22b4d1db867bd47fc759bcd 285e3a2361534f6eb4763f1b2fce5e64 - - default default] TaaS: Handle Delete Port: 9a1d6c86-2c46-4ba2-84b6-9c056da6aef4
2026-04-02 18:11:50.662 7 INFO neutron_taas.services.taas.tap_mirror_plugin [None req-801dce1c-6ea3-4b5d-aa2c-30f5c2588afa 8aac7b91e22b4d1db867bd47fc759bcd 285e3a2361534f6eb4763f1b2fce5e64 - - default default] Tap Mirror: Handle Delete Port: 9a1d6c86-2c46-4ba2-84b6-9c056da6aef4
2026-04-02 18:11:50.672 8 INFO neutron.db.ovn_revision_numbers_db [None req-eb0d32ab-2a67-48d2-a98c-87ed421edccb c7852a98c4d842518d24f9fa55ae4d82 7c8735a4b76f4b619280c1c094abb0b5 - - default default] Successfully bumped revision number for resource fff26651-cca9-4d5e-8190-fd09bcff431e (type: ports) to 1 [pid: 8|app: 0|req: 1274/2593] 10.0.0.139 () {34 vars in 670 bytes} [Thu Apr 2 18:11:50 2026] POST /v2.0/networks => generated 650 bytes in 584 msecs (HTTP/1.1 201) 4 headers in 162 bytes (1 switches on core 0) [pid: 7|app: 0|req: 1320/2594] 10.0.0.139 () {32 vars in 720 bytes} [Thu Apr 2 18:11:50 2026] DELETE /v2.0/ports/9a1d6c86-2c46-4ba2-84b6-9c056da6aef4 => generated 0 bytes in 331 msecs (HTTP/1.1 204) 3 headers in 131 bytes (1 switches on core 0) [pid: 7|app: 0|req: 1321/2595] 10.0.0.51 () {34 vars in 989 bytes} [Thu Apr 2 18:11:50 2026] GET /v2.0/ports?device_id=d0c4d620-0916-45fd-a9e4-7b86df0990aa => generated 1204 bytes in 92 msecs (HTTP/1.1 200) 4 headers in 158 bytes (1 switches on core 0)
2026-04-02 18:11:50.980 8 WARNING neutron.scheduler.dhcp_agent_scheduler [None req-9d8a51b1-ca1c-4aad-a711-86599c7f9c07 c7852a98c4d842518d24f9fa55ae4d82 7c8735a4b76f4b619280c1c094abb0b5 - - default default] No more DHCP agents
2026-04-02 18:11:50.982 8 WARNING neutron.api.rpc.agentnotifiers.dhcp_rpc_agent_api [None req-9d8a51b1-ca1c-4aad-a711-86599c7f9c07 c7852a98c4d842518d24f9fa55ae4d82 7c8735a4b76f4b619280c1c094abb0b5 - - default default] Unable to schedule network bf5b0284-5244-408e-8bf4-4b2f28cfa020: no agents available; will retry on subsequent port and subnet creation events.
2026-04-02 18:11:51.058 7 INFO neutron_taas.services.taas.taas_plugin [None req-316d0116-d091-4a7e-8ae3-864a249d611d 8aac7b91e22b4d1db867bd47fc759bcd 285e3a2361534f6eb4763f1b2fce5e64 - - default default] TaaS: Handle Delete Port: ae671b9e-31e5-4c5a-a5c7-606848ccb8ac
2026-04-02 18:11:51.063 7 INFO neutron_taas.services.taas.tap_mirror_plugin [None req-316d0116-d091-4a7e-8ae3-864a249d611d 8aac7b91e22b4d1db867bd47fc759bcd 285e3a2361534f6eb4763f1b2fce5e64 - - default default] Tap Mirror: Handle Delete Port: ae671b9e-31e5-4c5a-a5c7-606848ccb8ac
2026-04-02 18:11:51.295 7 INFO neutron.services.segments.plugin [-] Segment 5ef84bd5-40ba-4ec8-bf99-fbcc0fc8ef6a resource provider aggregate not found
2026-04-02 18:11:51.299 7 INFO neutron.services.segments.plugin [-] Segment 5ef84bd5-40ba-4ec8-bf99-fbcc0fc8ef6a resource provider aggregate not found
2026-04-02 18:11:51.328 7 INFO neutron.services.segments.plugin [-] Segment 5ef84bd5-40ba-4ec8-bf99-fbcc0fc8ef6a resource provider not found; error: Placement Client Error (4xx): {"errors": [{"status": 404, "title": "Not Found", "detail": "The resource could not be found.\n\n No resource provider with uuid 5ef84bd5-40ba-4ec8-bf99-fbcc0fc8ef6a found for delete ", "request_id": "req-a8e53cc3-6275-4f91-a58c-675beb6ceb9e"}]}
2026-04-02 18:11:51.331 7 INFO neutron.services.segments.plugin [-] Segment 5ef84bd5-40ba-4ec8-bf99-fbcc0fc8ef6a resource provider not found; error: Placement Client Error (4xx): {"errors": [{"status": 404, "title": "Not Found", "detail": "The resource could not be found.\n\n No resource provider with uuid 5ef84bd5-40ba-4ec8-bf99-fbcc0fc8ef6a found for delete ", "request_id": "req-7ea2d363-b217-4e05-8ceb-95a61484404e"}]} [pid: 7|app: 0|req: 1322/2596] 10.0.0.139 () {32 vars in 726 bytes} [Thu Apr 2 18:11:50 2026] DELETE /v2.0/networks/89452db6-6230-433f-bd6c-3d666d8d9445 => generated 0 bytes in 443 msecs (HTTP/1.1 204) 3 headers in 131 bytes (1 switches on core 0) [pid: 7|app: 0|req: 1323/2597] 10.0.0.51 () {34 vars in 1039 bytes} [Thu Apr 2 18:11:51 2026] GET /v2.0/security-groups?id=81791a36-bb85-475c-a681-ff78398c9e24&fields=id&fields=name => generated 112 bytes in 39 msecs (HTTP/1.1 200) 4 headers in 157 bytes (1 switches on core 0)
2026-04-02 18:11:51.538 8 INFO neutron.db.ovn_revision_numbers_db [None req-f8ab4177-d901-4d8a-8fd3-aa137bfdf418 - - - - - -] Successfully bumped revision number for resource fff26651-cca9-4d5e-8190-fd09bcff431e (type: ports) to 2
2026-04-02 18:11:51.585 8 INFO neutron.db.ovn_revision_numbers_db [None req-f8ab4177-d901-4d8a-8fd3-aa137bfdf418 - - - - - -] Successfully bumped revision number for resource abcc2971-8e2b-490f-8000-5c315a38fbf6 (type: subnets) to 0 [pid: 8|app: 0|req: 1275/2598] 10.0.0.139 () {34 vars in 669 bytes} [Thu Apr 2 18:11:50 2026] POST /v2.0/subnets => generated 629 bytes in 888 msecs (HTTP/1.1 201) 4 headers in 162 bytes (1 switches on core 0)
2026-04-02 18:11:51.745 8 INFO neutron_taas.services.taas.taas_plugin [None req-c83302f9-8879-495e-84a9-5dbc4933b448 8aac7b91e22b4d1db867bd47fc759bcd 285e3a2361534f6eb4763f1b2fce5e64 - - default default] TaaS: Handle Delete Port: cffe4670-12fd-47ef-8852-a0573ad44e53
2026-04-02 18:11:51.748 8 INFO neutron_taas.services.taas.tap_mirror_plugin [None req-c83302f9-8879-495e-84a9-5dbc4933b448 8aac7b91e22b4d1db867bd47fc759bcd 285e3a2361534f6eb4763f1b2fce5e64 - - default default] Tap Mirror: Handle Delete Port: cffe4670-12fd-47ef-8852-a0573ad44e53
2026-04-02 18:11:51.805 7 INFO neutron.db.ovn_revision_numbers_db [None req-a6bd8b38-d333-458f-8aef-54f04ab3b686 2f666292d28548018bace36ff06d72f3 5b443e170bd640ff95c00795da6d1106 - - default default] Successfully bumped revision number for resource b5ab35d4-901a-49c2-bf22-09af822bbd78 (type: security_groups) to 1
2026-04-02 18:11:51.817 7 INFO neutron.db.ovn_revision_numbers_db [None req-a6bd8b38-d333-458f-8aef-54f04ab3b686 2f666292d28548018bace36ff06d72f3 5b443e170bd640ff95c00795da6d1106 - - default default] Successfully bumped revision number for resource 75f4e037-78a1-4934-922a-13be5ab034cb (type: security_group_rules) to 0
2026-04-02 18:11:51.829 7 INFO neutron.db.ovn_revision_numbers_db [None req-a6bd8b38-d333-458f-8aef-54f04ab3b686 2f666292d28548018bace36ff06d72f3 5b443e170bd640ff95c00795da6d1106 - - default default] Successfully bumped revision number for resource 8c7be615-f4d8-4855-ac96-0bece156a63d (type: security_group_rules) to 0
2026-04-02 18:11:51.841 7 INFO neutron.db.ovn_revision_numbers_db [None req-a6bd8b38-d333-458f-8aef-54f04ab3b686 2f666292d28548018bace36ff06d72f3 5b443e170bd640ff95c00795da6d1106 - - default default] Successfully bumped revision number for resource a62a2788-cf3b-4c82-9328-09a0907f16bd (type: security_group_rules) to 0
2026-04-02 18:11:51.854 7 INFO neutron.db.ovn_revision_numbers_db [None req-a6bd8b38-d333-458f-8aef-54f04ab3b686 2f666292d28548018bace36ff06d72f3 5b443e170bd640ff95c00795da6d1106 - - default default] Successfully bumped revision number for resource f92dc0a1-cfc2-4e82-932f-830b2240648f (type: security_group_rules) to 0
2026-04-02 18:11:51.962 7 INFO neutron.db.segments_db [None req-a6bd8b38-d333-458f-8aef-54f04ab3b686 2f666292d28548018bace36ff06d72f3 5b443e170bd640ff95c00795da6d1106 - - default default] Added segment 7958ee8c-94b9-46e6-8e90-87103982e28b of type geneve for network 995412af-e9f4-47f3-8095-6921483074d6
2026-04-02 18:11:51.967 8 INFO neutron.services.segments.plugin [-] Segment f95af352-2f2a-441d-af73-929e30fcd9c6 resource provider aggregate not found
2026-04-02 18:11:51.971 8 INFO neutron.services.segments.plugin [-] Segment f95af352-2f2a-441d-af73-929e30fcd9c6 resource provider aggregate not found
2026-04-02 18:11:51.989 8 INFO neutron.services.segments.plugin [-] Segment f95af352-2f2a-441d-af73-929e30fcd9c6 resource provider not found; error: Placement Client Error (4xx): {"errors": [{"status": 404, "title": "Not Found", "detail": "The resource could not be found.\n\n No resource provider with uuid f95af352-2f2a-441d-af73-929e30fcd9c6 found for delete ", "request_id": "req-eec9494f-056f-4e07-8b48-1ef6f5d20831"}]}
2026-04-02 18:11:51.994 8 INFO neutron.services.segments.plugin [-] Segment f95af352-2f2a-441d-af73-929e30fcd9c6 resource provider not found; error: Placement Client Error (4xx): {"errors": [{"status": 404, "title": "Not Found", "detail": "The resource could not be found.\n\n No resource provider with uuid f95af352-2f2a-441d-af73-929e30fcd9c6 found for delete ", "request_id": "req-f60b68ee-b730-4d70-8fe5-79c85048da28"}]} [pid: 8|app: 0|req: 1276/2599] 10.0.0.139 () {32 vars in 726 bytes} [Thu Apr 2 18:11:51 2026] DELETE /v2.0/networks/50549cff-ea4a-475c-9a37-59a57330f166 => generated 0 bytes in 409 msecs (HTTP/1.1 204) 3 headers in 131 bytes (1 switches on core 0)
2026-04-02 18:11:52.089 7 INFO neutron.db.ovn_revision_numbers_db [None req-a6bd8b38-d333-458f-8aef-54f04ab3b686 2f666292d28548018bace36ff06d72f3 5b443e170bd640ff95c00795da6d1106 - - default default] Successfully bumped revision number for resource 995412af-e9f4-47f3-8095-6921483074d6 (type: networks) to 1 [pid: 8|app: 0|req: 1277/2600] 10.0.0.139 () {32 vars in 818 bytes} [Thu Apr 2 18:11:52 2026] GET /v2.0/ports?network_id=6de51f46-8c56-4664-90e6-66189c9fb744&mac_address=fa%3A16%3A3e%3Ae2%3Ada%3A91 => generated 1204 bytes in 108 msecs (HTTP/1.1 200) 4 headers in 158 bytes (1 switches on core 0)
2026-04-02 18:11:52.210 8 INFO neutron.db.segments_db [None req-c16ae6cc-d332-4268-836c-b5ddb486ef00 c7852a98c4d842518d24f9fa55ae4d82 7c8735a4b76f4b619280c1c094abb0b5 - - default default] Added segment 1ebc6980-960a-4bf7-aefb-4c029d9db3c9 of type geneve for network 5824a0b6-6a3f-4413-8843-2d6cff3fa0f7
2026-04-02 18:11:52.278 7 WARNING neutron.scheduler.dhcp_agent_scheduler [None req-a6bd8b38-d333-458f-8aef-54f04ab3b686 2f666292d28548018bace36ff06d72f3 5b443e170bd640ff95c00795da6d1106 - - default default] No more DHCP agents
2026-04-02 18:11:52.279 7 WARNING neutron.api.rpc.agentnotifiers.dhcp_rpc_agent_api [None req-a6bd8b38-d333-458f-8aef-54f04ab3b686 2f666292d28548018bace36ff06d72f3 5b443e170bd640ff95c00795da6d1106 - - default default] Unable to schedule network 995412af-e9f4-47f3-8095-6921483074d6: no agents available; will retry on subsequent port and subnet creation events.
2026-04-02 18:11:52.326 8 INFO neutron.db.ovn_revision_numbers_db [None req-c16ae6cc-d332-4268-836c-b5ddb486ef00 c7852a98c4d842518d24f9fa55ae4d82 7c8735a4b76f4b619280c1c094abb0b5 - - default default] Successfully bumped revision number for resource 5824a0b6-6a3f-4413-8843-2d6cff3fa0f7 (type: networks) to 1
2026-04-02 18:11:52.356 8 INFO neutron.plugins.ml2.drivers.ovn.mech_driver.mech_driver [None req-ac82cdae-febc-4573-9bee-81371a6b088e - - - - - -] OVN reports status down for port: cb777046-dd48-490f-bb54-53e3282ec233
2026-04-02 18:11:52.367 7 INFO neutron.db.ovn_revision_numbers_db [None req-a6bd8b38-d333-458f-8aef-54f04ab3b686 2f666292d28548018bace36ff06d72f3 5b443e170bd640ff95c00795da6d1106 - - default default] Successfully bumped revision number for resource cb777046-dd48-490f-bb54-53e3282ec233 (type: ports) to 1 [pid: 7|app: 0|req: 1324/2601] 10.0.0.139 () {34 vars in 670 bytes} [Thu Apr 2 18:11:51 2026] POST /v2.0/networks => generated 650 bytes in 1003 msecs (HTTP/1.1 201) 4 headers in 162 bytes (1 switches on core 0)
2026-04-02 18:11:52.533 7 INFO neutron_taas.services.taas.taas_plugin [None req-b77b3da4-2465-40b2-80a5-296f9fdd1eb7 8aac7b91e22b4d1db867bd47fc759bcd 285e3a2361534f6eb4763f1b2fce5e64 - - default default] TaaS: Handle Delete Port: d48be07a-8540-4f0d-9746-b95162e3ec18
2026-04-02 18:11:52.536 7 INFO neutron_taas.services.taas.tap_mirror_plugin [None req-b77b3da4-2465-40b2-80a5-296f9fdd1eb7 8aac7b91e22b4d1db867bd47fc759bcd 285e3a2361534f6eb4763f1b2fce5e64 - - default default] Tap Mirror: Handle Delete Port: d48be07a-8540-4f0d-9746-b95162e3ec18
2026-04-02 18:11:52.599 8 WARNING neutron.scheduler.dhcp_agent_scheduler [None req-c16ae6cc-d332-4268-836c-b5ddb486ef00 c7852a98c4d842518d24f9fa55ae4d82 7c8735a4b76f4b619280c1c094abb0b5 - - default default] No more DHCP agents
2026-04-02 18:11:52.601 8 WARNING neutron.api.rpc.agentnotifiers.dhcp_rpc_agent_api [None req-c16ae6cc-d332-4268-836c-b5ddb486ef00 c7852a98c4d842518d24f9fa55ae4d82 7c8735a4b76f4b619280c1c094abb0b5 - - default default] Unable to schedule network 5824a0b6-6a3f-4413-8843-2d6cff3fa0f7: no agents available; will retry on subsequent port and subnet creation events.
2026-04-02 18:11:52.681 8 INFO neutron.plugins.ml2.drivers.ovn.mech_driver.mech_driver [None req-ac82cdae-febc-4573-9bee-81371a6b088e - - - - - -] OVN reports status down for port: 7bfde08d-60ea-41c8-93f5-38026781636a [pid: 7|app: 0|req: 1325/2602] 10.0.0.139 () {32 vars in 726 bytes} [Thu Apr 2 18:11:52 2026] DELETE /v2.0/networks/d9905328-2484-44b2-8176-bc5b65861dac => generated 0 bytes in 362 msecs (HTTP/1.1 204) 3 headers in 131 bytes (1 switches on core 0)
2026-04-02 18:11:52.787 8 INFO neutron.db.ovn_revision_numbers_db [None req-c16ae6cc-d332-4268-836c-b5ddb486ef00 c7852a98c4d842518d24f9fa55ae4d82 7c8735a4b76f4b619280c1c094abb0b5 - - default default] Successfully bumped revision number for resource 7bfde08d-60ea-41c8-93f5-38026781636a (type: ports) to 1 [pid: 8|app: 0|req: 1278/2603] 10.0.0.139 () {34 vars in 670 bytes} [Thu Apr 2 18:11:52 2026] POST /v2.0/networks => generated 650 bytes in 717 msecs (HTTP/1.1 201) 4 headers in 162 bytes (1 switches on core 0)
2026-04-02 18:11:52.955 7 WARNING neutron.scheduler.dhcp_agent_scheduler [None req-7d31b9a1-0974-49f9-abb0-1c3e6ec96ff6 e6ac92f563f84ef0bdb1545c93b2ebab ffe8218fcb894e179dbbcaa9b15c1048 - - default default] No more DHCP agents
2026-04-02 18:11:52.956 7 WARNING neutron.api.rpc.agentnotifiers.dhcp_rpc_agent_api [None req-7d31b9a1-0974-49f9-abb0-1c3e6ec96ff6 e6ac92f563f84ef0bdb1545c93b2ebab ffe8218fcb894e179dbbcaa9b15c1048 - - default default] Unable to schedule network 0d9d87d5-e6d4-4577-80c0-38cdbdd8f4a1: no agents available; will retry on subsequent port and subnet creation events.
2026-04-02 18:11:53.077 8 WARNING neutron.scheduler.dhcp_agent_scheduler [None req-c83ae05b-bea5-48d5-ba1a-8ac3095ea6f0 2f666292d28548018bace36ff06d72f3 5b443e170bd640ff95c00795da6d1106 - - default default] No more DHCP agents
2026-04-02 18:11:53.078 8 WARNING neutron.api.rpc.agentnotifiers.dhcp_rpc_agent_api [None req-c83ae05b-bea5-48d5-ba1a-8ac3095ea6f0 2f666292d28548018bace36ff06d72f3 5b443e170bd640ff95c00795da6d1106 - - default default] Unable to schedule network 995412af-e9f4-47f3-8095-6921483074d6: no agents available; will retry on subsequent port and subnet creation events.
2026-04-02 18:11:53.167 7 INFO neutron.plugins.ml2.drivers.ovn.mech_driver.mech_driver [None req-340de23d-dd27-4f44-86d3-771fe23249c6 - - - - - -] OVN reports status down for port: acff64f4-e87d-411a-b40b-3828140cc2a6
2026-04-02 18:11:53.178 8 INFO neutron.db.ovn_revision_numbers_db [None req-c83ae05b-bea5-48d5-ba1a-8ac3095ea6f0 2f666292d28548018bace36ff06d72f3 5b443e170bd640ff95c00795da6d1106 - - default default] Successfully bumped revision number for resource acff64f4-e87d-411a-b40b-3828140cc2a6 (type: ports) to 1 [pid: 8|app: 0|req: 1279/2604] 10.0.0.139 () {34 vars in 664 bytes} [Thu Apr 2 18:11:52 2026] POST /v2.0/ports => generated 743 bytes in 387 msecs (HTTP/1.1 201) 4 headers in 162 bytes (1 switches on core 0) /var/lib/openstack/lib/python3.12/site-packages/pycadf/identifier.py:70: UserWarning: Invalid uuid: neutron. To ensure interoperability, identifiers should be a valid uuid. warnings.warn(('Invalid uuid: %s. To ensure interoperability, '
2026-04-02 18:11:53.345 8 INFO neutron_taas.services.taas.taas_plugin [None req-f05028f6-bf9d-4283-bd22-1dc35a7dce5b 8aac7b91e22b4d1db867bd47fc759bcd 285e3a2361534f6eb4763f1b2fce5e64 - - default default] TaaS: Handle Delete Port: 0645ba62-72b0-4f85-b4d5-4f1fcfc3c1f6
2026-04-02 18:11:53.347 8 INFO neutron_taas.services.taas.tap_mirror_plugin [None req-f05028f6-bf9d-4283-bd22-1dc35a7dce5b 8aac7b91e22b4d1db867bd47fc759bcd 285e3a2361534f6eb4763f1b2fce5e64 - - default default] Tap Mirror: Handle Delete Port: 0645ba62-72b0-4f85-b4d5-4f1fcfc3c1f6
2026-04-02 18:11:53.348 7 INFO neutron.services.segments.plugin [-] Segment d62e7063-eb38-4977-bf00-dd897cd99df1 resource provider aggregate not found
2026-04-02 18:11:53.361 7 INFO neutron.services.segments.plugin [-] Segment d62e7063-eb38-4977-bf00-dd897cd99df1 resource provider aggregate not found
2026-04-02 18:11:53.371 7 INFO neutron.services.segments.plugin [-] Segment d62e7063-eb38-4977-bf00-dd897cd99df1 resource provider not found; error: Placement Client Error (4xx): {"errors": [{"status": 404, "title": "Not Found", "detail": "The resource could not be found.\n\n No resource provider with uuid d62e7063-eb38-4977-bf00-dd897cd99df1 found for delete ", "request_id": "req-b214a76c-bc72-4cd5-8f28-97997be000a6"}]}
2026-04-02 18:11:53.382 7 INFO neutron.services.segments.plugin [-] Segment d62e7063-eb38-4977-bf00-dd897cd99df1 resource provider not found; error: Placement Client Error (4xx): {"errors": [{"status": 404, "title": "Not Found", "detail": "The resource could not be found.\n\n No resource provider with uuid d62e7063-eb38-4977-bf00-dd897cd99df1 found for delete ", "request_id": "req-dc2949df-c369-4d7f-9f86-754faeb56f7e"}]} [pid: 8|app: 0|req: 1280/2605] 10.0.0.139 () {32 vars in 726 bytes} [Thu Apr 2 18:11:53 2026] DELETE /v2.0/networks/b3e7486c-da6a-425d-96c3-0789c128da98 => generated 0 bytes in 305 msecs (HTTP/1.1 204) 3 headers in 131 bytes (1 switches on core 0)
2026-04-02 18:11:53.766 8 WARNING neutron.scheduler.dhcp_agent_scheduler [None req-0347cfdf-7032-4940-9d0a-878055020835 c7852a98c4d842518d24f9fa55ae4d82 7c8735a4b76f4b619280c1c094abb0b5 - - default default] No more DHCP agents
2026-04-02 18:11:53.768 8 WARNING neutron.api.rpc.agentnotifiers.dhcp_rpc_agent_api [None req-0347cfdf-7032-4940-9d0a-878055020835 c7852a98c4d842518d24f9fa55ae4d82 7c8735a4b76f4b619280c1c094abb0b5 - - default default] Unable to schedule network 5824a0b6-6a3f-4413-8843-2d6cff3fa0f7: no agents available; will retry on subsequent port and subnet creation events.
2026-04-02 18:11:53.847 7 INFO neutron.db.ovn_revision_numbers_db [None req-7d31b9a1-0974-49f9-abb0-1c3e6ec96ff6 e6ac92f563f84ef0bdb1545c93b2ebab ffe8218fcb894e179dbbcaa9b15c1048 - - default default] Successfully bumped revision number for resource 44dc73e0-c551-41a2-8e00-e3a298a63526 (type: floatingips) to 1
2026-04-02 18:11:53.848 7 INFO neutron.db.l3_db [None req-7d31b9a1-0974-49f9-abb0-1c3e6ec96ff6 e6ac92f563f84ef0bdb1545c93b2ebab ffe8218fcb894e179dbbcaa9b15c1048 - - default default] Floating IP 44dc73e0-c551-41a2-8e00-e3a298a63526 associated. External IP: 10.96.250.214, port: f599ac25-b97f-4c4f-9b37-97a95141cc11. [pid: 7|app: 0|req: 1326/2606] 10.0.0.139 () {34 vars in 677 bytes} [Thu Apr 2 18:11:52 2026] POST /v2.0/floatingips => generated 855 bytes in 1140 msecs (HTTP/1.1 201) 4 headers in 162 bytes (1 switches on core 0)
2026-04-02 18:11:53.943 7 INFO neutron.notifiers.nova [-] Nova event matching ['req-e8c0cf66-93c7-4142-9feb-70861674b3cd'] response: {'name': 'network-changed', 'server_uuid': 'd0c4d620-0916-45fd-a9e4-7b86df0990aa', 'tag': 'f599ac25-b97f-4c4f-9b37-97a95141cc11', 'status': 'completed', 'code': 200}
2026-04-02 18:11:54.018 8 INFO neutron.services.segments.plugin [-] Segment e2afe8c5-7eaf-4496-b351-4c21d8217964 resource provider aggregate not found
2026-04-02 18:11:54.026 8 INFO neutron.services.segments.plugin [-] Segment e2afe8c5-7eaf-4496-b351-4c21d8217964 resource provider aggregate not found
2026-04-02 18:11:54.048 8 INFO neutron.services.segments.plugin [-] Segment e2afe8c5-7eaf-4496-b351-4c21d8217964 resource provider not found; error: Placement Client Error (4xx): {"errors": [{"status": 404, "title": "Not Found", "detail": "The resource could not be found.\n\n No resource provider with uuid e2afe8c5-7eaf-4496-b351-4c21d8217964 found for delete ", "request_id": "req-733b9a30-fd49-4b09-8087-3277c056b314"}]}
2026-04-02 18:11:54.056 8 INFO neutron.services.segments.plugin [-] Segment e2afe8c5-7eaf-4496-b351-4c21d8217964 resource provider not found; error: Placement Client Error (4xx): {"errors": [{"status": 404, "title": "Not Found", "detail": "The resource could not be found.\n\n No resource provider with uuid e2afe8c5-7eaf-4496-b351-4c21d8217964 found for delete ", "request_id": "req-911a9165-cb4e-416c-bd69-0df0f7a547eb"}]} [pid: 7|app: 0|req: 1327/2607] 10.0.0.139 () {34 vars in 666 bytes} [Thu Apr 2 18:11:53 2026] POST /v2.0/trunks => generated 409 bytes in 201 msecs (HTTP/1.1 201) 4 headers in 162 bytes (1 switches on core 0)
2026-04-02 18:11:54.201 7 INFO neutron_taas.services.taas.taas_plugin [None req-21d79d69-bc95-4ecc-8dfa-f09537ea5653 8aac7b91e22b4d1db867bd47fc759bcd 285e3a2361534f6eb4763f1b2fce5e64 - - default default] TaaS: Handle Delete Port: 9cbe9f85-2791-44b4-bacc-5bb9c11b33f6
2026-04-02 18:11:54.203 7 INFO neutron_taas.services.taas.tap_mirror_plugin [None req-21d79d69-bc95-4ecc-8dfa-f09537ea5653 8aac7b91e22b4d1db867bd47fc759bcd 285e3a2361534f6eb4763f1b2fce5e64 - - default default] Tap Mirror: Handle Delete Port: 9cbe9f85-2791-44b4-bacc-5bb9c11b33f6
2026-04-02 18:11:54.334 8 INFO neutron.db.ovn_revision_numbers_db [None req-eecc9a04-02d4-45ad-abeb-48c3d12c84ae - - - - - -] Successfully bumped revision number for resource 7bfde08d-60ea-41c8-93f5-38026781636a (type: ports) to 2
2026-04-02 18:11:54.372 8 INFO neutron.db.ovn_revision_numbers_db [None req-eecc9a04-02d4-45ad-abeb-48c3d12c84ae - - - - - -] Successfully bumped revision number for resource 367a7d7e-ea16-41ec-b0d2-bc4e8e42858f (type: subnets) to 0 [pid: 7|app: 0|req: 1328/2608] 10.0.0.139 () {32 vars in 726 bytes} [Thu Apr 2 18:11:54 2026] DELETE /v2.0/networks/5b8ddf13-04f7-487a-8701-0ecd81029314 => generated 0 bytes in 297 msecs (HTTP/1.1 204) 3 headers in 131 bytes (1 switches on core 0) [pid: 8|app: 0|req: 1281/2609] 10.0.0.139 () {34 vars in 669 bytes} [Thu Apr 2 18:11:53 2026] POST /v2.0/subnets => generated 629 bytes in 866 msecs (HTTP/1.1 201) 4 headers in 162 bytes (1 switches on core 0) /var/lib/openstack/lib/python3.12/site-packages/pycadf/identifier.py:70: UserWarning: Invalid uuid: neutron. To ensure interoperability, identifiers should be a valid uuid. warnings.warn(('Invalid uuid: %s. To ensure interoperability, ' [pid: 7|app: 0|req: 1329/2610] 10.0.0.139 () {34 vars in 749 bytes} [Thu Apr 2 18:11:54 2026] PUT /v2.0/trunks/c95fab92-b7d7-4ebd-9b6c-db8dbb61c570/tags => generated 25 bytes in 31 msecs (HTTP/1.1 200) 4 headers in 156 bytes (1 switches on core 0) [pid: 7|app: 0|req: 1330/2611] 10.0.0.139 () {32 vars in 729 bytes} [Thu Apr 2 18:11:54 2026] GET /v2.0/trunks/c95fab92-b7d7-4ebd-9b6c-db8dbb61c570/tags => generated 25 bytes in 22 msecs (HTTP/1.1 200) 4 headers in 156 bytes (1 switches on core 0) [pid: 7|app: 0|req: 1331/2612] 199.19.213.21 () {34 vars in 1079 bytes} [Thu Apr 2 18:11:54 2026] GET /v2.0/ports?tenant_id=ffe8218fcb894e179dbbcaa9b15c1048&device_id=d0c4d620-0916-45fd-a9e4-7b86df0990aa => generated 1442 bytes in 31 msecs (HTTP/1.1 200) 4 headers in 158 bytes (1 switches on core 0)
2026-04-02 18:11:54.496 8 INFO neutron.db.segments_db [None req-e2a5b70a-1ebd-47ab-91a8-a78de5bd1d88 c7852a98c4d842518d24f9fa55ae4d82 7c8735a4b76f4b619280c1c094abb0b5 - - default default] Added segment ede7b5a9-0b13-4795-b571-48c37d5f7df0 of type geneve for network 90791b92-3a9c-4a61-ba20-83aef91c5159 [pid: 7|app: 0|req: 1332/2613] 10.0.0.139 () {34 vars in 760 bytes} [Thu Apr 2 18:11:54 2026] PUT /v2.0/trunks/c95fab92-b7d7-4ebd-9b6c-db8dbb61c570/tags/green => generated 4 bytes in 36 msecs (HTTP/1.1 201) 4 headers in 160 bytes (1 switches on core 0) [pid: 7|app: 0|req: 1333/2614] 199.19.213.21 () {34 vars in 985 bytes} [Thu Apr 2 18:11:54 2026] GET /v2.0/networks?id=6de51f46-8c56-4664-90e6-66189c9fb744 => generated 841 bytes in 44 msecs (HTTP/1.1 200) 4 headers in 157 bytes (1 switches on core 0)
