2026-04-02 18:12:00.315 7 INFO placement.requestlog [None req-3eed781c-9b5e-4612-8d8d-147530b8de0e e39caebd37104f43937cc181e407e9b4 7f44882d7de741ca8cab5b699b459cba - - af8b8caf15df4500894a552fddfd493d af8b8caf15df4500894a552fddfd493d] 10.0.0.130 "DELETE /resource_providers/6fd32cd5-b8dd-484e-995f-1eb3b2e7999c" status: 404 len: 246 microversion: 1.1 [pid: 7|app: 0|req: 584/1172] 10.0.0.130 () {34 vars in 816 bytes} [Thu Apr 2 18:12:00 2026] DELETE /resource_providers/6fd32cd5-b8dd-484e-995f-1eb3b2e7999c => generated 246 bytes in 14 msecs (HTTP/1.1 404) 6 headers in 231 bytes (1 switches on core 0)
2026-04-02 18:12:00.333 8 INFO placement.requestlog [None req-f306d213-5868-4fca-adfb-047b6db284dd e39caebd37104f43937cc181e407e9b4 7f44882d7de741ca8cab5b699b459cba - - af8b8caf15df4500894a552fddfd493d af8b8caf15df4500894a552fddfd493d] 10.0.0.130 "GET /resource_providers/1ebc6980-960a-4bf7-aefb-4c029d9db3c9/aggregates" status: 404 len: 235 microversion: 1.1 [pid: 8|app: 0|req: 589/1173] 10.0.0.130 () {32 vars in 816 bytes} [Thu Apr 2 18:12:00 2026] GET /resource_providers/1ebc6980-960a-4bf7-aefb-4c029d9db3c9/aggregates => generated 235 bytes in 8 msecs (HTTP/1.1 404) 5 headers in 202 bytes (1 switches on core 0)
2026-04-02 18:12:00.346 8 INFO placement.requestlog [None req-cd126e21-4884-48c5-89e0-414065ddeeb7 e39caebd37104f43937cc181e407e9b4 7f44882d7de741ca8cab5b699b459cba - - af8b8caf15df4500894a552fddfd493d af8b8caf15df4500894a552fddfd493d] 10.0.0.130 "DELETE /resource_providers/1ebc6980-960a-4bf7-aefb-4c029d9db3c9" status: 404 len: 246 microversion: 1.1 [pid: 8|app: 0|req: 590/1174] 10.0.0.130 () {34 vars in 816 bytes} [Thu Apr 2 18:12:00 2026] DELETE /resource_providers/1ebc6980-960a-4bf7-aefb-4c029d9db3c9 => generated 246 bytes in 7 msecs (HTTP/1.1 404) 6 headers in 231 bytes (1 switches on core 0)
2026-04-02 18:12:00.348 7 INFO placement.requestlog [None req-db981bcf-1a01-4068-927d-e6117cb88f4c e39caebd37104f43937cc181e407e9b4 7f44882d7de741ca8cab5b699b459cba - - af8b8caf15df4500894a552fddfd493d af8b8caf15df4500894a552fddfd493d] 10.0.0.130 "GET /resource_providers/1ebc6980-960a-4bf7-aefb-4c029d9db3c9/aggregates" status: 404 len: 235 microversion: 1.1 [pid: 7|app: 0|req: 585/1175] 10.0.0.130 () {32 vars in 816 bytes} [Thu Apr 2 18:12:00 2026] GET /resource_providers/1ebc6980-960a-4bf7-aefb-4c029d9db3c9/aggregates => generated 235 bytes in 16 msecs (HTTP/1.1 404) 5 headers in 202 bytes (1 switches on core 0)
2026-04-02 18:12:00.362 8 INFO placement.requestlog [None req-862e8515-e30a-4453-a675-11403f64d098 e39caebd37104f43937cc181e407e9b4 7f44882d7de741ca8cab5b699b459cba - - af8b8caf15df4500894a552fddfd493d af8b8caf15df4500894a552fddfd493d] 10.0.0.130 "DELETE /resource_providers/1ebc6980-960a-4bf7-aefb-4c029d9db3c9" status: 404 len: 246 microversion: 1.1 [pid: 8|app: 0|req: 591/1176] 10.0.0.130 () {34 vars in 816 bytes} [Thu Apr 2 18:12:00 2026] DELETE /resource_providers/1ebc6980-960a-4bf7-aefb-4c029d9db3c9 => generated 246 bytes in 6 msecs (HTTP/1.1 404) 6 headers in 231 bytes (1 switches on core 0)
2026-04-02 18:12:01.547 7 INFO placement.requestlog [None req-e81b4c36-7ccd-44e4-99e8-46c744345d53 e39caebd37104f43937cc181e407e9b4 7f44882d7de741ca8cab5b699b459cba - - af8b8caf15df4500894a552fddfd493d af8b8caf15df4500894a552fddfd493d] 10.0.0.130 "GET /resource_providers/ede7b5a9-0b13-4795-b571-48c37d5f7df0/aggregates" status: 404 len: 235 microversion: 1.1 [pid: 7|app: 0|req: 586/1177] 10.0.0.130 () {32 vars in 816 bytes} [Thu Apr 2 18:12:01 2026] GET /resource_providers/ede7b5a9-0b13-4795-b571-48c37d5f7df0/aggregates => generated 235 bytes in 9 msecs (HTTP/1.1 404) 5 headers in 202 bytes (1 switches on core 0)
2026-04-02 18:12:01.549 8 INFO placement.requestlog [None req-ed464ef0-b411-40fa-86ea-663e88495b73 e39caebd37104f43937cc181e407e9b4 7f44882d7de741ca8cab5b699b459cba - - af8b8caf15df4500894a552fddfd493d af8b8caf15df4500894a552fddfd493d] 10.0.0.130 "GET /resource_providers/ede7b5a9-0b13-4795-b571-48c37d5f7df0/aggregates" status: 404 len: 235 microversion: 1.1 [pid: 8|app: 0|req: 592/1178] 10.0.0.130 () {32 vars in 816 bytes} [Thu Apr 2 18:12:01 2026] GET /resource_providers/ede7b5a9-0b13-4795-b571-48c37d5f7df0/aggregates => generated 235 bytes in 9 msecs (HTTP/1.1 404) 5 headers in 202 bytes (1 switches on core 0)
2026-04-02 18:12:01.569 7 INFO placement.requestlog [None req-971293b2-523f-4e1d-950b-262d40d71fb3 e39caebd37104f43937cc181e407e9b4 7f44882d7de741ca8cab5b699b459cba - - af8b8caf15df4500894a552fddfd493d af8b8caf15df4500894a552fddfd493d] 10.0.0.130 "DELETE /resource_providers/ede7b5a9-0b13-4795-b571-48c37d5f7df0" status: 404 len: 246 microversion: 1.1 [pid: 7|app: 0|req: 587/1179] 10.0.0.130 () {34 vars in 816 bytes} [Thu Apr 2 18:12:01 2026] DELETE /resource_providers/ede7b5a9-0b13-4795-b571-48c37d5f7df0 => generated 246 bytes in 10 msecs (HTTP/1.1 404) 6 headers in 231 bytes (1 switches on core 0)
2026-04-02 18:12:01.574 8 INFO placement.requestlog [None req-9d35bc39-c81f-43d9-bead-14b4e22525c4 e39caebd37104f43937cc181e407e9b4 7f44882d7de741ca8cab5b699b459cba - - af8b8caf15df4500894a552fddfd493d af8b8caf15df4500894a552fddfd493d] 10.0.0.130 "DELETE /resource_providers/ede7b5a9-0b13-4795-b571-48c37d5f7df0" status: 404 len: 246 microversion: 1.1 [pid: 8|app: 0|req: 593/1180] 10.0.0.130 () {34 vars in 816 bytes} [Thu Apr 2 18:12:01 2026] DELETE /resource_providers/ede7b5a9-0b13-4795-b571-48c37d5f7df0 => generated 246 bytes in 14 msecs (HTTP/1.1 404) 6 headers in 231 bytes (1 switches on core 0)
2026-04-02 18:12:08.217 8 INFO placement.requestlog [None req-3fdace72-572d-4023-8bd9-59f52d880828 - - - - - -] 10.0.0.184 "GET /" status: 200 len: 136 microversion: 1.0
2026-04-02 18:12:08.217 7 INFO placement.requestlog [None req-fe941c77-7ae6-44c5-965d-3bb75d4938dc - - - - - -] 10.0.0.184 "GET /" status: 200 len: 136 microversion: 1.0
2026-04-02 18:12:18.217 8 INFO placement.requestlog [None req-99410dac-f975-4043-b31c-c6ec3354e756 - - - - - -] 10.0.0.184 "GET /" status: 200 len: 136 microversion: 1.0
2026-04-02 18:12:18.218 7 INFO placement.requestlog [None req-e076b75d-9d03-48a3-a245-46f5e91ccf5b - - - - - -] 10.0.0.184 "GET /" status: 200 len: 136 microversion: 1.0
2026-04-02 18:12:20.419 8 INFO placement.requestlog [req-214d0aa5-0d47-488d-8ff7-1c0c0619b421 req-e6113c54-509f-43e7-81bb-27e674a36021 41b1867064d14627932783ec44ae2aba 7f44882d7de741ca8cab5b699b459cba - - af8b8caf15df4500894a552fddfd493d af8b8caf15df4500894a552fddfd493d] 199.19.213.21 "GET /resource_providers/771916eb-3200-4089-8a87-5708313e7103/allocations" status: 200 len: 253 microversion: 1.0 [pid: 8|app: 0|req: 596/1185] 199.19.213.21 () {32 vars in 856 bytes} [Thu Apr 2 18:12:20 2026] GET /resource_providers/771916eb-3200-4089-8a87-5708313e7103/allocations => generated 253 bytes in 24 msecs (HTTP/1.1 200) 6 headers in 224 bytes (1 switches on core 0)
2026-04-02 18:12:20.443 7 INFO placement.requestlog [req-214d0aa5-0d47-488d-8ff7-1c0c0619b421 req-78a10a60-3b1f-411b-9d76-bc22c2952de2 41b1867064d14627932783ec44ae2aba 7f44882d7de741ca8cab5b699b459cba - - af8b8caf15df4500894a552fddfd493d af8b8caf15df4500894a552fddfd493d] 199.19.213.21 "GET /resource_providers/771916eb-3200-4089-8a87-5708313e7103/allocations" status: 200 len: 253 microversion: 1.0 [pid: 7|app: 0|req: 590/1186] 199.19.213.21 () {32 vars in 856 bytes} [Thu Apr 2 18:12:20 2026] GET /resource_providers/771916eb-3200-4089-8a87-5708313e7103/allocations => generated 253 bytes in 16 msecs (HTTP/1.1 200) 6 headers in 224 bytes (1 switches on core 0)
2026-04-02 18:12:20.465 8 INFO placement.requestlog [req-214d0aa5-0d47-488d-8ff7-1c0c0619b421 req-fbe69d15-e12c-48b6-aba2-1326b7a7e634 41b1867064d14627932783ec44ae2aba 7f44882d7de741ca8cab5b699b459cba - - af8b8caf15df4500894a552fddfd493d af8b8caf15df4500894a552fddfd493d] 199.19.213.21 "GET /allocations/d0c4d620-0916-45fd-a9e4-7b86df0990aa" status: 200 len: 258 microversion: 1.28 [pid: 8|app: 0|req: 597/1187] 199.19.213.21 () {34 vars in 862 bytes} [Thu Apr 2 18:12:20 2026] GET /allocations/d0c4d620-0916-45fd-a9e4-7b86df0990aa => generated 258 bytes in 16 msecs (HTTP/1.1 200) 8 headers in 296 bytes (1 switches on core 0)
2026-04-02 18:12:20.488 7 INFO placement.requestlog [req-214d0aa5-0d47-488d-8ff7-1c0c0619b421 req-7214a63c-9a92-4beb-bf93-19151f254fb6 41b1867064d14627932783ec44ae2aba 7f44882d7de741ca8cab5b699b459cba - - af8b8caf15df4500894a552fddfd493d af8b8caf15df4500894a552fddfd493d] 199.19.213.21 "GET /allocations/cb11be7e-f098-4476-9779-4d8419e68386" status: 200 len: 258 microversion: 1.28 [pid: 7|app: 0|req: 591/1188] 199.19.213.21 () {34 vars in 862 bytes} [Thu Apr 2 18:12:20 2026] GET /allocations/cb11be7e-f098-4476-9779-4d8419e68386 => generated 258 bytes in 13 msecs (HTTP/1.1 200) 8 headers in 296 bytes (1 switches on core 0)
2026-04-02 18:12:21.516 8 INFO placement.requestlog [req-d69da6f2-a7b8-4a4a-92d0-d79f753b735f req-72e7a5d5-b3a0-46d7-8b1e-33cf9a398982 41b1867064d14627932783ec44ae2aba 7f44882d7de741ca8cab5b699b459cba - - af8b8caf15df4500894a552fddfd493d af8b8caf15df4500894a552fddfd493d] 10.0.0.71 "GET /allocation_candidates?limit=1000&resources=MEMORY_MB%3A2048%2CVCPU%3A2&root_required=%21COMPUTE_STATUS_DISABLED" status: 200 len: 2771 microversion: 1.36 [pid: 8|app: 0|req: 598/1189] 10.0.0.71 () {34 vars in 985 bytes} [Thu Apr 2 18:12:21 2026] GET /allocation_candidates?limit=1000&resources=MEMORY_MB%3A2048%2CVCPU%3A2&root_required=%21COMPUTE_STATUS_DISABLED => generated 2771 bytes in 211 msecs (HTTP/1.1 200) 8 headers in 297 bytes (1 switches on core 0)
2026-04-02 18:12:21.548 7 INFO placement.requestlog [req-d69da6f2-a7b8-4a4a-92d0-d79f753b735f req-43c35aea-1503-42fa-aca8-f626305feb5e 41b1867064d14627932783ec44ae2aba 7f44882d7de741ca8cab5b699b459cba - - af8b8caf15df4500894a552fddfd493d af8b8caf15df4500894a552fddfd493d] 10.0.0.71 "GET /allocations/deed85c0-f0fa-4971-a128-adb096c80564" status: 200 len: 19 microversion: 1.28 [pid: 7|app: 0|req: 592/1190] 10.0.0.71 () {34 vars in 860 bytes} [Thu Apr 2 18:12:21 2026] GET /allocations/deed85c0-f0fa-4971-a128-adb096c80564 => generated 19 bytes in 11 msecs (HTTP/1.1 200) 8 headers in 295 bytes (1 switches on core 0)
2026-04-02 18:12:21.618 8 INFO placement.requestlog [req-d69da6f2-a7b8-4a4a-92d0-d79f753b735f req-25ae0aeb-6b94-4635-95b1-c30e0a852dba 41b1867064d14627932783ec44ae2aba 7f44882d7de741ca8cab5b699b459cba - - af8b8caf15df4500894a552fddfd493d af8b8caf15df4500894a552fddfd493d] 10.0.0.71 "PUT /allocations/deed85c0-f0fa-4971-a128-adb096c80564" status: 204 len: 0 microversion: 1.36 [pid: 8|app: 0|req: 599/1191] 10.0.0.71 () {38 vars in 913 bytes} [Thu Apr 2 18:12:21 2026] PUT /allocations/deed85c0-f0fa-4971-a128-adb096c80564 => generated 0 bytes in 62 msecs (HTTP/1.1 204) 5 headers in 199 bytes (1 switches on core 0)
2026-04-02 18:12:22.959 7 INFO placement.requestlog [req-d69da6f2-a7b8-4a4a-92d0-d79f753b735f req-a2a880b5-0a40-442a-ba79-8a7451435a68 41b1867064d14627932783ec44ae2aba 7f44882d7de741ca8cab5b699b459cba - - af8b8caf15df4500894a552fddfd493d af8b8caf15df4500894a552fddfd493d] 199.19.213.21 "GET /allocations/deed85c0-f0fa-4971-a128-adb096c80564" status: 200 len: 245 microversion: 1.28 [pid: 7|app: 0|req: 593/1192] 199.19.213.21 () {34 vars in 862 bytes} [Thu Apr 2 18:12:22 2026] GET /allocations/deed85c0-f0fa-4971-a128-adb096c80564 => generated 245 bytes in 13 msecs (HTTP/1.1 200) 8 headers in 296 bytes (1 switches on core 0)
2026-04-02 18:12:24.011 8 INFO placement.requestlog [req-d69da6f2-a7b8-4a4a-92d0-d79f753b735f req-04b77b3c-84bc-4d50-9bf7-790298449837 41b1867064d14627932783ec44ae2aba 7f44882d7de741ca8cab5b699b459cba - - af8b8caf15df4500894a552fddfd493d af8b8caf15df4500894a552fddfd493d] 199.19.213.21 "GET /resource_providers/771916eb-3200-4089-8a87-5708313e7103/allocations" status: 200 len: 340 microversion: 1.0 [pid: 8|app: 0|req: 600/1193] 199.19.213.21 () {32 vars in 856 bytes} [Thu Apr 2 18:12:23 2026] GET /resource_providers/771916eb-3200-4089-8a87-5708313e7103/allocations => generated 340 bytes in 27 msecs (HTTP/1.1 200) 6 headers in 224 bytes (1 switches on core 0)
2026-04-02 18:12:24.030 7 INFO placement.requestlog [req-d69da6f2-a7b8-4a4a-92d0-d79f753b735f req-be0fe2ef-04d3-4834-b4cc-9f56bc5b7e23 41b1867064d14627932783ec44ae2aba 7f44882d7de741ca8cab5b699b459cba - - af8b8caf15df4500894a552fddfd493d af8b8caf15df4500894a552fddfd493d] 199.19.213.21 "GET /allocations/d0c4d620-0916-45fd-a9e4-7b86df0990aa" status: 200 len: 258 microversion: 1.28 [pid: 7|app: 0|req: 594/1194] 199.19.213.21 () {34 vars in 862 bytes} [Thu Apr 2 18:12:24 2026] GET /allocations/d0c4d620-0916-45fd-a9e4-7b86df0990aa => generated 258 bytes in 13 msecs (HTTP/1.1 200) 8 headers in 296 bytes (1 switches on core 0)
2026-04-02 18:12:24.048 8 INFO placement.requestlog [req-d69da6f2-a7b8-4a4a-92d0-d79f753b735f req-cd5fb970-5af6-46df-9fac-e208e25b0794 41b1867064d14627932783ec44ae2aba 7f44882d7de741ca8cab5b699b459cba - - af8b8caf15df4500894a552fddfd493d af8b8caf15df4500894a552fddfd493d] 199.19.213.21 "GET /allocations/cb11be7e-f098-4476-9779-4d8419e68386" status: 200 len: 258 microversion: 1.28 [pid: 8|app: 0|req: 601/1195] 199.19.213.21 () {34 vars in 862 bytes} [Thu Apr 2 18:12:24 2026] GET /allocations/cb11be7e-f098-4476-9779-4d8419e68386 => generated 258 bytes in 13 msecs (HTTP/1.1 200) 8 headers in 296 bytes (1 switches on core 0)
2026-04-02 18:12:24.068 7 INFO placement.requestlog [req-d69da6f2-a7b8-4a4a-92d0-d79f753b735f req-b97126f3-1cd7-46c4-a6aa-01cced2f4523 41b1867064d14627932783ec44ae2aba 7f44882d7de741ca8cab5b699b459cba - - af8b8caf15df4500894a552fddfd493d af8b8caf15df4500894a552fddfd493d] 199.19.213.21 "GET /allocations/deed85c0-f0fa-4971-a128-adb096c80564" status: 200 len: 245 microversion: 1.28 [pid: 7|app: 0|req: 595/1196] 199.19.213.21 () {34 vars in 862 bytes} [Thu Apr 2 18:12:24 2026] GET /allocations/deed85c0-f0fa-4971-a128-adb096c80564 => generated 245 bytes in 12 msecs (HTTP/1.1 200) 8 headers in 296 bytes (1 switches on core 0)
2026-04-02 18:12:28.216 7 INFO placement.requestlog [None req-7a9d92af-4872-4a58-b120-7f5282f4979a - - - - - -] 10.0.0.184 "GET /" status: 200 len: 136 microversion: 1.0
2026-04-02 18:12:28.216 8 INFO placement.requestlog [None req-07d025e5-df6f-4a62-a347-7013e2a6cd30 - - - - - -] 10.0.0.184 "GET /" status: 200 len: 136 microversion: 1.0
2026-04-02 18:12:29.864 7 INFO placement.requestlog [None req-777b0a26-b9ad-4cf9-baeb-7ca7625f3d1c e39caebd37104f43937cc181e407e9b4 7f44882d7de741ca8cab5b699b459cba - - af8b8caf15df4500894a552fddfd493d af8b8caf15df4500894a552fddfd493d] 10.0.0.130 "GET /resource_providers/243478ca-dc4b-4c5b-b952-7ec744203119/aggregates" status: 404 len: 235 microversion: 1.1 [pid: 7|app: 0|req: 597/1199] 10.0.0.130 () {32 vars in 816 bytes} [Thu Apr 2 18:12:29 2026] GET /resource_providers/243478ca-dc4b-4c5b-b952-7ec744203119/aggregates => generated 235 bytes in 284 msecs (HTTP/1.1 404) 5 headers in 202 bytes (1 switches on core 0)
2026-04-02 18:12:29.875 7 INFO placement.requestlog [None req-11c69c27-1821-4d8f-849d-61f2326ea78e e39caebd37104f43937cc181e407e9b4 7f44882d7de741ca8cab5b699b459cba - - af8b8caf15df4500894a552fddfd493d af8b8caf15df4500894a552fddfd493d] 10.0.0.130 "DELETE /resource_providers/243478ca-dc4b-4c5b-b952-7ec744203119" status: 404 len: 246 microversion: 1.1 [pid: 7|app: 0|req: 598/1200] 10.0.0.130 () {34 vars in 816 bytes} [Thu Apr 2 18:12:29 2026] DELETE /resource_providers/243478ca-dc4b-4c5b-b952-7ec744203119 => generated 246 bytes in 6 msecs (HTTP/1.1 404) 6 headers in 231 bytes (1 switches on core 0)
2026-04-02 18:12:29.906 8 INFO placement.requestlog [None req-b9a3a71a-0a86-4ee2-a8cb-495c8a4a5dc5 e39caebd37104f43937cc181e407e9b4 7f44882d7de741ca8cab5b699b459cba - - af8b8caf15df4500894a552fddfd493d af8b8caf15df4500894a552fddfd493d] 10.0.0.130 "GET /resource_providers/243478ca-dc4b-4c5b-b952-7ec744203119/aggregates" status: 404 len: 235 microversion: 1.1 [pid: 8|app: 0|req: 603/1201] 10.0.0.130 () {32 vars in 816 bytes} [Thu Apr 2 18:12:29 2026] GET /resource_providers/243478ca-dc4b-4c5b-b952-7ec744203119/aggregates => generated 235 bytes in 325 msecs (HTTP/1.1 404) 5 headers in 202 bytes (1 switches on core 0)
2026-04-02 18:12:29.941 7 INFO placement.requestlog [None req-2be9ccb0-d10c-4446-a073-5be96226a574 e39caebd37104f43937cc181e407e9b4 7f44882d7de741ca8cab5b699b459cba - - af8b8caf15df4500894a552fddfd493d af8b8caf15df4500894a552fddfd493d] 10.0.0.130 "DELETE /resource_providers/243478ca-dc4b-4c5b-b952-7ec744203119" status: 404 len: 246 microversion: 1.1 [pid: 7|app: 0|req: 599/1202] 10.0.0.130 () {34 vars in 816 bytes} [Thu Apr 2 18:12:29 2026] DELETE /resource_providers/243478ca-dc4b-4c5b-b952-7ec744203119 => generated 246 bytes in 17 msecs (HTTP/1.1 404) 6 headers in 231 bytes (1 switches on core 0)
2026-04-02 18:12:38.217 8 INFO placement.requestlog [None req-8a607d19-2c00-4cc8-bd36-bc49c4509888 - - - - - -] 10.0.0.184 "GET /" status: 200 len: 136 microversion: 1.0
2026-04-02 18:12:38.217 7 INFO placement.requestlog [None req-473d9e77-fa97-4fe1-adff-2d0b11b71b74 - - - - - -] 10.0.0.184 "GET /" status: 200 len: 136 microversion: 1.0
2026-04-02 18:12:47.282 7 INFO placement.requestlog [None req-2e60048a-98b9-4646-a0ef-50f24c643588 e39caebd37104f43937cc181e407e9b4 7f44882d7de741ca8cab5b699b459cba - - af8b8caf15df4500894a552fddfd493d af8b8caf15df4500894a552fddfd493d] 10.0.0.130 "GET /resource_providers/058aced4-2c80-4fc4-95d1-1347b8674e93/aggregates" status: 404 len: 235 microversion: 1.1 [pid: 7|app: 0|req: 601/1205] 10.0.0.130 () {32 vars in 816 bytes} [Thu Apr 2 18:12:47 2026] GET /resource_providers/058aced4-2c80-4fc4-95d1-1347b8674e93/aggregates => generated 235 bytes in 269 msecs (HTTP/1.1 404) 5 headers in 202 bytes (1 switches on core 0)
2026-04-02 18:12:47.301 7 INFO placement.requestlog [None req-359b7523-2090-46ca-8b58-501e1e062492 e39caebd37104f43937cc181e407e9b4 7f44882d7de741ca8cab5b699b459cba - - af8b8caf15df4500894a552fddfd493d af8b8caf15df4500894a552fddfd493d] 10.0.0.130 "DELETE /resource_providers/058aced4-2c80-4fc4-95d1-1347b8674e93" status: 404 len: 246 microversion: 1.1 [pid: 7|app: 0|req: 602/1206] 10.0.0.130 () {34 vars in 816 bytes} [Thu Apr 2 18:12:47 2026] DELETE /resource_providers/058aced4-2c80-4fc4-95d1-1347b8674e93 => generated 246 bytes in 11 msecs (HTTP/1.1 404) 6 headers in 231 bytes (1 switches on core 0)
2026-04-02 18:12:47.313 8 INFO placement.requestlog [None req-d264cf7a-30c9-4c20-ae74-d3f9947ba1ae e39caebd37104f43937cc181e407e9b4 7f44882d7de741ca8cab5b699b459cba - - af8b8caf15df4500894a552fddfd493d af8b8caf15df4500894a552fddfd493d] 10.0.0.130 "GET /resource_providers/058aced4-2c80-4fc4-95d1-1347b8674e93/aggregates" status: 404 len: 235 microversion: 1.1 [pid: 8|app: 0|req: 605/1207] 10.0.0.130 () {32 vars in 816 bytes} [Thu Apr 2 18:12:47 2026] GET /resource_providers/058aced4-2c80-4fc4-95d1-1347b8674e93/aggregates => generated 235 bytes in 293 msecs (HTTP/1.1 404) 5 headers in 202 bytes (1 switches on core 0)
2026-04-02 18:12:47.327 7 INFO placement.requestlog [None req-8cab7401-5eae-4de2-81ee-5d47103e17d7 e39caebd37104f43937cc181e407e9b4 7f44882d7de741ca8cab5b699b459cba - - af8b8caf15df4500894a552fddfd493d af8b8caf15df4500894a552fddfd493d] 10.0.0.130 "DELETE /resource_providers/058aced4-2c80-4fc4-95d1-1347b8674e93" status: 404 len: 246 microversion: 1.1 [pid: 7|app: 0|req: 603/1208] 10.0.0.130 () {34 vars in 816 bytes} [Thu Apr 2 18:12:47 2026] DELETE /resource_providers/058aced4-2c80-4fc4-95d1-1347b8674e93 => generated 246 bytes in 6 msecs (HTTP/1.1 404) 6 headers in 231 bytes (1 switches on core 0)
2026-04-02 18:12:48.218 8 INFO placement.requestlog [None req-08f10296-b2bf-4044-83a8-14560994db79 - - - - - -] 10.0.0.184 "GET /" status: 200 len: 136 microversion: 1.0
2026-04-02 18:12:48.219 7 INFO placement.requestlog [None req-a1c45e43-34c8-4136-912e-a32f9b274b95 - - - - - -] 10.0.0.184 "GET /" status: 200 len: 136 microversion: 1.0
2026-04-02 18:12:51.322 8 INFO placement.requestlog [None req-b4aaa14d-4439-403d-aacb-6d19e9c90d16 e39caebd37104f43937cc181e407e9b4 7f44882d7de741ca8cab5b699b459cba - - af8b8caf15df4500894a552fddfd493d af8b8caf15df4500894a552fddfd493d] 10.0.0.130 "GET /resource_providers/893ad593-85e4-46e3-8fa4-b776a8bd5f0e/aggregates" status: 404 len: 235 microversion: 1.1 [pid: 8|app: 0|req: 607/1211] 10.0.0.130 () {32 vars in 816 bytes} [Thu Apr 2 18:12:51 2026] GET /resource_providers/893ad593-85e4-46e3-8fa4-b776a8bd5f0e/aggregates => generated 235 bytes in 12 msecs (HTTP/1.1 404) 5 headers in 202 bytes (1 switches on core 0)
2026-04-02 18:12:51.327 7 INFO placement.requestlog [None req-68061ef0-becf-43e6-b657-79b9d5e24e85 e39caebd37104f43937cc181e407e9b4 7f44882d7de741ca8cab5b699b459cba - - af8b8caf15df4500894a552fddfd493d af8b8caf15df4500894a552fddfd493d] 10.0.0.130 "GET /resource_providers/893ad593-85e4-46e3-8fa4-b776a8bd5f0e/aggregates" status: 404 len: 235 microversion: 1.1 [pid: 7|app: 0|req: 605/1212] 10.0.0.130 () {32 vars in 816 bytes} [Thu Apr 2 18:12:51 2026] GET /resource_providers/893ad593-85e4-46e3-8fa4-b776a8bd5f0e/aggregates => generated 235 bytes in 18 msecs (HTTP/1.1 404) 5 headers in 202 bytes (1 switches on core 0)
2026-04-02 18:12:51.353 7 INFO placement.requestlog [None req-eb1b6ec7-a3b1-4dfb-a6a1-18cac5a8ca8c e39caebd37104f43937cc181e407e9b4 7f44882d7de741ca8cab5b699b459cba - - af8b8caf15df4500894a552fddfd493d af8b8caf15df4500894a552fddfd493d] 10.0.0.130 "DELETE /resource_providers/893ad593-85e4-46e3-8fa4-b776a8bd5f0e" status: 404 len: 246 microversion: 1.1 [pid: 7|app: 0|req: 606/1213] 10.0.0.130 () {34 vars in 816 bytes} [Thu Apr 2 18:12:51 2026] DELETE /resource_providers/893ad593-85e4-46e3-8fa4-b776a8bd5f0e => generated 246 bytes in 12 msecs (HTTP/1.1 404) 6 headers in 231 bytes (1 switches on core 0)
2026-04-02 18:12:51.354 8 INFO placement.requestlog [None req-cc61607b-223c-4af1-b5ab-ba3896ea09a9 e39caebd37104f43937cc181e407e9b4 7f44882d7de741ca8cab5b699b459cba - - af8b8caf15df4500894a552fddfd493d af8b8caf15df4500894a552fddfd493d] 10.0.0.130 "DELETE /resource_providers/893ad593-85e4-46e3-8fa4-b776a8bd5f0e" status: 404 len: 246 microversion: 1.1 [pid: 8|app: 0|req: 608/1214] 10.0.0.130 () {34 vars in 816 bytes} [Thu Apr 2 18:12:51 2026] DELETE /resource_providers/893ad593-85e4-46e3-8fa4-b776a8bd5f0e => generated 246 bytes in 13 msecs (HTTP/1.1 404) 6 headers in 231 bytes (1 switches on core 0)
2026-04-02 18:12:55.706 7 INFO placement.requestlog [None req-79a3dd1c-e52a-41af-b314-fc5853b40556 e39caebd37104f43937cc181e407e9b4 7f44882d7de741ca8cab5b699b459cba - - af8b8caf15df4500894a552fddfd493d af8b8caf15df4500894a552fddfd493d] 10.0.0.130 "GET /resource_providers/a07d92fa-0fc4-470b-9ce7-a9d7defdf1d7/aggregates" status: 404 len: 235 microversion: 1.1 [pid: 7|app: 0|req: 607/1215] 10.0.0.130 () {32 vars in 816 bytes} [Thu Apr 2 18:12:55 2026] GET /resource_providers/a07d92fa-0fc4-470b-9ce7-a9d7defdf1d7/aggregates => generated 235 bytes in 13 msecs (HTTP/1.1 404) 5 headers in 202 bytes (1 switches on core 0)
2026-04-02 18:12:55.718 8 INFO placement.requestlog [None req-53c06a83-b3fd-4221-bdcb-157a4d64d7e4 e39caebd37104f43937cc181e407e9b4 7f44882d7de741ca8cab5b699b459cba - - af8b8caf15df4500894a552fddfd493d af8b8caf15df4500894a552fddfd493d] 10.0.0.130 "GET /resource_providers/a07d92fa-0fc4-470b-9ce7-a9d7defdf1d7/aggregates" status: 404 len: 235 microversion: 1.1 [pid: 8|app: 0|req: 609/1216] 10.0.0.130 () {32 vars in 816 bytes} [Thu Apr 2 18:12:55 2026] GET /resource_providers/a07d92fa-0fc4-470b-9ce7-a9d7defdf1d7/aggregates => generated 235 bytes in 24 msecs (HTTP/1.1 404) 5 headers in 202 bytes (1 switches on core 0)
2026-04-02 18:12:55.725 7 INFO placement.requestlog [None req-18b2fcf5-b8f2-4152-8127-52ae4a53d7ef e39caebd37104f43937cc181e407e9b4 7f44882d7de741ca8cab5b699b459cba - - af8b8caf15df4500894a552fddfd493d af8b8caf15df4500894a552fddfd493d] 10.0.0.130 "DELETE /resource_providers/a07d92fa-0fc4-470b-9ce7-a9d7defdf1d7" status: 404 len: 246 microversion: 1.1 [pid: 7|app: 0|req: 608/1217] 10.0.0.130 () {34 vars in 816 bytes} [Thu Apr 2 18:12:55 2026] DELETE /resource_providers/a07d92fa-0fc4-470b-9ce7-a9d7defdf1d7 => generated 246 bytes in 8 msecs (HTTP/1.1 404) 6 headers in 231 bytes (1 switches on core 0)
2026-04-02 18:12:55.738 8 INFO placement.requestlog [None req-a814806f-1c96-42d3-bbc4-29a6685a399d e39caebd37104f43937cc181e407e9b4 7f44882d7de741ca8cab5b699b459cba - - af8b8caf15df4500894a552fddfd493d af8b8caf15df4500894a552fddfd493d] 10.0.0.130 "DELETE /resource_providers/a07d92fa-0fc4-470b-9ce7-a9d7defdf1d7" status: 404 len: 246 microversion: 1.1 [pid: 8|app: 0|req: 610/1218] 10.0.0.130 () {34 vars in 816 bytes} [Thu Apr 2 18:12:55 2026] DELETE /resource_providers/a07d92fa-0fc4-470b-9ce7-a9d7defdf1d7 => generated 246 bytes in 10 msecs (HTTP/1.1 404) 6 headers in 231 bytes (1 switches on core 0)
2026-04-02 18:12:58.216 7 INFO placement.requestlog [None req-b646313c-529d-4b92-94b3-38d34a38b4d7 - - - - - -] 10.0.0.184 "GET /" status: 200 len: 136 microversion: 1.0
2026-04-02 18:12:58.216 8 INFO placement.requestlog [None req-8ef54d07-d341-4fdf-8a71-2c1d7b7e4159 - - - - - -] 10.0.0.184 "GET /" status: 200 len: 136 microversion: 1.0
2026-04-02 18:13:05.679 8 INFO placement.requestlog [None req-067aa940-079c-4667-b1f5-cbb81ed29a2a e39caebd37104f43937cc181e407e9b4 7f44882d7de741ca8cab5b699b459cba - - af8b8caf15df4500894a552fddfd493d af8b8caf15df4500894a552fddfd493d] 10.0.0.130 "GET /resource_providers/d543db2f-9261-48a2-942d-0ce64deae0c3/aggregates" status: 404 len: 235 microversion: 1.1 [pid: 8|app: 0|req: 612/1221] 10.0.0.130 () {32 vars in 816 bytes} [Thu Apr 2 18:13:05 2026] GET /resource_providers/d543db2f-9261-48a2-942d-0ce64deae0c3/aggregates => generated 235 bytes in 12 msecs (HTTP/1.1 404) 5 headers in 202 bytes (1 switches on core 0)
2026-04-02 18:13:05.684 7 INFO placement.requestlog [None req-77b81fee-d14d-4f50-b9ca-610b1be00c58 e39caebd37104f43937cc181e407e9b4 7f44882d7de741ca8cab5b699b459cba - - af8b8caf15df4500894a552fddfd493d af8b8caf15df4500894a552fddfd493d] 10.0.0.130 "GET /resource_providers/d543db2f-9261-48a2-942d-0ce64deae0c3/aggregates" status: 404 len: 235 microversion: 1.1 [pid: 7|app: 0|req: 610/1222] 10.0.0.130 () {32 vars in 816 bytes} [Thu Apr 2 18:13:05 2026] GET /resource_providers/d543db2f-9261-48a2-942d-0ce64deae0c3/aggregates => generated 235 bytes in 21 msecs (HTTP/1.1 404) 5 headers in 202 bytes (1 switches on core 0)
2026-04-02 18:13:05.708 8 INFO placement.requestlog [None req-0274e651-98f1-4061-b2b3-2a02bd701ba4 e39caebd37104f43937cc181e407e9b4 7f44882d7de741ca8cab5b699b459cba - - af8b8caf15df4500894a552fddfd493d af8b8caf15df4500894a552fddfd493d] 10.0.0.130 "DELETE /resource_providers/d543db2f-9261-48a2-942d-0ce64deae0c3" status: 404 len: 246 microversion: 1.1 [pid: 8|app: 0|req: 613/1223] 10.0.0.130 () {34 vars in 816 bytes} [Thu Apr 2 18:13:05 2026] DELETE /resource_providers/d543db2f-9261-48a2-942d-0ce64deae0c3 => generated 246 bytes in 16 msecs (HTTP/1.1 404) 6 headers in 231 bytes (1 switches on core 0)
2026-04-02 18:13:05.715 7 INFO placement.requestlog [None req-38154a90-4338-4fde-94b4-3bce6754f4b4 e39caebd37104f43937cc181e407e9b4 7f44882d7de741ca8cab5b699b459cba - - af8b8caf15df4500894a552fddfd493d af8b8caf15df4500894a552fddfd493d] 10.0.0.130 "DELETE /resource_providers/d543db2f-9261-48a2-942d-0ce64deae0c3" status: 404 len: 246 microversion: 1.1 [pid: 7|app: 0|req: 611/1224] 10.0.0.130 () {34 vars in 816 bytes} [Thu Apr 2 18:13:05 2026] DELETE /resource_providers/d543db2f-9261-48a2-942d-0ce64deae0c3 => generated 246 bytes in 19 msecs (HTTP/1.1 404) 6 headers in 231 bytes (1 switches on core 0)
2026-04-02 18:13:06.068 7 INFO placement.requestlog [None req-d2e40c86-bedf-4dc9-8c0a-da64cb793085 e39caebd37104f43937cc181e407e9b4 7f44882d7de741ca8cab5b699b459cba - - af8b8caf15df4500894a552fddfd493d af8b8caf15df4500894a552fddfd493d] 10.0.0.130 "GET /resource_providers/961ff97e-3e0a-4cb3-9268-a34f8e517a9d/aggregates" status: 404 len: 235 microversion: 1.1 [pid: 7|app: 0|req: 612/1225] 10.0.0.130 () {32 vars in 816 bytes} [Thu Apr 2 18:13:06 2026] GET /resource_providers/961ff97e-3e0a-4cb3-9268-a34f8e517a9d/aggregates => generated 235 bytes in 8 msecs (HTTP/1.1 404) 5 headers in 202 bytes (1 switches on core 0)
2026-04-02 18:13:06.069 8 INFO placement.requestlog [None req-4ba20a44-2ef6-4704-b46d-0b21ef2e318b e39caebd37104f43937cc181e407e9b4 7f44882d7de741ca8cab5b699b459cba - - af8b8caf15df4500894a552fddfd493d af8b8caf15df4500894a552fddfd493d] 10.0.0.130 "GET /resource_providers/961ff97e-3e0a-4cb3-9268-a34f8e517a9d/aggregates" status: 404 len: 235 microversion: 1.1 [pid: 8|app: 0|req: 614/1226] 10.0.0.130 () {32 vars in 816 bytes} [Thu Apr 2 18:13:06 2026] GET /resource_providers/961ff97e-3e0a-4cb3-9268-a34f8e517a9d/aggregates => generated 235 bytes in 9 msecs (HTTP/1.1 404) 5 headers in 202 bytes (1 switches on core 0)
2026-04-02 18:13:06.096 7 INFO placement.requestlog [None req-394582a0-9b1a-402c-a858-233452b36b92 e39caebd37104f43937cc181e407e9b4 7f44882d7de741ca8cab5b699b459cba - - af8b8caf15df4500894a552fddfd493d af8b8caf15df4500894a552fddfd493d] 10.0.0.130 "DELETE /resource_providers/961ff97e-3e0a-4cb3-9268-a34f8e517a9d" status: 404 len: 246 microversion: 1.1 [pid: 7|app: 0|req: 613/1227] 10.0.0.130 () {34 vars in 816 bytes} [Thu Apr 2 18:13:06 2026] DELETE /resource_providers/961ff97e-3e0a-4cb3-9268-a34f8e517a9d => generated 246 bytes in 8 msecs (HTTP/1.1 404) 6 headers in 231 bytes (1 switches on core 0)
2026-04-02 18:13:06.098 8 INFO placement.requestlog [None req-f99c9ee9-3b05-44d9-ad5c-0a70bc443a9f e39caebd37104f43937cc181e407e9b4 7f44882d7de741ca8cab5b699b459cba - - af8b8caf15df4500894a552fddfd493d af8b8caf15df4500894a552fddfd493d] 10.0.0.130 "DELETE /resource_providers/961ff97e-3e0a-4cb3-9268-a34f8e517a9d" status: 404 len: 246 microversion: 1.1 [pid: 8|app: 0|req: 615/1228] 10.0.0.130 () {34 vars in 816 bytes} [Thu Apr 2 18:13:06 2026] DELETE /resource_providers/961ff97e-3e0a-4cb3-9268-a34f8e517a9d => generated 246 bytes in 10 msecs (HTTP/1.1 404) 6 headers in 231 bytes (1 switches on core 0)
2026-04-02 18:13:07.730 7 INFO placement.requestlog [None req-21d3aef7-db96-4a7e-a5b3-2c977ffb5224 e39caebd37104f43937cc181e407e9b4 7f44882d7de741ca8cab5b699b459cba - - af8b8caf15df4500894a552fddfd493d af8b8caf15df4500894a552fddfd493d] 10.0.0.130 "GET /resource_providers/405ac547-b96a-492f-aea7-203b7d5c892e/aggregates" status: 404 len: 235 microversion: 1.1 [pid: 7|app: 0|req: 614/1229] 10.0.0.130 () {32 vars in 816 bytes} [Thu Apr 2 18:13:07 2026] GET /resource_providers/405ac547-b96a-492f-aea7-203b7d5c892e/aggregates => generated 235 bytes in 10 msecs (HTTP/1.1 404) 5 headers in 202 bytes (1 switches on core 0)
2026-04-02 18:13:07.735 8 INFO placement.requestlog [None req-ff94248d-8f2a-477b-a7b0-3da6b73eda50 e39caebd37104f43937cc181e407e9b4 7f44882d7de741ca8cab5b699b459cba - - af8b8caf15df4500894a552fddfd493d af8b8caf15df4500894a552fddfd493d] 10.0.0.130 "GET /resource_providers/405ac547-b96a-492f-aea7-203b7d5c892e/aggregates" status: 404 len: 235 microversion: 1.1 [pid: 8|app: 0|req: 616/1230] 10.0.0.130 () {32 vars in 816 bytes} [Thu Apr 2 18:13:07 2026] GET /resource_providers/405ac547-b96a-492f-aea7-203b7d5c892e/aggregates => generated 235 bytes in 10 msecs (HTTP/1.1 404) 5 headers in 202 bytes (1 switches on core 0)
2026-04-02 18:13:07.755 7 INFO placement.requestlog [None req-2d6e265d-f372-486f-83ba-3639985970c1 e39caebd37104f43937cc181e407e9b4 7f44882d7de741ca8cab5b699b459cba - - af8b8caf15df4500894a552fddfd493d af8b8caf15df4500894a552fddfd493d] 10.0.0.130 "DELETE /resource_providers/405ac547-b96a-492f-aea7-203b7d5c892e" status: 404 len: 246 microversion: 1.1 [pid: 7|app: 0|req: 615/1231] 10.0.0.130 () {34 vars in 816 bytes} [Thu Apr 2 18:13:07 2026] DELETE /resource_providers/405ac547-b96a-492f-aea7-203b7d5c892e => generated 246 bytes in 12 msecs (HTTP/1.1 404) 6 headers in 231 bytes (1 switches on core 0)
2026-04-02 18:13:07.758 8 INFO placement.requestlog [None req-6d21c353-1d85-42df-a728-493ebe9dd84e e39caebd37104f43937cc181e407e9b4 7f44882d7de741ca8cab5b699b459cba - - af8b8caf15df4500894a552fddfd493d af8b8caf15df4500894a552fddfd493d] 10.0.0.130 "DELETE /resource_providers/405ac547-b96a-492f-aea7-203b7d5c892e" status: 404 len: 246 microversion: 1.1 [pid: 8|app: 0|req: 617/1232] 10.0.0.130 () {34 vars in 816 bytes} [Thu Apr 2 18:13:07 2026] DELETE /resource_providers/405ac547-b96a-492f-aea7-203b7d5c892e => generated 246 bytes in 12 msecs (HTTP/1.1 404) 6 headers in 231 bytes (1 switches on core 0)
2026-04-02 18:13:08.218 7 INFO placement.requestlog [None req-8764cb82-524d-4ba3-9f00-c4680345e784 - - - - - -] 10.0.0.184 "GET /" status: 200 len: 136 microversion: 1.0
2026-04-02 18:13:08.218 8 INFO placement.requestlog [None req-c6af2a4c-ee4b-4f8b-94e5-2af5f1fdcdd1 - - - - - -] 10.0.0.184 "GET /" status: 200 len: 136 microversion: 1.0
2026-04-02 18:13:18.216 7 INFO placement.requestlog [None req-4ad97071-be64-4437-bbf9-1ab1bce825aa - - - - - -] 10.0.0.184 "GET /" status: 200 len: 136 microversion: 1.0
2026-04-02 18:13:18.216 8 INFO placement.requestlog [None req-a27963db-be37-41b1-a453-148c8ae75db7 - - - - - -] 10.0.0.184 "GET /" status: 200 len: 136 microversion: 1.0
2026-04-02 18:13:19.979 8 INFO placement.requestlog [req-de802757-1f67-4fda-8b2f-4a983641f582 req-8e41622f-d815-4551-b71e-3d8bb86b43df 41b1867064d14627932783ec44ae2aba 7f44882d7de741ca8cab5b699b459cba - - af8b8caf15df4500894a552fddfd493d af8b8caf15df4500894a552fddfd493d] 199.19.213.21 "GET /resource_providers/771916eb-3200-4089-8a87-5708313e7103/allocations" status: 200 len: 340 microversion: 1.0 [pid: 8|app: 0|req: 620/1237] 199.19.213.21 () {32 vars in 856 bytes} [Thu Apr 2 18:13:19 2026] GET /resource_providers/771916eb-3200-4089-8a87-5708313e7103/allocations => generated 340 bytes in 18 msecs (HTTP/1.1 200) 6 headers in 224 bytes (1 switches on core 0)
2026-04-02 18:13:19.999 7 INFO placement.requestlog [req-de802757-1f67-4fda-8b2f-4a983641f582 req-1452d743-b590-4d63-a8cd-6cc09c3332ff 41b1867064d14627932783ec44ae2aba 7f44882d7de741ca8cab5b699b459cba - - af8b8caf15df4500894a552fddfd493d af8b8caf15df4500894a552fddfd493d] 199.19.213.21 "GET /resource_providers/771916eb-3200-4089-8a87-5708313e7103/allocations" status: 200 len: 340 microversion: 1.0 [pid: 7|app: 0|req: 618/1238] 199.19.213.21 () {32 vars in 856 bytes} [Thu Apr 2 18:13:19 2026] GET /resource_providers/771916eb-3200-4089-8a87-5708313e7103/allocations => generated 340 bytes in 15 msecs (HTTP/1.1 200) 6 headers in 224 bytes (1 switches on core 0)
2026-04-02 18:13:20.022 8 INFO placement.requestlog [req-de802757-1f67-4fda-8b2f-4a983641f582 req-fba81101-b4ca-4fa7-8cb0-82b0cb3074d5 41b1867064d14627932783ec44ae2aba 7f44882d7de741ca8cab5b699b459cba - - af8b8caf15df4500894a552fddfd493d af8b8caf15df4500894a552fddfd493d] 199.19.213.21 "GET /allocations/d0c4d620-0916-45fd-a9e4-7b86df0990aa" status: 200 len: 258 microversion: 1.28 [pid: 8|app: 0|req: 621/1239] 199.19.213.21 () {34 vars in 862 bytes} [Thu Apr 2 18:13:20 2026] GET /allocations/d0c4d620-0916-45fd-a9e4-7b86df0990aa => generated 258 bytes in 16 msecs (HTTP/1.1 200) 8 headers in 296 bytes (1 switches on core 0)
2026-04-02 18:13:20.037 7 INFO placement.requestlog [req-de802757-1f67-4fda-8b2f-4a983641f582 req-80615bd3-64c1-4870-8c46-b2c92424595f 41b1867064d14627932783ec44ae2aba 7f44882d7de741ca8cab5b699b459cba - - af8b8caf15df4500894a552fddfd493d af8b8caf15df4500894a552fddfd493d] 199.19.213.21 "GET /allocations/cb11be7e-f098-4476-9779-4d8419e68386" status: 200 len: 258 microversion: 1.28 [pid: 7|app: 0|req: 619/1240] 199.19.213.21 () {34 vars in 862 bytes} [Thu Apr 2 18:13:20 2026] GET /allocations/cb11be7e-f098-4476-9779-4d8419e68386 => generated 258 bytes in 9 msecs (HTTP/1.1 200) 8 headers in 296 bytes (1 switches on core 0)
2026-04-02 18:13:20.052 8 INFO placement.requestlog [req-de802757-1f67-4fda-8b2f-4a983641f582 req-335298a0-177b-4d7d-8ab6-7015d94d236a 41b1867064d14627932783ec44ae2aba 7f44882d7de741ca8cab5b699b459cba - - af8b8caf15df4500894a552fddfd493d af8b8caf15df4500894a552fddfd493d] 199.19.213.21 "GET /allocations/deed85c0-f0fa-4971-a128-adb096c80564" status: 200 len: 245 microversion: 1.28 [pid: 8|app: 0|req: 622/1241] 199.19.213.21 () {34 vars in 862 bytes} [Thu Apr 2 18:13:20 2026] GET /allocations/deed85c0-f0fa-4971-a128-adb096c80564 => generated 245 bytes in 9 msecs (HTTP/1.1 200) 8 headers in 296 bytes (1 switches on core 0)
2026-04-02 18:13:28.217 7 INFO placement.requestlog [None req-5d55a073-2546-4d52-96ed-9b36ec4362e6 - - - - - -] 10.0.0.184 "GET /" status: 200 len: 136 microversion: 1.0
2026-04-02 18:13:28.217 8 INFO placement.requestlog [None req-f37e6ea5-977c-4440-b655-33b456666a83 - - - - - -] 10.0.0.184 "GET /" status: 200 len: 136 microversion: 1.0
2026-04-02 18:13:38.217 7 INFO placement.requestlog [None req-04f8320c-11ea-4f1f-8bbe-ff08f20f74ab - - - - - -] 10.0.0.184 "GET /" status: 200 len: 136 microversion: 1.0
2026-04-02 18:13:38.218 8 INFO placement.requestlog [None req-49785275-d81d-4362-95d8-b36055a5d8b3 - - - - - -] 10.0.0.184 "GET /" status: 200 len: 136 microversion: 1.0
2026-04-02 18:13:48.216 7 INFO placement.requestlog [None req-3fdb7e5c-c197-4e99-ae4c-1b7501c3aa95 - - - - - -] 10.0.0.184 "GET /" status: 200 len: 136 microversion: 1.0
2026-04-02 18:13:48.217 8 INFO placement.requestlog [None req-55710182-7fe1-4a12-820e-fd5ba3513256 - - - - - -] 10.0.0.184 "GET /" status: 200 len: 136 microversion: 1.0
2026-04-02 18:13:58.216 7 INFO placement.requestlog [None req-cd78c966-086a-4a7a-85f3-c78523522acc - - - - - -] 10.0.0.184 "GET /" status: 200 len: 136 microversion: 1.0
2026-04-02 18:13:58.217 8 INFO placement.requestlog [None req-925e8809-cadb-4005-84af-d2212af77b91 - - - - - -] 10.0.0.184 "GET /" status: 200 len: 136 microversion: 1.0
2026-04-02 18:14:08.216 7 INFO placement.requestlog [None req-57d64339-8279-4f1e-887a-d37950fa6e52 - - - - - -] 10.0.0.184 "GET /" status: 200 len: 136 microversion: 1.0
2026-04-02 18:14:08.216 8 INFO placement.requestlog [None req-4f8e3320-a15f-494d-95ad-ca264bcc4de1 - - - - - -] 10.0.0.184 "GET /" status: 200 len: 136 microversion: 1.0
2026-04-02 18:14:18.217 7 INFO placement.requestlog [None req-e7960a72-5b9b-4caa-a4f6-f13b331459c0 - - - - - -] 10.0.0.184 "GET /" status: 200 len: 136 microversion: 1.0
2026-04-02 18:14:18.218 8 INFO placement.requestlog [None req-6db7a0fe-05cf-4843-af46-71a77e6af9fa - - - - - -] 10.0.0.184 "GET /" status: 200 len: 136 microversion: 1.0
2026-04-02 18:14:20.215 7 INFO placement.requestlog [req-7f025cca-beb4-49ed-a78b-08d59e84807f req-6daf952b-568d-4139-b0c0-92a08aa46bd8 41b1867064d14627932783ec44ae2aba 7f44882d7de741ca8cab5b699b459cba - - af8b8caf15df4500894a552fddfd493d af8b8caf15df4500894a552fddfd493d] 199.19.213.21 "GET /resource_providers/771916eb-3200-4089-8a87-5708313e7103/allocations" status: 200 len: 340 microversion: 1.0 [pid: 7|app: 0|req: 626/1254] 199.19.213.21 () {32 vars in 856 bytes} [Thu Apr 2 18:14:20 2026] GET /resource_providers/771916eb-3200-4089-8a87-5708313e7103/allocations => generated 340 bytes in 127 msecs (HTTP/1.1 200) 6 headers in 224 bytes (1 switches on core 0)
2026-04-02 18:14:20.243 8 INFO placement.requestlog [req-7f025cca-beb4-49ed-a78b-08d59e84807f req-cbbab842-ecc5-4c89-92c9-c2ef6b3e39c2 41b1867064d14627932783ec44ae2aba 7f44882d7de741ca8cab5b699b459cba - - af8b8caf15df4500894a552fddfd493d af8b8caf15df4500894a552fddfd493d] 199.19.213.21 "GET /resource_providers?in_tree=771916eb-3200-4089-8a87-5708313e7103" status: 200 len: 798 microversion: 1.14 [pid: 8|app: 0|req: 629/1255] 199.19.213.21 () {34 vars in 891 bytes} [Thu Apr 2 18:14:20 2026] GET /resource_providers?in_tree=771916eb-3200-4089-8a87-5708313e7103 => generated 798 bytes in 22 msecs (HTTP/1.1 200) 6 headers in 225 bytes (1 switches on core 0)
2026-04-02 18:14:20.268 7 INFO placement.requestlog [req-7f025cca-beb4-49ed-a78b-08d59e84807f req-af7a3ec0-4a97-4957-8070-b3fc7a740dbf 41b1867064d14627932783ec44ae2aba 7f44882d7de741ca8cab5b699b459cba - - af8b8caf15df4500894a552fddfd493d af8b8caf15df4500894a552fddfd493d] 199.19.213.21 "GET /resource_providers/771916eb-3200-4089-8a87-5708313e7103/inventories" status: 200 len: 401 microversion: 1.0 [pid: 7|app: 0|req: 627/1256] 199.19.213.21 () {32 vars in 856 bytes} [Thu Apr 2 18:14:20 2026] GET /resource_providers/771916eb-3200-4089-8a87-5708313e7103/inventories => generated 401 bytes in 18 msecs (HTTP/1.1 200) 6 headers in 224 bytes (1 switches on core 0)
2026-04-02 18:14:20.284 8 INFO placement.requestlog [req-7f025cca-beb4-49ed-a78b-08d59e84807f req-c24ed484-8f9a-4981-acbf-059190c7ff36 41b1867064d14627932783ec44ae2aba 7f44882d7de741ca8cab5b699b459cba - - af8b8caf15df4500894a552fddfd493d af8b8caf15df4500894a552fddfd493d] 199.19.213.21 "GET /resource_providers/771916eb-3200-4089-8a87-5708313e7103/aggregates" status: 200 len: 54 microversion: 1.19 [pid: 8|app: 0|req: 630/1257] 199.19.213.21 () {34 vars in 898 bytes} [Thu Apr 2 18:14:20 2026] GET /resource_providers/771916eb-3200-4089-8a87-5708313e7103/aggregates => generated 54 bytes in 11 msecs (HTTP/1.1 200) 8 headers in 295 bytes (1 switches on core 0)
2026-04-02 18:14:20.310 7 INFO placement.requestlog [req-7f025cca-beb4-49ed-a78b-08d59e84807f req-22bde067-e48b-48cb-8f12-5074629d56e4 41b1867064d14627932783ec44ae2aba 7f44882d7de741ca8cab5b699b459cba - - af8b8caf15df4500894a552fddfd493d af8b8caf15df4500894a552fddfd493d] 199.19.213.21 "GET /resource_providers/771916eb-3200-4089-8a87-5708313e7103/traits" status: 200 len: 2317 microversion: 1.6 [pid: 7|app: 0|req: 628/1258] 199.19.213.21 () {34 vars in 889 bytes} [Thu Apr 2 18:14:20 2026] GET /resource_providers/771916eb-3200-4089-8a87-5708313e7103/traits => generated 2317 bytes in 19 msecs (HTTP/1.1 200) 6 headers in 225 bytes (1 switches on core 0)
2026-04-02 18:14:20.336 8 INFO placement.requestlog [req-7f025cca-beb4-49ed-a78b-08d59e84807f req-9b0e736a-85e4-4622-bebd-c5bb4e408201 41b1867064d14627932783ec44ae2aba 7f44882d7de741ca8cab5b699b459cba - - af8b8caf15df4500894a552fddfd493d af8b8caf15df4500894a552fddfd493d] 199.19.213.21 "GET /resource_providers/771916eb-3200-4089-8a87-5708313e7103/allocations" status: 200 len: 340 microversion: 1.0 [pid: 8|app: 0|req: 631/1259] 199.19.213.21 () {32 vars in 856 bytes} [Thu Apr 2 18:14:20 2026] GET /resource_providers/771916eb-3200-4089-8a87-5708313e7103/allocations => generated 340 bytes in 18 msecs (HTTP/1.1 200) 6 headers in 224 bytes (1 switches on core 0)
2026-04-02 18:14:20.354 7 INFO placement.requestlog [req-7f025cca-beb4-49ed-a78b-08d59e84807f req-23164bbe-45e1-4146-a116-2b51a0442786 41b1867064d14627932783ec44ae2aba 7f44882d7de741ca8cab5b699b459cba - - af8b8caf15df4500894a552fddfd493d af8b8caf15df4500894a552fddfd493d] 199.19.213.21 "GET /allocations/d0c4d620-0916-45fd-a9e4-7b86df0990aa" status: 200 len: 258 microversion: 1.28 [pid: 7|app: 0|req: 629/1260] 199.19.213.21 () {34 vars in 862 bytes} [Thu Apr 2 18:14:20 2026] GET /allocations/d0c4d620-0916-45fd-a9e4-7b86df0990aa => generated 258 bytes in 12 msecs (HTTP/1.1 200) 8 headers in 296 bytes (1 switches on core 0)
2026-04-02 18:14:20.375 8 INFO placement.requestlog [req-7f025cca-beb4-49ed-a78b-08d59e84807f req-0e1f502a-dd57-43c5-bbdb-b2cdc577c60a 41b1867064d14627932783ec44ae2aba 7f44882d7de741ca8cab5b699b459cba - - af8b8caf15df4500894a552fddfd493d af8b8caf15df4500894a552fddfd493d] 199.19.213.21 "GET /allocations/cb11be7e-f098-4476-9779-4d8419e68386" status: 200 len: 258 microversion: 1.28 [pid: 8|app: 0|req: 632/1261] 199.19.213.21 () {34 vars in 862 bytes} [Thu Apr 2 18:14:20 2026] GET /allocations/cb11be7e-f098-4476-9779-4d8419e68386 => generated 258 bytes in 14 msecs (HTTP/1.1 200) 8 headers in 296 bytes (1 switches on core 0)
2026-04-02 18:14:20.424 7 INFO placement.requestlog [req-7f025cca-beb4-49ed-a78b-08d59e84807f req-3fd41d74-a1e5-44f0-866f-c10261cb169d 41b1867064d14627932783ec44ae2aba 7f44882d7de741ca8cab5b699b459cba - - af8b8caf15df4500894a552fddfd493d af8b8caf15df4500894a552fddfd493d] 199.19.213.21 "GET /allocations/deed85c0-f0fa-4971-a128-adb096c80564" status: 200 len: 245 microversion: 1.28 [pid: 7|app: 0|req: 630/1262] 199.19.213.21 () {34 vars in 862 bytes} [Thu Apr 2 18:14:20 2026] GET /allocations/deed85c0-f0fa-4971-a128-adb096c80564 => generated 245 bytes in 38 msecs (HTTP/1.1 200) 8 headers in 296 bytes (1 switches on core 0)
2026-04-02 18:14:28.218 7 INFO placement.requestlog [None req-7167a131-d840-4b73-8dea-4a474a57008e - - - - - -] 10.0.0.184 "GET /" status: 200 len: 136 microversion: 1.0
2026-04-02 18:14:28.218 8 INFO placement.requestlog [None req-5e84a872-3dcb-4ae2-93af-52a8ee036a6f - - - - - -] 10.0.0.184 "GET /" status: 200 len: 136 microversion: 1.0
2026-04-02 18:14:38.217 7 INFO placement.requestlog [None req-4f1a1b5f-628a-4f1e-8e10-ddd0b6ed23ca - - - - - -] 10.0.0.184 "GET /" status: 200 len: 136 microversion: 1.0
2026-04-02 18:14:38.217 8 INFO placement.requestlog [None req-1763e425-25be-4d03-9424-d482a61bd827 - - - - - -] 10.0.0.184 "GET /" status: 200 len: 136 microversion: 1.0
2026-04-02 18:14:48.217 7 INFO placement.requestlog [None req-c95f3229-95da-48bc-9abd-7fd211cfd7a5 - - - - - -] 10.0.0.184 "GET /" status: 200 len: 136 microversion: 1.0
2026-04-02 18:14:48.217 8 INFO placement.requestlog [None req-814bc029-32cb-428e-81a3-b9dc10becea5 - - - - - -] 10.0.0.184 "GET /" status: 200 len: 136 microversion: 1.0
2026-04-02 18:14:58.216 7 INFO placement.requestlog [None req-81b4854a-4ce6-438e-b28f-5aee7040352e - - - - - -] 10.0.0.184 "GET /" status: 200 len: 136 microversion: 1.0
2026-04-02 18:14:58.217 8 INFO placement.requestlog [None req-78ebe27c-99f1-49d1-9246-ac246a9deb7c - - - - - -] 10.0.0.184 "GET /" status: 200 len: 136 microversion: 1.0
2026-04-02 18:15:08.216 8 INFO placement.requestlog [None req-24ec6aa0-a1ab-43c3-93aa-97626b63f9da - - - - - -] 10.0.0.184 "GET /" status: 200 len: 136 microversion: 1.0
2026-04-02 18:15:08.219 7 INFO placement.requestlog [None req-32da52b8-5508-4dfb-bed8-4f8c44a586a5 - - - - - -] 10.0.0.184 "GET /" status: 200 len: 136 microversion: 1.0
2026-04-02 18:15:13.240 8 INFO placement.requestlog [req-11ee3fa2-4268-46aa-a16c-2b917dcfc139 req-0f6413bf-b4c5-4e16-a710-dce3057f3507 41b1867064d14627932783ec44ae2aba 7f44882d7de741ca8cab5b699b459cba - - af8b8caf15df4500894a552fddfd493d af8b8caf15df4500894a552fddfd493d] 199.19.213.21 "GET /resource_providers/771916eb-3200-4089-8a87-5708313e7103/allocations" status: 200 len: 340 microversion: 1.0 [pid: 8|app: 0|req: 638/1273] 199.19.213.21 () {32 vars in 856 bytes} [Thu Apr 2 18:15:13 2026] GET /resource_providers/771916eb-3200-4089-8a87-5708313e7103/allocations => generated 340 bytes in 18 msecs (HTTP/1.1 200) 6 headers in 224 bytes (1 switches on core 0)
2026-04-02 18:15:13.257 7 INFO placement.requestlog [req-11ee3fa2-4268-46aa-a16c-2b917dcfc139 req-abf2ea26-28a7-4601-a51a-0bf02ea90c81 41b1867064d14627932783ec44ae2aba 7f44882d7de741ca8cab5b699b459cba - - af8b8caf15df4500894a552fddfd493d af8b8caf15df4500894a552fddfd493d] 199.19.213.21 "GET /allocations/d0c4d620-0916-45fd-a9e4-7b86df0990aa" status: 200 len: 258 microversion: 1.28 [pid: 7|app: 0|req: 636/1274] 199.19.213.21 () {34 vars in 862 bytes} [Thu Apr 2 18:15:13 2026] GET /allocations/d0c4d620-0916-45fd-a9e4-7b86df0990aa => generated 258 bytes in 11 msecs (HTTP/1.1 200) 8 headers in 296 bytes (1 switches on core 0)
2026-04-02 18:15:13.276 8 INFO placement.requestlog [req-11ee3fa2-4268-46aa-a16c-2b917dcfc139 req-0b380086-e2cf-4b91-a8d2-fa2805f0047e 41b1867064d14627932783ec44ae2aba 7f44882d7de741ca8cab5b699b459cba - - af8b8caf15df4500894a552fddfd493d af8b8caf15df4500894a552fddfd493d] 199.19.213.21 "GET /allocations/cb11be7e-f098-4476-9779-4d8419e68386" status: 200 len: 258 microversion: 1.28 [pid: 8|app: 0|req: 639/1275] 199.19.213.21 () {34 vars in 862 bytes} [Thu Apr 2 18:15:13 2026] GET /allocations/cb11be7e-f098-4476-9779-4d8419e68386 => generated 258 bytes in 14 msecs (HTTP/1.1 200) 8 headers in 296 bytes (1 switches on core 0)
2026-04-02 18:15:13.296 7 INFO placement.requestlog [req-11ee3fa2-4268-46aa-a16c-2b917dcfc139 req-7147366b-a492-4c61-be29-03939549ef67 41b1867064d14627932783ec44ae2aba 7f44882d7de741ca8cab5b699b459cba - - af8b8caf15df4500894a552fddfd493d af8b8caf15df4500894a552fddfd493d] 199.19.213.21 "GET /allocations/deed85c0-f0fa-4971-a128-adb096c80564" status: 200 len: 245 microversion: 1.28 [pid: 7|app: 0|req: 637/1276] 199.19.213.21 () {34 vars in 862 bytes} [Thu Apr 2 18:15:13 2026] GET /allocations/deed85c0-f0fa-4971-a128-adb096c80564 => generated 245 bytes in 13 msecs (HTTP/1.1 200) 8 headers in 296 bytes (1 switches on core 0)
2026-04-02 18:15:14.349 8 INFO placement.requestlog [req-11ee3fa2-4268-46aa-a16c-2b917dcfc139 req-ba963b02-a789-4896-9c58-1914c56e6fe9 41b1867064d14627932783ec44ae2aba 7f44882d7de741ca8cab5b699b459cba - - af8b8caf15df4500894a552fddfd493d af8b8caf15df4500894a552fddfd493d] 199.19.213.21 "DELETE /allocations/deed85c0-f0fa-4971-a128-adb096c80564" status: 204 len: 0 microversion: 1.0 [pid: 8|app: 0|req: 640/1277] 199.19.213.21 () {34 vars in 840 bytes} [Thu Apr 2 18:15:14 2026] DELETE /allocations/deed85c0-f0fa-4971-a128-adb096c80564 => generated 0 bytes in 26 msecs (HTTP/1.1 204) 5 headers in 198 bytes (1 switches on core 0)
2026-04-02 18:15:16.517 7 INFO placement.requestlog [req-8f81d402-e987-4ca9-91d1-ca6ee403504a req-07ca48c1-6376-4f57-9aac-5c56fca3c64d 41b1867064d14627932783ec44ae2aba 7f44882d7de741ca8cab5b699b459cba - - af8b8caf15df4500894a552fddfd493d af8b8caf15df4500894a552fddfd493d] 199.19.213.21 "GET /resource_providers/771916eb-3200-4089-8a87-5708313e7103/allocations" status: 200 len: 253 microversion: 1.0 [pid: 7|app: 0|req: 638/1278] 199.19.213.21 () {32 vars in 856 bytes} [Thu Apr 2 18:15:16 2026] GET /resource_providers/771916eb-3200-4089-8a87-5708313e7103/allocations => generated 253 bytes in 16 msecs (HTTP/1.1 200) 6 headers in 224 bytes (1 switches on core 0)
