2026-04-22 15:12:17.606 8 INFO neutron.notifiers.nova [-] Nova event matching ['req-8330faea-36ba-45d8-b2b6-f549197c3fe3'] response: {'name': 'network-changed', 'server_uuid': '5e1a31d1-c3a8-4b91-b455-b21ca0b274b9', 'tag': '07245454-1eb3-4b63-b393-1c2f620ba028', 'status': 'completed', 'code': 200} [pid: 7|app: 0|req: 1969/3604] 10.0.0.159 () {28 vars in 583 bytes} [Wed Apr 22 15:12:17 2026] GET /v2.0/routers => generated 966 bytes in 91 msecs (HTTP/1.1 200) 4 headers in 157 bytes (1 switches on core 0) [pid: 8|app: 0|req: 1636/3605] 10.0.0.159 () {28 vars in 624 bytes} [Wed Apr 22 15:12:17 2026] GET /v2.0/agents?binary=ovn-controller => generated 416 bytes in 78 msecs (HTTP/1.1 200) 4 headers in 157 bytes (1 switches on core 0) [pid: 7|app: 0|req: 1970/3606] 10.0.0.159 () {28 vars in 585 bytes} [Wed Apr 22 15:12:17 2026] GET /v2.0/networks => generated 4774 bytes in 61 msecs (HTTP/1.1 200) 4 headers in 158 bytes (1 switches on core 0) [pid: 8|app: 0|req: 1637/3607] 10.0.0.154 () {34 vars in 990 bytes} [Wed Apr 22 15:12:17 2026] GET /v2.0/ports?device_id=5e1a31d1-c3a8-4b91-b455-b21ca0b274b9 => generated 1196 bytes in 79 msecs (HTTP/1.1 200) 4 headers in 158 bytes (1 switches on core 0) [pid: 7|app: 0|req: 1971/3608] 10.0.0.159 () {28 vars in 599 bytes} [Wed Apr 22 15:12:17 2026] GET /v2.0/security-groups => generated 28649 bytes in 31 msecs (HTTP/1.1 200) 4 headers in 159 bytes (1 switches on core 0) [pid: 7|app: 0|req: 1972/3609] 10.0.0.159 () {28 vars in 581 bytes} [Wed Apr 22 15:12:17 2026] GET /v2.0/agents => generated 1214 bytes in 9 msecs (HTTP/1.1 200) 4 headers in 158 bytes (1 switches on core 0) [pid: 8|app: 0|req: 1638/3610] 10.0.0.154 () {34 vars in 1040 bytes} [Wed Apr 22 15:12:17 2026] GET /v2.0/security-groups?id=5294dccf-049a-44ba-84b8-c8178f5f313e&fields=id&fields=name => generated 112 bytes in 30 msecs (HTTP/1.1 200) 4 headers in 157 bytes (1 switches on core 0) [pid: 7|app: 0|req: 1973/3611] 10.0.0.159 () {28 vars in 619 bytes} [Wed Apr 22 15:12:17 2026] GET /v2.0/network-ip-availabilities => generated 3185 bytes in 10 msecs (HTTP/1.1 200) 4 headers in 158 bytes (1 switches on core 0) [pid: 8|app: 0|req: 1639/3612] 10.0.0.159 () {28 vars in 579 bytes} [Wed Apr 22 15:12:17 2026] GET /v2.0/ports => generated 13987 bytes in 81 msecs (HTTP/1.1 200) 4 headers in 159 bytes (1 switches on core 0) [pid: 7|app: 0|req: 1974/3613] 10.0.0.159 () {28 vars in 583 bytes} [Wed Apr 22 15:12:17 2026] GET /v2.0/subnets => generated 5508 bytes in 37 msecs (HTTP/1.1 200) 4 headers in 158 bytes (1 switches on core 0) [pid: 8|app: 0|req: 1640/3614] 10.0.0.159 () {28 vars in 591 bytes} [Wed Apr 22 15:12:17 2026] GET /v2.0/subnetpools => generated 19 bytes in 10 msecs (HTTP/1.1 200) 4 headers in 156 bytes (1 switches on core 0) [pid: 7|app: 0|req: 1975/3615] 10.0.0.159 () {28 vars in 583 bytes} [Wed Apr 22 15:12:17 2026] GET /v2.0/subnets => generated 5508 bytes in 45 msecs (HTTP/1.1 200) 4 headers in 158 bytes (1 switches on core 0) [pid: 8|app: 0|req: 1641/3616] 10.0.0.159 () {28 vars in 591 bytes} [Wed Apr 22 15:12:18 2026] GET /v2.0/floatingips => generated 19 bytes in 19 msecs (HTTP/1.1 200) 4 headers in 156 bytes (1 switches on core 0) [pid: 7|app: 0|req: 1976/3617] 199.19.213.10 () {34 vars in 1079 bytes} [Wed Apr 22 15:12:18 2026] GET /v2.0/ports?tenant_id=6afbfcbbeba14789b3868be7f00dd8bf&device_id=5e1a31d1-c3a8-4b91-b455-b21ca0b274b9 => generated 1434 bytes in 42 msecs (HTTP/1.1 200) 4 headers in 158 bytes (1 switches on core 0) [pid: 8|app: 0|req: 1642/3618] 199.19.213.10 () {34 vars in 985 bytes} [Wed Apr 22 15:12:18 2026] GET /v2.0/networks?id=d88092a1-db5d-4ebe-a97c-cdb73ff97c17 => generated 842 bytes in 45 msecs (HTTP/1.1 200) 4 headers in 157 bytes (1 switches on core 0) [pid: 7|app: 0|req: 1977/3619] 199.19.213.10 () {34 vars in 1057 bytes} [Wed Apr 22 15:12:18 2026] GET /v2.0/floatingips?fixed_ip_address=10.2.1.179&port_id=07245454-1eb3-4b63-b393-1c2f620ba028 => generated 19 bytes in 25 msecs (HTTP/1.1 200) 4 headers in 156 bytes (1 switches on core 0) [pid: 8|app: 0|req: 1643/3620] 199.19.213.10 () {34 vars in 1101 bytes} [Wed Apr 22 15:12:18 2026] GET /v2.0/floatingips?fixed_ip_address=fd7b%3Af9f7%3Afff%3A4eca%3A%3A24&port_id=07245454-1eb3-4b63-b393-1c2f620ba028 => generated 19 bytes in 17 msecs (HTTP/1.1 200) 4 headers in 156 bytes (1 switches on core 0) [pid: 7|app: 0|req: 1978/3621] 199.19.213.10 () {34 vars in 1063 bytes} [Wed Apr 22 15:12:18 2026] GET /v2.0/subnets?id=3c294334-79b1-4f94-9e15-70136d33cb02&id=cfc82aae-4edc-4818-95ce-34f34d51ec9f => generated 1409 bytes in 32 msecs (HTTP/1.1 200) 4 headers in 158 bytes (1 switches on core 0) [pid: 8|app: 0|req: 1644/3622] 199.19.213.10 () {34 vars in 1051 bytes} [Wed Apr 22 15:12:18 2026] GET /v2.0/ports?network_id=d88092a1-db5d-4ebe-a97c-cdb73ff97c17&device_owner=network%3Adhcp => generated 12 bytes in 16 msecs (HTTP/1.1 200) 4 headers in 156 bytes (1 switches on core 0) [pid: 7|app: 0|req: 1979/3623] 199.19.213.10 () {34 vars in 1051 bytes} [Wed Apr 22 15:12:18 2026] GET /v2.0/ports?network_id=d88092a1-db5d-4ebe-a97c-cdb73ff97c17&device_owner=network%3Adhcp => generated 12 bytes in 16 msecs (HTTP/1.1 200) 4 headers in 156 bytes (1 switches on core 0) [pid: 8|app: 0|req: 1645/3624] 199.19.213.10 () {34 vars in 1011 bytes} [Wed Apr 22 15:12:18 2026] GET /v2.0/networks/d88092a1-db5d-4ebe-a97c-cdb73ff97c17?fields=segments => generated 14 bytes in 37 msecs (HTTP/1.1 200) 4 headers in 156 bytes (1 switches on core 0) [pid: 7|app: 0|req: 1980/3625] 199.19.213.10 () {34 vars in 1111 bytes} [Wed Apr 22 15:12:18 2026] GET /v2.0/networks/d88092a1-db5d-4ebe-a97c-cdb73ff97c17?fields=provider%3Aphysical_network&fields=provider%3Anetwork_type => generated 79 bytes in 44 msecs (HTTP/1.1 200) 4 headers in 156 bytes (1 switches on core 0)
2026-04-22 15:12:18.815 8 INFO neutron.plugins.ml2.drivers.ovn.mech_driver.mech_driver [None req-f4ad3674-1171-4042-bcb2-a7c303698704 - - - - - -] OVN reports status down for port: 07245454-1eb3-4b63-b393-1c2f620ba028
2026-04-22 15:12:19.045 8 INFO neutron.db.ovn_revision_numbers_db [None req-f4ad3674-1171-4042-bcb2-a7c303698704 - - - - - -] Successfully bumped revision number for resource 07245454-1eb3-4b63-b393-1c2f620ba028 (type: ports) to 6
2026-04-22 15:12:19.644 8 INFO neutron.notifiers.nova [-] Nova event matching ['req-a4677cfa-70ce-4a3f-a970-e27d8b67a91b'] response: {'server_uuid': '5e1a31d1-c3a8-4b91-b455-b21ca0b274b9', 'name': 'network-vif-unplugged', 'status': 'completed', 'tag': '07245454-1eb3-4b63-b393-1c2f620ba028', 'code': 200}
2026-04-22 15:12:19.645 8 INFO neutron.notifiers.nova [-] Nova event matching ['req-a4677cfa-70ce-4a3f-a970-e27d8b67a91b'] response: {'server_uuid': '5e1a31d1-c3a8-4b91-b455-b21ca0b274b9', 'name': 'network-vif-unplugged', 'status': 'completed', 'tag': '07245454-1eb3-4b63-b393-1c2f620ba028', 'code': 200} /var/lib/openstack/lib/python3.12/site-packages/pycadf/identifier.py:70: UserWarning: Invalid uuid: neutron. To ensure interoperability, identifiers should be a valid uuid. warnings.warn(('Invalid uuid: %s. To ensure interoperability, ' [pid: 8|app: 0|req: 1646/3626] 199.19.213.10 () {34 vars in 993 bytes} [Wed Apr 22 15:12:19 2026] GET /v2.0/ports?device_id=5e1a31d1-c3a8-4b91-b455-b21ca0b274b9 => generated 1194 bytes in 54 msecs (HTTP/1.1 200) 4 headers in 158 bytes (1 switches on core 0)
2026-04-22 15:12:20.183 7 INFO neutron_taas.services.taas.taas_plugin [req-45b8c933-7c90-4efe-a023-c1826c9b5228 req-50e2dffc-c359-4de6-a1cb-5ed4910a1e5d c9b08ca5bb67403b83b2807807b4bc1f 6afbfcbbeba14789b3868be7f00dd8bf - - default default] TaaS: Handle Delete Port: 07245454-1eb3-4b63-b393-1c2f620ba028
2026-04-22 15:12:20.186 7 INFO neutron_taas.services.taas.tap_mirror_plugin [req-45b8c933-7c90-4efe-a023-c1826c9b5228 req-50e2dffc-c359-4de6-a1cb-5ed4910a1e5d c9b08ca5bb67403b83b2807807b4bc1f 6afbfcbbeba14789b3868be7f00dd8bf - - default default] Tap Mirror: Handle Delete Port: 07245454-1eb3-4b63-b393-1c2f620ba028 [pid: 7|app: 0|req: 1981/3627] 199.19.213.10 () {36 vars in 996 bytes} [Wed Apr 22 15:12:20 2026] DELETE /v2.0/ports/07245454-1eb3-4b63-b393-1c2f620ba028 => generated 0 bytes in 348 msecs (HTTP/1.1 204) 3 headers in 131 bytes (1 switches on core 0)
2026-04-22 15:12:20.420 7 INFO neutron.notifiers.nova [-] Nova event matching ['req-8b69922e-4834-459b-82e0-feb457420619'] response: {'server_uuid': '5e1a31d1-c3a8-4b91-b455-b21ca0b274b9', 'name': 'network-vif-deleted', 'tag': '07245454-1eb3-4b63-b393-1c2f620ba028', 'status': 'completed', 'code': 200} [pid: 8|app: 0|req: 1647/3628] 10.0.0.154 () {34 vars in 990 bytes} [Wed Apr 22 15:12:22 2026] GET /v2.0/ports?device_id=5e1a31d1-c3a8-4b91-b455-b21ca0b274b9 => generated 12 bytes in 23 msecs (HTTP/1.1 200) 4 headers in 156 bytes (1 switches on core 0) [pid: 7|app: 0|req: 1982/3629] 10.0.0.248 () {32 vars in 750 bytes} [Wed Apr 22 15:12:27 2026] DELETE /v2.0/security-group-rules/84162c0c-bead-49b4-92c1-c6a0d84f2adc => generated 0 bytes in 178 msecs (HTTP/1.1 204) 2 headers in 112 bytes (1 switches on core 0)
2026-04-22 15:12:28.188 8 INFO neutron.api.v2.resource [None req-f66bc5b0-0d40-4ac2-bd86-b7987f4a58db c9b08ca5bb67403b83b2807807b4bc1f 6afbfcbbeba14789b3868be7f00dd8bf - - default default] show failed (client error): The resource could not be found. [pid: 8|app: 0|req: 1648/3630] 10.0.0.248 () {32 vars in 747 bytes} [Wed Apr 22 15:12:28 2026] GET /v2.0/security-group-rules/84162c0c-bead-49b4-92c1-c6a0d84f2adc => generated 155 bytes in 14 msecs (HTTP/1.1 404) 4 headers in 164 bytes (1 switches on core 0) [pid: 7|app: 0|req: 1983/3631] 10.0.0.248 () {32 vars in 750 bytes} [Wed Apr 22 15:12:28 2026] DELETE /v2.0/security-group-rules/ebb3b9bf-f385-4df5-8ad8-5833f5c728f9 => generated 0 bytes in 169 msecs (HTTP/1.1 204) 2 headers in 112 bytes (1 switches on core 0)
2026-04-22 15:12:28.379 8 INFO neutron.api.v2.resource [None req-c67ad771-947f-4a8e-bb87-75c6201b08ff c9b08ca5bb67403b83b2807807b4bc1f 6afbfcbbeba14789b3868be7f00dd8bf - - default default] show failed (client error): The resource could not be found. [pid: 8|app: 0|req: 1649/3632] 10.0.0.248 () {32 vars in 747 bytes} [Wed Apr 22 15:12:28 2026] GET /v2.0/security-group-rules/ebb3b9bf-f385-4df5-8ad8-5833f5c728f9 => generated 155 bytes in 16 msecs (HTTP/1.1 404) 4 headers in 164 bytes (1 switches on core 0) [pid: 7|app: 0|req: 1984/3633] 10.0.0.248 () {32 vars in 750 bytes} [Wed Apr 22 15:12:28 2026] DELETE /v2.0/security-group-rules/b6c747d3-d824-4b92-b826-e3b4a5f28ffc => generated 0 bytes in 155 msecs (HTTP/1.1 204) 2 headers in 112 bytes (1 switches on core 0)
2026-04-22 15:12:28.560 8 INFO neutron.api.v2.resource [None req-9aa8935f-b749-45ec-bce2-83234a8cbb86 c9b08ca5bb67403b83b2807807b4bc1f 6afbfcbbeba14789b3868be7f00dd8bf - - default default] show failed (client error): The resource could not be found. [pid: 8|app: 0|req: 1650/3634] 10.0.0.248 () {32 vars in 747 bytes} [Wed Apr 22 15:12:28 2026] GET /v2.0/security-group-rules/b6c747d3-d824-4b92-b826-e3b4a5f28ffc => generated 155 bytes in 16 msecs (HTTP/1.1 404) 4 headers in 164 bytes (1 switches on core 0) [pid: 7|app: 0|req: 1985/3635] 10.0.0.248 () {32 vars in 750 bytes} [Wed Apr 22 15:12:28 2026] DELETE /v2.0/security-group-rules/27ce8651-4552-4cc9-879c-d5c90ed9a580 => generated 0 bytes in 146 msecs (HTTP/1.1 204) 2 headers in 112 bytes (1 switches on core 0)
2026-04-22 15:12:28.732 8 INFO neutron.api.v2.resource [None req-97452e67-e3b3-415a-9589-b965c2a07807 c9b08ca5bb67403b83b2807807b4bc1f 6afbfcbbeba14789b3868be7f00dd8bf - - default default] show failed (client error): The resource could not be found. [pid: 8|app: 0|req: 1651/3636] 10.0.0.248 () {32 vars in 747 bytes} [Wed Apr 22 15:12:28 2026] GET /v2.0/security-group-rules/27ce8651-4552-4cc9-879c-d5c90ed9a580 => generated 155 bytes in 14 msecs (HTTP/1.1 404) 4 headers in 164 bytes (1 switches on core 0) [pid: 7|app: 0|req: 1986/3637] 10.0.0.248 () {32 vars in 750 bytes} [Wed Apr 22 15:12:28 2026] DELETE /v2.0/security-group-rules/506d98d2-58e2-480e-80bf-3a9ed456c216 => generated 0 bytes in 138 msecs (HTTP/1.1 204) 2 headers in 112 bytes (1 switches on core 0)
2026-04-22 15:12:28.897 8 INFO neutron.api.v2.resource [None req-ae85535f-7910-4595-9438-4538c442cab9 c9b08ca5bb67403b83b2807807b4bc1f 6afbfcbbeba14789b3868be7f00dd8bf - - default default] show failed (client error): The resource could not be found. [pid: 8|app: 0|req: 1652/3638] 10.0.0.248 () {32 vars in 747 bytes} [Wed Apr 22 15:12:28 2026] GET /v2.0/security-group-rules/506d98d2-58e2-480e-80bf-3a9ed456c216 => generated 155 bytes in 14 msecs (HTTP/1.1 404) 4 headers in 164 bytes (1 switches on core 0) [pid: 7|app: 0|req: 1987/3639] 10.0.0.248 () {32 vars in 750 bytes} [Wed Apr 22 15:12:28 2026] DELETE /v2.0/security-group-rules/9cd9174b-54fd-47d5-afaa-af1928993e8b => generated 0 bytes in 132 msecs (HTTP/1.1 204) 2 headers in 112 bytes (1 switches on core 0)
2026-04-22 15:12:29.050 8 INFO neutron.api.v2.resource [None req-8ec306bc-ca7d-4a33-86a6-9b3a9aa9cf7f c9b08ca5bb67403b83b2807807b4bc1f 6afbfcbbeba14789b3868be7f00dd8bf - - default default] show failed (client error): The resource could not be found. [pid: 8|app: 0|req: 1653/3640] 10.0.0.248 () {32 vars in 747 bytes} [Wed Apr 22 15:12:29 2026] GET /v2.0/security-group-rules/9cd9174b-54fd-47d5-afaa-af1928993e8b => generated 155 bytes in 12 msecs (HTTP/1.1 404) 4 headers in 164 bytes (1 switches on core 0) [pid: 7|app: 0|req: 1988/3641] 10.0.0.248 () {32 vars in 750 bytes} [Wed Apr 22 15:12:29 2026] DELETE /v2.0/security-group-rules/1f1a9976-e229-4260-bb7f-3534b5cdb4de => generated 0 bytes in 135 msecs (HTTP/1.1 204) 2 headers in 112 bytes (1 switches on core 0)
2026-04-22 15:12:29.204 8 INFO neutron.api.v2.resource [None req-62f2f6e4-fdbc-490f-ac09-03872aaf14f2 c9b08ca5bb67403b83b2807807b4bc1f 6afbfcbbeba14789b3868be7f00dd8bf - - default default] show failed (client error): The resource could not be found. [pid: 8|app: 0|req: 1654/3642] 10.0.0.248 () {32 vars in 747 bytes} [Wed Apr 22 15:12:29 2026] GET /v2.0/security-group-rules/1f1a9976-e229-4260-bb7f-3534b5cdb4de => generated 155 bytes in 11 msecs (HTTP/1.1 404) 4 headers in 164 bytes (1 switches on core 0) [pid: 7|app: 0|req: 1989/3643] 10.0.0.248 () {32 vars in 750 bytes} [Wed Apr 22 15:12:29 2026] DELETE /v2.0/security-group-rules/423f090f-cf06-4b1d-bd78-fbf3a13c16cb => generated 0 bytes in 139 msecs (HTTP/1.1 204) 2 headers in 112 bytes (1 switches on core 0)
2026-04-22 15:12:29.366 8 INFO neutron.api.v2.resource [None req-7911e5d0-ac20-4846-9857-f84b0b809e4c c9b08ca5bb67403b83b2807807b4bc1f 6afbfcbbeba14789b3868be7f00dd8bf - - default default] show failed (client error): The resource could not be found. [pid: 8|app: 0|req: 1655/3644] 10.0.0.248 () {32 vars in 747 bytes} [Wed Apr 22 15:12:29 2026] GET /v2.0/security-group-rules/423f090f-cf06-4b1d-bd78-fbf3a13c16cb => generated 155 bytes in 15 msecs (HTTP/1.1 404) 4 headers in 164 bytes (1 switches on core 0) [pid: 7|app: 0|req: 1990/3645] 10.0.0.248 () {32 vars in 750 bytes} [Wed Apr 22 15:12:29 2026] DELETE /v2.0/security-group-rules/e168edc8-e915-4bd0-b388-1815a74d34d4 => generated 0 bytes in 131 msecs (HTTP/1.1 204) 2 headers in 112 bytes (1 switches on core 0)
2026-04-22 15:12:29.519 8 INFO neutron.api.v2.resource [None req-9d0ec246-25b9-48a4-9f78-b358fb96b3ef c9b08ca5bb67403b83b2807807b4bc1f 6afbfcbbeba14789b3868be7f00dd8bf - - default default] show failed (client error): The resource could not be found. [pid: 8|app: 0|req: 1656/3646] 10.0.0.248 () {32 vars in 747 bytes} [Wed Apr 22 15:12:29 2026] GET /v2.0/security-group-rules/e168edc8-e915-4bd0-b388-1815a74d34d4 => generated 155 bytes in 13 msecs (HTTP/1.1 404) 4 headers in 164 bytes (1 switches on core 0) [pid: 7|app: 0|req: 1991/3647] 10.0.0.248 () {32 vars in 750 bytes} [Wed Apr 22 15:12:29 2026] DELETE /v2.0/security-group-rules/80fd0c75-ef85-4b6d-b8a7-f9ede97dae57 => generated 0 bytes in 124 msecs (HTTP/1.1 204) 2 headers in 112 bytes (1 switches on core 0)
2026-04-22 15:12:29.664 8 INFO neutron.api.v2.resource [None req-4650865e-d742-4b96-ae3a-0d528dcc7d52 c9b08ca5bb67403b83b2807807b4bc1f 6afbfcbbeba14789b3868be7f00dd8bf - - default default] show failed (client error): The resource could not be found. [pid: 8|app: 0|req: 1657/3648] 10.0.0.248 () {32 vars in 747 bytes} [Wed Apr 22 15:12:29 2026] GET /v2.0/security-group-rules/80fd0c75-ef85-4b6d-b8a7-f9ede97dae57 => generated 155 bytes in 13 msecs (HTTP/1.1 404) 4 headers in 164 bytes (1 switches on core 0) [pid: 7|app: 0|req: 1992/3649] 10.0.0.248 () {32 vars in 750 bytes} [Wed Apr 22 15:12:29 2026] DELETE /v2.0/security-group-rules/a66e8403-6aee-401f-a8fd-0216985e31f1 => generated 0 bytes in 134 msecs (HTTP/1.1 204) 2 headers in 112 bytes (1 switches on core 0)
2026-04-22 15:12:29.815 8 INFO neutron.api.v2.resource [None req-0d590211-3f96-46cc-be6a-ed44e82c0045 c9b08ca5bb67403b83b2807807b4bc1f 6afbfcbbeba14789b3868be7f00dd8bf - - default default] show failed (client error): The resource could not be found. [pid: 8|app: 0|req: 1658/3650] 10.0.0.248 () {32 vars in 747 bytes} [Wed Apr 22 15:12:29 2026] GET /v2.0/security-group-rules/a66e8403-6aee-401f-a8fd-0216985e31f1 => generated 155 bytes in 8 msecs (HTTP/1.1 404) 4 headers in 164 bytes (1 switches on core 0) [pid: 7|app: 0|req: 1993/3651] 10.0.0.248 () {32 vars in 740 bytes} [Wed Apr 22 15:12:29 2026] DELETE /v2.0/security-groups/5294dccf-049a-44ba-84b8-c8178f5f313e => generated 0 bytes in 130 msecs (HTTP/1.1 204) 2 headers in 112 bytes (1 switches on core 0)
2026-04-22 15:12:29.969 8 INFO neutron.api.v2.resource [None req-dbddaf5c-13f8-49b6-828c-e92f409e01d3 c9b08ca5bb67403b83b2807807b4bc1f 6afbfcbbeba14789b3868be7f00dd8bf - - default default] show failed (client error): The resource could not be found. [pid: 8|app: 0|req: 1659/3652] 10.0.0.248 () {32 vars in 737 bytes} [Wed Apr 22 15:12:29 2026] GET /v2.0/security-groups/5294dccf-049a-44ba-84b8-c8178f5f313e => generated 146 bytes in 12 msecs (HTTP/1.1 404) 4 headers in 164 bytes (1 switches on core 0)
2026-04-22 15:12:30.276 7 INFO neutron_taas.services.taas.taas_plugin [None req-964a30dc-729a-40f7-8f18-91ebd6e7a772 c9b08ca5bb67403b83b2807807b4bc1f 6afbfcbbeba14789b3868be7f00dd8bf - - default default] TaaS: Handle Delete Port: 1995d58c-eac9-4745-9eaa-8f5a35a91bcf
2026-04-22 15:12:30.279 7 INFO neutron_taas.services.taas.tap_mirror_plugin [None req-964a30dc-729a-40f7-8f18-91ebd6e7a772 c9b08ca5bb67403b83b2807807b4bc1f 6afbfcbbeba14789b3868be7f00dd8bf - - default default] Tap Mirror: Handle Delete Port: 1995d58c-eac9-4745-9eaa-8f5a35a91bcf [pid: 7|app: 0|req: 1994/3653] 10.0.0.248 () {34 vars in 789 bytes} [Wed Apr 22 15:12:30 2026] PUT /v2.0/routers/d86fec27-da33-4de4-a273-591900eac342/remove_router_interface => generated 309 bytes in 794 msecs (HTTP/1.1 200) 4 headers in 157 bytes (1 switches on core 0)
2026-04-22 15:12:30.930 8 INFO neutron.api.v2.resource [None req-0caea176-a494-47e8-9faf-325a3dcb55f1 c9b08ca5bb67403b83b2807807b4bc1f 6afbfcbbeba14789b3868be7f00dd8bf - - default default] remove_router_interface failed (client error): The resource could not be found. [pid: 8|app: 0|req: 1660/3654] 10.0.0.248 () {34 vars in 789 bytes} [Wed Apr 22 15:12:30 2026] PUT /v2.0/routers/d86fec27-da33-4de4-a273-591900eac342/remove_router_interface => generated 198 bytes in 112 msecs (HTTP/1.1 404) 4 headers in 164 bytes (1 switches on core 0) /var/lib/openstack/lib/python3.12/site-packages/pycadf/identifier.py:70: UserWarning: Invalid uuid: neutron. To ensure interoperability, identifiers should be a valid uuid. warnings.warn(('Invalid uuid: %s. To ensure interoperability, '
2026-04-22 15:12:31.208 7 INFO neutron_taas.services.taas.taas_plugin [None req-73c4c85b-4762-4935-bd7f-6fce245ab8d5 c9b08ca5bb67403b83b2807807b4bc1f 6afbfcbbeba14789b3868be7f00dd8bf - - default default] TaaS: Handle Delete Port: 2bc70dee-8c1d-4009-85c8-0e049f528dfa
2026-04-22 15:12:31.212 7 INFO neutron_taas.services.taas.tap_mirror_plugin [None req-73c4c85b-4762-4935-bd7f-6fce245ab8d5 c9b08ca5bb67403b83b2807807b4bc1f 6afbfcbbeba14789b3868be7f00dd8bf - - default default] Tap Mirror: Handle Delete Port: 2bc70dee-8c1d-4009-85c8-0e049f528dfa [pid: 7|app: 0|req: 1995/3657] 10.0.0.248 () {34 vars in 789 bytes} [Wed Apr 22 15:12:30 2026] PUT /v2.0/routers/d86fec27-da33-4de4-a273-591900eac342/remove_router_interface => generated 309 bytes in 818 msecs (HTTP/1.1 200) 4 headers in 157 bytes (1 switches on core 0)
2026-04-22 15:12:31.842 8 INFO neutron.api.v2.resource [None req-c0fd2558-f76b-4f8c-a669-47a8308ffe99 c9b08ca5bb67403b83b2807807b4bc1f 6afbfcbbeba14789b3868be7f00dd8bf - - default default] remove_router_interface failed (client error): The resource could not be found. [pid: 8|app: 0|req: 1663/3658] 10.0.0.248 () {34 vars in 789 bytes} [Wed Apr 22 15:12:31 2026] PUT /v2.0/routers/d86fec27-da33-4de4-a273-591900eac342/remove_router_interface => generated 198 bytes in 84 msecs (HTTP/1.1 404) 4 headers in 164 bytes (1 switches on core 0) /var/lib/openstack/lib/python3.12/site-packages/pycadf/identifier.py:70: UserWarning: Invalid uuid: neutron. To ensure interoperability, identifiers should be a valid uuid. warnings.warn(('Invalid uuid: %s. To ensure interoperability, '
2026-04-22 15:12:32.077 7 INFO neutron_taas.services.taas.taas_plugin [None req-7515f62b-0fdd-4c7b-968c-ed8cba452fca c9b08ca5bb67403b83b2807807b4bc1f 6afbfcbbeba14789b3868be7f00dd8bf - - default default] TaaS: Handle Delete Port: 7485e999-c360-4120-8e11-649567ae90f2
2026-04-22 15:12:32.079 7 INFO neutron_taas.services.taas.tap_mirror_plugin [None req-7515f62b-0fdd-4c7b-968c-ed8cba452fca c9b08ca5bb67403b83b2807807b4bc1f 6afbfcbbeba14789b3868be7f00dd8bf - - default default] Tap Mirror: Handle Delete Port: 7485e999-c360-4120-8e11-649567ae90f2 [pid: 7|app: 0|req: 1996/3659] 10.0.0.248 () {34 vars in 789 bytes} [Wed Apr 22 15:12:31 2026] PUT /v2.0/routers/d86fec27-da33-4de4-a273-591900eac342/remove_router_interface => generated 309 bytes in 756 msecs (HTTP/1.1 200) 4 headers in 157 bytes (1 switches on core 0)
2026-04-22 15:12:32.692 8 INFO neutron.api.v2.resource [None req-383d8918-53fa-4055-8b92-df057672561e c9b08ca5bb67403b83b2807807b4bc1f 6afbfcbbeba14789b3868be7f00dd8bf - - default default] remove_router_interface failed (client error): The resource could not be found. [pid: 8|app: 0|req: 1664/3660] 10.0.0.248 () {34 vars in 789 bytes} [Wed Apr 22 15:12:32 2026] PUT /v2.0/routers/d86fec27-da33-4de4-a273-591900eac342/remove_router_interface => generated 198 bytes in 84 msecs (HTTP/1.1 404) 4 headers in 164 bytes (1 switches on core 0) /var/lib/openstack/lib/python3.12/site-packages/pycadf/identifier.py:70: UserWarning: Invalid uuid: neutron. To ensure interoperability, identifiers should be a valid uuid. warnings.warn(('Invalid uuid: %s. To ensure interoperability, '
2026-04-22 15:12:33.004 7 INFO neutron_taas.services.taas.taas_plugin [None req-61a527a2-6c7a-4554-99b1-07a8014246c6 c9b08ca5bb67403b83b2807807b4bc1f 6afbfcbbeba14789b3868be7f00dd8bf - - default default] TaaS: Handle Delete Port: ea1c456b-3032-4afb-921f-ddb5a2f170cd
2026-04-22 15:12:33.008 7 INFO neutron_taas.services.taas.tap_mirror_plugin [None req-61a527a2-6c7a-4554-99b1-07a8014246c6 c9b08ca5bb67403b83b2807807b4bc1f 6afbfcbbeba14789b3868be7f00dd8bf - - default default] Tap Mirror: Handle Delete Port: ea1c456b-3032-4afb-921f-ddb5a2f170cd [pid: 7|app: 0|req: 1997/3661] 10.0.0.248 () {32 vars in 724 bytes} [Wed Apr 22 15:12:32 2026] DELETE /v2.0/routers/d86fec27-da33-4de4-a273-591900eac342 => generated 0 bytes in 748 msecs (HTTP/1.1 204) 2 headers in 112 bytes (1 switches on core 0)
2026-04-22 15:12:33.469 8 INFO neutron.api.v2.resource [None req-fa283d2f-bf47-435a-aefc-42db116550e3 c9b08ca5bb67403b83b2807807b4bc1f 6afbfcbbeba14789b3868be7f00dd8bf - - default default] show failed (client error): The resource could not be found. [pid: 8|app: 0|req: 1665/3662] 10.0.0.248 () {32 vars in 721 bytes} [Wed Apr 22 15:12:33 2026] GET /v2.0/routers/d86fec27-da33-4de4-a273-591900eac342 => generated 135 bytes in 19 msecs (HTTP/1.1 404) 4 headers in 164 bytes (1 switches on core 0) [pid: 7|app: 0|req: 1998/3663] 10.0.0.248 () {32 vars in 724 bytes} [Wed Apr 22 15:12:33 2026] DELETE /v2.0/subnets/8f0b8dbe-f1a0-4ac6-89a9-7cdb3f8004b5 => generated 0 bytes in 148 msecs (HTTP/1.1 204) 3 headers in 131 bytes (1 switches on core 0)
2026-04-22 15:12:33.642 8 INFO neutron.pecan_wsgi.hooks.translation [None req-b02f38ed-9f3a-482e-b494-c9f87f41b8b4 c9b08ca5bb67403b83b2807807b4bc1f 6afbfcbbeba14789b3868be7f00dd8bf - - default default] GET failed (client error): The resource could not be found. [pid: 8|app: 0|req: 1666/3664] 10.0.0.248 () {32 vars in 721 bytes} [Wed Apr 22 15:12:33 2026] GET /v2.0/subnets/8f0b8dbe-f1a0-4ac6-89a9-7cdb3f8004b5 => generated 136 bytes in 16 msecs (HTTP/1.1 404) 4 headers in 164 bytes (1 switches on core 0) [pid: 7|app: 0|req: 1999/3665] 10.0.0.248 () {32 vars in 724 bytes} [Wed Apr 22 15:12:33 2026] DELETE /v2.0/subnets/b02613a8-0df2-4b28-a984-66df9219354a => generated 0 bytes in 212 msecs (HTTP/1.1 204) 3 headers in 131 bytes (1 switches on core 0)
2026-04-22 15:12:33.881 8 INFO neutron.pecan_wsgi.hooks.translation [None req-91b00503-1079-4d17-8b56-ef545fe7d0fb c9b08ca5bb67403b83b2807807b4bc1f 6afbfcbbeba14789b3868be7f00dd8bf - - default default] GET failed (client error): The resource could not be found. [pid: 8|app: 0|req: 1667/3666] 10.0.0.248 () {32 vars in 721 bytes} [Wed Apr 22 15:12:33 2026] GET /v2.0/subnets/b02613a8-0df2-4b28-a984-66df9219354a => generated 136 bytes in 17 msecs (HTTP/1.1 404) 4 headers in 164 bytes (1 switches on core 0)
2026-04-22 15:12:34.004 7 INFO neutron_taas.services.taas.taas_plugin [None req-bea6da74-3711-4348-853f-37056967b19d c9b08ca5bb67403b83b2807807b4bc1f 6afbfcbbeba14789b3868be7f00dd8bf - - default default] TaaS: Handle Delete Port: 250189f5-6cc6-41b5-85fa-f8e043164671
2026-04-22 15:12:34.007 7 INFO neutron_taas.services.taas.tap_mirror_plugin [None req-bea6da74-3711-4348-853f-37056967b19d c9b08ca5bb67403b83b2807807b4bc1f 6afbfcbbeba14789b3868be7f00dd8bf - - default default] Tap Mirror: Handle Delete Port: 250189f5-6cc6-41b5-85fa-f8e043164671
2026-04-22 15:12:34.200 7 INFO neutron.services.segments.plugin [-] Segment 6807e8e9-4a7d-4e9d-92c7-bd854b96818e resource provider aggregate not found
2026-04-22 15:12:34.206 7 INFO neutron.services.segments.plugin [-] Segment 6807e8e9-4a7d-4e9d-92c7-bd854b96818e resource provider aggregate not found
2026-04-22 15:12:34.220 7 INFO neutron.services.segments.plugin [-] Segment 6807e8e9-4a7d-4e9d-92c7-bd854b96818e resource provider not found; error: Placement Client Error (4xx): {"errors": [{"status": 404, "title": "Not Found", "detail": "The resource could not be found.\n\n No resource provider with uuid 6807e8e9-4a7d-4e9d-92c7-bd854b96818e found for delete ", "request_id": "req-ea28f897-21c3-4bea-ac22-da6bd615952c"}]}
2026-04-22 15:12:34.233 7 INFO neutron.services.segments.plugin [-] Segment 6807e8e9-4a7d-4e9d-92c7-bd854b96818e resource provider not found; error: Placement Client Error (4xx): {"errors": [{"status": 404, "title": "Not Found", "detail": "The resource could not be found.\n\n No resource provider with uuid 6807e8e9-4a7d-4e9d-92c7-bd854b96818e found for delete ", "request_id": "req-adda1a2f-a0f2-48ef-935d-8d1acaedb149"}]} [pid: 7|app: 0|req: 2000/3667] 10.0.0.248 () {32 vars in 726 bytes} [Wed Apr 22 15:12:33 2026] DELETE /v2.0/networks/cb931cc0-6779-471d-af53-5f113b092e45 => generated 0 bytes in 387 msecs (HTTP/1.1 204) 3 headers in 131 bytes (1 switches on core 0)
2026-04-22 15:12:34.294 8 INFO neutron.pecan_wsgi.hooks.translation [None req-9ada309a-3f8c-4dbb-9597-f6f02ce50488 c9b08ca5bb67403b83b2807807b4bc1f 6afbfcbbeba14789b3868be7f00dd8bf - - default default] GET failed (client error): The resource could not be found. [pid: 8|app: 0|req: 1668/3668] 10.0.0.248 () {32 vars in 723 bytes} [Wed Apr 22 15:12:34 2026] GET /v2.0/networks/cb931cc0-6779-471d-af53-5f113b092e45 => generated 138 bytes in 16 msecs (HTTP/1.1 404) 4 headers in 164 bytes (1 switches on core 0) [pid: 7|app: 0|req: 2001/3669] 10.0.0.248 () {32 vars in 724 bytes} [Wed Apr 22 15:12:34 2026] DELETE /v2.0/subnets/3c294334-79b1-4f94-9e15-70136d33cb02 => generated 0 bytes in 154 msecs (HTTP/1.1 204) 3 headers in 131 bytes (1 switches on core 0)
2026-04-22 15:12:34.470 8 INFO neutron.pecan_wsgi.hooks.translation [None req-9ae5882f-f8c2-45ce-9857-c3954f80cfd9 c9b08ca5bb67403b83b2807807b4bc1f 6afbfcbbeba14789b3868be7f00dd8bf - - default default] GET failed (client error): The resource could not be found. [pid: 8|app: 0|req: 1669/3670] 10.0.0.248 () {32 vars in 721 bytes} [Wed Apr 22 15:12:34 2026] GET /v2.0/subnets/3c294334-79b1-4f94-9e15-70136d33cb02 => generated 136 bytes in 13 msecs (HTTP/1.1 404) 4 headers in 164 bytes (1 switches on core 0) [pid: 7|app: 0|req: 2002/3671] 10.0.0.248 () {32 vars in 724 bytes} [Wed Apr 22 15:12:34 2026] DELETE /v2.0/subnets/cfc82aae-4edc-4818-95ce-34f34d51ec9f => generated 0 bytes in 178 msecs (HTTP/1.1 204) 3 headers in 131 bytes (1 switches on core 0)
2026-04-22 15:12:34.673 8 INFO neutron.pecan_wsgi.hooks.translation [None req-e34828a2-9f8a-4d64-89df-22a67ab83f3d c9b08ca5bb67403b83b2807807b4bc1f 6afbfcbbeba14789b3868be7f00dd8bf - - default default] GET failed (client error): The resource could not be found. [pid: 8|app: 0|req: 1670/3672] 10.0.0.248 () {32 vars in 721 bytes} [Wed Apr 22 15:12:34 2026] GET /v2.0/subnets/cfc82aae-4edc-4818-95ce-34f34d51ec9f => generated 136 bytes in 14 msecs (HTTP/1.1 404) 4 headers in 164 bytes (1 switches on core 0)
2026-04-22 15:12:34.807 7 INFO neutron_taas.services.taas.taas_plugin [None req-3ead306f-52d1-420a-be3d-5fcbb63e6402 c9b08ca5bb67403b83b2807807b4bc1f 6afbfcbbeba14789b3868be7f00dd8bf - - default default] TaaS: Handle Delete Port: 2ced3c3b-0d2e-484d-98bd-e16a54388c94
2026-04-22 15:12:34.810 7 INFO neutron_taas.services.taas.tap_mirror_plugin [None req-3ead306f-52d1-420a-be3d-5fcbb63e6402 c9b08ca5bb67403b83b2807807b4bc1f 6afbfcbbeba14789b3868be7f00dd8bf - - default default] Tap Mirror: Handle Delete Port: 2ced3c3b-0d2e-484d-98bd-e16a54388c94 [pid: 7|app: 0|req: 2003/3673] 10.0.0.248 () {32 vars in 726 bytes} [Wed Apr 22 15:12:34 2026] DELETE /v2.0/networks/d88092a1-db5d-4ebe-a97c-cdb73ff97c17 => generated 0 bytes in 389 msecs (HTTP/1.1 204) 3 headers in 131 bytes (1 switches on core 0)
2026-04-22 15:12:35.087 8 INFO neutron.pecan_wsgi.hooks.translation [None req-c3ea9035-3654-4ba5-88d9-e0c26f5a8ac3 c9b08ca5bb67403b83b2807807b4bc1f 6afbfcbbeba14789b3868be7f00dd8bf - - default default] GET failed (client error): The resource could not be found. [pid: 8|app: 0|req: 1671/3674] 10.0.0.248 () {32 vars in 723 bytes} [Wed Apr 22 15:12:35 2026] GET /v2.0/networks/d88092a1-db5d-4ebe-a97c-cdb73ff97c17 => generated 138 bytes in 15 msecs (HTTP/1.1 404) 4 headers in 164 bytes (1 switches on core 0) [pid: 7|app: 0|req: 2004/3675] 10.0.0.248 () {32 vars in 724 bytes} [Wed Apr 22 15:12:35 2026] DELETE /v2.0/subnets/3de7efd8-a5a0-4359-bad1-96a9befe8cc3 => generated 0 bytes in 132 msecs (HTTP/1.1 204) 3 headers in 131 bytes (1 switches on core 0)
2026-04-22 15:12:35.253 8 INFO neutron.pecan_wsgi.hooks.translation [None req-be36a6e7-ff42-4cb6-90c8-b30a8c28a94f c9b08ca5bb67403b83b2807807b4bc1f 6afbfcbbeba14789b3868be7f00dd8bf - - default default] GET failed (client error): The resource could not be found. [pid: 8|app: 0|req: 1672/3676] 10.0.0.248 () {32 vars in 721 bytes} [Wed Apr 22 15:12:35 2026] GET /v2.0/subnets/3de7efd8-a5a0-4359-bad1-96a9befe8cc3 => generated 136 bytes in 26 msecs (HTTP/1.1 404) 4 headers in 164 bytes (1 switches on core 0) [pid: 7|app: 0|req: 2005/3677] 10.0.0.248 () {32 vars in 724 bytes} [Wed Apr 22 15:12:35 2026] DELETE /v2.0/subnets/6b0fab03-de56-4c50-80be-3a90f059981d => generated 0 bytes in 175 msecs (HTTP/1.1 204) 3 headers in 131 bytes (1 switches on core 0)
2026-04-22 15:12:35.457 8 INFO neutron.pecan_wsgi.hooks.translation [None req-4269b531-0c9e-4d64-aa19-8f458984d727 c9b08ca5bb67403b83b2807807b4bc1f 6afbfcbbeba14789b3868be7f00dd8bf - - default default] GET failed (client error): The resource could not be found. [pid: 8|app: 0|req: 1673/3678] 10.0.0.248 () {32 vars in 721 bytes} [Wed Apr 22 15:12:35 2026] GET /v2.0/subnets/6b0fab03-de56-4c50-80be-3a90f059981d => generated 136 bytes in 17 msecs (HTTP/1.1 404) 4 headers in 164 bytes (1 switches on core 0)
2026-04-22 15:12:35.584 7 INFO neutron_taas.services.taas.taas_plugin [None req-a87771a2-5157-4c32-bd12-75168d22183e c9b08ca5bb67403b83b2807807b4bc1f 6afbfcbbeba14789b3868be7f00dd8bf - - default default] TaaS: Handle Delete Port: 424f6324-097b-40e4-b42b-06bbdec27f86
2026-04-22 15:12:35.588 7 INFO neutron_taas.services.taas.tap_mirror_plugin [None req-a87771a2-5157-4c32-bd12-75168d22183e c9b08ca5bb67403b83b2807807b4bc1f 6afbfcbbeba14789b3868be7f00dd8bf - - default default] Tap Mirror: Handle Delete Port: 424f6324-097b-40e4-b42b-06bbdec27f86 [pid: 7|app: 0|req: 2006/3679] 10.0.0.248 () {32 vars in 726 bytes} [Wed Apr 22 15:12:35 2026] DELETE /v2.0/networks/ae0beb91-98a8-4f63-9eba-132d2724634f => generated 0 bytes in 371 msecs (HTTP/1.1 204) 3 headers in 131 bytes (1 switches on core 0)
2026-04-22 15:12:35.855 8 INFO neutron.pecan_wsgi.hooks.translation [None req-993984bc-aa1e-4088-a1f4-d6a2503c1fc6 c9b08ca5bb67403b83b2807807b4bc1f 6afbfcbbeba14789b3868be7f00dd8bf - - default default] GET failed (client error): The resource could not be found. [pid: 8|app: 0|req: 1674/3680] 10.0.0.248 () {32 vars in 723 bytes} [Wed Apr 22 15:12:35 2026] GET /v2.0/networks/ae0beb91-98a8-4f63-9eba-132d2724634f => generated 138 bytes in 16 msecs (HTTP/1.1 404) 4 headers in 164 bytes (1 switches on core 0)
2026-04-22 15:12:36.244 7 INFO neutron.services.segments.plugin [-] Segment 1a694d1d-ca72-48b9-8cb0-9d8b5bbd43e9 resource provider aggregate not found
2026-04-22 15:12:36.254 7 INFO neutron.services.segments.plugin [-] Segment 1a694d1d-ca72-48b9-8cb0-9d8b5bbd43e9 resource provider aggregate not found
2026-04-22 15:12:36.259 7 INFO neutron.services.segments.plugin [-] Segment 1a694d1d-ca72-48b9-8cb0-9d8b5bbd43e9 resource provider not found; error: Placement Client Error (4xx): {"errors": [{"status": 404, "title": "Not Found", "detail": "The resource could not be found.\n\n No resource provider with uuid 1a694d1d-ca72-48b9-8cb0-9d8b5bbd43e9 found for delete ", "request_id": "req-5f9bbf61-1fbb-444a-b0f9-01c751639e61"}]}
2026-04-22 15:12:36.271 7 INFO neutron.services.segments.plugin [-] Segment 02439f85-6d3e-4f3d-8103-8bd4909f9db3 resource provider aggregate not found
2026-04-22 15:12:36.275 7 INFO neutron.services.segments.plugin [-] Segment 1a694d1d-ca72-48b9-8cb0-9d8b5bbd43e9 resource provider not found; error: Placement Client Error (4xx): {"errors": [{"status": 404, "title": "Not Found", "detail": "The resource could not be found.\n\n No resource provider with uuid 1a694d1d-ca72-48b9-8cb0-9d8b5bbd43e9 found for delete ", "request_id": "req-1525f77d-cbb7-4be9-99a4-f4d8136761f7"}]}
2026-04-22 15:12:36.289 7 INFO neutron.services.segments.plugin [-] Segment 02439f85-6d3e-4f3d-8103-8bd4909f9db3 resource provider not found; error: Placement Client Error (4xx): {"errors": [{"status": 404, "title": "Not Found", "detail": "The resource could not be found.\n\n No resource provider with uuid 02439f85-6d3e-4f3d-8103-8bd4909f9db3 found for delete ", "request_id": "req-5224ac49-595d-43f6-9343-d5b940d4417d"}]}
2026-04-22 15:12:36.290 7 INFO neutron.services.segments.plugin [-] Segment 02439f85-6d3e-4f3d-8103-8bd4909f9db3 resource provider aggregate not found
2026-04-22 15:12:36.306 7 INFO neutron.services.segments.plugin [-] Segment 02439f85-6d3e-4f3d-8103-8bd4909f9db3 resource provider not found; error: Placement Client Error (4xx): {"errors": [{"status": 404, "title": "Not Found", "detail": "The resource could not be found.\n\n No resource provider with uuid 02439f85-6d3e-4f3d-8103-8bd4909f9db3 found for delete ", "request_id": "req-49b38925-f5aa-4006-9e1c-f4bda71a6a3c"}]} [pid: 7|app: 0|req: 2007/3681] 10.0.0.248 () {32 vars in 774 bytes} [Wed Apr 22 15:12:37 2026] GET /v2.0/security-groups?tenant_id=6afbfcbbeba14789b3868be7f00dd8bf&name=default => generated 2925 bytes in 158 msecs (HTTP/1.1 200) 4 headers in 158 bytes (1 switches on core 0) [pid: 8|app: 0|req: 1675/3682] 10.0.0.248 () {32 vars in 740 bytes} [Wed Apr 22 15:12:37 2026] DELETE /v2.0/security-groups/6e0a8fec-41db-4f8c-b551-63841cbdc7eb => generated 0 bytes in 278 msecs (HTTP/1.1 204) 2 headers in 112 bytes (1 switches on core 0)
2026-04-22 15:12:38.328 7 INFO neutron.db.ovn_revision_numbers_db [None req-6b7813b4-a59f-4d35-9706-2adc422bca35 a3060cd6347b4b92bf7e6ec3510ae04c 0d10bb8cfbff4b04b167a8ab392e404e - - default default] Successfully bumped revision number for resource 6f0e5c08-4a02-41e2-9039-b1006915961c (type: security_groups) to 1
2026-04-22 15:12:38.339 7 INFO neutron.db.ovn_revision_numbers_db [None req-6b7813b4-a59f-4d35-9706-2adc422bca35 a3060cd6347b4b92bf7e6ec3510ae04c 0d10bb8cfbff4b04b167a8ab392e404e - - default default] Successfully bumped revision number for resource 10a42b90-9c4e-4545-a0c3-edc43cc31418 (type: security_group_rules) to 0
2026-04-22 15:12:38.353 7 INFO neutron.db.ovn_revision_numbers_db [None req-6b7813b4-a59f-4d35-9706-2adc422bca35 a3060cd6347b4b92bf7e6ec3510ae04c 0d10bb8cfbff4b04b167a8ab392e404e - - default default] Successfully bumped revision number for resource 8c6744ed-2c98-4434-b65b-3d753d053f22 (type: security_group_rules) to 0
2026-04-22 15:12:38.363 7 INFO neutron.db.ovn_revision_numbers_db [None req-6b7813b4-a59f-4d35-9706-2adc422bca35 a3060cd6347b4b92bf7e6ec3510ae04c 0d10bb8cfbff4b04b167a8ab392e404e - - default default] Successfully bumped revision number for resource e3dfa9ae-7973-4bdf-98c1-cfc096b2d803 (type: security_group_rules) to 0
2026-04-22 15:12:38.374 7 INFO neutron.db.ovn_revision_numbers_db [None req-6b7813b4-a59f-4d35-9706-2adc422bca35 a3060cd6347b4b92bf7e6ec3510ae04c 0d10bb8cfbff4b04b167a8ab392e404e - - default default] Successfully bumped revision number for resource f140eced-2cca-4a94-9904-6a494c3f2d31 (type: security_group_rules) to 0 [pid: 7|app: 0|req: 2008/3683] 10.0.0.248 () {32 vars in 774 bytes} [Wed Apr 22 15:12:38 2026] GET /v2.0/security-groups?tenant_id=c50a38f14b1c46e5b17b2aba8892678e&name=default => generated 2929 bytes in 227 msecs (HTTP/1.1 200) 4 headers in 158 bytes (1 switches on core 0) [pid: 8|app: 0|req: 1676/3684] 10.0.0.248 () {32 vars in 740 bytes} [Wed Apr 22 15:12:38 2026] DELETE /v2.0/security-groups/6f0e5c08-4a02-41e2-9039-b1006915961c => generated 0 bytes in 265 msecs (HTTP/1.1 204) 2 headers in 112 bytes (1 switches on core 0)
2026-04-22 15:12:38.961 7 INFO neutron.db.ovn_revision_numbers_db [None req-eb487fa3-dfd3-4ba0-9904-0ba4dd8e0203 a3060cd6347b4b92bf7e6ec3510ae04c 0d10bb8cfbff4b04b167a8ab392e404e - - default default] Successfully bumped revision number for resource 32c0cd52-91f0-46ed-91a8-0658cf058ca1 (type: security_groups) to 1
2026-04-22 15:12:38.973 7 INFO neutron.db.ovn_revision_numbers_db [None req-eb487fa3-dfd3-4ba0-9904-0ba4dd8e0203 a3060cd6347b4b92bf7e6ec3510ae04c 0d10bb8cfbff4b04b167a8ab392e404e - - default default] Successfully bumped revision number for resource 1464065d-e330-471c-9435-eafff976304f (type: security_group_rules) to 0
2026-04-22 15:12:38.984 7 INFO neutron.db.ovn_revision_numbers_db [None req-eb487fa3-dfd3-4ba0-9904-0ba4dd8e0203 a3060cd6347b4b92bf7e6ec3510ae04c 0d10bb8cfbff4b04b167a8ab392e404e - - default default] Successfully bumped revision number for resource 43d0c4d7-fbed-4a57-8f37-0d222a0d15b0 (type: security_group_rules) to 0
2026-04-22 15:12:38.995 7 INFO neutron.db.ovn_revision_numbers_db [None req-eb487fa3-dfd3-4ba0-9904-0ba4dd8e0203 a3060cd6347b4b92bf7e6ec3510ae04c 0d10bb8cfbff4b04b167a8ab392e404e - - default default] Successfully bumped revision number for resource ba7ad7eb-504d-4cdf-b9b3-22505736a918 (type: security_group_rules) to 0
2026-04-22 15:12:39.005 7 INFO neutron.db.ovn_revision_numbers_db [None req-eb487fa3-dfd3-4ba0-9904-0ba4dd8e0203 a3060cd6347b4b92bf7e6ec3510ae04c 0d10bb8cfbff4b04b167a8ab392e404e - - default default] Successfully bumped revision number for resource f4ef346e-3b92-41db-be4f-48962292f584 (type: security_group_rules) to 0 [pid: 7|app: 0|req: 2009/3685] 10.0.0.248 () {32 vars in 774 bytes} [Wed Apr 22 15:12:38 2026] GET /v2.0/security-groups?tenant_id=60f2c1843c4446afa1c27ff5575ebf0f&name=default => generated 2929 bytes in 241 msecs (HTTP/1.1 200) 4 headers in 158 bytes (1 switches on core 0) [pid: 8|app: 0|req: 1677/3686] 10.0.0.248 () {32 vars in 740 bytes} [Wed Apr 22 15:12:39 2026] DELETE /v2.0/security-groups/32c0cd52-91f0-46ed-91a8-0658cf058ca1 => generated 0 bytes in 255 msecs (HTTP/1.1 204) 2 headers in 112 bytes (1 switches on core 0)
2026-04-22 15:12:39.572 7 INFO neutron.db.ovn_revision_numbers_db [None req-036f4a0d-8cdc-4dfe-8bf9-6f6b739b92ed a3060cd6347b4b92bf7e6ec3510ae04c 0d10bb8cfbff4b04b167a8ab392e404e - - default default] Successfully bumped revision number for resource cdb62696-a9b2-41b7-be04-b2aee47567a5 (type: security_groups) to 1
2026-04-22 15:12:39.582 7 INFO neutron.db.ovn_revision_numbers_db [None req-036f4a0d-8cdc-4dfe-8bf9-6f6b739b92ed a3060cd6347b4b92bf7e6ec3510ae04c 0d10bb8cfbff4b04b167a8ab392e404e - - default default] Successfully bumped revision number for resource 5456042f-237b-4851-bed6-f8966bb90cd5 (type: security_group_rules) to 0
2026-04-22 15:12:39.591 7 INFO neutron.db.ovn_revision_numbers_db [None req-036f4a0d-8cdc-4dfe-8bf9-6f6b739b92ed a3060cd6347b4b92bf7e6ec3510ae04c 0d10bb8cfbff4b04b167a8ab392e404e - - default default] Successfully bumped revision number for resource 8c76a44f-19c7-455e-9694-84b0e7dfe766 (type: security_group_rules) to 0
2026-04-22 15:12:39.600 7 INFO neutron.db.ovn_revision_numbers_db [None req-036f4a0d-8cdc-4dfe-8bf9-6f6b739b92ed a3060cd6347b4b92bf7e6ec3510ae04c 0d10bb8cfbff4b04b167a8ab392e404e - - default default] Successfully bumped revision number for resource 96b9c1e2-9f92-4f41-9b4b-bcdae3335df9 (type: security_group_rules) to 0
2026-04-22 15:12:39.610 7 INFO neutron.db.ovn_revision_numbers_db [None req-036f4a0d-8cdc-4dfe-8bf9-6f6b739b92ed a3060cd6347b4b92bf7e6ec3510ae04c 0d10bb8cfbff4b04b167a8ab392e404e - - default default] Successfully bumped revision number for resource 9aa8116b-2a05-44bc-9fab-65649965a615 (type: security_group_rules) to 0 [pid: 7|app: 0|req: 2010/3687] 10.0.0.248 () {32 vars in 774 bytes} [Wed Apr 22 15:12:39 2026] GET /v2.0/security-groups?tenant_id=f97ea5c8ce8f4132be26334c7dab60e1&name=default => generated 2929 bytes in 228 msecs (HTTP/1.1 200) 4 headers in 158 bytes (1 switches on core 0) [pid: 8|app: 0|req: 1678/3688] 10.0.0.248 () {32 vars in 740 bytes} [Wed Apr 22 15:12:39 2026] DELETE /v2.0/security-groups/cdb62696-a9b2-41b7-be04-b2aee47567a5 => generated 0 bytes in 278 msecs (HTTP/1.1 204) 2 headers in 112 bytes (1 switches on core 0)
2026-04-22 15:12:40.193 7 INFO neutron.db.ovn_revision_numbers_db [None req-c2e0d00d-c2de-4a91-bade-a9b354eb6984 a3060cd6347b4b92bf7e6ec3510ae04c 0d10bb8cfbff4b04b167a8ab392e404e - - default default] Successfully bumped revision number for resource 797476e0-add5-40f6-9088-082b4970f640 (type: security_groups) to 1
2026-04-22 15:12:40.204 7 INFO neutron.db.ovn_revision_numbers_db [None req-c2e0d00d-c2de-4a91-bade-a9b354