2026-04-22 15:06:06.101 8 INFO neutron.services.segments.plugin [-] Segment f7625ea4-2b94-4dd3-b225-647a2920f1ac resource provider aggregate not found
2026-04-22 15:06:06.135 8 INFO neutron.services.segments.plugin [-] Segment f7625ea4-2b94-4dd3-b225-647a2920f1ac resource provider not found; error: Placement Client Error (4xx): {"errors": [{"status": 404, "title": "Not Found", "detail": "The resource could not be found.\n\n No resource provider with uuid f7625ea4-2b94-4dd3-b225-647a2920f1ac found for delete ", "request_id": "req-1f324b45-2f39-4e21-b8e4-aa6d30213308"}]}
2026-04-22 15:06:06.345 7 INFO neutron.db.ovn_revision_numbers_db [None req-b370a8ad-cb2d-4fe4-9acc-786910f07b83 a3060cd6347b4b92bf7e6ec3510ae04c 0d10bb8cfbff4b04b167a8ab392e404e - - default default] Successfully bumped revision number for resource ef106f9d-8736-42ac-bfe2-9c49c6d4278c (type: security_groups) to 1
2026-04-22 15:06:06.347 8 WARNING neutron.plugins.ml2.drivers.ovn.mech_driver.ovsdb.ovn_client [None req-0fc9fc70-c68b-4f1c-84c8-768d6851003b - - - - - -] No port found with ID 4b32c762-6c23-4871-a7dd-0a101750b443: RuntimeError: No port found with ID 4b32c762-6c23-4871-a7dd-0a101750b443
2026-04-22 15:06:06.365 7 INFO neutron.db.ovn_revision_numbers_db [None req-b370a8ad-cb2d-4fe4-9acc-786910f07b83 a3060cd6347b4b92bf7e6ec3510ae04c 0d10bb8cfbff4b04b167a8ab392e404e - - default default] Successfully bumped revision number for resource 2bb7f458-7b62-40ef-b3c4-89356f6b65ba (type: security_group_rules) to 0
2026-04-22 15:06:06.381 7 INFO neutron.db.ovn_revision_numbers_db [None req-b370a8ad-cb2d-4fe4-9acc-786910f07b83 a3060cd6347b4b92bf7e6ec3510ae04c 0d10bb8cfbff4b04b167a8ab392e404e - - default default] Successfully bumped revision number for resource 561d1738-0840-40d7-8e8f-ed42304c7458 (type: security_group_rules) to 0
2026-04-22 15:06:06.393 7 INFO neutron.db.ovn_revision_numbers_db [None req-b370a8ad-cb2d-4fe4-9acc-786910f07b83 a3060cd6347b4b92bf7e6ec3510ae04c 0d10bb8cfbff4b04b167a8ab392e404e - - default default] Successfully bumped revision number for resource 7f086a06-e3b4-4304-95a6-e4d8a483259d (type: security_group_rules) to 0
2026-04-22 15:06:06.408 7 INFO neutron.db.ovn_revision_numbers_db [None req-b370a8ad-cb2d-4fe4-9acc-786910f07b83 a3060cd6347b4b92bf7e6ec3510ae04c 0d10bb8cfbff4b04b167a8ab392e404e - - default default] Successfully bumped revision number for resource 9d807859-5d0d-48ef-9aff-30a913d781be (type: security_group_rules) to 0
2026-04-22 15:06:06.415 8 INFO neutron.plugins.ml2.drivers.ovn.mech_driver.mech_driver [None req-0fc9fc70-c68b-4f1c-84c8-768d6851003b - - - - - -] OVN reports status down for port: 639d741c-ff8a-4be1-9690-724737d9c46d [pid: 7|app: 0|req: 908/1631] 10.0.0.248 () {32 vars in 774 bytes} [Wed Apr 22 15:06:06 2026] GET /v2.0/security-groups?tenant_id=f1f7b0b794ae44db82e678d9351e563f&name=default => generated 2925 bytes in 352 msecs (HTTP/1.1 200) 4 headers in 158 bytes (1 switches on core 0)
2026-04-22 15:06:06.492 8 INFO neutron.plugins.ml2.drivers.ovn.mech_driver.mech_driver [None req-0fc9fc70-c68b-4f1c-84c8-768d6851003b - - - - - -] OVN reports status down for port: 91c07625-6231-4d13-a2d4-90b18a6c34eb
2026-04-22 15:06:06.512 8 INFO neutron.plugins.ml2.drivers.ovn.mech_driver.mech_driver [None req-0fc9fc70-c68b-4f1c-84c8-768d6851003b - - - - - -] OVN reports status down for port: 74b7bc25-e522-4574-92d5-3fb56973beae
2026-04-22 15:06:06.537 8 INFO neutron.plugins.ml2.drivers.ovn.mech_driver.mech_driver [None req-0fc9fc70-c68b-4f1c-84c8-768d6851003b - - - - - -] OVN reports status down for port: cb976823-efbc-4509-89e1-2860903448a8
2026-04-22 15:06:06.578 8 INFO neutron.plugins.ml2.drivers.ovn.mech_driver.mech_driver [None req-0fc9fc70-c68b-4f1c-84c8-768d6851003b - - - - - -] OVN reports status down for port: 9cab3298-0253-4f2b-9828-0b2ed194f786 [pid: 7|app: 0|req: 909/1632] 10.0.0.248 () {32 vars in 740 bytes} [Wed Apr 22 15:06:06 2026] DELETE /v2.0/security-groups/d7f7ad5a-5c4c-4932-a8b2-4e9656c2375e => generated 0 bytes in 313 msecs (HTTP/1.1 204) 2 headers in 112 bytes (1 switches on core 0) [pid: 7|app: 0|req: 910/1633] 10.0.0.248 () {32 vars in 740 bytes} [Wed Apr 22 15:06:06 2026] DELETE /v2.0/security-groups/ef106f9d-8736-42ac-bfe2-9c49c6d4278c => generated 0 bytes in 271 msecs (HTTP/1.1 204) 2 headers in 112 bytes (1 switches on core 0) [pid: 7|app: 0|req: 911/1634] 10.0.0.154 () {34 vars in 990 bytes} [Wed Apr 22 15:06:07 2026] GET /v2.0/ports?device_id=2fd43d8e-feb5-4166-b847-80ac9aa2ccf4 => generated 975 bytes in 99 msecs (HTTP/1.1 200) 4 headers in 157 bytes (1 switches on core 0) [pid: 7|app: 0|req: 912/1635] 10.0.0.154 () {34 vars in 1040 bytes} [Wed Apr 22 15:06:07 2026] GET /v2.0/security-groups?id=68808e3f-2613-4595-b28e-ccdd8b798ff4&fields=id&fields=name => generated 114 bytes in 28 msecs (HTTP/1.1 200) 4 headers in 157 bytes (1 switches on core 0)
2026-04-22 15:06:07.342 7 INFO neutron.db.ovn_revision_numbers_db [None req-9f6aade2-5107-4e06-b816-f513f599f57d a3060cd6347b4b92bf7e6ec3510ae04c 0d10bb8cfbff4b04b167a8ab392e404e - - default default] Successfully bumped revision number for resource 43b26289-0929-43ae-9aae-438affb62ef8 (type: security_groups) to 1
2026-04-22 15:06:07.355 7 INFO neutron.db.ovn_revision_numbers_db [None req-9f6aade2-5107-4e06-b816-f513f599f57d a3060cd6347b4b92bf7e6ec3510ae04c 0d10bb8cfbff4b04b167a8ab392e404e - - default default] Successfully bumped revision number for resource 40740013-19c1-40cc-8e3d-fd383a4ace87 (type: security_group_rules) to 0
2026-04-22 15:06:07.366 7 INFO neutron.db.ovn_revision_numbers_db [None req-9f6aade2-5107-4e06-b816-f513f599f57d a3060cd6347b4b92bf7e6ec3510ae04c 0d10bb8cfbff4b04b167a8ab392e404e - - default default] Successfully bumped revision number for resource 826e2187-27a1-4fb5-849e-fe60170493dc (type: security_group_rules) to 0
2026-04-22 15:06:07.377 7 INFO neutron.db.ovn_revision_numbers_db [None req-9f6aade2-5107-4e06-b816-f513f599f57d a3060cd6347b4b92bf7e6ec3510ae04c 0d10bb8cfbff4b04b167a8ab392e404e - - default default] Successfully bumped revision number for resource c5d3a019-f444-45cc-b9b1-dde8af851422 (type: security_group_rules) to 0
2026-04-22 15:06:07.388 7 INFO neutron.db.ovn_revision_numbers_db [None req-9f6aade2-5107-4e06-b816-f513f599f57d a3060cd6347b4b92bf7e6ec3510ae04c 0d10bb8cfbff4b04b167a8ab392e404e - - default default] Successfully bumped revision number for resource dc99ec19-4c55-4905-8d02-5fd4f5874470 (type: security_group_rules) to 0 [pid: 7|app: 0|req: 913/1636] 10.0.0.248 () {32 vars in 774 bytes} [Wed Apr 22 15:06:07 2026] GET /v2.0/security-groups?tenant_id=69a6aee8852c47f7a6c87a4344bfb7de&name=default => generated 2925 bytes in 228 msecs (HTTP/1.1 200) 4 headers in 158 bytes (1 switches on core 0)
2026-04-22 15:06:07.438 8 INFO neutron.plugins.ml2.drivers.ovn.mech_driver.mech_driver [None req-0fc9fc70-c68b-4f1c-84c8-768d6851003b - - - - - -] OVN reports status down for port: f67e786d-a211-412d-9bb8-bd24b01c8fdf
2026-04-22 15:06:07.450 8 INFO neutron.plugins.ml2.drivers.ovn.mech_driver.mech_driver [None req-0fc9fc70-c68b-4f1c-84c8-768d6851003b - - - - - -] OVN reports status down for port: 1f57e1c2-0292-4a97-877a-f878a8ac52a8
2026-04-22 15:06:07.605 8 INFO neutron.plugins.ml2.drivers.ovn.mech_driver.mech_driver [None req-0fc9fc70-c68b-4f1c-84c8-768d6851003b - - - - - -] OVN reports status down for port: 0b9fcddf-bc13-44de-88f0-3b0336167365 [pid: 7|app: 0|req: 914/1637] 10.0.0.248 () {32 vars in 740 bytes} [Wed Apr 22 15:06:07 2026] DELETE /v2.0/security-groups/43b26289-0929-43ae-9aae-438affb62ef8 => generated 0 bytes in 278 msecs (HTTP/1.1 204) 2 headers in 112 bytes (1 switches on core 0)
2026-04-22 15:06:07.747 8 WARNING neutron.plugins.ml2.drivers.ovn.mech_driver.ovsdb.ovn_client [None req-0fc9fc70-c68b-4f1c-84c8-768d6851003b - - - - - -] Logical_Switch_Port %s host information not removed, the port state is up
2026-04-22 15:06:07.748 8 INFO neutron.plugins.ml2.drivers.ovn.mech_driver.mech_driver [None req-0fc9fc70-c68b-4f1c-84c8-768d6851003b - - - - - -] OVN reports status up for port: 0b9fcddf-bc13-44de-88f0-3b0336167365
2026-04-22 15:06:07.766 8 INFO neutron.plugins.ml2.plugin [None req-0fc9fc70-c68b-4f1c-84c8-768d6851003b - - - - - -] Attempt 1 to provision port 0b9fcddf-bc13-44de-88f0-3b0336167365
2026-04-22 15:06:07.768 8 WARNING neutron.scheduler.dhcp_agent_scheduler [None req-25a26498-343e-4927-b991-50437a003f3a 4140db5f51ca4723855722375f4eb0a3 b69d43d44d8c496e977886891463df41 - - default default] No more DHCP agents
2026-04-22 15:06:07.770 8 WARNING neutron.api.rpc.agentnotifiers.dhcp_rpc_agent_api [None req-25a26498-343e-4927-b991-50437a003f3a 4140db5f51ca4723855722375f4eb0a3 b69d43d44d8c496e977886891463df41 - - default default] Unable to schedule network d43e6b93-52c4-4b7f-b124-6a73aa31171a: no agents available; will retry on subsequent port and subnet creation events.
2026-04-22 15:06:08.231 8 INFO neutron.db.ovn_revision_numbers_db [None req-25a26498-343e-4927-b991-50437a003f3a 4140db5f51ca4723855722375f4eb0a3 b69d43d44d8c496e977886891463df41 - - default default] Successfully bumped revision number for resource 0b9fcddf-bc13-44de-88f0-3b0336167365 (type: router_ports) to 2 [pid: 8|app: 0|req: 724/1638] 10.0.0.248 () {34 vars in 783 bytes} [Wed Apr 22 15:06:05 2026] PUT /v2.0/routers/d04ad037-0d26-4696-a395-a7e9c542eb57/add_router_interface => generated 309 bytes in 2776 msecs (HTTP/1.1 200) 4 headers in 157 bytes (1 switches on core 0) /var/lib/openstack/lib/python3.12/site-packages/pycadf/identifier.py:70: UserWarning: Invalid uuid: neutron. To ensure interoperability, identifiers should be a valid uuid. warnings.warn(('Invalid uuid: %s. To ensure interoperability, ' [pid: 7|app: 0|req: 915/1639] 10.0.0.248 () {32 vars in 717 bytes} [Wed Apr 22 15:06:08 2026] GET /v2.0/ports/0b9fcddf-bc13-44de-88f0-3b0336167365 => generated 1025 bytes in 51 msecs (HTTP/1.1 200) 4 headers in 158 bytes (1 switches on core 0) [pid: 8|app: 0|req: 725/1640] 10.0.0.154 () {34 vars in 990 bytes} [Wed Apr 22 15:06:08 2026] GET /v2.0/ports?device_id=2fd43d8e-feb5-4166-b847-80ac9aa2ccf4 => generated 975 bytes in 161 msecs (HTTP/1.1 200) 4 headers in 157 bytes (1 switches on core 0) [pid: 8|app: 0|req: 726/1641] 10.0.0.154 () {34 vars in 1040 bytes} [Wed Apr 22 15:06:08 2026] GET /v2.0/security-groups?id=68808e3f-2613-4595-b28e-ccdd8b798ff4&fields=id&fields=name => generated 114 bytes in 70 msecs (HTTP/1.1 200) 4 headers in 157 bytes (1 switches on core 0)
2026-04-22 15:06:08.516 8 INFO neutron.db.ovn_revision_numbers_db [None req-0fc9fc70-c68b-4f1c-84c8-768d6851003b - - - - - -] Successfully bumped revision number for resource 0b9fcddf-bc13-44de-88f0-3b0336167365 (type: ports) to 3
2026-04-22 15:06:08.634 7 INFO neutron_taas.services.taas.taas_plugin [None req-cb58114f-021c-41ae-beec-e6a7283a17f7 4140db5f51ca4723855722375f4eb0a3 b69d43d44d8c496e977886891463df41 - - default default] TaaS: Handle Delete Port: 0b9fcddf-bc13-44de-88f0-3b0336167365
2026-04-22 15:06:08.638 7 INFO neutron_taas.services.taas.tap_mirror_plugin [None req-cb58114f-021c-41ae-beec-e6a7283a17f7 4140db5f51ca4723855722375f4eb0a3 b69d43d44d8c496e977886891463df41 - - default default] Tap Mirror: Handle Delete Port: 0b9fcddf-bc13-44de-88f0-3b0336167365 /var/lib/openstack/lib/python3.12/site-packages/pycadf/identifier.py:70: UserWarning: Invalid uuid: neutron. To ensure interoperability, identifiers should be a valid uuid. warnings.warn(('Invalid uuid: %s. To ensure interoperability, '
2026-04-22 15:06:08.936 8 INFO neutron.db.ovn_revision_numbers_db [None req-e018eb8d-0ba0-4dc7-91f0-4467f765b8dd a3637f1ec1bb403483d784f9875e7bbb 6374cfe4abdf4bb2815baf525a1168de - - default default] Successfully bumped revision number for resource 1d3d11bb-0a08-4309-8be1-38940edc1fa3 (type: security_groups) to 1
2026-04-22 15:06:08.949 8 INFO neutron.db.ovn_revision_numbers_db [None req-e018eb8d-0ba0-4dc7-91f0-4467f765b8dd a3637f1ec1bb403483d784f9875e7bbb 6374cfe4abdf4bb2815baf525a1168de - - default default] Successfully bumped revision number for resource 1b091bdc-950a-49c8-b5df-e2549610a263 (type: security_group_rules) to 0
2026-04-22 15:06:08.966 8 INFO neutron.db.ovn_revision_numbers_db [None req-e018eb8d-0ba0-4dc7-91f0-4467f765b8dd a3637f1ec1bb403483d784f9875e7bbb 6374cfe4abdf4bb2815baf525a1168de - - default default] Successfully bumped revision number for resource 9b3bd24b-c34a-4274-aa8a-ded0f2440917 (type: security_group_rules) to 0
2026-04-22 15:06:08.979 8 INFO neutron.db.ovn_revision_numbers_db [None req-e018eb8d-0ba0-4dc7-91f0-4467f765b8dd a3637f1ec1bb403483d784f9875e7bbb 6374cfe4abdf4bb2815baf525a1168de - - default default] Successfully bumped revision number for resource b7fda001-bdde-4181-85d8-905173e4b0e2 (type: security_group_rules) to 0
2026-04-22 15:06:08.991 8 INFO neutron.db.ovn_revision_numbers_db [None req-e018eb8d-0ba0-4dc7-91f0-4467f765b8dd a3637f1ec1bb403483d784f9875e7bbb 6374cfe4abdf4bb2815baf525a1168de - - default default] Successfully bumped revision number for resource bfbdedec-1f11-427b-baf4-29381d997a34 (type: security_group_rules) to 0 [pid: 7|app: 0|req: 916/1642] 10.0.0.248 () {34 vars in 789 bytes} [Wed Apr 22 15:06:08 2026] PUT /v2.0/routers/d04ad037-0d26-4696-a395-a7e9c542eb57/remove_router_interface => generated 309 bytes in 733 msecs (HTTP/1.1 200) 4 headers in 157 bytes (1 switches on core 0) /var/lib/openstack/lib/python3.12/site-packages/pycadf/identifier.py:70: UserWarning: Invalid uuid: neutron. To ensure interoperability, identifiers should be a valid uuid. warnings.warn(('Invalid uuid: %s. To ensure interoperability, '
2026-04-22 15:06:09.086 8 INFO neutron.db.segments_db [None req-e018eb8d-0ba0-4dc7-91f0-4467f765b8dd a3637f1ec1bb403483d784f9875e7bbb 6374cfe4abdf4bb2815baf525a1168de - - default default] Added segment 7590682e-e4d1-4e31-bdf9-d6f9c89f3198 of type geneve for network 33284464-f3d6-4aed-a618-cdd9edd8fdac
2026-04-22 15:06:09.099 7 INFO neutron.api.v2.resource [None req-0f7908be-0718-40ea-9482-6010fc7a6ce6 4140db5f51ca4723855722375f4eb0a3 b69d43d44d8c496e977886891463df41 - - default default] remove_router_interface failed (client error): The resource could not be found. [pid: 7|app: 0|req: 917/1643] 10.0.0.248 () {34 vars in 789 bytes} [Wed Apr 22 15:06:09 2026] PUT /v2.0/routers/d04ad037-0d26-4696-a395-a7e9c542eb57/remove_router_interface => generated 197 bytes in 60 msecs (HTTP/1.1 404) 4 headers in 164 bytes (1 switches on core 0) [pid: 7|app: 0|req: 918/1644] 10.0.0.248 () {32 vars in 736 bytes} [Wed Apr 22 15:06:09 2026] GET /v2.0/ports?device_id=d04ad037-0d26-4696-a395-a7e9c542eb57 => generated 12 bytes in 21 msecs (HTTP/1.1 200) 4 headers in 156 bytes (1 switches on core 0)
2026-04-22 15:06:09.204 8 INFO neutron.db.ovn_revision_numbers_db [None req-e018eb8d-0ba0-4dc7-91f0-4467f765b8dd a3637f1ec1bb403483d784f9875e7bbb 6374cfe4abdf4bb2815baf525a1168de - - default default] Successfully bumped revision number for resource 33284464-f3d6-4aed-a618-cdd9edd8fdac (type: networks) to 1 [pid: 7|app: 0|req: 919/1645] 10.0.0.248 () {32 vars in 724 bytes} [Wed Apr 22 15:06:09 2026] DELETE /v2.0/routers/d04ad037-0d26-4696-a395-a7e9c542eb57 => generated 0 bytes in 215 msecs (HTTP/1.1 204) 2 headers in 112 bytes (1 switches on core 0)
2026-04-22 15:06:09.374 8 WARNING neutron.scheduler.dhcp_agent_scheduler [None req-e018eb8d-0ba0-4dc7-91f0-4467f765b8dd a3637f1ec1bb403483d784f9875e7bbb 6374cfe4abdf4bb2815baf525a1168de - - default default] No more DHCP agents
2026-04-22 15:06:09.375 8 WARNING neutron.api.rpc.agentnotifiers.dhcp_rpc_agent_api [None req-e018eb8d-0ba0-4dc7-91f0-4467f765b8dd a3637f1ec1bb403483d784f9875e7bbb 6374cfe4abdf4bb2815baf525a1168de - - default default] Unable to schedule network 33284464-f3d6-4aed-a618-cdd9edd8fdac: no agents available; will retry on subsequent port and subnet creation events. [pid: 7|app: 0|req: 920/1646] 199.19.213.10 () {34 vars in 993 bytes} [Wed Apr 22 15:06:09 2026] GET /v2.0/ports?device_id=2fd43d8e-feb5-4166-b847-80ac9aa2ccf4 => generated 975 bytes in 34 msecs (HTTP/1.1 200) 4 headers in 157 bytes (1 switches on core 0)
2026-04-22 15:06:09.480 8 INFO neutron.db.ovn_revision_numbers_db [None req-e018eb8d-0ba0-4dc7-91f0-4467f765b8dd a3637f1ec1bb403483d784f9875e7bbb 6374cfe4abdf4bb2815baf525a1168de - - default default] Successfully bumped revision number for resource 0ebb76bc-0495-4c29-9ced-9a9c303a5afc (type: ports) to 1 [pid: 8|app: 0|req: 727/1647] 10.0.0.248 () {34 vars in 670 bytes} [Wed Apr 22 15:06:08 2026] POST /v2.0/networks => generated 663 bytes in 971 msecs (HTTP/1.1 201) 4 headers in 162 bytes (1 switches on core 0) [pid: 7|app: 0|req: 921/1648] 10.0.0.248 () {32 vars in 724 bytes} [Wed Apr 22 15:06:09 2026] DELETE /v2.0/subnets/f21fa7af-f884-46b5-a8bd-dfcd2b0c417f => generated 0 bytes in 176 msecs (HTTP/1.1 204) 3 headers in 131 bytes (1 switches on core 0)
2026-04-22 15:06:09.619 8 INFO neutron_taas.services.taas.taas_plugin [req-a3c2f0e9-1770-4a58-a70d-6c82e1ffc12e req-678bedd5-3620-4b4a-be8e-0eca582c724c d040672a11e641cbb17ffada537dbcff b2fa960170ad4605bcb63fd63f05e8d0 - - default default] TaaS: Handle Delete Port: f2902819-8641-4678-828a-166d8deeaf98
2026-04-22 15:06:09.622 8 INFO neutron_taas.services.taas.tap_mirror_plugin [req-a3c2f0e9-1770-4a58-a70d-6c82e1ffc12e req-678bedd5-3620-4b4a-be8e-0eca582c724c d040672a11e641cbb17ffada537dbcff b2fa960170ad4605bcb63fd63f05e8d0 - - default default] Tap Mirror: Handle Delete Port: f2902819-8641-4678-828a-166d8deeaf98
2026-04-22 15:06:09.733 7 WARNING neutron.scheduler.dhcp_agent_scheduler [None req-b115836d-8197-4614-82b1-5c29d30afdc4 a3637f1ec1bb403483d784f9875e7bbb 6374cfe4abdf4bb2815baf525a1168de - - default default] No more DHCP agents
2026-04-22 15:06:09.735 7 WARNING neutron.api.rpc.agentnotifiers.dhcp_rpc_agent_api [None req-b115836d-8197-4614-82b1-5c29d30afdc4 a3637f1ec1bb403483d784f9875e7bbb 6374cfe4abdf4bb2815baf525a1168de - - default default] Unable to schedule network 33284464-f3d6-4aed-a618-cdd9edd8fdac: no agents available; will retry on subsequent port and subnet creation events.
2026-04-22 15:06:09.815 8 INFO neutron.db.l3_db [req-a3c2f0e9-1770-4a58-a70d-6c82e1ffc12e req-678bedd5-3620-4b4a-be8e-0eca582c724c d040672a11e641cbb17ffada537dbcff b2fa960170ad4605bcb63fd63f05e8d0 - - default default] Floating IP f3fc3d81-d541-4776-b5e0-551807c3e0c6 disassociated. External IP: 10.96.250.203, port: f2902819-8641-4678-828a-166d8deeaf98. [pid: 8|app: 0|req: 728/1649] 199.19.213.10 () {36 vars in 996 bytes} [Wed Apr 22 15:06:09 2026] DELETE /v2.0/ports/f2902819-8641-4678-828a-166d8deeaf98 => generated 0 bytes in 473 msecs (HTTP/1.1 204) 3 headers in 131 bytes (1 switches on core 0) [pid: 8|app: 0|req: 729/1650] 10.0.0.154 () {34 vars in 990 bytes} [Wed Apr 22 15:06:09 2026] GET /v2.0/ports?device_id=2fd43d8e-feb5-4166-b847-80ac9aa2ccf4 => generated 12 bytes in 17 msecs (HTTP/1.1 200) 4 headers in 156 bytes (1 switches on core 0)
2026-04-22 15:06:10.009 8 INFO neutron.notifiers.nova [-] Nova event matching ['req-e174ea31-917a-478d-87b6-57a737618529'] response: {'server_uuid': '2fd43d8e-feb5-4166-b847-80ac9aa2ccf4', 'name': 'network-vif-deleted', 'tag': 'f2902819-8641-4678-828a-166d8deeaf98', 'status': 'completed', 'code': 200}
2026-04-22 15:06:10.099 8 INFO neutron_taas.services.taas.taas_plugin [None req-538965a1-1c85-4827-985d-a4e62aeaf43e 4140db5f51ca4723855722375f4eb0a3 b69d43d44d8c496e977886891463df41 - - default default] TaaS: Handle Delete Port: 1f57e1c2-0292-4a97-877a-f878a8ac52a8
2026-04-22 15:06:10.101 8 INFO neutron_taas.services.taas.tap_mirror_plugin [None req-538965a1-1c85-4827-985d-a4e62aeaf43e 4140db5f51ca4723855722375f4eb0a3 b69d43d44d8c496e977886891463df41 - - default default] Tap Mirror: Handle Delete Port: 1f57e1c2-0292-4a97-877a-f878a8ac52a8
2026-04-22 15:06:10.318 8 INFO neutron.services.segments.plugin [-] Segment 98b248bb-99de-4dbc-9a22-f4fb0c26a185 resource provider aggregate not found
2026-04-22 15:06:10.325 8 INFO neutron.services.segments.plugin [-] Segment 98b248bb-99de-4dbc-9a22-f4fb0c26a185 resource provider aggregate not found
2026-04-22 15:06:10.345 8 INFO neutron.services.segments.plugin [-] Segment 98b248bb-99de-4dbc-9a22-f4fb0c26a185 resource provider not found; error: Placement Client Error (4xx): {"errors": [{"status": 404, "title": "Not Found", "detail": "The resource could not be found.\n\n No resource provider with uuid 98b248bb-99de-4dbc-9a22-f4fb0c26a185 found for delete ", "request_id": "req-004f559d-a43b-4d55-8cd9-d935c7e887f6"}]}
2026-04-22 15:06:10.356 8 INFO neutron.services.segments.plugin [-] Segment 98b248bb-99de-4dbc-9a22-f4fb0c26a185 resource provider not found; error: Placement Client Error (4xx): {"errors": [{"status": 404, "title": "Not Found", "detail": "The resource could not be found.\n\n No resource provider with uuid 98b248bb-99de-4dbc-9a22-f4fb0c26a185 found for delete ", "request_id": "req-ce8d0670-49d4-4faf-9f69-1fbd654cd621"}]}
2026-04-22 15:06:10.374 7 INFO neutron.db.ovn_revision_numbers_db [None req-4dc8aca5-b060-47a4-9720-34e1013aec94 - - - - - -] Successfully bumped revision number for resource 0ebb76bc-0495-4c29-9ced-9a9c303a5afc (type: ports) to 2
2026-04-22 15:06:10.423 7 INFO neutron.db.ovn_revision_numbers_db [None req-4dc8aca5-b060-47a4-9720-34e1013aec94 - - - - - -] Successfully bumped revision number for resource 0ae0f403-aa0f-469e-94a8-0aa5da142f8c (type: subnets) to 0 [pid: 8|app: 0|req: 730/1651] 10.0.0.248 () {32 vars in 726 bytes} [Wed Apr 22 15:06:09 2026] DELETE /v2.0/networks/d43e6b93-52c4-4b7f-b124-6a73aa31171a => generated 0 bytes in 430 msecs (HTTP/1.1 204) 3 headers in 131 bytes (1 switches on core 0) [pid: 7|app: 0|req: 922/1652] 10.0.0.248 () {34 vars in 669 bytes} [Wed Apr 22 15:06:09 2026] POST /v2.0/subnets => generated 641 bytes in 883 msecs (HTTP/1.1 201) 4 headers in 162 bytes (1 switches on core 0)
2026-04-22 15:06:10.522 8 INFO neutron.db.segments_db [None req-a7dc8ebe-5888-4d67-9736-5f2d954d6baf 4140db5f51ca4723855722375f4eb0a3 b69d43d44d8c496e977886891463df41 - - default default] Added segment b024c629-db8f-4108-9d51-4eb17f0c6d16 of type geneve for network 55d234af-02ac-4f9d-afe8-ce535139d650
2026-04-22 15:06:10.532 7 INFO neutron.db.segments_db [None req-e89d9625-2aa4-425d-800d-4f6ee9c490dd a3637f1ec1bb403483d784f9875e7bbb 6374cfe4abdf4bb2815baf525a1168de - - default default] Added segment 7b052683-0a4f-4e9c-9d19-70cacab871e8 of type geneve for network d2f43aa5-2fc0-424b-849e-04431e70ed10
2026-04-22 15:06:10.659 7 INFO neutron.db.ovn_revision_numbers_db [None req-e89d9625-2aa4-425d-800d-4f6ee9c490dd a3637f1ec1bb403483d784f9875e7bbb 6374cfe4abdf4bb2815baf525a1168de - - default default] Successfully bumped revision number for resource d2f43aa5-2fc0-424b-849e-04431e70ed10 (type: networks) to 1
2026-04-22 15:06:10.663 8 INFO neutron.db.ovn_revision_numbers_db [None req-a7dc8ebe-5888-4d67-9736-5f2d954d6baf 4140db5f51ca4723855722375f4eb0a3 b69d43d44d8c496e977886891463df41 - - default default] Successfully bumped revision number for resource 55d234af-02ac-4f9d-afe8-ce535139d650 (type: networks) to 1
2026-04-22 15:06:10.845 7 WARNING neutron.scheduler.dhcp_agent_scheduler [None req-e89d9625-2aa4-425d-800d-4f6ee9c490dd a3637f1ec1bb403483d784f9875e7bbb 6374cfe4abdf4bb2815baf525a1168de - - default default] No more DHCP agents
2026-04-22 15:06:10.846 7 WARNING neutron.api.rpc.agentnotifiers.dhcp_rpc_agent_api [None req-e89d9625-2aa4-425d-800d-4f6ee9c490dd a3637f1ec1bb403483d784f9875e7bbb 6374cfe4abdf4bb2815baf525a1168de - - default default] Unable to schedule network d2f43aa5-2fc0-424b-849e-04431e70ed10: no agents available; will retry on subsequent port and subnet creation events.
2026-04-22 15:06:10.862 8 WARNING neutron.scheduler.dhcp_agent_scheduler [None req-a7dc8ebe-5888-4d67-9736-5f2d954d6baf 4140db5f51ca4723855722375f4eb0a3 b69d43d44d8c496e977886891463df41 - - default default] No more DHCP agents
2026-04-22 15:06:10.863 8 WARNING neutron.api.rpc.agentnotifiers.dhcp_rpc_agent_api [None req-a7dc8ebe-5888-4d67-9736-5f2d954d6baf 4140db5f51ca4723855722375f4eb0a3 b69d43d44d8c496e977886891463df41 - - default default] Unable to schedule network 55d234af-02ac-4f9d-afe8-ce535139d650: no agents available; will retry on subsequent port and subnet creation events.
2026-04-22 15:06:10.985 7 INFO neutron.db.ovn_revision_numbers_db [None req-e89d9625-2aa4-425d-800d-4f6ee9c490dd a3637f1ec1bb403483d784f9875e7bbb 6374cfe4abdf4bb2815baf525a1168de - - default default] Successfully bumped revision number for resource a8762fec-e62f-494e-be54-3bdf1677dd07 (type: ports) to 1 [pid: 7|app: 0|req: 923/1653] 10.0.0.248 () {34 vars in 670 bytes} [Wed Apr 22 15:06:10 2026] POST /v2.0/networks => generated 662 bytes in 569 msecs (HTTP/1.1 201) 4 headers in 162 bytes (1 switches on core 0)
2026-04-22 15:06:11.071 8 INFO neutron.db.ovn_revision_numbers_db [None req-a7dc8ebe-5888-4d67-9736-5f2d954d6baf 4140db5f51ca4723855722375f4eb0a3 b69d43d44d8c496e977886891463df41 - - default default] Successfully bumped revision number for resource e3d65cf0-8e15-48fa-8d22-45038a114162 (type: ports) to 1 [pid: 8|app: 0|req: 731/1654] 10.0.0.248 () {34 vars in 670 bytes} [Wed Apr 22 15:06:10 2026] POST /v2.0/networks => generated 652 bytes in 668 msecs (HTTP/1.1 201) 4 headers in 162 bytes (1 switches on core 0) [pid: 8|app: 0|req: 732/1655] 10.0.0.154 () {34 vars in 990 bytes} [Wed Apr 22 15:06:11 2026] GET /v2.0/ports?device_id=2fd43d8e-feb5-4166-b847-80ac9aa2ccf4 => generated 12 bytes in 19 msecs (HTTP/1.1 200) 4 headers in 156 bytes (1 switches on core 0)
2026-04-22 15:06:11.204 7 INFO neutron.db.ovn_revision_numbers_db [None req-9dfec187-6867-40d2-81a2-b0f331ac3214 a3637f1ec1bb403483d784f9875e7bbb 6374cfe4abdf4bb2815baf525a1168de - - default default] Successfully bumped revision number for resource d2f43aa5-2fc0-424b-849e-04431e70ed10 (type: networks) to 2 [pid: 7|app: 0|req: 924/1656] 10.0.0.248 () {34 vars in 743 bytes} [Wed Apr 22 15:06:11 2026] PUT /v2.0/networks/d2f43aa5-2fc0-424b-849e-04431e70ed10 => generated 636 bytes in 186 msecs (HTTP/1.1 200) 4 headers in 157 bytes (1 switches on core 0)
2026-04-22 15:06:11.336 8 WARNING neutron.scheduler.dhcp_agent_scheduler [None req-1f6cf421-cef2-4ef0-abfc-771c6d7bdbb4 4140db5f51ca4723855722375f4eb0a3 b69d43d44d8c496e977886891463df41 - - default default] No more DHCP agents
2026-04-22 15:06:11.337 8 WARNING neutron.api.rpc.agentnotifiers.dhcp_rpc_agent_api [None req-1f6cf421-cef2-4ef0-abfc-771c6d7bdbb4 4140db5f51ca4723855722375f4eb0a3 b69d43d44d8c496e977886891463df41 - - default default] Unable to schedule network 55d234af-02ac-4f9d-afe8-ce535139d650: no agents available; will retry on subsequent port and subnet creation events.
2026-04-22 15:06:11.383 8 INFO neutron.db.ovn_revision_numbers_db [None req-1f6cf421-cef2-4ef0-abfc-771c6d7bdbb4 4140db5f51ca4723855722375f4eb0a3 b69d43d44d8c496e977886891463df41 - - default default] Successfully bumped revision number for resource 3794e5df-3370-4822-b31f-63e4b1dba05e (type: subnets) to 0 [pid: 8|app: 0|req: 733/1657] 10.0.0.248 () {34 vars in 669 bytes} [Wed Apr 22 15:06:11 2026] POST /v2.0/subnets => generated 646 bytes in 282 msecs (HTTP/1.1 201) 4 headers in 162 bytes (1 switches on core 0)
2026-04-22 15:06:11.416 7 WARNING neutron.scheduler.dhcp_agent_scheduler [None req-305f5c6c-77cf-4dbf-bb7f-7055f07c2f53 a3637f1ec1bb403483d784f9875e7bbb 6374cfe4abdf4bb2815baf525a1168de - - default default] No more DHCP agents
2026-04-22 15:06:11.417 7 WARNING neutron.api.rpc.agentnotifiers.dhcp_rpc_agent_api [None req-305f5c6c-77cf-4dbf-bb7f-7055f07c2f53 a3637f1ec1bb403483d784f9875e7bbb 6374cfe4abdf4bb2815baf525a1168de - - default default] Unable to schedule network d2f43aa5-2fc0-424b-849e-04431e70ed10: no agents available; will retry on subsequent port and subnet creation events.
2026-04-22 15:06:11.544 8 INFO neutron.db.ovn_revision_numbers_db [None req-7acac166-12be-4a8e-af6b-5cc7541aa1fe 4140db5f51ca4723855722375f4eb0a3 b69d43d44d8c496e977886891463df41 - - default default] Successfully bumped revision number for resource abdaf97c-6f82-419a-b01d-6fd452cc0752 (type: routers) to 1 [pid: 8|app: 0|req: 734/1658] 10.0.0.248 () {34 vars in 669 bytes} [Wed Apr 22 15:06:11 2026] POST /v2.0/routers => generated 607 bytes in 158 msecs (HTTP/1.1 201) 4 headers in 162 bytes (1 switches on core 0)
2026-04-22 15:06:11.867 7 INFO neutron.db.ovn_revision_numbers_db [None req-3c49f272-c50c-4ce6-8e37-c026f11c2642 - - - - - -] Successfully bumped revision number for resource a8762fec-e62f-494e-be54-3bdf1677dd07 (type: ports) to 2
2026-04-22 15:06:11.891 7 INFO neutron.db.ovn_revision_numbers_db [None req-3c49f272-c50c-4ce6-8e37-c026f11c2642 - - - - - -] Successfully bumped revision number for resource d092551b-d9ff-4e7b-82d0-a77d871f2b0e (type: subnets) to 0 [pid: 7|app: 0|req: 925/1659] 10.0.0.248 () {34 vars in 669 bytes} [Wed Apr 22 15:06:11 2026] POST /v2.0/subnets => generated 626 bytes in 690 msecs (HTTP/1.1 201) 4 headers in 162 bytes (1 switches on core 0)
2026-04-22 15:06:11.932 8 WARNING neutron.scheduler.dhcp_agent_scheduler [None req-46dcfb2a-27e0-42fb-aa50-35088d47204a 4140db5f51ca4723855722375f4eb0a3 b69d43d44d8c496e977886891463df41 - - default default] No more DHCP agents
2026-04-22 15:06:11.933 8 WARNING neutron.api.rpc.agentnotifiers.dhcp_rpc_agent_api [None req-46dcfb2a-27e0-42fb-aa50-35088d47204a 4140db5f51ca4723855722375f4eb0a3 b69d43d44d8c496e977886891463df41 - - default default] Unable to schedule network 55d234af-02ac-4f9d-afe8-ce535139d650: no agents available; will retry on subsequent port and subnet creation events.
2026-04-22 15:06:12.076 8 INFO neutron.db.ovn_revision_numbers_db [None req-46dcfb2a-27e0-42fb-aa50-35088d47204a 4140db5f51ca4723855722375f4eb0a3 b69d43d44d8c496e977886891463df41 - - default default] Successfully bumped revision number for resource 6f62cd71-b473-45d8-b08a-4505e70115dd (type: ports) to 1
2026-04-22 15:06:12.192 7 INFO neutron.db.ovn_revision_numbers_db [None req-3bf58e4f-264d-4c22-8b6b-d68cd7ea3981 a3637f1ec1bb403483d784f9875e7bbb 6374cfe4abdf4bb2815baf525a1168de - - default default] Successfully bumped revision number for resource d092551b-d9ff-4e7b-82d0-a77d871f2b0e (type: subnets) to 1 [pid: 7|app: 0|req: 926/1660] 10.0.0.248 () {34 vars in 741 bytes} [Wed Apr 22 15:06:11 2026] PUT /v2.0/subnets/d092551b-d9ff-4e7b-82d0-a77d871f2b0e => generated 636 bytes in 287 msecs (HTTP/1.1 200) 4 headers in 157 bytes (1 switches on core 0) [pid: 7|app: 0|req: 927/1661] 10.0.0.154 () {34 vars in 990 bytes} [Wed Apr 22 15:06:12 2026] GET /v2.0/ports?device_id=2fd43d8e-feb5-4166-b847-80ac9aa2ccf4 => generated 12 bytes in 17 msecs (HTTP/1.1 200) 4 headers in 156 bytes (1 switches on core 0)
2026-04-22 15:06:12.326 7 INFO neutron_taas.services.taas.taas_plugin [None req-7e4a7b87-a22d-4776-968a-9f53e3a455a5 a3637f1ec1bb403483d784f9875e7bbb 6374cfe4abdf4bb2815baf525a1168de - - default default] TaaS: Handle Delete Port: a8762fec-e62f-494e-be54-3bdf1677dd07
2026-04-22 15:06:12.331 7 INFO neutron_taas.services.taas.tap_mirror_plugin [None req-7e4a7b87-a22d-4776-968a-9f53e3a455a5 a3637f1ec1bb403483d784f9875e7bbb 6374cfe4abdf4bb2815baf525a1168de - - default default] Tap Mirror: Handle Delete Port: a8762fec-e62f-494e-be54-3bdf1677dd07
2026-04-22 15:06:12.649 8 WARNING neutron.scheduler.dhcp_agent_scheduler [None req-46dcfb2a-27e0-42fb-aa50-35088d47204a 4140db5f51ca4723855722375f4eb0a3 b69d43d44d8c496e977886891463df41 - - default default] No more DHCP agents
2026-04-22 15:06:12.650 8 WARNING neutron.api.rpc.agentnotifiers.dhcp_rpc_agent_api [None req-46dcfb2a-27e0-42fb-aa50-35088d47204a 4140db5f51ca4723855722375f4eb0a3 b69d43d44d8c496e977886891463df41 - - default default] Unable to schedule network 55d234af-02ac-4f9d-afe8-ce535139d650: no agents available; will retry on subsequent port and subnet creation events.
2026-04-22 15:06:12.676 7 INFO neutron.services.segments.plugin [-] Segment 7b052683-0a4f-4e9c-9d19-70cacab871e8 resource provider aggregate not found
2026-04-22 15:06:12.681 7 INFO neutron.services.segments.plugin [-] Segment 7b052683-0a4f-4e9c-9d19-70cacab871e8 resource provider aggregate not found
2026-04-22 15:06:12.700 7 INFO neutron.services.segments.plugin [-] Segment 7b052683-0a4f-4e9c-9d19-70cacab871e8 resource provider not found; error: Placement Client Error (4xx): {"errors": [{"status": 404, "title": "Not Found", "detail": "The resource could not be found.\n\n No resource provider with uuid 7b052683-0a4f-4e9c-9d19-70cacab871e8 found for delete ", "request_id": "req-43ceb8a2-f655-4ae2-8ec0-a5b6e7028a30"}]}
2026-04-22 15:06:12.702 7 INFO neutron.services.segments.plugin [-] Segment 7b052683-0a4f-4e9c-9d19-70cacab871e8 resource provider not found; error: Placement Client Error (4xx): {"errors": [{"status": 404, "title": "Not Found", "detail": "The resource could not be found.\n\n No resource provider with uuid 7b052683-0a4f-4e9c-9d19-70cacab871e8 found for delete ", "request_id": "req-d2e91992-7b03-43c6-bc0e-31a89fa18bb0"}]} [pid: 7|app: 0|req: 928/1662] 10.0.0.248 () {32 vars in 726 bytes} [Wed Apr 22 15:06:12 2026] DELETE /v2.0/networks/d2f43aa5-2fc0-424b-849e-04431e70ed10 => generated 0 bytes in 513 msecs (HTTP/1.1 204) 3 headers in 131 bytes (1 switches on core 0)
2026-04-22 15:06:12.747 7 INFO neutron.pecan_wsgi.hooks.translation [None req-5cbef978-96cf-468a-9f86-116fa9eeee88 a3637f1ec1bb403483d784f9875e7bbb 6374cfe4abdf4bb2815baf525a1168de - - default default] DELETE failed (client error): The resource could not be found. [pid: 7|app: 0|req: 929/1663] 10.0.0.248 () {32 vars in 726 bytes} [Wed Apr 22 15:06:12 2026] DELETE /v2.0/networks/d2f43aa5-2fc0-424b-849e-04431e70ed10 => generated 138 bytes in 9 msecs (HTTP/1.1 404) 4 headers in 164 bytes (1 switches on core 0) [pid: 7|app: 0|req: 930/1664] 10.0.0.248 () {32 vars in 694 bytes} [Wed Apr 22 15:06:12 2026] GET /v2.0/networks?router%3Aexternal=True => generated 689 bytes in 38 msecs (HTTP/1.1 200) 4 headers in 157 bytes (1 switches on core 0) [pid: 7|app: 0|req: 931/1665] 10.0.0.248 () {32 vars in 742 bytes} [Wed Apr 22 15:06:12 2026] GET /v2.0/subnets?network_id=f5f90856-f8f2-4e37-bdb8-52b832edacce => generated 649 bytes in 22 msecs (HTTP/1.1 200) 4 headers in 157 bytes (1 switches on core 0) [pid: 7|app: 0|req: 932/1666] 10.0.0.248 () {32 vars in 653 bytes} [Wed Apr 22 15:06:12 2026] GET /v2.0/extensions => generated 20541 bytes in 29 msecs (HTTP/1.1 200) 4 headers in 159 bytes (1 switches on core 0) [pid: 7|app: 0|req: 933/1667] 10.0.0.248 () {32 vars in 649 bytes} [Wed Apr 22 15:06:12 2026] GET /v2.0/networks => generated 1385 bytes in 62 msecs (HTTP/1.1 200) 4 headers in 158 bytes (1 switches on core 0)
2026-04-22 15:06:12.932 8 INFO neutron.db.ovn_revision_numbers_db [None req-46dcfb2a-27e0-42fb-aa50-35088d47204a 4140db5f51ca4723855722375f4eb0a3 b69d43d44d8c496e977886891463df41 - - default default] Successfully bumped revision number for resource 6f62cd71-b473-45d8-b08a-4505e70115dd (type: router_ports) to 1 [pid: 8|app: 0|req: 735/1668] 10.0.0.248 () {34 vars in 783 bytes} [Wed Apr 22 15:06:11 2026] PUT /v2.0/routers/abdaf97c-6f82-419a-b01d-6fd452cc0752/add_router_interface => generated 309 bytes in 1369 msecs (HTTP/1.1 200) 4 headers in 157 bytes (1 switches on core 0) [pid: 7|app: 0|req: 934/1669] 10.0.0.248 () {32 vars in 647 bytes} [Wed Apr 22 15:06:12 2026] GET /v2.0/subnets => generated 1280 bytes in 31 msecs (HTTP/1.1 200) 4 headers in 158 bytes (1 switches on core 0) [pid: 8|app: 0|req: 736/1670] 10.0.0.248 () {32 vars in 717 bytes} [Wed Apr 22 15:06:12 2026] GET /v2.0/ports/6f62cd71-b473-45d8-b08a-4505e70115dd => generated 945 bytes in 27 msecs (HTTP/1.1 200) 4 headers in 157 bytes (1 switches on core 0) [pid: 8|app: 0|req: 737/1671] 10.0.0.248 () {32 vars in 723 bytes} [Wed Apr 22 15:06:12 2026] GET /v2.0/networks/33284464-f3d6-4aed-a618-cdd9edd8fdac => generated 707 bytes in 35 msecs (HTTP/1.1 200) 4 headers in 157 bytes (1 switches on core 0) [pid: 7|app: 0|req: 935/1672] 10.0.0.248 () {32 vars in 717 bytes} [Wed Apr 22 15:06:12 2026] GET /v2.0/ports/6f62cd71-b473-45d8-b08a-4505e70115dd => generated 945 bytes in 68 msecs (HTTP/1.1 200) 4 headers in 157 bytes (1 switches on core 0) [pid: 8|app: 0|req: 738/1673] 10.0.0.248 () {32 vars in 721 bytes} [Wed Apr 22 15:06:13 2026] GET /v2.0/subnets/0ae0f403-aa0f-469e-94a8-0aa5da142f8c => generated 641 bytes in 47 msecs (HTTP/1.1 200) 4 headers in 157 bytes (1 switches on core 0)
2026-04-22 15:06:13.085 7 INFO neutron.pecan_wsgi.hooks.translation [None req-66174d01-3568-43bb-b457-0866540adece a3637f1ec1bb403483d784f9875e7bbb 6374cfe4abdf4bb2815baf525a1168de - - default default] DELETE failed (client error): The resource could not be found. [pid: 7|app: 0|req: 936/1674] 10.0.0.248 () {32 vars in 724 bytes} [Wed Apr 22 15:06:13 2026] DELETE /v2.0/subnets/d092551b-d9ff-4e7b-82d0-a77d871f2b0e => generated 136 bytes in 17 msecs (HTTP/1.1 404) 4 headers in 164 bytes (1 switches on core 0)
2026-04-22 15:06:13.101 8 INFO neutron.pecan_wsgi.hooks.translation [None req-514c62b1-8e54-47c2-9254-6bde23530164 a3637f1ec1bb403483d784f9875e7bbb 6374cfe4abdf4bb2815baf525a1168de - - default default] DELETE failed (client error): The resource could not be found. [pid: 8|app: 0|req: 739/1675] 10.0.0.248 () {32 vars in 726 bytes} [Wed Apr 22 15:06:13 2026] DELETE /v2.0/networks/d2f43aa5-2fc0-424b-849e-04431e70ed10 => generated 138 bytes in 12 msecs (HTTP/1.1 404) 4 headers in 164 bytes (1 switches on core 0) [pid: 7|app: 0|req: 937/1676] 10.0.0.248 () {32 vars in 724 bytes} [Wed Apr 22 15:06:13 2026] DELETE /v2.0/subnets/0ae0f403-aa0f-469e-94a8-0aa5da142f8c => generated 0 bytes in 184 msecs (HTTP/1.1 204) 3 headers in 131 bytes (1 switches on core 0)
2026-04-22 15:06:13.367 8 WARNING neutron.plugins.ml2.drivers.ovn.mech_driver.ovsdb.ovn_client [None req-47e8dd03-c46d-4861-8e43-0a3e07f69a00 - - - - - -] No port found with ID 0b9fcddf-bc13-44de-88f0-3b0336167365: RuntimeError: No port found with ID 0b9fcddf-bc13-44de-88f0-3b0336167365
2026-04-22 15:06:13.378 8 INFO neutron.plugins.ml2.drivers.ovn.mech_driver.mech_driver [None req-47e8dd03-c46d-4861-8e43-0a3e07f69a00 - - - - - -] OVN reports status down for port: f2902819-8641-4678-828a-166d8deeaf98
2026-04-22 15:06:13.410 8 INFO neutron.plugins.ml2.drivers.ovn.mech_driver.mech_driver [None req-47e8dd03-c46d-4861-8e43-0a3e07f69a00 - - - - - -] OVN reports status down for port: 0ebb76bc-0495-4c29-9ced-9a9c303a5afc [pid: 7|app: 0|req: 938/1677] 10.0.0.248 () {32 vars in 740 bytes} [Wed Apr 22 15:06:13 2026] DELETE /v2.0/security-groups/68808e3f-2613-4595-b28e-ccdd8b798ff4 => generated 0 bytes in 232 msecs (HTTP/1.1 204) 2 headers in 112 bytes (1 switches on core 0)
2026-04-22 15:06:13.547 8 INFO neutron.db.ovn_revision_numbers_db [None req-a4b20cbc-90d9-426a-a082-ff776bff240b a3060cd6347b4b92bf7e6ec3510ae04c 0d10bb8cfbff4b04b167a8ab392e404e - - default default] Successfully bumped revision number for resource 9fcbf8ed-0957-4b58-a66d-031e7f3134d5 (type: security_groups) to 1
2026-04-22 15:06:13.566 8 INFO neutron.db.ovn_revision_numbers_db [None req-a4b20cbc-90d9-426a-a082-ff776bff240b a3060cd6347b4b92bf7e6ec3510ae04c 0d10bb8cfbff4b04b167a8ab392e404e - - default default] Successfully bumped revision number for resource 03d5fb4c-1ab5-4551-b207-a70336746110 (type: security_group_rules) to 0
2026-04-22 15:06:13.580 8 INFO neutron.db.ovn_revision_numbers_db [None req-a4b20cbc-90d9-426a-a082-ff776bff240b a3060cd6347b4b92bf7e6ec3510ae04c 0d10bb8cfbff4b04b167a8ab392e404e - - default default] Successfully bumped revision number for resource 2129cf64-2c1a-42a8-bb17-c31039084684 (type: security_group_rules) to 0
2026-04-22 15:06:13.604 8 INFO neutron.db.ovn_revision_numbers_db [None req-a4b20cbc-90d9-426a-a082-ff776bff240b a3060cd6347b4b92bf7e6ec3510ae04c 0d10bb8cfbff4b04b167a8ab392e404e - - default default] Successfully bumped revision number for resource 6a03b942-d451-4b58-8f20-1eb7a31fd56c (type: security_group_rules) to 0
2026-04-22 15:06:13.627 7 INFO neutron_taas.services.taas.taas_plugin [None req-2a49cb73-d929-460d-8032-aee3e5739102 a3637f1ec1bb403483d784f9875e7bbb 6374cfe4abdf4bb2815baf525a1168de - - default default] TaaS: Handle Delete Port: 0ebb76bc-0495-4c29-9ced-9a9c303a5afc
2026-04-22 15:06:13.630 7 INFO neutron_taas.services.taas.tap_mirror_plugin [None req-2a49cb73-d929-460d-8032-aee3e5739102 a3637f1ec1bb403483d784f9875e7bbb 6374cfe4abdf4bb2815baf525a1168de - - default default] Tap Mirror: Handle Delete Port: 0ebb76bc-0495-4c29-9ced-9a9c303a5afc
2026-04-22 15:06:13.633 8 INFO neutron.db.ovn_revision_numbers_db [None req-a4b20cbc-90d9-426a-a082-ff776bff240b a3060cd6347b4b92bf7e6ec3510ae04c 0d10bb8cfbff4b04b167a8ab392e404e - - default default] Successfully bumped revision number for resource 9a628e3f-549b-45b7-a32f-4feae1b43e46 (type: security_group_rules) to 0
2026-04-22 15:06:13.647 8 INFO neutron.plugins.ml2.drivers.ovn.mech_driver.mech_driver [None req-47e8dd03-c46d-4861-8e43-0a3e07f69a00 - - - - - -] OVN reports status down for port: a8762fec-e62f-494e-be54-3bdf1677dd07
2026-04-22 15:06:13.669 8 INFO neutron.plugins.ml2.drivers.ovn.mech_driver.mech_driver [None req-47e8dd03-c46d-4861-8e43-0a3e07f69a00 - - - - - -] OVN reports status down for port: e3d65cf0-8e15-48fa-8d22-45038a114162 [pid: 8|app: 0|req: 740/1678] 10.0.0.248 () {32 vars in 774 bytes} [Wed Apr 22 15:06:13 2026] GET /v2.0/security-groups?tenant_id=113b83df426a48d8aa43a334c4915729&name=default => generated 2925 bytes in 572 msecs (HTTP/1.1 200) 4 headers in 158 bytes (1 switches on core 0) /var/lib/openstack/lib/python3.12/site-packages/pycadf/identifier.py:70: UserWarning: Invalid uuid: neutron. To ensure interoperability, identifiers should be a valid uuid. warnings.warn(('Invalid uuid: %s. To ensure interoperability, ' [pid: 7|app: 0|req: 939/1679] 10.0.0.248 () {32 vars in 726 bytes} [Wed Apr 22 15:06:13 2026] DELETE /v2.0/networks/33284464-f3d6-4aed-a618-cdd9edd8fdac => generated 0 bytes in 333 msecs (HTTP/1.1 204) 3 headers in 131 bytes (1 switches on core 0)
2026-04-22 15:06:13.874 8 INFO neutron.plugins.ml2.drivers.ovn.mech_driver.mech_driver [None req-47e8dd03-c46d-4861-8e43-0a3e07f69a00 - - - - - -] OVN reports status down for port: 6f62cd71-b473-45d8-b08a-4505e70115dd
2026-04-22 15:06:13.984 8 WARNING neutron.plugins.ml2.drivers.ovn.mech_driver.ovsdb.ovn_client [None req-47e8dd03-c46d-4861-8e43-0a3e07f69a00 - - - - - -] Logical_Switch_Port %s host information not removed, the port state is up
2026-04-22 15:06:13.984 8 INFO neutron.plugins.ml2.drivers.ovn.mech_driver.mech_driver [None req-47e8dd03-c46d-4861-8e43-0a3e07f69a00 - - - - - -] OVN reports status up for port: 6f62cd71-b473-45d8-b08a-4505e70115dd
2026-04-22 15:06:13.990 8 INFO neutron_taas.services.taas.taas_plugin [None req-21196bcd-e4dd-4855-be60-a918c3b603dd d040672a11e641cbb17ffada537dbcff b2fa960170ad4605bcb63fd63f05e8d0 - - default default] TaaS: Handle Delete Port: cf029599-3a07-41fa-aa6c-4657e3a38017
2026-04-22 15:06:13.993 8 INFO neutron_taas.services.taas.tap_mirror_plugin [None req-21196bcd-e4dd-4855-be60-a918c3b603dd d040672a11e641cbb17ffada537dbcff b2fa960170ad4605bcb63fd63f05e8d0 - - default default] Tap Mirror: Handle Delete Port: cf029599-3a07-41fa-aa6c-4657e3a38017
2026-04-22 15:06:14.041 8 INFO neutron.plugins.ml2.plugin [None req-47e8dd03-c46d-4861-8e43-0a3e07f69a00 - - - - - -] Attempt 1 to provision port 6f62cd71-b473-45d8-b08a-4505e70115dd [pid: 7|app: 0|req: 940/1680] 10.0.0.248 () {32 vars in 740 bytes} [Wed Apr 22 15:06:13 2026] DELETE /v2.0/security-groups/9fcbf8ed-0957-4b58-a66d-031e7f3134d5 => generated 0 bytes in 259 msecs (HTTP/1.1 204) 2 headers in 112 bytes (1 switches on core 0) [pid: 7|app: 0|req: 941/1681] 10.0.0.248 () {32 vars in 717 bytes} [Wed Apr 22 15:06:14 2026] GET /v2.0/ports/6f62cd71-b473-45d8-b08a-4505e70115dd => generated 945 bytes in 45 msecs (HTTP/1.1 200) 4 headers in 157 bytes (1 switches on core 0) [pid: 8|app: 0|req: 741/1682] 10.0.0.248 () {32 vars in 732 bytes} [Wed Apr 22 15:06:13 2026] DELETE /v2.0/floatingips/f3fc3d81-d541-4776-b5e0-551807c3e0c6 => generated 0 bytes in 574 msecs (HTTP/1.1 204) 2 headers in 112 bytes (1 switches on core 0)
2026-04-22 15:06:14.466 7 INFO neutron.db.ovn_revision_numbers_db [None req-eccf03a4-3ff8-4aa5-8d2a-4b34bce4aaaf a3060cd6347b4b92bf7e6ec3510ae04c 0d10bb8cfbff4b04b167a8ab392e404e - - default default] Successfully bumped revision number for resource 0d78dd8a-eb02-4a1d-aaf9-9ec269292777 (type: security_groups) to 1
2026-04-22 15:06:14.478 7 INFO neutron.db.ovn_revision_numbers_db [None req-eccf03a4-3ff8-4aa5-8d2a-4b34bce4aaaf a3060cd6347b4b92bf7e6ec3510ae04c 0d10bb8cfbff4b04b167a8ab392e404e - - default default] Successfully bumped revision number for resource 552ab1b6-8f2b-48be-9ec5-44a951296f06 (type: security_group_rules) to 0
2026-04-22 15:06:14.490 7 INFO neutron.db.ovn_revision_numbers_db [None req-eccf03a4-3ff8-4aa5-8d2a-4b34bce4aaaf a3060cd6347b4b92bf7e6ec3510ae04c 0d10bb8cfbff4b04b167a8ab392e404e - - default default] Successfully bumped revision number for resource 7eda875c-3581-4d60-9c89-916b3f79aaa2 (type: security_group_rules) to 0
2026-04-22 15:06:14.501 7 INFO neutron.db.ovn_revision_numbers_db [None req-eccf03a4-3ff8-4aa5-8d2a-4b34bce4aaaf a3060cd6347b4b92bf7e6ec3510ae04c 0d10bb8cfbff4b04b167a8ab392e404e - - default default] Successfully bumped revision number for resource c9c7e1e2-5728-41e5-b5f3-13e4d44e8bf3 (type: security_group_rules) to 0 [pid: 8|app: 0|req: 742/1683] 10.0.0.248 () {32 vars in 774 bytes} [Wed Apr 22 15:06:14 2026] GET /v2.0/security-groups?tenant_id=6374cfe4abdf4bb2815baf525a1168de&name=default => generated 2925 bytes in 158 msecs (HTTP/1.1 200) 4 headers in 158 bytes (1 switches on core 0)
2026-04-22 15:06:14.515 7 INFO neutron.db.ovn_revision_numbers_db [None req-eccf03a4-3ff8-4aa5-8d2a-4b34bce4aaaf a3060cd6347b4b92bf7e6ec3510ae04c 0d10bb8cfbff4b04b167a8ab392e404e - - default default] Successfully bumped revision number for resource ce870a2e-6ea7-4d7c-9c41-be5a1bd658dc (type: security_group_rules) to 0
2026-04-22 15:06:14.552 8 INFO neutron.db.ovn_revision_numbers_db [None req-47e8dd03-c46d-4861-8e43-0a3e07f69a00 - - - - - -] Successfully bumped revision number for resource 6f62cd71-b473-45d8-b08a-4505e70115dd (type: ports) to 2 [pid: 7|app: 0|req: 942/1684] 10.0.0.248 () {32 vars in 774 bytes} [Wed Apr 22 15:06:14 2026] GET /v2.0/security-groups?tenant_id=259e130ee32b4ff8bbf091bb8bb06389&name=default => generated 2925 bytes in 290 msecs (HTTP/1.1 200) 4 headers in 158 bytes (1 switches on core 0) [pid: 8|app: 0|req: 743/1685] 10.0.0.154 () {34 vars in 990 bytes} [Wed Apr 22 15:06:14 2026] GET /v2.0/ports?device_id=74d444eb-0d89-49c0-82ef-b366af7126bb => generated 971 bytes in 115 msecs (HTTP/1.1 200) 4 headers in 157 bytes (1 switches on core 0)
2026-04-22 15:06:14.725 7 INFO neutron.services.segments.plugin [-] Segment 7590682e-e4d1-4e31-bdf9-d6f9c89f3198 resource provider aggregate not found
2026-04-22 15:06:14.732 7 INFO neutron.services.segments.plugin [-] Segment 7590682e-e4d1-4e31-bdf9-d6f9c89f3198 resource provider aggregate not found
2026-04-22 15:06:14.744 7 INFO neutron.services.segments.plugin [-] Segment 7590682e-e4d1-4e31-bdf9-d6f9c89f3198 resource provider not found; error: Placement Client Error (4xx): {"errors": [{"status": 404, "title": "Not Found", "detail": "The resource could not be found.\n\n No resource provider with uuid 7590682e-e4d1-4e31-bdf9-d6f9c89f3198 found for delete ", "request_id": "req-d1f83a54-6f4f-4a19-94e1-a8097e871e65"}]}
2026-04-22 15:06:14.752 7 INFO neutron.services.segments.plugin [-] Segment 7590682e-e4d1-4e31-bdf9-d6f9c89f3198 resource provider not found; error: Placement Client Error (4xx): {"errors": [{"status": 404, "title": "Not Found", "detail": "The resource could not be found.\n\n No resource provider with uuid 7590682e-e4d1-4e31-bdf9-d6f9c89f3198 found for delete ", "request_id": "req-0effe92a-6c27-447d-a79b-274a6fcc9a94"}]} [pid: 7|app: 0|req: 943/1686] 10.0.0.248 () {32 vars in 740 bytes} [Wed Apr 22 15:06:14 2026] DELETE /v2.0/security-groups/1d3d11bb-0a08-4309-8be1-38940edc1fa3 => generated 0 bytes in 314 msecs (HTTP/1.1 204) 2 headers in 112 bytes (1 switches on core 0) [pid: 8|app: 0|req: 744/1687] 10.0.0.248 () {32 vars in 740 bytes} [Wed Apr 22 15:06:14 2026] DELETE /v2.0/security-groups/0d78dd8a-eb02-4a1d-aaf9-9ec269292777 => generated 0 bytes in 278 msecs (HTTP/1.1 204) 2 headers in 112 bytes (1 switches on core 0) [pid: 7|app: 0|req: 944/1688] 10.0.0.154 () {34 vars in 1040 bytes} [Wed Apr 22 15:06:14 2026] GET /v2.0/security-groups?id=16a96eb5-9e26-4548-a535-49a7423d5980&fields=id&fields=name => generated 114 bytes in 33 msecs (HTTP/1.1 200) 4 headers in 157 bytes (1 switches on core 0) [pid: 8|app: 0|req: 745/1689] 10.0.0.248 () {32 vars in 717 bytes} [Wed Apr 22 15:06:15 2026] GET /v2.0/ports/6f62cd71-b473-45d8-b08a-4505e70115dd => generated 947 bytes in 59 msecs (HTTP/1.1 200) 4 headers in 157 bytes (1 switches on core 0)
2026-04-22 15:06:15.599 7 INFO neutron_taas.services.taas.taas_plugin [None req-eec6e1db-8c4d-4557-b4f9-249757a29da5 4140db5f51ca4723855722375f4eb0a3 b69d43d44d8c496e977886891463df41 - - default default] TaaS: Handle Delete Port: 6f62cd71-b473-45d8-b08a-4505e70115dd
