2026-06-09 16:16:38.487 13 INFO neutron.plugins.ml2.plugin [None req-907297b3-7bab-4a71-8f2f-fa77838f9356 - - - - - -] Attempt 1 to provision port bb31eebb-e23a-431d-a6fb-b2cc186761fb
2026-06-09 16:16:38.561 13 INFO neutron.plugins.ml2.plugin [None req-907297b3-7bab-4a71-8f2f-fa77838f9356 - - - - - -] Attempt 1 to provision port 50aa65ea-d190-4b5d-aaeb-00f03ea5c309
2026-06-09 16:16:38.589 13 INFO neutron.plugins.ml2.plugin [None req-907297b3-7bab-4a71-8f2f-fa77838f9356 - - - - - -] Attempt 1 to provision port a419abb6-2f4c-4d81-86d3-c634cd078a89
2026-06-09 16:16:39.363 13 INFO neutron.plugins.ml2.plugin [None req-1c332c6a-273a-4932-aaf7-12fdf4764ab7 - - - - - -] Attempt 1 to provision port 2152124a-bc5c-4cca-9ace-5db4f991dec9
2026-06-09 16:16:39.547 13 INFO neutron.notifiers.nova [-] Nova event matching ['req-013356eb-1e54-45c0-9462-3f11c8bb97b0'] response: {'server_uuid': 'bbbbe04c-1a59-4a74-bf13-cc5ddc8b7348', 'name': 'network-vif-plugged', 'status': 'completed', 'tag': '2152124a-bc5c-4cca-9ace-5db4f991dec9', 'code': 200}
2026-06-09 16:16:41.066 16 INFO neutron.plugins.ml2.plugin [None req-1c332c6a-273a-4932-aaf7-12fdf4764ab7 - - - - - -] Attempt 1 to provision port 2152124a-bc5c-4cca-9ace-5db4f991dec9
2026-06-09 16:16:41.368 16 INFO neutron.plugins.ml2.plugin [None req-1c332c6a-273a-4932-aaf7-12fdf4764ab7 - - - - - -] Attempt 1 to provision port a419abb6-2f4c-4d81-86d3-c634cd078a89
2026-06-09 16:16:42.972 13 INFO neutron.plugins.ml2.plugin [None req-1c332c6a-273a-4932-aaf7-12fdf4764ab7 - - - - - -] Attempt 1 to provision port eb7f75bf-867f-4402-9b01-3a158fb8cbfd
2026-06-09 16:16:43.423 13 INFO neutron.plugins.ml2.plugin [None req-1c332c6a-273a-4932-aaf7-12fdf4764ab7 - - - - - -] Attempt 1 to provision port a419abb6-2f4c-4d81-86d3-c634cd078a89
2026-06-09 16:16:44.955 16 INFO neutron.plugins.ml2.plugin [None req-1c332c6a-273a-4932-aaf7-12fdf4764ab7 - - - - - -] Attempt 1 to provision port 612608fe-7ffe-466f-987f-234c8da80282
2026-06-09 16:16:45.300 16 INFO neutron.plugins.ml2.plugin [None req-1c332c6a-273a-4932-aaf7-12fdf4764ab7 - - - - - -] Attempt 1 to provision port 50aa65ea-d190-4b5d-aaeb-00f03ea5c309
2026-06-09 16:16:45.597 16 INFO neutron.plugins.ml2.plugin [None req-1c332c6a-273a-4932-aaf7-12fdf4764ab7 - - - - - -] Attempt 1 to provision port eb7f75bf-867f-4402-9b01-3a158fb8cbfd
2026-06-09 16:16:48.149 16 INFO neutron.plugins.ml2.plugin [None req-1c332c6a-273a-4932-aaf7-12fdf4764ab7 - - - - - -] Attempt 1 to provision port e2ebb8e6-6797-4093-9086-c972fba067a9
2026-06-09 16:16:48.269 16 INFO neutron.notifiers.nova [-] Nova event matching ['req-2de8c97f-9a68-4614-a31b-174def76c3d4'] response: {'server_uuid': 'a22c413c-d5e0-4bee-a49a-000aa51a73b1', 'name': 'network-vif-plugged', 'status': 'completed', 'tag': 'e2ebb8e6-6797-4093-9086-c972fba067a9', 'code': 200}
2026-06-09 16:16:48.520 16 INFO neutron.plugins.ml2.plugin [None req-1c332c6a-273a-4932-aaf7-12fdf4764ab7 - - - - - -] Attempt 1 to provision port 612608fe-7ffe-466f-987f-234c8da80282
2026-06-09 16:16:48.712 16 INFO neutron.plugins.ml2.plugin [None req-1c332c6a-273a-4932-aaf7-12fdf4764ab7 - - - - - -] Attempt 1 to provision port 50aa65ea-d190-4b5d-aaeb-00f03ea5c309
2026-06-09 16:16:48.999 16 INFO neutron.plugins.ml2.plugin [None req-1c332c6a-273a-4932-aaf7-12fdf4764ab7 - - - - - -] Attempt 1 to provision port 94ff4087-06bf-40f6-b51e-a209d2df04b7
2026-06-09 16:16:49.526 16 INFO neutron.plugins.ml2.plugin [None req-3ec252a0-dd0b-4caa-9295-d0f30d69c8f0 - - - - - -] Attempt 1 to provision port 49148362-d372-4fbe-b528-943306ddbaed
2026-06-09 16:16:49.565 16 INFO neutron.plugins.ml2.plugin [None req-3ec252a0-dd0b-4caa-9295-d0f30d69c8f0 - - - - - -] Attempt 1 to provision port 9ec71099-9e3d-49fa-b76d-a365e83ee8f6
2026-06-09 16:16:49.772 16 INFO neutron.plugins.ml2.plugin [None req-3ec252a0-dd0b-4caa-9295-d0f30d69c8f0 - - - - - -] Attempt 1 to provision port bb31eebb-e23a-431d-a6fb-b2cc186761fb
2026-06-09 16:16:49.825 16 INFO neutron.plugins.ml2.plugin [None req-3ec252a0-dd0b-4caa-9295-d0f30d69c8f0 - - - - - -] Attempt 1 to provision port 8f65b5f5-7642-4503-b0a3-856f0de037d7
2026-06-09 16:16:49.884 16 INFO neutron.plugins.ml2.plugin [None req-3ec252a0-dd0b-4caa-9295-d0f30d69c8f0 - - - - - -] Attempt 1 to provision port 975ef093-3723-4454-bc71-df3dfea274ec
2026-06-09 16:16:50.025 16 INFO neutron.plugins.ml2.plugin [None req-3ec252a0-dd0b-4caa-9295-d0f30d69c8f0 - - - - - -] Attempt 1 to provision port 612608fe-7ffe-466f-987f-234c8da80282
2026-06-09 16:16:50.078 16 INFO neutron.plugins.ml2.plugin [None req-3ec252a0-dd0b-4caa-9295-d0f30d69c8f0 - - - - - -] Attempt 1 to provision port 94ff4087-06bf-40f6-b51e-a209d2df04b7
2026-06-09 16:16:50.161 16 INFO neutron.plugins.ml2.plugin [None req-3ec252a0-dd0b-4caa-9295-d0f30d69c8f0 - - - - - -] Attempt 1 to provision port 2152124a-bc5c-4cca-9ace-5db4f991dec9
2026-06-09 16:16:50.201 13 INFO neutron.plugins.ml2.plugin [None req-1c332c6a-273a-4932-aaf7-12fdf4764ab7 - - - - - -] Attempt 1 to provision port 94ff4087-06bf-40f6-b51e-a209d2df04b7
2026-06-09 16:16:50.627 13 INFO neutron.plugins.ml2.plugin [None req-1c332c6a-273a-4932-aaf7-12fdf4764ab7 - - - - - -] Attempt 1 to provision port 9ec71099-9e3d-49fa-b76d-a365e83ee8f6
2026-06-09 16:16:50.834 13 INFO neutron.plugins.ml2.plugin [None req-1c332c6a-273a-4932-aaf7-12fdf4764ab7 - - - - - -] Attempt 1 to provision port e2ebb8e6-6797-4093-9086-c972fba067a9
2026-06-09 16:16:51.017 13 INFO neutron.plugins.ml2.plugin [None req-1c332c6a-273a-4932-aaf7-12fdf4764ab7 - - - - - -] Attempt 1 to provision port 975ef093-3723-4454-bc71-df3dfea274ec
2026-06-09 16:16:52.080 13 INFO neutron.plugins.ml2.plugin [None req-1c332c6a-273a-4932-aaf7-12fdf4764ab7 - - - - - -] Attempt 1 to provision port 9ec71099-9e3d-49fa-b76d-a365e83ee8f6
2026-06-09 16:16:52.221 13 INFO neutron.plugins.ml2.plugin [None req-1c332c6a-273a-4932-aaf7-12fdf4764ab7 - - - - - -] Attempt 1 to provision port ae1d4423-b7ec-4155-86e5-1673d8745200
2026-06-09 16:16:52.517 13 INFO neutron.plugins.ml2.plugin [None req-1c332c6a-273a-4932-aaf7-12fdf4764ab7 - - - - - -] Attempt 1 to provision port 49148362-d372-4fbe-b528-943306ddbaed
2026-06-09 16:16:52.863 13 INFO neutron.plugins.ml2.plugin [None req-1c332c6a-273a-4932-aaf7-12fdf4764ab7 - - - - - -] Attempt 1 to provision port 975ef093-3723-4454-bc71-df3dfea274ec
2026-06-09 16:16:53.887 16 INFO neutron.plugins.ml2.plugin [None req-1c332c6a-273a-4932-aaf7-12fdf4764ab7 - - - - - -] Attempt 1 to provision port ae1d4423-b7ec-4155-86e5-1673d8745200
2026-06-09 16:16:54.030 16 INFO neutron.plugins.ml2.plugin [None req-1c332c6a-273a-4932-aaf7-12fdf4764ab7 - - - - - -] Attempt 1 to provision port 49148362-d372-4fbe-b528-943306ddbaed
2026-06-09 16:16:56.530 16 INFO neutron.plugins.ml2.plugin [None req-1dcf20c0-67c2-42c7-b4b0-3a5ac954a40a - - - - - -] Attempt 1 to provision port 49148362-d372-4fbe-b528-943306ddbaed
2026-06-09 16:16:56.615 16 INFO neutron.plugins.ml2.plugin [None req-1dcf20c0-67c2-42c7-b4b0-3a5ac954a40a - - - - - -] Attempt 1 to provision port 94ff4087-06bf-40f6-b51e-a209d2df04b7
2026-06-09 16:16:56.672 16 INFO neutron.plugins.ml2.plugin [None req-1dcf20c0-67c2-42c7-b4b0-3a5ac954a40a - - - - - -] Attempt 1 to provision port ae1d4423-b7ec-4155-86e5-1673d8745200
2026-06-09 16:16:56.720 16 INFO neutron.plugins.ml2.plugin [None req-1dcf20c0-67c2-42c7-b4b0-3a5ac954a40a - - - - - -] Attempt 1 to provision port 975ef093-3723-4454-bc71-df3dfea274ec
2026-06-09 16:16:57.930 13 INFO neutron.plugins.ml2.plugin [None req-1c332c6a-273a-4932-aaf7-12fdf4764ab7 - - - - - -] Attempt 1 to provision port 34d187fc-88e8-46fd-a438-f62a37b89ed7
2026-06-09 16:16:59.876 13 INFO neutron.plugins.ml2.plugin [None req-1c332c6a-273a-4932-aaf7-12fdf4764ab7 - - - - - -] Attempt 1 to provision port 34d187fc-88e8-46fd-a438-f62a37b89ed7
2026-06-09 16:17:02.055 13 INFO neutron.plugins.ml2.plugin [None req-1c332c6a-273a-4932-aaf7-12fdf4764ab7 - - - - - -] Attempt 1 to provision port 46f4ec9f-f349-46b1-a19b-2cabb40a1bdc
2026-06-09 16:17:03.932 16 INFO neutron.plugins.ml2.plugin [None req-1c332c6a-273a-4932-aaf7-12fdf4764ab7 - - - - - -] Attempt 1 to provision port 46f4ec9f-f349-46b1-a19b-2cabb40a1bdc
2026-06-09 16:17:07.902 13 INFO neutron.plugins.ml2.plugin [None req-1c332c6a-273a-4932-aaf7-12fdf4764ab7 - - - - - -] Attempt 1 to provision port 18541321-1c3b-468c-b9b5-f28de657d87b
2026-06-09 16:17:10.854 16 INFO neutron.plugins.ml2.plugin [None req-1c332c6a-273a-4932-aaf7-12fdf4764ab7 - - - - - -] Attempt 1 to provision port a13ac402-c3fa-4375-8a7a-76ffee652172
2026-06-09 16:17:10.980 16 INFO neutron.notifiers.nova [-] Nova event matching ['req-397fada8-ff5c-4bb6-8144-4a0bcfc1e10e'] response: {'server_uuid': 'f9b0b8b7-191f-48bb-8df8-8f7aa97ea3f5', 'name': 'network-vif-plugged', 'status': 'completed', 'tag': 'a13ac402-c3fa-4375-8a7a-76ffee652172', 'code': 200}
2026-06-09 16:17:11.400 16 INFO neutron.plugins.ml2.plugin [None req-1c332c6a-273a-4932-aaf7-12fdf4764ab7 - - - - - -] Attempt 1 to provision port 18541321-1c3b-468c-b9b5-f28de657d87b
2026-06-09 16:17:12.267 16 INFO neutron.plugins.ml2.plugin [None req-1c332c6a-273a-4932-aaf7-12fdf4764ab7 - - - - - -] Attempt 1 to provision port 87bc7de3-9bdd-4268-b4dc-f5679d81ca70
2026-06-09 16:17:12.643 16 INFO neutron.plugins.ml2.plugin [None req-1c332c6a-273a-4932-aaf7-12fdf4764ab7 - - - - - -] Attempt 1 to provision port a13ac402-c3fa-4375-8a7a-76ffee652172
2026-06-09 16:17:14.096 16 INFO neutron.plugins.ml2.plugin [None req-1c332c6a-273a-4932-aaf7-12fdf4764ab7 - - - - - -] Attempt 1 to provision port 87bc7de3-9bdd-4268-b4dc-f5679d81ca70
2026-06-09 16:17:14.311 16 INFO neutron.plugins.ml2.plugin [None req-1c332c6a-273a-4932-aaf7-12fdf4764ab7 - - - - - -] Attempt 1 to provision port af4ee15f-3b44-4c37-8047-a91db36c6678
2026-06-09 16:17:14.597 16 INFO neutron.plugins.ml2.plugin [None req-1c332c6a-273a-4932-aaf7-12fdf4764ab7 - - - - - -] Attempt 1 to provision port cafab76c-7d8d-4530-8111-9ee9d3b311f9
2026-06-09 16:17:15.403 16 INFO neutron.notifiers.nova [-] Nova event matching ['req-59d61d61-b65b-4b55-872b-88b2ce9c2569'] response: {'server_uuid': 'bbbbe04c-1a59-4a74-bf13-cc5ddc8b7348', 'name': 'network-vif-unplugged', 'status': 'completed', 'tag': '2152124a-bc5c-4cca-9ace-5db4f991dec9', 'code': 200}
2026-06-09 16:17:16.536 16 INFO neutron.plugins.ml2.plugin [None req-1c332c6a-273a-4932-aaf7-12fdf4764ab7 - - - - - -] Attempt 1 to provision port af4ee15f-3b44-4c37-8047-a91db36c6678
2026-06-09 16:17:16.687 16 INFO neutron.plugins.ml2.plugin [None req-1c332c6a-273a-4932-aaf7-12fdf4764ab7 - - - - - -] Attempt 1 to provision port 2152124a-bc5c-4cca-9ace-5db4f991dec9
2026-06-09 16:17:17.054 16 INFO neutron.plugins.ml2.plugin [None req-1c332c6a-273a-4932-aaf7-12fdf4764ab7 - - - - - -] Attempt 1 to provision port cafab76c-7d8d-4530-8111-9ee9d3b311f9
2026-06-09 16:17:17.440 16 INFO neutron.notifiers.nova [-] Nova event matching ['req-0c80e548-3efe-450b-9b2f-3c5ace78fb78'] response: {'server_uuid': 'bbbbe04c-1a59-4a74-bf13-cc5ddc8b7348', 'name': 'network-vif-plugged', 'status': 'completed', 'tag': '2152124a-bc5c-4cca-9ace-5db4f991dec9', 'code': 200}
2026-06-09 16:17:17.949 13 INFO neutron.plugins.ml2.plugin [None req-1c332c6a-273a-4932-aaf7-12fdf4764ab7 - - - - - -] Attempt 1 to provision port 2152124a-bc5c-4cca-9ace-5db4f991dec9
2026-06-09 16:17:21.013 13 INFO neutron.plugins.ml2.plugin [None req-576b480a-2b95-4154-8508-116fa2eece22 - - - - - -] Attempt 1 to provision port 49148362-d372-4fbe-b528-943306ddbaed
2026-06-09 16:17:21.038 16 INFO neutron.plugins.ml2.plugin [None req-1c332c6a-273a-4932-aaf7-12fdf4764ab7 - - - - - -] Attempt 1 to provision port d11c9ad3-232f-49e2-b105-045a36eb4a26
2026-06-09 16:17:21.061 13 INFO neutron.plugins.ml2.plugin [None req-576b480a-2b95-4154-8508-116fa2eece22 - - - - - -] Attempt 1 to provision port af4ee15f-3b44-4c37-8047-a91db36c6678
2026-06-09 16:17:21.109 13 INFO neutron.plugins.ml2.plugin [None req-576b480a-2b95-4154-8508-116fa2eece22 - - - - - -] Attempt 1 to provision port 148423ea-61ba-4de9-bb02-d401c7b25f44
2026-06-09 16:17:21.138 13 INFO neutron.plugins.ml2.plugin [None req-576b480a-2b95-4154-8508-116fa2eece22 - - - - - -] Attempt 1 to provision port 87bc7de3-9bdd-4268-b4dc-f5679d81ca70
2026-06-09 16:17:21.144 16 INFO neutron.notifiers.nova [-] Nova event matching ['req-64b44b93-2949-4b1b-b692-3a22dc7bffc1'] response: {'server_uuid': '45d1e718-0ab1-4b4c-bfdc-5ed29f910e08', 'name': 'network-vif-plugged', 'status': 'completed', 'tag': 'd11c9ad3-232f-49e2-b105-045a36eb4a26', 'code': 200}
2026-06-09 16:17:21.231 13 INFO neutron.plugins.ml2.plugin [None req-576b480a-2b95-4154-8508-116fa2eece22 - - - - - -] Attempt 1 to provision port 46f4ec9f-f349-46b1-a19b-2cabb40a1bdc
2026-06-09 16:17:21.291 13 INFO neutron.plugins.ml2.plugin [None req-576b480a-2b95-4154-8508-116fa2eece22 - - - - - -] Attempt 1 to provision port e2ebb8e6-6797-4093-9086-c972fba067a9
2026-06-09 16:17:21.359 13 INFO neutron.plugins.ml2.plugin [None req-576b480a-2b95-4154-8508-116fa2eece22 - - - - - -] Attempt 1 to provision port 975ef093-3723-4454-bc71-df3dfea274ec
2026-06-09 16:17:21.407 13 INFO neutron.plugins.ml2.plugin [None req-576b480a-2b95-4154-8508-116fa2eece22 - - - - - -] Attempt 1 to provision port 612608fe-7ffe-466f-987f-234c8da80282
2026-06-09 16:17:21.442 13 INFO neutron.plugins.ml2.plugin [None req-576b480a-2b95-4154-8508-116fa2eece22 - - - - - -] Attempt 1 to provision port 2152124a-bc5c-4cca-9ace-5db4f991dec9
2026-06-09 16:17:21.493 13 INFO neutron.plugins.ml2.plugin [None req-576b480a-2b95-4154-8508-116fa2eece22 - - - - - -] Attempt 1 to provision port cafab76c-7d8d-4530-8111-9ee9d3b311f9
2026-06-09 16:17:21.900 13 INFO neutron.plugins.ml2.plugin [None req-1c332c6a-273a-4932-aaf7-12fdf4764ab7 - - - - - -] Attempt 1 to provision port d11c9ad3-232f-49e2-b105-045a36eb4a26
2026-06-09 16:17:24.206 13 INFO neutron.plugins.ml2.plugin [None req-e1618d1a-02d4-4a0e-88f3-b1c3b84ac484 - - - - - -] Attempt 1 to provision port d11c9ad3-232f-49e2-b105-045a36eb4a26
2026-06-09 16:17:24.289 13 INFO neutron.plugins.ml2.plugin [None req-e1618d1a-02d4-4a0e-88f3-b1c3b84ac484 - - - - - -] Attempt 1 to provision port 148423ea-61ba-4de9-bb02-d401c7b25f44
2026-06-09 16:17:24.395 16 INFO neutron.plugins.ml2.plugin [None req-1c332c6a-273a-4932-aaf7-12fdf4764ab7 - - - - - -] Attempt 1 to provision port 6dc47b7f-7b70-4e0e-bca8-058073837f77
2026-06-09 16:17:24.676 16 INFO neutron.plugins.ml2.plugin [None req-1c332c6a-273a-4932-aaf7-12fdf4764ab7 - - - - - -] Attempt 1 to provision port 148423ea-61ba-4de9-bb02-d401c7b25f44
2026-06-09 16:17:26.234 13 INFO neutron.plugins.ml2.plugin [None req-1c332c6a-273a-4932-aaf7-12fdf4764ab7 - - - - - -] Attempt 1 to provision port 6dc47b7f-7b70-4e0e-bca8-058073837f77
2026-06-09 16:17:26.432 13 INFO neutron.plugins.ml2.plugin [None req-1c332c6a-273a-4932-aaf7-12fdf4764ab7 - - - - - -] Attempt 1 to provision port 148423ea-61ba-4de9-bb02-d401c7b25f44
2026-06-09 16:17:42.268 16 INFO neutron.notifiers.nova [-] Nova event matching ['req-41e1dbea-c27c-408d-8263-570d7f4c71a5'] response: {'server_uuid': 'bbbbe04c-1a59-4a74-bf13-cc5ddc8b7348', 'name': 'network-vif-unplugged', 'status': 'completed', 'tag': '2152124a-bc5c-4cca-9ace-5db4f991dec9', 'code': 200}
2026-06-09 16:18:07.757 13 INFO neutron.plugins.ml2.plugin [None req-6a1bfddb-e99a-43bd-9299-1d738b8a88b8 - - - - - -] Attempt 1 to provision port cf7f897d-f94a-4c4b-8f70-5e348bec4d97
2026-06-09 16:18:08.060 16 INFO neutron.plugins.ml2.plugin [None req-1c332c6a-273a-4932-aaf7-12fdf4764ab7 - - - - - -] Attempt 1 to provision port cf7f897d-f94a-4c4b-8f70-5e348bec4d97
2026-06-09 16:18:25.490 16 INFO neutron.plugins.ml2.plugin [None req-9da77d5b-7078-4bb5-a791-a4c9d6f7c913 - - - - - -] Attempt 1 to provision port 7004425e-6358-475e-9367-87be8c9a8c22
2026-06-09 16:18:37.501 16 INFO neutron.plugins.ml2.plugin [None req-c929f0f1-7292-406e-a971-b3ff796e3511 - - - - - -] Attempt 1 to provision port 93603970-a8f8-4b93-bd98-2ba6b03544a4
2026-06-09 16:18:38.068 16 INFO neutron.plugins.ml2.plugin [None req-1c332c6a-273a-4932-aaf7-12fdf4764ab7 - - - - - -] Attempt 1 to provision port 93603970-a8f8-4b93-bd98-2ba6b03544a4
2026-06-09 16:18:44.209 13 INFO neutron.plugins.ml2.plugin [None req-1c332c6a-273a-4932-aaf7-12fdf4764ab7 - - - - - -] Attempt 1 to provision port f6937457-eaec-40f8-8862-825c29da84b8
2026-06-09 16:18:46.046 16 INFO neutron.plugins.ml2.plugin [None req-1c332c6a-273a-4932-aaf7-12fdf4764ab7 - - - - - -] Attempt 1 to provision port f6937457-eaec-40f8-8862-825c29da84b8
2026-06-09 16:18:55.655 16 ERROR oslo_messaging.rpc.server [None req-92f2c2f2-696a-4972-882e-e937eee3ad41 - - - - - -] Exception during message handling: neutron_lib.exceptions.PortNotFound: Port fb0a43ee-352f-47f9-8f52-dac4e2f4ac02 could not be found.
2026-06-09 16:18:55.655 16 ERROR oslo_messaging.rpc.server
Traceback (most recent call last):
2026-06-09 16:18:55.655 16 ERROR oslo_messaging.rpc.server
File "/var/lib/openstack/lib/python3.12/site-packages/neutron/db/db_base_plugin_common.py", line 292, in _get_port
2026-06-09 16:18:55.655 16 ERROR oslo_messaging.rpc.server port = model_query.get_by_id(context, models_v2.Port, id,
2026-06-09 16:18:55.655 16 ERROR oslo_messaging.rpc.server ^^^^^^^^^^^^^^^^^^^^^^^^^^^^^^^^^^^^^^^^^^^^^^^^^^
2026-06-09 16:18:55.655 16 ERROR oslo_messaging.rpc.server
File "/var/lib/openstack/lib/python3.12/site-packages/neutron_lib/db/model_query.py", line 211, in get_by_id
2026-06-09 16:18:55.655 16 ERROR oslo_messaging.rpc.server return query.filter(model.id == object_id).one()
2026-06-09 16:18:55.655 16 ERROR oslo_messaging.rpc.server ^^^^^^^^^^^^^^^^^^^^^^^^^^^^^^^^^^^^^^^^^
2026-06-09 16:18:55.655 16 ERROR oslo_messaging.rpc.server
File "/var/lib/openstack/lib/python3.12/site-packages/sqlalchemy/orm/query.py", line 2808, in one
2026-06-09 16:18:55.655 16 ERROR oslo_messaging.rpc.server return self._iter().one() # type: ignore
2026-06-09 16:18:55.655 16 ERROR oslo_messaging.rpc.server ^^^^^^^^^^^^^^^^^^
2026-06-09 16:18:55.655 16 ERROR oslo_messaging.rpc.server
File "/var/lib/openstack/lib/python3.12/site-packages/sqlalchemy/engine/result.py", line 1815, in one
2026-06-09 16:18:55.655 16 ERROR oslo_messaging.rpc.server return self._only_one_row(
2026-06-09 16:18:55.655 16 ERROR oslo_messaging.rpc.server ^^^^^^^^^^^^^^^^^^^
2026-06-09 16:18:55.655 16 ERROR oslo_messaging.rpc.server
File "/var/lib/openstack/lib/python3.12/site-packages/sqlalchemy/engine/result.py", line 760, in _only_one_row
2026-06-09 16:18:55.655 16 ERROR oslo_messaging.rpc.server raise exc.NoResultFound(
2026-06-09 16:18:55.655 16 ERROR oslo_messaging.rpc.server sqlalchemy.exc.NoResultFound: No row was found when one was required
2026-06-09 16:18:55.655 16 ERROR oslo_messaging.rpc.server
2026-06-09 16:18:55.655 16 ERROR oslo_messaging.rpc.server During handling of the above exception, another exception occurred:
2026-06-09 16:18:55.655 16 ERROR oslo_messaging.rpc.server
2026-06-09 16:18:55.655 16 ERROR oslo_messaging.rpc.server
Traceback (most recent call last):
2026-06-09 16:18:55.655 16 ERROR oslo_messaging.rpc.server
File "/var/lib/openstack/lib/python3.12/site-packages/oslo_messaging/rpc/server.py", line 174, in _process_incoming
2026-06-09 16:18:55.655 16 ERROR oslo_messaging.rpc.server res = self.dispatcher.dispatch(message)
2026-06-09 16:18:55.655 16 ERROR oslo_messaging.rpc.server ^^^^^^^^^^^^^^^^^^^^^^^^^^^^^^^^^
2026-06-09 16:18:55.655 16 ERROR oslo_messaging.rpc.server
File "/var/lib/openstack/lib/python3.12/site-packages/oslo_messaging/rpc/dispatcher.py", line 309, in dispatch
2026-06-09 16:18:55.655 16 ERROR oslo_messaging.rpc.server return self._do_dispatch(endpoint, method, ctxt, args)
2026-06-09 16:18:55.655 16 ERROR oslo_messaging.rpc.server ^^^^^^^^^^^^^^^^^^^^^^^^^^^^^^^^^^^^^^^^^^^^^^^
2026-06-09 16:18:55.655 16 ERROR oslo_messaging.rpc.server
File "/var/lib/openstack/lib/python3.12/site-packages/oslo_messaging/rpc/dispatcher.py", line 229, in _do_dispatch
2026-06-09 16:18:55.655 16 ERROR oslo_messaging.rpc.server result = func(ctxt, **new_args)
2026-06-09 16:18:55.655 16 ERROR oslo_messaging.rpc.server ^^^^^^^^^^^^^^^^^^^^^^
2026-06-09 16:18:55.655 16 ERROR oslo_messaging.rpc.server
File "/var/lib/openstack/lib/python3.12/site-packages/neutron_lib/db/api.py", line 137, in wrapped
2026-06-09 16:18:55.655 16 ERROR oslo_messaging.rpc.server with excutils.save_and_reraise_exception():
2026-06-09 16:18:55.655 16 ERROR oslo_messaging.rpc.server
File "/var/lib/openstack/lib/python3.12/site-packages/oslo_utils/excutils.py", line 227, in __exit__
2026-06-09 16:18:55.655 16 ERROR oslo_messaging.rpc.server self.force_reraise()
2026-06-09 16:18:55.655 16 ERROR oslo_messaging.rpc.server
File "/var/lib/openstack/lib/python3.12/site-packages/oslo_utils/excutils.py", line 200, in force_reraise
2026-06-09 16:18:55.655 16 ERROR oslo_messaging.rpc.server raise self.value
2026-06-09 16:18:55.655 16 ERROR oslo_messaging.rpc.server
File "/var/lib/openstack/lib/python3.12/site-packages/neutron_lib/db/api.py", line 135, in wrapped
2026-06-09 16:18:55.655 16 ERROR oslo_messaging.rpc.server return f(*args, **kwargs)
2026-06-09 16:18:55.655 16 ERROR oslo_messaging.rpc.server ^^^^^^^^^^^^^^^^^^
2026-06-09 16:18:55.655 16 ERROR oslo_messaging.rpc.server
File "/var/lib/openstack/lib/python3.12/site-packages/oslo_db/api.py", line 144, in wrapper
2026-06-09 16:18:55.655 16 ERROR oslo_messaging.rpc.server with excutils.save_and_reraise_exception() as ectxt:
2026-06-09 16:18:55.655 16 ERROR oslo_messaging.rpc.server
File "/var/lib/openstack/lib/python3.12/site-packages/oslo_utils/excutils.py", line 227, in __exit__
2026-06-09 16:18:55.655 16 ERROR oslo_messaging.rpc.server self.force_reraise()
2026-06-09 16:18:55.655 16 ERROR oslo_messaging.rpc.server
File "/var/lib/openstack/lib/python3.12/site-packages/oslo_utils/excutils.py", line 200, in force_reraise
2026-06-09 16:18:55.655 16 ERROR oslo_messaging.rpc.server raise self.value
2026-06-09 16:18:55.655 16 ERROR oslo_messaging.rpc.server
File "/var/lib/openstack/lib/python3.12/site-packages/oslo_db/api.py", line 142, in wrapper
2026-06-09 16:18:55.655 16 ERROR oslo_messaging.rpc.server return f(*args, **kwargs)
2026-06-09 16:18:55.655 16 ERROR oslo_messaging.rpc.server ^^^^^^^^^^^^^^^^^^
2026-06-09 16:18:55.655 16 ERROR oslo_messaging.rpc.server
File "/var/lib/openstack/lib/python3.12/site-packages/neutron_lib/db/api.py", line 183, in wrapped
2026-06-09 16:18:55.655 16 ERROR oslo_messaging.rpc.server with excutils.save_and_reraise_exception():
2026-06-09 16:18:55.655 16 ERROR oslo_messaging.rpc.server
File "/var/lib/openstack/lib/python3.12/site-packages/oslo_utils/excutils.py", line 227, in __exit__
2026-06-09 16:18:55.655 16 ERROR oslo_messaging.rpc.server self.force_reraise()
2026-06-09 16:18:55.655 16 ERROR oslo_messaging.rpc.server
File "/var/lib/openstack/lib/python3.12/site-packages/oslo_utils/excutils.py", line 200, in force_reraise
2026-06-09 16:18:55.655 16 ERROR oslo_messaging.rpc.server raise self.value
2026-06-09 16:18:55.655 16 ERROR oslo_messaging.rpc.server
File "/var/lib/openstack/lib/python3.12/site-packages/neutron_lib/db/api.py", line 181, in wrapped
2026-06-09 16:18:55.655 16 ERROR oslo_messaging.rpc.server return f(*dup_args, **dup_kwargs)
2026-06-09 16:18:55.655 16 ERROR oslo_messaging.rpc.server ^^^^^^^^^^^^^^^^^^^^^^^^^^
2026-06-09 16:18:55.655 16 ERROR oslo_messaging.rpc.server
File "/var/lib/openstack/lib/python3.12/site-packages/neutron/api/rpc/handlers/dhcp_rpc.py", line 340, in get_dhcp_port
2026-06-09 16:18:55.655 16 ERROR oslo_messaging.rpc.server return plugin.get_port(context, port_id)
2026-06-09 16:18:55.655 16 ERROR oslo_messaging.rpc.server ^^^^^^^^^^^^^^^^^^^^^^^^^^^^^^^^^
2026-06-09 16:18:55.655 16 ERROR oslo_messaging.rpc.server
File "/var/lib/openstack/lib/python3.12/site-packages/neutron_lib/db/api.py", line 223, in wrapped
2026-06-09 16:18:55.655 16 ERROR oslo_messaging.rpc.server return f_with_retry(*args, **kwargs,
2026-06-09 16:18:55.655 16 ERROR oslo_messaging.rpc.server ^^^^^^^^^^^^^^^^^^^^^^^^^^^^^
2026-06-09 16:18:55.655 16 ERROR oslo_messaging.rpc.server
File "/var/lib/openstack/lib/python3.12/site-packages/neutron_lib/db/api.py", line 137, in wrapped
2026-06-09 16:18:55.655 16 ERROR oslo_messaging.rpc.server with excutils.save_and_reraise_exception():
2026-06-09 16:18:55.655 16 ERROR oslo_messaging.rpc.server
File "/var/lib/openstack/lib/python3.12/site-packages/oslo_utils/excutils.py", line 227, in __exit__
2026-06-09 16:18:55.655 16 ERROR oslo_messaging.rpc.server self.force_reraise()
2026-06-09 16:18:55.655 16 ERROR oslo_messaging.rpc.server
File "/var/lib/openstack/lib/python3.12/site-packages/oslo_utils/excutils.py", line 200, in force_reraise
2026-06-09 16:18:55.655 16 ERROR oslo_messaging.rpc.server raise self.value
2026-06-09 16:18:55.655 16 ERROR oslo_messaging.rpc.server
File "/var/lib/openstack/lib/python3.12/site-packages/neutron_lib/db/api.py", line 135, in wrapped
2026-06-09 16:18:55.655 16 ERROR oslo_messaging.rpc.server return f(*args, **kwargs)
2026-06-09 16:18:55.655 16 ERROR oslo_messaging.rpc.server ^^^^^^^^^^^^^^^^^^
2026-06-09 16:18:55.655 16 ERROR oslo_messaging.rpc.server
File "/var/lib/openstack/lib/python3.12/site-packages/oslo_db/api.py", line 144, in wrapper
2026-06-09 16:18:55.655 16 ERROR oslo_messaging.rpc.server with excutils.save_and_reraise_exception() as ectxt:
2026-06-09 16:18:55.655 16 ERROR oslo_messaging.rpc.server
File "/var/lib/openstack/lib/python3.12/site-packages/oslo_utils/excutils.py", line 227, in __exit__
2026-06-09 16:18:55.655 16 ERROR oslo_messaging.rpc.server self.force_reraise()
2026-06-09 16:18:55.655 16 ERROR oslo_messaging.rpc.server
File "/var/lib/openstack/lib/python3.12/site-packages/oslo_utils/excutils.py", line 200, in force_reraise
2026-06-09 16:18:55.655 16 ERROR oslo_messaging.rpc.server raise self.value
2026-06-09 16:18:55.655 16 ERROR oslo_messaging.rpc.server
File "/var/lib/openstack/lib/python3.12/site-packages/oslo_db/api.py", line 142, in wrapper
2026-06-09 16:18:55.655 16 ERROR oslo_messaging.rpc.server return f(*args, **kwargs)
2026-06-09 16:18:55.655 16 ERROR oslo_messaging.rpc.server ^^^^^^^^^^^^^^^^^^
2026-06-09 16:18:55.655 16 ERROR oslo_messaging.rpc.server
File "/var/lib/openstack/lib/python3.12/site-packages/neutron_lib/db/api.py", line 183, in wrapped
2026-06-09 16:18:55.655 16 ERROR oslo_messaging.rpc.server with excutils.save_and_reraise_exception():
2026-06-09 16:18:55.655 16 ERROR oslo_messaging.rpc.server
File "/var/lib/openstack/lib/python3.12/site-packages/oslo_utils/excutils.py", line 227, in __exit__
2026-06-09 16:18:55.655 16 ERROR oslo_messaging.rpc.server self.force_reraise()
2026-06-09 16:18:55.655 16 ERROR oslo_messaging.rpc.server
File "/var/lib/openstack/lib/python3.12/site-packages/oslo_utils/excutils.py", line 200, in force_reraise
2026-06-09 16:18:55.655 16 ERROR oslo_messaging.rpc.server raise self.value
2026-06-09 16:18:55.655 16 ERROR oslo_messaging.rpc.server
File "/var/lib/openstack/lib/python3.12/site-packages/neutron_lib/db/api.py", line 181, in wrapped
2026-06-09 16:18:55.655 16 ERROR oslo_messaging.rpc.server return f(*dup_args, **dup_kwargs)
2026-06-09 16:18:55.655 16 ERROR oslo_messaging.rpc.server ^^^^^^^^^^^^^^^^^^^^^^^^^^
2026-06-09 16:18:55.655 16 ERROR oslo_messaging.rpc.server
File "/var/lib/openstack/lib/python3.12/site-packages/oslo_db/sqlalchemy/enginefacade.py", line 1183, in wrapper
2026-06-09 16:18:55.655 16 ERROR oslo_messaging.rpc.server return fn(*args, **kwargs)
2026-06-09 16:18:55.655 16 ERROR oslo_messaging.rpc.server ^^^^^^^^^^^^^^^^^^^
2026-06-09 16:18:55.655 16 ERROR oslo_messaging.rpc.server
File "/var/lib/openstack/lib/python3.12/site-packages/neutron/db/db_base_plugin_v2.py", line 1664, in get_port
2026-06-09 16:18:55.655 16 ERROR oslo_messaging.rpc.server port = self._get_port(context, id, lazy_fields=lazy_fields)
2026-06-09 16:18:55.655 16 ERROR oslo_messaging.rpc.server ^^^^^^^^^^^^^^^^^^^^^^^^^^^^^^^^^^^^^^^^^^^^^^^^^^^^
2026-06-09 16:18:55.655 16 ERROR oslo_messaging.rpc.server
File "/var/lib/openstack/lib/python3.12/site-packages/oslo_db/sqlalchemy/enginefacade.py", line 1183, in wrapper
2026-06-09 16:18:55.655 16 ERROR oslo_messaging.rpc.server return fn(*args, **kwargs)
2026-06-09 16:18:55.655 16 ERROR oslo_messaging.rpc.server ^^^^^^^^^^^^^^^^^^^
2026-06-09 16:18:55.655 16 ERROR oslo_messaging.rpc.server
File "/var/lib/openstack/lib/python3.12/site-packages/neutron/db/db_base_plugin_common.py", line 295, in _get_port
2026-06-09 16:18:55.655 16 ERROR oslo_messaging.rpc.server raise exceptions.PortNotFound(port_id=id)
2026-06-09 16:18:55.655 16 ERROR oslo_messaging.rpc.server neutron_lib.exceptions.PortNotFound: Port fb0a43ee-352f-47f9-8f52-dac4e2f4ac02 could not be found.
2026-06-09 16:18:55.655 16 ERROR oslo_messaging.rpc.server
2026-06-09 16:19:00.063 13 INFO neutron.plugins.ml2.plugin [None req-1c332c6a-273a-4932-aaf7-12fdf4764ab7 - - - - - -] Attempt 1 to provision port 5db81ec8-263d-4972-9da6-979788dbfe03
2026-06-09 16:19:01.228 16 INFO neutron.plugins.ml2.plugin [None req-5b45eb4a-a59a-4d7f-b852-a354e8bcca43 - - - - - -] Attempt 1 to provision port 5db81ec8-263d-4972-9da6-979788dbfe03
2026-06-09 16:19:02.080 16 INFO neutron.plugins.ml2.plugin [None req-1c332c6a-273a-4932-aaf7-12fdf4764ab7 - - - - - -] Attempt 1 to provision port 5db81ec8-263d-4972-9da6-979788dbfe03
2026-06-09 16:19:07.724 16 INFO neutron.plugins.ml2.plugin [None req-208a4e89-fcca-4e74-8deb-c4f2293d7525 - - - - - -] Attempt 1 to provision port c982d947-b3c6-4404-a3e9-915c488f5bea
2026-06-09 16:19:19.596 13 INFO neutron.plugins.ml2.plugin [None req-4dc1231b-bd02-44fa-ac98-75eab906305d - - - - - -] Attempt 1 to provision port a5534f56-c599-4d4b-a9b5-95feedecef3a
2026-06-09 16:19:24.189 16 INFO neutron.plugins.ml2.plugin [None req-1c332c6a-273a-4932-aaf7-12fdf4764ab7 - - - - - -] Attempt 1 to provision port 294fab68-88b4-48b9-b1a9-b022ab67650b
2026-06-09 16:19:24.843 16 INFO neutron.plugins.ml2.plugin [None req-2a91c175-d886-4864-a3af-3ff43e8b0e1f - - - - - -] Attempt 1 to provision port 294fab68-88b4-48b9-b1a9-b022ab67650b
2026-06-09 16:19:25.152 16 INFO neutron.plugins.ml2.plugin [None req-1c332c6a-273a-4932-aaf7-12fdf4764ab7 - - - - - -] Attempt 1 to provision port 8495057e-1d6d-4e47-a32a-26be14e24de6
2026-06-09 16:19:26.332 13 INFO neutron.plugins.ml2.plugin [None req-1c332c6a-273a-4932-aaf7-12fdf4764ab7 - - - - - -] Attempt 1 to provision port 294fab68-88b4-48b9-b1a9-b022ab67650b
2026-06-09 16:19:26.595 13 INFO neutron.plugins.ml2.plugin [None req-1c332c6a-273a-4932-aaf7-12fdf4764ab7 - - - - - -] Attempt 1 to provision port 8495057e-1d6d-4e47-a32a-26be14e24de6
2026-06-09 16:19:27.364 13 INFO neutron.plugins.ml2.plugin [None req-9ae4b930-c26a-4794-9c7d-1c17a491ace7 - - - - - -] Attempt 1 to provision port a997ba18-c360-40dc-8cf9-51a09645115d
2026-06-09 16:19:27.432 13 INFO neutron.plugins.ml2.plugin [None req-9ae4b930-c26a-4794-9c7d-1c17a491ace7 - - - - - -] Attempt 1 to provision port 294fab68-88b4-48b9-b1a9-b022ab67650b
2026-06-09 16:19:28.686 13 INFO neutron.plugins.ml2.plugin [None req-cae5d51c-8098-4a37-bff5-e18831a2a9d6 - - - - - -] Attempt 1 to provision port a997ba18-c360-40dc-8cf9-51a09645115d
2026-06-09 16:19:41.088 13 INFO neutron.plugins.ml2.plugin [None req-1c332c6a-273a-4932-aaf7-12fdf4764ab7 - - - - - -] Attempt 1 to provision port 5e93270e-6d1a-493b-a5dd-6d19db96b41a
2026-06-09 16:19:41.241 13 INFO neutron.notifiers.nova [-] Nova event matching ['req-80da5c76-14bc-4c12-b93a-2350f1d310cf'] response: {'server_uuid': 'ca002ffb-c14a-4822-a2e4-edc39726686e', 'name': 'network-vif-plugged', 'status': 'completed', 'tag': '5e93270e-6d1a-493b-a5dd-6d19db96b41a', 'code': 200}
2026-06-09 16:19:42.326 16 INFO neutron.plugins.ml2.plugin [None req-1c332c6a-273a-4932-aaf7-12fdf4764ab7 - - - - - -] Attempt 1 to provision port 5e93270e-6d1a-493b-a5dd-6d19db96b41a
2026-06-09 16:19:42.574 16 INFO neutron.plugins.ml2.plugin [None req-1c332c6a-273a-4932-aaf7-12fdf4764ab7 - - - - - -] Attempt 1 to provision port a997ba18-c360-40dc-8cf9-51a09645115d
2026-06-09 16:19:43.143 16 INFO neutron.plugins.ml2.plugin [None req-1c332c6a-273a-4932-aaf7-12fdf4764ab7 - - - - - -] Attempt 1 to provision port a5534f56-c599-4d4b-a9b5-95feedecef3a
2026-06-09 16:19:44.342 13 INFO neutron.plugins.ml2.plugin [None req-1c332c6a-273a-4932-aaf7-12fdf4764ab7 - - - - - -] Attempt 1 to provision port a997ba18-c360-40dc-8cf9-51a09645115d
2026-06-09 16:19:44.575 13 INFO neutron.plugins.ml2.plugin [None req-1c332c6a-273a-4932-aaf7-12fdf4764ab7 - - - - - -] Attempt 1 to provision port a5534f56-c599-4d4b-a9b5-95feedecef3a
2026-06-09 16:20:26.854 13 INFO neutron.plugins.ml2.plugin [None req-1c332c6a-273a-4932-aaf7-12fdf4764ab7 - - - - - -] Attempt 1 to provision port a807d3e9-c57b-495d-ac41-9e907cbcb33e
2026-06-09 16:20:26.964 13 INFO neutron.notifiers.nova [-] Nova event matching ['req-297704cf-fad3-4127-886d-a872333e511d'] response: {'server_uuid': 'bc2a828a-1c36-4f7f-8f78-f87ed1f34109', 'name': 'network-vif-plugged', 'status': 'completed', 'tag': 'a807d3e9-c57b-495d-ac41-9e907cbcb33e', 'code': 200}
2026-06-09 16:20:28.336 16 INFO neutron.plugins.ml2.plugin [None req-1c332c6a-273a-4932-aaf7-12fdf4764ab7 - - - - - -] Attempt 1 to provision port a807d3e9-c57b-495d-ac41-9e907cbcb33e
2026-06-09 16:21:05.999 13 INFO neutron_taas.services.taas.taas_plugin [None req-84e9c687-7c69-4e5e-ab23-63d0a5d8194e - - - - - -] TaaS: Handle Delete Port: 294fab68-88b4-48b9-b1a9-b022ab67650b
2026-06-09 16:21:06.006 13 INFO neutron_taas.services.taas.tap_mirror_plugin [None req-84e9c687-7c69-4e5e-ab23-63d0a5d8194e - - - - - -] Tap Mirror: Handle Delete Port: 294fab68-88b4-48b9-b1a9-b022ab67650b
2026-06-09 16:21:20.342 13 INFO neutron.plugins.ml2.plugin [None req-1c332c6a-273a-4932-aaf7-12fdf4764ab7 - - - - - -] Attempt 1 to provision port b3646638-d498-45f8-a634-23951112882e
2026-06-09 16:21:20.910 13 INFO neutron.plugins.ml2.plugin [None req-bff77101-11c3-4b81-9840-b1757f1a01f6 - - - - - -] Attempt 1 to provision port b3646638-d498-45f8-a634-23951112882e
2026-06-09 16:21:22.353 16 INFO neutron.plugins.ml2.plugin [None req-1c332c6a-273a-4932-aaf7-12fdf4764ab7 - - - - - -] Attempt 1 to provision port b3646638-d498-45f8-a634-23951112882e
2026-06-09 16:21:24.394 16 INFO neutron.plugins.ml2.plugin [None req-1c332c6a-273a-4932-aaf7-12fdf4764ab7 - - - - - -] Attempt 1 to provision port eb428881-b8a6-46de-90a5-01da370adecf
2026-06-09 16:21:24.716 16 INFO neutron.plugins.ml2.plugin [None req-1c332c6a-273a-4932-aaf7-12fdf4764ab7 - - - - - -] Attempt 1 to provision port 6b97e93c-f139-4c87-b9c8-b41cf82f3b18
2026-06-09 16:21:26.346 13 INFO neutron.plugins.ml2.plugin [None req-1c332c6a-273a-4932-aaf7-12fdf4764ab7 - - - - - -] Attempt 1 to provision port eb428881-b8a6-46de-90a5-01da370adecf
2026-06-09 16:21:26.560 13 INFO neutron.plugins.ml2.plugin [None req-1c332c6a-273a-4932-aaf7-12fdf4764ab7 - - - - - -] Attempt 1 to provision port 6b97e93c-f139-4c87-b9c8-b41cf82f3b18
2026-06-09 16:21:28.439 13 INFO neutron.plugins.ml2.plugin [None req-1c332c6a-273a-4932-aaf7-12fdf4764ab7 - - - - - -] Attempt 1 to provision port 63ce623e-57c2-49c7-b513-6379323a028d
2026-06-09 16:21:30.362 16 INFO neutron.plugins.ml2.plugin [None req-1c332c6a-273a-4932-aaf7-12fdf4764ab7 - - - - - -] Attempt 1 to provision port 63ce623e-57c2-49c7-b513-6379323a028d
2026-06-09 16:21:32.279 16 INFO neutron.plugins.ml2.plugin [None req-85e44514-56b6-4fe8-8b0c-b438891fb7a0 - - - - - -] Attempt 1 to provision port 6b97e93c-f139-4c87-b9c8-b41cf82f3b18
2026-06-09 16:21:32.336 16 INFO neutron.plugins.ml2.plugin [None req-85e44514-56b6-4fe8-8b0c-b438891fb7a0 - - - - - -] Attempt 1 to provision port f8204ac4-0d66-4638-9c13-3e6c3debcc22
2026-06-09 16:21:32.359 16 INFO neutron.plugins.ml2.plugin [None req-85e44514-56b6-4fe8-8b0c-b438891fb7a0 - - - - - -] Attempt 1 to provision port 63ce623e-57c2-49c7-b513-6379323a028d
2026-06-09 16:21:32.371 13 INFO neutron.plugins.ml2.plugin [None req-1c332c6a-273a-4932-aaf7-12fdf4764ab7 - - - - - -] Attempt 1 to provision port b3646638-d498-45f8-a634-23951112882e
2026-06-09 16:21:32.411 16 INFO neutron.plugins.ml2.plugin [None req-85e44514-56b6-4fe8-8b0c-b438891fb7a0 - - - - - -] Attempt 1 to provision port b3646638-d498-45f8-a634-23951112882e
2026-06-09 16:21:32.458 16 INFO neutron.plugins.ml2.plugin [None req-85e44514-56b6-4fe8-8b0c-b438891fb7a0 - - - - - -] Attempt 1 to provision port 7f52a921-d90e-4da9-8500-00668be054e3
2026-06-09 16:21:37.473 13 INFO neutron.plugins.ml2.plugin [None req-57be8721-d8f7-4079-920e-bb7fde97e27c - - - - - -] Attempt 1 to provision port 2d540da8-f73c-44db-a7d8-d7a8368d8aa1
2026-06-09 16:21:37.495 13 INFO neutron.plugins.ml2.plugin [None req-57be8721-d8f7-4079-920e-bb7fde97e27c - - - - - -] Attempt 1 to provision port 6b97e93c-f139-4c87-b9c8-b41cf82f3b18
2026-06-09 16:21:37.548 13 INFO neutron.plugins.ml2.plugin [None req-57be8721-d8f7-4079-920e-bb7fde97e27c - - - - - -] Attempt 1 to provision port 63ce623e-57c2-49c7-b513-6379323a028d
2026-06-09 16:21:37.605 13 INFO neutron.plugins.ml2.plugin [None req-57be8721-d8f7-4079-920e-bb7fde97e27c - - - - - -] Attempt 1 to provision port b3646638-d498-45f8-a634-23951112882e
2026-06-09 16:21:37.658 13 INFO neutron.plugins.ml2.plugin [None req-57be8721-d8f7-4079-920e-bb7fde97e27c - - - - - -] Attempt 1 to provision port f8204ac4-0d66-4638-9c13-3e6c3debcc22
2026-06-09 16:21:37.683 13 INFO neutron.plugins.ml2.plugin [None req-57be8721-d8f7-4079-920e-bb7fde97e27c - - - - - -] Attempt 1 to provision port 2c30b020-308b-4982-9776-f775bfc36664
2026-06-09 16:21:38.847 13 INFO neutron.plugins.ml2.plugin [None req-1c332c6a-273a-4932-aaf7-12fdf4764ab7 - - - - - -] Attempt 1 to provision port 3a4ce262-fa94-4251-adf9-216dc7c55089
2026-06-09 16:21:39.082 13 INFO neutron.notifiers.nova [-] Nova event matching ['req-443fd75a-7721-4c40-a980-6025e31bdae8'] response: {'server_uuid': 'd8b10c7f-fdec-4dcc-ad05-fd1b327f3456', 'name': 'network-vif-plugged', 'status': 'completed', 'tag': '3a4ce262-fa94-4251-adf9-216dc7c55089', 'code': 200}
2026-06-09 16:21:40.344 16 INFO neutron.plugins.ml2.plugin [None req-1c332c6a-273a-4932-aaf7-12fdf4764ab7 - - - - - -] Attempt 1 to provision port 3a4ce262-fa94-4251-adf9-216dc7c55089
2026-06-09 16:21:41.681 16 INFO neutron.plugins.ml2.plugin [None req-c404a83f-381d-43a0-a2d9-8d9cc94448d6 - - - - - -] Attempt 1 to provision port 2d540da8-f73c-44db-a7d8-d7a8368d8aa1
2026-06-09 16:21:41.788 16 INFO neutron.plugins.ml2.plugin [None req-c404a83f-381d-43a0-a2d9-8d9cc94448d6 - - - - - -] Attempt 1 to provision port 6b97e93c-f139-4c87-b9c8-b41cf82f3b18
2026-06-09 16:21:41.834 16 INFO neutron.plugins.ml2.plugin [None req-c404a83f-381d-43a0-a2d9-8d9cc94448d6 - - - - - -] Attempt 1 to provision port 63ce623e-57c2-49c7-b513-6379323a028d
2026-06-09 16:21:41.890 16 INFO neutron.plugins.ml2.plugin [None req-c404a83f-381d-43a0-a2d9-8d9cc94448d6 - - - - - -] Attempt 1 to provision port f8204ac4-0d66-4638-9c13-3e6c3debcc22
2026-06-09 16:21:42.002 16 INFO neutron.plugins.ml2.plugin [None req-c404a83f-381d-43a0-a2d9-8d9cc94448d6 - - - - - -] Attempt 1 to provision port 2c30b020-308b-4982-9776-f775bfc36664
2026-06-09 16:21:42.119 16 INFO neutron.plugins.ml2.plugin [None req-c404a83f-381d-43a0-a2d9-8d9cc94448d6 - - - - - -] Attempt 1 to provision port 3a4ce262-fa94-4251-adf9-216dc7c55089
2026-06-09 16:21:42.375 16 INFO neutron.plugins.ml2.plugin [None req-1c332c6a-273a-4932-aaf7-12fdf4764ab7 - - - - - -] Attempt 1 to provision port 2c30b020-308b-4982-9776-f775bfc36664
2026-06-09 16:21:42.546 16 INFO neutron.plugins.ml2.plugin [None req-1c332c6a-273a-4932-aaf7-12fdf4764ab7 - - - - - -] Attempt 1 to provision port 2d540da8-f73c-44db-a7d8-d7a8368d8aa1
2026-06-09 16:21:42.734 16 INFO neutron.plugins.ml2.plugin [None req-1c332c6a-273a-4932-aaf7-12fdf4764ab7 - - - - - -] Attempt 1 to provision port 7f52a921-d90e-4da9-8500-00668be054e3
2026-06-09 16:21:43.050 16 INFO neutron.plugins.ml2.plugin [None req-1c332c6a-273a-4932-aaf7-12fdf4764ab7 - - - - - -] Attempt 1 to provision port f8204ac4-0d66-4638-9c13-3e6c3debcc22
2026-06-09 16:21:44.325 13 INFO neutron.plugins.ml2.plugin [None req-1c332c6a-273a-4932-aaf7-12fdf4764ab7 - - - - - -] Attempt 1 to provision port 7f52a921-d90e-4da9-8500-00668be054e3
2026-06-09 16:21:44.676 16 INFO neutron.plugins.ml2.plugin [None req-5cfb24e1-938f-448d-b17e-093e15cdea78 - - - - - -] Attempt 1 to provision port 2d540da8-f73c-44db-a7d8-d7a8368d8aa1
2026-06-09 16:21:44.733 16 INFO neutron.plugins.ml2.plugin [None req-5cfb24e1-938f-448d-b17e-093e15cdea78 - - - - - -] Attempt 1 to provision port f8204ac4-0d66-4638-9c13-3e6c3debcc22
2026-06-09 16:21:44.792 16 INFO neutron.plugins.ml2.plugin [None req-5cfb24e1-938f-448d-b17e-093e15cdea78 - - - - - -] Attempt 1 to provision port 2c30b020-308b-4982-9776-f775bfc36664
2026-06-09 16:21:46.874 13 INFO neutron.plugins.ml2.plugin [None req-652161ba-1427-4596-ae56-df745b426c1b - - - - - -] Attempt 1 to provision port 2d540da8-f73c-44db-a7d8-d7a8368d8aa1
2026-06-09 16:21:46.925 13 INFO neutron.plugins.ml2.plugin [None req-652161ba-1427-4596-ae56-df745b426c1b - - - - - -] Attempt 1 to provision port 2c30b020-308b-4982-9776-f775bfc36664
2026-06-09 16:21:48.224 13 INFO neutron.plugins.ml2.plugin [None req-81f03554-7562-49d2-a4d2-e5c50be75dac - - - - - -] Attempt 1 to provision port 3a4ce262-fa94-4251-adf9-216dc7c55089
2026-06-09 16:21:56.375 13 INFO neutron.plugins.ml2.plugin [None req-1c332c6a-273a-4932-aaf7-12fdf4764ab7 - - - - - -] Attempt 1 to provision port 0ecd8a48-2eb8-4b2e-8ecf-468efd291b25
2026-06-09 16:21:56.483 13 INFO neutron.notifiers.nova [-] Nova event matching ['req-c78c0e49-177e-4ec3-83d8-31e16f9571f1'] response: {'server_uuid': '9b36f2d6-4411-4387-8859-79b7095ca9f8', 'name': 'network-vif-plugged', 'status': 'completed', 'tag': '0ecd8a48-2eb8-4b2e-8ecf-468efd291b25', 'code': 200}
2026-06-09 16:21:58.341 16 INFO neutron.plugins.ml2.plugin [None req-1c332c6a-273a-4932-aaf7-12fdf4764ab7 - - - - - -] Attempt 1 to provision port 0ecd8a48-2eb8-4b2e-8ecf-468efd291b25
2026-06-09 16:22:28.555 13 INFO neutron.plugins.ml2.plugin [None req-9db71ee0-6870-4c95-af5c-b06faf2f350a - - - - - -] Attempt 1 to provision port e31f9901-1424-49ff-a470-5c0479c43f83
2026-06-09 16:22:50.882 13 INFO neutron.plugins.ml2.plugin [None req-1c332c6a-273a-4932-aaf7-12fdf4764ab7 - - - - - -] Attempt 1 to provision port 32417020-0d92-4c2b-bf0c-7b5d23fbc1e2
2026-06-09 16:22:50.976 13 INFO neutron.notifiers.nova [-] Nova event matching ['req-bb37423f-6963-4a5e-89ae-2015760c9b48'] response: {'server_uuid': '60c5e47f-d724-4661-a5bd-70f0210fd4f9', 'name': 'network-vif-plugged', 'status': 'completed', 'tag': '32417020-0d92-4c2b-bf0c-7b5d23fbc1e2', 'code': 200}
2026-06-09 16:22:52.340 16 INFO neutron.plugins.ml2.plugin [None req-1c332c6a-273a-4932-aaf7-12fdf4764ab7 - - - - - -] Attempt 1 to provision port 32417020-0d92-4c2b-bf0c-7b5d23fbc1e2
2026-06-09 16:23:30.547 16 INFO neutron.plugins.ml2.plugin [None req-ade5c122-4b31-46ca-837b-2cdcabbf0ab2 - - - - - -] Attempt 1 to provision port f4086585-4bf9-40ee-9943-75f84341f562
2026-06-09 16:23:36.391 13 INFO neutron.plugins.ml2.plugin [None req-1c332c6a-273a-4932-aaf7-12fdf4764ab7 - - - - - -] Attempt 1 to provision port f4086585-4bf9-40ee-9943-75f84341f562
2026-06-09 16:23:36.505 13 INFO neutron.notifiers.nova [-] Nova event matching ['req-37321a4b-c5b6-47b2-9f70-797aacb6b620'] response: {'server_uuid': '60c5e47f-d724-4661-a5bd-70f0210fd4f9', 'name': 'network-vif-plugged', 'status': 'completed', 'tag': 'f4086585-4bf9-40ee-9943-75f84341f562', 'code': 200}
2026-06-09 16:23:38.376 16 INFO neutron.plugins.ml2.plugin [None req-1c332c6a-273a-4932-aaf7-12fdf4764ab7 - - - - - -] Attempt 1 to provision port f4086585-4bf9-40ee-9943-75f84341f562
2026-06-09 16:23:40.899 16 INFO neutron.plugins.ml2.plugin [None req-1c332c6a-273a-4932-aaf7-12fdf4764ab7 - - - - - -] Attempt 1 to provision port f4086585-4bf9-40ee-9943-75f84341f562
2026-06-09 16:24:03.983 16 INFO neutron.plugins.ml2.plugin [None req-2bc0a5be-623f-480a-98c0-c44996bbca59 - - - - - -] Attempt 1 to provision port 9f80f8b9-1ba2-4e2a-b4a8-b1dc7b4bdf92
2026-06-09 16:24:11.967 16 INFO neutron.plugins.ml2.plugin [None req-1c332c6a-273a-4932-aaf7-12fdf4764ab7 - - - - - -] Attempt 1 to provision port 9f80f8b9-1ba2-4e2a-b4a8-b1dc7b4bdf92
2026-06-09 16:24:12.108 16 INFO neutron.notifiers.nova [-] Nova event matching ['req-d2d1a972-c02a-4f6d-b46d-fbfaa615fb0b'] response: {'server_uuid': '60c5e47f-d724-4661-a5bd-70f0210fd4f9', 'name': 'network-vif-plugged', 'status': 'completed', 'tag': '9f80f8b9-1ba2-4e2a-b4a8-b1dc7b4bdf92', 'code': 200}
2026-06-09 16:24:12.581 13 INFO neutron.plugins.ml2.plugin [None req-1c332c6a-273a-4932-aaf7-12fdf4764ab7 - - - - - -] Attempt 1 to provision port 9f80f8b9-1ba2-4e2a-b4a8-b1dc7b4bdf92
2026-06-09 16:24:24.996 13 INFO neutron.plugins.ml2.plugin [None req-96f34650-b1e0-4a4a-b4c9-624a0cb2554a - - - - - -] Attempt 1 to provision port b35da470-821e-4c10-93c1-1247f644df3e
2026-06-09 16:24:30.629 16 INFO neutron.plugins.ml2.plugin [None req-1c332c6a-273a-4932-aaf7-12fdf4764ab7 - - - - - -] Attempt 1 to provision port b35da470-821e-4c10-93c1-1247f644df3e
2026-06-09 16:24:30.741 16 INFO neutron.notifiers.nova [-] Nova event matching ['req-da3416cc-a531-4e16-8aaa-b2888fbd54a3'] response: {'server_uuid': '60c5e47f-d724-4661-a5bd-70f0210fd4f9', 'name': 'network-vif-plugged', 'status': 'completed', 'tag': 'b35da470-821e-4c10-93c1-1247f644df3e', 'code': 200}
2026-06-09 16:24:32.582 13 INFO neutron.plugins.ml2.plugin [None req-1c332c6a-273a-4932-aaf7-12fdf4764ab7 - - - - - -] Attempt 1 to provision port b35da470-821e-4c10-93c1-1247f644df3e
2026-06-09 16:24:35.013 16 INFO neutron.plugins.ml2.plugin [None req-ecace9dc-4a31-4713-ab5e-d561656350ab - - - - - -] Attempt 1 to provision port 9f80f8b9-1ba2-4e2a-b4a8-b1dc7b4bdf92
2026-06-09 16:24:50.553 13 INFO neutron.plugins.ml2.plugin [None req-76796ee6-c556-4b19-bba6-ec0462e7df0a - - - - - -] Attempt 1 to provision port b35da470-821e-4c10-93c1-1247f644df3e
2026-06-09 16:24:50.697 16 INFO neutron.plugins.ml2.plugin [None req-1c332c6a-273a-4932-aaf7-12fdf4764ab7 - - - - - -] Attempt 1 to provision port b35da470-821e-4c10-93c1-1247f644df3e
2026-06-09 16:25:04.192 16 INFO neutron.plugins.ml2.plugin [None req-81ef2bdc-65d3-4642-bbd4-c1951970b847 - - - - - -] Attempt 1 to provision port 9f80f8b9-1ba2-4e2a-b4a8-b1dc7b4bdf92
2026-06-09 16:25:04.642 13 INFO neutron.plugins.ml2.plugin [None req-1c332c6a-273a-4932-aaf7-12fdf4764ab7 - - - - - -] Attempt 1 to provision port 9f80f8b9-1ba2-4e2a-b4a8-b1dc7b4bdf92
2026-06-09 16:25:48.771 13 INFO neutron.notifiers.nova [-] Nova event matching ['req-f2562ee5-92f2-48a9-8dd7-e69862e1c5de'] response: {'server_uuid': 'd8b10c7f-fdec-4dcc-ad05-fd1b327f3456', 'name': 'network-vif-unplugged', 'status': 'completed', 'tag': '3a4ce262-fa94-4251-adf9-216dc7c55089', 'code': 200}
2026-06-09 16:32:11.038 13 INFO neutron.plugins.ml2.plugin [None req-23bc046b-6580-40aa-92ec-d5c17694ecc1 - - - - - -] Attempt 1 to provision port 27b1fa55-3510-4a97-b682-46cbc7aa5a6f
2026-06-09 16:32:11.094 13 INFO neutron.plugins.ml2.plugin [None req-23bc046b-6580-40aa-92ec-d5c17694ecc1 - - - - - -] Attempt 1 to provision port 96c3514a-c0df-4f3f-a65b-2c7c5b2ad7cf
2026-06-09 16:32:11.145 13 INFO neutron.plugins.ml2.plugin [None req-23bc046b-6580-40aa-92ec-d5c17694ecc1 - - - - - -] Attempt 1 to provision port 50189040-8e8d-43a9-8263-767197f677b4