2026-08-13 09:36:04.890 7 INFO neutron.db.ovn_revision_numbers_db [None req-997f938d-9922-419e-9953-5929d5da7398 ac6be81963bc4e48b4f5b87cfd80fc94 e4696adfb863445094f8821581fd59e7 - - default default] Successfully bumped revision number for resource 698ee1cc-acd9-4e1e-aeee-29285d414d3b (type: ports) to 1 [pid: 7|app: 0|req: 726/1428] 10.0.0.80 () {34 vars in 669 bytes} [Thu Aug 13 09:36:04 2026] POST /v2.0/networks => generated 672 bytes in 501 msecs (HTTP/1.1 201) 4 headers in 162 bytes (1 switches on core 0)
2026-08-13 09:36:05.691 8 WARNING neutron.scheduler.dhcp_agent_scheduler [None req-7f96c823-b81b-45b8-bfa7-fa93fc6ff447 ac6be81963bc4e48b4f5b87cfd80fc94 e4696adfb863445094f8821581fd59e7 - - default default] No more DHCP agents
2026-08-13 09:36:05.692 8 WARNING neutron.api.rpc.agentnotifiers.dhcp_rpc_agent_api [None req-7f96c823-b81b-45b8-bfa7-fa93fc6ff447 ac6be81963bc4e48b4f5b87cfd80fc94 e4696adfb863445094f8821581fd59e7 - - default default] Unable to schedule network b33051c8-6d46-45db-ae2d-1ab4e7acd021: no agents available; will retry on subsequent port and subnet creation events.
2026-08-13 09:36:05.716 8 INFO neutron.db.ovn_revision_numbers_db [None req-7f96c823-b81b-45b8-bfa7-fa93fc6ff447 ac6be81963bc4e48b4f5b87cfd80fc94 e4696adfb863445094f8821581fd59e7 - - default default] Successfully bumped revision number for resource 50c52bb0-f867-4b0d-8a53-15adc1e665a3 (type: subnets) to 0
2026-08-13 09:36:05.742 8 WARNING neutron.scheduler.dhcp_agent_scheduler [None req-7f96c823-b81b-45b8-bfa7-fa93fc6ff447 ac6be81963bc4e48b4f5b87cfd80fc94 e4696adfb863445094f8821581fd59e7 - - default default] No more DHCP agents
2026-08-13 09:36:05.744 8 WARNING neutron.api.rpc.agentnotifiers.dhcp_rpc_agent_api [None req-7f96c823-b81b-45b8-bfa7-fa93fc6ff447 ac6be81963bc4e48b4f5b87cfd80fc94 e4696adfb863445094f8821581fd59e7 - - default default] Unable to schedule network 948d21d1-7492-4e63-8be0-ea692d6c3e1d: no agents available; will retry on subsequent port and subnet creation events.
2026-08-13 09:36:05.769 8 INFO neutron.db.ovn_revision_numbers_db [None req-7f96c823-b81b-45b8-bfa7-fa93fc6ff447 ac6be81963bc4e48b4f5b87cfd80fc94 e4696adfb863445094f8821581fd59e7 - - default default] Successfully bumped revision number for resource 4804cdbe-984c-42fe-8f4e-1db10335edf1 (type: subnets) to 0 [pid: 8|app: 0|req: 703/1429] 10.0.0.80 () {34 vars in 668 bytes} [Thu Aug 13 09:36:05 2026] POST /v2.0/subnets => generated 1324 bytes in 418 msecs (HTTP/1.1 201) 4 headers in 163 bytes (1 switches on core 0) [pid: 7|app: 0|req: 727/1430] 10.0.0.80 () {32 vars in 646 bytes} [Thu Aug 13 09:36:05 2026] GET /v2.0/subnets => generated 1960 bytes in 53 msecs (HTTP/1.1 200) 4 headers in 158 bytes (1 switches on core 0) [pid: 7|app: 0|req: 728/1431] 10.0.0.203 () {34 vars in 990 bytes} [Thu Aug 13 09:36:05 2026] GET /v2.0/ports?device_id=7c9852f6-1c06-4c00-a4ac-e1eebb397c84 => generated 12 bytes in 16 msecs (HTTP/1.1 200) 4 headers in 156 bytes (1 switches on core 0) [pid: 8|app: 0|req: 704/1432] 10.0.0.80 () {32 vars in 723 bytes} [Thu Aug 13 09:36:05 2026] DELETE /v2.0/subnets/50c52bb0-f867-4b0d-8a53-15adc1e665a3 => generated 0 bytes in 128 msecs (HTTP/1.1 204) 3 headers in 131 bytes (1 switches on core 0) [pid: 7|app: 0|req: 729/1433] 10.0.0.80 () {32 vars in 723 bytes} [Thu Aug 13 09:36:05 2026] DELETE /v2.0/subnets/4804cdbe-984c-42fe-8f4e-1db10335edf1 => generated 0 bytes in 147 msecs (HTTP/1.1 204) 3 headers in 131 bytes (1 switches on core 0) [pid: 7|app: 0|req: 730/1434] 10.0.0.80 () {32 vars in 646 bytes} [Thu Aug 13 09:36:06 2026] GET /v2.0/subnets => generated 649 bytes in 28 msecs (HTTP/1.1 200) 4 headers in 157 bytes (1 switches on core 0)
2026-08-13 09:36:06.296 8 INFO neutron.db.ovn_revision_numbers_db [None req-f7b7a7b6-30b5-44eb-b6f4-aa6a4c62cf30 eb66fba5bf664f44aaa5517d77c4124e a9fe125cc96a4b7f89493dc8d4dd3b66 - - default default] Successfully bumped revision number for resource 1faa0d14-b06c-421d-968d-cedd3152336d (type: security_groups) to 1
2026-08-13 09:36:06.308 8 INFO neutron.db.ovn_revision_numbers_db [None req-f7b7a7b6-30b5-44eb-b6f4-aa6a4c62cf30 eb66fba5bf664f44aaa5517d77c4124e a9fe125cc96a4b7f89493dc8d4dd3b66 - - default default] Successfully bumped revision number for resource 398d9a81-76b5-4b0e-b057-a837570fc3ea (type: security_group_rules) to 0
2026-08-13 09:36:06.319 8 INFO neutron.db.ovn_revision_numbers_db [None req-f7b7a7b6-30b5-44eb-b6f4-aa6a4c62cf30 eb66fba5bf664f44aaa5517d77c4124e a9fe125cc96a4b7f89493dc8d4dd3b66 - - default default] Successfully bumped revision number for resource 4db03eac-b3e0-4dfe-a4c7-11e5a809be1e (type: security_group_rules) to 0
2026-08-13 09:36:06.322 7 INFO neutron_taas.services.taas.taas_plugin [None req-a1f60890-9a75-42d5-ba62-09ede513ae1f ac6be81963bc4e48b4f5b87cfd80fc94 e4696adfb863445094f8821581fd59e7 - - default default] TaaS: Handle Delete Port: 698ee1cc-acd9-4e1e-aeee-29285d414d3b
2026-08-13 09:36:06.325 7 INFO neutron_taas.services.taas.tap_mirror_plugin [None req-a1f60890-9a75-42d5-ba62-09ede513ae1f ac6be81963bc4e48b4f5b87cfd80fc94 e4696adfb863445094f8821581fd59e7 - - default default] Tap Mirror: Handle Delete Port: 698ee1cc-acd9-4e1e-aeee-29285d414d3b
2026-08-13 09:36:06.332 8 INFO neutron.db.ovn_revision_numbers_db [None req-f7b7a7b6-30b5-44eb-b6f4-aa6a4c62cf30 eb66fba5bf664f44aaa5517d77c4124e a9fe125cc96a4b7f89493dc8d4dd3b66 - - default default] Successfully bumped revision number for resource ad6b7772-2f5c-4860-bba5-b2e50da38116 (type: security_group_rules) to 0
2026-08-13 09:36:06.345 8 INFO neutron.db.ovn_revision_numbers_db [None req-f7b7a7b6-30b5-44eb-b6f4-aa6a4c62cf30 eb66fba5bf664f44aaa5517d77c4124e a9fe125cc96a4b7f89493dc8d4dd3b66 - - default default] Successfully bumped revision number for resource ed452020-0cf7-44c8-8f50-d00e9766e705 (type: security_group_rules) to 0 [pid: 8|app: 0|req: 705/1435] 10.0.0.80 () {32 vars in 773 bytes} [Thu Aug 13 09:36:06 2026] GET /v2.0/security-groups?tenant_id=46cd1ed30bc0433ab0d1c8c722d415ae&name=default => generated 2925 bytes in 354 msecs (HTTP/1.1 200) 4 headers in 158 bytes (1 switches on core 0)
2026-08-13 09:36:06.497 7 INFO neutron.services.segments.plugin [-] Segment 4be1723a-55ae-4922-999c-514472abe093 resource provider aggregate not found
2026-08-13 09:36:06.497 7 INFO neutron.services.segments.plugin [-] Segment 4be1723a-55ae-4922-999c-514472abe093 resource provider aggregate not found
2026-08-13 09:36:06.512 7 INFO neutron.services.segments.plugin [-] Segment 4be1723a-55ae-4922-999c-514472abe093 resource provider not found; error: Placement Client Error (4xx): {"errors": [{"status": 404, "title": "Not Found", "detail": "The resource could not be found.\n\n No resource provider with uuid 4be1723a-55ae-4922-999c-514472abe093 found for delete ", "request_id": "req-ae8a1d92-8444-44b3-9db0-a9ff83244bb1"}]}
2026-08-13 09:36:06.513 7 INFO neutron.services.segments.plugin [-] Segment 4be1723a-55ae-4922-999c-514472abe093 resource provider not found; error: Placement Client Error (4xx): {"errors": [{"status": 404, "title": "Not Found", "detail": "The resource could not be found.\n\n No resource provider with uuid 4be1723a-55ae-4922-999c-514472abe093 found for delete ", "request_id": "req-ca44e438-7399-44df-8ed3-b204e4bb8494"}]} [pid: 7|app: 0|req: 731/1436] 10.0.0.80 () {32 vars in 725 bytes} [Thu Aug 13 09:36:06 2026] DELETE /v2.0/networks/948d21d1-7492-4e63-8be0-ea692d6c3e1d => generated 0 bytes in 358 msecs (HTTP/1.1 204) 3 headers in 131 bytes (1 switches on core 0) [pid: 8|app: 0|req: 706/1437] 10.0.0.80 () {32 vars in 739 bytes} [Thu Aug 13 09:36:06 2026] DELETE /v2.0/security-groups/1faa0d14-b06c-421d-968d-cedd3152336d => generated 0 bytes in 275 msecs (HTTP/1.1 204) 2 headers in 112 bytes (1 switches on core 0)
2026-08-13 09:36:06.690 7 INFO neutron_taas.services.taas.taas_plugin [None req-851801eb-e6fe-4cb5-bda7-60dac67efb12 ac6be81963bc4e48b4f5b87cfd80fc94 e4696adfb863445094f8821581fd59e7 - - default default] TaaS: Handle Delete Port: 62066c9d-f887-4d2e-be67-7690a560d185
2026-08-13 09:36:06.693 7 INFO neutron_taas.services.taas.tap_mirror_plugin [None req-851801eb-e6fe-4cb5-bda7-60dac67efb12 ac6be81963bc4e48b4f5b87cfd80fc94 e4696adfb863445094f8821581fd59e7 - - default default] Tap Mirror: Handle Delete Port: 62066c9d-f887-4d2e-be67-7690a560d185 [pid: 7|app: 0|req: 732/1438] 10.0.0.80 () {32 vars in 725 bytes} [Thu Aug 13 09:36:06 2026] DELETE /v2.0/networks/b33051c8-6d46-45db-ae2d-1ab4e7acd021 => generated 0 bytes in 357 msecs (HTTP/1.1 204) 3 headers in 131 bytes (1 switches on core 0) [pid: 7|app: 0|req: 733/1439] 10.0.0.203 () {34 vars in 990 bytes} [Thu Aug 13 09:36:06 2026] GET /v2.0/ports?device_id=7c9852f6-1c06-4c00-a4ac-e1eebb397c84 => generated 12 bytes in 21 msecs (HTTP/1.1 200) 4 headers in 156 bytes (1 switches on core 0)
2026-08-13 09:36:07.019 8 INFO neutron_taas.services.taas.taas_plugin [None req-0c18bf10-c9e2-475d-a4c0-0ef8b78cb30f ac6be81963bc4e48b4f5b87cfd80fc94 e4696adfb863445094f8821581fd59e7 - - default default] TaaS: Handle Delete Port: 477ebde1-8750-4c8f-b67f-9e5a9e9c1a25
2026-08-13 09:36:07.021 8 INFO neutron_taas.services.taas.tap_mirror_plugin [None req-0c18bf10-c9e2-475d-a4c0-0ef8b78cb30f ac6be81963bc4e48b4f5b87cfd80fc94 e4696adfb863445094f8821581fd59e7 - - default default] Tap Mirror: Handle Delete Port: 477ebde1-8750-4c8f-b67f-9e5a9e9c1a25
2026-08-13 09:36:07.219 8 INFO neutron.services.segments.plugin [-] Segment 3cfabe59-fb83-4fe0-8e76-08f0dbb3f750 resource provider aggregate not found
2026-08-13 09:36:07.224 8 INFO neutron.services.segments.plugin [-] Segment 3cfabe59-fb83-4fe0-8e76-08f0dbb3f750 resource provider aggregate not found
2026-08-13 09:36:07.241 8 INFO neutron.services.segments.plugin [-] Segment 3cfabe59-fb83-4fe0-8e76-08f0dbb3f750 resource provider not found; error: Placement Client Error (4xx): {"errors": [{"status": 404, "title": "Not Found", "detail": "The resource could not be found.\n\n No resource provider with uuid 3cfabe59-fb83-4fe0-8e76-08f0dbb3f750 found for delete ", "request_id": "req-b926a332-367a-4eb1-add4-6262b246b61c"}]}
2026-08-13 09:36:07.249 8 INFO neutron.services.segments.plugin [-] Segment 3cfabe59-fb83-4fe0-8e76-08f0dbb3f750 resource provider not found; error: Placement Client Error (4xx): {"errors": [{"status": 404, "title": "Not Found", "detail": "The resource could not be found.\n\n No resource provider with uuid 3cfabe59-fb83-4fe0-8e76-08f0dbb3f750 found for delete ", "request_id": "req-fa0a3118-1d4d-4e39-9ef5-fe7e618775cf"}]} [pid: 8|app: 0|req: 707/1440] 10.0.0.80 () {32 vars in 725 bytes} [Thu Aug 13 09:36:06 2026] DELETE /v2.0/networks/02894200-0bc1-4235-a458-9d4139e1676b => generated 0 bytes in 373 msecs (HTTP/1.1 204) 3 headers in 131 bytes (1 switches on core 0)
2026-08-13 09:36:07.390 7 INFO neutron_taas.services.taas.taas_plugin [None req-9836221a-2fbd-40ea-ae92-a35a9c29c985 ac6be81963bc4e48b4f5b87cfd80fc94 e4696adfb863445094f8821581fd59e7 - - default default] TaaS: Handle Delete Port: e0c8f11a-b465-4591-8422-ec939fbeacef
2026-08-13 09:36:07.393 7 INFO neutron_taas.services.taas.tap_mirror_plugin [None req-9836221a-2fbd-40ea-ae92-a35a9c29c985 ac6be81963bc4e48b4f5b87cfd80fc94 e4696adfb863445094f8821581fd59e7 - - default default] Tap Mirror: Handle Delete Port: e0c8f11a-b465-4591-8422-ec939fbeacef
2026-08-13 09:36:07.451 7 WARNING neutron.plugins.ml2.drivers.ovn.mech_driver.ovsdb.ovn_client [None req-c3205ae8-c45c-471c-a9d4-98276621fd18 - - - - - -] No hosting information found for port e6e9c8dd-0545-41e9-8500-e72fbc527da1: RuntimeError: No hosting information found for port e6e9c8dd-0545-41e9-8500-e72fbc527da1
2026-08-13 09:36:07.453 7 INFO neutron.plugins.ml2.drivers.ovn.mech_driver.mech_driver [None req-c3205ae8-c45c-471c-a9d4-98276621fd18 - - - - - -] OVN reports status down for port: 58a037c4-f407-4e9c-bd46-f76a8fd71bd4
2026-08-13 09:36:07.467 7 INFO neutron.plugins.ml2.drivers.ovn.mech_driver.mech_driver [None req-c3205ae8-c45c-471c-a9d4-98276621fd18 - - - - - -] OVN reports status down for port: d8d77a8b-71ae-4642-b69f-beb154c0c78b
2026-08-13 09:36:07.628 7 INFO neutron.db.ovn_revision_numbers_db [None req-c3205ae8-c45c-471c-a9d4-98276621fd18 - - - - - -] Successfully bumped revision number for resource e6e9c8dd-0545-41e9-8500-e72fbc527da1 (type: router_ports) to 2
2026-08-13 09:36:07.629 7 INFO neutron.plugins.ml2.drivers.ovn.mech_driver.mech_driver [None req-c3205ae8-c45c-471c-a9d4-98276621fd18 - - - - - -] OVN reports status down for port: 698ee1cc-acd9-4e1e-aeee-29285d414d3b [pid: 7|app: 0|req: 734/1441] 10.0.0.80 () {32 vars in 725 bytes} [Thu Aug 13 09:36:07 2026] DELETE /v2.0/networks/867fa228-179c-40be-b41d-0fd115cb2100 => generated 0 bytes in 432 msecs (HTTP/1.1 204) 3 headers in 131 bytes (1 switches on core 0)
2026-08-13 09:36:07.892 8 INFO neutron.db.ovn_revision_numbers_db [None req-e27bb145-d84f-4354-805b-182cb05cfac1 eb66fba5bf664f44aaa5517d77c4124e a9fe125cc96a4b7f89493dc8d4dd3b66 - - default default] Successfully bumped revision number for resource b9c15705-a230-4748-8d2d-44bfd59090e4 (type: security_groups) to 1
2026-08-13 09:36:07.916 8 INFO neutron.db.ovn_revision_numbers_db [None req-e27bb145-d84f-4354-805b-182cb05cfac1 eb66fba5bf664f44aaa5517d77c4124e a9fe125cc96a4b7f89493dc8d4dd3b66 - - default default] Successfully bumped revision number for resource 142ec8da-efc8-43b2-b445-fd878376a6e6 (type: security_group_rules) to 0
2026-08-13 09:36:07.933 8 INFO neutron.db.ovn_revision_numbers_db [None req-e27bb145-d84f-4354-805b-182cb05cfac1 eb66fba5bf664f44aaa5517d77c4124e a9fe125cc96a4b7f89493dc8d4dd3b66 - - default default] Successfully bumped revision number for resource 26593dbe-7fdf-4235-b660-25a97d3382e8 (type: security_group_rules) to 0
2026-08-13 09:36:07.942 8 INFO neutron.db.ovn_revision_numbers_db [None req-e27bb145-d84f-4354-805b-182cb05cfac1 eb66fba5bf664f44aaa5517d77c4124e a9fe125cc96a4b7f89493dc8d4dd3b66 - - default default] Successfully bumped revision number for resource bfc7dee5-e395-43be-a8ce-ee34e717db64 (type: security_group_rules) to 0
2026-08-13 09:36:07.952 8 INFO neutron.db.ovn_revision_numbers_db [None req-e27bb145-d84f-4354-805b-182cb05cfac1 eb66fba5bf664f44aaa5517d77c4124e a9fe125cc96a4b7f89493dc8d4dd3b66 - - default default] Successfully bumped revision number for resource ed025dad-5e7d-472c-9e8d-26b289637a27 (type: security_group_rules) to 0 [pid: 8|app: 0|req: 708/1442] 10.0.0.80 () {32 vars in 773 bytes} [Thu Aug 13 09:36:07 2026] GET /v2.0/security-groups?tenant_id=d1c0fe958d5445589ec555f090cc9f24&name=default => generated 2925 bytes in 414 msecs (HTTP/1.1 200) 4 headers in 158 bytes (1 switches on core 0) [pid: 8|app: 0|req: 709/1443] 10.0.0.203 () {34 vars in 990 bytes} [Thu Aug 13 09:36:08 2026] GET /v2.0/ports?device_id=7c9852f6-1c06-4c00-a4ac-e1eebb397c84 => generated 12 bytes in 25 msecs (HTTP/1.1 200) 4 headers in 156 bytes (1 switches on core 0) [pid: 7|app: 0|req: 735/1444] 10.0.0.80 () {32 vars in 739 bytes} [Thu Aug 13 09:36:07 2026] DELETE /v2.0/security-groups/b9c15705-a230-4748-8d2d-44bfd59090e4 => generated 0 bytes in 257 msecs (HTTP/1.1 204) 2 headers in 112 bytes (1 switches on core 0) [pid: 8|app: 0|req: 710/1445] 10.0.0.80 () {32 vars in 773 bytes} [Thu Aug 13 09:36:08 2026] GET /v2.0/security-groups?tenant_id=e4696adfb863445094f8821581fd59e7&name=default => generated 2925 bytes in 237 msecs (HTTP/1.1 200) 4 headers in 158 bytes (1 switches on core 0)
2026-08-13 09:36:08.533 7 INFO neutron.services.segments.plugin [-] Segment 13afbad2-f9dd-4970-acfc-5c74c8ce04d6 resource provider aggregate not found
2026-08-13 09:36:08.540 7 INFO neutron.services.segments.plugin [-] Segment 13afbad2-f9dd-4970-acfc-5c74c8ce04d6 resource provider aggregate not found
2026-08-13 09:36:08.547 7 INFO neutron.services.segments.plugin [-] Segment 13afbad2-f9dd-4970-acfc-5c74c8ce04d6 resource provider not found; error: Placement Client Error (4xx): {"errors": [{"status": 404, "title": "Not Found", "detail": "The resource could not be found.\n\n No resource provider with uuid 13afbad2-f9dd-4970-acfc-5c74c8ce04d6 found for delete ", "request_id": "req-ee6bc025-3bd4-4fc7-b53d-3c6f1cab432b"}]}
2026-08-13 09:36:08.560 7 INFO neutron.services.segments.plugin [-] Segment 5cc677dc-d390-4053-a44d-3e53fd003300 resource provider aggregate not found
2026-08-13 09:36:08.563 7 INFO neutron.services.segments.plugin [-] Segment 13afbad2-f9dd-4970-acfc-5c74c8ce04d6 resource provider not found; error: Placement Client Error (4xx): {"errors": [{"status": 404, "title": "Not Found", "detail": "The resource could not be found.\n\n No resource provider with uuid 13afbad2-f9dd-4970-acfc-5c74c8ce04d6 found for delete ", "request_id": "req-36bc5e89-11c0-446a-8160-2811a1912065"}]}
2026-08-13 09:36:08.580 7 INFO neutron.services.segments.plugin [-] Segment 5cc677dc-d390-4053-a44d-3e53fd003300 resource provider not found; error: Placement Client Error (4xx): {"errors": [{"status": 404, "title": "Not Found", "detail": "The resource could not be found.\n\n No resource provider with uuid 5cc677dc-d390-4053-a44d-3e53fd003300 found for delete ", "request_id": "req-24b6062c-0519-4470-b9ba-4eb463e34d4e"}]}
2026-08-13 09:36:08.587 7 INFO neutron.services.segments.plugin [-] Segment 5cc677dc-d390-4053-a44d-3e53fd003300 resource provider aggregate not found
2026-08-13 09:36:08.605 7 INFO neutron.services.segments.plugin [-] Segment 5cc677dc-d390-4053-a44d-3e53fd003300 resource provider not found; error: Placement Client Error (4xx): {"errors": [{"status": 404, "title": "Not Found", "detail": "The resource could not be found.\n\n No resource provider with uuid 5cc677dc-d390-4053-a44d-3e53fd003300 found for delete ", "request_id": "req-7ba79284-632d-4a1f-938a-7f2b16275d08"}]} [pid: 7|app: 0|req: 736/1446] 10.0.0.80 () {32 vars in 739 bytes} [Thu Aug 13 09:36:08 2026] DELETE /v2.0/security-groups/82029f7d-bb10-40bb-93b5-3765b043c225 => generated 0 bytes in 268 msecs (HTTP/1.1 204) 2 headers in 112 bytes (1 switches on core 0) [pid: 7|app: 0|req: 737/1447] 10.0.0.203 () {34 vars in 990 bytes} [Thu Aug 13 09:36:09 2026] GET /v2.0/ports?device_id=7c9852f6-1c06-4c00-a4ac-e1eebb397c84 => generated 12 bytes in 23 msecs (HTTP/1.1 200) 4 headers in 156 bytes (1 switches on core 0)
2026-08-13 09:36:09.435 8 INFO neutron.db.ovn_revision_numbers_db [None req-7ccde5fc-9910-472b-bb39-2e1655ed4bfd eb66fba5bf664f44aaa5517d77c4124e a9fe125cc96a4b7f89493dc8d4dd3b66 - - default default] Successfully bumped revision number for resource 30755bc2-f048-4933-8f4b-461b8e238380 (type: security_groups) to 1
2026-08-13 09:36:09.448 8 INFO neutron.db.ovn_revision_numbers_db [None req-7ccde5fc-9910-472b-bb39-2e1655ed4bfd eb66fba5bf664f44aaa5517d77c4124e a9fe125cc96a4b7f89493dc8d4dd3b66 - - default default] Successfully bumped revision number for resource 0d5c1d0c-4421-48c3-a983-0be2bdfb7a1a (type: security_group_rules) to 0
2026-08-13 09:36:09.462 8 INFO neutron.db.ovn_revision_numbers_db [None req-7ccde5fc-9910-472b-bb39-2e1655ed4bfd eb66fba5bf664f44aaa5517d77c4124e a9fe125cc96a4b7f89493dc8d4dd3b66 - - default default] Successfully bumped revision number for resource 57c99908-e179-40ac-853f-8c157e8e81cd (type: security_group_rules) to 0 [pid: 7|app: 0|req: 738/1448] 199.204.45.169 () {34 vars in 986 bytes} [Thu Aug 13 09:36:09 2026] GET /v2.0/networks?id=c2f1ad7c-606a-4a10-873e-3b9655dbc0b2 => generated 716 bytes in 90 msecs (HTTP/1.1 200) 4 headers in 157 bytes (1 switches on core 0)
2026-08-13 09:36:09.473 8 INFO neutron.db.ovn_revision_numbers_db [None req-7ccde5fc-9910-472b-bb39-2e1655ed4bfd eb66fba5bf664f44aaa5517d77c4124e a9fe125cc96a4b7f89493dc8d4dd3b66 - - default default] Successfully bumped revision number for resource ac8ebb24-50d0-41de-a500-2a530180e493 (type: security_group_rules) to 0
2026-08-13 09:36:09.488 8 INFO neutron.db.ovn_revision_numbers_db [None req-7ccde5fc-9910-472b-bb39-2e1655ed4bfd eb66fba5bf664f44aaa5517d77c4124e a9fe125cc96a4b7f89493dc8d4dd3b66 - - default default] Successfully bumped revision number for resource f2a1caaf-e0ec-4216-b534-15c8e103d9ea (type: security_group_rules) to 0 [pid: 8|app: 0|req: 711/1449] 10.0.0.80 () {32 vars in 773 bytes} [Thu Aug 13 09:36:09 2026] GET /v2.0/security-groups?tenant_id=fd98732c42f24e44ba381f1c15260203&name=default => generated 2925 bytes in 516 msecs (HTTP/1.1 200) 4 headers in 158 bytes (1 switches on core 0) [pid: 8|app: 0|req: 712/1450] 10.0.0.80 () {32 vars in 739 bytes} [Thu Aug 13 09:36:09 2026] DELETE /v2.0/security-groups/30755bc2-f048-4933-8f4b-461b8e238380 => generated 0 bytes in 220 msecs (HTTP/1.1 204) 2 headers in 112 bytes (1 switches on core 0)
2026-08-13 09:36:09.776 7 WARNING neutron.scheduler.dhcp_agent_scheduler [req-7ef8068f-dc50-49c6-9976-f762329f7ded req-d5d38417-74a7-46f0-ac63-55a2b0ccfbf3 c85d8b506eba46308b6400684ce67340 5f567651b13740659c0a7d9d007a8cf3 - - default default] No more DHCP agents
2026-08-13 09:36:09.777 7 WARNING neutron.api.rpc.agentnotifiers.dhcp_rpc_agent_api [req-7ef8068f-dc50-49c6-9976-f762329f7ded req-d5d38417-74a7-46f0-ac63-55a2b0ccfbf3 c85d8b506eba46308b6400684ce67340 5f567651b13740659c0a7d9d007a8cf3 - - default default] Unable to schedule network c2f1ad7c-606a-4a10-873e-3b9655dbc0b2: no agents available; will retry on subsequent port and subnet creation events.
2026-08-13 09:36:09.901 7 INFO neutron.plugins.ml2.drivers.ovn.mech_driver.mech_driver [None req-c3205ae8-c45c-471c-a9d4-98276621fd18 - - - - - -] OVN reports status down for port: d3bafbe4-9ea7-4e87-8170-4cc075957d88
2026-08-13 09:36:09.955 7 INFO neutron.db.ovn_revision_numbers_db [req-7ef8068f-dc50-49c6-9976-f762329f7ded req-d5d38417-74a7-46f0-ac63-55a2b0ccfbf3 c85d8b506eba46308b6400684ce67340 5f567651b13740659c0a7d9d007a8cf3 - - default default] Successfully bumped revision number for resource d3bafbe4-9ea7-4e87-8170-4cc075957d88 (type: ports) to 1 [pid: 7|app: 0|req: 739/1451] 199.204.45.169 () {38 vars in 955 bytes} [Thu Aug 13 09:36:09 2026] POST /v2.0/ports => generated 954 bytes in 589 msecs (HTTP/1.1 201) 4 headers in 162 bytes (1 switches on core 0) /var/lib/openstack/lib/python3.12/site-packages/pycadf/identifier.py:70: UserWarning: Invalid uuid: neutron. To ensure interoperability, identifiers should be a valid uuid. warnings.warn(('Invalid uuid: %s. To ensure interoperability, ' [pid: 7|app: 0|req: 740/1452] 10.0.0.203 () {34 vars in 990 bytes} [Thu Aug 13 09:36:10 2026] GET /v2.0/ports?device_id=7c9852f6-1c06-4c00-a4ac-e1eebb397c84 => generated 957 bytes in 57 msecs (HTTP/1.1 200) 4 headers in 157 bytes (1 switches on core 0) [pid: 7|app: 0|req: 741/1453] 10.0.0.203 () {34 vars in 1040 bytes} [Thu Aug 13 09:36:10 2026] GET /v2.0/security-groups?id=a9e43807-a981-4947-99c6-4bef612f3f79&fields=id&fields=name => generated 88 bytes in 53 msecs (HTTP/1.1 200) 4 headers in 156 bytes (1 switches on core 0)
2026-08-13 09:36:10.558 8 INFO neutron.db.ovn_revision_numbers_db [req-7ef8068f-dc50-49c6-9976-f762329f7ded req-44878df7-744c-45ab-8448-7d1fa310801a c6006f0ce113489cb81ea4a9329ce28d a5f54ef2e58440e084afcb177cbf0fa9 - - decb08a6306a4f8d8766fef4bff45d96 decb08a6306a4f8d8766fef4bff45d96] Successfully bumped revision number for resource d3bafbe4-9ea7-4e87-8170-4cc075957d88 (type: ports) to 2
2026-08-13 09:36:10.760 8 INFO neutron.db.ovn_revision_numbers_db [req-7ef8068f-dc50-49c6-9976-f762329f7ded req-44878df7-744c-45ab-8448-7d1fa310801a c6006f0ce113489cb81ea4a9329ce28d a5f54ef2e58440e084afcb177cbf0fa9 - - decb08a6306a4f8d8766fef4bff45d96 decb08a6306a4f8d8766fef4bff45d96] Successfully bumped revision number for resource d3bafbe4-9ea7-4e87-8170-4cc075957d88 (type: ports) to 4 [pid: 8|app: 0|req: 713/1454] 199.204.45.169 () {38 vars in 1028 bytes} [Thu Aug 13 09:36:10 2026] PUT /v2.0/ports/d3bafbe4-9ea7-4e87-8170-4cc075957d88 => generated 1204 bytes in 718 msecs (HTTP/1.1 200) 4 headers in 158 bytes (1 switches on core 0)
2026-08-13 09:36:10.828 8 INFO neutron.notifiers.nova [-] Nova event matching ['req-85c1203a-111d-42c0-b72f-d21986c92ba4'] response: {'name': 'network-changed', 'server_uuid': '7c9852f6-1c06-4c00-a4ac-e1eebb397c84', 'tag': 'd3bafbe4-9ea7-4e87-8170-4cc075957d88', 'status': 'completed', 'code': 200}
2026-08-13 09:36:10.945 7 INFO neutron.db.ovn_revision_numbers_db [None req-ebf978f1-a59b-4261-849c-dff88b6744e3 afeb17e484b046ecbc2365cfa67a7f25 42e2b2dda78e452685bb1aabff7e8a84 - - default default] Successfully bumped revision number for resource ee089e4c-df40-476e-9c21-ea701dbf0b69 (type: security_groups) to 1
2026-08-13 09:36:10.957 7 INFO neutron.db.ovn_revision_numbers_db [None req-ebf978f1-a59b-4261-849c-dff88b6744e3 afeb17e484b046ecbc2365cfa67a7f25 42e2b2dda78e452685bb1aabff7e8a84 - - default default] Successfully bumped revision number for resource 25b4e77b-dc71-4e56-8f89-26ec734ce994 (type: security_group_rules) to 0
2026-08-13 09:36:10.967 7 INFO neutron.db.ovn_revision_numbers_db [None req-ebf978f1-a59b-4261-849c-dff88b6744e3 afeb17e484b046ecbc2365cfa67a7f25 42e2b2dda78e452685bb1aabff7e8a84 - - default default] Successfully bumped revision number for resource 571f1f5a-bcf9-47ed-b4c3-1ff1df1c2826 (type: security_group_rules) to 0
2026-08-13 09:36:10.978 7 INFO neutron.db.ovn_revision_numbers_db [None req-ebf978f1-a59b-4261-849c-dff88b6744e3 afeb17e484b046ecbc2365cfa67a7f25 42e2b2dda78e452685bb1aabff7e8a84 - - default default] Successfully bumped revision number for resource a53c2a1a-8072-478b-beee-8eb3bff63789 (type: security_group_rules) to 0
2026-08-13 09:36:10.989 7 INFO neutron.db.ovn_revision_numbers_db [None req-ebf978f1-a59b-4261-849c-dff88b6744e3 afeb17e484b046ecbc2365cfa67a7f25 42e2b2dda78e452685bb1aabff7e8a84 - - default default] Successfully bumped revision number for resource beaced01-254f-4e07-a785-b21feea0162e (type: security_group_rules) to 0
2026-08-13 09:36:11.064 7 INFO neutron.db.segments_db [None req-ebf978f1-a59b-4261-849c-dff88b6744e3 afeb17e484b046ecbc2365cfa67a7f25 42e2b2dda78e452685bb1aabff7e8a84 - - default default] Added segment d99eb5c4-c6b0-47f5-a96f-39edf502be09 of type geneve for network bef8ed9a-5c4f-4ab2-9078-1409e3fc4c2a
2026-08-13 09:36:11.186 7 INFO neutron.db.ovn_revision_numbers_db [None req-ebf978f1-a59b-4261-849c-dff88b6744e3 afeb17e484b046ecbc2365cfa67a7f25 42e2b2dda78e452685bb1aabff7e8a84 - - default default] Successfully bumped revision number for resource bef8ed9a-5c4f-4ab2-9078-1409e3fc4c2a (type: networks) to 1 /var/lib/openstack/lib/python3.12/site-packages/pycadf/identifier.py:70: UserWarning: Invalid uuid: neutron. To ensure interoperability, identifiers should be a valid uuid. warnings.warn(('Invalid uuid: %s. To ensure interoperability, '
2026-08-13 09:36:11.375 7 WARNING neutron.scheduler.dhcp_agent_scheduler [None req-ebf978f1-a59b-4261-849c-dff88b6744e3 afeb17e484b046ecbc2365cfa67a7f25 42e2b2dda78e452685bb1aabff7e8a84 - - default default] No more DHCP agents
2026-08-13 09:36:11.376 7 WARNING neutron.api.rpc.agentnotifiers.dhcp_rpc_agent_api [None req-ebf978f1-a59b-4261-849c-dff88b6744e3 afeb17e484b046ecbc2365cfa67a7f25 42e2b2dda78e452685bb1aabff7e8a84 - - default default] Unable to schedule network bef8ed9a-5c4f-4ab2-9078-1409e3fc4c2a: no agents available; will retry on subsequent port and subnet creation events. [pid: 8|app: 0|req: 714/1455] 199.204.45.169 () {34 vars in 1080 bytes} [Thu Aug 13 09:36:11 2026] GET /v2.0/ports?tenant_id=5f567651b13740659c0a7d9d007a8cf3&device_id=7c9852f6-1c06-4c00-a4ac-e1eebb397c84 => generated 1207 bytes in 45 msecs (HTTP/1.1 200) 4 headers in 158 bytes (1 switches on core 0)
2026-08-13 09:36:11.445 7 INFO neutron.plugins.ml2.drivers.ovn.mech_driver.mech_driver [None req-c3205ae8-c45c-471c-a9d4-98276621fd18 - - - - - -] OVN reports status down for port: 20e1b96d-4e4a-4305-aaae-5f917e73603c [pid: 8|app: 0|req: 715/1456] 199.204.45.169 () {34 vars in 1018 bytes} [Thu Aug 13 09:36:11 2026] GET /v2.0/networks?tenant_id=5f567651b13740659c0a7d9d007a8cf3&shared=False => generated 815 bytes in 69 msecs (HTTP/1.1 200) 4 headers in 157 bytes (1 switches on core 0)
2026-08-13 09:36:11.504 7 INFO neutron.db.ovn_revision_numbers_db [None req-ebf978f1-a59b-4261-849c-dff88b6744e3 afeb17e484b046ecbc2365cfa67a7f25 42e2b2dda78e452685bb1aabff7e8a84 - - default default] Successfully bumped revision number for resource 20e1b96d-4e4a-4305-aaae-5f917e73603c (type: ports) to 1 [pid: 8|app: 0|req: 716/1457] 10.0.0.203 () {34 vars in 990 bytes} [Thu Aug 13 09:36:11 2026] GET /v2.0/ports?device_id=7c9852f6-1c06-4c00-a4ac-e1eebb397c84 => generated 969 bytes in 75 msecs (HTTP/1.1 200) 4 headers in 157 bytes (1 switches on core 0) [pid: 7|app: 0|req: 742/1458] 10.0.0.80 () {34 vars in 669 bytes} [Thu Aug 13 09:36:10 2026] POST /v2.0/networks => generated 667 bytes in 939 msecs (HTTP/1.1 201) 4 headers in 162 bytes (1 switches on core 0) [pid: 7|app: 0|req: 743/1459] 199.204.45.169 () {34 vars in 930 bytes} [Thu Aug 13 09:36:11 2026] GET /v2.0/networks?shared=True => generated 791 bytes in 57 msecs (HTTP/1.1 200) 4 headers in 157 bytes (1 switches on core 0) [pid: 7|app: 0|req: 744/1460] 10.0.0.203 () {34 vars in 1040 bytes} [Thu Aug 13 09:36:11 2026] GET /v2.0/security-groups?id=a9e43807-a981-4947-99c6-4bef612f3f79&fields=id&fields=name => generated 88 bytes in 28 msecs (HTTP/1.1 200) 4 headers in 156 bytes (1 switches on core 0)
2026-08-13 09:36:11.778 8 INFO neutron.db.ovn_revision_numbers_db [None req-5ff09262-cd46-4134-90e1-15b3f9102c70 dab190f6ceb94cb096190e25f40914b9 1a241641b8434f0a98203a604518bc37 - - default default] Successfully bumped revision number for resource d62a9295-f556-413b-9612-ef4b78de2d0e (type: security_groups) to 1
2026-08-13 09:36:11.793 8 INFO neutron.db.ovn_revision_numbers_db [None req-5ff09262-cd46-4134-90e1-15b3f9102c70 dab190f6ceb94cb096190e25f40914b9 1a241641b8434f0a98203a604518bc37 - - default default] Successfully bumped revision number for resource 1b63faf3-a814-4b52-9e1a-8a8a1683119b (type: security_group_rules) to 0
2026-08-13 09:36:11.806 8 INFO neutron.db.ovn_revision_numbers_db [None req-5ff09262-cd46-4134-90e1-15b3f9102c70 dab190f6ceb94cb096190e25f40914b9 1a241641b8434f0a98203a604518bc37 - - default default] Successfully bumped revision number for resource 7e2b9137-1e80-4d6a-93f2-3d8a01ab705b (type: security_group_rules) to 0
2026-08-13 09:36:11.818 8 INFO neutron.db.ovn_revision_numbers_db [None req-5ff09262-cd46-4134-90e1-15b3f9102c70 dab190f6ceb94cb096190e25f40914b9 1a241641b8434f0a98203a604518bc37 - - default default] Successfully bumped revision number for resource a83e8ddc-b0a4-408f-b8fa-8f6f2930709c (type: security_group_rules) to 0
2026-08-13 09:36:11.832 8 INFO neutron.db.ovn_revision_numbers_db [None req-5ff09262-cd46-4134-90e1-15b3f9102c70 dab190f6ceb94cb096190e25f40914b9 1a241641b8434f0a98203a604518bc37 - - default default] Successfully bumped revision number for resource dd691e8f-6e3e-4ea7-a59a-b0cd33c2f07a (type: security_group_rules) to 0
2026-08-13 09:36:11.864 7 WARNING neutron.scheduler.dhcp_agent_scheduler [None req-80d35d7b-a67b-49a4-afc1-db504d81be38 afeb17e484b046ecbc2365cfa67a7f25 42e2b2dda78e452685bb1aabff7e8a84 - - default default] No more DHCP agents
2026-08-13 09:36:11.865 7 WARNING neutron.api.rpc.agentnotifiers.dhcp_rpc_agent_api [None req-80d35d7b-a67b-49a4-afc1-db504d81be38 afeb17e484b046ecbc2365cfa67a7f25 42e2b2dda78e452685bb1aabff7e8a84 - - default default] Unable to schedule network bef8ed9a-5c4f-4ab2-9078-1409e3fc4c2a: no agents available; will retry on subsequent port and subnet creation events.
2026-08-13 09:36:11.909 7 INFO neutron.plugins.ml2.drivers.ovn.mech_driver.mech_driver [None req-c3205ae8-c45c-471c-a9d4-98276621fd18 - - - - - -] OVN reports status down for port: 103a09f3-c167-4eaa-a0c1-40882573f13f
2026-08-13 09:36:11.921 8 INFO neutron.db.segments_db [None req-5ff09262-cd46-4134-90e1-15b3f9102c70 dab190f6ceb94cb096190e25f40914b9 1a241641b8434f0a98203a604518bc37 - - default default] Added segment a43e8f83-962c-4f04-b2c8-79fe6eaccdd4 of type geneve for network 9650bd9c-fe69-4d79-a5dd-e61a604312f6
2026-08-13 09:36:11.962 7 INFO neutron.db.ovn_revision_numbers_db [None req-80d35d7b-a67b-49a4-afc1-db504d81be38 afeb17e484b046ecbc2365cfa67a7f25 42e2b2dda78e452685bb1aabff7e8a84 - - default default] Successfully bumped revision number for resource 103a09f3-c167-4eaa-a0c1-40882573f13f (type: ports) to 1
2026-08-13 09:36:12.017 8 INFO neutron.db.ovn_revision_numbers_db [None req-5ff09262-cd46-4134-90e1-15b3f9102c70 dab190f6ceb94cb096190e25f40914b9 1a241641b8434f0a98203a604518bc37 - - default default] Successfully bumped revision number for resource 9650bd9c-fe69-4d79-a5dd-e61a604312f6 (type: networks) to 1 [pid: 7|app: 0|req: 745/1461] 10.0.0.80 () {34 vars in 664 bytes} [Thu Aug 13 09:36:11 2026] POST /v2.0/ports => generated 777 bytes in 400 msecs (HTTP/1.1 201) 4 headers in 162 bytes (1 switches on core 0) /var/lib/openstack/lib/python3.12/site-packages/pycadf/identifier.py:70: UserWarning: Invalid uuid: neutron. To ensure interoperability, identifiers should be a valid uuid. warnings.warn(('Invalid uuid: %s. To ensure interoperability, '
2026-08-13 09:36:12.139 7 INFO neutron.db.segments_db [None req-ba694e05-e79f-4a3b-a6b5-b4f368281f2b afeb17e484b046ecbc2365cfa67a7f25 42e2b2dda78e452685bb1aabff7e8a84 - - default default] Added segment e96ccaae-38ff-40cb-9cd7-0d34de38ceaf of type geneve for network cd828ae7-2b8d-420c-a784-51c8b287153c
2026-08-13 09:36:12.184 8 WARNING neutron.scheduler.dhcp_agent_scheduler [None req-5ff09262-cd46-4134-90e1-15b3f9102c70 dab190f6ceb94cb096190e25f40914b9 1a241641b8434f0a98203a604518bc37 - - default default] No more DHCP agents
2026-08-13 09:36:12.186 8 WARNING neutron.api.rpc.agentnotifiers.dhcp_rpc_agent_api [None req-5ff09262-cd46-4134-90e1-15b3f9102c70 dab190f6ceb94cb096190e25f40914b9 1a241641b8434f0a98203a604518bc37 - - default default] Unable to schedule network 9650bd9c-fe69-4d79-a5dd-e61a604312f6: no agents available; will retry on subsequent port and subnet creation events.
2026-08-13 09:36:12.256 7 INFO neutron.plugins.ml2.drivers.ovn.mech_driver.mech_driver [None req-c3205ae8-c45c-471c-a9d4-98276621fd18 - - - - - -] OVN reports status down for port: beebd800-9c3f-402d-ac11-0006377ebac3
2026-08-13 09:36:12.279 8 INFO neutron.db.ovn_revision_numbers_db [None req-5ff09262-cd46-4134-90e1-15b3f9102c70 dab190f6ceb94cb096190e25f40914b9 1a241641b8434f0a98203a604518bc37 - - default default] Successfully bumped revision number for resource beebd800-9c3f-402d-ac11-0006377ebac3 (type: ports) to 1 [pid: 8|app: 0|req: 717/1462] 10.0.0.80 () {34 vars in 669 bytes} [Thu Aug 13 09:36:11 2026] POST /v2.0/networks => generated 669 bytes in 760 msecs (HTTP/1.1 201) 4 headers in 162 bytes (1 switches on core 0)
2026-08-13 09:36:12.309 7 INFO neutron.db.ovn_revision_numbers_db [None req-ba694e05-e79f-4a3b-a6b5-b4f368281f2b afeb17e484b046ecbc2365cfa67a7f25 42e2b2dda78e452685bb1aabff7e8a84 - - default default] Successfully bumped revision number for resource cd828ae7-2b8d-420c-a784-51c8b287153c (type: networks) to 1
2026-08-13 09:36:12.489 7 WARNING neutron.scheduler.dhcp_agent_scheduler [None req-ba694e05-e79f-4a3b-a6b5-b4f368281f2b afeb17e484b046ecbc2365cfa67a7f25 42e2b2dda78e452685bb1aabff7e8a84 - - default default] No more DHCP agents
2026-08-13 09:36:12.491 7 WARNING neutron.api.rpc.agentnotifiers.dhcp_rpc_agent_api [None req-ba694e05-e79f-4a3b-a6b5-b4f368281f2b afeb17e484b046ecbc2365cfa67a7f25 42e2b2dda78e452685bb1aabff7e8a84 - - default default] Unable to schedule network cd828ae7-2b8d-420c-a784-51c8b287153c: no agents available; will retry on subsequent port and subnet creation events.
2026-08-13 09:36:12.511 8 WARNING neutron.scheduler.dhcp_agent_scheduler [None req-8ec36429-e0c2-4f80-8bca-913ef8fc3abd dab190f6ceb94cb096190e25f40914b9 1a241641b8434f0a98203a604518bc37 - - default default] No more DHCP agents
2026-08-13 09:36:12.512 8 WARNING neutron.api.rpc.agentnotifiers.dhcp_rpc_agent_api [None req-8ec36429-e0c2-4f80-8bca-913ef8fc3abd dab190f6ceb94cb096190e25f40914b9 1a241641b8434f0a98203a604518bc37 - - default default] Unable to schedule network 9650bd9c-fe69-4d79-a5dd-e61a604312f6: no agents available; will retry on subsequent port and subnet creation events.
2026-08-13 09:36:12.546 8 INFO neutron.plugins.ml2.drivers.ovn.mech_driver.mech_driver [None req-22b2d43f-6019-4f3e-a5fa-46da163885b8 - - - - - -] OVN reports status down for port: ef329d04-5ca7-46e7-9803-396b6a8062a8
2026-08-13 09:36:12.559 8 INFO neutron.db.ovn_revision_numbers_db [None req-8ec36429-e0c2-4f80-8bca-913ef8fc3abd dab190f6ceb94cb096190e25f40914b9 1a241641b8434f0a98203a604518bc37 - - default default] Successfully bumped revision number for resource 318fee01-75bb-4f41-8f08-867330f0fd87 (type: subnets) to 0
2026-08-13 09:36:12.563 7 INFO neutron.db.ovn_revision_numbers_db [None req-ba694e05-e79f-4a3b-a6b5-b4f368281f2b afeb17e484b046ecbc2365cfa67a7f25 42e2b2dda78e452685bb1aabff7e8a84 - - default default] Successfully bumped revision number for resource ef329d04-5ca7-46e7-9803-396b6a8062a8 (type: ports) to 1 [pid: 7|app: 0|req: 746/1463] 10.0.0.80 () {34 vars in 669 bytes} [Thu Aug 13 09:36:12 2026] POST /v2.0/networks => generated 655 bytes in 540 msecs (HTTP/1.1 201) 4 headers in 162 bytes (1 switches on core 0) [pid: 8|app: 0|req: 718/1464] 10.0.0.80 () {34 vars in 668 bytes} [Thu Aug 13 09:36:12 2026] POST /v2.0/subnets => generated 627 bytes in 279 msecs (HTTP/1.1 201) 4 headers in 162 bytes (1 switches on core 0)
2026-08-13 09:36:12.762 7 WARNING neutron.scheduler.dhcp_agent_scheduler [None req-b257d278-5a3b-4a96-88a8-cb66034b0462 afeb17e484b046ecbc2365cfa67a7f25 42e2b2dda78e452685bb1aabff7e8a84 - - default default] No more DHCP agents
2026-08-13 09:36:12.764 7 WARNING neutron.api.rpc.agentnotifiers.dhcp_rpc_agent_api [None req-b257d278-5a3b-4a96-88a8-cb66034b0462 afeb17e484b046ecbc2365cfa67a7f25 42e2b2dda78e452685bb1aabff7e8a84 - - default default] Unable to schedule network cd828ae7-2b8d-420c-a784-51c8b287153c: no agents available; will retry on subsequent port and subnet creation events.
2026-08-13 09:36:12.796 7 INFO neutron.db.ovn_revision_numbers_db [None req-b257d278-5a3b-4a96-88a8-cb66034b0462 afeb17e484b046ecbc2365cfa67a7f25 42e2b2dda78e452685bb1aabff7e8a84 - - default default] Successfully bumped revision number for resource 65c3c340-5b6b-4d33-ba19-8d5b44850bbc (type: subnets) to 0 [pid: 7|app: 0|req: 747/1465] 10.0.0.80 () {34 vars in 668 bytes} [Thu Aug 13 09:36:12 2026] POST /v2.0/subnets => generated 646 bytes in 224 msecs (HTTP/1.1 201) 4 headers in 162 bytes (1 switches on core 0) [pid: 7|app: 0|req: 748/1466] 199.204.45.169 () {34 vars in 1080 bytes} [Thu Aug 13 09:36:12 2026] GET /v2.0/ports?tenant_id=5f567651b13740659c0a7d9d007a8cf3&device_id=7c9852f6-1c06-4c00-a4ac-e1eebb397c84 => generated 1207 bytes in 43 msecs (HTTP/1.1 200) 4 headers in 158 bytes (1 switches on core 0) [pid: 7|app: 0|req: 749/1467] 10.0.0.203 () {34 vars in 990 bytes} [Thu Aug 13 09:36:12 2026] GET /v2.0/ports?device_id=7c9852f6-1c06-4c00-a4ac-e1eebb397c84 => generated 969 bytes in 38 msecs (HTTP/1.1 200) 4 headers in 157 bytes (1 switches on core 0)
2026-08-13 09:36:12.990 8 WARNING neutron.scheduler.dhcp_agent_scheduler [None req-243ad4ec-cfba-4643-a739-d617b31f8a52 dab190f6ceb94cb096190e25f40914b9 1a241641b8434f0a98203a604518bc37 - - default default] No more DHCP agents
2026-08-13 09:36:12.992 8 WARNING neutron.api.rpc.agentnotifiers.dhcp_rpc_agent_api [None req-243ad4ec-cfba-4643-a739-d617b31f8a52 dab190f6ceb94cb096190e25f40914b9 1a241641b8434f0a98203a604518bc37 - - default default] Unable to schedule network 91dd0289-3c47-45d4-bb86-3df469d5f219: no agents available; will retry on subsequent port and subnet creation events.
2026-08-13 09:36:13.121 7 INFO neutron.plugins.ml2.drivers.ovn.mech_driver.mech_driver [None req-c3205ae8-c45c-471c-a9d4-98276621fd18 - - - - - -] OVN reports status down for port: 8e6f01c4-9cb5-43a9-9717-952e80d6d779
2026-08-13 09:36:13.153 8 INFO neutron.db.ovn_revision_numbers_db [None req-243ad4ec-cfba-4643-a739-d617b31f8a52 dab190f6ceb94cb096190e25f40914b9 1a241641b8434f0a98203a604518bc37 - - default default] Successfully bumped revision number for resource 8e6f01c4-9cb5-43a9-9717-952e80d6d779 (type: ports) to 1
2026-08-13 09:36:13.292 7 WARNING neutron.scheduler.dhcp_agent_scheduler [None req-8f8d15d5-d55c-4f0f-b3e8-833404a4ad17 afeb17e484b046ecbc2365cfa67a7f25 42e2b2dda78e452685bb1aabff7e8a84 - - default default] No more DHCP agents
2026-08-13 09:36:13.293 7 WARNING neutron.api.rpc.agentnotifiers.dhcp_rpc_agent_api [None req-8f8d15d5-d55c-4f0f-b3e8-833404a4ad17 afeb17e484b046ecbc2365cfa67a7f25 42e2b2dda78e452685bb1aabff7e8a84 - - default default] Unable to schedule network cd828ae7-2b8d-420c-a784-51c8b287153c: no agents available; will retry on subsequent port and subnet creation events.
2026-08-13 09:36:13.378 7 INFO neutron.plugins.ml2.drivers.ovn.mech_driver.mech_driver [None req-c3205ae8-c45c-471c-a9d4-98276621fd18 - - - - - -] OVN reports status down for port: 8d578ee5-85a6-45d0-a90e-9965b89dcc03
2026-08-13 09:36:13.784 8 INFO neutron.plugins.ml2.drivers.ovn.mech_driver.ovsdb.commands [None req-632e9693-5037-4f64-bf17-4c2c17f38634 - - - - - -] Schedule LRP lrp-8e6f01c4-9cb5-43a9-9717-952e80d6d779 on gateway f9ecbda1-5419-48a1-8cca-b77661ec2123 with priority 1
2026-08-13 09:36:13.841 8 INFO neutron.db.ovn_revision_numbers_db [None req-243ad4ec-cfba-4643-a739-d617b31f8a52 dab190f6ceb94cb096190e25f40914b9 1a241641b8434f0a98203a604518bc37 - - default default] Successfully bumped revision number for resource 8e6f01c4-9cb5-43a9-9717-952e80d6d779 (type: router_ports) to 1
2026-08-13 09:36:13.893 7 INFO neutron.db.ovn_revision_numbers_db [None req-8f8d15d5-d55c-4f0f-b3e8-833404a4ad17 afeb17e484b046ecbc2365cfa67a7f25 42e2b2dda78e452685bb1aabff7e8a84 - - default default] Successfully bumped revision number for resource 8d578ee5-85a6-45d0-a90e-9965b89dcc03 (type: ports) to 1
2026-08-13 09:36:13.917 8 INFO neutron.db.ovn_revision_numbers_db [None req-243ad4ec-cfba-4643-a739-d617b31f8a52 dab190f6ceb94cb096190e25f40914b9 1a241641b8434f0a98203a604518bc37 - - default default] Successfully bumped revision number for resource b196dbde-011d-4093-8d0a-e9fa6d9db738 (type: routers) to 2 [pid: 8|app: 0|req: 719/1468] 10.0.0.80 () {34 vars in 668 bytes} [Thu Aug 13 09:36:12 2026] POST /v2.0/routers => generated 955 bytes in 1338 msecs (HTTP/1.1 201) 4 headers in 162 bytes (1 switches on core 0) [pid: 7|app: 0|req: 750/1469] 10.0.0.80 () {34 vars in 664 bytes} [Thu Aug 13 09:36:12 2026] POST /v2.0/ports => generated 965 bytes in 1043 msecs (HTTP/1.1 201) 4 headers in 162 bytes (1 switches on core 0) /var/lib/openstack/lib/python3.12/site-packages/pycadf/identifier.py:70: UserWarning: Invalid uuid: neutron. To ensure interoperability, identifiers should be a valid uuid. warnings.warn(('Invalid uuid: %s. To ensure interoperability, ' [pid: 8|app: 0|req: 720/1470] 199.204.45.169 () {34 vars in 1058 bytes} [Thu Aug 13 09:36:13 2026] GET /v2.0/floatingips?fixed_ip_address=10.100.0.8&port_id=d3bafbe4-9ea7-4e87-8170-4cc075957d88 => generated 19 bytes in 18 msecs (HTTP/1.1 200) 4 headers in 156 bytes (1 switches on core 0)
2026-08-13 09:36:13.969 7 INFO neutron.plugins.ml2.drivers.ovn.mech_driver.mech_driver [None req-c3205ae8-c45c-471c-a9d4-98276621fd18 - - - - - -] OVN reports status up for port: 8e6f01c4-9cb5-43a9-9717-952e80d6d779 [pid: 7|app: 0|req: 751/1473] 10.0.0.203 () {34 vars in 1040 bytes} [Thu Aug 13 09:36:13 2026] GET /v2.0/security-groups?id=a9e43807-a981-4947-99c6-4bef612f3f79&fields=id&fields=name => generated 88 bytes in 49 msecs (HTTP/1.1 200) 4 headers in 156 bytes (1 switches on core 0)
2026-08-13 09:36:13.991 7 INFO neutron.plugins.ml2.plugin [None req-c3205ae8-c45c-471c-a9d4-98276621fd18 - - - - - -] Attempt 1 to provision port 8e6f01c4-9cb5-43a9-9717-952e80d6d779
2026-08-13 09:36:14.198 7 INFO neutron_taas.services.taas.taas_plugin [None req-7bff4b54-8324-4194-9581-85b5550ebd11 afeb17e484b046ecbc2365cfa67a7f25 42e2b2dda78e452685bb1aabff7e8a84 - - default default] TaaS: Handle Delete Port: 8d578ee5-85a6-45d0-a90e-9965b89dcc03
2026-08-13 09:36:14.200 7 INFO neutron_taas.services.taas.tap_mirror_plugin [None req-7bff4b54-8324-4194-9581-85b5550ebd11 afeb17e484b046ecbc2365cfa67a7f25 42e2b2dda78e452685bb1aabff7e8a84 - - default default] Tap Mirror: Handle Delete Port: 8d578ee5-85a6-45d0-a90e-9965b89dcc03 [pid: 7|app: 0|req: 752/1474] 10.0.0.80 () {32 vars in 719 bytes} [Thu Aug 13 09:36:13 2026] DELETE /v2.0/ports/8d578ee5-85a6-45d0-a90e-9965b89dcc03 => generated 0 bytes in 355 msecs (HTTP/1.1 204) 3 headers in 131 bytes (1 switches on core 0) [pid: 7|app: 0|req: 753/1475] 199.204.45.169 () {34 vars in 984 bytes} [Thu Aug 13 09:36:14 2026] GET /v2.0/subnets?id=95583a55-4f22-4a38-8ae8-b6856fdd2545 => generated 696 bytes in 31 msecs (HTTP/1.1 200) 4 headers in 157 bytes (1 switches on core 0)
2026-08-13 09:36:14.396 7 INFO neutron.pecan_wsgi.hooks.translation [None req-1759d7ae-c5b7-443d-9b14-cacfe713b2bb afeb17e484b046ecbc2365cfa67a7f25 42e2b2dda78e452685bb1aabff7e8a84 - - default default] DELETE failed (client error): The resource could not be found. [pid: 7|app: 0|req: 754/1476] 10.0.0.80 () {32 vars in 719 bytes} [Thu Aug 13 09:36:14 2026] DELETE /v2.0/ports/8d578ee5-85a6-45d0-a90e-9965b89dcc03 => generated 132 bytes in 21 msecs (HTTP/1.1 404) 4 headers in 164 bytes (1 switches on core 0) [pid: 7|app: 0|req: 755/1477] 199.204.45.169 () {34 vars in 1052 bytes} [Thu Aug 13 09:36:14 2026] GET /v2.0/ports?network_id=c2f1ad7c-606a-4a10-873e-3b9655dbc0b2&device_owner=network%3Adhcp => generated 12 bytes in 19 msecs (HTTP/1.1 200) 4 headers in 156 bytes (1 switches on core 0)
2026-08-13 09:36:14.431 7 INFO neutron.pecan_wsgi.hooks.translation [None req-3c28554a-977b-4e01-b2bd-884e188ff3c5 afeb17e484b046ecbc2365cfa67a7f25 42e2b2dda78e452685bb1aabff7e8a84 - - default default] GET failed (client error): The resource could not be found. [pid: 7|app: 0|req: 756/1478] 10.0.0.80 () {32 vars in 716 bytes} [Thu Aug 13 09:36:14 2026] GET /v2.0/ports/8d578ee5-85a6-45d0-a90e-9965b89dcc03 => generated 132 bytes in 14 msecs (HTTP/1.1 404) 4 headers in 164 bytes (1 switches on core 0) [pid: 7|app: 0|req: 757/1479] 199.204.45.169 () {34 vars in 1012 bytes} [Thu Aug 13 09:36:14 2026] GET /v2.0/networks/c2f1ad7c-606a-4a10-873e-3b9655dbc0b2?fields=segments => generated 14 bytes in 40 msecs (HTTP/1.1 200) 4 headers in 156 bytes (1 switches on core 0)
2026-08-13 09:36:14.534 8 WARNING neutron.scheduler.dhcp_agent_scheduler [None req-a19ecf79-7a77-4b62-936c-151625e65bdd dab190f6ceb94cb096190e25f40914b9 1a241641b8434f0a98203a604518bc37 - - default default] No more DHCP agents
2026-08-13 09:36:14.535 8 WARNING neutron.api.rpc.agentnotifiers.dhcp_rpc_agent_api [None req-a19ecf79-7a77-4b62-936c-151625e65bdd dab190f6ceb94cb096190e25f40914b9 1a241641b8434f0a98203a604518bc37 - - default default] Unable to schedule network 9650bd9c-fe69-4d79-a5dd-e61a604312f6: no agents available; will retry on subsequent port and subnet creation events. [pid: 7|app: 0|req: 758/1480] 10.0.0.80 () {32 vars in 723 bytes} [Thu Aug 13 09:36:14 2026] DELETE /v2.0/subnets/65c3c340-5b6b-4d33-ba19-8d5b44850bbc => generated 0 bytes in 111 msecs (HTTP/1.1 204) 3 headers in 131 bytes (1 switches on core 0) [pid: 7|app: 0|req: 759/1481] 199.204.45.169 () {34 vars in 1112 bytes} [Thu Aug 13 09:36:14 2026] GET /v2.0/networks/c2f1ad7c-606a-4a10-873e-3b9655dbc0b2?fields=provider%3Aphysical_network&fields=provider%3Anetwork_type => generated 79 bytes in 36 msecs (HTTP/1.1 200) 4 headers in 156 bytes (1 switches on core 0)
2026-08-13 09:36:14.677 8 INFO neutron.db.ovn_revision_numbers_db [None req-a19ecf79-7a77-4b62-936c-151625e65bdd dab190f6ceb94cb096190e25f40914b9 1a241641b8434f0a98203a604518bc37 - - default default] Successfully bumped revision number for resource 13517b4a-0023-4ddb-a874-77e1f001a119 (type: ports) to 1
2026-08-13 09:36:14.763 7 INFO neutron_taas.services.taas.taas_plugin [None req-56db1840-5835-4aa9-a665-4132ed2ba3d0 afeb17e484b046ecbc2365cfa67a7f25 42e2b2dda78e452685bb1aabff7e8a84 - - default default] TaaS: Handle Delete Port: ef329d04-5ca7-46e7-9803-396b6a8062a8
2026-08-13 09:36:14.766 7 INFO neutron_taas.services.taas.tap_mirror_plugin [None req-56db1840-5835-4aa9-a665-4132ed2ba3d0 afeb17e484b046ecbc2365cfa67a7f25 42e2b2dda78e452685bb1aabff7e8a84 - - default default] Tap Mirror: Handle Delete Port: ef329d04-5ca7-46e7-9803-396b6a8062a8
2026-08-13 09:36:14.947 7 INFO neutron.services.segments.plugin [-] Segment e96ccaae-38ff-40cb-9cd7-0d34de38ceaf resource provider aggregate not found
2026-08-13 09:36:14.952 7 INFO neutron.services.segments.plugin [-] Segment e96ccaae-38ff-40cb-9cd7-0d34de38ceaf resource provider aggregate not found
2026-08-13 09:36:14.975 7 INFO neutron.services.segments.plugin [-] Segment e96ccaae-38ff-40cb-9cd7-0d34de38ceaf resource provider not found; error: Placement Client Error (4xx): {"errors": [{"status": 404, "title": "Not Found", "detail": "The resource could not be found.\n\n No resource provider with uuid e96ccaae-38ff-40cb-9cd7-0d34de38ceaf found for delete ", "request_id": "req-553d5f40-79e0-487d-99fe-e660d9692dd5"}]}
2026-08-13 09:36:14.976 7 INFO neutron.services.segments.plugin [-] Segment e96ccaae-38ff-40cb-9cd7-0d34de38ceaf resource provider not found; error: Placement Client Error (4xx): {"errors": [{"status": 404, "title": "Not Found", "detail": "The resource could not be found.\n\n No resource provider with uuid e96ccaae-38ff-40cb-9cd7-0d34de38ceaf found for delete ", "request_id": "req-bd8beb69-6607-4106-84ef-2ee6af05a63b"}]} [pid: 7|app: 0|req: 760/1482] 10.0.0.80 () {32 vars in 725 bytes} [Thu Aug 13 09:36:14 2026] DELETE /v2.0/networks/cd828ae7-2b8d-420c-a784-51c8b287153c => generated 0 bytes in 370 msecs (HTTP/1.1 204) 3 headers in 131 bytes (1 switches on core 0)
