2026-08-13 09:38:05.150 7 INFO neutron_taas.services.taas.tap_mirror_plugin [None req-20fd30f3-bfba-4392-9043-736bef628ee9 c5c22ad72f4240c08ee68a30da641cdf e9c1816b5a32472d826b587ab5e8a06d - - default default] Tap Mirror: Handle Delete Port: a5ef5b08-4078-4b31-afeb-77159bdf7a5e [pid: 8|app: 0|req: 1129/2400] 10.0.0.80 () {34 vars in 683 bytes} [Thu Aug 13 09:38:05 2026] POST /v2.0/vpn/ikepolicies => generated 404 bytes in 44 msecs (HTTP/1.1 201) 4 headers in 162 bytes (1 switches on core 0)
2026-08-13 09:38:05.171 7 WARNING neutron.plugins.ml2.drivers.ovn.mech_driver.ovsdb.ovn_client [None req-d5b38f68-f149-477f-82db-c3d67bb33334 - - - - - -] Logical_Switch_Port %s host information not removed, the port state is up
2026-08-13 09:38:05.171 7 INFO neutron.plugins.ml2.drivers.ovn.mech_driver.mech_driver [None req-d5b38f68-f149-477f-82db-c3d67bb33334 - - - - - -] OVN reports status up for port: ee203ac1-f4e6-4a8d-b26c-618b28370507 [pid: 8|app: 0|req: 1130/2401] 199.204.45.169 () {34 vars in 1104 bytes} [Thu Aug 13 09:38:05 2026] GET /v2.0/floatingips?fixed_ip_address=fd77%3A1457%3A4cf0%3A26a8%3A%3Ac9&port_id=4d718d44-8f3d-4a13-b517-2957d2b2e889 => generated 19 bytes in 26 msecs (HTTP/1.1 200) 4 headers in 156 bytes (1 switches on core 0)
2026-08-13 09:38:05.206 7 INFO neutron.plugins.ml2.plugin [None req-d5b38f68-f149-477f-82db-c3d67bb33334 - - - - - -] Attempt 1 to provision port ee203ac1-f4e6-4a8d-b26c-618b28370507
2026-08-13 09:38:05.285 8 INFO neutron_taas.services.taas.taas_plugin [None req-d2d1a2a8-3367-4e4b-9545-2270cbc9085f eb66fba5bf664f44aaa5517d77c4124e a9fe125cc96a4b7f89493dc8d4dd3b66 - - default default] TaaS: Handle Delete Port: 7fbc9a0d-fe0b-4199-adec-957d3748250c
2026-08-13 09:38:05.287 8 INFO neutron_taas.services.taas.tap_mirror_plugin [None req-d2d1a2a8-3367-4e4b-9545-2270cbc9085f eb66fba5bf664f44aaa5517d77c4124e a9fe125cc96a4b7f89493dc8d4dd3b66 - - default default] Tap Mirror: Handle Delete Port: 7fbc9a0d-fe0b-4199-adec-957d3748250c [pid: 7|app: 0|req: 1272/2402] 10.0.0.80 () {32 vars in 719 bytes} [Thu Aug 13 09:38:04 2026] DELETE /v2.0/ports/a5ef5b08-4078-4b31-afeb-77159bdf7a5e => generated 0 bytes in 433 msecs (HTTP/1.1 204) 3 headers in 131 bytes (1 switches on core 0) [pid: 7|app: 0|req: 1273/2403] 10.0.0.80 () {34 vars in 687 bytes} [Thu Aug 13 09:38:05 2026] POST /v2.0/vpn/ipsecpolicies => generated 411 bytes in 77 msecs (HTTP/1.1 201) 4 headers in 162 bytes (1 switches on core 0)
2026-08-13 09:38:05.466 8 INFO neutron.services.segments.plugin [-] Segment 7ddd2bbd-6ce6-4591-8200-ce5bccadd398 resource provider aggregate not found
2026-08-13 09:38:05.470 8 INFO neutron.services.segments.plugin [-] Segment 7ddd2bbd-6ce6-4591-8200-ce5bccadd398 resource provider aggregate not found
2026-08-13 09:38:05.489 8 INFO neutron.services.segments.plugin [-] Segment 7ddd2bbd-6ce6-4591-8200-ce5bccadd398 resource provider not found; error: Placement Client Error (4xx): {"errors": [{"status": 404, "title": "Not Found", "detail": "The resource could not be found.\n\n No resource provider with uuid 7ddd2bbd-6ce6-4591-8200-ce5bccadd398 found for delete ", "request_id": "req-626827c1-9475-4c64-8614-154b5b5eca3f"}]}
2026-08-13 09:38:05.491 8 INFO neutron.services.segments.plugin [-] Segment 7ddd2bbd-6ce6-4591-8200-ce5bccadd398 resource provider not found; error: Placement Client Error (4xx): {"errors": [{"status": 404, "title": "Not Found", "detail": "The resource could not be found.\n\n No resource provider with uuid 7ddd2bbd-6ce6-4591-8200-ce5bccadd398 found for delete ", "request_id": "req-52c707dc-13c4-4519-b8d9-535f01d8bc4f"}]} [pid: 8|app: 0|req: 1131/2404] 10.0.0.80 () {32 vars in 725 bytes} [Thu Aug 13 09:38:05 2026] DELETE /v2.0/networks/c43ea114-d948-4692-8454-8f0708d9c898 => generated 0 bytes in 331 msecs (HTTP/1.1 204) 3 headers in 131 bytes (1 switches on core 0) [pid: 7|app: 0|req: 1274/2405] 199.204.45.169 () {34 vars in 1064 bytes} [Thu Aug 13 09:38:05 2026] GET /v2.0/subnets?id=ddc7ceff-41b2-4285-895f-cde4f93ff7a4&id=65884445-7db4-463f-aa47-5e6276f7d91a => generated 1414 bytes in 52 msecs (HTTP/1.1 200) 4 headers in 158 bytes (1 switches on core 0) [pid: 7|app: 0|req: 1275/2406] 10.0.0.80 () {34 vars in 692 bytes} [Thu Aug 13 09:38:05 2026] POST /v2.0/vpn/endpoint-groups => generated 329 bytes in 115 msecs (HTTP/1.1 201) 4 headers in 162 bytes (1 switches on core 0) [pid: 7|app: 0|req: 1276/2407] 199.204.45.169 () {34 vars in 1052 bytes} [Thu Aug 13 09:38:05 2026] GET /v2.0/ports?network_id=ea66a735-aae0-4df6-abd1-b3d4ecd4b5e1&device_owner=network%3Adhcp => generated 12 bytes in 22 msecs (HTTP/1.1 200) 4 headers in 156 bytes (1 switches on core 0)
2026-08-13 09:38:05.653 8 INFO neutron_taas.services.taas.taas_plugin [None req-f027a238-f4e2-443a-892e-a8dccda60eec c5c22ad72f4240c08ee68a30da641cdf e9c1816b5a32472d826b587ab5e8a06d - - default default] TaaS: Handle Delete Port: 8a4b69eb-4dd3-4190-a75b-5d0de8a3de64
2026-08-13 09:38:05.657 8 INFO neutron_taas.services.taas.tap_mirror_plugin [None req-f027a238-f4e2-443a-892e-a8dccda60eec c5c22ad72f4240c08ee68a30da641cdf e9c1816b5a32472d826b587ab5e8a06d - - default default] Tap Mirror: Handle Delete Port: 8a4b69eb-4dd3-4190-a75b-5d0de8a3de64 [pid: 7|app: 0|req: 1277/2408] 10.0.0.80 () {34 vars in 692 bytes} [Thu Aug 13 09:38:05 2026] POST /v2.0/vpn/endpoint-groups => generated 320 bytes in 83 msecs (HTTP/1.1 201) 4 headers in 162 bytes (1 switches on core 0) [pid: 7|app: 0|req: 1278/2409] 199.204.45.169 () {34 vars in 1052 bytes} [Thu Aug 13 09:38:05 2026] GET /v2.0/ports?network_id=ea66a735-aae0-4df6-abd1-b3d4ecd4b5e1&device_owner=network%3Adhcp => generated 12 bytes in 40 msecs (HTTP/1.1 200) 4 headers in 156 bytes (1 switches on core 0) [pid: 8|app: 0|req: 1132/2410] 10.0.0.80 () {32 vars in 719 bytes} [Thu Aug 13 09:38:05 2026] DELETE /v2.0/ports/8a4b69eb-4dd3-4190-a75b-5d0de8a3de64 => generated 0 bytes in 292 msecs (HTTP/1.1 204) 3 headers in 131 bytes (1 switches on core 0) [pid: 7|app: 0|req: 1279/2411] 10.0.0.80 () {32 vars in 773 bytes} [Thu Aug 13 09:38:05 2026] GET /v2.0/security-groups?tenant_id=65abd3730b5d4587a2666f6b1cb5c5e0&name=default => generated 2925 bytes in 58 msecs (HTTP/1.1 200) 4 headers in 158 bytes (1 switches on core 0) [pid: 7|app: 0|req: 1280/2412] 199.204.45.169 () {34 vars in 1012 bytes} [Thu Aug 13 09:38:05 2026] GET /v2.0/networks/ea66a735-aae0-4df6-abd1-b3d4ecd4b5e1?fields=segments => generated 14 bytes in 104 msecs (HTTP/1.1 200) 4 headers in 156 bytes (1 switches on core 0)
2026-08-13 09:38:05.964 7 INFO neutron.db.ovn_revision_numbers_db [None req-d5b38f68-f149-477f-82db-c3d67bb33334 - - - - - -] Successfully bumped revision number for resource ee203ac1-f4e6-4a8d-b26c-618b28370507 (type: ports) to 2
2026-08-13 09:38:06.144 7 INFO neutron_taas.services.taas.taas_plugin [None req-d5db9bfd-3189-4249-a2a4-ca07c8c6cf77 c5c22ad72f4240c08ee68a30da641cdf e9c1816b5a32472d826b587ab5e8a06d - - default default] TaaS: Handle Delete Port: fc87950f-fa75-42df-8569-ddcae586753f
2026-08-13 09:38:06.147 7 INFO neutron_taas.services.taas.tap_mirror_plugin [None req-d5db9bfd-3189-4249-a2a4-ca07c8c6cf77 c5c22ad72f4240c08ee68a30da641cdf e9c1816b5a32472d826b587ab5e8a06d - - default default] Tap Mirror: Handle Delete Port: fc87950f-fa75-42df-8569-ddcae586753f [pid: 7|app: 0|req: 1281/2413] 10.0.0.80 () {32 vars in 719 bytes} [Thu Aug 13 09:38:05 2026] DELETE /v2.0/ports/fc87950f-fa75-42df-8569-ddcae586753f => generated 0 bytes in 322 msecs (HTTP/1.1 204) 3 headers in 131 bytes (1 switches on core 0) [pid: 7|app: 0|req: 1282/2414] 10.0.0.80 () {32 vars in 739 bytes} [Thu Aug 13 09:38:06 2026] DELETE /v2.0/security-groups/e77ac5e1-ca48-4898-96ba-317ce1515733 => generated 0 bytes in 235 msecs (HTTP/1.1 204) 2 headers in 112 bytes (1 switches on core 0)
2026-08-13 09:38:06.525 8 INFO neutron.db.ovn_revision_numbers_db [None req-f8e9382e-f3cf-45d3-970b-dfe319bf9f42 e460000769a94404834fe10eba4c3810 b456c7bd756142bda32b893b4d8693fe - - default default] Successfully bumped revision number for resource 21654db5-c78c-4de4-b8e6-4a853eaa9dca (type: routers) to 5 [pid: 7|app: 0|req: 1283/2415] 199.204.45.169 () {34 vars in 1112 bytes} [Thu Aug 13 09:38:06 2026] GET /v2.0/networks/ea66a735-aae0-4df6-abd1-b3d4ecd4b5e1?fields=provider%3Aphysical_network&fields=provider%3Anetwork_type => generated 79 bytes in 31 msecs (HTTP/1.1 200) 4 headers in 156 bytes (1 switches on core 0) [pid: 8|app: 0|req: 1133/2416] 10.0.0.80 () {34 vars in 706 bytes} [Thu Aug 13 09:38:05 2026] POST /v2.0/vpn/ipsec-site-connections => generated 802 bytes in 752 msecs (HTTP/1.1 201) 4 headers in 162 bytes (1 switches on core 0) [pid: 8|app: 0|req: 1134/2417] 10.0.0.80 () {34 vars in 692 bytes} [Thu Aug 13 09:38:06 2026] POST /v2.0/vpn/endpoint-groups => generated 290 bytes in 52 msecs (HTTP/1.1 201) 4 headers in 162 bytes (1 switches on core 0) [pid: 8|app: 0|req: 1135/2418] 10.0.0.80 () {32 vars in 747 bytes} [Thu Aug 13 09:38:06 2026] DELETE /v2.0/vpn/endpoint-groups/d3864ab6-de77-4d4c-8b7b-074f5b2bf26f => generated 0 bytes in 38 msecs (HTTP/1.1 204) 2 headers in 112 bytes (1 switches on core 0)
2026-08-13 09:38:06.658 7 INFO neutron_taas.services.taas.taas_plugin [None req-318755a7-92c6-4184-b9c2-4a10b8508ac7 c5c22ad72f4240c08ee68a30da641cdf e9c1816b5a32472d826b587ab5e8a06d - - default default] TaaS: Handle Delete Port: 8810cc55-885a-42d8-923b-74a065ef7d6c
2026-08-13 09:38:06.661 7 INFO neutron_taas.services.taas.tap_mirror_plugin [None req-318755a7-92c6-4184-b9c2-4a10b8508ac7 c5c22ad72f4240c08ee68a30da641cdf e9c1816b5a32472d826b587ab5e8a06d - - default default] Tap Mirror: Handle Delete Port: 8810cc55-885a-42d8-923b-74a065ef7d6c [pid: 8|app: 0|req: 1136/2419] 10.0.0.80 () {32 vars in 670 bytes} [Thu Aug 13 09:38:06 2026] GET /v2.0/vpn/endpoint-groups => generated 634 bytes in 11 msecs (HTTP/1.1 200) 4 headers in 157 bytes (1 switches on core 0) [pid: 8|app: 0|req: 1137/2420] 10.0.0.80 () {32 vars in 670 bytes} [Thu Aug 13 09:38:06 2026] GET /v2.0/vpn/endpoint-groups => generated 634 bytes in 10 msecs (HTTP/1.1 200) 4 headers in 157 bytes (1 switches on core 0) [pid: 8|app: 0|req: 1138/2421] 10.0.0.203 () {34 vars in 990 bytes} [Thu Aug 13 09:38:06 2026] GET /v2.0/ports?device_id=9fa15b6a-3ee4-4598-acff-cfe995edc7f4 => generated 1194 bytes in 85 msecs (HTTP/1.1 200) 4 headers in 158 bytes (1 switches on core 0) [pid: 7|app: 0|req: 1284/2422] 10.0.0.80 () {32 vars in 719 bytes} [Thu Aug 13 09:38:06 2026] DELETE /v2.0/ports/8810cc55-885a-42d8-923b-74a065ef7d6c => generated 0 bytes in 246 msecs (HTTP/1.1 204) 3 headers in 131 bytes (1 switches on core 0) [pid: 7|app: 0|req: 1285/2423] 10.0.0.203 () {34 vars in 1040 bytes} [Thu Aug 13 09:38:06 2026] GET /v2.0/security-groups?id=936d60bb-f8c4-4360-9b0f-7b05f380ab81&fields=id&fields=name => generated 111 bytes in 28 msecs (HTTP/1.1 200) 4 headers in 157 bytes (1 switches on core 0)
2026-08-13 09:38:06.945 8 INFO neutron_taas.services.taas.taas_plugin [None req-1cf6e0ea-244d-410f-bc67-589f22b7bc27 c5c22ad72f4240c08ee68a30da641cdf e9c1816b5a32472d826b587ab5e8a06d - - default default] TaaS: Handle Delete Port: afc3a958-2a0a-48bd-8cdd-11912bfa372c
2026-08-13 09:38:06.947 8 INFO neutron_taas.services.taas.tap_mirror_plugin [None req-1cf6e0ea-244d-410f-bc67-589f22b7bc27 c5c22ad72f4240c08ee68a30da641cdf e9c1816b5a32472d826b587ab5e8a06d - - default default] Tap Mirror: Handle Delete Port: afc3a958-2a0a-48bd-8cdd-11912bfa372c [pid: 8|app: 0|req: 1139/2424] 10.0.0.80 () {32 vars in 719 bytes} [Thu Aug 13 09:38:06 2026] DELETE /v2.0/ports/afc3a958-2a0a-48bd-8cdd-11912bfa372c => generated 0 bytes in 276 msecs (HTTP/1.1 204) 3 headers in 131 bytes (1 switches on core 0)
2026-08-13 09:38:07.216 8 INFO neutron_taas.services.taas.taas_plugin [None req-0f320c75-3d5b-48b3-8b3c-d0302bb1a64c c5c22ad72f4240c08ee68a30da641cdf e9c1816b5a32472d826b587ab5e8a06d - - default default] TaaS: Handle Delete Port: 4bfc7f49-6582-4548-94b2-d145d7b37e17
2026-08-13 09:38:07.219 8 INFO neutron_taas.services.taas.tap_mirror_plugin [None req-0f320c75-3d5b-48b3-8b3c-d0302bb1a64c c5c22ad72f4240c08ee68a30da641cdf e9c1816b5a32472d826b587ab5e8a06d - - default default] Tap Mirror: Handle Delete Port: 4bfc7f49-6582-4548-94b2-d145d7b37e17 [pid: 7|app: 0|req: 1286/2425] 10.0.0.80 () {34 vars in 684 bytes} [Thu Aug 13 09:38:07 2026] POST /v2.0/vpn/ikepolicies => generated 403 bytes in 174 msecs (HTTP/1.1 201) 4 headers in 162 bytes (1 switches on core 0) [pid: 7|app: 0|req: 1287/2426] 10.0.0.80 () {32 vars in 662 bytes} [Thu Aug 13 09:38:07 2026] GET /v2.0/vpn/ikepolicies => generated 798 bytes in 16 msecs (HTTP/1.1 200) 4 headers in 157 bytes (1 switches on core 0) [pid: 7|app: 0|req: 1288/2427] 10.0.0.80 () {32 vars in 739 bytes} [Thu Aug 13 09:38:07 2026] DELETE /v2.0/vpn/ikepolicies/a0be5b79-1c01-4984-a895-e31767ee79e8 => generated 0 bytes in 36 msecs (HTTP/1.1 204) 2 headers in 112 bytes (1 switches on core 0) [pid: 7|app: 0|req: 1289/2428] 10.0.0.80 () {34 vars in 688 bytes} [Thu Aug 13 09:38:07 2026] POST /v2.0/vpn/ipsecpolicies => generated 412 bytes in 46 msecs (HTTP/1.1 201) 4 headers in 162 bytes (1 switches on core 0) [pid: 7|app: 0|req: 1290/2429] 10.0.0.80 () {32 vars in 666 bytes} [Thu Aug 13 09:38:07 2026] GET /v2.0/vpn/ipsecpolicies => generated 812 bytes in 14 msecs (HTTP/1.1 200) 4 headers in 157 bytes (1 switches on core 0) [pid: 7|app: 0|req: 1291/2430] 10.0.0.80 () {32 vars in 743 bytes} [Thu Aug 13 09:38:07 2026] DELETE /v2.0/vpn/ipsecpolicies/4ad11bb7-5eee-41fa-afd8-2fe049c360b1 => generated 0 bytes in 38 msecs (HTTP/1.1 204) 2 headers in 112 bytes (1 switches on core 0) [pid: 8|app: 0|req: 1140/2431] 10.0.0.80 () {32 vars in 725 bytes} [Thu Aug 13 09:38:07 2026] DELETE /v2.0/networks/5bb1a4a7-3705-4352-b64d-9e0606007fda => generated 0 bytes in 372 msecs (HTTP/1.1 204) 3 headers in 131 bytes (1 switches on core 0)
2026-08-13 09:38:07.495 7 INFO neutron.db.segments_db [None req-c8ed07dc-7677-47f3-b976-0b3fea2fda7c e460000769a94404834fe10eba4c3810 b456c7bd756142bda32b893b4d8693fe - - default default] Added segment e442edc0-b4ba-4f35-87d1-686e14f7131a of type geneve for network be902edc-613b-415e-84cd-193e4ea21a97
2026-08-13 09:38:07.516 8 INFO neutron.services.segments.plugin [-] Segment 9747c6a9-f2f6-45e1-bc60-adf60792acc5 resource provider aggregate not found
2026-08-13 09:38:07.517 8 INFO neutron.services.segments.plugin [-] Segment 9747c6a9-f2f6-45e1-bc60-adf60792acc5 resource provider aggregate not found
2026-08-13 09:38:07.540 8 INFO neutron.services.segments.plugin [-] Segment 9747c6a9-f2f6-45e1-bc60-adf60792acc5 resource provider not found; error: Placement Client Error (4xx): {"errors": [{"status": 404, "title": "Not Found", "detail": "The resource could not be found.\n\n No resource provider with uuid 9747c6a9-f2f6-45e1-bc60-adf60792acc5 found for delete ", "request_id": "req-5cc2e65e-a759-4c72-9331-1a42fd6d99f9"}]}
2026-08-13 09:38:07.543 8 INFO neutron.services.segments.plugin [-] Segment 9747c6a9-f2f6-45e1-bc60-adf60792acc5 resource provider not found; error: Placement Client Error (4xx): {"errors": [{"status": 404, "title": "Not Found", "detail": "The resource could not be found.\n\n No resource provider with uuid 9747c6a9-f2f6-45e1-bc60-adf60792acc5 found for delete ", "request_id": "req-7aceff63-a994-4fc3-99b0-21d1d76667ab"}]}
2026-08-13 09:38:07.598 8 INFO neutron_taas.services.taas.taas_plugin [None req-bd30d044-8f63-485f-a114-b3ba3369e25f c5c22ad72f4240c08ee68a30da641cdf e9c1816b5a32472d826b587ab5e8a06d - - default default] TaaS: Handle Delete Port: 5d23b6d9-351e-48ab-9304-5e5301ff8e16
2026-08-13 09:38:07.601 8 INFO neutron_taas.services.taas.tap_mirror_plugin [None req-bd30d044-8f63-485f-a114-b3ba3369e25f c5c22ad72f4240c08ee68a30da641cdf e9c1816b5a32472d826b587ab5e8a06d - - default default] Tap Mirror: Handle Delete Port: 5d23b6d9-351e-48ab-9304-5e5301ff8e16
2026-08-13 09:38:07.606 7 INFO neutron.db.ovn_revision_numbers_db [None req-c8ed07dc-7677-47f3-b976-0b3fea2fda7c e460000769a94404834fe10eba4c3810 b456c7bd756142bda32b893b4d8693fe - - default default] Successfully bumped revision number for resource be902edc-613b-415e-84cd-193e4ea21a97 (type: networks) to 1
2026-08-13 09:38:07.821 7 WARNING neutron.scheduler.dhcp_agent_scheduler [None req-c8ed07dc-7677-47f3-b976-0b3fea2fda7c e460000769a94404834fe10eba4c3810 b456c7bd756142bda32b893b4d8693fe - - default default] No more DHCP agents
2026-08-13 09:38:07.827 7 WARNING neutron.api.rpc.agentnotifiers.dhcp_rpc_agent_api [None req-c8ed07dc-7677-47f3-b976-0b3fea2fda7c e460000769a94404834fe10eba4c3810 b456c7bd756142bda32b893b4d8693fe - - default default] Unable to schedule network be902edc-613b-415e-84cd-193e4ea21a97: no agents available; will retry on subsequent port and subnet creation events. [pid: 8|app: 0|req: 1141/2432] 10.0.0.80 () {32 vars in 725 bytes} [Thu Aug 13 09:38:07 2026] DELETE /v2.0/networks/daea4ac9-579e-4109-9b44-11391c12f0f6 => generated 0 bytes in 410 msecs (HTTP/1.1 204) 3 headers in 131 bytes (1 switches on core 0)
2026-08-13 09:38:07.936 7 INFO neutron.db.ovn_revision_numbers_db [None req-c8ed07dc-7677-47f3-b976-0b3fea2fda7c e460000769a94404834fe10eba4c3810 b456c7bd756142bda32b893b4d8693fe - - default default] Successfully bumped revision number for resource 4b07b2ef-2521-42a2-b8c1-817a4a7c63ac (type: ports) to 1 [pid: 7|app: 0|req: 1292/2433] 10.0.0.80 () {34 vars in 669 bytes} [Thu Aug 13 09:38:07 2026] POST /v2.0/networks => generated 651 bytes in 537 msecs (HTTP/1.1 201) 4 headers in 162 bytes (1 switches on core 0)
2026-08-13 09:38:08.007 8 INFO neutron_taas.services.taas.taas_plugin [None req-40f55c77-b47e-423f-bb03-98ad5e02d091 c5c22ad72f4240c08ee68a30da641cdf e9c1816b5a32472d826b587ab5e8a06d - - default default] TaaS: Handle Delete Port: 89088009-eb58-496b-ac89-0d3811c5c78b
2026-08-13 09:38:08.009 8 INFO neutron_taas.services.taas.tap_mirror_plugin [None req-40f55c77-b47e-423f-bb03-98ad5e02d091 c5c22ad72f4240c08ee68a30da641cdf e9c1816b5a32472d826b587ab5e8a06d - - default default] Tap Mirror: Handle Delete Port: 89088009-eb58-496b-ac89-0d3811c5c78b
2026-08-13 09:38:08.192 7 WARNING neutron.scheduler.dhcp_agent_scheduler [None req-2656ebed-7226-4e92-8776-98a1cec2b7b5 e460000769a94404834fe10eba4c3810 b456c7bd756142bda32b893b4d8693fe - - default default] No more DHCP agents
2026-08-13 09:38:08.194 7 WARNING neutron.api.rpc.agentnotifiers.dhcp_rpc_agent_api [None req-2656ebed-7226-4e92-8776-98a1cec2b7b5 e460000769a94404834fe10eba4c3810 b456c7bd756142bda32b893b4d8693fe - - default default] Unable to schedule network be902edc-613b-415e-84cd-193e4ea21a97: no agents available; will retry on subsequent port and subnet creation events. [pid: 8|app: 0|req: 1142/2434] 10.0.0.80 () {32 vars in 725 bytes} [Thu Aug 13 09:38:07 2026] DELETE /v2.0/networks/64de5685-75e6-4ec0-884d-9b20d68518df => generated 0 bytes in 397 msecs (HTTP/1.1 204) 3 headers in 131 bytes (1 switches on core 0)
2026-08-13 09:38:08.558 8 INFO neutron.db.ovn_revision_numbers_db [None req-3c15e72b-9a7f-4baa-9913-723514e87b91 eb66fba5bf664f44aaa5517d77c4124e a9fe125cc96a4b7f89493dc8d4dd3b66 - - default default] Successfully bumped revision number for resource f0d726b2-f77b-4b7b-8c61-7f11f41f8ddd (type: security_groups) to 1
2026-08-13 09:38:08.571 8 INFO neutron.db.ovn_revision_numbers_db [None req-3c15e72b-9a7f-4baa-9913-723514e87b91 eb66fba5bf664f44aaa5517d77c4124e a9fe125cc96a4b7f89493dc8d4dd3b66 - - default default] Successfully bumped revision number for resource 195a21d4-1d1e-4b27-aa54-08cd3cee6a6a (type: security_group_rules) to 0
2026-08-13 09:38:08.589 8 INFO neutron.db.ovn_revision_numbers_db [None req-3c15e72b-9a7f-4baa-9913-723514e87b91 eb66fba5bf664f44aaa5517d77c4124e a9fe125cc96a4b7f89493dc8d4dd3b66 - - default default] Successfully bumped revision number for resource 47352c93-7e4e-480b-8fdc-b0ecd4ead5f0 (type: security_group_rules) to 0
2026-08-13 09:38:08.602 8 INFO neutron.db.ovn_revision_numbers_db [None req-3c15e72b-9a7f-4baa-9913-723514e87b91 eb66fba5bf664f44aaa5517d77c4124e a9fe125cc96a4b7f89493dc8d4dd3b66 - - default default] Successfully bumped revision number for resource 6c7cf041-69b4-4503-b2d7-8a9d6e6198ab (type: security_group_rules) to 0
2026-08-13 09:38:08.618 8 INFO neutron.db.ovn_revision_numbers_db [None req-3c15e72b-9a7f-4baa-9913-723514e87b91 eb66fba5bf664f44aaa5517d77c4124e a9fe125cc96a4b7f89493dc8d4dd3b66 - - default default] Successfully bumped revision number for resource d698817e-0c9d-4214-880b-9907c499ce01 (type: security_group_rules) to 0
2026-08-13 09:38:08.693 8 INFO neutron.db.segments_db [None req-3c15e72b-9a7f-4baa-9913-723514e87b91 eb66fba5bf664f44aaa5517d77c4124e a9fe125cc96a4b7f89493dc8d4dd3b66 - - default default] Added segment f58ed39d-5197-4df9-8ab0-4c7b65b6fcd1 of type geneve for network ee325d05-5d3c-4769-9199-37897a5697c5
2026-08-13 09:38:08.700 7 INFO neutron.db.ovn_revision_numbers_db [None req-82669823-ae89-41e1-9e52-bad6f3e8bdac - - - - - -] Successfully bumped revision number for resource 4b07b2ef-2521-42a2-b8c1-817a4a7c63ac (type: ports) to 2
2026-08-13 09:38:08.729 7 INFO neutron.db.ovn_revision_numbers_db [None req-82669823-ae89-41e1-9e52-bad6f3e8bdac - - - - - -] Successfully bumped revision number for resource 7d62c590-ab04-449d-8f02-93d852b70a82 (type: subnets) to 0 [pid: 7|app: 0|req: 1293/2435] 10.0.0.80 () {34 vars in 668 bytes} [Thu Aug 13 09:38:07 2026] POST /v2.0/subnets => generated 629 bytes in 792 msecs (HTTP/1.1 201) 4 headers in 162 bytes (1 switches on core 0)
2026-08-13 09:38:08.831 8 INFO neutron.db.ovn_revision_numbers_db [None req-3c15e72b-9a7f-4baa-9913-723514e87b91 eb66fba5bf664f44aaa5517d77c4124e a9fe125cc96a4b7f89493dc8d4dd3b66 - - default default] Successfully bumped revision number for resource ee325d05-5d3c-4769-9199-37897a5697c5 (type: networks) to 1
2026-08-13 09:38:08.927 7 INFO neutron_taas.services.taas.taas_plugin [None req-bee29afd-39f1-414f-9144-450957532e64 c5c22ad72f4240c08ee68a30da641cdf e9c1816b5a32472d826b587ab5e8a06d - - default default] TaaS: Handle Delete Port: 21ae19d8-855e-4e4f-89b6-85f4ccd9b46d
2026-08-13 09:38:08.930 7 INFO neutron_taas.services.taas.tap_mirror_plugin [None req-bee29afd-39f1-414f-9144-450957532e64 c5c22ad72f4240c08ee68a30da641cdf e9c1816b5a32472d826b587ab5e8a06d - - default default] Tap Mirror: Handle Delete Port: 21ae19d8-855e-4e4f-89b6-85f4ccd9b46d
2026-08-13 09:38:08.998 8 WARNING neutron.scheduler.dhcp_agent_scheduler [None req-3c15e72b-9a7f-4baa-9913-723514e87b91 eb66fba5bf664f44aaa5517d77c4124e a9fe125cc96a4b7f89493dc8d4dd3b66 - - default default] No more DHCP agents
2026-08-13 09:38:09.000 8 WARNING neutron.api.rpc.agentnotifiers.dhcp_rpc_agent_api [None req-3c15e72b-9a7f-4baa-9913-723514e87b91 eb66fba5bf664f44aaa5517d77c4124e a9fe125cc96a4b7f89493dc8d4dd3b66 - - default default] Unable to schedule network ee325d05-5d3c-4769-9199-37897a5697c5: no agents available; will retry on subsequent port and subnet creation events.
2026-08-13 09:38:09.057 8 INFO neutron.plugins.ml2.drivers.ovn.mech_driver.mech_driver [None req-2098016c-1dbe-41b9-8123-3bf109d9e2ee - - - - - -] OVN reports status down for port: b56ec3ed-a4c1-4f7b-bae8-75e48d223650
2026-08-13 09:38:09.109 8 INFO neutron.db.ovn_revision_numbers_db [None req-3c15e72b-9a7f-4baa-9913-723514e87b91 eb66fba5bf664f44aaa5517d77c4124e a9fe125cc96a4b7f89493dc8d4dd3b66 - - default default] Successfully bumped revision number for resource b56ec3ed-a4c1-4f7b-bae8-75e48d223650 (type: ports) to 1
2026-08-13 09:38:09.162 7 INFO neutron.services.segments.plugin [-] Segment fdffd043-204c-4230-be97-b6948a95446c resource provider aggregate not found [pid: 8|app: 0|req: 1143/2436] 10.0.0.80 () {34 vars in 670 bytes} [Thu Aug 13 09:38:08 2026] POST /v2.0/networks => generated 763 bytes in 915 msecs (HTTP/1.1 201) 4 headers in 162 bytes (1 switches on core 0)
2026-08-13 09:38:09.167 7 INFO neutron.services.segments.plugin [-] Segment fdffd043-204c-4230-be97-b6948a95446c resource provider aggregate not found
2026-08-13 09:38:09.189 7 INFO neutron.services.segments.plugin [-] Segment fdffd043-204c-4230-be97-b6948a95446c resource provider not found; error: Placement Client Error (4xx): {"errors": [{"status": 404, "title": "Not Found", "detail": "The resource could not be found.\n\n No resource provider with uuid fdffd043-204c-4230-be97-b6948a95446c found for delete ", "request_id": "req-69a7f8b6-fd72-439f-8614-73059b1a70fd"}]}
2026-08-13 09:38:09.191 7 INFO neutron.services.segments.plugin [-] Segment fdffd043-204c-4230-be97-b6948a95446c resource provider not found; error: Placement Client Error (4xx): {"errors": [{"status": 404, "title": "Not Found", "detail": "The resource could not be found.\n\n No resource provider with uuid fdffd043-204c-4230-be97-b6948a95446c found for delete ", "request_id": "req-5fb1c0d6-5efe-4e91-8680-3ec53f255909"}]}
2026-08-13 09:38:09.243 8 INFO neutron.plugins.ml2.drivers.ovn.mech_driver.mech_driver [None req-2098016c-1dbe-41b9-8123-3bf109d9e2ee - - - - - -] OVN reports status up for port: 4d718d44-8f3d-4a13-b517-2957d2b2e889
2026-08-13 09:38:09.264 8 INFO neutron.plugins.ml2.plugin [None req-2098016c-1dbe-41b9-8123-3bf109d9e2ee - - - - - -] Attempt 1 to provision port 4d718d44-8f3d-4a13-b517-2957d2b2e889 [pid: 7|app: 0|req: 1294/2437] 10.0.0.80 () {32 vars in 725 bytes} [Thu Aug 13 09:38:08 2026] DELETE /v2.0/networks/3889438a-34c8-498f-8751-a62ec8593e05 => generated 0 bytes in 515 msecs (HTTP/1.1 204) 3 headers in 131 bytes (1 switches on core 0)
2026-08-13 09:38:09.438 7 WARNING neutron.scheduler.dhcp_agent_scheduler [None req-104680cf-c786-4976-8e93-bd92ce34625c eb66fba5bf664f44aaa5517d77c4124e a9fe125cc96a4b7f89493dc8d4dd3b66 - - default default] No more DHCP agents
2026-08-13 09:38:09.440 7 WARNING neutron.api.rpc.agentnotifiers.dhcp_rpc_agent_api [None req-104680cf-c786-4976-8e93-bd92ce34625c eb66fba5bf664f44aaa5517d77c4124e a9fe125cc96a4b7f89493dc8d4dd3b66 - - default default] Unable to schedule network ee325d05-5d3c-4769-9199-37897a5697c5: no agents available; will retry on subsequent port and subnet creation events.
2026-08-13 09:38:09.570 8 INFO neutron.notifiers.nova [-] Nova event matching ['req-3fdcfd48-1702-4f6a-b2a5-b3010ae2aa40'] response: {'server_uuid': '9fa15b6a-3ee4-4598-acff-cfe995edc7f4', 'name': 'network-vif-plugged', 'status': 'completed', 'tag': '4d718d44-8f3d-4a13-b517-2957d2b2e889', 'code': 200}
2026-08-13 09:38:09.592 8 INFO neutron.services.segments.plugin [-] Segment 02406278-31f7-48f5-8bf4-fce655f1050b resource provider aggregate not found
2026-08-13 09:38:09.595 8 INFO neutron.services.segments.plugin [-] Segment 02406278-31f7-48f5-8bf4-fce655f1050b resource provider aggregate not found
2026-08-13 09:38:09.620 8 INFO neutron.services.segments.plugin [-] Segment 02406278-31f7-48f5-8bf4-fce655f1050b resource provider not found; error: Placement Client Error (4xx): {"errors": [{"status": 404, "title": "Not Found", "detail": "The resource could not be found.\n\n No resource provider with uuid 02406278-31f7-48f5-8bf4-fce655f1050b found for delete ", "request_id": "req-a63ac23a-8d17-44af-b144-ed0229b19258"}]}
2026-08-13 09:38:09.626 8 INFO neutron.services.segments.plugin [-] Segment 02406278-31f7-48f5-8bf4-fce655f1050b resource provider not found; error: Placement Client Error (4xx): {"errors": [{"status": 404, "title": "Not Found", "detail": "The resource could not be found.\n\n No resource provider with uuid 02406278-31f7-48f5-8bf4-fce655f1050b found for delete ", "request_id": "req-0835c310-daa2-4629-aecd-0dd4826ace54"}]}
2026-08-13 09:38:09.654 8 INFO neutron.services.segments.plugin [-] Segment 1574cb4a-5945-4d1c-ae5f-ff4fe34a4cbb resource provider aggregate not found
2026-08-13 09:38:09.662 8 INFO neutron.services.segments.plugin [-] Segment 1574cb4a-5945-4d1c-ae5f-ff4fe34a4cbb resource provider aggregate not found
2026-08-13 09:38:09.694 8 INFO neutron.services.segments.plugin [-] Segment 1574cb4a-5945-4d1c-ae5f-ff4fe34a4cbb resource provider not found; error: Placement Client Error (4xx): {"errors": [{"status": 404, "title": "Not Found", "detail": "The resource could not be found.\n\n No resource provider with uuid 1574cb4a-5945-4d1c-ae5f-ff4fe34a4cbb found for delete ", "request_id": "req-01c86f3e-5f31-41cd-b0e0-acee62427f76"}]}
2026-08-13 09:38:09.696 8 INFO neutron.services.segments.plugin [-] Segment 1574cb4a-5945-4d1c-ae5f-ff4fe34a4cbb resource provider not found; error: Placement Client Error (4xx): {"errors": [{"status": 404, "title": "Not Found", "detail": "The resource could not be found.\n\n No resource provider with uuid 1574cb4a-5945-4d1c-ae5f-ff4fe34a4cbb found for delete ", "request_id": "req-a32e12e2-0941-4a80-9115-72d8d6e7c6ea"}]}
2026-08-13 09:38:09.925 8 INFO neutron.db.ovn_revision_numbers_db [None req-2098016c-1dbe-41b9-8123-3bf109d9e2ee - - - - - -] Successfully bumped revision number for resource 4d718d44-8f3d-4a13-b517-2957d2b2e889 (type: ports) to 5
2026-08-13 09:38:10.010 7 INFO neutron.db.ovn_revision_numbers_db [None req-1ece125f-c453-4bfe-a2a3-14e60454bdfe - - - - - -] Successfully bumped revision number for resource b56ec3ed-a4c1-4f7b-bae8-75e48d223650 (type: ports) to 2
2026-08-13 09:38:10.059 7 INFO neutron.db.ovn_revision_numbers_db [None req-1ece125f-c453-4bfe-a2a3-14e60454bdfe - - - - - -] Successfully bumped revision number for resource 60e635ca-9bdc-4af1-8374-16b0e23f2842 (type: subnets) to 0 [pid: 7|app: 0|req: 1295/2438] 10.0.0.80 () {34 vars in 668 bytes} [Thu Aug 13 09:38:09 2026] POST /v2.0/subnets => generated 688 bytes in 806 msecs (HTTP/1.1 201) 4 headers in 162 bytes (1 switches on core 0)
2026-08-13 09:38:10.102 8 WARNING neutron.scheduler.dhcp_agent_scheduler [None req-5db0ff65-7da1-43e0-9629-f72e4c9a8e4d e460000769a94404834fe10eba4c3810 b456c7bd756142bda32b893b4d8693fe - - default default] No more DHCP agents
2026-08-13 09:38:10.103 8 WARNING neutron.api.rpc.agentnotifiers.dhcp_rpc_agent_api [None req-5db0ff65-7da1-43e0-9629-f72e4c9a8e4d e460000769a94404834fe10eba4c3810 b456c7bd756142bda32b893b4d8693fe - - default default] Unable to schedule network 91dd0289-3c47-45d4-bb86-3df469d5f219: no agents available; will retry on subsequent port and subnet creation events.
2026-08-13 09:38:10.262 8 INFO neutron.db.ovn_revision_numbers_db [None req-5db0ff65-7da1-43e0-9629-f72e4c9a8e4d e460000769a94404834fe10eba4c3810 b456c7bd756142bda32b893b4d8693fe - - default default] Successfully bumped revision number for resource 5076d644-d843-4cfb-986d-3262c0ed4da6 (type: ports) to 1
2026-08-13 09:38:10.290 7 INFO neutron_taas.services.taas.taas_plugin [None req-aec18078-9bcf-4274-8fae-55bfcba79b33 c5c22ad72f4240c08ee68a30da641cdf e9c1816b5a32472d826b587ab5e8a06d - - default default] TaaS: Handle Delete Port: f5973f00-ff0d-4b53-813d-80d045dcd98c
2026-08-13 09:38:10.293 7 INFO neutron_taas.services.taas.tap_mirror_plugin [None req-aec18078-9bcf-4274-8fae-55bfcba79b33 c5c22ad72f4240c08ee68a30da641cdf e9c1816b5a32472d826b587ab5e8a06d - - default default] Tap Mirror: Handle Delete Port: f5973f00-ff0d-4b53-813d-80d045dcd98c [pid: 7|app: 0|req: 1296/2439] 10.0.0.80 () {32 vars in 725 bytes} [Thu Aug 13 09:38:10 2026] DELETE /v2.0/networks/1b89e96a-8477-4a1b-9a2b-6bb9f919081d => generated 0 bytes in 477 msecs (HTTP/1.1 204) 3 headers in 131 bytes (1 switches on core 0)
2026-08-13 09:38:10.911 7 WARNING neutron.plugins.ml2.drivers.ovn.mech_driver.ovsdb.ovn_client [None req-4b8ec96d-a636-462e-85c0-83bf5f19942e - - - - - -] No hosting information found for port ee203ac1-f4e6-4a8d-b26c-618b28370507: RuntimeError: No hosting information found for port ee203ac1-f4e6-4a8d-b26c-618b28370507
2026-08-13 09:38:11.061 7 INFO neutron.db.ovn_revision_numbers_db [None req-4b8ec96d-a636-462e-85c0-83bf5f19942e - - - - - -] Successfully bumped revision number for resource ee203ac1-f4e6-4a8d-b26c-618b28370507 (type: router_ports) to 2
2026-08-13 09:38:11.061 7 INFO neutron.plugins.ml2.drivers.ovn.mech_driver.mech_driver [None req-4b8ec96d-a636-462e-85c0-83bf5f19942e - - - - - -] OVN reports status down for port: 69d50757-9c78-4b07-a399-f73a0a61bd59
2026-08-13 09:38:11.152 7 WARNING neutron.scheduler.dhcp_agent_scheduler [None req-2da237e0-d9b8-4009-be16-dab3b6107b90 eb66fba5bf664f44aaa5517d77c4124e a9fe125cc96a4b7f89493dc8d4dd3b66 - - default default] No more DHCP agents
2026-08-13 09:38:11.156 7 WARNING neutron.api.rpc.agentnotifiers.dhcp_rpc_agent_api [None req-2da237e0-d9b8-4009-be16-dab3b6107b90 eb66fba5bf664f44aaa5517d77c4124e a9fe125cc96a4b7f89493dc8d4dd3b66 - - default default] Unable to schedule network 91dd0289-3c47-45d4-bb86-3df469d5f219: no agents available; will retry on subsequent port and subnet creation events.
2026-08-13 09:38:11.226 7 INFO neutron.services.segments.plugin [-] Segment e9c2039c-96a4-476a-8564-5046a4557697 resource provider aggregate not found
2026-08-13 09:38:11.236 7 INFO neutron.services.segments.plugin [-] Segment e9c2039c-96a4-476a-8564-5046a4557697 resource provider aggregate not found
2026-08-13 09:38:11.254 7 INFO neutron.services.segments.plugin [-] Segment e9c2039c-96a4-476a-8564-5046a4557697 resource provider not found; error: Placement Client Error (4xx): {"errors": [{"status": 404, "title": "Not Found", "detail": "The resource could not be found.\n\n No resource provider with uuid e9c2039c-96a4-476a-8564-5046a4557697 found for delete ", "request_id": "req-063f3d32-db85-49cf-bfa1-b2ea7bbd504d"}]}
2026-08-13 09:38:11.257 7 INFO neutron.services.segments.plugin [-] Segment e9c2039c-96a4-476a-8564-5046a4557697 resource provider not found; error: Placement Client Error (4xx): {"errors": [{"status": 404, "title": "Not Found", "detail": "The resource could not be found.\n\n No resource provider with uuid e9c2039c-96a4-476a-8564-5046a4557697 found for delete ", "request_id": "req-3afbedde-316c-439c-af63-7b35cad5db6b"}]}
2026-08-13 09:38:11.292 7 INFO neutron.plugins.ml2.drivers.ovn.mech_driver.mech_driver [None req-4b8ec96d-a636-462e-85c0-83bf5f19942e - - - - - -] OVN reports status down for port: 4b07b2ef-2521-42a2-b8c1-817a4a7c63ac
2026-08-13 09:38:11.353 8 INFO neutron.plugins.ml2.drivers.ovn.mech_driver.mech_driver [None req-48bfb359-360b-4464-88fd-bcd04eadb26b - - - - - -] OVN reports status down for port: b410d11b-e193-4489-ad88-a8d85b10b184
2026-08-13 09:38:11.420 7 INFO neutron.plugins.ml2.drivers.ovn.mech_driver.mech_driver [None req-4b8ec96d-a636-462e-85c0-83bf5f19942e - - - - - -] OVN reports status down for port: 5076d644-d843-4cfb-986d-3262c0ed4da6
2026-08-13 09:38:11.447 7 INFO neutron.db.ovn_revision_numbers_db [None req-2da237e0-d9b8-4009-be16-dab3b6107b90 eb66fba5bf664f44aaa5517d77c4124e a9fe125cc96a4b7f89493dc8d4dd3b66 - - default default] Successfully bumped revision number for resource b410d11b-e193-4489-ad88-a8d85b10b184 (type: ports) to 1
2026-08-13 09:38:11.534 8 INFO neutron.plugins.ml2.drivers.ovn.mech_driver.ovsdb.commands [None req-632e9693-5037-4f64-bf17-4c2c17f38634 - - - - - -] Schedule LRP lrp-5076d644-d843-4cfb-986d-3262c0ed4da6 on gateway f9ecbda1-5419-48a1-8cca-b77661ec2123 with priority 1
2026-08-13 09:38:11.607 8 INFO neutron.db.ovn_revision_numbers_db [None req-5db0ff65-7da1-43e0-9629-f72e4c9a8e4d e460000769a94404834fe10eba4c3810 b456c7bd756142bda32b893b4d8693fe - - default default] Successfully bumped revision number for resource 5076d644-d843-4cfb-986d-3262c0ed4da6 (type: router_ports) to 1
2026-08-13 09:38:11.631 8 INFO neutron.notifiers.nova [-] Nova event matching ['req-845bf514-c498-46b2-882a-f1bbcd3dae8d'] response: {'server_uuid': '9fa15b6a-3ee4-4598-acff-cfe995edc7f4', 'name': 'network-vif-plugged', 'status': 'completed', 'tag': '4d718d44-8f3d-4a13-b517-2957d2b2e889', 'code': 200}
2026-08-13 09:38:11.671 7 INFO neutron.plugins.ml2.drivers.ovn.mech_driver.mech_driver [None req-4b8ec96d-a636-462e-85c0-83bf5f19942e - - - - - -] OVN reports status up for port: 5076d644-d843-4cfb-986d-3262c0ed4da6
2026-08-13 09:38:11.691 8 INFO neutron.db.ovn_revision_numbers_db [None req-5db0ff65-7da1-43e0-9629-f72e4c9a8e4d e460000769a94404834fe10eba4c3810 b456c7bd756142bda32b893b4d8693fe - - default default] Successfully bumped revision number for resource 13e9d190-42ec-4ef5-9cbb-a4daf674c60c (type: routers) to 2
2026-08-13 09:38:11.697 7 INFO neutron.plugins.ml2.plugin [None req-4b8ec96d-a636-462e-85c0-83bf5f19942e - - - - - -] Attempt 1 to provision port 5076d644-d843-4cfb-986d-3262c0ed4da6 [pid: 8|app: 0|req: 1144/2440] 10.0.0.80 () {34 vars in 668 bytes} [Thu Aug 13 09:38:09 2026] POST /v2.0/routers => generated 937 bytes in 2551 msecs (HTTP/1.1 201) 4 headers in 162 bytes (1 switches on core 0) /var/lib/openstack/lib/python3.12/site-packages/pycadf/identifier.py:70: UserWarning: Invalid uuid: neutron. To ensure interoperability, identifiers should be a valid uuid. warnings.warn(('Invalid uuid: %s. To ensure interoperability, ' [pid: 8|app: 0|req: 1145/2441] 10.0.0.80 () {32 vars in 773 bytes} [Thu Aug 13 09:38:11 2026] GET /v2.0/security-groups?tenant_id=e9c1816b5a32472d826b587ab5e8a06d&name=default => generated 2925 bytes in 286 msecs (HTTP/1.1 200) 4 headers in 158 bytes (1 switches on core 0)
2026-08-13 09:38:12.257 7 INFO neutron.plugins.ml2.drivers.ovn.mech_driver.ovsdb.commands [None req-09af00be-3215-4e13-943e-e0767b9132c9 - - - - - -] Schedule LRP lrp-b410d11b-e193-4489-ad88-a8d85b10b184 on gateway f9ecbda1-5419-48a1-8cca-b77661ec2123 with priority 1
2026-08-13 09:38:12.293 7 INFO neutron.plugins.ml2.drivers.ovn.mech_driver.ovsdb.ovsdb_monitor [None req-41473aa4-86cc-42bb-be45-d153d7126ae9 - - - - - -] Router 2fd6ed72-77b3-46d9-a408-02a78af36d2f is bound to host instance
2026-08-13 09:38:12.334 8 INFO neutron.plugins.ml2.drivers.ovn.mech_driver.mech_driver [None req-48bfb359-360b-4464-88fd-bcd04eadb26b - - - - - -] OVN reports status up for port: b410d11b-e193-4489-ad88-a8d85b10b184
2026-08-13 09:38:12.361 7 INFO neutron.db.ovn_revision_numbers_db [None req-2da237e0-d9b8-4009-be16-dab3b6107b90 eb66fba5bf664f44aaa5517d77c4124e a9fe125cc96a4b7f89493dc8d4dd3b66 - - default default] Successfully bumped revision number for resource b410d11b-e193-4489-ad88-a8d85b10b184 (type: router_ports) to 1
2026-08-13 09:38:12.364 8 INFO neutron.plugins.ml2.plugin [None req-48bfb359-360b-4464-88fd-bcd04eadb26b - - - - - -] Attempt 1 to provision port b410d11b-e193-4489-ad88-a8d85b10b184
2026-08-13 09:38:12.521 7 INFO neutron.db.ovn_revision_numbers_db [None req-2da237e0-d9b8-4009-be16-dab3b6107b90 eb66fba5bf664f44aaa5517d77c4124e a9fe125cc96a4b7f89493dc8d4dd3b66 - - default default] Successfully bumped revision number for resource 2fd6ed72-77b3-46d9-a408-02a78af36d2f (type: routers) to 2 [pid: 7|app: 0|req: 1297/2442] 10.0.0.80 () {34 vars in 668 bytes} [Thu Aug 13 09:38:10 2026] POST /v2.0/routers => generated 966 bytes in 2009 msecs (HTTP/1.1 201) 4 headers in 162 bytes (1 switches on core 0)
2026-08-13 09:38:12.625 8 WARNING neutron.scheduler.dhcp_agent_scheduler [None req-46b53591-fcc0-4ff3-8bd7-5ad76208dcb4 e460000769a94404834fe10eba4c3810 b456c7bd756142bda32b893b4d8693fe - - default default] No more DHCP agents
2026-08-13 09:38:12.627 8 WARNING neutron.api.rpc.agentnotifiers.dhcp_rpc_agent_api [None req-46b53591-fcc0-4ff3-8bd7-5ad76208dcb4 e460000769a94404834fe10eba4c3810 b456c7bd756142bda32b893b4d8693fe - - default default] Unable to schedule network be902edc-613b-415e-84cd-193e4ea21a97: no agents available; will retry on subsequent port and subnet creation events. [pid: 7|app: 0|req: 1298/2443] 10.0.0.203 () {34 vars in 990 bytes} [Thu Aug 13 09:38:12 2026] GET /v2.0/ports?device_id=9fa15b6a-3ee4-4598-acff-cfe995edc7f4 => generated 1196 bytes in 165 msecs (HTTP/1.1 200) 4 headers in 158 bytes (1 switches on core 0)
2026-08-13 09:38:12.782 8 INFO neutron.db.ovn_revision_numbers_db [None req-46b53591-fcc0-4ff3-8bd7-5ad76208dcb4 e460000769a94404834fe10eba4c3810 b456c7bd756142bda32b893b4d8693fe - - default default] Successfully bumped revision number for resource 97374e8d-d85d-4885-b4b5-9c2758b84919 (type: ports) to 1 [pid: 7|app: 0|req: 1299/2444] 10.0.0.80 () {32 vars in 739 bytes} [Thu Aug 13 09:38:12 2026] DELETE /v2.0/security-groups/e5df75ec-7319-4cfc-be2e-8affca765f02 => generated 0 bytes in 410 msecs (HTTP/1.1 204) 2 headers in 112 bytes (1 switches on core 0)
2026-08-13 09:38:13.619 8 WARNING neutron.scheduler.dhcp_agent_scheduler [None req-46b53591-fcc0-4ff3-8bd7-5ad76208dcb4 e460000769a94404834fe10eba4c3810 b456c7bd756142bda32b893b4d8693fe - - default default] No more DHCP agents
2026-08-13 09:38:13.620 8 WARNING neutron.api.rpc.agentnotifiers.dhcp_rpc_agent_api [None req-46b53591-fcc0-4ff3-8bd7-5ad76208dcb4 e460000769a94404834fe10eba4c3810 b456c7bd756142bda32b893b4d8693fe - - default default] Unable to schedule network be902edc-613b-415e-84cd-193e4ea21a97: no agents available; will retry on subsequent port and subnet creation events.
2026-08-13 09:38:13.714 7 INFO neutron.db.ovn_revision_numbers_db [None req-48a75b1c-cf03-4ad6-ac9b-807e119ec33f - - - - - -] Successfully bumped revision number for resource b410d11b-e193-4489-ad88-a8d85b10b184 (type: ports) to 4
2026-08-13 09:38:13.837 7 WARNING neutron.scheduler.dhcp_agent_scheduler [None req-244c5658-e0bf-4325-92ef-c257f0d50ac9 eb66fba5bf664f44aaa5517d77c4124e a9fe125cc96a4b7f89493dc8d4dd3b66 - - default default] No more DHCP agents
2026-08-13 09:38:13.838 7 WARNING neutron.api.rpc.agentnotifiers.dhcp_rpc_agent_api [None req-244c5658-e0bf-4325-92ef-c257f0d50ac9 eb66fba5bf664f44aaa5517d77c4124e a9fe125cc96a4b7f89493dc8d4dd3b66 - - default default] Unable to schedule network ee325d05-5d3c-4769-9199-37897a5697c5: no agents available; will retry on subsequent port and subnet creation events.
2026-08-13 09:38:13.979 8 INFO neutron.db.ovn_revision_numbers_db [None req-46b53591-fcc0-4ff3-8bd7-5ad76208dcb4 e460000769a94404834fe10eba4c3810 b456c7bd756142bda32b893b4d8693fe - - default default] Successfully bumped revision number for resource 97374e8d-d85d-4885-b4b5-9c2758b84919 (type: router_ports) to 1 [pid: 8|app: 0|req: 1146/2445] 10.0.0.80 () {34 vars in 782 bytes} [Thu Aug 13 09:38:12 2026] PUT /v2.0/routers/13e9d190-42ec-4ef5-9cbb-a4daf674c60c/add_router_interface => generated 309 bytes in 1981 msecs (HTTP/1.1 200) 4 headers in 157 bytes (1 switches on core 0) [pid: 8|app: 0|req: 1147/2446] 10.0.0.203 () {34 vars in 1040 bytes} [Thu Aug 13 09:38:13 2026] GET /v2.0/security-groups?id=936d60bb-f8c4-4360-9b0f-7b05f380ab81&fields=id&fields=name => generated 111 bytes in 30 msecs (HTTP/1.1 200) 4 headers in 157 bytes (1 switches on core 0)
2026-08-13 09:38:14.173 8 INFO neutron.db.ovn_revision_numbers_db [None req-e299fe89-8da5-496b-b4ec-35872e437c9e eb66fba5bf664f44aaa5517d77c4124e a9fe125cc96a4b7f89493dc8d4dd3b66 - - default default] Successfully bumped revision number for resource 2bf18cdc-465d-4b66-9f42-d75a5109e2ca (type: security_groups) to 1
2026-08-13 09:38:14.188 7 INFO neutron.db.ovn_revision_numbers_db [None req-244c5658-e0bf-4325-92ef-c257f0d50ac9 eb66fba5bf664f44aaa5517d77c4124e a9fe125cc96a4b7f89493dc8d4dd3b66 - - default default] Successfully bumped revision number for resource 4bdb6418-f985-4756-8677-c12727c472e2 (type: ports) to 1
2026-08-13 09:38:14.189 8 INFO neutron.db.ovn_revision_numbers_db [None req-e299fe89-8da5-496b-b4ec-35872e437c9e eb66fba5bf664f44aaa5517d77c4124e a9fe125cc96a4b7f89493dc8d4dd3b66 - - default default] Successfully bumped revision number for resource 2af8f785-cbde-423d-ad22-0fb84665fcfe (type: security_group_rules) to 0
2026-08-13 09:38:14.209 8 INFO neutron.db.ovn_revision_numbers_db [None req-e299fe89-8da5-496b-b4ec-35872e437c9e eb66fba5bf664f44aaa5517d77c4124e a9fe125cc96a4b7f89493dc8d4dd3b66 - - default default] Successfully bumped revision number for resource 75d8704f-19c1-40af-9bc8-02986b4723d1 (type: security_group_rules) to 0
2026-08-13 09:38:14.223 8 INFO neutron.db.ovn_revision_numbers_db [None req-e299fe89-8da5-496b-b4ec-35872e437c9e eb66fba5bf664f44aaa5517d77c4124e a9fe125cc96a4b7f89493dc8d4dd3b66 - - default default] Successfully bumped revision number for resource 8030bd9a-9641-4999-98f8-5184bdcff78d (type: security_group_rules) to 0
2026-08-13 09:38:14.237 8 INFO neutron.db.ovn_revision_numbers_db [None req-e299fe89-8da5-496b-b4ec-35872e437c9e eb66fba5bf664f44aaa5517d77c4124e a9fe125cc96a4b7f89493dc8d4dd3b66 - - default default] Successfully bumped revision number for resource 8dc73f4f-34a3-49c1-b7b8-3531c6f89af8 (type: security_group_rules) to 0 [pid: 8|app: 0|req: 1148/2447] 10.0.0.80 () {32 vars in 773 bytes} [Thu Aug 13 09:38:14 2026] GET /v2.0/security-groups?tenant_id=092dd6560d8149ffb2af8a5c1660713a&name=default => generated 2925 bytes in 292 msecs (HTTP/1.1 200) 4 headers in 158 bytes (1 switches on core 0)
2026-08-13 09:38:14.355 7 INFO neutron.db.ovn_revision_numbers_db [None req-48a75b1c-cf03-4ad6-ac9b-807e119ec33f - - - - - -] Successfully bumped revision number for resource b410d11b-e193-4489-ad88-a8d85b10b184 (type: ports) to 5
2026-08-13 09:38:14.783 8 WARNING neutron.scheduler.dhcp_agent_scheduler [None req-9843f278-64b6-4cbc-ab40-3a8da9ca7059 - - - - - -] No more DHCP agents
2026-08-13 09:38:14.784 8 WARNING neutron.api.rpc.agentnotifiers.dhcp_rpc_agent_api [None req-9843f278-64b6-4cbc-ab40-3a8da9ca7059 - - - - - -] Unable to schedule network 91dd0289-3c47-45d4-bb86-3df469d5f219: no agents available; will retry on subsequent port and subnet creation events.
2026-08-13 09:38:14.949 8 INFO neutron.db.ovn_revision_numbers_db [None req-9843f278-64b6-4cbc-ab40-3a8da9ca7059 - - - - - -] Successfully bumped revision number for resource 8e9eb78a-24f0-4af5-82c5-88eaab94aca0 (type: ports) to 1
2026-08-13 09:38:15.004 7 WARNING neutron.scheduler.dhcp_agent_scheduler [None req-244c5658-e0bf-4325-92ef-c257f0d50ac9 eb66fba5bf664f44aaa5517d77c4124e a9fe125cc96a4b7f89493dc8d4dd3b66 - - default default] No more DHCP agents
2026-08-13 09:38:15.005 7 WARNING neutron.api.rpc.agentnotifiers.dhcp_rpc_agent_api [None req-244c5658-e0bf-4325-92ef-c257f0d50ac9 eb66fba5bf664f44aaa5517d77c4124e a9fe125cc96a4b7f89493dc8d4dd3b66 - - default default] Unable to schedule network ee325d05-5d3c-4769-9199-37897a5697c5: no agents available; will retry on subsequent port and subnet creation events.
2026-08-13 09:38:15.201 8 INFO neutron.db.ovn_revision_numbers_db [None req-9843f278-64b6-4cbc-ab40-3a8da9ca7059 - - - - - -] Successfully bumped revision number for resource 8e9eb78a-24f0-4af5-82c5-88eaab94aca0 (type: ports) to 3
2026-08-13 09:38:15.271 8 INFO neutron.db.segments_db [None req-9843f278-64b6-4cbc-ab40-3a8da9ca7059 - - - - - -] Added segment 575c03e2-7668-499b-a67c-330aad9ec102 of type geneve for network fd62e933-5670-4d63-957a-8bd6e3b2ec76
2026-08-13 09:38:15.398 8 INFO neutron.db.ovn_revision_numbers_db [None req-df2fb894-d437-489f-b34a-ec714c8a1b12 - - - - - -] Successfully bumped revision number for resource fd62e933-5670-4d63-957a-8bd6e3b2ec76 (type: networks) to 1
2026-08-13 09:38:15.541 8 INFO neutron.plugins.ml2.drivers.ovn.mech_driver.mech_driver [None req-48bfb359-360b-4464-88fd-bcd04eadb26b - - - - - -] OVN reports status down for port: 8e9eb78a-24f0-4af5-82c5-88eaab94aca0
2026-08-13 09:38:15.612 7 INFO neutron.db.ovn_revision_numbers_db [None req-244c5658-e0bf-4325-92ef-c257f0d50ac9 eb66fba5bf664f44aaa5517d77c4124e a9fe125cc96a4b7f89493dc8d4dd3b66 - - default default] Successfully bumped revision number for resource 4bdb6418-f985-4756-8677-c12727c472e2 (type: router_ports) to 1 [pid: 7|app: 0|req: 1300/2450] 10.0.0.80 () {34 vars in 782 bytes} [Thu Aug 13 09:38:13 2026] PUT /v2.0/routers/2fd6ed72-77b3-46d9-a408-02a78af36d2f/add_router_interface => generated 309 bytes in 2479 msecs (HTTP/1.1 200) 4 headers in 157 bytes (1 switches on core 0)
2026-08-13 09:38:15.638 8 WARNING neutron.scheduler.dhcp_agent_scheduler [None req-df2fb894-d437-489f-b34a-ec714c8a1b12 - - - - - -] No more DHCP agents
2026-08-13 09:38:15.640 8 WARNING neutron.api.rpc.agentnotifiers.dhcp_rpc_agent_api [None req-df2fb894-d437-489f-b34a-ec714c8a1b12 - - - - - -] Unable to schedule network fd62e933-5670-4d63-957a-8bd6e3b2ec76: no agents available; will retry on subsequent port and subnet creation events. [pid: 7|app: 0|req: 1301/2451] 10.0.0.80 () {32 vars in 817 bytes} [Thu Aug 13 09:38:15 2026] GET /v2.0/ports?network_id=ea66a735-aae0-4df6-abd1-b3d4ecd4b5e1&mac_address=fa%3A16%3A3e%3A33%3A86%3Af5 => generated 1196 bytes in 34 msecs (HTTP/1.1 200) 4 headers in 158 bytes (1 switches on core 0)
2026-08-13 09:38:15.730 8 INFO neutron.db.ovn_revision_numbers_db [None req-df2fb894-d437-489f-b34a-ec714c8a1b12 - - - - - -] Successfully bumped revision number for resource f17c3e26-0a83-469f-be13-33b58ec0607f (type: ports) to 1
2026-08-13 09:38:15.869 8 WARNING neutron.scheduler.dhcp_agent_scheduler [None req-df2fb894-d437-489f-b34a-ec714c8a1b12 - - - - - -] No more DHCP agents
2026-08-13 09:38:15.870 8 WARNING neutron.api.rpc.agentnotifiers.dhcp_rpc_agent_api [None req-df2fb894-d437-489f-b34a-ec714c8a1b12 - - - - - -] Unable to schedule network fd62e933-5670-4d63-957a-8bd6e3b2ec76: no agents available; will retry on subsequent port and subnet creation events.
2026-08-13 09:38:15.895 8 INFO neutron.db.ovn_revision_numbers_db [None req-df2fb894-d437-489f-b34a-ec714c8a1b12 - - - - - -] Successfully bumped revision number for resource a5e9470e-b937-453f-9f3b-fd4a6793aef3 (type: subnets) to 0 [pid: 7|app: 0|req: 1302/2452] 10.0.0.80 () {32 vars in 739 bytes} [Thu Aug 13 09:38:15 2026] DELETE /v2.0/security-groups/2bf18cdc-465d-4b66-9f42-d75a5109e2ca => generated 0 bytes in 261 msecs (HTTP/1.1 204) 2 headers in 112 bytes (1 switches on core 0)
2026-08-13 09:38:16.136 7 WARNING neutron.scheduler.dhcp_agent_scheduler [None req-817f8230-4bfe-46c2-be32-791c6d0956e3 4672035eaf9346f0a3b3936b06575c44 8f25fafa483045f08597f554d56a9596 - - default default] No more DHCP agents
