2026-09-07 12:01:19.433 10 INFO neutron.db.ovn_revision_numbers_db [None req-dc87c8fd-a526-43da-a4c3-b2fe3c120efe 742a8ff6746b4774920611347de22b5d c98b7a9d871b4885ac1734b575525dfa - - default default] Successfully bumped revision number for resource 4d703691-76bd-45c3-8623-74cfef89f732 (type: security_group_rules) to 0
2026-09-07 12:01:19.454 10 INFO neutron.wsgi [None req-dc87c8fd-a526-43da-a4c3-b2fe3c120efe 742a8ff6746b4774920611347de22b5d c98b7a9d871b4885ac1734b575525dfa - - default default] 10.0.0.4 "POST /v2.0/security-group-rules HTTP/1.1" status: 201 len: 768 time: 0.1154943
2026-09-07 12:01:19.475 10 INFO neutron.db.securitygroups_db [None req-03128dee-c96c-48ff-814f-2123d97bac0e 742a8ff6746b4774920611347de22b5d c98b7a9d871b4885ac1734b575525dfa - - default default] Project c98b7a9d871b4885ac1734b575525dfa added a security group rule with legacy IPv6 ICMP protocol name icmp, ipv6-icmp should be used instead. It was automatically converted.
2026-09-07 12:01:19.545 10 INFO neutron.db.ovn_revision_numbers_db [None req-03128dee-c96c-48ff-814f-2123d97bac0e 742a8ff6746b4774920611347de22b5d c98b7a9d871b4885ac1734b575525dfa - - default default] Successfully bumped revision number for resource af0eecfa-6ffd-46b2-8285-c99f22f89b1d (type: security_group_rules) to 0
2026-09-07 12:01:19.571 10 INFO neutron.wsgi [None req-03128dee-c96c-48ff-814f-2123d97bac0e 742a8ff6746b4774920611347de22b5d c98b7a9d871b4885ac1734b575525dfa - - default default] 10.0.0.4 "POST /v2.0/security-group-rules HTTP/1.1" status: 201 len: 774 time: 0.1129611
2026-09-07 12:01:19.643 9 INFO neutron.db.securitygroups_db [None req-43ed7e4e-6f35-419f-adef-bc9e5396be46 742a8ff6746b4774920611347de22b5d c98b7a9d871b4885ac1734b575525dfa - - default default] Project c98b7a9d871b4885ac1734b575525dfa added a security group rule with legacy IPv6 ICMP protocol name icmp, ipv6-icmp should be used instead. It was automatically converted.
2026-09-07 12:01:19.791 9 INFO neutron.db.ovn_revision_numbers_db [None req-43ed7e4e-6f35-419f-adef-bc9e5396be46 742a8ff6746b4774920611347de22b5d c98b7a9d871b4885ac1734b575525dfa - - default default] Successfully bumped revision number for resource 69025d6f-4441-41eb-81c2-56d55a4c43bd (type: security_group_rules) to 0
2026-09-07 12:01:19.819 9 INFO neutron.wsgi [None req-43ed7e4e-6f35-419f-adef-bc9e5396be46 742a8ff6746b4774920611347de22b5d c98b7a9d871b4885ac1734b575525dfa - - default default] 10.0.0.4 "POST /v2.0/security-group-rules HTTP/1.1" status: 201 len: 773 time: 0.2324200
2026-09-07 12:01:20.416 10 INFO neutron.db.ovn_revision_numbers_db [None req-fd7755ea-6df6-4b0c-a59a-1448fc803151 742a8ff6746b4774920611347de22b5d c98b7a9d871b4885ac1734b575525dfa - - default default] Successfully bumped revision number for resource 88da4381-275e-4dfa-a0ba-6db46a516f5d (type: security_groups) to 1
2026-09-07 12:01:20.432 10 INFO neutron.db.ovn_revision_numbers_db [None req-fd7755ea-6df6-4b0c-a59a-1448fc803151 742a8ff6746b4774920611347de22b5d c98b7a9d871b4885ac1734b575525dfa - - default default] Successfully bumped revision number for resource 2a3e3277-e44c-4075-a656-2581a0d21c1c (type: security_group_rules) to 0
2026-09-07 12:01:20.448 10 INFO neutron.db.ovn_revision_numbers_db [None req-fd7755ea-6df6-4b0c-a59a-1448fc803151 742a8ff6746b4774920611347de22b5d c98b7a9d871b4885ac1734b575525dfa - - default default] Successfully bumped revision number for resource 6d8ee0a7-3a19-475d-9c82-597d3f2c08bb (type: security_group_rules) to 0
2026-09-07 12:01:20.468 10 INFO neutron.wsgi [None req-fd7755ea-6df6-4b0c-a59a-1448fc803151 742a8ff6746b4774920611347de22b5d c98b7a9d871b4885ac1734b575525dfa - - default default] 10.0.0.4 "POST /v2.0/security-groups HTTP/1.1" status: 201 len: 1796 time: 0.2033246
2026-09-07 12:01:20.572 10 INFO neutron.db.ovn_revision_numbers_db [None req-3a50df95-cb49-407b-8e2f-c3e77cf45a5a 742a8ff6746b4774920611347de22b5d c98b7a9d871b4885ac1734b575525dfa - - default default] Successfully bumped revision number for resource 3f4c01ca-c7ec-4e6d-80f2-bb7c0b8df53f (type: security_group_rules) to 0
2026-09-07 12:01:20.596 10 INFO neutron.wsgi [None req-3a50df95-cb49-407b-8e2f-c3e77cf45a5a 742a8ff6746b4774920611347de22b5d c98b7a9d871b4885ac1734b575525dfa - - default default] 10.0.0.4 "POST /v2.0/security-group-rules HTTP/1.1" status: 201 len: 764 time: 0.1226175
2026-09-07 12:01:20.685 10 INFO neutron.db.ovn_revision_numbers_db [None req-f22ec552-bc3e-4e56-bdca-7350f76a8cbf 742a8ff6746b4774920611347de22b5d c98b7a9d871b4885ac1734b575525dfa - - default default] Successfully bumped revision number for resource ecb4c2e3-464b-4788-a396-c34a4fadd1ed (type: security_group_rules) to 0
2026-09-07 12:01:20.707 10 INFO neutron.wsgi [None req-f22ec552-bc3e-4e56-bdca-7350f76a8cbf 742a8ff6746b4774920611347de22b5d c98b7a9d871b4885ac1734b575525dfa - - default default] 10.0.0.4 "POST /v2.0/security-group-rules HTTP/1.1" status: 201 len: 769 time: 0.1073349
2026-09-07 12:01:20.964 10 WARNING neutron.scheduler.dhcp_agent_scheduler [None req-c86a676c-724d-4f10-b778-723e63483a1a 742a8ff6746b4774920611347de22b5d c98b7a9d871b4885ac1734b575525dfa - - default default] No more DHCP agents
2026-09-07 12:01:20.969 10 WARNING neutron.api.rpc.agentnotifiers.dhcp_rpc_agent_api [None req-c86a676c-724d-4f10-b778-723e63483a1a 742a8ff6746b4774920611347de22b5d c98b7a9d871b4885ac1734b575525dfa - - default default] Unable to schedule network 68a220ec-f1dd-40d1-a667-d525a0334a14: no agents available; will retry on subsequent port and subnet creation events.
2026-09-07 12:01:21.251 10 INFO neutron.db.ovn_revision_numbers_db [None req-c86a676c-724d-4f10-b778-723e63483a1a 742a8ff6746b4774920611347de22b5d c98b7a9d871b4885ac1734b575525dfa - - default default] Successfully bumped revision number for resource e94c0990-96e6-4272-a7a6-c25181307f97 (type: floatingips) to 0
2026-09-07 12:01:21.271 10 INFO neutron.wsgi [None req-c86a676c-724d-4f10-b778-723e63483a1a 742a8ff6746b4774920611347de22b5d c98b7a9d871b4885ac1734b575525dfa - - default default] 10.0.0.4 "POST /v2.0/floatingips HTTP/1.1" status: 201 len: 751 time: 0.5600419
2026-09-07 12:01:21.487 10 INFO neutron.wsgi [req-274b16dd-29e2-4693-bd92-e4270657ef2a req-bb72455f-86a7-4f1d-92d5-306a03883f38 742a8ff6746b4774920611347de22b5d c98b7a9d871b4885ac1734b575525dfa - - default default] 10.0.0.3 "GET /v2.0/security-groups?name=tempest-secgroup-smoke-452892728&fields=id&tenant_id=c98b7a9d871b4885ac1734b575525dfa HTTP/1.1" status: 200 len: 267 time: 0.0809264
2026-09-07 12:01:21.513 10 INFO neutron.db.ovn_revision_numbers_db [None req-f92769e2-5581-4449-9f7c-c092ac87bf96 ff109692b12548119d4f0f0d7d7c4c14 7be2763999da464ca0a963d20dc5d1f4 - - default default] Successfully bumped revision number for resource 60b3d743-be01-40ce-8d32-fbf883f692ba (type: security_groups) to 1
2026-09-07 12:01:21.529 10 INFO neutron.db.ovn_revision_numbers_db [None req-f92769e2-5581-4449-9f7c-c092ac87bf96 ff109692b12548119d4f0f0d7d7c4c14 7be2763999da464ca0a963d20dc5d1f4 - - default default] Successfully bumped revision number for resource 4ce688ca-2e50-4d12-9b3c-3b0c734bf0b0 (type: security_group_rules) to 0
2026-09-07 12:01:21.540 10 INFO neutron.wsgi [req-274b16dd-29e2-4693-bd92-e4270657ef2a req-949e7c86-62a8-4709-b97b-bb296bf55342 742a8ff6746b4774920611347de22b5d c98b7a9d871b4885ac1734b575525dfa - - default default] 10.0.0.3 "GET /v2.0/security-groups?name=tempest-securitygroup--1165079901&fields=id&tenant_id=c98b7a9d871b4885ac1734b575525dfa HTTP/1.1" status: 200 len: 267 time: 0.0430505
2026-09-07 12:01:21.546 10 INFO neutron.db.ovn_revision_numbers_db [None req-f92769e2-5581-4449-9f7c-c092ac87bf96 ff109692b12548119d4f0f0d7d7c4c14 7be2763999da464ca0a963d20dc5d1f4 - - default default] Successfully bumped revision number for resource 58b9f20d-36dc-4bad-8d83-f990c6ea55a2 (type: security_group_rules) to 0
2026-09-07 12:01:21.592 10 INFO neutron.db.ovn_revision_numbers_db [None req-f92769e2-5581-4449-9f7c-c092ac87bf96 ff109692b12548119d4f0f0d7d7c4c14 7be2763999da464ca0a963d20dc5d1f4 - - default default] Successfully bumped revision number for resource 9613ed1a-695f-4b13-8f7d-9736fb1d699a (type: security_group_rules) to 0
2026-09-07 12:01:21.629 10 INFO neutron.db.ovn_revision_numbers_db [None req-f92769e2-5581-4449-9f7c-c092ac87bf96 ff109692b12548119d4f0f0d7d7c4c14 7be2763999da464ca0a963d20dc5d1f4 - - default default] Successfully bumped revision number for resource 9d8006d4-c291-4ce8-a31b-e0dca8f34904 (type: security_group_rules) to 0
2026-09-07 12:01:21.656 10 INFO neutron.wsgi [req-274b16dd-29e2-4693-bd92-e4270657ef2a req-cd82c037-2dab-4b9e-b0f9-fcdcb4315100 742a8ff6746b4774920611347de22b5d c98b7a9d871b4885ac1734b575525dfa - - default default] 10.0.0.3 "GET /v2.0/networks?id=252297b1-a7be-401c-a7ed-7d6c25989acb HTTP/1.1" status: 200 len: 872 time: 0.1037574
2026-09-07 12:01:21.673 10 INFO neutron.wsgi [req-274b16dd-29e2-4693-bd92-e4270657ef2a req-0d7b557f-1dc0-4470-b966-e015418bc2a3 742a8ff6746b4774920611347de22b5d c98b7a9d871b4885ac1734b575525dfa - - default default] 10.0.0.3 "GET /v2.0/quotas/c98b7a9d871b4885ac1734b575525dfa HTTP/1.1" status: 200 len: 386 time: 0.0092945
2026-09-07 12:01:21.707 10 INFO neutron.db.segments_db [None req-f92769e2-5581-4449-9f7c-c092ac87bf96 ff109692b12548119d4f0f0d7d7c4c14 7be2763999da464ca0a963d20dc5d1f4 - - default default] Added segment d34a6f2d-4ee7-47ce-bd4a-babdf2942721 of type geneve for network 12b0aefb-fb71-4cd1-8010-70c7b4b17d5e
2026-09-07 12:01:21.788 10 INFO neutron.wsgi [req-274b16dd-29e2-4693-bd92-e4270657ef2a req-8116fd5a-7eb2-4040-a0df-fead13b97a07 742a8ff6746b4774920611347de22b5d c98b7a9d871b4885ac1734b575525dfa - - default default] 10.0.0.3 "GET /v2.0/ports?tenant_id=c98b7a9d871b4885ac1734b575525dfa&fields=id HTTP/1.1" status: 200 len: 302 time: 0.1075623
2026-09-07 12:01:21.925 10 INFO neutron.wsgi [req-274b16dd-29e2-4693-bd92-e4270657ef2a req-0a91ebc1-847d-4051-8dac-e1293fc4c33d 065a36f478c646509e7132d3a6cd62fb 9051cb71494a410fadc3d044b7eadea1 - - 2d723aedf69642c598baeaf57406f927 2d723aedf69642c598baeaf57406f927] 10.0.0.3 "GET /v2.0/networks/252297b1-a7be-401c-a7ed-7d6c25989acb?fields=segments HTTP/1.1" status: 200 len: 212 time: 0.1179574
2026-09-07 12:01:21.926 10 INFO neutron.db.ovn_revision_numbers_db [None req-f92769e2-5581-4449-9f7c-c092ac87bf96 ff109692b12548119d4f0f0d7d7c4c14 7be2763999da464ca0a963d20dc5d1f4 - - default default] Successfully bumped revision number for resource 12b0aefb-fb71-4cd1-8010-70c7b4b17d5e (type: networks) to 1
2026-09-07 12:01:22.029 10 INFO neutron.wsgi [req-274b16dd-29e2-4693-bd92-e4270657ef2a req-fd2518cc-0c16-4462-9825-fb0b28f86e8a 065a36f478c646509e7132d3a6cd62fb 9051cb71494a410fadc3d044b7eadea1 - - 2d723aedf69642c598baeaf57406f927 2d723aedf69642c598baeaf57406f927] 10.0.0.3 "GET /v2.0/networks/252297b1-a7be-401c-a7ed-7d6c25989acb?fields=provider%3Aphysical_network&fields=provider%3Anetwork_type HTTP/1.1" status: 200 len: 277 time: 0.0893366
2026-09-07 12:01:22.150 10 WARNING neutron.scheduler.dhcp_agent_scheduler [None req-f92769e2-5581-4449-9f7c-c092ac87bf96 ff109692b12548119d4f0f0d7d7c4c14 7be2763999da464ca0a963d20dc5d1f4 - - default default] No more DHCP agents
2026-09-07 12:01:22.153 10 WARNING neutron.api.rpc.agentnotifiers.dhcp_rpc_agent_api [None req-f92769e2-5581-4449-9f7c-c092ac87bf96 ff109692b12548119d4f0f0d7d7c4c14 7be2763999da464ca0a963d20dc5d1f4 - - default default] Unable to schedule network 12b0aefb-fb71-4cd1-8010-70c7b4b17d5e: no agents available; will retry on subsequent port and subnet creation events.
2026-09-07 12:01:22.223 10 INFO neutron.wsgi [req-1cf8b3c3-9649-4226-9e4d-7814640eb151 req-6d881328-ca69-4560-adcd-ee54e5a99b8b 742a8ff6746b4774920611347de22b5d c98b7a9d871b4885ac1734b575525dfa - - default default] 10.0.0.3 "GET /v2.0/ports?device_id=043f3fea-d29f-49b5-a3bb-971294ca1b8b HTTP/1.1" status: 200 len: 210 time: 0.0255306
2026-09-07 12:01:22.245 10 INFO neutron.db.ovn_revision_numbers_db [None req-f92769e2-5581-4449-9f7c-c092ac87bf96 ff109692b12548119d4f0f0d7d7c4c14 7be2763999da464ca0a963d20dc5d1f4 - - default default] Successfully bumped revision number for resource 63b56c05-c4d2-4f3c-bf9e-46c3e1d12875 (type: ports) to 1
2026-09-07 12:01:22.273 10 INFO neutron.wsgi [None req-f92769e2-5581-4449-9f7c-c092ac87bf96 ff109692b12548119d4f0f0d7d7c4c14 7be2763999da464ca0a963d20dc5d1f4 - - default default] 10.0.0.4 "POST /v2.0/networks HTTP/1.1" status: 201 len: 831 time: 1.1821356
2026-09-07 12:01:22.760 10 WARNING neutron.scheduler.dhcp_agent_scheduler [None req-fd361d4a-4180-462a-993f-e1e4562f8242 ff109692b12548119d4f0f0d7d7c4c14 7be2763999da464ca0a963d20dc5d1f4 - - default default] No more DHCP agents
2026-09-07 12:01:22.763 10 WARNING neutron.api.rpc.agentnotifiers.dhcp_rpc_agent_api [None req-fd361d4a-4180-462a-993f-e1e4562f8242 ff109692b12548119d4f0f0d7d7c4c14 7be2763999da464ca0a963d20dc5d1f4 - - default default] Unable to schedule network 12b0aefb-fb71-4cd1-8010-70c7b4b17d5e: no agents available; will retry on subsequent port and subnet creation events.
2026-09-07 12:01:23.032 9 INFO neutron.wsgi [req-274b16dd-29e2-4693-bd92-e4270657ef2a req-90e6454b-bc4d-4aa0-803e-9d6296f03e8d 742a8ff6746b4774920611347de22b5d c98b7a9d871b4885ac1734b575525dfa - - default default] 162.253.55.243 "GET /v2.0/networks?id=252297b1-a7be-401c-a7ed-7d6c25989acb HTTP/1.1" status: 200 len: 872 time: 0.0832503
2026-09-07 12:01:23.090 9 INFO neutron.wsgi [req-274b16dd-29e2-4693-bd92-e4270657ef2a req-f9cc1ad7-4fa5-47a0-bcf1-7dcdd62b0494 742a8ff6746b4774920611347de22b5d c98b7a9d871b4885ac1734b575525dfa - - default default] 162.253.55.243 "GET /v2.0/security-groups?fields=id&fields=name&tenant_id=c98b7a9d871b4885ac1734b575525dfa HTTP/1.1" status: 200 len: 472 time: 0.0531631
2026-09-07 12:01:23.253 10 INFO neutron.db.ovn_revision_numbers_db [None req-fd361d4a-4180-462a-993f-e1e4562f8242 ff109692b12548119d4f0f0d7d7c4c14 7be2763999da464ca0a963d20dc5d1f4 - - default default] Successfully bumped revision number for resource 63b56c05-c4d2-4f3c-bf9e-46c3e1d12875 (type: ports) to 2
2026-09-07 12:01:23.310 10 INFO neutron.db.ovn_revision_numbers_db [None req-fd361d4a-4180-462a-993f-e1e4562f8242 ff109692b12548119d4f0f0d7d7c4c14 7be2763999da464ca0a963d20dc5d1f4 - - default default] Successfully bumped revision number for resource 75910da6-17b8-4e99-8367-c083ba9aca6f (type: subnets) to 0
2026-09-07 12:01:23.345 10 INFO neutron.wsgi [None req-fd361d4a-4180-462a-993f-e1e4562f8242 ff109692b12548119d4f0f0d7d7c4c14 7be2763999da464ca0a963d20dc5d1f4 - - default default] 10.0.0.4 "POST /v2.0/subnets HTTP/1.1" status: 201 len: 801 time: 1.0653381
2026-09-07 12:01:23.347 10 INFO neutron.wsgi [req-adf07d15-6735-49f4-9c0c-765474d86534 req-2c2ead07-08b5-4428-bda6-60044af197d8 742a8ff6746b4774920611347de22b5d c98b7a9d871b4885ac1734b575525dfa - - default default] 10.0.0.3 "GET /v2.0/ports?device_id=043f3fea-d29f-49b5-a3bb-971294ca1b8b HTTP/1.1" status: 200 len: 210 time: 0.0266633
2026-09-07 12:01:23.444 10 INFO neutron.db.segments_db [None req-3a1639fa-b72b-4239-896b-9a0cd81481ea ff109692b12548119d4f0f0d7d7c4c14 7be2763999da464ca0a963d20dc5d1f4 - - default default] Added segment 91ab77d7-21a3-410c-ac49-dbec0fc93f09 of type geneve for network 4fd89397-adac-469c-9447-567b489186d7
2026-09-07 12:01:23.499 9 WARNING neutron.scheduler.dhcp_agent_scheduler [req-274b16dd-29e2-4693-bd92-e4270657ef2a req-f47ec097-5830-43a8-99bb-089612a16fb4 742a8ff6746b4774920611347de22b5d c98b7a9d871b4885ac1734b575525dfa - - default default] No more DHCP agents
2026-09-07 12:01:23.500 9 WARNING neutron.api.rpc.agentnotifiers.dhcp_rpc_agent_api [req-274b16dd-29e2-4693-bd92-e4270657ef2a req-f47ec097-5830-43a8-99bb-089612a16fb4 742a8ff6746b4774920611347de22b5d c98b7a9d871b4885ac1734b575525dfa - - default default] Unable to schedule network 252297b1-a7be-401c-a7ed-7d6c25989acb: no agents available; will retry on subsequent port and subnet creation events.
2026-09-07 12:01:23.586 10 INFO neutron.db.ovn_revision_numbers_db [None req-3a1639fa-b72b-4239-896b-9a0cd81481ea ff109692b12548119d4f0f0d7d7c4c14 7be2763999da464ca0a963d20dc5d1f4 - - default default] Successfully bumped revision number for resource 4fd89397-adac-469c-9447-567b489186d7 (type: networks) to 1
2026-09-07 12:01:23.684 9 INFO neutron.db.ovn_revision_numbers_db [req-274b16dd-29e2-4693-bd92-e4270657ef2a req-f47ec097-5830-43a8-99bb-089612a16fb4 742a8ff6746b4774920611347de22b5d c98b7a9d871b4885ac1734b575525dfa - - default default] Successfully bumped revision number for resource ff552764-3bd5-4b08-ad02-e763e86ade51 (type: ports) to 1
2026-09-07 12:01:23.709 9 INFO neutron.wsgi [req-274b16dd-29e2-4693-bd92-e4270657ef2a req-f47ec097-5830-43a8-99bb-089612a16fb4 742a8ff6746b4774920611347de22b5d c98b7a9d871b4885ac1734b575525dfa - - default default] 162.253.55.243 "POST /v2.0/ports HTTP/1.1" status: 201 len: 1201 time: 0.6107395 /var/lib/openstack/lib/python3.10/site-packages/pycadf/identifier.py:71: UserWarning: Invalid uuid: neutron. To ensure interoperability, identifiers should be a valid uuid. warnings.warn(('Invalid uuid: %s. To ensure interoperability, '
2026-09-07 12:01:23.728 10 WARNING neutron.scheduler.dhcp_agent_scheduler [None req-3a1639fa-b72b-4239-896b-9a0cd81481ea ff109692b12548119d4f0f0d7d7c4c14 7be2763999da464ca0a963d20dc5d1f4 - - default default] No more DHCP agents
2026-09-07 12:01:23.730 10 WARNING neutron.api.rpc.agentnotifiers.dhcp_rpc_agent_api [None req-3a1639fa-b72b-4239-896b-9a0cd81481ea ff109692b12548119d4f0f0d7d7c4c14 7be2763999da464ca0a963d20dc5d1f4 - - default default] Unable to schedule network 4fd89397-adac-469c-9447-567b489186d7: no agents available; will retry on subsequent port and subnet creation events.
2026-09-07 12:01:23.791 10 INFO neutron.db.ovn_revision_numbers_db [None req-3a1639fa-b72b-4239-896b-9a0cd81481ea ff109692b12548119d4f0f0d7d7c4c14 7be2763999da464ca0a963d20dc5d1f4 - - default default] Successfully bumped revision number for resource 10170049-74ba-4c77-8a24-0e7407882442 (type: ports) to 1
2026-09-07 12:01:23.808 10 INFO neutron.wsgi [None req-3a1639fa-b72b-4239-896b-9a0cd81481ea ff109692b12548119d4f0f0d7d7c4c14 7be2763999da464ca0a963d20dc5d1f4 - - default default] 10.0.0.4 "POST /v2.0/networks HTTP/1.1" status: 201 len: 830 time: 0.4579554
2026-09-07 12:01:23.954 10 WARNING neutron.plugins.ml2.drivers.ovn.mech_driver.ovsdb.ovn_client [None req-4fbe34ef-2715-4231-9375-54f66b6e7902 - - - - - -] No hosting information found for port 6ec1fe5d-2bd7-45b4-af15-e8a9812408f5: RuntimeError: No hosting information found for port 6ec1fe5d-2bd7-45b4-af15-e8a9812408f5
2026-09-07 12:01:23.985 9 INFO neutron.wsgi [-] 10.0.0.136 "GET / HTTP/1.1" status: 200 len: 247 time: 0.0011487
2026-09-07 12:01:23.986 10 INFO neutron.wsgi [-] 10.0.0.136 "GET / HTTP/1.1" status: 200 len: 247 time: 0.0012174
2026-09-07 12:01:24.057 10 WARNING neutron.scheduler.dhcp_agent_scheduler [None req-eca625ff-2923-439d-974c-4cd938282fea ff109692b12548119d4f0f0d7d7c4c14 7be2763999da464ca0a963d20dc5d1f4 - - default default] No more DHCP agents
2026-09-07 12:01:24.060 10 WARNING neutron.api.rpc.agentnotifiers.dhcp_rpc_agent_api [None req-eca625ff-2923-439d-974c-4cd938282fea ff109692b12548119d4f0f0d7d7c4c14 7be2763999da464ca0a963d20dc5d1f4 - - default default] Unable to schedule network 4fd89397-adac-469c-9447-567b489186d7: no agents available; will retry on subsequent port and subnet creation events.
2026-09-07 12:01:24.105 9 INFO neutron.db.ovn_revision_numbers_db [req-274b16dd-29e2-4693-bd92-e4270657ef2a req-1c846f79-1994-438e-9d14-6df24f21138b 065a36f478c646509e7132d3a6cd62fb 9051cb71494a410fadc3d044b7eadea1 - - 2d723aedf69642c598baeaf57406f927 2d723aedf69642c598baeaf57406f927] Successfully bumped revision number for resource ff552764-3bd5-4b08-ad02-e763e86ade51 (type: ports) to 2
2026-09-07 12:01:24.279 9 INFO neutron.db.ovn_revision_numbers_db [req-274b16dd-29e2-4693-bd92-e4270657ef2a req-1c846f79-1994-438e-9d14-6df24f21138b 065a36f478c646509e7132d3a6cd62fb 9051cb71494a410fadc3d044b7eadea1 - - 2d723aedf69642c598baeaf57406f927 2d723aedf69642c598baeaf57406f927] Successfully bumped revision number for resource ff552764-3bd5-4b08-ad02-e763e86ade51 (type: ports) to 2
2026-09-07 12:01:24.292 9 INFO neutron.wsgi [req-274b16dd-29e2-4693-bd92-e4270657ef2a req-1c846f79-1994-438e-9d14-6df24f21138b 065a36f478c646509e7132d3a6cd62fb 9051cb71494a410fadc3d044b7eadea1 - - 2d723aedf69642c598baeaf57406f927 2d723aedf69642c598baeaf57406f927] 162.253.55.243 "PUT /v2.0/ports/ff552764-3bd5-4b08-ad02-e763e86ade51 HTTP/1.1" status: 200 len: 1419 time: 0.5745616 /var/lib/openstack/lib/python3.10/site-packages/pycadf/identifier.py:71: UserWarning: Invalid uuid: neutron. To ensure interoperability, identifiers should be a valid uuid. warnings.warn(('Invalid uuid: %s. To ensure interoperability, '
2026-09-07 12:01:24.349 9 INFO neutron.notifiers.nova [-] Nova event matching ['req-b3494aec-3652-4a81-b11d-8f21dd362731'] response: {'name': 'network-changed', 'server_uuid': '043f3fea-d29f-49b5-a3bb-971294ca1b8b', 'tag': 'ff552764-3bd5-4b08-ad02-e763e86ade51', 'status': 'completed', 'code': 200}
2026-09-07 12:01:24.363 9 INFO neutron.wsgi [req-274b16dd-29e2-4693-bd92-e4270657ef2a req-fcca1584-3cb2-41be-8915-4de49f51400a 065a36f478c646509e7132d3a6cd62fb 9051cb71494a410fadc3d044b7eadea1 - - 2d723aedf69642c598baeaf57406f927 2d723aedf69642c598baeaf57406f927] 162.253.55.243 "GET /v2.0/ports?tenant_id=c98b7a9d871b4885ac1734b575525dfa&device_id=043f3fea-d29f-49b5-a3bb-971294ca1b8b HTTP/1.1" status: 200 len: 1450 time: 0.0313158
2026-09-07 12:01:24.392 9 INFO neutron.wsgi [req-274b16dd-29e2-4693-bd92-e4270657ef2a req-82ff372c-1b85-493d-9677-2689a5b76464 065a36f478c646509e7132d3a6cd62fb 9051cb71494a410fadc3d044b7eadea1 - - 2d723aedf69642c598baeaf57406f927 2d723aedf69642c598baeaf57406f927] 162.253.55.243 "GET /v2.0/floatingips?fixed_ip_address=10.100.0.12&port_id=ff552764-3bd5-4b08-ad02-e763e86ade51 HTTP/1.1" status: 200 len: 217 time: 0.0209620
2026-09-07 12:01:24.426 9 INFO neutron.wsgi [req-274b16dd-29e2-4693-bd92-e4270657ef2a req-1d3add76-3b85-4251-8097-13b01ed6594d 065a36f478c646509e7132d3a6cd62fb 9051cb71494a410fadc3d044b7eadea1 - - 2d723aedf69642c598baeaf57406f927 2d723aedf69642c598baeaf57406f927] 162.253.55.243 "GET /v2.0/subnets?id=b53a06fd-205c-426b-99a3-cc62ea42c9fa HTTP/1.1" status: 200 len: 866 time: 0.0263400
2026-09-07 12:01:24.447 9 INFO neutron.wsgi [req-274b16dd-29e2-4693-bd92-e4270657ef2a req-5b61c0f4-e5b4-41d4-aee3-494c43d6ce71 065a36f478c646509e7132d3a6cd62fb 9051cb71494a410fadc3d044b7eadea1 - - 2d723aedf69642c598baeaf57406f927 2d723aedf69642c598baeaf57406f927] 162.253.55.243 "GET /v2.0/ports?network_id=252297b1-a7be-401c-a7ed-7d6c25989acb&device_owner=network%3Adhcp HTTP/1.1" status: 200 len: 210 time: 0.0146677
2026-09-07 12:01:24.498 10 INFO neutron.wsgi [req-da4ca101-59b8-4325-a47b-033e509919fe req-83b4b3b2-96ab-40d2-bbba-91367a3d89bf 742a8ff6746b4774920611347de22b5d c98b7a9d871b4885ac1734b575525dfa - - default default] 10.0.0.3 "GET /v2.0/ports?device_id=043f3fea-d29f-49b5-a3bb-971294ca1b8b HTTP/1.1" status: 200 len: 1212 time: 0.0512500
2026-09-07 12:01:24.498 10 INFO neutron.db.ovn_revision_numbers_db [None req-eca625ff-2923-439d-974c-4cd938282fea ff109692b12548119d4f0f0d7d7c4c14 7be2763999da464ca0a963d20dc5d1f4 - - default default] Successfully bumped revision number for resource 10170049-74ba-4c77-8a24-0e7407882442 (type: ports) to 2
2026-09-07 12:01:24.502 9 INFO neutron.wsgi [req-274b16dd-29e2-4693-bd92-e4270657ef2a req-96572d14-79f7-442e-8186-ee59761e1089 065a36f478c646509e7132d3a6cd62fb 9051cb71494a410fadc3d044b7eadea1 - - 2d723aedf69642c598baeaf57406f927 2d723aedf69642c598baeaf57406f927] 162.253.55.243 "GET /v2.0/networks/252297b1-a7be-401c-a7ed-7d6c25989acb?fields=segments HTTP/1.1" status: 200 len: 212 time: 0.0499954
2026-09-07 12:01:24.545 10 INFO neutron.db.ovn_revision_numbers_db [None req-eca625ff-2923-439d-974c-4cd938282fea ff109692b12548119d4f0f0d7d7c4c14 7be2763999da464ca0a963d20dc5d1f4 - - default default] Successfully bumped revision number for resource 7de84163-a810-4f0e-b88f-6bf67b3b95d5 (type: subnets) to 0
2026-09-07 12:01:24.556 10 INFO neutron.wsgi [req-da4ca101-59b8-4325-a47b-033e509919fe req-ed2904b6-a085-43c2-b89a-be7aad51ebff 742a8ff6746b4774920611347de22b5d c98b7a9d871b4885ac1734b575525dfa - - default default] 10.0.0.3 "GET /v2.0/security-groups?id=88da4381-275e-4dfa-a0ba-6db46a516f5d&id=a30ec407-9938-4850-bc42-35fc9754cf80&fields=id&fields=name HTTP/1.1" status: 200 len: 405 time: 0.0508072
2026-09-07 12:01:24.557 9 INFO neutron.wsgi [req-274b16dd-29e2-4693-bd92-e4270657ef2a req-3dc433f2-d5fe-424f-aa2d-0aa11aa41e67 065a36f478c646509e7132d3a6cd62fb 9051cb71494a410fadc3d044b7eadea1 - - 2d723aedf69642c598baeaf57406f927 2d723aedf69642c598baeaf57406f927] 162.253.55.243 "GET /v2.0/networks/252297b1-a7be-401c-a7ed-7d6c25989acb?fields=provider%3Aphysical_network&fields=provider%3Anetwork_type HTTP/1.1" status: 200 len: 277 time: 0.0484879
2026-09-07 12:01:24.561 10 INFO neutron.wsgi [None req-eca625ff-2923-439d-974c-4cd938282fea ff109692b12548119d4f0f0d7d7c4c14 7be2763999da464ca0a963d20dc5d1f4 - - default default] 10.0.0.4 "POST /v2.0/subnets HTTP/1.1" status: 201 len: 804 time: 0.7471731
2026-09-07 12:01:24.648 9 INFO neutron.wsgi [req-41a697e8-8257-4228-be59-46d2cea2945c req-af22ad5c-7c0d-4ac5-a6db-178498110868 065a36f478c646509e7132d3a6cd62fb 9051cb71494a410fadc3d044b7eadea1 - - 2d723aedf69642c598baeaf57406f927 2d723aedf69642c598baeaf57406f927] 162.253.55.243 "GET /v2.0/ports?tenant_id=c98b7a9d871b4885ac1734b575525dfa&device_id=043f3fea-d29f-49b5-a3bb-971294ca1b8b HTTP/1.1" status: 200 len: 1450 time: 0.0432384
2026-09-07 12:01:24.660 10 INFO neutron.db.segments_db [None req-1e8a3380-4123-4f6c-ae42-616dbe0f3087 ff109692b12548119d4f0f0d7d7c4c14 7be2763999da464ca0a963d20dc5d1f4 - - default default] Added segment 690d2d8b-9c67-4d9a-9420-bd599278be8e of type geneve for network 190d8695-69e0-4141-8644-30f7061384fc
2026-09-07 12:01:24.730 9 INFO neutron.wsgi [req-41a697e8-8257-4228-be59-46d2cea2945c req-5f28b69e-0066-4edb-9e7b-acf3b4032e8e 065a36f478c646509e7132d3a6cd62fb 9051cb71494a410fadc3d044b7eadea1 - - 2d723aedf69642c598baeaf57406f927 2d723aedf69642c598baeaf57406f927] 162.253.55.243 "GET /v2.0/networks?id=252297b1-a7be-401c-a7ed-7d6c25989acb HTTP/1.1" status: 200 len: 971 time: 0.0715430
2026-09-07 12:01:24.767 9 INFO neutron.wsgi [req-41a697e8-8257-4228-be59-46d2cea2945c req-24633334-5709-4849-97cb-e3d600db9f65 065a36f478c646509e7132d3a6cd62fb 9051cb71494a410fadc3d044b7eadea1 - - 2d723aedf69642c598baeaf57406f927 2d723aedf69642c598baeaf57406f927] 162.253.55.243 "GET /v2.0/floatingips?fixed_ip_address=10.100.0.12&port_id=ff552764-3bd5-4b08-ad02-e763e86ade51 HTTP/1.1" status: 200 len: 217 time: 0.0297437
2026-09-07 12:01:24.773 9 INFO neutron.wsgi [req-62c50a93-e4a3-49b3-ae9e-619df4e10542 req-089174ee-d5b9-4b23-83ef-b9c86f368043 065a36f478c646509e7132d3a6cd62fb 9051cb71494a410fadc3d044b7eadea1 - - 2d723aedf69642c598baeaf57406f927 2d723aedf69642c598baeaf57406f927] 162.253.55.243 "GET /v2.0/ports?device_id=043f3fea-d29f-49b5-a3bb-971294ca1b8b HTTP/1.1" status: 200 len: 1450 time: 0.0377872
2026-09-07 12:01:24.798 10 INFO neutron.db.ovn_revision_numbers_db [None req-1e8a3380-4123-4f6c-ae42-616dbe0f3087 ff109692b12548119d4f0f0d7d7c4c14 7be2763999da464ca0a963d20dc5d1f4 - - default default] Successfully bumped revision number for resource 190d8695-69e0-4141-8644-30f7061384fc (type: networks) to 1
2026-09-07 12:01:24.830 9 INFO neutron.wsgi [req-41a697e8-8257-4228-be59-46d2cea2945c req-7f184021-644d-4aba-9611-f4db4a6d1100 065a36f478c646509e7132d3a6cd62fb 9051cb71494a410fadc3d044b7eadea1 - - 2d723aedf69642c598baeaf57406f927 2d723aedf69642c598baeaf57406f927] 162.253.55.243 "GET /v2.0/subnets?id=b53a06fd-205c-426b-99a3-cc62ea42c9fa HTTP/1.1" status: 200 len: 866 time: 0.0481913
2026-09-07 12:01:24.859 9 INFO neutron.wsgi [req-62c50a93-e4a3-49b3-ae9e-619df4e10542 req-c5fa35a9-425d-41c1-9a31-50a29b08826c 065a36f478c646509e7132d3a6cd62fb 9051cb71494a410fadc3d044b7eadea1 - - 2d723aedf69642c598baeaf57406f927 2d723aedf69642c598baeaf57406f927] 162.253.55.243 "GET /v2.0/security-groups?id=88da4381-275e-4dfa-a0ba-6db46a516f5d&id=a30ec407-9938-4850-bc42-35fc9754cf80&fields=id&fields=name HTTP/1.1" status: 200 len: 405 time: 0.0773900
2026-09-07 12:01:24.870 9 INFO neutron.wsgi [req-41a697e8-8257-4228-be59-46d2cea2945c req-d4449a5d-8aec-4f9d-8428-745cd25f1200 065a36f478c646509e7132d3a6cd62fb 9051cb71494a410fadc3d044b7eadea1 - - 2d723aedf69642c598baeaf57406f927 2d723aedf69642c598baeaf57406f927] 162.253.55.243 "GET /v2.0/ports?network_id=252297b1-a7be-401c-a7ed-7d6c25989acb&device_owner=network%3Adhcp HTTP/1.1" status: 200 len: 210 time: 0.0280290
2026-09-07 12:01:24.968 10 WARNING neutron.scheduler.dhcp_agent_scheduler [None req-1e8a3380-4123-4f6c-ae42-616dbe0f3087 ff109692b12548119d4f0f0d7d7c4c14 7be2763999da464ca0a963d20dc5d1f4 - - default default] No more DHCP agents
2026-09-07 12:01:24.973 10 WARNING neutron.api.rpc.agentnotifiers.dhcp_rpc_agent_api [None req-1e8a3380-4123-4f6c-ae42-616dbe0f3087 ff109692b12548119d4f0f0d7d7c4c14 7be2763999da464ca0a963d20dc5d1f4 - - default default] Unable to schedule network 190d8695-69e0-4141-8644-30f7061384fc: no agents available; will retry on subsequent port and subnet creation events.
2026-09-07 12:01:24.979 9 INFO neutron.plugins.ml2.drivers.ovn.mech_driver.mech_driver [None req-bee1148f-0aab-47b4-b6da-bb3a311d9ca2 - - - - - -] OVN reports status up for port: ff552764-3bd5-4b08-ad02-e763e86ade51
2026-09-07 12:01:24.993 9 INFO neutron.wsgi [req-41a697e8-8257-4228-be59-46d2cea2945c req-2e2aa0ea-7cfd-49fa-813c-7a7485732c00 065a36f478c646509e7132d3a6cd62fb 9051cb71494a410fadc3d044b7eadea1 - - 2d723aedf69642c598baeaf57406f927 2d723aedf69642c598baeaf57406f927] 162.253.55.243 "GET /v2.0/networks/252297b1-a7be-401c-a7ed-7d6c25989acb?fields=segments HTTP/1.1" status: 200 len: 212 time: 0.0935328
2026-09-07 12:01:25.018 9 INFO neutron.plugins.ml2.plugin [None req-bee1148f-0aab-47b4-b6da-bb3a311d9ca2 - - - - - -] Attempt 1 to provision port ff552764-3bd5-4b08-ad02-e763e86ade51
2026-09-07 12:01:25.105 9 INFO neutron.wsgi [req-41a697e8-8257-4228-be59-46d2cea2945c req-cd3ae93c-dab6-4a93-92b3-3e29e921de2a 065a36f478c646509e7132d3a6cd62fb 9051cb71494a410fadc3d044b7eadea1 - - 2d723aedf69642c598baeaf57406f927 2d723aedf69642c598baeaf57406f927] 162.253.55.243 "GET /v2.0/networks/252297b1-a7be-401c-a7ed-7d6c25989acb?fields=provider%3Aphysical_network&fields=provider%3Anetwork_type HTTP/1.1" status: 200 len: 277 time: 0.1073649
2026-09-07 12:01:25.110 10 INFO neutron.db.ovn_revision_numbers_db [None req-1e8a3380-4123-4f6c-ae42-616dbe0f3087 ff109692b12548119d4f0f0d7d7c4c14 7be2763999da464ca0a963d20dc5d1f4 - - default default] Successfully bumped revision number for resource 2bb57c7b-8e64-4f39-8a46-db23f2405797 (type: ports) to 1
2026-09-07 12:01:25.138 10 INFO neutron.wsgi [None req-1e8a3380-4123-4f6c-ae42-616dbe0f3087 ff109692b12548119d4f0f0d7d7c4c14 7be2763999da464ca0a963d20dc5d1f4 - - default default] 10.0.0.4 "POST /v2.0/networks HTTP/1.1" status: 201 len: 830 time: 0.5735476
2026-09-07 12:01:25.346 9 INFO neutron.db.ovn_revision_numbers_db [None req-bee1148f-0aab-47b4-b6da-bb3a311d9ca2 - - - - - -] Successfully bumped revision number for resource ff552764-3bd5-4b08-ad02-e763e86ade51 (type: ports) to 4
2026-09-07 12:01:25.427 10 WARNING neutron.scheduler.dhcp_agent_scheduler [None req-f13d6518-14c1-4bf0-b493-aa0de762a35a ff109692b12548119d4f0f0d7d7c4c14 7be2763999da464ca0a963d20dc5d1f4 - - default default] No more DHCP agents
2026-09-07 12:01:25.429 10 WARNING neutron.api.rpc.agentnotifiers.dhcp_rpc_agent_api [None req-f13d6518-14c1-4bf0-b493-aa0de762a35a ff109692b12548119d4f0f0d7d7c4c14 7be2763999da464ca0a963d20dc5d1f4 - - default default] Unable to schedule network 190d8695-69e0-4141-8644-30f7061384fc: no agents available; will retry on subsequent port and subnet creation events.
2026-09-07 12:01:25.691 10 INFO neutron.wsgi [req-3b24a786-68b0-44b3-aecc-6e29d6614492 req-ebe1c449-8872-4c9e-bb39-5fc548c78668 742a8ff6746b4774920611347de22b5d c98b7a9d871b4885ac1734b575525dfa - - default default] 10.0.0.3 "GET /v2.0/ports?device_id=043f3fea-d29f-49b5-a3bb-971294ca1b8b HTTP/1.1" status: 200 len: 1214 time: 0.0426424
2026-09-07 12:01:25.753 10 INFO neutron.wsgi [req-3b24a786-68b0-44b3-aecc-6e29d6614492 req-f6b18646-0ba0-437a-84a5-f5a6998e2883 742a8ff6746b4774920611347de22b5d c98b7a9d871b4885ac1734b575525dfa - - default default] 10.0.0.3 "GET /v2.0/security-groups?id=88da4381-275e-4dfa-a0ba-6db46a516f5d&id=a30ec407-9938-4850-bc42-35fc9754cf80&fields=id&fields=name HTTP/1.1" status: 200 len: 405 time: 0.0546644
2026-09-07 12:01:25.910 10 INFO neutron.db.ovn_revision_numbers_db [None req-f13d6518-14c1-4bf0-b493-aa0de762a35a ff109692b12548119d4f0f0d7d7c4c14 7be2763999da464ca0a963d20dc5d1f4 - - default default] Successfully bumped revision number for resource 2bb57c7b-8e64-4f39-8a46-db23f2405797 (type: ports) to 2
2026-09-07 12:01:25.975 10 INFO neutron.db.ovn_revision_numbers_db [None req-f13d6518-14c1-4bf0-b493-aa0de762a35a ff109692b12548119d4f0f0d7d7c4c14 7be2763999da464ca0a963d20dc5d1f4 - - default default] Successfully bumped revision number for resource db1d88d4-7735-45e9-a0f0-8a78e1a56d79 (type: subnets) to 0
2026-09-07 12:01:26.000 10 INFO neutron.wsgi [None req-f13d6518-14c1-4bf0-b493-aa0de762a35a ff109692b12548119d4f0f0d7d7c4c14 7be2763999da464ca0a963d20dc5d1f4 - - default default] 10.0.0.4 "POST /v2.0/subnets HTTP/1.1" status: 201 len: 804 time: 0.8490703
2026-09-07 12:01:26.124 10 INFO neutron.db.segments_db [None req-065a2a1d-3d23-45b9-8046-826f7592000f ff109692b12548119d4f0f0d7d7c4c14 7be2763999da464ca0a963d20dc5d1f4 - - default default] Added segment a34e11d9-6aec-4898-9730-d2c2dbcae48e of type geneve for network 7916faf7-65da-4823-8ce5-cb2c152fd805
2026-09-07 12:01:26.361 10 INFO neutron.db.ovn_revision_numbers_db [None req-065a2a1d-3d23-45b9-8046-826f7592000f ff109692b12548119d4f0f0d7d7c4c14 7be2763999da464ca0a963d20dc5d1f4 - - default default] Successfully bumped revision number for resource 7916faf7-65da-4823-8ce5-cb2c152fd805 (type: networks) to 1
2026-09-07 12:01:26.393 9 INFO neutron.notifiers.nova [-] Nova event matching ['req-d9ca04a6-a26d-4d91-962d-989035062a3f'] response: {'server_uuid': '043f3fea-d29f-49b5-a3bb-971294ca1b8b', 'name': 'network-vif-plugged', 'status': 'completed', 'tag': 'ff552764-3bd5-4b08-ad02-e763e86ade51', 'code': 200}
2026-09-07 12:01:26.393 9 INFO neutron.notifiers.nova [-] Nova event matching ['req-d9ca04a6-a26d-4d91-962d-989035062a3f'] response: {'server_uuid': '043f3fea-d29f-49b5-a3bb-971294ca1b8b', 'name': 'network-vif-plugged', 'status': 'completed', 'tag': 'ff552764-3bd5-4b08-ad02-e763e86ade51', 'code': 200}
2026-09-07 12:01:26.532 10 WARNING neutron.scheduler.dhcp_agent_scheduler [None req-065a2a1d-3d23-45b9-8046-826f7592000f ff109692b12548119d4f0f0d7d7c4c14 7be2763999da464ca0a963d20dc5d1f4 - - default default] No more DHCP agents
2026-09-07 12:01:26.533 10 WARNING neutron.api.rpc.agentnotifiers.dhcp_rpc_agent_api [None req-065a2a1d-3d23-45b9-8046-826f7592000f ff109692b12548119d4f0f0d7d7c4c14 7be2763999da464ca0a963d20dc5d1f4 - - default default] Unable to schedule network 7916faf7-65da-4823-8ce5-cb2c152fd805: no agents available; will retry on subsequent port and subnet creation events.
2026-09-07 12:01:26.614 10 INFO neutron.db.ovn_revision_numbers_db [None req-065a2a1d-3d23-45b9-8046-826f7592000f ff109692b12548119d4f0f0d7d7c4c14 7be2763999da464ca0a963d20dc5d1f4 - - default default] Successfully bumped revision number for resource 3588c354-b7f7-423a-9b20-f90c4abd0368 (type: ports) to 1
2026-09-07 12:01:26.642 10 INFO neutron.wsgi [None req-065a2a1d-3d23-45b9-8046-826f7592000f ff109692b12548119d4f0f0d7d7c4c14 7be2763999da464ca0a963d20dc5d1f4 - - default default] 10.0.0.4 "POST /v2.0/networks HTTP/1.1" status: 201 len: 830 time: 0.6369665
2026-09-07 12:01:26.858 10 WARNING neutron.scheduler.dhcp_agent_scheduler [None req-8c19e351-544f-499a-93f1-d4a1971f1acf ff109692b12548119d4f0f0d7d7c4c14 7be2763999da464ca0a963d20dc5d1f4 - - default default] No more DHCP agents
2026-09-07 12:01:26.865 10 WARNING neutron.api.rpc.agentnotifiers.dhcp_rpc_agent_api [None req-8c19e351-544f-499a-93f1-d4a1971f1acf ff109692b12548119d4f0f0d7d7c4c14 7be2763999da464ca0a963d20dc5d1f4 - - default default] Unable to schedule network 7916faf7-65da-4823-8ce5-cb2c152fd805: no agents available; will retry on subsequent port and subnet creation events.
2026-09-07 12:01:26.942 10 INFO neutron.wsgi [req-4d515e32-c957-454b-bd8f-601d613dab23 req-f6bb8123-6e62-4ceb-aa04-62d7231c392a 742a8ff6746b4774920611347de22b5d c98b7a9d871b4885ac1734b575525dfa - - default default] 10.0.0.3 "GET /v2.0/ports?device_id=043f3fea-d29f-49b5-a3bb-971294ca1b8b HTTP/1.1" status: 200 len: 1214 time: 0.0994427
2026-09-07 12:01:27.013 10 INFO neutron.wsgi [req-4d515e32-c957-454b-bd8f-601d613dab23 req-e6f6b6c9-aa3e-4494-a302-b49d141bf2dd 742a8ff6746b4774920611347de22b5d c98b7a9d871b4885ac1734b575525dfa - - default default] 10.0.0.3 "GET /v2.0/security-groups?id=88da4381-275e-4dfa-a0ba-6db46a516f5d&id=a30ec407-9938-4850-bc42-35fc9754cf80&fields=id&fields=name HTTP/1.1" status: 200 len: 405 time: 0.0564709
2026-09-07 12:01:27.329 10 INFO neutron.wsgi [req-7cdc3e1d-fcd6-445f-bf42-bc2176b0e295 req-ba91bf88-f748-40ab-b739-f8530ab33085 742a8ff6746b4774920611347de22b5d c98b7a9d871b4885ac1734b575525dfa - - default default] 10.0.0.3 "GET /v2.0/ports?device_id=043f3fea-d29f-49b5-a3bb-971294ca1b8b HTTP/1.1" status: 200 len: 1214 time: 0.2246857
2026-09-07 12:01:27.576 10 INFO neutron.db.ovn_revision_numbers_db [None req-8c19e351-544f-499a-93f1-d4a1971f1acf ff109692b12548119d4f0f0d7d7c4c14 7be2763999da464ca0a963d20dc5d1f4 - - default default] Successfully bumped revision number for resource 3588c354-b7f7-423a-9b20-f90c4abd0368 (type: ports) to 2
2026-09-07 12:01:27.585 10 INFO neutron.db.l3_db [None req-a4582bec-0c5d-4976-8e94-507b6f514cd3 742a8ff6746b4774920611347de22b5d c98b7a9d871b4885ac1734b575525dfa - - default default] Floating IP e94c0990-96e6-4272-a7a6-c25181307f97 associated. External IP: 10.96.250.213, port: ff552764-3bd5-4b08-ad02-e763e86ade51.
2026-09-07 12:01:27.624 10 INFO neutron.db.ovn_revision_numbers_db [None req-8c19e351-544f-499a-93f1-d4a1971f1acf ff109692b12548119d4f0f0d7d7c4c14 7be2763999da464ca0a963d20dc5d1f4 - - default default] Successfully bumped revision number for resource 3601cbf4-f66a-42d8-b620-70e81aab0745 (type: subnets) to 0
2026-09-07 12:01:27.679 10 INFO neutron.wsgi [None req-8c19e351-544f-499a-93f1-d4a1971f1acf ff109692b12548119d4f0f0d7d7c4c14 7be2763999da464ca0a963d20dc5d1f4 - - default default] 10.0.0.4 "POST /v2.0/subnets HTTP/1.1" status: 201 len: 804 time: 1.0314493 /var/lib/openstack/lib/python3.10/site-packages/pycadf/identifier.py:71: UserWarning: Invalid uuid: neutron. To ensure interoperability, identifiers should be a valid uuid. warnings.warn(('Invalid uuid: %s. To ensure interoperability, '
2026-09-07 12:01:27.821 10 INFO neutron.db.ovn_revision_numbers_db [None req-a4582bec-0c5d-4976-8e94-507b6f514cd3 742a8ff6746b4774920611347de22b5d c98b7a9d871b4885ac1734b575525dfa - - default default] Successfully bumped revision number for resource e94c0990-96e6-4272-a7a6-c25181307f97 (type: floatingips) to 1
2026-09-07 12:01:27.822 9 INFO neutron.db.segments_db [None req-3b75cb5a-192e-4ecf-87a4-442b2e0b3761 ff109692b12548119d4f0f0d7d7c4c14 7be2763999da464ca0a963d20dc5d1f4 - - default default] Added segment d5ba411e-e625-4923-8b78-08a7878b2ce7 of type geneve for network 029e7911-359b-42eb-9d5b-bb53d0e879a7
2026-09-07 12:01:27.948 10 INFO neutron.db.ovn_revision_numbers_db [None req-a4582bec-0c5d-4976-8e94-507b6f514cd3 742a8ff6746b4774920611347de22b5d c98b7a9d871b4885ac1734b575525dfa - - default default] Successfully bumped revision number for resource e94c0990-96e6-4272-a7a6-c25181307f97 (type: floatingips) to 2
2026-09-07 12:01:27.971 10 INFO neutron.wsgi [None req-a4582bec-0c5d-4976-8e94-507b6f514cd3 742a8ff6746b4774920611347de22b5d c98b7a9d871b4885ac1734b575525dfa - - default default] 10.0.0.4 "PUT /v2.0/floatingips/e94c0990-96e6-4272-a7a6-c25181307f97 HTTP/1.1" status: 200 len: 1050 time: 0.6253963
2026-09-07 12:01:27.985 9 INFO neutron.db.ovn_revision_numbers_db [None req-3b75cb5a-192e-4ecf-87a4-442b2e0b3761 ff109692b12548119d4f0f0d7d7c4c14 7be2763999da464ca0a963d20dc5d1f4 - - default default] Successfully bumped revision number for resource 029e7911-359b-42eb-9d5b-bb53d0e879a7 (type: networks) to 1
2026-09-07 12:01:28.016 10 INFO neutron.notifiers.nova [-] Nova event matching ['req-e4f47bcb-141f-4913-b4f6-6ca86d75ad2f'] response: {'name': 'network-changed', 'server_uuid': '043f3fea-d29f-49b5-a3bb-971294ca1b8b', 'tag': 'ff552764-3bd5-4b08-ad02-e763e86ade51', 'status': 'completed', 'code': 200} /var/lib/openstack/lib/python3.10/site-packages/pycadf/identifier.py:71: UserWarning: Invalid uuid: neutron. To ensure interoperability, identifiers should be a valid uuid. warnings.warn(('Invalid uuid: %s. To ensure interoperability, '
2026-09-07 12:01:28.102 9 INFO neutron.wsgi [req-e310b2d4-8031-41e0-b0ce-89433bd17dc8 req-6b31111f-87df-4477-874a-b85bb4f8dd7f 065a36f478c646509e7132d3a6cd62fb 9051cb71494a410fadc3d044b7eadea1 - - 2d723aedf69642c598baeaf57406f927 2d723aedf69642c598baeaf57406f927] 162.253.55.243 "GET /v2.0/ports?tenant_id=c98b7a9d871b4885ac1734b575525dfa&device_id=043f3fea-d29f-49b5-a3bb-971294ca1b8b HTTP/1.1" status: 200 len: 1452 time: 0.0468106
2026-09-07 12:01:28.215 9 INFO neutron.wsgi [req-e310b2d4-8031-41e0-b0ce-89433bd17dc8 req-b2576a78-03ec-4d5b-80b5-96d03b77f105 065a36f478c646509e7132d3a6cd62fb 9051cb71494a410fadc3d044b7eadea1 - - 2d723aedf69642c598baeaf57406f927 2d723aedf69642c598baeaf57406f927] 162.253.55.243 "GET /v2.0/networks?id=252297b1-a7be-401c-a7ed-7d6c25989acb HTTP/1.1" status: 200 len: 971 time: 0.1050882
2026-09-07 12:01:28.261 9 WARNING neutron.scheduler.dhcp_agent_scheduler [None req-3b75cb5a-192e-4ecf-87a4-442b2e0b3761 ff109692b12548119d4f0f0d7d7c4c14 7be2763999da464ca0a963d20dc5d1f4 - - default default] No more DHCP agents
2026-09-07 12:01:28.265 9 WARNING neutron.api.rpc.agentnotifiers.dhcp_rpc_agent_api [None req-3b75cb5a-192e-4ecf-87a4-442b2e0b3761 ff109692b12548119d4f0f0d7d7c4c14 7be2763999da464ca0a963d20dc5d1f4 - - default default] Unable to schedule network 029e7911-359b-42eb-9d5b-bb53d0e879a7: no agents available; will retry on subsequent port and subnet creation events.
2026-09-07 12:01:28.292 9 INFO neutron.wsgi [req-e310b2d4-8031-41e0-b0ce-89433bd17dc8 req-622c87bb-9194-4ae7-9380-86df0d4a96d5 065a36f478c646509e7132d3a6cd62fb 9051cb71494a410fadc3d044b7eadea1 - - 2d723aedf69642c598baeaf57406f927 2d723aedf69642c598baeaf57406f927] 162.253.55.243 "GET /v2.0/floatingips?fixed_ip_address=10.100.0.12&port_id=ff552764-3bd5-4b08-ad02-e763e86ade51 HTTP/1.1" status: 200 len: 1060 time: 0.0610161
2026-09-07 12:01:28.351 9 INFO neutron.wsgi [req-e310b2d4-8031-41e0-b0ce-89433bd17dc8 req-7dba2e7a-c488-48c9-a2c6-d185be8b41ed 065a36f478c646509e7132d3a6cd62fb 9051cb71494a410fadc3d044b7eadea1 - - 2d723aedf69642c598baeaf57406f927 2d723aedf69642c598baeaf57406f927] 162.253.55.243 "GET /v2.0/subnets?id=b53a06fd-205c-426b-99a3-cc62ea42c9fa HTTP/1.1" status: 200 len: 866 time: 0.0463428
2026-09-07 12:01:28.381 9 INFO neutron.wsgi [req-e310b2d4-8031-41e0-b0ce-89433bd17dc8 req-6ca227d3-1143-4354-86e7-d9aa1882ddbd 065a36f478c646509e7132d3a6cd62fb 9051cb71494a410fadc3d044b7eadea1 - - 2d723aedf69642c598baeaf57406f927 2d723aedf69642c598baeaf57406f927] 162.253.55.243 "GET /v2.0/ports?network_id=252297b1-a7be-401c-a7ed-7d6c25989acb&device_owner=network%3Adhcp HTTP/1.1" status: 200 len: 210 time: 0.0201075
2026-09-07 12:01:28.390 9 INFO neutron.db.ovn_revision_numbers_db [None req-3b75cb5a-192e-4ecf-87a4-442b2e0b3761 ff109692b12548119d4f0f0d7d7c4c14 7be2763999da464ca0a963d20dc5d1f4 - - default default] Successfully bumped revision number for resource 61b672bd-179b-438b-af98-ab13baff624e (type: ports) to 1
2026-09-07 12:01:28.430 9 INFO neutron.wsgi [None req-3b75cb5a-192e-4ecf-87a4-442b2e0b3761 ff109692b12548119d4f0f0d7d7c4c14 7be2763999da464ca0a963d20dc5d1f4 - - default default] 10.0.0.4 "POST /v2.0/networks HTTP/1.1" status: 201 len: 830 time: 0.7458932
2026-09-07 12:01:28.480 9 INFO neutron.wsgi [req-e310b2d4-8031-41e0-b0ce-89433bd17dc8 req-94a41232-5453-46de-a33e-871b14ef4232 065a36f478c646509e7132d3a6cd62fb 9051cb71494a410fadc3d044b7eadea1 - - 2d723aedf69642c598baeaf57406f927 2d723aedf69642c598baeaf57406f927] 162.253.55.243 "GET /v2.0/networks/252297b1-a7be-401c-a7ed-7d6c25989acb?fields=segments HTTP/1.1" status: 200 len: 212 time: 0.0917523
2026-09-07 12:01:28.591 9 INFO neutron.wsgi [req-e310b2d4-8031-41e0-b0ce-89433bd17dc8 req-2c082aa3-ba9a-4a03-8ca4-231564fb1c18 065a36f478c646509e7132d3a6cd62fb 9051cb71494a410fadc3d044b7eadea1 - - 2d723aedf69642c598baeaf57406f927 2d723aedf69642c598baeaf57406f927] 162.253.55.243 "GET /v2.0/networks/252297b1-a7be-401c-a7ed-7d6c25989acb?fields=provider%3Aphysical_network&fields=provider%3Anetwork_type HTTP/1.1" status: 200 len: 277 time: 0.1036379
2026-09-07 12:01:28.748 9 WARNING neutron.scheduler.dhcp_agent_scheduler [None req-122c6d5b-1901-4690-8791-df0be160fcc1 ff109692b12548119d4f0f0d7d7c4c14 7be2763999da464ca0a963d20dc5d1f4 - - default default] No more DHCP agents
2026-09-07 12:01:28.749 9 WARNING neutron.api.rpc.agentnotifiers.dhcp_rpc_agent_api [None req-122c6d5b-1901-4690-8791-df0be160fcc1 ff109692b12548119d4f0f0d7d7c4c14 7be2763999da464ca0a963d20dc5d1f4 - - default default] Unable to schedule network 029e7911-359b-42eb-9d5b-bb53d0e879a7: no agents available; will retry on subsequent port and subnet creation events.
2026-09-07 12:01:29.170 9 INFO neutron.db.ovn_revision_numbers_db [None req-122c6d5b-1901-4690-8791-df0be160fcc1 ff109692b12548119d4f0f0d7d7c4c14 7be2763999da464ca0a963d20dc5d1f4 - - default default] Successfully bumped revision number for resource 61b672bd-179b-438b-af98-ab13baff624e (type: ports) to 2
2026-09-07 12:01:29.200 9 INFO neutron.db.ovn_revision_numbers_db [None req-122c6d5b-1901-4690-8791-df0be160fcc1 ff109692b12548119d4f0f0d7d7c4c14 7be2763999da464ca0a963d20dc5d1f4 - - default default] Successfully bumped revision number for resource 519ea75d-318d-4d40-b933-95833f037ab6 (type: subnets) to 0
2026-09-07 12:01:29.215 9 INFO neutron.wsgi [None req-122c6d5b-1901-4690-8791-df0be160fcc1 ff109692b12548119d4f0f0d7d7c4c14 7be2763999da464ca0a963d20dc5d1f4 - - default default] 10.0.0.4 "POST /v2.0/subnets HTTP/1.1" status: 201 len: 804 time: 0.7772040
2026-09-07 12:01:29.273 9 INFO neutron.wsgi [None req-8a35d9ca-dc79-448f-b894-0a869f8cc82c ff109692b12548119d4f0f0d7d7c4c14 7be2763999da464ca0a963d20dc5d1f4 - - default default] 10.0.0.4 "PUT /v2.0/subnets/75910da6-17b8-4e99-8367-c083ba9aca6f/tags HTTP/1.1" status: 200 len: 210 time: 0.0524218
2026-09-07 12:01:29.317 9 INFO neutron.wsgi [None req-be2dc311-44aa-49f0-979f-cd57f250cbf5 ff109692b12548119d4f0f0d7d7c4c14 7be2763999da464ca0a963d20dc5d1f4 - - default default] 10.0.0.4 "PUT /v2.0/subnets/7de84163-a810-4f0e-b88f-6bf67b3b95d5/tags HTTP/1.1" status: 200 len: 218 time: 0.0383098
2026-09-07 12:01:29.367 9 INFO neutron.wsgi [None req-02be9ed6-e6c9-4e84-9098-877ba1db57dd ff109692b12548119d4f0f0d7d7c4c14 7be2763999da464ca0a963d20dc5d1f4 - - default default] 10.0.0.4 "PUT /v2.0/subnets/db1d88d4-7735-45e9-a0f0-8a78e1a56d79/tags HTTP/1.1" status: 200 len: 227 time: 0.0439825
2026-09-07 12:01:29.403 9 INFO neutron.wsgi [None req-12958eff-2653-4d56-aa52-4ceadb814091 ff109692b12548119d4f0f0d7d7c4c14 7be2763999da464ca0a963d20dc5d1f4 - - default default] 10.0.0.4 "PUT /v2.0/subnets/3601cbf4-f66a-42d8-b620-70e81aab0745/tags HTTP/1.1" status: 200 len: 212 time: 0.0316939
2026-09-07 12:01:29.667 9 INFO neutron.wsgi [None req-df19e013-e780-47ae-9660-6b62c2df4a36 ff109692b12548119d4f0f0d7d7c4c14 7be2763999da464ca0a963d20dc5d1f4 - - default default] 10.0.0.4 "GET /v2.0/subnets?tags=red HTTP/1.1" status: 200 len: 2027 time: 0.2601402
2026-09-07 12:01:29.716 9 INFO neutron.wsgi [None req-2bb020c4-3ccc-43e4-8666-b0f8f1258db1 ff109692b12548119d4f0f0d7d7c4c14 7be2763999da464ca0a963d20dc5d1f4 - - default default] 10.0.0.4 "GET /v2.0/subnets?tags=red%2Cblue HTTP/1.1" status: 200 len: 1430 time: 0.0446973
2026-09-07 12:01:29.765 9 INFO neutron.wsgi [None req-50a03977-a3c8-480c-bb23-d429cb7a7a13 ff109692b12548119d4f0f0d7d7c4c14 7be2763999da464ca0a963d20dc5d1f4 - - default default] 10.0.0.4 "GET /v2.0/subnets?tags-any=blue HTTP/1.1" status: 200 len: 1430 time: 0.0444186
2026-09-07 12:01:29.805 9 INFO neutron.wsgi [None req-da427d60-d56a-469f-a922-9c755a425187 ff109692b12548119d4f0f0d7d7c4c14 7be2763999da464ca0a963d20dc5d1f4 - - default default] 10.0.0.4 "GET /v2.0/subnets?tags-any=red%2Cblue HTTP/1.1" status: 200 len: 2027 time: 0.0345597
2026-09-07 12:01:29.854 9 INFO neutron.wsgi [None req-3ab5ab45-17b1-47ec-bbb5-54e118549f7e ff109692b12548119d4f0f0d7d7c4c14 7be2763999da464ca0a963d20dc5d1f4 - - default default] 10.0.0.4 "GET /v2.0/subnets?not-tags=red HTTP/1.1" status: 200 len: 2018 time: 0.0460608
2026-09-07 12:01:29.910 9 INFO neutron.wsgi [None req-5c99a7a7-0b43-4682-91aa-65af0c027a80 ff109692b12548119d4f0f0d7d7c4c14 7be2763999da464ca0a963d20dc5d1f4 - - default default] 10.0.0.4 "GET /v2.0/subnets?not-tags=red%2Cblue HTTP/1.1" status: 200 len: 2615 time: 0.0525348
2026-09-07 12:01:29.971 9 INFO neutron.wsgi [None req-eee177a7-e30c-4e00-be9a-2c66bfd1d7b5 ff109692b12548119d4f0f0d7d7c4c14 7be2763999da464ca0a963d20dc5d1f4 - - default default] 10.0.0.4 "GET /v2.0/subnets?not-tags-any=blue HTTP/1.1" status: 200 len: 2615 time: 0.0575311
2026-09-07 12:01:30.016 9 INFO neutron.wsgi [None req-972232d7-58ab-4a94-9987-d4fd51a79a07 ff109692b12548119d4f0f0d7d7c4c14 7be2763999da464ca0a963d20dc5d1f4 - - default default] 10.0.0.4 "GET /v2.0/subnets?not-tags-any=red%2Cblue HTTP/1.1" status: 200 len: 2018 time: 0.0417478
