2026-09-07 12:02:58.983 9 INFO neutron.wsgi [None req-4093c6d1-82a4-4885-ac5f-bff34ad17f15 f54613d1eed143c784d352c380522db8 b671864245484ba58c69668388478e4b - - default default] 10.0.0.239 "GET /v2.0/subnets HTTP/1.1" status: 200 len: 1437 time: 0.0325139
2026-09-07 12:02:58.996 9 INFO neutron.wsgi [None req-f5c37596-b848-460d-a9a9-0eef7c8c6bdd f54613d1eed143c784d352c380522db8 b671864245484ba58c69668388478e4b - - default default] 10.0.0.239 "GET /v2.0/subnetpools HTTP/1.1" status: 200 len: 193 time: 0.0112166
2026-09-07 12:02:59.007 9 INFO neutron.wsgi [None req-26a1c657-6056-4342-82d5-8cda42d42ec0 f54613d1eed143c784d352c380522db8 b671864245484ba58c69668388478e4b - - default default] 10.0.0.239 "GET /v2.0/agents HTTP/1.1" status: 200 len: 997 time: 0.0102458
2026-09-07 12:02:59.018 9 INFO neutron.wsgi [None req-6c2e3e75-2489-41d7-8bdc-131d63512ea7 f54613d1eed143c784d352c380522db8 b671864245484ba58c69668388478e4b - - default default] 10.0.0.239 "GET /v2.0/network-ip-availabilities HTTP/1.1" status: 200 len: 1280 time: 0.0095692
2026-09-07 12:02:59.086 9 INFO neutron.wsgi [None req-47cbeef5-d26e-4178-bb6c-e177ac0c2f60 f54613d1eed143c784d352c380522db8 b671864245484ba58c69668388478e4b - - default default] 10.0.0.239 "GET /v2.0/networks HTTP/1.1" status: 200 len: 2350 time: 0.0669117
2026-09-07 12:03:08.987 10 INFO neutron.wsgi [-] 10.0.0.136 "GET / HTTP/1.1" status: 200 len: 247 time: 0.0017569
2026-09-07 12:03:08.988 9 INFO neutron.wsgi [-] 10.0.0.136 "GET / HTTP/1.1" status: 200 len: 247 time: 0.0025084
2026-09-07 12:03:23.989 10 INFO neutron.wsgi [-] 10.0.0.136 "GET / HTTP/1.1" status: 200 len: 247 time: 0.0024126
2026-09-07 12:03:23.989 9 INFO neutron.wsgi [-] 10.0.0.136 "GET / HTTP/1.1" status: 200 len: 247 time: 0.0029447
2026-09-07 12:03:38.988 10 INFO neutron.wsgi [-] 10.0.0.136 "GET / HTTP/1.1" status: 200 len: 247 time: 0.0023758
2026-09-07 12:03:38.988 9 INFO neutron.wsgi [-] 10.0.0.136 "GET / HTTP/1.1" status: 200 len: 247 time: 0.0026431
2026-09-07 12:03:53.989 10 INFO neutron.wsgi [-] 10.0.0.136 "GET / HTTP/1.1" status: 200 len: 247 time: 0.0028217
2026-09-07 12:03:53.994 9 INFO neutron.wsgi [-] 10.0.0.136 "GET / HTTP/1.1" status: 200 len: 247 time: 0.0090575
2026-09-07 12:03:58.550 9 INFO neutron.wsgi [None req-5cd1906e-0195-482e-92b3-87d5802fdf70 f54613d1eed143c784d352c380522db8 b671864245484ba58c69668388478e4b - - default default] 10.0.0.239 "GET /v2.0/routers HTTP/1.1" status: 200 len: 189 time: 0.0910916
2026-09-07 12:03:58.588 9 INFO neutron.wsgi [None req-bb2b7fd7-3b2a-468d-bc2f-06d699fb8ecd f54613d1eed143c784d352c380522db8 b671864245484ba58c69668388478e4b - - default default] 10.0.0.239 "GET /v2.0/agents?binary=ovn-controller HTTP/1.1" status: 200 len: 591 time: 0.0367997
2026-09-07 12:03:58.603 9 INFO neutron.wsgi [None req-4692ef08-80d9-41e4-b8ed-3dd2f6b49114 f54613d1eed143c784d352c380522db8 b671864245484ba58c69668388478e4b - - default default] 10.0.0.239 "GET /v2.0/network-ip-availabilities HTTP/1.1" status: 200 len: 1280 time: 0.0135975
2026-09-07 12:03:58.626 9 INFO neutron.wsgi [None req-ce60be27-1daa-4a42-8488-d558042115ef f54613d1eed143c784d352c380522db8 b671864245484ba58c69668388478e4b - - default default] 10.0.0.239 "GET /v2.0/floatingips HTTP/1.1" status: 200 len: 193 time: 0.0215311
2026-09-07 12:03:58.661 9 INFO neutron.wsgi [None req-5c85a3b4-29a8-4814-887d-8353f8858925 f54613d1eed143c784d352c380522db8 b671864245484ba58c69668388478e4b - - default default] 10.0.0.239 "GET /v2.0/subnets HTTP/1.1" status: 200 len: 1437 time: 0.0347767
2026-09-07 12:03:58.930 9 INFO neutron.wsgi [None req-93ff42b1-c715-40ca-bc96-76687a3354fd f54613d1eed143c784d352c380522db8 b671864245484ba58c69668388478e4b - - default default] 10.0.0.239 "GET /v2.0/ports HTTP/1.1" status: 200 len: 5349 time: 0.2678885
2026-09-07 12:03:58.971 9 INFO neutron.wsgi [None req-5dbc51ba-6d5b-488f-a990-e5d6d9392bb4 f54613d1eed143c784d352c380522db8 b671864245484ba58c69668388478e4b - - default default] 10.0.0.239 "GET /v2.0/security-groups HTTP/1.1" status: 200 len: 16803 time: 0.0372283
2026-09-07 12:03:59.028 9 INFO neutron.wsgi [None req-8e1c8273-6ae4-4f14-a935-0535cdc9aa63 f54613d1eed143c784d352c380522db8 b671864245484ba58c69668388478e4b - - default default] 10.0.0.239 "GET /v2.0/networks HTTP/1.1" status: 200 len: 2350 time: 0.0500979
2026-09-07 12:03:59.040 9 INFO neutron.wsgi [None req-4bd2834a-980a-4205-8670-2d52689ef6ef f54613d1eed143c784d352c380522db8 b671864245484ba58c69668388478e4b - - default default] 10.0.0.239 "GET /v2.0/agents HTTP/1.1" status: 200 len: 997 time: 0.0085061
2026-09-07 12:03:59.066 9 INFO neutron.wsgi [None req-ec4c09fb-bedd-4ff8-9fde-d5f59b0b34ca f54613d1eed143c784d352c380522db8 b671864245484ba58c69668388478e4b - - default default] 10.0.0.239 "GET /v2.0/subnets HTTP/1.1" status: 200 len: 1437 time: 0.0248382
2026-09-07 12:03:59.075 9 INFO neutron.wsgi [None req-c110dd7c-bed0-459c-b948-2d011ddc17d2 f54613d1eed143c784d352c380522db8 b671864245484ba58c69668388478e4b - - default default] 10.0.0.239 "GET /v2.0/subnetpools HTTP/1.1" status: 200 len: 193 time: 0.0077398
2026-09-07 12:04:08.989 10 INFO neutron.wsgi [-] 10.0.0.136 "GET / HTTP/1.1" status: 200 len: 247 time: 0.0036962
2026-09-07 12:04:08.989 9 INFO neutron.wsgi [-] 10.0.0.136 "GET / HTTP/1.1" status: 200 len: 247 time: 0.0037203
2026-09-07 12:04:23.989 9 INFO neutron.wsgi [-] 10.0.0.136 "GET / HTTP/1.1" status: 200 len: 247 time: 0.0031681
2026-09-07 12:04:23.994 9 INFO neutron.wsgi [-] 10.0.0.136 "GET / HTTP/1.1" status: 200 len: 247 time: 0.0040677
2026-09-07 12:04:38.988 10 INFO neutron.wsgi [-] 10.0.0.136 "GET / HTTP/1.1" status: 200 len: 247 time: 0.0024540
2026-09-07 12:04:38.988 9 INFO neutron.wsgi [-] 10.0.0.136 "GET / HTTP/1.1" status: 200 len: 247 time: 0.0026803
2026-09-07 12:04:53.989 10 INFO neutron.wsgi [-] 10.0.0.136 "GET / HTTP/1.1" status: 200 len: 247 time: 0.0032506
2026-09-07 12:04:53.989 9 INFO neutron.wsgi [-] 10.0.0.136 "GET / HTTP/1.1" status: 200 len: 247 time: 0.0031798
2026-09-07 12:04:58.558 9 INFO neutron.wsgi [None req-531d8e9b-0be2-4876-89b2-733675cd12bf f54613d1eed143c784d352c380522db8 b671864245484ba58c69668388478e4b - - default default] 10.0.0.239 "GET /v2.0/subnets HTTP/1.1" status: 200 len: 1437 time: 0.0762172
2026-09-07 12:04:58.570 9 INFO neutron.wsgi [None req-177f07cd-f461-41aa-9337-90dad86c51b4 f54613d1eed143c784d352c380522db8 b671864245484ba58c69668388478e4b - - default default] 10.0.0.239 "GET /v2.0/subnetpools HTTP/1.1" status: 200 len: 193 time: 0.0108776
2026-09-07 12:04:58.631 9 INFO neutron.wsgi [None req-d3abc3d2-597e-4d2d-8a91-3625b99c51b1 f54613d1eed143c784d352c380522db8 b671864245484ba58c69668388478e4b - - default default] 10.0.0.239 "GET /v2.0/networks HTTP/1.1" status: 200 len: 2350 time: 0.0603592
2026-09-07 12:04:58.671 9 INFO neutron.wsgi [None req-ccbd740a-02cd-43f0-ab42-1537a76dff58 f54613d1eed143c784d352c380522db8 b671864245484ba58c69668388478e4b - - default default] 10.0.0.239 "GET /v2.0/security-groups HTTP/1.1" status: 200 len: 16803 time: 0.0377023
2026-09-07 12:04:58.702 9 INFO neutron.wsgi [None req-a9c32010-d7b2-4f48-b708-8513a33ea44e f54613d1eed143c784d352c380522db8 b671864245484ba58c69668388478e4b - - default default] 10.0.0.239 "GET /v2.0/ports HTTP/1.1" status: 200 len: 5349 time: 0.0276279
2026-09-07 12:04:58.737 9 INFO neutron.wsgi [None req-9992707d-5e86-4677-8d91-85cd3dcc90e7 f54613d1eed143c784d352c380522db8 b671864245484ba58c69668388478e4b - - default default] 10.0.0.239 "GET /v2.0/routers HTTP/1.1" status: 200 len: 189 time: 0.0306838
2026-09-07 12:04:58.770 9 INFO neutron.wsgi [None req-3970b7b0-dc43-4479-96c5-cc2b54fbe3eb f54613d1eed143c784d352c380522db8 b671864245484ba58c69668388478e4b - - default default] 10.0.0.239 "GET /v2.0/agents?binary=ovn-controller HTTP/1.1" status: 200 len: 591 time: 0.0327935
2026-09-07 12:04:58.779 9 INFO neutron.wsgi [None req-24e67e20-2c31-42ca-ab06-f9e475252f17 f54613d1eed143c784d352c380522db8 b671864245484ba58c69668388478e4b - - default default] 10.0.0.239 "GET /v2.0/agents HTTP/1.1" status: 200 len: 997 time: 0.0079737
2026-09-07 12:04:58.795 9 INFO neutron.wsgi [None req-49d744b5-f539-40da-af41-90eea07e9207 f54613d1eed143c784d352c380522db8 b671864245484ba58c69668388478e4b - - default default] 10.0.0.239 "GET /v2.0/floatingips HTTP/1.1" status: 200 len: 193 time: 0.0155156
2026-09-07 12:04:58.805 9 INFO neutron.wsgi [None req-52ea5b73-99af-4fc8-84a6-6f9294051243 f54613d1eed143c784d352c380522db8 b671864245484ba58c69668388478e4b - - default default] 10.0.0.239 "GET /v2.0/network-ip-availabilities HTTP/1.1" status: 200 len: 1280 time: 0.0092933
2026-09-07 12:04:58.831 9 INFO neutron.wsgi [None req-d5b9008a-c607-473b-9b91-37d28ef5fa8b f54613d1eed143c784d352c380522db8 b671864245484ba58c69668388478e4b - - default default] 10.0.0.239 "GET /v2.0/subnets HTTP/1.1" status: 200 len: 1437 time: 0.0249116
2026-09-07 12:05:08.989 10 INFO neutron.wsgi [-] 10.0.0.136 "GET / HTTP/1.1" status: 200 len: 247 time: 0.0025477
2026-09-07 12:05:08.990 9 INFO neutron.wsgi [-] 10.0.0.136 "GET / HTTP/1.1" status: 200 len: 247 time: 0.0033939
2026-09-07 12:05:23.988 9 INFO neutron.wsgi [-] 10.0.0.136 "GET / HTTP/1.1" status: 200 len: 247 time: 0.0024445
2026-09-07 12:05:23.991 9 INFO neutron.wsgi [-] 10.0.0.136 "GET / HTTP/1.1" status: 200 len: 247 time: 0.0025783
2026-09-07 12:05:38.986 10 INFO neutron.wsgi [-] 10.0.0.136 "GET / HTTP/1.1" status: 200 len: 247 time: 0.0013556
2026-09-07 12:05:38.989 9 INFO neutron.wsgi [-] 10.0.0.136 "GET / HTTP/1.1" status: 200 len: 247 time: 0.0035734
2026-09-07 12:05:40.056 15 INFO neutron.plugins.ml2.drivers.ovn.mech_driver.ovsdb.maintenance [None req-7124f2c8-5773-4430-8ae8-690fcbabed1e - - - - - -] Maintenance task: Synchronization finished (took 0.87 seconds)
2026-09-07 12:05:53.988 9 INFO neutron.wsgi [-] 10.0.0.136 "GET / HTTP/1.1" status: 200 len: 247 time: 0.0025020
2026-09-07 12:05:53.991 9 INFO neutron.wsgi [-] 10.0.0.136 "GET / HTTP/1.1" status: 200 len: 247 time: 0.0020700
2026-09-07 12:05:58.575 9 INFO neutron.wsgi [None req-2ba0e0c1-ee0e-4986-98e3-28206a21b02d f54613d1eed143c784d352c380522db8 b671864245484ba58c69668388478e4b - - default default] 10.0.0.239 "GET /v2.0/networks HTTP/1.1" status: 200 len: 2350 time: 0.1430738
2026-09-07 12:05:58.588 9 INFO neutron.wsgi [None req-1457fe35-1ef6-4604-b750-6637591d2a46 f54613d1eed143c784d352c380522db8 b671864245484ba58c69668388478e4b - - default default] 10.0.0.239 "GET /v2.0/network-ip-availabilities HTTP/1.1" status: 200 len: 1280 time: 0.0110993
2026-09-07 12:05:58.610 9 INFO neutron.wsgi [None req-1f191a5c-6651-4a27-b0e6-ab4f8ede4f0b f54613d1eed143c784d352c380522db8 b671864245484ba58c69668388478e4b - - default default] 10.0.0.239 "GET /v2.0/floatingips HTTP/1.1" status: 200 len: 193 time: 0.0204501
2026-09-07 12:05:58.630 9 INFO neutron.wsgi [None req-52c681c3-fcfd-4640-9cc4-1193f3e3cad4 f54613d1eed143c784d352c380522db8 b671864245484ba58c69668388478e4b - - default default] 10.0.0.239 "GET /v2.0/routers HTTP/1.1" status: 200 len: 189 time: 0.0193672
2026-09-07 12:05:58.661 9 INFO neutron.wsgi [None req-74f0d1be-b194-430f-831e-b83d6cf27911 f54613d1eed143c784d352c380522db8 b671864245484ba58c69668388478e4b - - default default] 10.0.0.239 "GET /v2.0/agents?binary=ovn-controller HTTP/1.1" status: 200 len: 591 time: 0.0310411
2026-09-07 12:05:58.671 9 INFO neutron.wsgi [None req-95a4aae9-66c3-4f59-8fed-69b15002faa8 f54613d1eed143c784d352c380522db8 b671864245484ba58c69668388478e4b - - default default] 10.0.0.239 "GET /v2.0/agents HTTP/1.1" status: 200 len: 997 time: 0.0087843
2026-09-07 12:05:58.696 9 INFO neutron.wsgi [None req-607c9ab7-1b41-4cbf-a2de-75e722410f3f f54613d1eed143c784d352c380522db8 b671864245484ba58c69668388478e4b - - default default] 10.0.0.239 "GET /v2.0/subnets HTTP/1.1" status: 200 len: 1437 time: 0.0236111
2026-09-07 12:05:58.727 9 INFO neutron.wsgi [None req-76911d73-54f3-4cdc-ad0a-2ec03d40dac4 f54613d1eed143c784d352c380522db8 b671864245484ba58c69668388478e4b - - default default] 10.0.0.239 "GET /v2.0/ports HTTP/1.1" status: 200 len: 5349 time: 0.0293562
2026-09-07 12:05:58.764 9 INFO neutron.wsgi [None req-1e19c087-b73b-4be9-9a0c-43e8461dc969 f54613d1eed143c784d352c380522db8 b671864245484ba58c69668388478e4b - - default default] 10.0.0.239 "GET /v2.0/subnets HTTP/1.1" status: 200 len: 1437 time: 0.0325780
2026-09-07 12:05:58.775 9 INFO neutron.wsgi [None req-b090365b-fc3a-4670-bcb0-6c14f921b6df f54613d1eed143c784d352c380522db8 b671864245484ba58c69668388478e4b - - default default] 10.0.0.239 "GET /v2.0/subnetpools HTTP/1.1" status: 200 len: 193 time: 0.0098717
2026-09-07 12:05:58.847 9 INFO neutron.wsgi [None req-4531b50e-edc8-4425-a919-3bee281240d0 f54613d1eed143c784d352c380522db8 b671864245484ba58c69668388478e4b - - default default] 10.0.0.239 "GET /v2.0/security-groups HTTP/1.1" status: 200 len: 16803 time: 0.0708485
2026-09-07 12:06:08.987 9 INFO neutron.wsgi [-] 10.0.0.136 "GET / HTTP/1.1" status: 200 len: 247 time: 0.0021849
2026-09-07 12:06:08.988 10 INFO neutron.wsgi [-] 10.0.0.136 "GET / HTTP/1.1" status: 200 len: 247 time: 0.0030913
2026-09-07 12:06:23.989 10 INFO neutron.wsgi [-] 10.0.0.136 "GET / HTTP/1.1" status: 200 len: 247 time: 0.0028152
2026-09-07 12:06:23.990 9 INFO neutron.wsgi [-] 10.0.0.136 "GET / HTTP/1.1" status: 200 len: 247 time: 0.0035465
2026-09-07 12:06:38.988 10 INFO neutron.wsgi [-] 10.0.0.136 "GET / HTTP/1.1" status: 200 len: 247 time: 0.0032423
2026-09-07 12:06:38.988 9 INFO neutron.wsgi [-] 10.0.0.136 "GET / HTTP/1.1" status: 200 len: 247 time: 0.0035877
2026-09-07 12:06:53.987 9 INFO neutron.wsgi [-] 10.0.0.136 "GET / HTTP/1.1" status: 200 len: 247 time: 0.0026402
2026-09-07 12:06:53.988 10 INFO neutron.wsgi [-] 10.0.0.136 "GET / HTTP/1.1" status: 200 len: 247 time: 0.0028625
2026-09-07 12:06:58.633 9 INFO neutron.wsgi [None req-4b622bdd-098e-4906-86d0-0a463d720623 f54613d1eed143c784d352c380522db8 b671864245484ba58c69668388478e4b - - default default] 10.0.0.239 "GET /v2.0/routers HTTP/1.1" status: 200 len: 189 time: 0.0875280
2026-09-07 12:06:58.672 9 INFO neutron.wsgi [None req-d0ed5ff3-a9b4-43a0-ad31-ce21756a8a58 f54613d1eed143c784d352c380522db8 b671864245484ba58c69668388478e4b - - default default] 10.0.0.239 "GET /v2.0/agents?binary=ovn-controller HTTP/1.1" status: 200 len: 591 time: 0.0380065
2026-09-07 12:06:58.749 9 INFO neutron.wsgi [None req-3f8dc961-3689-46cd-8a47-4d869b78345c f54613d1eed143c784d352c380522db8 b671864245484ba58c69668388478e4b - - default default] 10.0.0.239 "GET /v2.0/networks HTTP/1.1" status: 200 len: 2350 time: 0.0756903
2026-09-07 12:06:58.829 9 INFO neutron.wsgi [None req-faed4751-c7cd-4e3d-97c8-05a7b927c228 f54613d1eed143c784d352c380522db8 b671864245484ba58c69668388478e4b - - default default] 10.0.0.239 "GET /v2.0/security-groups HTTP/1.1" status: 200 len: 16803 time: 0.0768676
2026-09-07 12:06:58.854 9 INFO neutron.wsgi [None req-57e66588-7e78-44a8-ae7c-e5ee09203ce7 f54613d1eed143c784d352c380522db8 b671864245484ba58c69668388478e4b - - default default] 10.0.0.239 "GET /v2.0/agents HTTP/1.1" status: 200 len: 997 time: 0.0161359
2026-09-07 12:06:58.888 9 INFO neutron.wsgi [None req-6eb6fd0a-19ff-458f-a918-184f5f5be2be f54613d1eed143c784d352c380522db8 b671864245484ba58c69668388478e4b - - default default] 10.0.0.239 "GET /v2.0/ports HTTP/1.1" status: 200 len: 5349 time: 0.0328343
2026-09-07 12:06:58.914 9 INFO neutron.wsgi [None req-bfce2b47-a96d-4509-9efe-ba501b20d684 f54613d1eed143c784d352c380522db8 b671864245484ba58c69668388478e4b - - default default] 10.0.0.239 "GET /v2.0/floatingips HTTP/1.1" status: 200 len: 193 time: 0.0211110
2026-09-07 12:06:58.924 9 INFO neutron.wsgi [None req-f5930fec-2a0c-4b71-9afc-3968accd8146 f54613d1eed143c784d352c380522db8 b671864245484ba58c69668388478e4b - - default default] 10.0.0.239 "GET /v2.0/network-ip-availabilities HTTP/1.1" status: 200 len: 1280 time: 0.0088468
2026-09-07 12:06:58.949 9 INFO neutron.wsgi [None req-7835e70d-05b3-4740-889a-fa04060b20fa f54613d1eed143c784d352c380522db8 b671864245484ba58c69668388478e4b - - default default] 10.0.0.239 "GET /v2.0/subnets HTTP/1.1" status: 200 len: 1437 time: 0.0249236
2026-09-07 12:06:58.959 9 INFO neutron.wsgi [None req-8e1beaef-42b2-4231-b589-8a20c676f5c4 f54613d1eed143c784d352c380522db8 b671864245484ba58c69668388478e4b - - default default] 10.0.0.239 "GET /v2.0/subnetpools HTTP/1.1" status: 200 len: 193 time: 0.0084560
2026-09-07 12:06:58.985 9 INFO neutron.wsgi [None req-3ba69b29-1e44-4215-91ad-2f1171f40ab6 f54613d1eed143c784d352c380522db8 b671864245484ba58c69668388478e4b - - default default] 10.0.0.239 "GET /v2.0/subnets HTTP/1.1" status: 200 len: 1437 time: 0.0252805
2026-09-07 12:07:08.988 10 INFO neutron.wsgi [-] 10.0.0.136 "GET / HTTP/1.1" status: 200 len: 247 time: 0.0025699
2026-09-07 12:07:08.989 9 INFO neutron.wsgi [-] 10.0.0.136 "GET / HTTP/1.1" status: 200 len: 247 time: 0.0030327
2026-09-07 12:07:23.992 9 INFO neutron.wsgi [-] 10.0.0.136 "GET / HTTP/1.1" status: 200 len: 247 time: 0.0061266
2026-09-07 12:07:23.999 9 INFO neutron.wsgi [-] 10.0.0.136 "GET / HTTP/1.1" status: 200 len: 247 time: 0.0062523
2026-09-07 12:07:38.989 10 INFO neutron.wsgi [-] 10.0.0.136 "GET / HTTP/1.1" status: 200 len: 247 time: 0.0037370
2026-09-07 12:07:38.990 9 INFO neutron.wsgi [-] 10.0.0.136 "GET / HTTP/1.1" status: 200 len: 247 time: 0.0025663
2026-09-07 12:07:53.986 9 INFO neutron.wsgi [-] 10.0.0.136 "GET / HTTP/1.1" status: 200 len: 247 time: 0.0015833
2026-09-07 12:07:53.988 9 INFO neutron.wsgi [-] 10.0.0.136 "GET / HTTP/1.1" status: 200 len: 247 time: 0.0010796
2026-09-07 12:07:58.696 9 INFO neutron.wsgi [None req-ad5cd714-a206-4cde-81a1-a54d1b132282 f54613d1eed143c784d352c380522db8 b671864245484ba58c69668388478e4b - - default default] 10.0.0.239 "GET /v2.0/ports HTTP/1.1" status: 200 len: 5349 time: 0.1237516
2026-09-07 12:07:58.745 9 INFO neutron.wsgi [None req-c9710376-6739-4ada-a5c2-16e7362acb37 f54613d1eed143c784d352c380522db8 b671864245484ba58c69668388478e4b - - default default] 10.0.0.239 "GET /v2.0/agents HTTP/1.1" status: 200 len: 997 time: 0.0453355
2026-09-07 12:07:58.805 9 INFO neutron.wsgi [None req-5c965b4b-6718-4ba0-b340-d564b3d6f440 f54613d1eed143c784d352c380522db8 b671864245484ba58c69668388478e4b - - default default] 10.0.0.239 "GET /v2.0/security-groups HTTP/1.1" status: 200 len: 16803 time: 0.0588396
2026-09-07 12:07:58.844 9 INFO neutron.wsgi [None req-7f22f5dc-8fc0-4334-adcd-e4518f3d0e73 f54613d1eed143c784d352c380522db8 b671864245484ba58c69668388478e4b - - default default] 10.0.0.239 "GET /v2.0/subnets HTTP/1.1" status: 200 len: 1437 time: 0.0315230
2026-09-07 12:07:58.855 9 INFO neutron.wsgi [None req-d0a1f1c2-d65e-4eb3-b8b6-3af5477c2dce f54613d1eed143c784d352c380522db8 b671864245484ba58c69668388478e4b - - default default] 10.0.0.239 "GET /v2.0/network-ip-availabilities HTTP/1.1" status: 200 len: 1280 time: 0.0087547
2026-09-07 12:07:58.871 9 INFO neutron.wsgi [None req-3c70a43d-b71e-4a9f-adde-40bb1ffd7178 f54613d1eed143c784d352c380522db8 b671864245484ba58c69668388478e4b - - default default] 10.0.0.239 "GET /v2.0/floatingips HTTP/1.1" status: 200 len: 193 time: 0.0156214
2026-09-07 12:07:58.921 9 INFO neutron.wsgi [None req-11b2f375-9852-4b13-b8c9-924a96776893 f54613d1eed143c784d352c380522db8 b671864245484ba58c69668388478e4b - - default default] 10.0.0.239 "GET /v2.0/networks HTTP/1.1" status: 200 len: 2350 time: 0.0493796
2026-09-07 12:07:58.939 9 INFO neutron.wsgi [None req-bb7fc611-3ec2-439d-9f85-6368f15b4cdd f54613d1eed143c784d352c380522db8 b671864245484ba58c69668388478e4b - - default default] 10.0.0.239 "GET /v2.0/routers HTTP/1.1" status: 200 len: 189 time: 0.0157466
2026-09-07 12:07:58.948 9 INFO neutron.wsgi [None req-4c90caa5-b8a5-4b98-9770-ba57f8bd667e f54613d1eed143c784d352c380522db8 b671864245484ba58c69668388478e4b - - default default] 10.0.0.239 "GET /v2.0/agents?binary=ovn-controller HTTP/1.1" status: 200 len: 591 time: 0.0083110
2026-09-07 12:07:58.975 9 INFO neutron.wsgi [None req-79fa57e1-1681-46a5-b131-41f614dd26de f54613d1eed143c784d352c380522db8 b671864245484ba58c69668388478e4b - - default default] 10.0.0.239 "GET /v2.0/subnets HTTP/1.1" status: 200 len: 1437 time: 0.0258503
2026-09-07 12:07:58.983 9 INFO neutron.wsgi [None req-5288ee00-b667-4728-8452-48bd44293651 f54613d1eed143c784d352c380522db8 b671864245484ba58c69668388478e4b - - default default] 10.0.0.239 "GET /v2.0/subnetpools HTTP/1.1" status: 200 len: 193 time: 0.0073247
2026-09-07 12:08:08.988 10 INFO neutron.wsgi [-] 10.0.0.136 "GET / HTTP/1.1" status: 200 len: 247 time: 0.0025296
2026-09-07 12:08:08.988 9 INFO neutron.wsgi [-] 10.0.0.136 "GET / HTTP/1.1" status: 200 len: 247 time: 0.0026603
2026-09-07 12:08:23.987 10 INFO neutron.wsgi [-] 10.0.0.136 "GET / HTTP/1.1" status: 200 len: 247 time: 0.0017798
2026-09-07 12:08:23.992 9 INFO neutron.wsgi [-] 10.0.0.136 "GET / HTTP/1.1" status: 200 len: 247 time: 0.0028150
2026-09-07 12:08:38.988 9 INFO neutron.wsgi [-] 10.0.0.136 "GET / HTTP/1.1" status: 200 len: 247 time: 0.0031400
2026-09-07 12:08:38.992 10 INFO neutron.wsgi [-] 10.0.0.136 "GET / HTTP/1.1" status: 200 len: 247 time: 0.0035303
2026-09-07 12:08:53.987 10 INFO neutron.wsgi [-] 10.0.0.136 "GET / HTTP/1.1" status: 200 len: 247 time: 0.0018032
2026-09-07 12:08:53.991 9 INFO neutron.wsgi [-] 10.0.0.136 "GET / HTTP/1.1" status: 200 len: 247 time: 0.0051365
2026-09-07 12:08:58.639 9 INFO neutron.wsgi [None req-de110f1c-b762-4eb9-8f9a-308fbd592e4f f54613d1eed143c784d352c380522db8 b671864245484ba58c69668388478e4b - - default default] 10.0.0.239 "GET /v2.0/subnets HTTP/1.1" status: 200 len: 1437 time: 0.1600523
2026-09-07 12:08:58.692 9 INFO neutron.wsgi [None req-de6a3cb7-3aca-467c-b976-c6a57dca3f42 f54613d1eed143c784d352c380522db8 b671864245484ba58c69668388478e4b - - default default] 10.0.0.239 "GET /v2.0/agents HTTP/1.1" status: 200 len: 997 time: 0.0516589
2026-09-07 12:08:58.739 9 INFO neutron.wsgi [None req-4ba2fd44-1659-4f1c-9faa-d7b3aea6650c f54613d1eed143c784d352c380522db8 b671864245484ba58c69668388478e4b - - default default] 10.0.0.239 "GET /v2.0/subnets HTTP/1.1" status: 200 len: 1437 time: 0.0445745
2026-09-07 12:08:58.755 9 INFO neutron.wsgi [None req-80d45611-143f-46fa-bb64-cbe7f20144f6 f54613d1eed143c784d352c380522db8 b671864245484ba58c69668388478e4b - - default default] 10.0.0.239 "GET /v2.0/subnetpools HTTP/1.1" status: 200 len: 193 time: 0.0151937
2026-09-07 12:08:58.788 9 INFO neutron.wsgi [None req-49a03cf4-ea46-4ed1-ac5a-5a9509e6a1e1 f54613d1eed143c784d352c380522db8 b671864245484ba58c69668388478e4b - - default default] 10.0.0.239 "GET /v2.0/floatingips HTTP/1.1" status: 200 len: 193 time: 0.0312121
2026-09-07 12:08:58.849 9 INFO neutron.wsgi [None req-c3290b78-4a2a-4110-b275-cfa54da77565 f54613d1eed143c784d352c380522db8 b671864245484ba58c69668388478e4b - - default default] 10.0.0.239 "GET /v2.0/networks HTTP/1.1" status: 200 len: 2350 time: 0.0603764
2026-09-07 12:08:58.868 9 INFO neutron.wsgi [None req-9d190776-9952-4270-a0f8-ec397eac5343 f54613d1eed143c784d352c380522db8 b671864245484ba58c69668388478e4b - - default default] 10.0.0.239 "GET /v2.0/routers HTTP/1.1" status: 200 len: 189 time: 0.0164828
2026-09-07 12:08:58.875 9 INFO neutron.wsgi [None req-2a2c8e06-72ce-4b35-a8bb-d9f2ac338f39 f54613d1eed143c784d352c380522db8 b671864245484ba58c69668388478e4b - - default default] 10.0.0.239 "GET /v2.0/agents?binary=ovn-controller HTTP/1.1" status: 200 len: 591 time: 0.0070834
2026-09-07 12:08:58.917 9 INFO neutron.wsgi [None req-4743fd7f-1766-4fb1-95d8-edefd5469df6 f54613d1eed143c784d352c380522db8 b671864245484ba58c69668388478e4b - - default default] 10.0.0.239 "GET /v2.0/security-groups HTTP/1.1" status: 200 len: 16803 time: 0.0411818
2026-09-07 12:08:58.951 9 INFO neutron.wsgi [None req-e59a2bd1-8694-4a75-a57b-504536460d5a f54613d1eed143c784d352c380522db8 b671864245484ba58c69668388478e4b - - default default] 10.0.0.239 "GET /v2.0/ports HTTP/1.1" status: 200 len: 5349 time: 0.0270786
2026-09-07 12:08:58.964 9 INFO neutron.wsgi [None req-420c5fef-6ade-4cbe-b644-084cbe45b898 f54613d1eed143c784d352c380522db8 b671864245484ba58c69668388478e4b - - default default] 10.0.0.239 "GET /v2.0/network-ip-availabilities HTTP/1.1" status: 200 len: 1280 time: 0.0088270
2026-09-07 12:09:08.988 9 INFO neutron.wsgi [-] 10.0.0.136 "GET / HTTP/1.1" status: 200 len: 247 time: 0.0027328
2026-09-07 12:09:08.988 10 INFO neutron.wsgi [-] 10.0.0.136 "GET / HTTP/1.1" status: 200 len: 247 time: 0.0025215
2026-09-07 12:09:23.987 9 INFO neutron.wsgi [-] 10.0.0.136 "GET / HTTP/1.1" status: 200 len: 247 time: 0.0019090
2026-09-07 12:09:23.989 10 INFO neutron.wsgi [-] 10.0.0.136 "GET / HTTP/1.1" status: 200 len: 247 time: 0.0040245
2026-09-07 12:09:38.989 9 INFO neutron.wsgi [-] 10.0.0.136 "GET / HTTP/1.1" status: 200 len: 247 time: 0.0022149
2026-09-07 12:09:38.992 9 INFO neutron.wsgi [-] 10.0.0.136 "GET / HTTP/1.1" status: 200 len: 247 time: 0.0018082
2026-09-07 12:09:53.988 10 INFO neutron.wsgi [-] 10.0.0.136 "GET / HTTP/1.1" status: 200 len: 247 time: 0.0022800
2026-09-07 12:09:53.988 9 INFO neutron.wsgi [-] 10.0.0.136 "GET / HTTP/1.1" status: 200 len: 247 time: 0.0025930
2026-09-07 12:09:58.701 9 INFO neutron.wsgi [None req-ead0ab23-a102-403e-b7dd-6f5c0b6852f7 f54613d1eed143c784d352c380522db8 b671864245484ba58c69668388478e4b - - default default] 10.0.0.239 "GET /v2.0/floatingips HTTP/1.1" status: 200 len: 193 time: 0.0962107
2026-09-07 12:09:58.741 9 INFO neutron.wsgi [None req-01995252-449e-4f4c-a222-7a07087d2fc7 f54613d1eed143c784d352c380522db8 b671864245484ba58c69668388478e4b - - default default] 10.0.0.239 "GET /v2.0/ports HTTP/1.1" status: 200 len: 5349 time: 0.0394282
2026-09-07 12:09:58.759 9 INFO neutron.wsgi [None req-5f08c088-e88b-497e-a9e1-f24c9a1244af f54613d1eed143c784d352c380522db8 b671864245484ba58c69668388478e4b - - default default] 10.0.0.239 "GET /v2.0/network-ip-availabilities HTTP/1.1" status: 200 len: 1280 time: 0.0126293
2026-09-07 12:09:58.794 9 INFO neutron.wsgi [None req-32ca2701-7c6a-4714-b590-62322c516b32 f54613d1eed143c784d352c380522db8 b671864245484ba58c69668388478e4b - - default default] 10.0.0.239 "GET /v2.0/subnets HTTP/1.1" status: 200 len: 1437 time: 0.0329781
2026-09-07 12:09:58.825 9 INFO neutron.wsgi [None req-2fb1e6a5-5909-489a-bba3-7a9597433b7b f54613d1eed143c784d352c380522db8 b671864245484ba58c69668388478e4b - - default default] 10.0.0.239 "GET /v2.0/agents HTTP/1.1" status: 200 len: 997 time: 0.0303521
2026-09-07 12:09:58.855 9 INFO neutron.wsgi [None req-52752438-b302-47a0-86d6-72d79bebdb7f f54613d1eed143c784d352c380522db8 b671864245484ba58c69668388478e4b - - default default] 10.0.0.239 "GET /v2.0/subnets HTTP/1.1" status: 200 len: 1437 time: 0.0286889
2026-09-07 12:09:58.863 9 INFO neutron.wsgi [None req-674b499a-699b-427f-9bf3-26f9c9a2032c f54613d1eed143c784d352c380522db8 b671864245484ba58c69668388478e4b - - default default] 10.0.0.239 "GET /v2.0/subnetpools HTTP/1.1" status: 200 len: 193 time: 0.0072744
2026-09-07 12:09:58.916 9 INFO neutron.wsgi [None req-997a27ea-8360-4f9b-af5f-d458ed1e5d62 f54613d1eed143c784d352c380522db8 b671864245484ba58c69668388478e4b - - default default] 10.0.0.239 "GET /v2.0/networks HTTP/1.1" status: 200 len: 2350 time: 0.0517223
2026-09-07 12:09:58.960 9 INFO neutron.wsgi [None req-4410f03b-e1e3-431e-8732-ced6b02258a2 f54613d1eed143c784d352c380522db8 b671864245484ba58c69668388478e4b - - default default] 10.0.0.239 "GET /v2.0/security-groups HTTP/1.1" status: 200 len: 16803 time: 0.0416086
2026-09-07 12:09:58.982 9 INFO neutron.wsgi [None req-3019177e-6715-408f-be99-eb248739849f f54613d1eed143c784d352c380522db8 b671864245484ba58c69668388478e4b - - default default] 10.0.0.239 "GET /v2.0/routers HTTP/1.1" status: 200 len: 189 time: 0.0160334
2026-09-07 12:09:58.991 9 INFO neutron.wsgi [None req-a7892bb2-31b8-4ab4-8033-6212f319467b f54613d1eed143c784d352c380522db8 b671864245484ba58c69668388478e4b - - default default] 10.0.0.239 "GET /v2.0/agents?binary=ovn-controller HTTP/1.1" status: 200 len: 591 time: 0.0090795
2026-09-07 12:10:08.988 9 INFO neutron.wsgi [-] 10.0.0.136 "GET / HTTP/1.1" status: 200 len: 247 time: 0.0025957
2026-09-07 12:10:08.988 10 INFO neutron.wsgi [-] 10.0.0.136 "GET / HTTP/1.1" status: 200 len: 247 time: 0.0027213
2026-09-07 12:10:23.989 9 INFO neutron.wsgi [-] 10.0.0.136 "GET / HTTP/1.1" status: 200 len: 247 time: 0.0024128
2026-09-07 12:10:23.989 10 INFO neutron.wsgi [-] 10.0.0.136 "GET / HTTP/1.1" status: 200 len: 247 time: 0.0023727
2026-09-07 12:10:38.989 9 INFO neutron.wsgi [-] 10.0.0.136 "GET / HTTP/1.1" status: 200 len: 247 time: 0.0034194
2026-09-07 12:10:38.989 10 INFO neutron.wsgi [-] 10.0.0.136 "GET / HTTP/1.1" status: 200 len: 247 time: 0.0033851
2026-09-07 12:10:47.026 9 INFO neutron.db.ovn_revision_numbers_db [None req-d66a5d62-cec3-4386-abe8-030394612f1e f54613d1eed143c784d352c380522db8 b671864245484ba58c69668388478e4b - - default default] Successfully bumped revision number for resource a309bf1b-42d9-407e-a822-4d1f6aa24b18 (type: security_groups) to 1
2026-09-07 12:10:47.040 9 INFO neutron.db.ovn_revision_numbers_db [None req-d66a5d62-cec3-4386-abe8-030394612f1e f54613d1eed143c784d352c380522db8 b671864245484ba58c69668388478e4b - - default default] Successfully bumped revision number for resource 441038a5-4f3b-45a0-b0de-828065762a50 (type: security_group_rules) to 0
2026-09-07 12:10:47.053 9 INFO neutron.db.ovn_revision_numbers_db [None req-d66a5d62-cec3-4386-abe8-030394612f1e f54613d1eed143c784d352c380522db8 b671864245484ba58c69668388478e4b - - default default] Successfully bumped revision number for resource 5eeb1bb3-5686-4c73-b91c-88e37076a9a2 (type: security_group_rules) to 0
2026-09-07 12:10:47.070 9 INFO neutron.db.ovn_revision_numbers_db [None req-d66a5d62-cec3-4386-abe8-030394612f1e f54613d1eed143c784d352c380522db8 b671864245484ba58c69668388478e4b - - default default] Successfully bumped revision number for resource 7df3323e-95bf-4d2e-857e-fe95ad736b5d (type: security_group_rules) to 0
2026-09-07 12:10:47.087 9 INFO neutron.db.ovn_revision_numbers_db [None req-d66a5d62-cec3-4386-abe8-030394612f1e f54613d1eed143c784d352c380522db8 b671864245484ba58c69668388478e4b - - default default] Successfully bumped revision number for resource b25d5ef8-e56b-4eaf-89df-2007b59a6651 (type: security_group_rules) to 0
2026-09-07 12:10:47.111 9 INFO neutron.wsgi [None req-d66a5d62-cec3-4386-abe8-030394612f1e f54613d1eed143c784d352c380522db8 b671864245484ba58c69668388478e4b - - default default] 10.0.0.4 "GET /v2.0/security-groups?tenant_id=ae8dd3f2df4a44c2ac3e02e6e90167e5&name=default HTTP/1.1" status: 200 len: 2996 time: 0.4177070
2026-09-07 12:10:47.402 10 INFO neutron.wsgi [None req-734cf048-36bc-44dd-b891-697d5a148fb2 f54613d1eed143c784d352c380522db8 b671864245484ba58c69668388478e4b - - default default] 10.0.0.4 "DELETE /v2.0/security-groups/a309bf1b-42d9-407e-a822-4d1f6aa24b18 HTTP/1.1" status: 204 len: 168 time: 0.2835243
2026-09-07 12:10:47.629 9 INFO neutron.db.ovn_revision_numbers_db [None req-ff3e5697-55d8-4e62-a0de-19ef8577e8fd f54613d1eed143c784d352c380522db8 b671864245484ba58c69668388478e4b - - default default] Successfully bumped revision number for resource b1eaa4da-bb2b-4160-b968-249c33fe597b (type: security_groups) to 1
2026-09-07 12:10:47.647 9 INFO neutron.db.ovn_revision_numbers_db [None req-ff3e5697-55d8-4e62-a0de-19ef8577e8fd f54613d1eed143c784d352c380522db8 b671864245484ba58c69668388478e4b - - default default] Successfully bumped revision number for resource 0e0a05fd-8b04-464d-9999-b389a8c42917 (type: security_group_rules) to 0
2026-09-07 12:10:47.664 9 INFO neutron.db.ovn_revision_numbers_db [None req-ff3e5697-55d8-4e62-a0de-19ef8577e8fd f54613d1eed143c784d352c380522db8 b671864245484ba58c69668388478e4b - - default default] Successfully bumped revision number for resource 0e71fdad-37e6-4317-bf27-c692dd40de1e (type: security_group_rules) to 0
2026-09-07 12:10:47.686 9 INFO neutron.db.ovn_revision_numbers_db [None req-ff3e5697-55d8-4e62-a0de-19ef8577e8fd f54613d1eed143c784d352c380522db8 b671864245484ba58c69668388478e4b - - default default] Successfully bumped revision number for resource 437ade3d-8a1d-42da-8a4e-28482480332e (type: security_group_rules) to 0
2026-09-07 12:10:47.705 9 INFO neutron.db.ovn_revision_numbers_db [None req-ff3e5697-55d8-4e62-a0de-19ef8577e8fd f54613d1eed143c784d352c380522db8 b671864245484ba58c69668388478e4b - - default default] Successfully bumped revision number for resource 8d8276fb-874a-4ad7-956a-e6700024b623 (type: security_group_rules) to 0
2026-09-07 12:10:47.739 9 INFO neutron.wsgi [None req-ff3e5697-55d8-4e62-a0de-19ef8577e8fd f54613d1eed143c784d352c380522db8 b671864245484ba58c69668388478e4b - - default default] 10.0.0.4 "GET /v2.0/security-groups?tenant_id=1e7622594d5a4753a33c23a7ada54ac1&name=default HTTP/1.1" status: 200 len: 2996 time: 0.2437186
2026-09-07 12:10:47.910 10 INFO neutron.wsgi [None req-4949937d-78ee-4da1-89fa-487e55bfe863 f54613d1eed143c784d352c380522db8 b671864245484ba58c69668388478e4b - - default default] 10.0.0.4 "DELETE /v2.0/security-groups/b1eaa4da-bb2b-4160-b968-249c33fe597b HTTP/1.1" status: 204 len: 168 time: 0.1648221
2026-09-07 12:10:48.234 10 INFO neutron.db.ovn_revision_numbers_db [None req-5830a20c-6eb4-4f1f-b4fa-c1f902753e5d f54613d1eed143c784d352c380522db8 b671864245484ba58c69668388478e4b - - default default] Successfully bumped revision number for resource d7c6c289-13db-4060-aa61-4223223c5a45 (type: security_groups) to 1
2026-09-07 12:10:48.253 10 INFO neutron.db.ovn_revision_numbers_db [None req-5830a20c-6eb4-4f1f-b4fa-c1f902753e5d f54613d1eed143c784d352c380522db8 b671864245484ba58c69668388478e4b - - default default] Successfully bumped revision number for resource 438d3dbe-8e6d-4d83-97ec-b5529d039556 (type: security_group_rules) to 0
2026-09-07 12:10:48.271 10 INFO neutron.db.ovn_revision_numbers_db [None req-5830a20c-6eb4-4f1f-b4fa-c1f902753e5d f54613d1eed143c784d352c380522db8 b671864245484ba58c69668388478e4b - - default default] Successfully bumped revision number for resource b2bf0ac1-80f4-48bb-a1cb-5c564fc6735b (type: security_group_rules) to 0
2026-09-07 12:10:48.298 10 INFO neutron.db.ovn_revision_numbers_db [None req-5830a20c-6eb4-4f1f-b4fa-c1f902753e5d f54613d1eed143c784d352c380522db8 b671864245484ba58c69668388478e4b - - default default] Successfully bumped revision number for resource c03b1186-5cd4-45a5-af42-d86117ac07c0 (type: security_group_rules) to 0
2026-09-07 12:10:48.320 10 INFO neutron.db.ovn_revision_numbers_db [None req-5830a20c-6eb4-4f1f-b4fa-c1f902753e5d f54613d1eed143c784d352c380522db8 b671864245484ba58c69668388478e4b - - default default] Successfully bumped revision number for resource d0d827c8-1674-4a6c-8ff7-a5a7d506e501 (type: security_group_rules) to 0
2026-09-07 12:10:48.355 10 INFO neutron.wsgi [None req-5830a20c-6eb4-4f1f-b4fa-c1f902753e5d f54613d1eed143c784d352c380522db8 b671864245484ba58c69668388478e4b - - default default] 10.0.0.4 "GET /v2.0/security-groups?tenant_id=4e2c9413fe754467bf35183d43f01cbd&name=default HTTP/1.1" status: 200 len: 2996 time: 0.2693777
2026-09-07 12:10:48.601 10 INFO neutron.wsgi [None req-45a9bc44-2b7d-46bf-ac1c-e8e42961746a f54613d1eed143c784d352c380522db8 b671864245484ba58c69668388478e4b - - default default] 10.0.0.4 "DELETE /v2.0/security-groups/d7c6c289-13db-4060-aa61-4223223c5a45 HTTP/1.1" status: 204 len: 168 time: 0.2401371
2026-09-07 12:10:48.930 10 INFO neutron.db.ovn_revision_numbers_db [None req-17786c7b-9558-4637-94fc-70e3d3687b3d f54613d1eed143c784d352c380522db8 b671864245484ba58c69668388478e4b - - default default] Successfully bumped revision number for resource a4788769-d5e1-458b-a266-bec3c5d1981e (type: security_groups) to 1
2026-09-07 12:10:48.949 10 INFO neutron.db.ovn_revision_numbers_db [None req-17786c7b-9558-4637-94fc-70e3d3687b3d f54613d1eed143c784d352c380522db8 b671864245484ba58c69668388478e4b - - default default] Successfully bumped revision number for resource 051453be-d161-4be4-9c25-d2425029da57 (type: security_group_rules) to 0
2026-09-07 12:10:48.968 10 INFO neutron.db.ovn_revision_numbers_db [None req-17786c7b-9558-4637-94fc-70e3d3687b3d f54613d1eed143c784d352c380522db8 b671864245484ba58c69668388478e4b - - default default] Successfully bumped revision number for resource a11a65b8-d2a7-4301-839f-c80a0201bb4e (type: security_group_rules) to 0
2026-09-07 12:10:48.983 10 INFO neutron.db.ovn_revision_numbers_db [None req-17786c7b-9558-4637-94fc-70e3d3687b3d f54613d1eed143c784d352c380522db8 b671864245484ba58c69668388478e4b - - default default] Successfully bumped revision number for resource c1c143dd-696d-40b0-91ce-9b54528f8662 (type: security_group_rules) to 0
2026-09-07 12:10:48.999 10 INFO neutron.db.ovn_revision_numbers_db [None req-17786c7b-9558-4637-94fc-70e3d3687b3d f54613d1eed143c784d352c380522db8 b671864245484ba58c69668388478e4b - - default default] Successfully bumped revision number for resource e511a8a9-5b0b-465f-b1be-8cf2634edb4d (type: security_group_rules) to 0
2026-09-07 12:10:49.031 10 INFO neutron.wsgi [None req-17786c7b-9558-4637-94fc-70e3d3687b3d f54613d1eed143c784d352c380522db8 b671864245484ba58c69668388478e4b - - default default] 10.0.0.4 "GET /v2.0/security-groups?tenant_id=e48509f1b36f433daa178db8f3104d61&name=default HTTP/1.1" status: 200 len: 2996 time: 0.2311831
2026-09-07 12:10:49.314 9 INFO neutron.wsgi [None req-55720fda-2814-4129-a5b1-723267fcf90f f54613d1eed143c784d352c380522db8 b671864245484ba58c69668388478e4b - - default default] 10.0.0.4 "DELETE /v2.0/security-groups/a4788769-d5e1-458b-a266-bec3c5d1981e HTTP/1.1" status: 204 len: 168 time: 0.2666941
2026-09-07 12:10:49.534 9 INFO neutron.db.ovn_revision_numbers_db [None req-1170bb13-a999-42b3-9059-2e765941dc3e f54613d1eed143c784d352c380522db8 b671864245484ba58c69668388478e4b - - default default] Successfully bumped revision number for resource e0d9e603-4e75-4d35-8b50-124113b20e76 (type: security_groups) to 1
2026-09-07 12:10:49.546 9 INFO neutron.db.ovn_revision_numbers_db [None req-1170bb13-a999-42b3-9059-2e765941dc3e f54613d1eed143c784d352c380522db8 b671864245484ba58c69668388478e4b - - default default] Successfully bumped revision number for resource 47db6063-70f9-40c8-9314-af58f9415b5e (type: security_group_rules) to 0
2026-09-07 12:10:49.558 9 INFO neutron.db.ovn_revision_numbers_db [None req-1170bb13-a999-42b3-9059-2e765941dc3e f54613d1eed143c784d352c380522db8 b671864245484ba58c69668388478e4b - - default default] Successfully bumped revision number for resource 6d9b20b6-928f-410e-ada5-707ea3861c59 (type: security_group_rules) to 0
2026-09-07 12:10:49.577 9 INFO neutron.db.ovn_revision_numbers_db [None req-1170bb13-a999-42b3-9059-2e765941dc3e f54613d1eed143c784d352c380522db8 b671864245484ba58c69668388478e4b - - default default] Successfully bumped revision number for resource d93024fd-df59-447b-a940-3ece5b5423ea (type: security_group_rules) to 0
2026-09-07 12:10:49.604 9 INFO neutron.db.ovn_revision_numbers_db [None req-1170bb13-a999-42b3-9059-2e765941dc3e f54613d1eed143c784d352c380522db8 b671864245484ba58c69668388478e4b - - default default] Successfully bumped revision number for resource e9b3ec3d-b416-492a-a2b5-890d0b2a12ed (type: security_group_rules) to 0
2026-09-07 12:10:49.644 9 INFO neutron.wsgi [None req-1170bb13-a999-42b3-9059-2e765941dc3e f54613d1eed143c784d352c380522db8 b671864245484ba58c69668388478e4b - - default default] 10.0.0.4 "GET /v2.0/security-groups?tenant_id=edcbd451d5fa41d0b7c37cf6cc606514&name=default HTTP/1.1" status: 200 len: 2996 time: 0.1942129
2026-09-07 12:10:49.888 9 INFO neutron.wsgi [None req-07ffb972-3d4b-40de-9c2a-c7b2ff1e9083 f54613d1eed143c784d352c380522db8 b671864245484ba58c69668388478e4b - - default default] 10.0.0.4 "DELETE /v2.0/security-groups/e0d9e603-4e75-4d35-8b50-124113b20e76 HTTP/1.1" status: 204 len: 168 time: 0.2357838
2026-09-07 12:10:50.176 10 INFO neutron.db.ovn_revision_numbers_db [None req-6e6a7cec-57e4-4d81-a251-6000f3e52540 f54613d1eed143c784d352c380522db8 b671864245484ba58c69668388478e4b - - default default] Successfully bumped revision number for resource 2a4a0479-4ed1-42f3-bfc8-55acf3c7c283 (type: security_groups) to 1
2026-09-07 12:10:50.194 10 INFO neutron.db.ovn_revision_numbers_db [None req-6e6a7cec-57e4-4d81-a251-6000f3e52540 f54613d1eed143c784d352c380522db8 b671864245484ba58c69668388478e4b - - default default] Successfully bumped revision number for resource 810b5e68-4f97-4d6c-b6e8-e3542460fd12 (type: security_group_rules) to 0
2026-09-07 12:10:50.218 10 INFO neutron.db.ovn_revision_numbers_db [None req-6e6a7cec-57e4-4d81-a251-6000f3e52540 f54613d1eed143c784d352c380522db8 b671864245484ba58c69668388478e4b - - default default] Successfully bumped revision number for resource 9bc16136-2839-4971-9e97-eb5edc1280d4 (type: security_group_rules) to 0
2026-09-07 12:10:50.239 10 INFO neutron.db.ovn_revision_numbers_db [None req-6e6a7cec-57e4-4d81-a251-6000f3e52540 f54613d1eed143c784d352c380522db8 b671864245484ba58c69668388478e4b - - default default] Successfully bumped revision number for resource e1b3480c-dd04-4bb4-a175-26e96b1d64ee (type: security_group_rules) to 0
2026-09-07 12:10:50.258 10 INFO neutron.db.ovn_revision_numbers_db [None req-6e6a7cec-57e4-4d81-a251-6000f3e52540 f54613d1eed143c784d352c380522db8 b671864245484ba58c69668388478e4b - - default default] Successfully bumped revision number for resource ede4511e-cdcd-4bf2-9ad7-a6ad76d14ab4 (type: security_group_rules) to 0
2026-09-07 12:10:50.289 10 INFO neutron.wsgi [None req-6e6a7cec-57e4-4d81-a251-6000f3e52540 f54613d1eed143c784d352c380522db8 b671864245484ba58c69668388478e4b - - default default] 10.0.0.4 "GET /v2.0/security-groups?tenant_id=241842a18b1245f2bb6e54cdd2f1e609&name=default HTTP/1.1" status: 200 len: 2996 time: 0.2319715
2026-09-07 12:10:50.612 10 INFO neutron.wsgi [None req-1af24cd9-c8d6-49e5-8d5e-233ed5139b26 f54613d1eed143c784d352c380522db8 b671864245484ba58c69668388478e4b - - default default] 10.0.0.4 "DELETE /v2.0/security-groups/2a4a0479-4ed1-42f3-bfc8-55acf3c7c283 HTTP/1.1" status: 204 len: 168 time: 0.3164806
2026-09-07 12:10:50.882 9 INFO neutron.db.ovn_revision_numbers_db [None req-0a7741c2-be44-4228-b30c-30eff71f6499 f54613d1eed143c784d352c380522db8 b671864245484ba58c69668388478e4b - - default default] Successfully bumped revision number for resource 543242a0-490a-421e-bba0-a206d48563cf (type: security_groups) to 1
2026-09-07 12:10:50.897 9 INFO neutron.db.ovn_revision_numbers_db [None req-0a7741c2-be44-4228-b30c-30eff71f6499 f54613d1eed143c784d352c380522db8 b671864245484ba58c69668388478e4b - - default default] Successfully bumped revision number for resource 2731bb83-1005-46f4-8457-84255e197292 (type: security_group_rules) to 0
2026-09-07 12:10:50.919 9 INFO neutron.db.ovn_revision_numbers_db [None req-0a7741c2-be44-4228-b30c-30eff71f6499 f54613d1eed143c784d352c380522db8 b671864245484ba58c69668388478e4b - - default default] Successfully bumped revision number for resource 363fe8dc-8a65-4645-89ad-c4347270c1ab (type: security_group_rules) to 0
2026-09-07 12:10:50.933 9 INFO neutron.db.ovn_revision_numbers_db [None req-0a7741c2-be44-4228-b30c-30eff71f6499 f54613d1eed143c784d352c380522db8 b671864245484ba58c69668388478e4b - - default default] Successfully bumped revision number for resource 5b3b31fc-88d0-40a2-bede-9d306b8569a6 (type: security_group_rules) to 0
2026-09-07 12:10:50.951 9 INFO neutron.db.ovn_revision_numbers_db [None req-0a7741c2-be44-4228-b30c-30eff71f6499 f54613d1eed143c784d352c380522db8 b671864245484ba58c69668388478e4b - - default default] Successfully bumped revision number for resource d1e16a6a-5e4a-46be-ab89-4d02e6071b15 (type: security_group_rules) to 0
2026-09-07 12:10:50.971 9 INFO neutron.wsgi [None req-0a7741c2-be44-4228-b30c-30eff71f6499 f54613d1eed143c784d352c380522db8 b671864245484ba58c69668388478e4b - - default default] 10.0.0.4 "GET /v2.0/security-groups?tenant_id=52a78e8ca4bb4d3cb303770dd6616503&name=default HTTP/1.1" status: 200 len: 2996 time: 0.2125380
2026-09-07 12:10:51.158 9 INFO neutron.wsgi [None req-c2e9ad46-ac35-4812-a20d-e2c84593d937 f54613d1eed143c784d352c380522db8 b671864245484ba58c69668388478e4b - - default default] 10.0.0.4 "DELETE /v2.0/security-groups/543242a0-490a-421e-bba0-a206d48563cf HTTP/1.1" status: 204 len: 168 time: 0.1815197
2026-09-07 12:10:53.988 10 INFO neutron.wsgi [-] 10.0.0.136 "GET / HTTP/1.1" status: 200 len: 247 time: 0.0024152
2026-09-07 12:10:53.991 10 INFO neutron.wsgi [-] 10.0.0.136 "GET / HTTP/1.1" status: 200 len: 247 time: 0.0021169
2026-09-07 12:10:56.303 9 WARNING neutron.scheduler.dhcp_agent_scheduler [None req-fb56caca-b402-4e12-95ac-a6ba60a3044a 17967fe72bad444ab571544d9fb06d02 1e2d06aac74e4820857e9b3d4e6fe9f3 - - default default] No more DHCP agents
2026-09-07 12:10:56.313 9 WARNING neutron.api.rpc.agentnotifiers.dhcp_rpc_agent_api [None req-fb56caca-b402-4e12-95ac-a6ba60a3044a 17967fe72bad444ab571544d9fb06d02 1e2d06aac74e4820857e9b3d4e6fe9f3 - - default default] Unable to schedule network 68a220ec-f1dd-40d1-a667-d525a0334a14: no agents available; will retry on subsequent port and subnet creation events.
2026-09-07 12:10:56.758 9 INFO neutron.db.ovn_revision_numbers_db [None req-fb56caca-b402-4e12-95ac-a6ba60a3044a 17967fe72bad444ab571544d9fb06d02 1e2d06aac74e4820857e9b3d4e6fe9f3 - - default default] Successfully bumped revision number for resource 27152dff-9f67-46fc-b44e-03b7cf4e7d51 (type: floatingips) to 0
2026-09-07 12:10:56.771 9 INFO neutron.wsgi [None req-fb56caca-b402-4e12-95ac-a6ba60a3044a 17967fe72bad444ab571544d9fb06d02 1e2d06aac74e4820857e9b3d4e6fe9f3 - - default default] 10.0.0.4 "POST /v2.0/floatingips HTTP/1.1" status: 201 len: 751 time: 0.9561284
2026-09-07 12:10:57.016 9 WARNING neutron.scheduler.dhcp_agent_scheduler [None req-d8319260-3fd2-4a0c-bd59-7f483185dc8a 17967fe72bad444ab571544d9fb06d02 1e2d06aac74e4820857e9b3d4e6fe9f3 - - default default] No more DHCP agents
2026-09-07 12:10:57.018 9 WARNING neutron.api.rpc.agentnotifiers.dhcp_rpc_agent_api [None req-d8319260-3fd2-4a0c-bd59-7f483185dc8a 17967fe72bad444ab571544d9fb06d02 1e2d06aac74e4820857e9b3d4e6fe9f3 - - default default] Unable to schedule network 68a220ec-f1dd-40d1-a667-d525a0334a14: no agents available; will retry on subsequent port and subnet creation events.
2026-09-07 12:10:57.261 9 INFO neutron.db.ovn_revision_numbers_db [None req-d8319260-3fd2-4a0c-bd59-7f483185dc8a 17967fe72bad444ab571544d9fb06d02 1e2d06aac74e4820857e9b3d4e6fe9f3 - - default default] Successfully bumped revision number for resource db724a60-5ff7-4891-8370-c00531d99eb6 (type: floatingips) to 0
2026-09-07 12:10:57.281 9 INFO neutron.wsgi [None req-d8319260-3fd2-4a0c-bd59-7f483185dc8a 17967fe72bad444ab571544d9fb06d02 1e2d06aac74e4820857e9b3d4e6fe9f3 - - default default] 10.0.0.4 "POST /v2.0/floatingips HTTP/1.1" status: 201 len: 751 time: 0.5047262
2026-09-07 12:10:57.621 9 WARNING neutron.scheduler.dhcp_agent_scheduler [None req-ea23eccd-68c5-4e47-8996-917baa84a397 17967fe72bad444ab571544d9fb06d02 1e2d06aac74e4820857e9b3d4e6fe9f3 - - default default] No more DHCP agents
2026-09-07 12:10:57.625 9 WARNING neutron.api.rpc.agentnotifiers.dhcp_rpc_agent_api [None req-ea23eccd-68c5-4e47-8996-917baa84a397 17967fe72bad444ab571544d9fb06d02 1e2d06aac74e4820857e9b3d4e6fe9f3 - - default default] Unable to schedule network 68a220ec-f1dd-40d1-a667-d525a0334a14: no agents available; will retry on subsequent port and subnet creation events.
2026-09-07 12:10:57.910 9 INFO neutron.db.ovn_revision_numbers_db [None req-ea23eccd-68c5-4e47-8996-917baa84a397 17967fe72bad444ab571544d9fb06d02 1e2d06aac74e4820857e9b3d4e6fe9f3 - - default default] Successfully bumped revision number for resource 72f0fe0d-3943-49ab-af7e-057738d6f228 (type: floatingips) to 0
2026-09-07 12:10:57.925 9 INFO neutron.wsgi [None req-ea23eccd-68c5-4e47-8996-917baa84a397 17967fe72bad444ab571544d9fb06d02 1e2d06aac74e4820857e9b3d4e6fe9f3 - - default default] 10.0.0.4 "POST /v2.0/floatingips HTTP/1.1" status: 201 len: 751 time: 0.6378980
2026-09-07 12:10:58.205 9 WARNING neutron.scheduler.dhcp_agent_scheduler [None req-da81d155-f475-4613-b07e-5adb496e9e19 17967fe72bad444ab571544d9fb06d02 1e2d06aac74e4820857e9b3d4e6fe9f3 - - default default] No more DHCP agents
2026-09-07 12:10:58.208 9 WARNING neutron.api.rpc.agentnotifiers.dhcp_rpc_agent_api [None req-da81d155-f475-4613-b07e-5adb496e9e19 17967fe72bad444ab571544d9fb06d02 1e2d06aac74e4820857e9b3d4e6fe9f3 - - default default] Unable to schedule network 68a220ec-f1dd-40d1-a667-d525a0334a14: no agents available; will retry on subsequent port and subnet creation events.
2026-09-07 12:10:58.556 9 INFO neutron.db.ovn_revision_numbers_db [None req-da81d155-f475-4613-b07e-5adb496e9e19 17967fe72bad444ab571544d9fb06d02 1e2d06aac74e4820857e9b3d4e6fe9f3 - - default default] Successfully bumped revision number for resource 1465f7d6-05eb-4722-bbc4-70d434648222 (type: floatingips) to 0
2026-09-07 12:10:58.567 9 INFO neutron.wsgi [None req-da81d155-f475-4613-b07e-5adb496e9e19 17967fe72bad444ab571544d9fb06d02 1e2d06aac74e4820857e9b3d4e6fe9f3 - - default default] 10.0.0.4 "POST /v2.0/floatingips HTTP/1.1" status: 201 len: 751 time: 0.6307878
2026-09-07 12:10:58.719 9 INFO neutron.wsgi [None req-42d69add-1dd4-40ac-b1df-dace8d7ca243 f54613d1eed143c784d352c380522db8 b671864245484ba58c69668388478e4b - - default default] 10.0.0.239 "GET /v2.0/security-groups HTTP/1.1" status: 200 len: 16803 time: 0.1032188
2026-09-07 12:10:58.763 9 INFO neutron.wsgi [None req-2f2c3b84-79a9-433d-8bdc-c806fda52c04 f54613d1eed143c784d352c380522db8 b671864245484ba58c69668388478e4b - - default default] 10.0.0.239 "GET /v2.0/subnets HTTP/1.1" status: 200 len: 1437 time: 0.0382423
2026-09-07 12:10:58.786 9 INFO neutron.wsgi [None req-986d21ba-1610-4ff2-9b9c-96a8949bce37 f54613d1eed143c784d352c380522db8 b671864245484ba58c69668388478e4b - - default default] 10.0.0.239 "GET /v2.0/routers HTTP/1.1" status: 200 len: 189 time: 0.0210664
