2026-09-07 11:58:24.427 10 INFO neutron.wsgi [None req-9f9bf50a-d665-4a88-b41a-63fb80767566 02e358e07b7945ddb4e3840a60eec759 985cf89c2c464d31840622be98057526 - - default default] 10.0.0.4 "GET /v2.0/extensions/standard-attr-description HTTP/1.1" status: 200 len: 408 time: 0.0031939
2026-09-07 11:58:24.433 10 INFO neutron.wsgi [None req-40dfcb4c-0576-49f3-b7f7-8984a7edb109 02e358e07b7945ddb4e3840a60eec759 985cf89c2c464d31840622be98057526 - - default default] 10.0.0.4 "GET /v2.0/extensions/stateful-security-group HTTP/1.1" status: 200 len: 402 time: 0.0027890
2026-09-07 11:58:24.439 10 INFO neutron.wsgi [None req-835895a3-9ba3-421a-b505-ee94d08d2fd8 02e358e07b7945ddb4e3840a60eec759 985cf89c2c464d31840622be98057526 - - default default] 10.0.0.4 "GET /v2.0/extensions/subnet-dns-publish-fixed-ip HTTP/1.1" status: 200 len: 421 time: 0.0029931
2026-09-07 11:58:24.446 10 INFO neutron.wsgi [None req-6c5beb83-78fe-4620-bbe9-d75e9365b66f 02e358e07b7945ddb4e3840a60eec759 985cf89c2c464d31840622be98057526 - - default default] 10.0.0.4 "GET /v2.0/extensions/subnet-segmentid-writable HTTP/1.1" status: 200 len: 421 time: 0.0029759
2026-09-07 11:58:24.452 10 INFO neutron.wsgi [None req-fbde8790-7109-4fc9-8f15-3a300c55d908 02e358e07b7945ddb4e3840a60eec759 985cf89c2c464d31840622be98057526 - - default default] 10.0.0.4 "GET /v2.0/extensions/subnet-service-types HTTP/1.1" status: 200 len: 400 time: 0.0034401
2026-09-07 11:58:24.458 10 INFO neutron.wsgi [None req-c29190df-cbab-454b-b914-b0c00d882917 02e358e07b7945ddb4e3840a60eec759 985cf89c2c464d31840622be98057526 - - default default] 10.0.0.4 "GET /v2.0/extensions/subnet_allocation HTTP/1.1" status: 200 len: 388 time: 0.0029237
2026-09-07 11:58:24.465 10 INFO neutron.wsgi [None req-86e1f352-0e09-46fb-a559-1b4dd5d7b8b7 02e358e07b7945ddb4e3840a60eec759 985cf89c2c464d31840622be98057526 - - default default] 10.0.0.4 "GET /v2.0/extensions/subnetpool-prefix-ops HTTP/1.1" status: 200 len: 418 time: 0.0027194
2026-09-07 11:58:24.470 10 INFO neutron.wsgi [None req-10384644-f531-4cc2-ac23-ff826794d6af 02e358e07b7945ddb4e3840a60eec759 985cf89c2c464d31840622be98057526 - - default default] 10.0.0.4 "GET /v2.0/extensions/standard-attr-tag HTTP/1.1" status: 200 len: 537 time: 0.0029912
2026-09-07 11:58:24.476 10 INFO neutron.wsgi [None req-c77ec034-1637-4672-b5bb-1faa864edf5b 02e358e07b7945ddb4e3840a60eec759 985cf89c2c464d31840622be98057526 - - default default] 10.0.0.4 "GET /v2.0/extensions/standard-attr-timestamp HTTP/1.1" status: 200 len: 449 time: 0.0027738
2026-09-07 11:58:24.481 10 INFO neutron.wsgi [None req-284559ef-9335-4128-84b9-1cad565883de 02e358e07b7945ddb4e3840a60eec759 985cf89c2c464d31840622be98057526 - - default default] 10.0.0.4 "GET /v2.0/extensions/trunk HTTP/1.1" status: 200 len: 358 time: 0.0025966
2026-09-07 11:58:24.486 10 INFO neutron.wsgi [None req-6f4193bb-4309-4632-9c16-c3065bbc02a7 02e358e07b7945ddb4e3840a60eec759 985cf89c2c464d31840622be98057526 - - default default] 10.0.0.4 "GET /v2.0/extensions/trunk-details HTTP/1.1" status: 200 len: 362 time: 0.0027049
2026-09-07 11:58:24.546 9 INFO neutron.wsgi [req-e2d537bb-28f4-4513-aef4-2e8a1340138f req-6ab0988a-cc7e-4b5b-a99f-dcc96ac6055e cbf67d913fe4403eab75353bad237055 a7e6e587c4fc46e0b9bea9a50b84abc9 - - default default] 162.253.55.243 "GET /v2.0/ports?device_id=d6ae7ba1-95b7-43cd-9251-87ad9f0fbe76 HTTP/1.1" status: 200 len: 1172 time: 0.1073027
2026-09-07 11:58:24.547 9 INFO neutron.db.ovn_revision_numbers_db [None req-bee1148f-0aab-47b4-b6da-bb3a311d9ca2 - - - - - -] Successfully bumped revision number for resource 206a161f-88e4-463a-a418-6529e6363c48 (type: ports) to 5
2026-09-07 11:58:24.818 9 INFO neutron.db.l3_db [req-e2d537bb-28f4-4513-aef4-2e8a1340138f req-faa642c3-d750-4c45-9b41-dcd032a7934e cbf67d913fe4403eab75353bad237055 a7e6e587c4fc46e0b9bea9a50b84abc9 - - default default] Floating IP 07ce20ce-ba93-4044-9daa-ecee92b9369f disassociated. External IP: 10.96.250.208, port: 206a161f-88e4-463a-a418-6529e6363c48.
2026-09-07 11:58:25.092 9 INFO neutron.wsgi [req-e2d537bb-28f4-4513-aef4-2e8a1340138f req-faa642c3-d750-4c45-9b41-dcd032a7934e cbf67d913fe4403eab75353bad237055 a7e6e587c4fc46e0b9bea9a50b84abc9 - - default default] 162.253.55.243 "DELETE /v2.0/ports/206a161f-88e4-463a-a418-6529e6363c48 HTTP/1.1" status: 204 len: 173 time: 0.5405760 /var/lib/openstack/lib/python3.10/site-packages/pycadf/identifier.py:71: UserWarning: Invalid uuid: neutron. To ensure interoperability, identifiers should be a valid uuid. warnings.warn(('Invalid uuid: %s. To ensure interoperability, '
2026-09-07 11:58:25.416 10 INFO neutron.wsgi [req-b08602f0-3cd4-4b12-ba96-4cd23e875b33 req-2d21ae83-3d9d-4095-bace-3847ecc335d0 cbf67d913fe4403eab75353bad237055 a7e6e587c4fc46e0b9bea9a50b84abc9 - - default default] 10.0.0.3 "GET /v2.0/ports?device_id=d6ae7ba1-95b7-43cd-9251-87ad9f0fbe76 HTTP/1.1" status: 200 len: 210 time: 0.0291498
2026-09-07 11:58:25.499 9 INFO neutron.db.ovn_revision_numbers_db [None req-61d4c4b1-ce54-49ba-9886-b09215cf1587 f54613d1eed143c784d352c380522db8 b671864245484ba58c69668388478e4b - - default default] Successfully bumped revision number for resource a19580c9-d4fb-4cf9-a335-b171fa29e412 (type: security_groups) to 1
2026-09-07 11:58:25.516 9 INFO neutron.db.ovn_revision_numbers_db [None req-61d4c4b1-ce54-49ba-9886-b09215cf1587 f54613d1eed143c784d352c380522db8 b671864245484ba58c69668388478e4b - - default default] Successfully bumped revision number for resource 67d1528c-2e59-4ab5-8672-fa19b6686103 (type: security_group_rules) to 0
2026-09-07 11:58:25.538 9 INFO neutron.db.ovn_revision_numbers_db [None req-61d4c4b1-ce54-49ba-9886-b09215cf1587 f54613d1eed143c784d352c380522db8 b671864245484ba58c69668388478e4b - - default default] Successfully bumped revision number for resource 7311cb18-6a50-4dab-b15e-79b53f551b2e (type: security_group_rules) to 0
2026-09-07 11:58:25.563 9 INFO neutron.db.ovn_revision_numbers_db [None req-61d4c4b1-ce54-49ba-9886-b09215cf1587 f54613d1eed143c784d352c380522db8 b671864245484ba58c69668388478e4b - - default default] Successfully bumped revision number for resource ae47411c-c282-4c12-be9f-09c817446dae (type: security_group_rules) to 0
2026-09-07 11:58:25.585 9 INFO neutron.db.ovn_revision_numbers_db [None req-61d4c4b1-ce54-49ba-9886-b09215cf1587 f54613d1eed143c784d352c380522db8 b671864245484ba58c69668388478e4b - - default default] Successfully bumped revision number for resource c2b47f72-b39d-4bf0-9a8b-04cce194d531 (type: security_group_rules) to 0
2026-09-07 11:58:25.616 9 INFO neutron.wsgi [None req-61d4c4b1-ce54-49ba-9886-b09215cf1587 f54613d1eed143c784d352c380522db8 b671864245484ba58c69668388478e4b - - default default] 10.0.0.4 "GET /v2.0/security-groups?tenant_id=985cf89c2c464d31840622be98057526&name=default HTTP/1.1" status: 200 len: 2996 time: 0.5194612
2026-09-07 11:58:25.676 10 INFO neutron.db.ovn_revision_numbers_db [None req-749651cc-8053-4dea-ad99-77d23b8f6686 f54613d1eed143c784d352c380522db8 b671864245484ba58c69668388478e4b - - default default] Successfully bumped revision number for resource eebd6d83-e577-4c4f-bf30-50c6a9715ccb (type: security_groups) to 1
2026-09-07 11:58:25.689 10 INFO neutron.db.ovn_revision_numbers_db [None req-749651cc-8053-4dea-ad99-77d23b8f6686 f54613d1eed143c784d352c380522db8 b671864245484ba58c69668388478e4b - - default default] Successfully bumped revision number for resource 7b91c09a-798d-4f4f-bac9-69a111a267b5 (type: security_group_rules) to 0
2026-09-07 11:58:25.727 10 INFO neutron.db.ovn_revision_numbers_db [None req-749651cc-8053-4dea-ad99-77d23b8f6686 f54613d1eed143c784d352c380522db8 b671864245484ba58c69668388478e4b - - default default] Successfully bumped revision number for resource 9db78bff-7748-40df-8619-339c81c19d65 (type: security_group_rules) to 0
2026-09-07 11:58:25.741 10 INFO neutron.db.ovn_revision_numbers_db [None req-749651cc-8053-4dea-ad99-77d23b8f6686 f54613d1eed143c784d352c380522db8 b671864245484ba58c69668388478e4b - - default default] Successfully bumped revision number for resource c8edad08-c257-412f-9ab2-f697bf547de3 (type: security_group_rules) to 0
2026-09-07 11:58:25.753 10 INFO neutron.db.ovn_revision_numbers_db [None req-749651cc-8053-4dea-ad99-77d23b8f6686 f54613d1eed143c784d352c380522db8 b671864245484ba58c69668388478e4b - - default default] Successfully bumped revision number for resource ea71f8e2-db42-4cec-b394-91ee99817220 (type: security_group_rules) to 0
2026-09-07 11:58:25.772 10 INFO neutron.wsgi [None req-749651cc-8053-4dea-ad99-77d23b8f6686 f54613d1eed143c784d352c380522db8 b671864245484ba58c69668388478e4b - - default default] 10.0.0.4 "GET /v2.0/security-groups?tenant_id=9a9c044d364d45eab02d434efc7a9ba5&name=default HTTP/1.1" status: 200 len: 2996 time: 0.2899656
2026-09-07 11:58:25.840 9 INFO neutron.wsgi [None req-3a5099d8-80f4-49bb-8298-76a54b3d81b2 f54613d1eed143c784d352c380522db8 b671864245484ba58c69668388478e4b - - default default] 10.0.0.4 "DELETE /v2.0/security-groups/a19580c9-d4fb-4cf9-a335-b171fa29e412 HTTP/1.1" status: 204 len: 168 time: 0.2192330
2026-09-07 11:58:25.999 10 INFO neutron.wsgi [None req-d236cc09-e4e4-4b3a-b0ab-8c728cc3990f f54613d1eed143c784d352c380522db8 b671864245484ba58c69668388478e4b - - default default] 10.0.0.4 "DELETE /v2.0/security-groups/eebd6d83-e577-4c4f-bf30-50c6a9715ccb HTTP/1.1" status: 204 len: 168 time: 0.2227950
2026-09-07 11:58:26.053 10 INFO neutron.wsgi [req-f9b740c7-d907-4a49-bc2b-b0ded5a6cdbb req-c6c42225-33c0-4051-9190-ffb497e64127 6e40b265843145f8af87f1a1237cfab0 8a829ba724154c6d8643593c8091fd84 - - default default] 10.0.0.3 "GET /v2.0/ports?device_id=f644275a-50f9-4af2-897f-e5c40fab918e HTTP/1.1" status: 200 len: 1170 time: 0.1008313
2026-09-07 11:58:26.136 10 INFO neutron.wsgi [req-3c3a6b97-236f-498c-9382-410e0c734c93 req-6f659289-b0fb-4f3f-852a-77b37fc4beaf 6e40b265843145f8af87f1a1237cfab0 8a829ba724154c6d8643593c8091fd84 - - default default] 10.0.0.3 "GET /v2.0/ports/31d5f15a-592c-4468-966f-03815467b226 HTTP/1.1" status: 200 len: 1167 time: 0.0348737
2026-09-07 11:58:26.370 9 INFO neutron.wsgi [req-90050933-8013-4651-93d4-1ef3f2c44833 req-c604c72c-5d87-4224-a54c-ac6157ca6099 6e40b265843145f8af87f1a1237cfab0 8a829ba724154c6d8643593c8091fd84 - - default default] 162.253.55.243 "GET /v2.0/subnets?network_id=0be5abc7-16ff-4714-b426-ca83727c8da6 HTTP/1.1" status: 200 len: 859 time: 0.0884271
2026-09-07 11:58:26.372 9 INFO neutron.notifiers.nova [-] Nova event matching ['req-25990511-21de-4a5e-9fbb-d5c779ba7a4d'] response: {'server_uuid': 'd6ae7ba1-95b7-43cd-9251-87ad9f0fbe76', 'name': 'network-vif-plugged', 'status': 'completed', 'tag': '206a161f-88e4-463a-a418-6529e6363c48', 'code': 200}
2026-09-07 11:58:26.372 9 INFO neutron.notifiers.nova [-] Nova event matching ['req-25990511-21de-4a5e-9fbb-d5c779ba7a4d'] response: {'server_uuid': 'd6ae7ba1-95b7-43cd-9251-87ad9f0fbe76', 'name': 'network-vif-deleted', 'tag': '206a161f-88e4-463a-a418-6529e6363c48', 'status': 'completed', 'code': 200}
2026-09-07 11:58:26.400 9 INFO neutron.db.ovn_revision_numbers_db [None req-aa50f9e9-4be5-4aec-a0fc-5a2e1295bcbf f54613d1eed143c784d352c380522db8 b671864245484ba58c69668388478e4b - - default default] Successfully bumped revision number for resource 085a59a0-8cfa-41a4-822a-1cea0ba21cb6 (type: security_groups) to 1
2026-09-07 11:58:26.441 9 INFO neutron.db.ovn_revision_numbers_db [None req-aa50f9e9-4be5-4aec-a0fc-5a2e1295bcbf f54613d1eed143c784d352c380522db8 b671864245484ba58c69668388478e4b - - default default] Successfully bumped revision number for resource 13d212c1-9db8-4ad1-8823-2d85e77d7c52 (type: security_group_rules) to 0
2026-09-07 11:58:26.479 9 INFO neutron.db.ovn_revision_numbers_db [None req-aa50f9e9-4be5-4aec-a0fc-5a2e1295bcbf f54613d1eed143c784d352c380522db8 b671864245484ba58c69668388478e4b - - default default] Successfully bumped revision number for resource 152e7564-6d70-43f2-b8ed-fb760415290f (type: security_group_rules) to 0
2026-09-07 11:58:26.505 9 INFO neutron.db.ovn_revision_numbers_db [None req-aa50f9e9-4be5-4aec-a0fc-5a2e1295bcbf f54613d1eed143c784d352c380522db8 b671864245484ba58c69668388478e4b - - default default] Successfully bumped revision number for resource 674935a5-fb53-47c8-918d-f64e82cb2b0c (type: security_group_rules) to 0
2026-09-07 11:58:26.521 9 INFO neutron.wsgi [req-90050933-8013-4651-93d4-1ef3f2c44833 req-ec3488e3-9f2a-4f69-a251-6c5d032c4240 6e40b265843145f8af87f1a1237cfab0 8a829ba724154c6d8643593c8091fd84 - - default default] 162.253.55.243 "GET /v2.0/ports?device_id=f644275a-50f9-4af2-897f-e5c40fab918e&device_owner=compute%3Anova&network_id=0be5abc7-16ff-4714-b426-ca83727c8da6 HTTP/1.1" status: 200 len: 1170 time: 0.1475971
2026-09-07 11:58:26.535 9 INFO neutron.db.ovn_revision_numbers_db [None req-aa50f9e9-4be5-4aec-a0fc-5a2e1295bcbf f54613d1eed143c784d352c380522db8 b671864245484ba58c69668388478e4b - - default default] Successfully bumped revision number for resource bde02179-15fb-4e2f-bccd-73e8a0411656 (type: security_group_rules) to 0
2026-09-07 11:58:26.566 9 INFO neutron.wsgi [None req-aa50f9e9-4be5-4aec-a0fc-5a2e1295bcbf f54613d1eed143c784d352c380522db8 b671864245484ba58c69668388478e4b - - default default] 10.0.0.4 "GET /v2.0/security-groups?tenant_id=c0d9b555f1ba40159e6e2c02673e88f6&name=default HTTP/1.1" status: 200 len: 2996 time: 0.3796065
2026-09-07 11:58:26.691 10 INFO neutron.wsgi [None req-a68ebfcc-6558-470a-8ac2-eadafd6ac59b cbf67d913fe4403eab75353bad237055 a7e6e587c4fc46e0b9bea9a50b84abc9 - - default default] 10.0.0.4 "DELETE /v2.0/security-groups/d4884525-fdeb-4c3c-a6b9-fef5011ea8aa HTTP/1.1" status: 204 len: 168 time: 0.1674271
2026-09-07 11:58:26.715 10 INFO neutron.api.v2.resource [None req-2d4ddb14-5984-467d-b438-e948bcc2996e cbf67d913fe4403eab75353bad237055 a7e6e587c4fc46e0b9bea9a50b84abc9 - - default default] show failed (client error): The resource could not be found.
2026-09-07 11:58:26.717 10 INFO neutron.wsgi [None req-2d4ddb14-5984-467d-b438-e948bcc2996e cbf67d913fe4403eab75353bad237055 a7e6e587c4fc46e0b9bea9a50b84abc9 - - default default] 10.0.0.4 "GET /v2.0/security-groups/d4884525-fdeb-4c3c-a6b9-fef5011ea8aa HTTP/1.1" status: 404 len: 347 time: 0.0172186
2026-09-07 11:58:27.065 10 INFO neutron.wsgi [None req-1fefe9e8-37cf-4f0f-a8b3-f2d640960b63 f54613d1eed143c784d352c380522db8 b671864245484ba58c69668388478e4b - - default default] 10.0.0.4 "DELETE /v2.0/security-groups/085a59a0-8cfa-41a4-822a-1cea0ba21cb6 HTTP/1.1" status: 204 len: 168 time: 0.4950306
2026-09-07 11:58:27.132 9 INFO neutron.db.ovn_revision_numbers_db [req-90050933-8013-4651-93d4-1ef3f2c44833 req-7a688b2b-aae6-423b-a289-38b089a0876a 6e40b265843145f8af87f1a1237cfab0 8a829ba724154c6d8643593c8091fd84 - - default default] Successfully bumped revision number for resource 31d5f15a-592c-4468-966f-03815467b226 (type: ports) to 5
2026-09-07 11:58:27.143 9 INFO neutron.wsgi [req-90050933-8013-4651-93d4-1ef3f2c44833 req-7a688b2b-aae6-423b-a289-38b089a0876a 6e40b265843145f8af87f1a1237cfab0 8a829ba724154c6d8643593c8091fd84 - - default default] 162.253.55.243 "PUT /v2.0/ports/31d5f15a-592c-4468-966f-03815467b226 HTTP/1.1" status: 200 len: 1345 time: 0.6185210 /var/lib/openstack/lib/python3.10/site-packages/pycadf/identifier.py:71: UserWarning: Invalid uuid: neutron. To ensure interoperability, identifiers should be a valid uuid. warnings.warn(('Invalid uuid: %s. To ensure interoperability, '
2026-09-07 11:58:27.216 9 INFO neutron.wsgi [req-90050933-8013-4651-93d4-1ef3f2c44833 req-db52ea5a-1123-417e-89d6-b75e8e6323a7 065a36f478c646509e7132d3a6cd62fb 9051cb71494a410fadc3d044b7eadea1 - - 2d723aedf69642c598baeaf57406f927 2d723aedf69642c598baeaf57406f927] 162.253.55.243 "GET /v2.0/ports?tenant_id=8a829ba724154c6d8643593c8091fd84&device_id=f644275a-50f9-4af2-897f-e5c40fab918e HTTP/1.1" status: 200 len: 1586 time: 0.0433793
2026-09-07 11:58:27.242 10 INFO neutron.wsgi [None req-9c26576e-6678-4b2e-b57e-68336397e759 cbf67d913fe4403eab75353bad237055 a7e6e587c4fc46e0b9bea9a50b84abc9 - - default default] 10.0.0.4 "DELETE /v2.0/floatingips/07ce20ce-ba93-4044-9daa-ecee92b9369f HTTP/1.1" status: 204 len: 168 time: 0.5186789
2026-09-07 11:58:27.283 9 INFO neutron.wsgi [req-90050933-8013-4651-93d4-1ef3f2c44833 req-657928c1-5c82-4604-a5ab-2602f2366520 065a36f478c646509e7132d3a6cd62fb 9051cb71494a410fadc3d044b7eadea1 - - 2d723aedf69642c598baeaf57406f927 2d723aedf69642c598baeaf57406f927] 162.253.55.243 "GET /v2.0/networks?id=0be5abc7-16ff-4714-b426-ca83727c8da6 HTTP/1.1" status: 200 len: 982 time: 0.0628586
2026-09-07 11:58:27.317 9 INFO neutron.wsgi [req-90050933-8013-4651-93d4-1ef3f2c44833 req-10879d1f-c4fe-4389-b580-f2475fdf847e 065a36f478c646509e7132d3a6cd62fb 9051cb71494a410fadc3d044b7eadea1 - - 2d723aedf69642c598baeaf57406f927 2d723aedf69642c598baeaf57406f927] 162.253.55.243 "GET /v2.0/floatingips?fixed_ip_address=10.100.0.3&port_id=31d5f15a-592c-4468-966f-03815467b226 HTTP/1.1" status: 200 len: 217 time: 0.0267293
2026-09-07 11:58:27.360 9 INFO neutron.wsgi [req-90050933-8013-4651-93d4-1ef3f2c44833 req-54b7a957-6414-4a43-a081-a8422c45660b 065a36f478c646509e7132d3a6cd62fb 9051cb71494a410fadc3d044b7eadea1 - - 2d723aedf69642c598baeaf57406f927 2d723aedf69642c598baeaf57406f927] 162.253.55.243 "GET /v2.0/floatingips?fixed_ip_address=10.100.0.4&port_id=31d5f15a-592c-4468-966f-03815467b226 HTTP/1.1" status: 200 len: 1059 time: 0.0361934
2026-09-07 11:58:27.401 9 INFO neutron.wsgi [req-90050933-8013-4651-93d4-1ef3f2c44833 req-276bd9dd-c6a3-40d5-a164-a8c5ec6bf53c 065a36f478c646509e7132d3a6cd62fb 9051cb71494a410fadc3d044b7eadea1 - - 2d723aedf69642c598baeaf57406f927 2d723aedf69642c598baeaf57406f927] 162.253.55.243 "GET /v2.0/subnets?id=9b9deb66-be4e-4afa-ac65-7c0cac0a2295 HTTP/1.1" status: 200 len: 877 time: 0.0307300
2026-09-07 11:58:27.424 9 INFO neutron.wsgi [req-90050933-8013-4651-93d4-1ef3f2c44833 req-ca6b352d-c232-42d2-99f6-1d10ac07ddb2 065a36f478c646509e7132d3a6cd62fb 9051cb71494a410fadc3d044b7eadea1 - - 2d723aedf69642c598baeaf57406f927 2d723aedf69642c598baeaf57406f927] 162.253.55.243 "GET /v2.0/ports?network_id=0be5abc7-16ff-4714-b426-ca83727c8da6&device_owner=network%3Adhcp HTTP/1.1" status: 200 len: 210 time: 0.0192318
2026-09-07 11:58:27.478 9 INFO neutron.wsgi [req-90050933-8013-4651-93d4-1ef3f2c44833 req-66e188a3-bedd-4db4-896a-32b20f5b026a 065a36f478c646509e7132d3a6cd62fb 9051cb71494a410fadc3d044b7eadea1 - - 2d723aedf69642c598baeaf57406f927 2d723aedf69642c598baeaf57406f927] 162.253.55.243 "GET /v2.0/networks/0be5abc7-16ff-4714-b426-ca83727c8da6?fields=segments HTTP/1.1" status: 200 len: 212 time: 0.0502737
2026-09-07 11:58:27.533 9 INFO neutron.wsgi [req-90050933-8013-4651-93d4-1ef3f2c44833 req-f06b89fb-cdad-47e2-91a8-2fd9174834e4 065a36f478c646509e7132d3a6cd62fb 9051cb71494a410fadc3d044b7eadea1 - - 2d723aedf69642c598baeaf57406f927 2d723aedf69642c598baeaf57406f927] 162.253.55.243 "GET /v2.0/networks/0be5abc7-16ff-4714-b426-ca83727c8da6?fields=provider%3Aphysical_network&fields=provider%3Anetwork_type HTTP/1.1" status: 200 len: 277 time: 0.0483375
2026-09-07 11:58:28.008 9 INFO neutron.db.ovn_revision_numbers_db [None req-83b0b3eb-e2d9-4a40-9cd8-c3bafd1d8095 b98f898c04e3460a9cd8932687685fd2 dd346e7619ee48ccbdf42dbcb443c660 - - default default] Successfully bumped revision number for resource fd048c2e-046f-4eca-b1c4-ce255f6ba106 (type: security_groups) to 1
2026-09-07 11:58:28.021 9 INFO neutron.db.ovn_revision_numbers_db [None req-83b0b3eb-e2d9-4a40-9cd8-c3bafd1d8095 b98f898c04e3460a9cd8932687685fd2 dd346e7619ee48ccbdf42dbcb443c660 - - default default] Successfully bumped revision number for resource 2a1d8d52-e6d9-46d7-acae-d945fe1654cd (type: security_group_rules) to 0
2026-09-07 11:58:28.039 9 INFO neutron.db.ovn_revision_numbers_db [None req-83b0b3eb-e2d9-4a40-9cd8-c3bafd1d8095 b98f898c04e3460a9cd8932687685fd2 dd346e7619ee48ccbdf42dbcb443c660 - - default default] Successfully bumped revision number for resource 40877794-2744-435e-a8bb-cd99de7ea9e2 (type: security_group_rules) to 0
2026-09-07 11:58:28.058 9 INFO neutron.db.ovn_revision_numbers_db [None req-83b0b3eb-e2d9-4a40-9cd8-c3bafd1d8095 b98f898c04e3460a9cd8932687685fd2 dd346e7619ee48ccbdf42dbcb443c660 - - default default] Successfully bumped revision number for resource 591e629d-6766-4ced-8532-694d30f316a5 (type: security_group_rules) to 0
2026-09-07 11:58:28.079 9 INFO neutron.db.ovn_revision_numbers_db [None req-83b0b3eb-e2d9-4a40-9cd8-c3bafd1d8095 b98f898c04e3460a9cd8932687685fd2 dd346e7619ee48ccbdf42dbcb443c660 - - default default] Successfully bumped revision number for resource eab91249-5b3d-4441-a581-752c8aacbff0 (type: security_group_rules) to 0
2026-09-07 11:58:28.151 9 INFO neutron.db.segments_db [None req-83b0b3eb-e2d9-4a40-9cd8-c3bafd1d8095 b98f898c04e3460a9cd8932687685fd2 dd346e7619ee48ccbdf42dbcb443c660 - - default default] Added segment 14f62f72-c51b-44af-951b-2a9e7fcfe095 of type geneve for network 9452115b-75ce-4146-ac1b-5dab0fa01f5d
2026-09-07 11:58:28.183 10 INFO neutron.wsgi [None req-76aa82b9-2f74-4186-bfba-42dd3760a463 f54613d1eed143c784d352c380522db8 b671864245484ba58c69668388478e4b - - default default] 10.0.0.4 "PUT /v2.0/routers/3a08858c-a461-483e-99e0-e0ea78e2ad7a/remove_router_interface HTTP/1.1" status: 200 len: 503 time: 0.9350278 /var/lib/openstack/lib/python3.10/site-packages/pycadf/identifier.py:71: UserWarning: Invalid uuid: neutron. To ensure interoperability, identifiers should be a valid uuid. warnings.warn(('Invalid uuid: %s. To ensure interoperability, '
2026-09-07 11:58:28.365 9 INFO neutron.db.ovn_revision_numbers_db [None req-83b0b3eb-e2d9-4a40-9cd8-c3bafd1d8095 b98f898c04e3460a9cd8932687685fd2 dd346e7619ee48ccbdf42dbcb443c660 - - default default] Successfully bumped revision number for resource 9452115b-75ce-4146-ac1b-5dab0fa01f5d (type: networks) to 1
2026-09-07 11:58:28.443 9 INFO neutron.notifiers.nova [-] Nova event matching ['req-c5c75f11-c2ce-41ab-abc4-090f906d158f'] response: {'name': 'network-changed', 'server_uuid': 'f644275a-50f9-4af2-897f-e5c40fab918e', 'tag': '31d5f15a-592c-4468-966f-03815467b226', 'status': 'completed', 'code': 200}
2026-09-07 11:58:28.510 9 INFO neutron.wsgi [req-d02e1f18-5fb9-4c14-a80a-5767806ab7de req-c7cbdda3-9d20-4822-acbf-369cfab2ddfc 065a36f478c646509e7132d3a6cd62fb 9051cb71494a410fadc3d044b7eadea1 - - 2d723aedf69642c598baeaf57406f927 2d723aedf69642c598baeaf57406f927] 162.253.55.243 "GET /v2.0/ports?tenant_id=8a829ba724154c6d8643593c8091fd84&device_id=f644275a-50f9-4af2-897f-e5c40fab918e HTTP/1.1" status: 200 len: 1586 time: 0.0450425
2026-09-07 11:58:28.520 10 INFO neutron.wsgi [req-4eb55992-9172-4a76-83a5-43ac734dfc03 req-358f9500-ad1a-4349-8a27-a11026890dd4 6e40b265843145f8af87f1a1237cfab0 8a829ba724154c6d8643593c8091fd84 - - default default] 10.0.0.3 "GET /v2.0/ports?device_id=f644275a-50f9-4af2-897f-e5c40fab918e HTTP/1.1" status: 200 len: 1348 time: 0.0686564
2026-09-07 11:58:28.581 9 INFO neutron.wsgi [req-d02e1f18-5fb9-4c14-a80a-5767806ab7de req-fea16f7a-36b0-4549-af7a-9bba8fdc5552 065a36f478c646509e7132d3a6cd62fb 9051cb71494a410fadc3d044b7eadea1 - - 2d723aedf69642c598baeaf57406f927 2d723aedf69642c598baeaf57406f927] 162.253.55.243 "GET /v2.0/networks?id=0be5abc7-16ff-4714-b426-ca83727c8da6 HTTP/1.1" status: 200 len: 982 time: 0.0635791
2026-09-07 11:58:28.583 10 INFO neutron.wsgi [req-4eb55992-9172-4a76-83a5-43ac734dfc03 req-dd4d5bc3-236b-41af-919f-9792242dcd7d 6e40b265843145f8af87f1a1237cfab0 8a829ba724154c6d8643593c8091fd84 - - default default] 10.0.0.3 "GET /v2.0/security-groups?id=e79f89ef-7698-46f9-9fe9-289540898159&fields=id&fields=name HTTP/1.1" status: 200 len: 313 time: 0.0536945
2026-09-07 11:58:28.620 9 WARNING neutron.scheduler.dhcp_agent_scheduler [None req-83b0b3eb-e2d9-4a40-9cd8-c3bafd1d8095 b98f898c04e3460a9cd8932687685fd2 dd346e7619ee48ccbdf42dbcb443c660 - - default default] No more DHCP agents
2026-09-07 11:58:28.625 9 INFO neutron.wsgi [req-d02e1f18-5fb9-4c14-a80a-5767806ab7de req-ec691055-8f26-470b-85e5-41e2348eb5af 065a36f478c646509e7132d3a6cd62fb 9051cb71494a410fadc3d044b7eadea1 - - 2d723aedf69642c598baeaf57406f927 2d723aedf69642c598baeaf57406f927] 162.253.55.243 "GET /v2.0/floatingips?fixed_ip_address=10.100.0.3&port_id=31d5f15a-592c-4468-966f-03815467b226 HTTP/1.1" status: 200 len: 217 time: 0.0352237
2026-09-07 11:58:28.628 9 WARNING neutron.api.rpc.agentnotifiers.dhcp_rpc_agent_api [None req-83b0b3eb-e2d9-4a40-9cd8-c3bafd1d8095 b98f898c04e3460a9cd8932687685fd2 dd346e7619ee48ccbdf42dbcb443c660 - - default default] Unable to schedule network 9452115b-75ce-4146-ac1b-5dab0fa01f5d: no agents available; will retry on subsequent port and subnet creation events.
2026-09-07 11:58:28.738 9 INFO neutron.wsgi [req-d02e1f18-5fb9-4c14-a80a-5767806ab7de req-a2ec6216-ba1b-433c-9786-1c6945f7537f 065a36f478c646509e7132d3a6cd62fb 9051cb71494a410fadc3d044b7eadea1 - - 2d723aedf69642c598baeaf57406f927 2d723aedf69642c598baeaf57406f927] 162.253.55.243 "GET /v2.0/floatingips?fixed_ip_address=10.100.0.4&port_id=31d5f15a-592c-4468-966f-03815467b226 HTTP/1.1" status: 200 len: 1059 time: 0.1044371
2026-09-07 11:58:28.801 9 INFO neutron.wsgi [req-d02e1f18-5fb9-4c14-a80a-5767806ab7de req-f1f5b045-34a5-4b8a-80ac-38043590fac0 065a36f478c646509e7132d3a6cd62fb 9051cb71494a410fadc3d044b7eadea1 - - 2d723aedf69642c598baeaf57406f927 2d723aedf69642c598baeaf57406f927] 162.253.55.243 "GET /v2.0/subnets?id=9b9deb66-be4e-4afa-ac65-7c0cac0a2295 HTTP/1.1" status: 200 len: 877 time: 0.0528097
2026-09-07 11:58:28.829 10 INFO neutron.wsgi [None req-e941117f-8b93-435f-9536-d3ce5bdb7933 f54613d1eed143c784d352c380522db8 b671864245484ba58c69668388478e4b - - default default] 10.0.0.4 "DELETE /v2.0/routers/3a08858c-a461-483e-99e0-e0ea78e2ad7a HTTP/1.1" status: 204 len: 168 time: 0.6340125
2026-09-07 11:58:28.833 9 INFO neutron.wsgi [req-d02e1f18-5fb9-4c14-a80a-5767806ab7de req-d9edc545-493a-4014-ba67-687be2b7ce91 065a36f478c646509e7132d3a6cd62fb 9051cb71494a410fadc3d044b7eadea1 - - 2d723aedf69642c598baeaf57406f927 2d723aedf69642c598baeaf57406f927] 162.253.55.243 "GET /v2.0/ports?network_id=0be5abc7-16ff-4714-b426-ca83727c8da6&device_owner=network%3Adhcp HTTP/1.1" status: 200 len: 210 time: 0.0254879
2026-09-07 11:58:28.849 9 INFO neutron.db.ovn_revision_numbers_db [None req-83b0b3eb-e2d9-4a40-9cd8-c3bafd1d8095 b98f898c04e3460a9cd8932687685fd2 dd346e7619ee48ccbdf42dbcb443c660 - - default default] Successfully bumped revision number for resource b4348456-1cb9-4204-89ac-668983a4bd88 (type: ports) to 1
2026-09-07 11:58:28.891 9 INFO neutron.wsgi [None req-83b0b3eb-e2d9-4a40-9cd8-c3bafd1d8095 b98f898c04e3460a9cd8932687685fd2 dd346e7619ee48ccbdf42dbcb443c660 - - default default] 10.0.0.4 "POST /v2.0/networks HTTP/1.1" status: 201 len: 842 time: 1.1637788
2026-09-07 11:58:28.913 9 INFO neutron.wsgi [req-d02e1f18-5fb9-4c14-a80a-5767806ab7de req-6ed89910-294e-45a0-ab5b-eea1770a0730 065a36f478c646509e7132d3a6cd62fb 9051cb71494a410fadc3d044b7eadea1 - - 2d723aedf69642c598baeaf57406f927 2d723aedf69642c598baeaf57406f927] 162.253.55.243 "GET /v2.0/networks/0be5abc7-16ff-4714-b426-ca83727c8da6?fields=segments HTTP/1.1" status: 200 len: 212 time: 0.0720358
2026-09-07 11:58:28.975 9 INFO neutron.wsgi [req-d02e1f18-5fb9-4c14-a80a-5767806ab7de req-d29f1188-92b7-472c-8262-887515f1ff8b 065a36f478c646509e7132d3a6cd62fb 9051cb71494a410fadc3d044b7eadea1 - - 2d723aedf69642c598baeaf57406f927 2d723aedf69642c598baeaf57406f927] 162.253.55.243 "GET /v2.0/networks/0be5abc7-16ff-4714-b426-ca83727c8da6?fields=provider%3Aphysical_network&fields=provider%3Anetwork_type HTTP/1.1" status: 200 len: 277 time: 0.0544543
2026-09-07 11:58:29.047 10 INFO neutron.wsgi [None req-4547d310-927d-4dd4-b06c-921f718573ea f54613d1eed143c784d352c380522db8 b671864245484ba58c69668388478e4b - - default default] 10.0.0.4 "DELETE /v2.0/subnets/ddf9de6f-465e-491c-ab85-a6f661a2ed99 HTTP/1.1" status: 204 len: 168 time: 0.2126219
2026-09-07 11:58:29.050 9 INFO neutron.wsgi [req-abf39d98-ea1a-460a-89b1-c96460dded9d req-6bbf0b04-b5e4-4d6a-8314-4a59ae55c072 6e40b265843145f8af87f1a1237cfab0 8a829ba724154c6d8643593c8091fd84 - - default default] 162.253.55.243 "GET /v2.0/ports?device_id=f644275a-50f9-4af2-897f-e5c40fab918e&device_owner=compute%3Anova&fixed_ips=ip_address%3D10.100.0.3 HTTP/1.1" status: 200 len: 1348 time: 0.0525422
2026-09-07 11:58:29.169 10 WARNING neutron.scheduler.dhcp_agent_scheduler [None req-003baf3a-d3a7-4e63-9d84-9936bed85e87 b98f898c04e3460a9cd8932687685fd2 dd346e7619ee48ccbdf42dbcb443c660 - - default default] No more DHCP agents
2026-09-07 11:58:29.171 10 WARNING neutron.api.rpc.agentnotifiers.dhcp_rpc_agent_api [None req-003baf3a-d3a7-4e63-9d84-9936bed85e87 b98f898c04e3460a9cd8932687685fd2 dd346e7619ee48ccbdf42dbcb443c660 - - default default] Unable to schedule network 9452115b-75ce-4146-ac1b-5dab0fa01f5d: no agents available; will retry on subsequent port and subnet creation events.
2026-09-07 11:58:29.505 9 INFO neutron.services.segments.plugin [-] Segment a12527cc-2271-4fd3-b5f1-a04b73df53af resource provider aggregate not found
2026-09-07 11:58:29.511 9 INFO neutron.services.segments.plugin [-] Segment a12527cc-2271-4fd3-b5f1-a04b73df53af resource provider aggregate not found
2026-09-07 11:58:29.529 9 INFO neutron.services.segments.plugin [-] Segment a12527cc-2271-4fd3-b5f1-a04b73df53af resource provider not found; error: Placement Client Error (4xx): {"errors": [{"status": 404, "title": "Not Found", "detail": "The resource could not be found.\n\n No resource provider with uuid a12527cc-2271-4fd3-b5f1-a04b73df53af found for delete ", "request_id": "req-6e27f784-208d-4bdd-8d52-b5f376882b85"}]}
2026-09-07 11:58:29.537 9 INFO neutron.services.segments.plugin [-] Segment a12527cc-2271-4fd3-b5f1-a04b73df53af resource provider not found; error: Placement Client Error (4xx): {"errors": [{"status": 404, "title": "Not Found", "detail": "The resource could not be found.\n\n No resource provider with uuid a12527cc-2271-4fd3-b5f1-a04b73df53af found for delete ", "request_id": "req-fd6bf21a-dbec-4f56-89fe-e4a90fdb4dd7"}]}
2026-09-07 11:58:29.564 9 INFO neutron.wsgi [None req-a021e61e-cb8b-4aa3-94a0-e2a9003a4df4 f54613d1eed143c784d352c380522db8 b671864245484ba58c69668388478e4b - - default default] 10.0.0.4 "DELETE /v2.0/networks/8ebcc22c-6c8b-4fd6-bda9-350002e2b800 HTTP/1.1" status: 204 len: 168 time: 0.5120468
2026-09-07 11:58:29.641 10 INFO neutron.db.ovn_revision_numbers_db [None req-003baf3a-d3a7-4e63-9d84-9936bed85e87 b98f898c04e3460a9cd8932687685fd2 dd346e7619ee48ccbdf42dbcb443c660 - - default default] Successfully bumped revision number for resource b4348456-1cb9-4204-89ac-668983a4bd88 (type: ports) to 2
2026-09-07 11:58:29.673 10 INFO neutron.db.ovn_revision_numbers_db [None req-003baf3a-d3a7-4e63-9d84-9936bed85e87 b98f898c04e3460a9cd8932687685fd2 dd346e7619ee48ccbdf42dbcb443c660 - - default default] Successfully bumped revision number for resource a6a404a5-6b5a-4a15-9fa3-ac5cb8f1af68 (type: subnets) to 0
2026-09-07 11:58:29.686 10 INFO neutron.wsgi [None req-003baf3a-d3a7-4e63-9d84-9936bed85e87 b98f898c04e3460a9cd8932687685fd2 dd346e7619ee48ccbdf42dbcb443c660 - - default default] 10.0.0.4 "POST /v2.0/subnets HTTP/1.1" status: 201 len: 816 time: 0.7460766
2026-09-07 11:58:29.687 9 INFO neutron.db.ovn_revision_numbers_db [req-abf39d98-ea1a-460a-89b1-c96460dded9d req-4aa5390c-da6c-4908-84fa-716e977714eb 6e40b265843145f8af87f1a1237cfab0 8a829ba724154c6d8643593c8091fd84 - - default default] Successfully bumped revision number for resource 31d5f15a-592c-4468-966f-03815467b226 (type: ports) to 6 /var/lib/openstack/lib/python3.10/site-packages/pycadf/identifier.py:71: UserWarning: Invalid uuid: neutron. To ensure interoperability, identifiers should be a valid uuid. warnings.warn(('Invalid uuid: %s. To ensure interoperability, '
2026-09-07 11:58:29.708 9 INFO neutron.wsgi [req-abf39d98-ea1a-460a-89b1-c96460dded9d req-4aa5390c-da6c-4908-84fa-716e977714eb 6e40b265843145f8af87f1a1237cfab0 8a829ba724154c6d8643593c8091fd84 - - default default] 162.253.55.243 "PUT /v2.0/ports/31d5f15a-592c-4468-966f-03815467b226 HTTP/1.1" status: 200 len: 1167 time: 0.6472869
2026-09-07 11:58:29.768 9 INFO neutron.wsgi [req-abf39d98-ea1a-460a-89b1-c96460dded9d req-3d17bab6-981a-405c-95f9-e2d03a904f87 065a36f478c646509e7132d3a6cd62fb 9051cb71494a410fadc3d044b7eadea1 - - 2d723aedf69642c598baeaf57406f927 2d723aedf69642c598baeaf57406f927] 162.253.55.243 "GET /v2.0/ports?tenant_id=8a829ba724154c6d8643593c8091fd84&device_id=f644275a-50f9-4af2-897f-e5c40fab918e HTTP/1.1" status: 200 len: 1409 time: 0.0379841
2026-09-07 11:58:29.824 9 INFO neutron.db.segments_db [None req-b3c22bf8-60fc-4393-ad0e-de2f1f9e9830 b98f898c04e3460a9cd8932687685fd2 dd346e7619ee48ccbdf42dbcb443c660 - - default default] Added segment ea84db96-3925-4d53-8f9c-e67c5ecb8ab7 of type geneve for network ddc0980c-a0ca-4376-b7d1-e2fa89c2a644
2026-09-07 11:58:29.831 9 INFO neutron.wsgi [None req-e229df17-0b0b-458b-9289-9104f05164c0 f54613d1eed143c784d352c380522db8 b671864245484ba58c69668388478e4b - - default default] 10.0.0.4 "GET /v2.0/security-groups?tenant_id=a7e6e587c4fc46e0b9bea9a50b84abc9&name=default HTTP/1.1" status: 200 len: 2996 time: 0.0572615
2026-09-07 11:58:29.840 9 INFO neutron.wsgi [req-abf39d98-ea1a-460a-89b1-c96460dded9d req-fbb248b3-2dbe-4a90-98b4-10fa7b6d7b58 065a36f478c646509e7132d3a6cd62fb 9051cb71494a410fadc3d044b7eadea1 - - 2d723aedf69642c598baeaf57406f927 2d723aedf69642c598baeaf57406f927] 162.253.55.243 "GET /v2.0/networks?id=0be5abc7-16ff-4714-b426-ca83727c8da6 HTTP/1.1" status: 200 len: 982 time: 0.0658605
2026-09-07 11:58:29.928 9 INFO neutron.wsgi [req-abf39d98-ea1a-460a-89b1-c96460dded9d req-c05cd493-5437-4a7c-b007-b6825c9bd27b 065a36f478c646509e7132d3a6cd62fb 9051cb71494a410fadc3d044b7eadea1 - - 2d723aedf69642c598baeaf57406f927 2d723aedf69642c598baeaf57406f927] 162.253.55.243 "GET /v2.0/floatingips?fixed_ip_address=10.100.0.4&port_id=31d5f15a-592c-4468-966f-03815467b226 HTTP/1.1" status: 200 len: 1059 time: 0.0788085
2026-09-07 11:58:30.025 9 INFO neutron.wsgi [req-abf39d98-ea1a-460a-89b1-c96460dded9d req-98fd81f0-d599-4277-86e3-fb7783cd31cd 065a36f478c646509e7132d3a6cd62fb 9051cb71494a410fadc3d044b7eadea1 - - 2d723aedf69642c598baeaf57406f927 2d723aedf69642c598baeaf57406f927] 162.253.55.243 "GET /v2.0/subnets?id=9b9deb66-be4e-4afa-ac65-7c0cac0a2295 HTTP/1.1" status: 200 len: 877 time: 0.0897410
2026-09-07 11:58:30.070 9 INFO neutron.wsgi [req-abf39d98-ea1a-460a-89b1-c96460dded9d req-4fce3780-7625-420d-974a-ed2f82dfc07a 065a36f478c646509e7132d3a6cd62fb 9051cb71494a410fadc3d044b7eadea1 - - 2d723aedf69642c598baeaf57406f927 2d723aedf69642c598baeaf57406f927] 162.253.55.243 "GET /v2.0/ports?network_id=0be5abc7-16ff-4714-b426-ca83727c8da6&device_owner=network%3Adhcp HTTP/1.1" status: 200 len: 210 time: 0.0367138
2026-09-07 11:58:30.081 10 INFO neutron.wsgi [None req-0f323b60-19af-45a7-9bfe-03488b1302fc f54613d1eed143c784d352c380522db8 b671864245484ba58c69668388478e4b - - default default] 10.0.0.4 "DELETE /v2.0/security-groups/90855340-d592-4510-b4b7-e5452becdbd2 HTTP/1.1" status: 204 len: 168 time: 0.2427967
2026-09-07 11:58:30.125 9 INFO neutron.db.ovn_revision_numbers_db [None req-b3c22bf8-60fc-4393-ad0e-de2f1f9e9830 b98f898c04e3460a9cd8932687685fd2 dd346e7619ee48ccbdf42dbcb443c660 - - default default] Successfully bumped revision number for resource ddc0980c-a0ca-4376-b7d1-e2fa89c2a644 (type: networks) to 1
2026-09-07 11:58:30.161 9 INFO neutron.wsgi [req-abf39d98-ea1a-460a-89b1-c96460dded9d req-c00380fa-ea99-41f3-b378-cde8f5762095 065a36f478c646509e7132d3a6cd62fb 9051cb71494a410fadc3d044b7eadea1 - - 2d723aedf69642c598baeaf57406f927 2d723aedf69642c598baeaf57406f927] 162.253.55.243 "GET /v2.0/networks/0be5abc7-16ff-4714-b426-ca83727c8da6?fields=segments HTTP/1.1" status: 200 len: 212 time: 0.0831189
2026-09-07 11:58:30.249 9 INFO neutron.wsgi [req-abf39d98-ea1a-460a-89b1-c96460dded9d req-3802aad5-019c-4126-b076-76a57021097d 065a36f478c646509e7132d3a6cd62fb 9051cb71494a410fadc3d044b7eadea1 - - 2d723aedf69642c598baeaf57406f927 2d723aedf69642c598baeaf57406f927] 162.253.55.243 "GET /v2.0/networks/0be5abc7-16ff-4714-b426-ca83727c8da6?fields=provider%3Aphysical_network&fields=provider%3Anetwork_type HTTP/1.1" status: 200 len: 277 time: 0.0812066
2026-09-07 11:58:30.300 9 WARNING neutron.scheduler.dhcp_agent_scheduler [None req-b3c22bf8-60fc-4393-ad0e-de2f1f9e9830 b98f898c04e3460a9cd8932687685fd2 dd346e7619ee48ccbdf42dbcb443c660 - - default default] No more DHCP agents
2026-09-07 11:58:30.302 9 WARNING neutron.api.rpc.agentnotifiers.dhcp_rpc_agent_api [None req-b3c22bf8-60fc-4393-ad0e-de2f1f9e9830 b98f898c04e3460a9cd8932687685fd2 dd346e7619ee48ccbdf42dbcb443c660 - - default default] Unable to schedule network ddc0980c-a0ca-4376-b7d1-e2fa89c2a644: no agents available; will retry on subsequent port and subnet creation events.
2026-09-07 11:58:30.543 9 INFO neutron.notifiers.nova [-] Nova event matching ['req-f09eec99-1e03-49d9-bfe4-d0b500e16314'] response: {'name': 'network-changed', 'server_uuid': 'f644275a-50f9-4af2-897f-e5c40fab918e', 'tag': '31d5f15a-592c-4468-966f-03815467b226', 'status': 'completed', 'code': 200}
2026-09-07 11:58:30.570 9 INFO neutron.db.ovn_revision_numbers_db [None req-b3c22bf8-60fc-4393-ad0e-de2f1f9e9830 b98f898c04e3460a9cd8932687685fd2 dd346e7619ee48ccbdf42dbcb443c660 - - default default] Successfully bumped revision number for resource 0cce2e3e-792d-4eae-a08e-0864b1d6d40f (type: ports) to 1
2026-09-07 11:58:30.596 9 INFO neutron.wsgi [req-1f3d354a-2b34-4baa-8ab3-e3b5a80d7184 req-c9c1b648-20f2-47a9-b045-2ce66bc8d13b 065a36f478c646509e7132d3a6cd62fb 9051cb71494a410fadc3d044b7eadea1 - - 2d723aedf69642c598baeaf57406f927 2d723aedf69642c598baeaf57406f927] 162.253.55.243 "GET /v2.0/ports?tenant_id=8a829ba724154c6d8643593c8091fd84&device_id=f644275a-50f9-4af2-897f-e5c40fab918e HTTP/1.1" status: 200 len: 1409 time: 0.0322802
2026-09-07 11:58:30.598 9 INFO neutron.wsgi [None req-b3c22bf8-60fc-4393-ad0e-de2f1f9e9830 b98f898c04e3460a9cd8932687685fd2 dd346e7619ee48ccbdf42dbcb443c660 - - default default] 10.0.0.4 "POST /v2.0/networks HTTP/1.1" status: 201 len: 841 time: 0.9051068
2026-09-07 11:58:30.688 9 INFO neutron.wsgi [req-1f3d354a-2b34-4baa-8ab3-e3b5a80d7184 req-16c23c95-14ea-49dc-966c-cb370ecac144 065a36f478c646509e7132d3a6cd62fb 9051cb71494a410fadc3d044b7eadea1 - - 2d723aedf69642c598baeaf57406f927 2d723aedf69642c598baeaf57406f927] 162.253.55.243 "GET /v2.0/networks?id=0be5abc7-16ff-4714-b426-ca83727c8da6 HTTP/1.1" status: 200 len: 982 time: 0.0861008
2026-09-07 11:58:30.742 9 INFO neutron.wsgi [req-1f3d354a-2b34-4baa-8ab3-e3b5a80d7184 req-ee33ee93-7b4d-4409-96ed-a2d7ca82b67d 065a36f478c646509e7132d3a6cd62fb 9051cb71494a410fadc3d044b7eadea1 - - 2d723aedf69642c598baeaf57406f927 2d723aedf69642c598baeaf57406f927] 162.253.55.243 "GET /v2.0/floatingips?fixed_ip_address=10.100.0.4&port_id=31d5f15a-592c-4468-966f-03815467b226 HTTP/1.1" status: 200 len: 1059 time: 0.0476632
2026-09-07 11:58:30.795 9 INFO neutron.wsgi [req-1f3d354a-2b34-4baa-8ab3-e3b5a80d7184 req-84cfc061-88da-4a76-ab39-82a7a22d37af 065a36f478c646509e7132d3a6cd62fb 9051cb71494a410fadc3d044b7eadea1 - - 2d723aedf69642c598baeaf57406f927 2d723aedf69642c598baeaf57406f927] 162.253.55.243 "GET /v2.0/subnets?id=9b9deb66-be4e-4afa-ac65-7c0cac0a2295 HTTP/1.1" status: 200 len: 877 time: 0.0447500
2026-09-07 11:58:30.827 9 INFO neutron.wsgi [req-1f3d354a-2b34-4baa-8ab3-e3b5a80d7184 req-cd26480e-4a29-4eaa-bfdc-a0a6ccde0753 065a36f478c646509e7132d3a6cd62fb 9051cb71494a410fadc3d044b7eadea1 - - 2d723aedf69642c598baeaf57406f927 2d723aedf69642c598baeaf57406f927] 162.253.55.243 "GET /v2.0/ports?network_id=0be5abc7-16ff-4714-b426-ca83727c8da6&device_owner=network%3Adhcp HTTP/1.1" status: 200 len: 210 time: 0.0238800
2026-09-07 11:58:30.890 10 INFO neutron.db.ovn_revision_numbers_db [None req-e4943dca-3183-4801-be3c-96febc47637b b98f898c04e3460a9cd8932687685fd2 dd346e7619ee48ccbdf42dbcb443c660 - - default default] Successfully bumped revision number for resource ddc0980c-a0ca-4376-b7d1-e2fa89c2a644 (type: networks) to 2
2026-09-07 11:58:30.894 10 INFO neutron.wsgi [None req-e4943dca-3183-4801-be3c-96febc47637b b98f898c04e3460a9cd8932687685fd2 dd346e7619ee48ccbdf42dbcb443c660 - - default default] 10.0.0.4 "PUT /v2.0/networks/ddc0980c-a0ca-4376-b7d1-e2fa89c2a644 HTTP/1.1" status: 200 len: 792 time: 0.2893996
2026-09-07 11:58:30.912 9 INFO neutron.wsgi [req-1f3d354a-2b34-4baa-8ab3-e3b5a80d7184 req-f57f5fc7-3022-4679-873f-8b7c790bc64a 065a36f478c646509e7132d3a6cd62fb 9051cb71494a410fadc3d044b7eadea1 - - 2d723aedf69642c598baeaf57406f927 2d723aedf69642c598baeaf57406f927] 162.253.55.243 "GET /v2.0/networks/0be5abc7-16ff-4714-b426-ca83727c8da6?fields=segments HTTP/1.1" status: 200 len: 212 time: 0.0748651
2026-09-07 11:58:31.010 9 INFO neutron.wsgi [req-1f3d354a-2b34-4baa-8ab3-e3b5a80d7184 req-3290a472-0b34-4807-80e9-b165d2428e62 065a36f478c646509e7132d3a6cd62fb 9051cb71494a410fadc3d044b7eadea1 - - 2d723aedf69642c598baeaf57406f927 2d723aedf69642c598baeaf57406f927] 162.253.55.243 "GET /v2.0/networks/0be5abc7-16ff-4714-b426-ca83727c8da6?fields=provider%3Aphysical_network&fields=provider%3Anetwork_type HTTP/1.1" status: 200 len: 277 time: 0.0766575
2026-09-07 11:58:31.212 10 INFO neutron.plugins.ml2.drivers.ovn.mech_driver.mech_driver [None req-4fbe34ef-2715-4231-9375-54f66b6e7902 - - - - - -] OVN reports status down for port: 31d5f15a-592c-4468-966f-03815467b226
2026-09-07 11:58:31.391 10 INFO neutron.wsgi [req-db260d7f-8141-48bf-90f0-b0312b57a668 req-cc5c2323-c7d0-4cb4-98dc-ef2432c5359a 6e40b265843145f8af87f1a1237cfab0 8a829ba724154c6d8643593c8091fd84 - - default default] 10.0.0.3 "GET /v2.0/ports?device_id=f644275a-50f9-4af2-897f-e5c40fab918e HTTP/1.1" status: 200 len: 1170 time: 0.1816268
2026-09-07 11:58:31.434 10 INFO neutron.notifiers.nova [-] Nova event matching ['req-adee83b3-202d-4a39-9b9d-f938089f734a'] response: {'server_uuid': 'f644275a-50f9-4af2-897f-e5c40fab918e', 'name': 'network-vif-unplugged', 'status': 'completed', 'tag': '31d5f15a-592c-4468-966f-03815467b226', 'code': 200}
2026-09-07 11:58:31.442 9 INFO neutron.wsgi [req-dfad96f8-cc7d-43a3-96aa-d59952ad76fe req-422c19d6-6548-4187-8176-a6d7ba804879 6e40b265843145f8af87f1a1237cfab0 8a829ba724154c6d8643593c8091fd84 - - default default] 162.253.55.243 "GET /v2.0/ports?device_id=f644275a-50f9-4af2-897f-e5c40fab918e HTTP/1.1" status: 200 len: 1170 time: 0.0462983
2026-09-07 11:58:31.490 10 INFO neutron.wsgi [req-db260d7f-8141-48bf-90f0-b0312b57a668 req-24f1956f-38b0-4e7f-aa0d-0b93c7d21d04 6e40b265843145f8af87f1a1237cfab0 8a829ba724154c6d8643593c8091fd84 - - default default] 10.0.0.3 "GET /v2.0/security-groups?id=e79f89ef-7698-46f9-9fe9-289540898159&fields=id&fields=name HTTP/1.1" status: 200 len: 313 time: 0.0864372
2026-09-07 11:58:31.541 10 WARNING neutron.scheduler.dhcp_agent_scheduler [None req-a8fafce5-38e1-45ec-be52-35fbf0430ae4 b98f898c04e3460a9cd8932687685fd2 dd346e7619ee48ccbdf42dbcb443c660 - - default default] No more DHCP agents
2026-09-07 11:58:31.546 10 WARNING neutron.api.rpc.agentnotifiers.dhcp_rpc_agent_api [None req-a8fafce5-38e1-45ec-be52-35fbf0430ae4 b98f898c04e3460a9cd8932687685fd2 dd346e7619ee48ccbdf42dbcb443c660 - - default default] Unable to schedule network ddc0980c-a0ca-4376-b7d1-e2fa89c2a644: no agents available; will retry on subsequent port and subnet creation events.
2026-09-07 11:58:31.699 10 INFO neutron.db.ovn_revision_numbers_db [None req-4fbe34ef-2715-4231-9375-54f66b6e7902 - - - - - -] Successfully bumped revision number for resource 31d5f15a-592c-4468-966f-03815467b226 (type: ports) to 7
2026-09-07 11:58:31.707 9 INFO neutron.db.l3_db [req-dfad96f8-cc7d-43a3-96aa-d59952ad76fe req-7b374928-69dc-4f85-a099-89473c2c46ba 6e40b265843145f8af87f1a1237cfab0 8a829ba724154c6d8643593c8091fd84 - - default default] Floating IP 39e158c9-0ab7-4121-bfa8-883bf579328d disassociated. External IP: 10.96.250.216, port: 31d5f15a-592c-4468-966f-03815467b226.
2026-09-07 11:58:31.855 9 INFO neutron.wsgi [req-dfad96f8-cc7d-43a3-96aa-d59952ad76fe req-7b374928-69dc-4f85-a099-89473c2c46ba 6e40b265843145f8af87f1a1237cfab0 8a829ba724154c6d8643593c8091fd84 - - default default] 162.253.55.243 "DELETE /v2.0/ports/31d5f15a-592c-4468-966f-03815467b226 HTTP/1.1" status: 204 len: 173 time: 0.4081264 /var/lib/openstack/lib/python3.10/site-packages/pycadf/identifier.py:71: UserWarning: Invalid uuid: neutron. To ensure interoperability, identifiers should be a valid uuid. warnings.warn(('Invalid uuid: %s. To ensure interoperability, ' /var/lib/openstack/lib/python3.10/site-packages/pycadf/identifier.py:71: UserWarning: Invalid uuid: neutron. To ensure interoperability, identifiers should be a valid uuid. warnings.warn(('Invalid uuid: %s. To ensure interoperability, '
2026-09-07 11:58:32.119 10 INFO neutron.db.ovn_revision_numbers_db [None req-a8fafce5-38e1-45ec-be52-35fbf0430ae4 b98f898c04e3460a9cd8932687685fd2 dd346e7619ee48ccbdf42dbcb443c660 - - default default] Successfully bumped revision number for resource 0cce2e3e-792d-4eae-a08e-0864b1d6d40f (type: ports) to 2
2026-09-07 11:58:32.170 10 INFO neutron.db.ovn_revision_numbers_db [None req-a8fafce5-38e1-45ec-be52-35fbf0430ae4 b98f898c04e3460a9cd8932687685fd2 dd346e7619ee48ccbdf42dbcb443c660 - - default default] Successfully bumped revision number for resource e4be77dc-916b-4c35-ae07-a55cd231536a (type: subnets) to 0
2026-09-07 11:58:32.195 10 INFO neutron.wsgi [None req-a8fafce5-38e1-45ec-be52-35fbf0430ae4 b98f898c04e3460a9cd8932687685fd2 dd346e7619ee48ccbdf42dbcb443c660 - - default default] 10.0.0.4 "POST /v2.0/subnets HTTP/1.1" status: 201 len: 801 time: 1.2952354
2026-09-07 11:58:32.264 9 INFO neutron.db.ovn_revision_numbers_db [None req-430c8ef1-30aa-4efa-ae56-c782a16f43c8 f54613d1eed143c784d352c380522db8 b671864245484ba58c69668388478e4b - - default default] Successfully bumped revision number for resource 1103a1f7-a97f-4d10-907a-b00589ae2d31 (type: security_groups) to 1
2026-09-07 11:58:32.274 10 INFO neutron.db.ovn_revision_numbers_db [None req-ca974953-c129-4a8a-96f3-e3a581ca84b5 f54613d1eed143c784d352c380522db8 b671864245484ba58c69668388478e4b - - default default] Successfully bumped revision number for resource d79059a1-8260-4f1e-af4c-e54a4080edda (type: security_groups) to 1
2026-09-07 11:58:32.287 9 INFO neutron.db.ovn_revision_numbers_db [None req-430c8ef1-30aa-4efa-ae56-c782a16f43c8 f54613d1eed143c784d352c380522db8 b671864245484ba58c69668388478e4b - - default default] Successfully bumped revision number for resource 6dd9e57e-44bf-45b1-9f96-392d4d700036 (type: security_group_rules) to 0
2026-09-07 11:58:32.291 10 INFO neutron.db.ovn_revision_numbers_db [None req-ca974953-c129-4a8a-96f3-e3a581ca84b5 f54613d1eed143c784d352c380522db8 b671864245484ba58c69668388478e4b - - default default] Successfully bumped revision number for resource 3092f77e-8ade-4e49-88cb-97a18ac74fde (type: security_group_rules) to 0
2026-09-07 11:58:32.307 9 INFO neutron.db.ovn_revision_numbers_db [None req-430c8ef1-30aa-4efa-ae56-c782a16f43c8 f54613d1eed143c784d352c380522db8 b671864245484ba58c69668388478e4b - - default default] Successfully bumped revision number for resource 6e71fde7-5139-4588-af91-d7aea1734511 (type: security_group_rules) to 0
2026-09-07 11:58:32.309 10 INFO neutron.db.ovn_revision_numbers_db [None req-ca974953-c129-4a8a-96f3-e3a581ca84b5 f54613d1eed143c784d352c380522db8 b671864245484ba58c69668388478e4b - - default default] Successfully bumped revision number for resource 3a40e486-5b89-4dbd-b7c8-b58763536007 (type: security_group_rules) to 0
2026-09-07 11:58:32.327 10 INFO neutron.db.ovn_revision_numbers_db [None req-ca974953-c129-4a8a-96f3-e3a581ca84b5 f54613d1eed143c784d352c380522db8 b671864245484ba58c69668388478e4b - - default default] Successfully bumped revision number for resource 6f131e8c-d3cb-4eb1-8d81-bead69e4d366 (type: security_group_rules) to 0
2026-09-07 11:58:32.331 9 INFO neutron.db.ovn_revision_numbers_db [None req-430c8ef1-30aa-4efa-ae56-c782a16f43c8 f54613d1eed143c784d352c380522db8 b671864245484ba58c69668388478e4b - - default default] Successfully bumped revision number for resource ec2f68ea-2165-40f3-b3d3-529ff2832627 (type: security_group_rules) to 0
2026-09-07 11:58:32.352 10 INFO neutron.db.ovn_revision_numbers_db [None req-ca974953-c129-4a8a-96f3-e3a581ca84b5 f54613d1eed143c784d352c380522db8 b671864245484ba58c69668388478e4b - - default default] Successfully bumped revision number for resource b135f4cf-2ab7-4b04-aa7f-b6c81dbfc04d (type: security_group_rules) to 0
2026-09-07 11:58:32.359 9 INFO neutron.db.ovn_revision_numbers_db [None req-430c8ef1-30aa-4efa-ae56-c782a16f43c8 f54613d1eed143c784d352c380522db8 b671864245484ba58c69668388478e4b - - default default] Successfully bumped revision number for resource f9706703-cf96-4acd-a3ed-1d74b74b032f (type: security_group_rules) to 0
2026-09-07 11:58:32.401 9 INFO neutron.wsgi [None req-430c8ef1-30aa-4efa-ae56-c782a16f43c8 f54613d1eed143c784d352c380522db8 b671864245484ba58c69668388478e4b - - default default] 10.0.0.4 "GET /v2.0/security-groups?tenant_id=88b293305d724ef28d1459aa67f36543&name=default HTTP/1.1" status: 200 len: 2996 time: 0.5253515
2026-09-07 11:58:32.433 10 INFO neutron.db.segments_db [None req-ca974953-c129-4a8a-96f3-e3a581ca84b5 f54613d1eed143c784d352c380522db8 b671864245484ba58c69668388478e4b - - default default] Added segment 94a38f94-34e7-4e36-8598-e365b8944fe3 of type geneve for network d2e550a2-cc4d-4414-8c30-339746c8a236
2026-09-07 11:58:32.534 9 INFO neutron.db.ovn_revision_numbers_db [None req-50930e46-2177-454c-8cd0-608e9c1242d2 b98f898c04e3460a9cd8932687685fd2 dd346e7619ee48ccbdf42dbcb443c660 - - default default] Successfully bumped revision number for resource e4be77dc-916b-4c35-ae07-a55cd231536a (type: subnets) to 1
2026-09-07 11:58:32.537 9 INFO neutron.wsgi [None req-50930e46-2177-454c-8cd0-608e9c1242d2 b98f898c04e3460a9cd8932687685fd2 dd346e7619ee48ccbdf42dbcb443c660 - - default default] 10.0.0.4 "PUT /v2.0/subnets/e4be77dc-916b-4c35-ae07-a55cd231536a HTTP/1.1" status: 200 len: 806 time: 0.3365843
