2026-09-07 11:59:17.081 9 INFO neutron.services.segments.plugin [-] Segment c7924f2d-da2b-4613-ab19-9f211cf18d68 resource provider aggregate not found
2026-09-07 11:59:17.088 9 INFO neutron.services.segments.plugin [-] Segment c7924f2d-da2b-4613-ab19-9f211cf18d68 resource provider aggregate not found
2026-09-07 11:59:17.107 9 INFO neutron.services.segments.plugin [-] Segment c7924f2d-da2b-4613-ab19-9f211cf18d68 resource provider not found; error: Placement Client Error (4xx): {"errors": [{"status": 404, "title": "Not Found", "detail": "The resource could not be found.\n\n No resource provider with uuid c7924f2d-da2b-4613-ab19-9f211cf18d68 found for delete ", "request_id": "req-a9171da4-e60e-48d2-975f-33772fb6f9d1"}]}
2026-09-07 11:59:17.111 9 INFO neutron.services.segments.plugin [-] Segment c7924f2d-da2b-4613-ab19-9f211cf18d68 resource provider not found; error: Placement Client Error (4xx): {"errors": [{"status": 404, "title": "Not Found", "detail": "The resource could not be found.\n\n No resource provider with uuid c7924f2d-da2b-4613-ab19-9f211cf18d68 found for delete ", "request_id": "req-01967388-bf50-402c-8d43-2819087fa448"}]}
2026-09-07 11:59:17.148 9 INFO neutron.wsgi [None req-282da6cc-bd5a-452c-9f61-15d83cbbd71c 2e549d16093a4b49b07d7dfadce7d6cb 919a710a678a47bba385ffb1264bfeef - - default default] 10.0.0.4 "DELETE /v2.0/networks/85d5e096-59b2-4a82-a2ba-57c1a70cae76 HTTP/1.1" status: 204 len: 168 time: 0.4109588
2026-09-07 11:59:17.269 9 INFO neutron.db.segments_db [None req-bc047d01-dc1c-4f21-ab6a-f13207ffb41d 2e549d16093a4b49b07d7dfadce7d6cb 919a710a678a47bba385ffb1264bfeef - - default default] Added segment 45f4e91d-ffd9-4b78-94e3-762011f148b1 of type geneve for network cc998dac-94b5-411f-9160-a24a9d3b2a99
2026-09-07 11:59:17.286 10 WARNING neutron.scheduler.dhcp_agent_scheduler [None req-ed9584dc-a0ab-4f20-a1e7-5ea03e459874 789c1dd7bc5f40db933ccf31952a04f0 7ab252f3458f40a9a8bf5343ac58cb6a - - default default] No more DHCP agents
2026-09-07 11:59:17.288 10 WARNING neutron.api.rpc.agentnotifiers.dhcp_rpc_agent_api [None req-ed9584dc-a0ab-4f20-a1e7-5ea03e459874 789c1dd7bc5f40db933ccf31952a04f0 7ab252f3458f40a9a8bf5343ac58cb6a - - default default] Unable to schedule network 68a220ec-f1dd-40d1-a667-d525a0334a14: no agents available; will retry on subsequent port and subnet creation events.
2026-09-07 11:59:17.493 9 INFO neutron.db.ovn_revision_numbers_db [None req-bc047d01-dc1c-4f21-ab6a-f13207ffb41d 2e549d16093a4b49b07d7dfadce7d6cb 919a710a678a47bba385ffb1264bfeef - - default default] Successfully bumped revision number for resource cc998dac-94b5-411f-9160-a24a9d3b2a99 (type: networks) to 1
2026-09-07 11:59:17.503 10 INFO neutron.db.ovn_revision_numbers_db [None req-ed9584dc-a0ab-4f20-a1e7-5ea03e459874 789c1dd7bc5f40db933ccf31952a04f0 7ab252f3458f40a9a8bf5343ac58cb6a - - default default] Successfully bumped revision number for resource d794b447-70e4-4d59-987b-af7dedbdbcdc (type: ports) to 1
2026-09-07 11:59:17.683 9 WARNING neutron.scheduler.dhcp_agent_scheduler [None req-bc047d01-dc1c-4f21-ab6a-f13207ffb41d 2e549d16093a4b49b07d7dfadce7d6cb 919a710a678a47bba385ffb1264bfeef - - default default] No more DHCP agents
2026-09-07 11:59:17.686 9 WARNING neutron.api.rpc.agentnotifiers.dhcp_rpc_agent_api [None req-bc047d01-dc1c-4f21-ab6a-f13207ffb41d 2e549d16093a4b49b07d7dfadce7d6cb 919a710a678a47bba385ffb1264bfeef - - default default] Unable to schedule network cc998dac-94b5-411f-9160-a24a9d3b2a99: no agents available; will retry on subsequent port and subnet creation events.
2026-09-07 11:59:17.802 9 INFO neutron.db.ovn_revision_numbers_db [None req-bc047d01-dc1c-4f21-ab6a-f13207ffb41d 2e549d16093a4b49b07d7dfadce7d6cb 919a710a678a47bba385ffb1264bfeef - - default default] Successfully bumped revision number for resource 37e3ad50-10e3-48ed-baa7-1cd8095d1996 (type: ports) to 1
2026-09-07 11:59:17.833 9 INFO neutron.wsgi [None req-bc047d01-dc1c-4f21-ab6a-f13207ffb41d 2e549d16093a4b49b07d7dfadce7d6cb 919a710a678a47bba385ffb1264bfeef - - default default] 10.0.0.4 "POST /v2.0/networks HTTP/1.1" status: 201 len: 828 time: 0.6779222
2026-09-07 11:59:18.208 10 WARNING neutron.scheduler.dhcp_agent_scheduler [None req-e0cd0053-ff41-4408-9d28-c4e5ab1206a1 2e549d16093a4b49b07d7dfadce7d6cb 919a710a678a47bba385ffb1264bfeef - - default default] No more DHCP agents
2026-09-07 11:59:18.213 10 WARNING neutron.api.rpc.agentnotifiers.dhcp_rpc_agent_api [None req-e0cd0053-ff41-4408-9d28-c4e5ab1206a1 2e549d16093a4b49b07d7dfadce7d6cb 919a710a678a47bba385ffb1264bfeef - - default default] Unable to schedule network cc998dac-94b5-411f-9160-a24a9d3b2a99: no agents available; will retry on subsequent port and subnet creation events.
2026-09-07 11:59:18.229 10 INFO neutron.db.ovn_revision_numbers_db [None req-ed9584dc-a0ab-4f20-a1e7-5ea03e459874 789c1dd7bc5f40db933ccf31952a04f0 7ab252f3458f40a9a8bf5343ac58cb6a - - default default] Successfully bumped revision number for resource d794b447-70e4-4d59-987b-af7dedbdbcdc (type: router_ports) to 1
2026-09-07 11:59:18.332 10 INFO neutron.db.ovn_revision_numbers_db [None req-ed9584dc-a0ab-4f20-a1e7-5ea03e459874 789c1dd7bc5f40db933ccf31952a04f0 7ab252f3458f40a9a8bf5343ac58cb6a - - default default] Successfully bumped revision number for resource c66be99d-82ce-43bd-937a-59db7c105df9 (type: routers) to 2
2026-09-07 11:59:18.368 10 INFO neutron.wsgi [None req-ed9584dc-a0ab-4f20-a1e7-5ea03e459874 789c1dd7bc5f40db933ccf31952a04f0 7ab252f3458f40a9a8bf5343ac58cb6a - - default default] 10.0.0.4 "POST /v2.0/routers HTTP/1.1" status: 201 len: 872 time: 1.7246346
2026-09-07 11:59:18.371 9 INFO neutron.db.ovn_revision_numbers_db [None req-bb915f0c-8305-4493-9b62-5cd366685de6 f54613d1eed143c784d352c380522db8 b671864245484ba58c69668388478e4b - - default default] Successfully bumped revision number for resource 90b41c88-74f5-4361-8418-bc3bb54636d4 (type: security_groups) to 1
2026-09-07 11:59:18.387 9 INFO neutron.db.ovn_revision_numbers_db [None req-bb915f0c-8305-4493-9b62-5cd366685de6 f54613d1eed143c784d352c380522db8 b671864245484ba58c69668388478e4b - - default default] Successfully bumped revision number for resource 5fb82f54-9b41-4aab-b133-a2f0b0b0b144 (type: security_group_rules) to 0
2026-09-07 11:59:18.405 9 INFO neutron.db.ovn_revision_numbers_db [None req-bb915f0c-8305-4493-9b62-5cd366685de6 f54613d1eed143c784d352c380522db8 b671864245484ba58c69668388478e4b - - default default] Successfully bumped revision number for resource a5b31f17-d6ab-43bd-bf52-b9acfc8593b9 (type: security_group_rules) to 0
2026-09-07 11:59:18.421 9 INFO neutron.db.ovn_revision_numbers_db [None req-bb915f0c-8305-4493-9b62-5cd366685de6 f54613d1eed143c784d352c380522db8 b671864245484ba58c69668388478e4b - - default default] Successfully bumped revision number for resource b5aeaf8d-52a0-4df5-b701-bb21304fa479 (type: security_group_rules) to 0
2026-09-07 11:59:18.437 9 INFO neutron.db.ovn_revision_numbers_db [None req-bb915f0c-8305-4493-9b62-5cd366685de6 f54613d1eed143c784d352c380522db8 b671864245484ba58c69668388478e4b - - default default] Successfully bumped revision number for resource ff2dd609-409e-4f59-a134-bb15285fbfbb (type: security_group_rules) to 0
2026-09-07 11:59:18.456 10 INFO neutron.wsgi [None req-ea9cc1bf-4218-4786-9cb6-a639ed25321c 789c1dd7bc5f40db933ccf31952a04f0 7ab252f3458f40a9a8bf5343ac58cb6a - - default default] 10.0.0.4 "GET /v2.0/routers/c66be99d-82ce-43bd-937a-59db7c105df9 HTTP/1.1" status: 200 len: 873 time: 0.0800703
2026-09-07 11:59:18.461 9 INFO neutron.wsgi [None req-bb915f0c-8305-4493-9b62-5cd366685de6 f54613d1eed143c784d352c380522db8 b671864245484ba58c69668388478e4b - - default default] 10.0.0.4 "GET /v2.0/security-groups?tenant_id=d1cc09383f2541d396a716d2967ed266&name=default HTTP/1.1" status: 200 len: 2996 time: 0.4131069
2026-09-07 11:59:18.571 10 INFO neutron.wsgi [None req-0946a93c-60f3-460d-b4e4-e31e781166b2 789c1dd7bc5f40db933ccf31952a04f0 7ab252f3458f40a9a8bf5343ac58cb6a - - default default] 10.0.0.4 "GET /v2.0/routers HTTP/1.1" status: 200 len: 876 time: 0.1096191
2026-09-07 11:59:18.635 9 INFO neutron.wsgi [None req-0ec0e813-d649-439a-8ea0-233f2fdfefd9 f54613d1eed143c784d352c380522db8 b671864245484ba58c69668388478e4b - - default default] 10.0.0.4 "DELETE /v2.0/security-groups/90b41c88-74f5-4361-8418-bc3bb54636d4 HTTP/1.1" status: 204 len: 168 time: 0.1694870
2026-09-07 11:59:19.091 10 INFO neutron.db.ovn_revision_numbers_db [None req-e0cd0053-ff41-4408-9d28-c4e5ab1206a1 2e549d16093a4b49b07d7dfadce7d6cb 919a710a678a47bba385ffb1264bfeef - - default default] Successfully bumped revision number for resource 37e3ad50-10e3-48ed-baa7-1cd8095d1996 (type: ports) to 2
2026-09-07 11:59:19.133 10 INFO neutron.db.ovn_revision_numbers_db [None req-e0cd0053-ff41-4408-9d28-c4e5ab1206a1 2e549d16093a4b49b07d7dfadce7d6cb 919a710a678a47bba385ffb1264bfeef - - default default] Successfully bumped revision number for resource d279cbe6-e75f-4137-8b96-9556dea21e88 (type: subnets) to 0
2026-09-07 11:59:19.152 10 INFO neutron.wsgi [None req-e0cd0053-ff41-4408-9d28-c4e5ab1206a1 2e549d16093a4b49b07d7dfadce7d6cb 919a710a678a47bba385ffb1264bfeef - - default default] 10.0.0.4 "POST /v2.0/subnets HTTP/1.1" status: 201 len: 801 time: 1.3136590
2026-09-07 11:59:19.282 10 INFO neutron.db.ovn_revision_numbers_db [None req-1ab05c7e-f2eb-4927-85c4-4a36ae20871e 789c1dd7bc5f40db933ccf31952a04f0 7ab252f3458f40a9a8bf5343ac58cb6a - - default default] Successfully bumped revision number for resource c66be99d-82ce-43bd-937a-59db7c105df9 (type: routers) to 3
2026-09-07 11:59:19.285 10 INFO neutron.wsgi [None req-1ab05c7e-f2eb-4927-85c4-4a36ae20871e 789c1dd7bc5f40db933ccf31952a04f0 7ab252f3458f40a9a8bf5343ac58cb6a - - default default] 10.0.0.4 "PUT /v2.0/routers/c66be99d-82ce-43bd-937a-59db7c105df9 HTTP/1.1" status: 200 len: 880 time: 0.7090425
2026-09-07 11:59:19.370 10 INFO neutron.db.ovn_revision_numbers_db [None req-1cd1e9b4-f0f9-4796-8bcf-875348e8b493 2e549d16093a4b49b07d7dfadce7d6cb 919a710a678a47bba385ffb1264bfeef - - default default] Successfully bumped revision number for resource d9bd242e-1b1e-4ace-8896-c8e284126134 (type: routers) to 1
2026-09-07 11:59:19.385 10 INFO neutron.wsgi [None req-1cd1e9b4-f0f9-4796-8bcf-875348e8b493 2e549d16093a4b49b07d7dfadce7d6cb 919a710a678a47bba385ffb1264bfeef - - default default] 10.0.0.4 "POST /v2.0/routers HTTP/1.1" status: 201 len: 687 time: 0.2275257
2026-09-07 11:59:19.455 9 INFO neutron.wsgi [None req-2085d9a3-17a5-4f48-a706-efc7925e7121 789c1dd7bc5f40db933ccf31952a04f0 7ab252f3458f40a9a8bf5343ac58cb6a - - default default] 10.0.0.4 "GET /v2.0/routers/c66be99d-82ce-43bd-937a-59db7c105df9 HTTP/1.1" status: 200 len: 880 time: 0.1622205
2026-09-07 11:59:19.489 9 INFO neutron.wsgi [None req-1c9e0f08-c5e6-4509-9157-aa40c6cb27c6 789c1dd7bc5f40db933ccf31952a04f0 7ab252f3458f40a9a8bf5343ac58cb6a - - default default] 10.0.0.4 "GET /v2.0/ports?device_id=c66be99d-82ce-43bd-937a-59db7c105df9 HTTP/1.1" status: 200 len: 205 time: 0.0273559
2026-09-07 11:59:19.774 10 WARNING neutron.scheduler.dhcp_agent_scheduler [None req-ce429b4e-421e-4d9a-b816-15a740b1373a 2e549d16093a4b49b07d7dfadce7d6cb 919a710a678a47bba385ffb1264bfeef - - default default] No more DHCP agents
2026-09-07 11:59:19.777 10 WARNING neutron.api.rpc.agentnotifiers.dhcp_rpc_agent_api [None req-ce429b4e-421e-4d9a-b816-15a740b1373a 2e549d16093a4b49b07d7dfadce7d6cb 919a710a678a47bba385ffb1264bfeef - - default default] Unable to schedule network cc998dac-94b5-411f-9160-a24a9d3b2a99: no agents available; will retry on subsequent port and subnet creation events.
2026-09-07 11:59:19.858 10 WARNING neutron.plugins.ml2.drivers.ovn.mech_driver.ovsdb.ovn_client [None req-4fbe34ef-2715-4231-9375-54f66b6e7902 - - - - - -] No port found with ID 6f5136fd-a19c-494d-aa82-7b29ed1f2ecd: RuntimeError: No port found with ID 6f5136fd-a19c-494d-aa82-7b29ed1f2ecd
2026-09-07 11:59:19.858 10 INFO neutron.plugins.ml2.drivers.ovn.mech_driver.mech_driver [None req-4fbe34ef-2715-4231-9375-54f66b6e7902 - - - - - -] OVN reports status up for port: 47c9feae-49cb-4e79-8534-f59a8ae983b9
2026-09-07 11:59:19.880 10 INFO neutron.plugins.ml2.drivers.ovn.mech_driver.mech_driver [None req-4fbe34ef-2715-4231-9375-54f66b6e7902 - - - - - -] OVN reports status up for port: d794b447-70e4-4d59-987b-af7dedbdbcdc
2026-09-07 11:59:19.945 10 INFO neutron.db.ovn_revision_numbers_db [None req-ce429b4e-421e-4d9a-b816-15a740b1373a 2e549d16093a4b49b07d7dfadce7d6cb 919a710a678a47bba385ffb1264bfeef - - default default] Successfully bumped revision number for resource 9ee52ff6-a227-4589-8703-fe86d272f49c (type: ports) to 1
2026-09-07 11:59:20.025 9 INFO neutron.wsgi [None req-b4158578-a4dd-4670-9182-65bc7caa66bd 789c1dd7bc5f40db933ccf31952a04f0 7ab252f3458f40a9a8bf5343ac58cb6a - - default default] 10.0.0.4 "DELETE /v2.0/routers/c66be99d-82ce-43bd-937a-59db7c105df9 HTTP/1.1" status: 204 len: 168 time: 0.5314968
2026-09-07 11:59:20.064 9 INFO neutron.wsgi [None req-236fac8c-e3fe-4eb7-a867-ab225d0a3f7c 789c1dd7bc5f40db933ccf31952a04f0 7ab252f3458f40a9a8bf5343ac58cb6a - - default default] 10.0.0.4 "GET /v2.0/ports?device_id=c66be99d-82ce-43bd-937a-59db7c105df9 HTTP/1.1" status: 200 len: 205 time: 0.0317926
2026-09-07 11:59:20.104 9 INFO neutron.api.v2.resource [None req-ca91a3b5-9cb5-4cd1-917d-2356f1b38a53 789c1dd7bc5f40db933ccf31952a04f0 7ab252f3458f40a9a8bf5343ac58cb6a - - default default] delete failed (client error): The resource could not be found.
2026-09-07 11:59:20.106 9 INFO neutron.wsgi [None req-ca91a3b5-9cb5-4cd1-917d-2356f1b38a53 789c1dd7bc5f40db933ccf31952a04f0 7ab252f3458f40a9a8bf5343ac58cb6a - - default default] 10.0.0.4 "DELETE /v2.0/routers/c66be99d-82ce-43bd-937a-59db7c105df9 HTTP/1.1" status: 404 len: 336 time: 0.0366971
2026-09-07 11:59:20.127 9 INFO neutron.wsgi [req-51157ee4-847b-4cd7-a6d7-c710b8fa5d1c req-21dc1c07-7f0e-4fb4-a4df-d6e6de9c5745 065a36f478c646509e7132d3a6cd62fb 9051cb71494a410fadc3d044b7eadea1 - - 2d723aedf69642c598baeaf57406f927 2d723aedf69642c598baeaf57406f927] 10.0.0.168 "GET /v2.0/ports?device_id=03b6fb3d-8538-42d3-9414-21f60c6d97b5 HTTP/1.1" status: 200 len: 1413 time: 0.0502968
2026-09-07 11:59:20.144 10 INFO neutron.wsgi [None req-4bbb54e0-a684-4f90-a277-7d258a7871e3 789c1dd7bc5f40db933ccf31952a04f0 7ab252f3458f40a9a8bf5343ac58cb6a - - default default] 10.0.0.4 "GET /v2.0/ports?device_id=d8e9e895-879d-4413-8ab3-1ac7c85f7e72 HTTP/1.1" status: 200 len: 205 time: 0.0325649
2026-09-07 11:59:20.174 9 INFO neutron.api.v2.resource [None req-c0630a56-847a-4a4a-9da3-62244bdbfc3e 789c1dd7bc5f40db933ccf31952a04f0 7ab252f3458f40a9a8bf5343ac58cb6a - - default default] delete failed (client error): The resource could not be found.
2026-09-07 11:59:20.176 9 INFO neutron.wsgi [None req-c0630a56-847a-4a4a-9da3-62244bdbfc3e 789c1dd7bc5f40db933ccf31952a04f0 7ab252f3458f40a9a8bf5343ac58cb6a - - default default] 10.0.0.4 "DELETE /v2.0/routers/d8e9e895-879d-4413-8ab3-1ac7c85f7e72 HTTP/1.1" status: 404 len: 336 time: 0.0270998
2026-09-07 11:59:20.201 9 INFO neutron.pecan_wsgi.hooks.translation [None req-330308fc-14b6-4884-ada8-d363ec4287c9 789c1dd7bc5f40db933ccf31952a04f0 7ab252f3458f40a9a8bf5343ac58cb6a - - default default] DELETE failed (client error): The resource could not be found.
2026-09-07 11:59:20.204 9 INFO neutron.wsgi [None req-330308fc-14b6-4884-ada8-d363ec4287c9 789c1dd7bc5f40db933ccf31952a04f0 7ab252f3458f40a9a8bf5343ac58cb6a - - default default] 10.0.0.4 "DELETE /v2.0/subnets/87ea4fba-1fcd-4ed5-90f5-bbe84f665741 HTTP/1.1" status: 404 len: 337 time: 0.0212598
2026-09-07 11:59:20.229 9 INFO neutron.wsgi [None req-93d36bc6-3abe-48fb-895d-21731bc42a0e 789c1dd7bc5f40db933ccf31952a04f0 7ab252f3458f40a9a8bf5343ac58cb6a - - default default] 10.0.0.4 "GET /v2.0/ports?device_id=47723d82-06a6-45ce-a111-d84a8936a386 HTTP/1.1" status: 200 len: 205 time: 0.0197692
2026-09-07 11:59:20.230 9 INFO neutron.wsgi [req-51157ee4-847b-4cd7-a6d7-c710b8fa5d1c req-aa7b4fc2-63c8-4aa9-9aea-6d94e557e4dc 065a36f478c646509e7132d3a6cd62fb 9051cb71494a410fadc3d044b7eadea1 - - 2d723aedf69642c598baeaf57406f927 2d723aedf69642c598baeaf57406f927] 10.0.0.168 "GET /v2.0/security-groups?id=01ad2d2c-fedb-44a9-8f61-db35d5e240d9&fields=id&fields=name HTTP/1.1" status: 200 len: 313 time: 0.0938864
2026-09-07 11:59:20.260 9 INFO neutron.api.v2.resource [None req-5f3668af-8b23-4c83-a33a-a3279b1a9469 789c1dd7bc5f40db933ccf31952a04f0 7ab252f3458f40a9a8bf5343ac58cb6a - - default default] delete failed (client error): The resource could not be found.
2026-09-07 11:59:20.261 9 INFO neutron.wsgi [None req-5f3668af-8b23-4c83-a33a-a3279b1a9469 789c1dd7bc5f40db933ccf31952a04f0 7ab252f3458f40a9a8bf5343ac58cb6a - - default default] 10.0.0.4 "DELETE /v2.0/routers/47723d82-06a6-45ce-a111-d84a8936a386 HTTP/1.1" status: 404 len: 336 time: 0.0287106
2026-09-07 11:59:20.280 9 INFO neutron.pecan_wsgi.hooks.translation [None req-9bb5d5f9-5d0f-4a48-89cd-b942d541eda8 789c1dd7bc5f40db933ccf31952a04f0 7ab252f3458f40a9a8bf5343ac58cb6a - - default default] DELETE failed (client error): The resource could not be found.
2026-09-07 11:59:20.282 9 INFO neutron.wsgi [None req-9bb5d5f9-5d0f-4a48-89cd-b942d541eda8 789c1dd7bc5f40db933ccf31952a04f0 7ab252f3458f40a9a8bf5343ac58cb6a - - default default] 10.0.0.4 "DELETE /v2.0/subnets/5aa34cbf-3e42-4f1b-a69f-c7dcc818d713 HTTP/1.1" status: 404 len: 337 time: 0.0167792
2026-09-07 11:59:20.303 9 INFO neutron.wsgi [None req-87d23ea6-75af-44be-9307-2bec331c255c 789c1dd7bc5f40db933ccf31952a04f0 7ab252f3458f40a9a8bf5343ac58cb6a - - default default] 10.0.0.4 "GET /v2.0/ports?device_id=f7ee4897-aa27-4f65-b90b-ba0c0a4fb41f HTTP/1.1" status: 200 len: 205 time: 0.0167518
2026-09-07 11:59:20.327 9 INFO neutron.api.v2.resource [None req-68e8258b-987d-4627-953f-fc280a1fa59a 789c1dd7bc5f40db933ccf31952a04f0 7ab252f3458f40a9a8bf5343ac58cb6a - - default default] delete failed (client error): The resource could not be found.
2026-09-07 11:59:20.328 9 INFO neutron.wsgi [None req-68e8258b-987d-4627-953f-fc280a1fa59a 789c1dd7bc5f40db933ccf31952a04f0 7ab252f3458f40a9a8bf5343ac58cb6a - - default default] 10.0.0.4 "DELETE /v2.0/routers/f7ee4897-aa27-4f65-b90b-ba0c0a4fb41f HTTP/1.1" status: 404 len: 336 time: 0.0200379
2026-09-07 11:59:20.349 9 INFO neutron.pecan_wsgi.hooks.translation [None req-69673215-2329-4b35-92de-6e5af294fd97 789c1dd7bc5f40db933ccf31952a04f0 7ab252f3458f40a9a8bf5343ac58cb6a - - default default] DELETE failed (client error): The resource could not be found.
2026-09-07 11:59:20.351 9 INFO neutron.wsgi [None req-69673215-2329-4b35-92de-6e5af294fd97 789c1dd7bc5f40db933ccf31952a04f0 7ab252f3458f40a9a8bf5343ac58cb6a - - default default] 10.0.0.4 "DELETE /v2.0/subnets/4f117d5d-c34c-4d81-8414-dbd12303d03e HTTP/1.1" status: 404 len: 337 time: 0.0170856
2026-09-07 11:59:20.371 9 INFO neutron.pecan_wsgi.hooks.translation [None req-42c614ef-43a7-438a-ab2f-1c48b5fc8bb3 789c1dd7bc5f40db933ccf31952a04f0 7ab252f3458f40a9a8bf5343ac58cb6a - - default default] DELETE failed (client error): The resource could not be found.
2026-09-07 11:59:20.372 9 INFO neutron.wsgi [None req-42c614ef-43a7-438a-ab2f-1c48b5fc8bb3 789c1dd7bc5f40db933ccf31952a04f0 7ab252f3458f40a9a8bf5343ac58cb6a - - default default] 10.0.0.4 "DELETE /v2.0/subnets/deb4c97b-7e20-4d73-b368-bc4b1852f3c6 HTTP/1.1" status: 404 len: 337 time: 0.0158844
2026-09-07 11:59:20.375 9 INFO neutron.plugins.ml2.drivers.ovn.mech_driver.mech_driver [None req-bee1148f-0aab-47b4-b6da-bb3a311d9ca2 - - - - - -] OVN reports status up for port: 9ee52ff6-a227-4589-8703-fe86d272f49c
2026-09-07 11:59:20.385 9 INFO neutron.plugins.ml2.plugin [None req-bee1148f-0aab-47b4-b6da-bb3a311d9ca2 - - - - - -] Attempt 1 to provision port 9ee52ff6-a227-4589-8703-fe86d272f49c
2026-09-07 11:59:20.405 10 INFO neutron.db.ovn_revision_numbers_db [None req-ce429b4e-421e-4d9a-b816-15a740b1373a 2e549d16093a4b49b07d7dfadce7d6cb 919a710a678a47bba385ffb1264bfeef - - default default] Successfully bumped revision number for resource 9ee52ff6-a227-4589-8703-fe86d272f49c (type: router_ports) to 1
2026-09-07 11:59:20.552 10 INFO neutron.db.ovn_revision_numbers_db [None req-ce429b4e-421e-4d9a-b816-15a740b1373a 2e549d16093a4b49b07d7dfadce7d6cb 919a710a678a47bba385ffb1264bfeef - - default default] Successfully bumped revision number for resource 9ee52ff6-a227-4589-8703-fe86d272f49c (type: ports) to 1
2026-09-07 11:59:20.599 10 WARNING neutron.scheduler.dhcp_agent_scheduler [None req-ce429b4e-421e-4d9a-b816-15a740b1373a 2e549d16093a4b49b07d7dfadce7d6cb 919a710a678a47bba385ffb1264bfeef - - default default] No more DHCP agents
2026-09-07 11:59:20.600 10 WARNING neutron.api.rpc.agentnotifiers.dhcp_rpc_agent_api [None req-ce429b4e-421e-4d9a-b816-15a740b1373a 2e549d16093a4b49b07d7dfadce7d6cb 919a710a678a47bba385ffb1264bfeef - - default default] Unable to schedule network cc998dac-94b5-411f-9160-a24a9d3b2a99: no agents available; will retry on subsequent port and subnet creation events.
2026-09-07 11:59:20.653 9 INFO neutron.db.ovn_revision_numbers_db [None req-bee1148f-0aab-47b4-b6da-bb3a311d9ca2 - - - - - -] Successfully bumped revision number for resource 9ee52ff6-a227-4589-8703-fe86d272f49c (type: ports) to 2
2026-09-07 11:59:20.749 10 INFO neutron.db.ovn_revision_numbers_db [None req-ce429b4e-421e-4d9a-b816-15a740b1373a 2e549d16093a4b49b07d7dfadce7d6cb 919a710a678a47bba385ffb1264bfeef - - default default] Successfully bumped revision number for resource 9ee52ff6-a227-4589-8703-fe86d272f49c (type: router_ports) to 2
2026-09-07 11:59:20.750 9 INFO neutron.db.ovn_revision_numbers_db [None req-bee1148f-0aab-47b4-b6da-bb3a311d9ca2 - - - - - -] Successfully bumped revision number for resource 9ee52ff6-a227-4589-8703-fe86d272f49c (type: router_ports) to 2
2026-09-07 11:59:20.751 10 INFO neutron.wsgi [None req-ce429b4e-421e-4d9a-b816-15a740b1373a 2e549d16093a4b49b07d7dfadce7d6cb 919a710a678a47bba385ffb1264bfeef - - default default] 10.0.0.4 "PUT /v2.0/routers/d9bd242e-1b1e-4ace-8896-c8e284126134/add_router_interface HTTP/1.1" status: 200 len: 503 time: 1.3595467
2026-09-07 11:59:20.777 10 INFO neutron.wsgi [None req-6d4d0c86-36e7-417e-b6cf-a19fa17b49ff 2e549d16093a4b49b07d7dfadce7d6cb 919a710a678a47bba385ffb1264bfeef - - default default] 10.0.0.4 "GET /v2.0/ports/9ee52ff6-a227-4589-8703-fe86d272f49c HTTP/1.1" status: 200 len: 1137 time: 0.0218916
2026-09-07 11:59:20.803 10 INFO neutron.wsgi [None req-957079a6-22ad-434e-a36b-be6e0bcaa76d 2e549d16093a4b49b07d7dfadce7d6cb 919a710a678a47bba385ffb1264bfeef - - default default] 10.0.0.4 "GET /v2.0/ports/9ee52ff6-a227-4589-8703-fe86d272f49c HTTP/1.1" status: 200 len: 1137 time: 0.0219691
2026-09-07 11:59:21.167 10 INFO neutron.wsgi [None req-3924c4f4-60a4-4218-abec-dceae33d0cf5 f54613d1eed143c784d352c380522db8 b671864245484ba58c69668388478e4b - - default default] 10.0.0.4 "GET /v2.0/security-groups?tenant_id=7ab252f3458f40a9a8bf5343ac58cb6a&name=default HTTP/1.1" status: 200 len: 2996 time: 0.2073584
2026-09-07 11:59:21.283 10 INFO neutron.db.ovn_revision_numbers_db [None req-331ed1c3-5f15-4ecc-9296-1672a9f1ab30 f54613d1eed143c784d352c380522db8 b671864245484ba58c69668388478e4b - - default default] Successfully bumped revision number for resource c4780284-2e55-4528-9e92-8e9fce361b76 (type: security_groups) to 1
2026-09-07 11:59:21.314 10 INFO neutron.db.ovn_revision_numbers_db [None req-331ed1c3-5f15-4ecc-9296-1672a9f1ab30 f54613d1eed143c784d352c380522db8 b671864245484ba58c69668388478e4b - - default default] Successfully bumped revision number for resource 2ac3abf0-1d16-4e6b-aeea-a7311fc90c0d (type: security_group_rules) to 0
2026-09-07 11:59:21.344 10 INFO neutron.db.ovn_revision_numbers_db [None req-331ed1c3-5f15-4ecc-9296-1672a9f1ab30 f54613d1eed143c784d352c380522db8 b671864245484ba58c69668388478e4b - - default default] Successfully bumped revision number for resource 3649200e-9402-47bc-9409-37c2349f6783 (type: security_group_rules) to 0
2026-09-07 11:59:21.388 10 INFO neutron.wsgi [None req-bcb4a379-0d5c-410e-bfa4-48412f20d1cc 2e549d16093a4b49b07d7dfadce7d6cb 919a710a678a47bba385ffb1264bfeef - - default default] 10.0.0.4 "PUT /v2.0/routers/d9bd242e-1b1e-4ace-8896-c8e284126134/remove_router_interface HTTP/1.1" status: 200 len: 503 time: 0.5806332
2026-09-07 11:59:21.389 10 INFO neutron.db.ovn_revision_numbers_db [None req-331ed1c3-5f15-4ecc-9296-1672a9f1ab30 f54613d1eed143c784d352c380522db8 b671864245484ba58c69668388478e4b - - default default] Successfully bumped revision number for resource 87c24d34-808a-4a17-a65b-155bd7597620 (type: security_group_rules) to 0
2026-09-07 11:59:21.403 10 INFO neutron.db.ovn_revision_numbers_db [None req-331ed1c3-5f15-4ecc-9296-1672a9f1ab30 f54613d1eed143c784d352c380522db8 b671864245484ba58c69668388478e4b - - default default] Successfully bumped revision number for resource c31f0e0d-19c5-46d6-a84b-d532af650021 (type: security_group_rules) to 0
2026-09-07 11:59:21.414 9 INFO neutron.wsgi [None req-4f6adcd4-4712-4e74-9026-866036800f21 2e549d16093a4b49b07d7dfadce7d6cb 919a710a678a47bba385ffb1264bfeef - - default default] 10.0.0.4 "GET /v2.0/ports?device_id=d9bd242e-1b1e-4ace-8896-c8e284126134 HTTP/1.1" status: 200 len: 205 time: 0.0199404
2026-09-07 11:59:21.427 10 INFO neutron.wsgi [None req-331ed1c3-5f15-4ecc-9296-1672a9f1ab30 f54613d1eed143c784d352c380522db8 b671864245484ba58c69668388478e4b - - default default] 10.0.0.4 "GET /v2.0/security-groups?tenant_id=0ca177efa4ca416386dd03e276acd6ea&name=default HTTP/1.1" status: 200 len: 2996 time: 0.3884010 /var/lib/openstack/lib/python3.10/site-packages/pycadf/identifier.py:71: UserWarning: Invalid uuid: neutron. To ensure interoperability, identifiers should be a valid uuid. warnings.warn(('Invalid uuid: %s. To ensure interoperability, '
2026-09-07 11:59:21.475 9 INFO neutron.wsgi [None req-29782ff5-d662-42a3-af05-b41e7c7c75bf f54613d1eed143c784d352c380522db8 b671864245484ba58c69668388478e4b - - default default] 10.0.0.4 "DELETE /v2.0/security-groups/43ed3f75-6750-4585-a378-4cec0c1be075 HTTP/1.1" status: 204 len: 168 time: 0.3013737
2026-09-07 11:59:21.590 10 INFO neutron.wsgi [None req-31eb9bf5-1fc9-4c1c-940b-baa56b1d1f91 f54613d1eed143c784d352c380522db8 b671864245484ba58c69668388478e4b - - default default] 10.0.0.4 "DELETE /v2.0/security-groups/c4780284-2e55-4528-9e92-8e9fce361b76 HTTP/1.1" status: 204 len: 168 time: 0.1589782
2026-09-07 11:59:21.597 9 INFO neutron.wsgi [None req-07f72306-8ebb-44e4-9012-57ad6768244a 2e549d16093a4b49b07d7dfadce7d6cb 919a710a678a47bba385ffb1264bfeef - - default default] 10.0.0.4 "DELETE /v2.0/routers/d9bd242e-1b1e-4ace-8896-c8e284126134 HTTP/1.1" status: 204 len: 168 time: 0.1776829
2026-09-07 11:59:21.955 10 INFO neutron.wsgi [None req-b626e32e-4e81-4216-90de-fabedee2299f 2e549d16093a4b49b07d7dfadce7d6cb 919a710a678a47bba385ffb1264bfeef - - default default] 10.0.0.4 "DELETE /v2.0/subnets/d279cbe6-e75f-4137-8b96-9556dea21e88 HTTP/1.1" status: 204 len: 168 time: 0.3525898
2026-09-07 11:59:22.285 10 INFO neutron.services.segments.plugin [-] Segment 45f4e91d-ffd9-4b78-94e3-762011f148b1 resource provider aggregate not found
2026-09-07 11:59:22.303 10 INFO neutron.services.segments.plugin [-] Segment 45f4e91d-ffd9-4b78-94e3-762011f148b1 resource provider aggregate not found
2026-09-07 11:59:22.311 10 INFO neutron.services.segments.plugin [-] Segment 45f4e91d-ffd9-4b78-94e3-762011f148b1 resource provider not found; error: Placement Client Error (4xx): {"errors": [{"status": 404, "title": "Not Found", "detail": "The resource could not be found.\n\n No resource provider with uuid 45f4e91d-ffd9-4b78-94e3-762011f148b1 found for delete ", "request_id": "req-572a7e14-ae6e-4b05-8ac6-f2792c43be92"}]}
2026-09-07 11:59:22.325 10 INFO neutron.services.segments.plugin [-] Segment 45f4e91d-ffd9-4b78-94e3-762011f148b1 resource provider not found; error: Placement Client Error (4xx): {"errors": [{"status": 404, "title": "Not Found", "detail": "The resource could not be found.\n\n No resource provider with uuid 45f4e91d-ffd9-4b78-94e3-762011f148b1 found for delete ", "request_id": "req-dd0e6d11-c345-48ab-85b9-a45d3dc51e8c"}]}
2026-09-07 11:59:22.347 10 INFO neutron.wsgi [None req-9a078d2c-3fe4-42a7-90b6-99bef6b183d5 2e549d16093a4b49b07d7dfadce7d6cb 919a710a678a47bba385ffb1264bfeef - - default default] 10.0.0.4 "DELETE /v2.0/networks/cc998dac-94b5-411f-9160-a24a9d3b2a99 HTTP/1.1" status: 204 len: 168 time: 0.3873885
2026-09-07 11:59:22.798 10 WARNING neutron.scheduler.dhcp_agent_scheduler [None req-d3a07385-e86c-4fb7-bdda-6044d4d5d6b5 2e549d16093a4b49b07d7dfadce7d6cb 919a710a678a47bba385ffb1264bfeef - - default default] No more DHCP agents
2026-09-07 11:59:22.799 10 WARNING neutron.api.rpc.agentnotifiers.dhcp_rpc_agent_api [None req-d3a07385-e86c-4fb7-bdda-6044d4d5d6b5 2e549d16093a4b49b07d7dfadce7d6cb 919a710a678a47bba385ffb1264bfeef - - default default] Unable to schedule network 68a220ec-f1dd-40d1-a667-d525a0334a14: no agents available; will retry on subsequent port and subnet creation events.
2026-09-07 11:59:22.941 10 INFO neutron.db.ovn_revision_numbers_db [None req-d3a07385-e86c-4fb7-bdda-6044d4d5d6b5 2e549d16093a4b49b07d7dfadce7d6cb 919a710a678a47bba385ffb1264bfeef - - default default] Successfully bumped revision number for resource eb02e066-f079-4220-9696-4ad05101c5bd (type: ports) to 1
2026-09-07 11:59:23.450 10 INFO neutron.plugins.ml2.drivers.ovn.mech_driver.mech_driver [None req-4fbe34ef-2715-4231-9375-54f66b6e7902 - - - - - -] OVN reports status up for port: eb02e066-f079-4220-9696-4ad05101c5bd
2026-09-07 11:59:23.463 10 INFO neutron.plugins.ml2.plugin [None req-4fbe34ef-2715-4231-9375-54f66b6e7902 - - - - - -] Attempt 1 to provision port eb02e066-f079-4220-9696-4ad05101c5bd
2026-09-07 11:59:23.479 10 INFO neutron.db.ovn_revision_numbers_db [None req-d3a07385-e86c-4fb7-bdda-6044d4d5d6b5 2e549d16093a4b49b07d7dfadce7d6cb 919a710a678a47bba385ffb1264bfeef - - default default] Successfully bumped revision number for resource eb02e066-f079-4220-9696-4ad05101c5bd (type: router_ports) to 1
2026-09-07 11:59:23.556 9 INFO neutron.wsgi [None req-aa69f633-3da1-4486-bd0e-e3b777562bac 970eacc42d1348e793fe56524e795c8e 806371fd19d4490a862afba5b7af9dd7 - - default default] 10.0.0.4 "POST /v2.0/subnetpools HTTP/1.1" status: 201 len: 748 time: 0.2060256
2026-09-07 11:59:23.570 10 INFO neutron.db.ovn_revision_numbers_db [None req-d3a07385-e86c-4fb7-bdda-6044d4d5d6b5 2e549d16093a4b49b07d7dfadce7d6cb 919a710a678a47bba385ffb1264bfeef - - default default] Successfully bumped revision number for resource 8ce23aea-a4cc-4283-aff2-d3b7a1a72851 (type: routers) to 2
2026-09-07 11:59:23.586 10 INFO neutron.wsgi [None req-ca726b9b-dcbd-479d-a069-bdeed6ff5620 970eacc42d1348e793fe56524e795c8e 806371fd19d4490a862afba5b7af9dd7 - - default default] 10.0.0.4 "GET /v2.0/subnetpools/bd98d728-b39f-49d1-97b3-7a7999488176 HTTP/1.1" status: 200 len: 743 time: 0.0229688
2026-09-07 11:59:23.589 10 INFO neutron.wsgi [None req-d3a07385-e86c-4fb7-bdda-6044d4d5d6b5 2e549d16093a4b49b07d7dfadce7d6cb 919a710a678a47bba385ffb1264bfeef - - default default] 10.0.0.4 "POST /v2.0/routers HTTP/1.1" status: 201 len: 868 time: 1.2327025
2026-09-07 11:59:23.655 10 INFO neutron.wsgi [None req-870b972e-bc66-47f8-962c-eb1ee5a55dab 970eacc42d1348e793fe56524e795c8e 806371fd19d4490a862afba5b7af9dd7 - - default default] 10.0.0.4 "PUT /v2.0/subnetpools/bd98d728-b39f-49d1-97b3-7a7999488176 HTTP/1.1" status: 200 len: 695 time: 0.0649681
2026-09-07 11:59:23.664 9 INFO neutron.wsgi [None req-6f33ae99-5b79-4771-a287-4776cc9ddb39 2e549d16093a4b49b07d7dfadce7d6cb 919a710a678a47bba385ffb1264bfeef - - default default] 10.0.0.4 "GET /v2.0/routers/8ce23aea-a4cc-4283-aff2-d3b7a1a72851 HTTP/1.1" status: 200 len: 869 time: 0.0700049
2026-09-07 11:59:23.754 10 INFO neutron.wsgi [None req-0c51827b-19cd-4285-a2dc-ccef0b13a1af 970eacc42d1348e793fe56524e795c8e 806371fd19d4490a862afba5b7af9dd7 - - default default] 10.0.0.4 "DELETE /v2.0/subnetpools/bd98d728-b39f-49d1-97b3-7a7999488176 HTTP/1.1" status: 204 len: 168 time: 0.0938640
2026-09-07 11:59:23.775 10 INFO neutron.api.v2.resource [None req-e2164f4a-9f62-4678-ba85-5a5a651cb00e 970eacc42d1348e793fe56524e795c8e 806371fd19d4490a862afba5b7af9dd7 - - default default] show failed (client error): The resource could not be found.
2026-09-07 11:59:23.777 10 INFO neutron.wsgi [None req-e2164f4a-9f62-4678-ba85-5a5a651cb00e 970eacc42d1348e793fe56524e795c8e 806371fd19d4490a862afba5b7af9dd7 - - default default] 10.0.0.4 "GET /v2.0/subnetpools/bd98d728-b39f-49d1-97b3-7a7999488176 HTTP/1.1" status: 404 len: 346 time: 0.0143685
2026-09-07 11:59:23.795 10 INFO neutron.db.ovn_revision_numbers_db [None req-8a03d06b-3e09-4f60-8de6-e24c25b2a028 70e5106bf1354599b8ab05d8ce217630 03f7008524694bbdbc0776d8d2e9a582 - - default default] Successfully bumped revision number for resource 06bc113d-1c07-4af2-9110-4d8fce0282f9 (type: security_groups) to 1
2026-09-07 11:59:23.801 9 INFO neutron.api.v2.resource [None req-dc8b9d55-0f7a-4904-b85b-fa72706de257 970eacc42d1348e793fe56524e795c8e 806371fd19d4490a862afba5b7af9dd7 - - default default] delete failed (client error): The resource could not be found.
2026-09-07 11:59:23.803 9 INFO neutron.wsgi [None req-dc8b9d55-0f7a-4904-b85b-fa72706de257 970eacc42d1348e793fe56524e795c8e 806371fd19d4490a862afba5b7af9dd7 - - default default] 10.0.0.4 "DELETE /v2.0/subnetpools/bd98d728-b39f-49d1-97b3-7a7999488176 HTTP/1.1" status: 404 len: 346 time: 0.0199273
2026-09-07 11:59:23.808 10 INFO neutron.db.ovn_revision_numbers_db [None req-8a03d06b-3e09-4f60-8de6-e24c25b2a028 70e5106bf1354599b8ab05d8ce217630 03f7008524694bbdbc0776d8d2e9a582 - - default default] Successfully bumped revision number for resource 0e4418bb-31dd-4332-b3bc-08cbd4a52425 (type: security_group_rules) to 0
2026-09-07 11:59:23.822 10 INFO neutron.db.ovn_revision_numbers_db [None req-8a03d06b-3e09-4f60-8de6-e24c25b2a028 70e5106bf1354599b8ab05d8ce217630 03f7008524694bbdbc0776d8d2e9a582 - - default default] Successfully bumped revision number for resource 1890ad27-ff46-4c76-809b-5dd71f74ad8f (type: security_group_rules) to 0
2026-09-07 11:59:23.828 9 INFO neutron.wsgi [None req-eb780d1f-1225-4c38-ba75-4815c1ed8da3 2e549d16093a4b49b07d7dfadce7d6cb 919a710a678a47bba385ffb1264bfeef - - default default] 10.0.0.4 "GET /v2.0/routers HTTP/1.1" status: 200 len: 872 time: 0.1598752
2026-09-07 11:59:23.841 10 INFO neutron.db.ovn_revision_numbers_db [None req-8a03d06b-3e09-4f60-8de6-e24c25b2a028 70e5106bf1354599b8ab05d8ce217630 03f7008524694bbdbc0776d8d2e9a582 - - default default] Successfully bumped revision number for resource 2d4a51c7-ed6a-4d72-bc8a-7002bede698d (type: security_group_rules) to 0
2026-09-07 11:59:23.854 10 INFO neutron.db.ovn_revision_numbers_db [None req-8a03d06b-3e09-4f60-8de6-e24c25b2a028 70e5106bf1354599b8ab05d8ce217630 03f7008524694bbdbc0776d8d2e9a582 - - default default] Successfully bumped revision number for resource bc2b0885-6acd-433b-a0d8-cb1459c9e450 (type: security_group_rules) to 0
2026-09-07 11:59:23.922 10 INFO neutron.db.segments_db [None req-8a03d06b-3e09-4f60-8de6-e24c25b2a028 70e5106bf1354599b8ab05d8ce217630 03f7008524694bbdbc0776d8d2e9a582 - - default default] Added segment 4a0ad169-40e9-4c49-a370-5582d263e506 of type geneve for network c918db08-cf9d-41da-823a-211e68192b49
2026-09-07 11:59:23.986 10 INFO neutron.wsgi [-] 10.0.0.136 "GET / HTTP/1.1" status: 200 len: 247 time: 0.0010841
2026-09-07 11:59:23.987 10 INFO neutron.wsgi [-] 10.0.0.136 "GET / HTTP/1.1" status: 200 len: 247 time: 0.0008180
2026-09-07 11:59:24.074 10 INFO neutron.db.ovn_revision_numbers_db [None req-8a03d06b-3e09-4f60-8de6-e24c25b2a028 70e5106bf1354599b8ab05d8ce217630 03f7008524694bbdbc0776d8d2e9a582 - - default default] Successfully bumped revision number for resource c918db08-cf9d-41da-823a-211e68192b49 (type: networks) to 1
2026-09-07 11:59:24.230 10 WARNING neutron.scheduler.dhcp_agent_scheduler [None req-8a03d06b-3e09-4f60-8de6-e24c25b2a028 70e5106bf1354599b8ab05d8ce217630 03f7008524694bbdbc0776d8d2e9a582 - - default default] No more DHCP agents
2026-09-07 11:59:24.232 10 WARNING neutron.api.rpc.agentnotifiers.dhcp_rpc_agent_api [None req-8a03d06b-3e09-4f60-8de6-e24c25b2a028 70e5106bf1354599b8ab05d8ce217630 03f7008524694bbdbc0776d8d2e9a582 - - default default] Unable to schedule network c918db08-cf9d-41da-823a-211e68192b49: no agents available; will retry on subsequent port and subnet creation events.
2026-09-07 11:59:24.312 10 INFO neutron.db.ovn_revision_numbers_db [None req-8a03d06b-3e09-4f60-8de6-e24c25b2a028 70e5106bf1354599b8ab05d8ce217630 03f7008524694bbdbc0776d8d2e9a582 - - default default] Successfully bumped revision number for resource 4d8c32e0-a237-4af0-9e52-91f4209d738d (type: ports) to 1
2026-09-07 11:59:24.355 10 INFO neutron.wsgi [None req-8a03d06b-3e09-4f60-8de6-e24c25b2a028 70e5106bf1354599b8ab05d8ce217630 03f7008524694bbdbc0776d8d2e9a582 - - default default] 10.0.0.4 "POST /v2.0/networks HTTP/1.1" status: 201 len: 849 time: 0.7985780
2026-09-07 11:59:24.385 9 INFO neutron.db.ovn_revision_numbers_db [None req-ab0e3d59-c604-4641-aace-48c8508dec60 2e549d16093a4b49b07d7dfadce7d6cb 919a710a678a47bba385ffb1264bfeef - - default default] Successfully bumped revision number for resource 8ce23aea-a4cc-4283-aff2-d3b7a1a72851 (type: routers) to 3
2026-09-07 11:59:24.388 9 INFO neutron.wsgi [None req-ab0e3d59-c604-4641-aace-48c8508dec60 2e549d16093a4b49b07d7dfadce7d6cb 919a710a678a47bba385ffb1264bfeef - - default default] 10.0.0.4 "PUT /v2.0/routers/8ce23aea-a4cc-4283-aff2-d3b7a1a72851 HTTP/1.1" status: 200 len: 876 time: 0.5542536
2026-09-07 11:59:24.485 10 INFO neutron.wsgi [None req-23c4c13c-cf0a-4dfb-bc48-cd3295df9f80 2e549d16093a4b49b07d7dfadce7d6cb 919a710a678a47bba385ffb1264bfeef - - default default] 10.0.0.4 "GET /v2.0/routers/8ce23aea-a4cc-4283-aff2-d3b7a1a72851 HTTP/1.1" status: 200 len: 876 time: 0.0905149
2026-09-07 11:59:24.523 10 INFO neutron.wsgi [None req-ea48be07-90ed-481c-8eef-3a0fb3869170 2e549d16093a4b49b07d7dfadce7d6cb 919a710a678a47bba385ffb1264bfeef - - default default] 10.0.0.4 "GET /v2.0/ports?device_id=8ce23aea-a4cc-4283-aff2-d3b7a1a72851 HTTP/1.1" status: 200 len: 205 time: 0.0333543
2026-09-07 11:59:25.015 10 WARNING neutron.scheduler.dhcp_agent_scheduler [None req-bb99ac5e-14b1-4095-b7c3-f73cb769b706 70e5106bf1354599b8ab05d8ce217630 03f7008524694bbdbc0776d8d2e9a582 - - default default] No more DHCP agents
2026-09-07 11:59:25.021 10 WARNING neutron.api.rpc.agentnotifiers.dhcp_rpc_agent_api [None req-bb99ac5e-14b1-4095-b7c3-f73cb769b706 70e5106bf1354599b8ab05d8ce217630 03f7008524694bbdbc0776d8d2e9a582 - - default default] Unable to schedule network c918db08-cf9d-41da-823a-211e68192b49: no agents available; will retry on subsequent port and subnet creation events.
2026-09-07 11:59:25.034 10 INFO neutron.wsgi [req-f3b24027-a354-4c01-a352-dbbff8670f0a req-64cef871-073c-4822-9575-356e55261c2a 18081388280b4d24b633d43d0bd54c03 d5bdb79f697a4517873fc89f1a2d0fac - - default default] 10.0.0.3 "GET /v2.0/ports?device_id=03b6fb3d-8538-42d3-9414-21f60c6d97b5 HTTP/1.1" status: 200 len: 1174 time: 0.3893461
2026-09-07 11:59:25.076 10 INFO neutron.db.ovn_revision_numbers_db [None req-bb99ac5e-14b1-4095-b7c3-f73cb769b706 70e5106bf1354599b8ab05d8ce217630 03f7008524694bbdbc0776d8d2e9a582 - - default default] Successfully bumped revision number for resource ea161a31-04aa-4a5c-b2f7-fa11512cbd7d (type: subnets) to 0
2026-09-07 11:59:25.100 10 INFO neutron.wsgi [None req-bb99ac5e-14b1-4095-b7c3-f73cb769b706 70e5106bf1354599b8ab05d8ce217630 03f7008524694bbdbc0776d8d2e9a582 - - default default] 10.0.0.4 "POST /v2.0/subnets HTTP/1.1" status: 201 len: 802 time: 0.7410994
2026-09-07 11:59:25.105 10 INFO neutron.wsgi [req-f3b24027-a354-4c01-a352-dbbff8670f0a req-baec0ad8-d24f-4426-a649-7372b4506ed9 18081388280b4d24b633d43d0bd54c03 d5bdb79f697a4517873fc89f1a2d0fac - - default default] 10.0.0.3 "GET /v2.0/security-groups?id=01ad2d2c-fedb-44a9-8f61-db35d5e240d9&fields=id&fields=name HTTP/1.1" status: 200 len: 313 time: 0.0632513
2026-09-07 11:59:25.128 10 INFO neutron.db.ovn_revision_numbers_db [None req-b59102f8-b74a-432b-b6ed-c07f2e78cf40 f54613d1eed143c784d352c380522db8 b671864245484ba58c69668388478e4b - - default default] Successfully bumped revision number for resource 40fd32f3-b811-4f60-8dcb-078a3e9c9439 (type: security_groups) to 1
2026-09-07 11:59:25.144 10 INFO neutron.db.ovn_revision_numbers_db [None req-b59102f8-b74a-432b-b6ed-c07f2e78cf40 f54613d1eed143c784d352c380522db8 b671864245484ba58c69668388478e4b - - default default] Successfully bumped revision number for resource 427ebc18-9056-4b81-b727-8512cf063c52 (type: security_group_rules) to 0
2026-09-07 11:59:25.182 10 INFO neutron.db.ovn_revision_numbers_db [None req-b59102f8-b74a-432b-b6ed-c07f2e78cf40 f54613d1eed143c784d352c380522db8 b671864245484ba58c69668388478e4b - - default default] Successfully bumped revision number for resource 69410231-273e-4bd2-ba17-1ef815e6fe75 (type: security_group_rules) to 0
2026-09-07 11:59:25.210 10 INFO neutron.db.ovn_revision_numbers_db [None req-b59102f8-b74a-432b-b6ed-c07f2e78cf40 f54613d1eed143c784d352c380522db8 b671864245484ba58c69668388478e4b - - default default] Successfully bumped revision number for resource 6a7a744f-9da1-4e48-baec-53522d56034a (type: security_group_rules) to 0
2026-09-07 11:59:25.246 10 INFO neutron.db.ovn_revision_numbers_db [None req-b59102f8-b74a-432b-b6ed-c07f2e78cf40 f54613d1eed143c784d352c380522db8 b671864245484ba58c69668388478e4b - - default default] Successfully bumped revision number for resource aa02c6a9-1df4-4a34-8d9f-af63a8f29dcf (type: security_group_rules) to 0
2026-09-07 11:59:25.343 10 INFO neutron.wsgi [None req-b59102f8-b74a-432b-b6ed-c07f2e78cf40 f54613d1eed143c784d352c380522db8 b671864245484ba58c69668388478e4b - - default default] 10.0.0.4 "GET /v2.0/security-groups?tenant_id=806371fd19d4490a862afba5b7af9dd7&name=default HTTP/1.1" status: 200 len: 2996 time: 0.8889067
2026-09-07 11:59:25.387 10 INFO neutron.wsgi [req-3d16b1ad-ba36-492f-bc1f-e4db0ec14b6f req-1f61da57-829a-4b9d-ac9e-c77c8b4651c6 18081388280b4d24b633d43d0bd54c03 d5bdb79f697a4517873fc89f1a2d0fac - - default default] 10.0.0.3 "GET /v2.0/ports?device_id=03b6fb3d-8538-42d3-9414-21f60c6d97b5 HTTP/1.1" status: 200 len: 1174 time: 0.0536165
2026-09-07 11:59:25.490 10 INFO neutron.wsgi [req-3d16b1ad-ba36-492f-bc1f-e4db0ec14b6f req-d57fd15a-a7ab-4b68-a88d-15b7fb7df1b8 18081388280b4d24b633d43d0bd54c03 d5bdb79f697a4517873fc89f1a2d0fac - - default default] 10.0.0.3 "GET /v2.0/security-groups?id=01ad2d2c-fedb-44a9-8f61-db35d5e240d9&fields=id&fields=name HTTP/1.1" status: 200 len: 313 time: 0.0884163
2026-09-07 11:59:25.647 9 INFO neutron.wsgi [None req-c5ecd30a-7ec7-4c40-a20d-df14c2adfb35 f54613d1eed143c784d352c380522db8 b671864245484ba58c69668388478e4b - - default default] 10.0.0.4 "DELETE /v2.0/security-groups/40fd32f3-b811-4f60-8dcb-078a3e9c9439 HTTP/1.1" status: 204 len: 168 time: 0.2978408
2026-09-07 11:59:25.733 10 INFO neutron.wsgi [None req-3ac5a097-dd13-4359-a6f4-0ca4c7b801e3 2e549d16093a4b49b07d7dfadce7d6cb 919a710a678a47bba385ffb1264bfeef - - default default] 10.0.0.4 "DELETE /v2.0/routers/8ce23aea-a4cc-4283-aff2-d3b7a1a72851 HTTP/1.1" status: 204 len: 168 time: 1.2043524
2026-09-07 11:59:25.759 10 INFO neutron.wsgi [None req-e6174a68-39c0-40e4-b1cd-7a9dc8455ae1 2e549d16093a4b49b07d7dfadce7d6cb 919a710a678a47bba385ffb1264bfeef - - default default] 10.0.0.4 "GET /v2.0/ports?device_id=8ce23aea-a4cc-4283-aff2-d3b7a1a72851 HTTP/1.1" status: 200 len: 205 time: 0.0222549
2026-09-07 11:59:25.784 10 INFO neutron.api.v2.resource [None req-c17fcf03-c5b1-4c61-9a22-53329c215dc1 2e549d16093a4b49b07d7dfadce7d6cb 919a710a678a47bba385ffb1264bfeef - - default default] delete failed (client error): The resource could not be found.
2026-09-07 11:59:25.785 10 INFO neutron.wsgi [None req-c17fcf03-c5b1-4c61-9a22-53329c215dc1 2e549d16093a4b49b07d7dfadce7d6cb 919a710a678a47bba385ffb1264bfeef - - default default] 10.0.0.4 "DELETE /v2.0/routers/8ce23aea-a4cc-4283-aff2-d3b7a1a72851 HTTP/1.1" status: 404 len: 336 time: 0.0182993
2026-09-07 11:59:25.789 9 INFO neutron.wsgi [req-32ed4d8f-eb94-4519-86c6-bffd4ca39e26 req-9ccb8b55-8d75-4ae9-8703-c5513e224bdb 18081388280b4d24b633d43d0bd54c03 d5bdb79f697a4517873fc89f1a2d0fac - - default default] 162.253.55.243 "GET /v2.0/ports?device_id=03b6fb3d-8538-42d3-9414-21f60c6d97b5 HTTP/1.1" status: 200 len: 1174 time: 0.1232052
2026-09-07 11:59:25.831 9 INFO neutron.wsgi [None req-18df4a54-8a56-4628-aec0-97861569f0bb 2e549d16093a4b49b07d7dfadce7d6cb 919a710a678a47bba385ffb1264bfeef - - default default] 10.0.0.4 "GET /v2.0/ports?device_id=d9bd242e-1b1e-4ace-8896-c8e284126134 HTTP/1.1" status: 200 len: 205 time: 0.0375059
2026-09-07 11:59:25.842 10 WARNING neutron.scheduler.dhcp_agent_scheduler [None req-a81bed13-b1f0-4ce5-958d-4eba98aad945 70e5106bf1354599b8ab05d8ce217630 03f7008524694bbdbc0776d8d2e9a582 - - default default] No more DHCP agents
2026-09-07 11:59:25.844 10 WARNING neutron.api.rpc.agentnotifiers.dhcp_rpc_agent_api [None req-a81bed13-b1f0-4ce5-958d-4eba98aad945 70e5106bf1354599b8ab05d8ce217630 03f7008524694bbdbc0776d8d2e9a582 - - default default] Unable to schedule network 68a220ec-f1dd-40d1-a667-d525a0334a14: no agents available; will retry on subsequent port and subnet creation events.
2026-09-07 11:59:25.862 9 INFO neutron.api.v2.resource [None req-92eeb37b-28fd-4364-828a-b94621c5280c 2e549d16093a4b49b07d7dfadce7d6cb 919a710a678a47bba385ffb1264bfeef - - default default] delete failed (client error): The resource could not be found.
2026-09-07 11:59:25.863 9 INFO neutron.wsgi [None req-92eeb37b-28fd-4364-828a-b94621c5280c 2e549d16093a4b49b07d7dfadce7d6cb 919a710a678a47bba385ffb1264bfeef - - default default] 10.0.0.4 "DELETE /v2.0/routers/d9bd242e-1b1e-4ace-8896-c8e284126134 HTTP/1.1" status: 404 len: 336 time: 0.0273590
2026-09-07 11:59:25.891 10 INFO neutron.pecan_wsgi.hooks.translation [None req-2762d255-fcc9-4111-bd46-21475ee45d1b 2e549d16093a4b49b07d7dfadce7d6cb 919a710a678a47bba385ffb1264bfeef - - default default] DELETE failed (client error): The resource could not be found.
2026-09-07 11:59:25.893 10 INFO neutron.wsgi [None req-2762d255-fcc9-4111-bd46-21475ee45d1b 2e549d16093a4b49b07d7dfadce7d6cb 919a710a678a47bba385ffb1264bfeef - - default default] 10.0.0.4 "DELETE /v2.0/subnets/d279cbe6-e75f-4137-8b96-9556dea21e88 HTTP/1.1" status: 404 len: 337 time: 0.0221910
2026-09-07 11:59:25.916 10 INFO neutron.wsgi [None req-25aaa392-d034-44e9-9ff4-0482f6d4da2c 2e549d16093a4b49b07d7dfadce7d6cb 919a710a678a47bba385ffb1264bfeef - - default default] 10.0.0.4 "GET /v2.0/ports?device_id=c3ab9d20-81e8-44c6-a8e2-2ea472d41af2 HTTP/1.1" status: 200 len: 205 time: 0.0180886
2026-09-07 11:59:25.943 9 INFO neutron.api.v2.resource [None req-a11a4798-4625-4f8a-a009-2addae0dd6ba 2e549d16093a4b49b07d7dfadce7d6cb 919a710a678a47bba385ffb1264bfeef - - default default] delete failed (client error): The resource could not be found.
2026-09-07 11:59:25.944 9 INFO neutron.wsgi [None req-a11a4798-4625-4f8a-a009-2addae0dd6ba 2e549d16093a4b49b07d7dfadce7d6cb 919a710a678a47bba385ffb1264bfeef - - default default] 10.0.0.4 "DELETE /v2.0/routers/c3ab9d20-81e8-44c6-a8e2-2ea472d41af2 HTTP/1.1" status: 404 len: 336 time: 0.0222816
2026-09-07 11:59:25.953 9 WARNING neutron.plugins.ml2.drivers.ovn.mech_driver.ovsdb.ovn_client [None req-bee1148f-0aab-47b4-b6da-bb3a311d9ca2 - - - - - -] No port found with ID 9ee52ff6-a227-4589-8703-fe86d272f49c: RuntimeError: No port found with ID 9ee52ff6-a227-4589-8703-fe86d272f49c
2026-09-07 11:59:25.976 10 INFO neutron.pecan_wsgi.hooks.translation [None req-3dad802d-4d81-44d3-9987-0ca72f39506c 2e549d16093a4b49b07d7dfadce7d6cb 919a710a678a47bba385ffb1264bfeef - - default default] DELETE failed (client error): The resource could not be found.
2026-09-07 11:59:25.978 10 INFO neutron.wsgi [None req-3dad802d-4d81-44d3-9987-0ca72f39506c 2e549d16093a4b49b07d7dfadce7d6cb 919a710a678a47bba385ffb1264bfeef - - default default] 10.0.0.4 "DELETE /v2.0/subnets/184c5ba9-19f5-48fe-a58f-77eeae1598d6 HTTP/1.1" status: 404 len: 337 time: 0.0275948
2026-09-07 11:59:26.000 10 INFO neutron.wsgi [None req-fe7a1a9f-a96f-402c-bfd2-3bce38cf3935 2e549d16093a4b49b07d7dfadce7d6cb 919a710a678a47bba385ffb1264bfeef - - default default] 10.0.0.4 "GET /v2.0/ports?device_id=971a6aaf-daff-49f8-b1bd-526e378272e6 HTTP/1.1" status: 200 len: 205 time: 0.0177026
2026-09-07 11:59:26.026 10 INFO neutron.api.v2.resource [None req-b19ad33f-24e8-4efd-9c7d-ec19b3be9dce 2e549d16093a4b49b07d7dfadce7d6cb 919a710a678a47bba385ffb1264bfeef - - default default] delete failed (client error): The resource could not be found.
2026-09-07 11:59:26.027 10 INFO neutron.wsgi [None req-b19ad33f-24e8-4efd-9c7d-ec19b3be9dce 2e549d16093a4b49b07d7dfadce7d6cb 919a710a678a47bba385ffb1264bfeef - - default default] 10.0.0.4 "DELETE /v2.0/routers/971a6aaf-daff-49f8-b1bd-526e378272e6 HTTP/1.1" status: 404 len: 336 time: 0.0243390
2026-09-07 11:59:26.065 10 INFO neutron.db.ovn_revision_numbers_db [None req-a81bed13-b1f0-4ce5-958d-4eba98aad945 70e5106bf1354599b8ab05d8ce217630 03f7008524694bbdbc0776d8d2e9a582 - - default default] Successfully bumped revision number for resource 9619ed8b-b18a-47e5-a626-789a77d61c01 (type: ports) to 1
2026-09-07 11:59:26.065 9 INFO neutron.pecan_wsgi.hooks.translation [None req-eec0e19f-1a1f-49ec-a633-a70943a2cf2c 2e549d16093a4b49b07d7dfadce7d6cb 919a710a678a47bba385ffb1264bfeef - - default default] DELETE failed (client error): The resource could not be found.
2026-09-07 11:59:26.068 9 INFO neutron.wsgi [None req-eec0e19f-1a1f-49ec-a633-a70943a2cf2c 2e549d16093a4b49b07d7dfadce7d6cb 919a710a678a47bba385ffb1264bfeef - - default default] 10.0.0.4 "DELETE /v2.0/subnets/bd15e3cd-9016-451c-8f94-951d0afa4514 HTTP/1.1" status: 404 len: 337 time: 0.0194936
2026-09-07 11:59:26.094 9 INFO neutron.pecan_wsgi.hooks.translation [None req-5ce81df8-00ce-49fd-9def-fdc90510df46 2e549d16093a4b49b07d7dfadce7d6cb 919a710a678a47bba385ffb1264bfeef - - default default] DELETE failed (client error): The resource could not be found.
