2026-09-07 11:59:07.552 9 INFO neutron.wsgi [None req-28911966-62dd-4c6c-9823-941849d11ef9 2e549d16093a4b49b07d7dfadce7d6cb 919a710a678a47bba385ffb1264bfeef - - default default] 10.0.0.4 "GET /v2.0/ports/05521639-7b7e-49a7-b56d-18280376df28 HTTP/1.1" status: 200 len: 1135 time: 0.0465066
2026-09-07 11:59:07.558 10 WARNING neutron.plugins.ml2.drivers.ovn.mech_driver.ovsdb.ovn_client [None req-4fbe34ef-2715-4231-9375-54f66b6e7902 - - - - - -] No port found with ID 776cb86f-b6a5-4d1a-a8e5-5691f6561a80: RuntimeError: No port found with ID 776cb86f-b6a5-4d1a-a8e5-5691f6561a80
2026-09-07 11:59:07.558 10 INFO neutron.plugins.ml2.drivers.ovn.mech_driver.mech_driver [None req-4fbe34ef-2715-4231-9375-54f66b6e7902 - - - - - -] OVN reports status up for port: 05521639-7b7e-49a7-b56d-18280376df28
2026-09-07 11:59:07.566 10 INFO neutron.plugins.ml2.plugin [None req-4fbe34ef-2715-4231-9375-54f66b6e7902 - - - - - -] Attempt 1 to provision port 05521639-7b7e-49a7-b56d-18280376df28
2026-09-07 11:59:07.587 9 INFO neutron.plugins.ml2.drivers.ovn.mech_driver.mech_driver [None req-bee1148f-0aab-47b4-b6da-bb3a311d9ca2 - - - - - -] OVN reports status up for port: 4497942c-e60f-4238-8d40-032d9e7a9fc1
2026-09-07 11:59:07.594 9 INFO neutron.plugins.ml2.plugin [None req-bee1148f-0aab-47b4-b6da-bb3a311d9ca2 - - - - - -] Attempt 1 to provision port 4497942c-e60f-4238-8d40-032d9e7a9fc1
2026-09-07 11:59:07.611 10 INFO neutron.db.ovn_revision_numbers_db [None req-530e3523-2936-45ca-ace7-e197b47bfa42 789c1dd7bc5f40db933ccf31952a04f0 7ab252f3458f40a9a8bf5343ac58cb6a - - default default] Successfully bumped revision number for resource 4497942c-e60f-4238-8d40-032d9e7a9fc1 (type: router_ports) to 2 /var/lib/openstack/lib/python3.10/site-packages/pycadf/identifier.py:71: UserWarning: Invalid uuid: neutron. To ensure interoperability, identifiers should be a valid uuid. warnings.warn(('Invalid uuid: %s. To ensure interoperability, '
2026-09-07 11:59:07.790 10 INFO neutron.wsgi [req-baea2dfc-8028-4fb7-a8f6-3f6f21a58513 req-2006c20f-af11-44a7-85eb-ba191a413898 18081388280b4d24b633d43d0bd54c03 d5bdb79f697a4517873fc89f1a2d0fac - - default default] 10.0.0.3 "GET /v2.0/ports?device_id=03b6fb3d-8538-42d3-9414-21f60c6d97b5 HTTP/1.1" status: 200 len: 1174 time: 0.0581281
2026-09-07 11:59:07.845 10 INFO neutron.db.ovn_revision_numbers_db [None req-530e3523-2936-45ca-ace7-e197b47bfa42 789c1dd7bc5f40db933ccf31952a04f0 7ab252f3458f40a9a8bf5343ac58cb6a - - default default] Successfully bumped revision number for resource 4497942c-e60f-4238-8d40-032d9e7a9fc1 (type: ports) to 2
2026-09-07 11:59:07.855 10 INFO neutron.wsgi [req-baea2dfc-8028-4fb7-a8f6-3f6f21a58513 req-6b80b1cc-bda1-482f-8238-d3e91afb9623 18081388280b4d24b633d43d0bd54c03 d5bdb79f697a4517873fc89f1a2d0fac - - default default] 10.0.0.3 "GET /v2.0/security-groups?id=01ad2d2c-fedb-44a9-8f61-db35d5e240d9&fields=id&fields=name HTTP/1.1" status: 200 len: 313 time: 0.0508862
2026-09-07 11:59:07.922 9 INFO neutron.db.ovn_revision_numbers_db [None req-bee1148f-0aab-47b4-b6da-bb3a311d9ca2 - - - - - -] Successfully bumped revision number for resource 4497942c-e60f-4238-8d40-032d9e7a9fc1 (type: ports) to 3
2026-09-07 11:59:08.039 9 INFO neutron.db.ovn_revision_numbers_db [None req-bee1148f-0aab-47b4-b6da-bb3a311d9ca2 - - - - - -] Successfully bumped revision number for resource 4497942c-e60f-4238-8d40-032d9e7a9fc1 (type: router_ports) to 3
2026-09-07 11:59:08.040 10 INFO neutron.db.ovn_revision_numbers_db [None req-4fbe34ef-2715-4231-9375-54f66b6e7902 - - - - - -] Successfully bumped revision number for resource 05521639-7b7e-49a7-b56d-18280376df28 (type: ports) to 2
2026-09-07 11:59:08.188 10 INFO neutron.db.ovn_revision_numbers_db [None req-4fbe34ef-2715-4231-9375-54f66b6e7902 - - - - - -] Successfully bumped revision number for resource 05521639-7b7e-49a7-b56d-18280376df28 (type: router_ports) to 2 /var/lib/openstack/lib/python3.10/site-packages/pycadf/identifier.py:71: UserWarning: Invalid uuid: neutron. To ensure interoperability, identifiers should be a valid uuid. warnings.warn(('Invalid uuid: %s. To ensure interoperability, '
2026-09-07 11:59:08.458 9 INFO neutron.db.ovn_revision_numbers_db [None req-8e1388fb-4a84-47e7-a469-06472851d3f5 f54613d1eed143c784d352c380522db8 b671864245484ba58c69668388478e4b - - default default] Successfully bumped revision number for resource 61714886-c41b-4ea5-9b13-71e6b6e5a446 (type: security_groups) to 1
2026-09-07 11:59:08.481 9 INFO neutron.db.ovn_revision_numbers_db [None req-8e1388fb-4a84-47e7-a469-06472851d3f5 f54613d1eed143c784d352c380522db8 b671864245484ba58c69668388478e4b - - default default] Successfully bumped revision number for resource 6b0573a8-ade7-48e4-8856-2750c43c0a1d (type: security_group_rules) to 0
2026-09-07 11:59:08.498 9 INFO neutron.db.ovn_revision_numbers_db [None req-8e1388fb-4a84-47e7-a469-06472851d3f5 f54613d1eed143c784d352c380522db8 b671864245484ba58c69668388478e4b - - default default] Successfully bumped revision number for resource 72df8a0a-1f76-44d8-9780-f8f4ddfcf6b0 (type: security_group_rules) to 0
2026-09-07 11:59:08.508 10 INFO neutron.db.ovn_revision_numbers_db [None req-530e3523-2936-45ca-ace7-e197b47bfa42 789c1dd7bc5f40db933ccf31952a04f0 7ab252f3458f40a9a8bf5343ac58cb6a - - default default] Successfully bumped revision number for resource 4497942c-e60f-4238-8d40-032d9e7a9fc1 (type: ports) to 3
2026-09-07 11:59:08.512 9 INFO neutron.db.ovn_revision_numbers_db [None req-8e1388fb-4a84-47e7-a469-06472851d3f5 f54613d1eed143c784d352c380522db8 b671864245484ba58c69668388478e4b - - default default] Successfully bumped revision number for resource 91887989-bbdd-4031-bd9b-d67c5be8902c (type: security_group_rules) to 0
2026-09-07 11:59:08.528 9 INFO neutron.db.ovn_revision_numbers_db [None req-8e1388fb-4a84-47e7-a469-06472851d3f5 f54613d1eed143c784d352c380522db8 b671864245484ba58c69668388478e4b - - default default] Successfully bumped revision number for resource fc26edda-e4ef-435f-b8aa-e2bdf36c0d06 (type: security_group_rules) to 0
2026-09-07 11:59:08.555 9 INFO neutron.wsgi [None req-8e1388fb-4a84-47e7-a469-06472851d3f5 f54613d1eed143c784d352c380522db8 b671864245484ba58c69668388478e4b - - default default] 10.0.0.4 "GET /v2.0/security-groups?tenant_id=668e869f28e7434bbdcf6e39719fcc9a&name=default HTTP/1.1" status: 200 len: 2996 time: 0.4584932 /var/lib/openstack/lib/python3.10/site-packages/pycadf/identifier.py:71: UserWarning: Invalid uuid: neutron. To ensure interoperability, identifiers should be a valid uuid. warnings.warn(('Invalid uuid: %s. To ensure interoperability, '
2026-09-07 11:59:08.584 10 WARNING neutron.scheduler.dhcp_agent_scheduler [None req-530e3523-2936-45ca-ace7-e197b47bfa42 789c1dd7bc5f40db933ccf31952a04f0 7ab252f3458f40a9a8bf5343ac58cb6a - - default default] No more DHCP agents
2026-09-07 11:59:08.585 10 WARNING neutron.api.rpc.agentnotifiers.dhcp_rpc_agent_api [None req-530e3523-2936-45ca-ace7-e197b47bfa42 789c1dd7bc5f40db933ccf31952a04f0 7ab252f3458f40a9a8bf5343ac58cb6a - - default default] Unable to schedule network 7716b8b6-6fbe-475b-a59c-7680a983be0d: no agents available; will retry on subsequent port and subnet creation events.
2026-09-07 11:59:08.590 9 INFO neutron.wsgi [None req-80bac5e0-f4a5-4a96-86ee-20d670b270d9 2e549d16093a4b49b07d7dfadce7d6cb 919a710a678a47bba385ffb1264bfeef - - default default] 10.0.0.4 "GET /v2.0/ports/05521639-7b7e-49a7-b56d-18280376df28 HTTP/1.1" status: 200 len: 1137 time: 0.0323720
2026-09-07 11:59:08.987 9 INFO neutron.wsgi [-] 10.0.0.136 "GET / HTTP/1.1" status: 200 len: 247 time: 0.0015705
2026-09-07 11:59:08.988 9 INFO neutron.wsgi [-] 10.0.0.136 "GET / HTTP/1.1" status: 200 len: 247 time: 0.0009036
2026-09-07 11:59:08.997 10 INFO neutron.wsgi [req-1f7a543f-ffa3-4092-8852-962cbea8a60b req-5cc68a96-3f51-4549-952b-552ed9b3c8dc 18081388280b4d24b633d43d0bd54c03 d5bdb79f697a4517873fc89f1a2d0fac - - default default] 10.0.0.3 "GET /v2.0/ports?device_id=03b6fb3d-8538-42d3-9414-21f60c6d97b5 HTTP/1.1" status: 200 len: 1174 time: 0.0448143
2026-09-07 11:59:09.041 10 INFO neutron.db.ovn_revision_numbers_db [None req-530e3523-2936-45ca-ace7-e197b47bfa42 789c1dd7bc5f40db933ccf31952a04f0 7ab252f3458f40a9a8bf5343ac58cb6a - - default default] Successfully bumped revision number for resource 4497942c-e60f-4238-8d40-032d9e7a9fc1 (type: router_ports) to 3
2026-09-07 11:59:09.043 10 INFO neutron.wsgi [None req-530e3523-2936-45ca-ace7-e197b47bfa42 789c1dd7bc5f40db933ccf31952a04f0 7ab252f3458f40a9a8bf5343ac58cb6a - - default default] 10.0.0.4 "PUT /v2.0/routers/47723d82-06a6-45ce-a111-d84a8936a386/add_router_interface HTTP/1.1" status: 200 len: 503 time: 1.8492186
2026-09-07 11:59:09.063 10 INFO neutron.wsgi [req-1f7a543f-ffa3-4092-8852-962cbea8a60b req-dc84399f-9ca4-476c-9660-9147b18bdec0 18081388280b4d24b633d43d0bd54c03 d5bdb79f697a4517873fc89f1a2d0fac - - default default] 10.0.0.3 "GET /v2.0/security-groups?id=01ad2d2c-fedb-44a9-8f61-db35d5e240d9&fields=id&fields=name HTTP/1.1" status: 200 len: 313 time: 0.0571220
2026-09-07 11:59:09.073 10 INFO neutron.wsgi [None req-6a2cfce8-11b9-4dbc-86f4-d991d65650d2 f54613d1eed143c784d352c380522db8 b671864245484ba58c69668388478e4b - - default default] 10.0.0.4 "DELETE /v2.0/security-groups/61714886-c41b-4ea5-9b13-71e6b6e5a446 HTTP/1.1" status: 204 len: 168 time: 0.5122683
2026-09-07 11:59:09.144 10 INFO neutron.wsgi [None req-5069f755-72e2-41dd-b558-b233b287ec72 789c1dd7bc5f40db933ccf31952a04f0 7ab252f3458f40a9a8bf5343ac58cb6a - - default default] 10.0.0.4 "GET /v2.0/ports/4497942c-e60f-4238-8d40-032d9e7a9fc1 HTTP/1.1" status: 200 len: 1220 time: 0.0908258
2026-09-07 11:59:09.209 9 INFO neutron.wsgi [None req-67507878-b342-4228-b473-81f1cb2a5438 2e549d16093a4b49b07d7dfadce7d6cb 919a710a678a47bba385ffb1264bfeef - - default default] 10.0.0.4 "PUT /v2.0/routers/971a6aaf-daff-49f8-b1bd-526e378272e6/remove_router_interface HTTP/1.1" status: 200 len: 503 time: 0.6130648 /var/lib/openstack/lib/python3.10/site-packages/pycadf/identifier.py:71: UserWarning: Invalid uuid: neutron. To ensure interoperability, identifiers should be a valid uuid. warnings.warn(('Invalid uuid: %s. To ensure interoperability, '
2026-09-07 11:59:09.320 9 INFO neutron.wsgi [None req-bbd7181c-ceda-4bb0-88d0-16c947e98d48 2e549d16093a4b49b07d7dfadce7d6cb 919a710a678a47bba385ffb1264bfeef - - default default] 10.0.0.4 "GET /v2.0/ports/f950317f-4f22-427e-b465-afe1644c7be6 HTTP/1.1" status: 200 len: 1137 time: 0.1035600
2026-09-07 11:59:09.396 9 INFO neutron.db.ovn_revision_numbers_db [None req-02886002-31bc-4d3d-99aa-7189710842c1 f54613d1eed143c784d352c380522db8 b671864245484ba58c69668388478e4b - - default default] Successfully bumped revision number for resource e5f4ce76-c3a4-4630-9a6d-ecd551c9c1d4 (type: security_groups) to 1
2026-09-07 11:59:09.416 9 INFO neutron.db.ovn_revision_numbers_db [None req-02886002-31bc-4d3d-99aa-7189710842c1 f54613d1eed143c784d352c380522db8 b671864245484ba58c69668388478e4b - - default default] Successfully bumped revision number for resource b241472c-c521-4eea-9461-cde40f40d5f8 (type: security_group_rules) to 0
2026-09-07 11:59:09.439 9 INFO neutron.db.ovn_revision_numbers_db [None req-02886002-31bc-4d3d-99aa-7189710842c1 f54613d1eed143c784d352c380522db8 b671864245484ba58c69668388478e4b - - default default] Successfully bumped revision number for resource d74b11fc-eb81-4bb6-b9d3-4fe38dc43d41 (type: security_group_rules) to 0
2026-09-07 11:59:09.459 9 INFO neutron.db.ovn_revision_numbers_db [None req-02886002-31bc-4d3d-99aa-7189710842c1 f54613d1eed143c784d352c380522db8 b671864245484ba58c69668388478e4b - - default default] Successfully bumped revision number for resource d78017f7-febd-4003-a49d-0550685248c2 (type: security_group_rules) to 0
2026-09-07 11:59:09.490 9 INFO neutron.db.ovn_revision_numbers_db [None req-02886002-31bc-4d3d-99aa-7189710842c1 f54613d1eed143c784d352c380522db8 b671864245484ba58c69668388478e4b - - default default] Successfully bumped revision number for resource e9b55c6c-db88-4c46-b43d-121ff339d558 (type: security_group_rules) to 0
2026-09-07 11:59:09.513 9 INFO neutron.wsgi [None req-02886002-31bc-4d3d-99aa-7189710842c1 f54613d1eed143c784d352c380522db8 b671864245484ba58c69668388478e4b - - default default] 10.0.0.4 "GET /v2.0/security-groups?tenant_id=41c6faa0acac4939895832a6c0dede51&name=default HTTP/1.1" status: 200 len: 2996 time: 0.3395321 /var/lib/openstack/lib/python3.10/site-packages/pycadf/identifier.py:71: UserWarning: Invalid uuid: neutron. To ensure interoperability, identifiers should be a valid uuid. warnings.warn(('Invalid uuid: %s. To ensure interoperability, '
2026-09-07 11:59:09.779 10 INFO neutron.wsgi [None req-7acb7e5a-56e8-4699-96de-5fd8f7e163a6 789c1dd7bc5f40db933ccf31952a04f0 7ab252f3458f40a9a8bf5343ac58cb6a - - default default] 10.0.0.4 "PUT /v2.0/routers/47723d82-06a6-45ce-a111-d84a8936a386/remove_router_interface HTTP/1.1" status: 200 len: 503 time: 0.6215198 /var/lib/openstack/lib/python3.10/site-packages/pycadf/identifier.py:71: UserWarning: Invalid uuid: neutron. To ensure interoperability, identifiers should be a valid uuid. warnings.warn(('Invalid uuid: %s. To ensure interoperability, '
2026-09-07 11:59:09.840 10 INFO neutron.wsgi [None req-e46bf393-4772-4f81-8794-d950f1e2924f f54613d1eed143c784d352c380522db8 b671864245484ba58c69668388478e4b - - default default] 10.0.0.4 "DELETE /v2.0/security-groups/e5f4ce76-c3a4-4630-9a6d-ecd551c9c1d4 HTTP/1.1" status: 204 len: 168 time: 0.3211794
2026-09-07 11:59:09.840 10 INFO neutron.api.v2.resource [None req-ee296551-a061-45e8-a947-804b79430900 789c1dd7bc5f40db933ccf31952a04f0 7ab252f3458f40a9a8bf5343ac58cb6a - - default default] remove_router_interface failed (client error): The resource could not be found.
2026-09-07 11:59:09.841 10 INFO neutron.wsgi [None req-ee296551-a061-45e8-a947-804b79430900 789c1dd7bc5f40db933ccf31952a04f0 7ab252f3458f40a9a8bf5343ac58cb6a - - default default] 10.0.0.4 "PUT /v2.0/routers/47723d82-06a6-45ce-a111-d84a8936a386/remove_router_interface HTTP/1.1" status: 404 len: 398 time: 0.0568442
2026-09-07 11:59:09.862 10 INFO neutron.wsgi [None req-fceb4578-9bb7-4674-a4f2-1be103331471 789c1dd7bc5f40db933ccf31952a04f0 7ab252f3458f40a9a8bf5343ac58cb6a - - default default] 10.0.0.4 "GET /v2.0/ports?device_id=47723d82-06a6-45ce-a111-d84a8936a386 HTTP/1.1" status: 200 len: 205 time: 0.0152512
2026-09-07 11:59:09.915 9 INFO neutron.wsgi [None req-56c51973-f731-4789-8616-4c0aeacfd39f 2e549d16093a4b49b07d7dfadce7d6cb 919a710a678a47bba385ffb1264bfeef - - default default] 10.0.0.4 "PUT /v2.0/routers/971a6aaf-daff-49f8-b1bd-526e378272e6/remove_router_interface HTTP/1.1" status: 200 len: 503 time: 0.5867820 /var/lib/openstack/lib/python3.10/site-packages/pycadf/identifier.py:71: UserWarning: Invalid uuid: neutron. To ensure interoperability, identifiers should be a valid uuid. warnings.warn(('Invalid uuid: %s. To ensure interoperability, '
2026-09-07 11:59:09.942 9 INFO neutron.wsgi [None req-7ed2cc07-e826-433d-984f-91ff8816c87f 2e549d16093a4b49b07d7dfadce7d6cb 919a710a678a47bba385ffb1264bfeef - - default default] 10.0.0.4 "GET /v2.0/ports?device_id=971a6aaf-daff-49f8-b1bd-526e378272e6 HTTP/1.1" status: 200 len: 205 time: 0.0226805
2026-09-07 11:59:10.035 10 INFO neutron.wsgi [None req-26a6f311-44bc-46ec-9aef-b9934346ec9e 789c1dd7bc5f40db933ccf31952a04f0 7ab252f3458f40a9a8bf5343ac58cb6a - - default default] 10.0.0.4 "DELETE /v2.0/routers/47723d82-06a6-45ce-a111-d84a8936a386 HTTP/1.1" status: 204 len: 168 time: 0.1663206
2026-09-07 11:59:10.140 9 INFO neutron.wsgi [None req-0c4eeccd-e474-4a1a-8ac6-c973c4cbf0f1 2e549d16093a4b49b07d7dfadce7d6cb 919a710a678a47bba385ffb1264bfeef - - default default] 10.0.0.4 "DELETE /v2.0/routers/971a6aaf-daff-49f8-b1bd-526e378272e6 HTTP/1.1" status: 204 len: 168 time: 0.1926057
2026-09-07 11:59:10.279 10 INFO neutron.wsgi [None req-657bd2eb-e973-4a5b-9da2-4261ffe4e115 789c1dd7bc5f40db933ccf31952a04f0 7ab252f3458f40a9a8bf5343ac58cb6a - - default default] 10.0.0.4 "DELETE /v2.0/subnets/5aa34cbf-3e42-4f1b-a69f-c7dcc818d713 HTTP/1.1" status: 204 len: 168 time: 0.2410555
2026-09-07 11:59:10.421 10 INFO neutron.wsgi [None req-3bbcf425-a6df-4d2c-a8d0-32924a7e9014 2e549d16093a4b49b07d7dfadce7d6cb 919a710a678a47bba385ffb1264bfeef - - default default] 10.0.0.4 "DELETE /v2.0/subnets/bd15e3cd-9016-451c-8f94-951d0afa4514 HTTP/1.1" status: 204 len: 168 time: 0.2737463
2026-09-07 11:59:10.609 10 INFO neutron.wsgi [None req-7fb99f0b-bfbf-4824-a8ae-f97e5bb8e0b0 2e549d16093a4b49b07d7dfadce7d6cb 919a710a678a47bba385ffb1264bfeef - - default default] 10.0.0.4 "DELETE /v2.0/subnets/3464dfc2-cbd2-4e6d-ae26-66be7cca00a4 HTTP/1.1" status: 204 len: 168 time: 0.1807339
2026-09-07 11:59:10.729 9 INFO neutron.services.segments.plugin [-] Segment 54e8ca89-6956-439e-9f11-8a8b56252a85 resource provider aggregate not found
2026-09-07 11:59:10.733 9 INFO neutron.services.segments.plugin [-] Segment 54e8ca89-6956-439e-9f11-8a8b56252a85 resource provider aggregate not found
2026-09-07 11:59:10.749 9 INFO neutron.services.segments.plugin [-] Segment 54e8ca89-6956-439e-9f11-8a8b56252a85 resource provider not found; error: Placement Client Error (4xx): {"errors": [{"status": 404, "title": "Not Found", "detail": "The resource could not be found.\n\n No resource provider with uuid 54e8ca89-6956-439e-9f11-8a8b56252a85 found for delete ", "request_id": "req-c67e09eb-1f6a-4292-bc23-371269755372"}]}
2026-09-07 11:59:10.758 9 INFO neutron.services.segments.plugin [-] Segment 54e8ca89-6956-439e-9f11-8a8b56252a85 resource provider not found; error: Placement Client Error (4xx): {"errors": [{"status": 404, "title": "Not Found", "detail": "The resource could not be found.\n\n No resource provider with uuid 54e8ca89-6956-439e-9f11-8a8b56252a85 found for delete ", "request_id": "req-214c0987-6a20-4775-b352-7ef4f88adedb"}]}
2026-09-07 11:59:10.767 9 INFO neutron.wsgi [None req-e0bfeabb-e357-4ecc-af08-ad6a5fef24b9 789c1dd7bc5f40db933ccf31952a04f0 7ab252f3458f40a9a8bf5343ac58cb6a - - default default] 10.0.0.4 "DELETE /v2.0/networks/7716b8b6-6fbe-475b-a59c-7680a983be0d HTTP/1.1" status: 204 len: 168 time: 0.4803784
2026-09-07 11:59:10.887 10 INFO neutron.services.segments.plugin [-] Segment e80800c4-e042-48ed-a9a6-53e1d0180805 resource provider aggregate not found
2026-09-07 11:59:10.908 10 INFO neutron.services.segments.plugin [-] Segment e80800c4-e042-48ed-a9a6-53e1d0180805 resource provider aggregate not found
2026-09-07 11:59:10.920 10 INFO neutron.services.segments.plugin [-] Segment e80800c4-e042-48ed-a9a6-53e1d0180805 resource provider not found; error: Placement Client Error (4xx): {"errors": [{"status": 404, "title": "Not Found", "detail": "The resource could not be found.\n\n No resource provider with uuid e80800c4-e042-48ed-a9a6-53e1d0180805 found for delete ", "request_id": "req-90978a14-cfef-4320-a708-451b876eedbb"}]}
2026-09-07 11:59:10.922 10 INFO neutron.db.segments_db [None req-503dc835-5d94-4b35-b6f5-46addcecdaf3 789c1dd7bc5f40db933ccf31952a04f0 7ab252f3458f40a9a8bf5343ac58cb6a - - default default] Added segment 7912dd0f-8621-4020-b2c2-2ed6b9ce047e of type geneve for network 1a885cfd-045d-4472-af81-388f5903a8a5
2026-09-07 11:59:10.927 10 INFO neutron.services.segments.plugin [-] Segment e80800c4-e042-48ed-a9a6-53e1d0180805 resource provider not found; error: Placement Client Error (4xx): {"errors": [{"status": 404, "title": "Not Found", "detail": "The resource could not be found.\n\n No resource provider with uuid e80800c4-e042-48ed-a9a6-53e1d0180805 found for delete ", "request_id": "req-b4a5489e-b669-4b62-9b2c-69037b667f75"}]}
2026-09-07 11:59:10.964 10 INFO neutron.wsgi [None req-b86f00de-42ac-4ea2-8445-9d51ea923fc4 2e549d16093a4b49b07d7dfadce7d6cb 919a710a678a47bba385ffb1264bfeef - - default default] 10.0.0.4 "DELETE /v2.0/networks/e98a79a9-8e38-4fc9-965f-641a1df9f869 HTTP/1.1" status: 204 len: 168 time: 0.3487487
2026-09-07 11:59:11.114 10 INFO neutron.db.ovn_revision_numbers_db [None req-503dc835-5d94-4b35-b6f5-46addcecdaf3 789c1dd7bc5f40db933ccf31952a04f0 7ab252f3458f40a9a8bf5343ac58cb6a - - default default] Successfully bumped revision number for resource 1a885cfd-045d-4472-af81-388f5903a8a5 (type: networks) to 1
2026-09-07 11:59:11.264 10 WARNING neutron.scheduler.dhcp_agent_scheduler [None req-503dc835-5d94-4b35-b6f5-46addcecdaf3 789c1dd7bc5f40db933ccf31952a04f0 7ab252f3458f40a9a8bf5343ac58cb6a - - default default] No more DHCP agents
2026-09-07 11:59:11.267 10 WARNING neutron.api.rpc.agentnotifiers.dhcp_rpc_agent_api [None req-503dc835-5d94-4b35-b6f5-46addcecdaf3 789c1dd7bc5f40db933ccf31952a04f0 7ab252f3458f40a9a8bf5343ac58cb6a - - default default] Unable to schedule network 1a885cfd-045d-4472-af81-388f5903a8a5: no agents available; will retry on subsequent port and subnet creation events.
2026-09-07 11:59:11.342 9 INFO neutron.wsgi [None req-5c83ac42-3beb-4faa-bdf9-20542a57a567 2e549d16093a4b49b07d7dfadce7d6cb 919a710a678a47bba385ffb1264bfeef - - default default] 10.0.0.4 "DELETE /v2.0/networks/18a44733-1e66-49ca-8053-a86bb9a99350 HTTP/1.1" status: 204 len: 168 time: 0.3734870
2026-09-07 11:59:11.365 10 INFO neutron.db.ovn_revision_numbers_db [None req-503dc835-5d94-4b35-b6f5-46addcecdaf3 789c1dd7bc5f40db933ccf31952a04f0 7ab252f3458f40a9a8bf5343ac58cb6a - - default default] Successfully bumped revision number for resource 6c73e35f-3239-4c57-914f-7fa18172c6e2 (type: ports) to 1
2026-09-07 11:59:11.392 10 INFO neutron.wsgi [None req-503dc835-5d94-4b35-b6f5-46addcecdaf3 789c1dd7bc5f40db933ccf31952a04f0 7ab252f3458f40a9a8bf5343ac58cb6a - - default default] 10.0.0.4 "POST /v2.0/networks HTTP/1.1" status: 201 len: 833 time: 0.6207514
2026-09-07 11:59:11.447 9 INFO neutron.db.segments_db [None req-d89f4b15-4b8e-433a-8204-d9f1a77a633b 2e549d16093a4b49b07d7dfadce7d6cb 919a710a678a47bba385ffb1264bfeef - - default default] Added segment c7924f2d-da2b-4613-ab19-9f211cf18d68 of type geneve for network 85d5e096-59b2-4a82-a2ba-57c1a70cae76
2026-09-07 11:59:11.820 9 INFO neutron.db.ovn_revision_numbers_db [None req-d89f4b15-4b8e-433a-8204-d9f1a77a633b 2e549d16093a4b49b07d7dfadce7d6cb 919a710a678a47bba385ffb1264bfeef - - default default] Successfully bumped revision number for resource 85d5e096-59b2-4a82-a2ba-57c1a70cae76 (type: networks) to 1
2026-09-07 11:59:11.902 9 WARNING neutron.scheduler.dhcp_agent_scheduler [None req-a8cede68-5946-4cec-843c-d59a93b36f3d 789c1dd7bc5f40db933ccf31952a04f0 7ab252f3458f40a9a8bf5343ac58cb6a - - default default] No more DHCP agents
2026-09-07 11:59:11.906 9 WARNING neutron.api.rpc.agentnotifiers.dhcp_rpc_agent_api [None req-a8cede68-5946-4cec-843c-d59a93b36f3d 789c1dd7bc5f40db933ccf31952a04f0 7ab252f3458f40a9a8bf5343ac58cb6a - - default default] Unable to schedule network 1a885cfd-045d-4472-af81-388f5903a8a5: no agents available; will retry on subsequent port and subnet creation events.
2026-09-07 11:59:11.966 9 INFO neutron.db.ovn_revision_numbers_db [None req-a8cede68-5946-4cec-843c-d59a93b36f3d 789c1dd7bc5f40db933ccf31952a04f0 7ab252f3458f40a9a8bf5343ac58cb6a - - default default] Successfully bumped revision number for resource 87ea4fba-1fcd-4ed5-90f5-bbe84f665741 (type: subnets) to 0
2026-09-07 11:59:11.984 9 INFO neutron.wsgi [None req-a8cede68-5946-4cec-843c-d59a93b36f3d 789c1dd7bc5f40db933ccf31952a04f0 7ab252f3458f40a9a8bf5343ac58cb6a - - default default] 10.0.0.4 "POST /v2.0/subnets HTTP/1.1" status: 201 len: 821 time: 0.5863104
2026-09-07 11:59:12.022 9 WARNING neutron.scheduler.dhcp_agent_scheduler [None req-d89f4b15-4b8e-433a-8204-d9f1a77a633b 2e549d16093a4b49b07d7dfadce7d6cb 919a710a678a47bba385ffb1264bfeef - - default default] No more DHCP agents
2026-09-07 11:59:12.025 9 WARNING neutron.api.rpc.agentnotifiers.dhcp_rpc_agent_api [None req-d89f4b15-4b8e-433a-8204-d9f1a77a633b 2e549d16093a4b49b07d7dfadce7d6cb 919a710a678a47bba385ffb1264bfeef - - default default] Unable to schedule network 85d5e096-59b2-4a82-a2ba-57c1a70cae76: no agents available; will retry on subsequent port and subnet creation events.
2026-09-07 11:59:12.149 9 INFO neutron.db.ovn_revision_numbers_db [None req-d89f4b15-4b8e-433a-8204-d9f1a77a633b 2e549d16093a4b49b07d7dfadce7d6cb 919a710a678a47bba385ffb1264bfeef - - default default] Successfully bumped revision number for resource 25926897-8175-49cd-ae1e-d31ec91f9aa8 (type: ports) to 1
2026-09-07 11:59:12.176 9 INFO neutron.db.ovn_revision_numbers_db [None req-e781ecec-a43c-40df-9b2c-e73923e42fd8 789c1dd7bc5f40db933ccf31952a04f0 7ab252f3458f40a9a8bf5343ac58cb6a - - default default] Successfully bumped revision number for resource d8e9e895-879d-4413-8ab3-1ac7c85f7e72 (type: routers) to 1
2026-09-07 11:59:12.179 9 INFO neutron.wsgi [None req-d89f4b15-4b8e-433a-8204-d9f1a77a633b 2e549d16093a4b49b07d7dfadce7d6cb 919a710a678a47bba385ffb1264bfeef - - default default] 10.0.0.4 "POST /v2.0/networks HTTP/1.1" status: 201 len: 829 time: 0.8259673
2026-09-07 11:59:12.191 9 INFO neutron.wsgi [None req-e781ecec-a43c-40df-9b2c-e73923e42fd8 789c1dd7bc5f40db933ccf31952a04f0 7ab252f3458f40a9a8bf5343ac58cb6a - - default default] 10.0.0.4 "POST /v2.0/routers HTTP/1.1" status: 201 len: 691 time: 0.2012753
2026-09-07 11:59:12.493 9 WARNING neutron.scheduler.dhcp_agent_scheduler [None req-8ccd3dee-9a2c-485e-9a06-65f0aab4944a 2e549d16093a4b49b07d7dfadce7d6cb 919a710a678a47bba385ffb1264bfeef - - default default] No more DHCP agents
2026-09-07 11:59:12.494 9 WARNING neutron.api.rpc.agentnotifiers.dhcp_rpc_agent_api [None req-8ccd3dee-9a2c-485e-9a06-65f0aab4944a 2e549d16093a4b49b07d7dfadce7d6cb 919a710a678a47bba385ffb1264bfeef - - default default] Unable to schedule network 85d5e096-59b2-4a82-a2ba-57c1a70cae76: no agents available; will retry on subsequent port and subnet creation events.
2026-09-07 11:59:12.618 10 WARNING neutron.scheduler.dhcp_agent_scheduler [None req-aea55552-3002-40b1-b60c-be2b71a70ff8 789c1dd7bc5f40db933ccf31952a04f0 7ab252f3458f40a9a8bf5343ac58cb6a - - default default] No more DHCP agents
2026-09-07 11:59:12.620 10 WARNING neutron.api.rpc.agentnotifiers.dhcp_rpc_agent_api [None req-aea55552-3002-40b1-b60c-be2b71a70ff8 789c1dd7bc5f40db933ccf31952a04f0 7ab252f3458f40a9a8bf5343ac58cb6a - - default default] Unable to schedule network 1a885cfd-045d-4472-af81-388f5903a8a5: no agents available; will retry on subsequent port and subnet creation events.
2026-09-07 11:59:12.705 10 INFO neutron.db.ovn_revision_numbers_db [None req-aea55552-3002-40b1-b60c-be2b71a70ff8 789c1dd7bc5f40db933ccf31952a04f0 7ab252f3458f40a9a8bf5343ac58cb6a - - default default] Successfully bumped revision number for resource 6f5136fd-a19c-494d-aa82-7b29ed1f2ecd (type: ports) to 1
2026-09-07 11:59:12.783 9 INFO neutron.services.segments.plugin [-] Segment 0ab00969-2d58-4c21-aa07-ce26703b0b31 resource provider aggregate not found
2026-09-07 11:59:12.787 9 INFO neutron.services.segments.plugin [-] Segment 0ab00969-2d58-4c21-aa07-ce26703b0b31 resource provider aggregate not found
2026-09-07 11:59:12.806 9 INFO neutron.services.segments.plugin [-] Segment 0ab00969-2d58-4c21-aa07-ce26703b0b31 resource provider not found; error: Placement Client Error (4xx): {"errors": [{"status": 404, "title": "Not Found", "detail": "The resource could not be found.\n\n No resource provider with uuid 0ab00969-2d58-4c21-aa07-ce26703b0b31 found for delete ", "request_id": "req-0bc168bc-4cc4-4c4b-92b8-2c331ecf56ef"}]}
2026-09-07 11:59:12.808 9 INFO neutron.services.segments.plugin [-] Segment 0ab00969-2d58-4c21-aa07-ce26703b0b31 resource provider not found; error: Placement Client Error (4xx): {"errors": [{"status": 404, "title": "Not Found", "detail": "The resource could not be found.\n\n No resource provider with uuid 0ab00969-2d58-4c21-aa07-ce26703b0b31 found for delete ", "request_id": "req-0d1ff181-60bc-40f4-9781-d3f4eb030869"}]}
2026-09-07 11:59:12.912 9 INFO neutron.db.ovn_revision_numbers_db [None req-8ccd3dee-9a2c-485e-9a06-65f0aab4944a 2e549d16093a4b49b07d7dfadce7d6cb 919a710a678a47bba385ffb1264bfeef - - default default] Successfully bumped revision number for resource 25926897-8175-49cd-ae1e-d31ec91f9aa8 (type: ports) to 2
2026-09-07 11:59:12.962 9 INFO neutron.db.ovn_revision_numbers_db [None req-8ccd3dee-9a2c-485e-9a06-65f0aab4944a 2e549d16093a4b49b07d7dfadce7d6cb 919a710a678a47bba385ffb1264bfeef - - default default] Successfully bumped revision number for resource 184c5ba9-19f5-48fe-a58f-77eeae1598d6 (type: subnets) to 0
2026-09-07 11:59:12.984 9 INFO neutron.wsgi [None req-8ccd3dee-9a2c-485e-9a06-65f0aab4944a 2e549d16093a4b49b07d7dfadce7d6cb 919a710a678a47bba385ffb1264bfeef - - default default] 10.0.0.4 "POST /v2.0/subnets HTTP/1.1" status: 201 len: 801 time: 0.8000400
2026-09-07 11:59:13.148 10 INFO neutron.db.ovn_revision_numbers_db [None req-aea55552-3002-40b1-b60c-be2b71a70ff8 789c1dd7bc5f40db933ccf31952a04f0 7ab252f3458f40a9a8bf5343ac58cb6a - - default default] Successfully bumped revision number for resource 6f5136fd-a19c-494d-aa82-7b29ed1f2ecd (type: router_ports) to 1
2026-09-07 11:59:13.196 9 INFO neutron.db.ovn_revision_numbers_db [None req-eff57f8c-6dcf-43b1-894b-4a69df1b86a9 2e549d16093a4b49b07d7dfadce7d6cb 919a710a678a47bba385ffb1264bfeef - - default default] Successfully bumped revision number for resource c3ab9d20-81e8-44c6-a8e2-2ea472d41af2 (type: routers) to 1
2026-09-07 11:59:13.215 10 WARNING neutron.plugins.ml2.drivers.ovn.mech_driver.ovsdb.ovn_client [None req-4fbe34ef-2715-4231-9375-54f66b6e7902 - - - - - -] No port found with ID 05521639-7b7e-49a7-b56d-18280376df28: RuntimeError: No port found with ID 05521639-7b7e-49a7-b56d-18280376df28
2026-09-07 11:59:13.216 9 INFO neutron.wsgi [None req-eff57f8c-6dcf-43b1-894b-4a69df1b86a9 2e549d16093a4b49b07d7dfadce7d6cb 919a710a678a47bba385ffb1264bfeef - - default default] 10.0.0.4 "POST /v2.0/routers HTTP/1.1" status: 201 len: 687 time: 0.2273450
2026-09-07 11:59:13.216 10 INFO neutron.plugins.ml2.drivers.ovn.mech_driver.mech_driver [None req-4fbe34ef-2715-4231-9375-54f66b6e7902 - - - - - -] OVN reports status down for port: 692dacb6-27ca-4462-abe9-b2992a0a430e
2026-09-07 11:59:13.295 10 INFO neutron.db.ovn_revision_numbers_db [None req-aea55552-3002-40b1-b60c-be2b71a70ff8 789c1dd7bc5f40db933ccf31952a04f0 7ab252f3458f40a9a8bf5343ac58cb6a - - default default] Successfully bumped revision number for resource 6f5136fd-a19c-494d-aa82-7b29ed1f2ecd (type: ports) to 1
2026-09-07 11:59:13.361 9 WARNING neutron.plugins.ml2.drivers.ovn.mech_driver.ovsdb.ovn_client [None req-bee1148f-0aab-47b4-b6da-bb3a311d9ca2 - - - - - -] No port found with ID 4497942c-e60f-4238-8d40-032d9e7a9fc1: RuntimeError: No port found with ID 4497942c-e60f-4238-8d40-032d9e7a9fc1
2026-09-07 11:59:13.533 9 WARNING neutron.scheduler.dhcp_agent_scheduler [None req-3af26773-67f8-4d83-bf71-3aae57ecdbc5 2e549d16093a4b49b07d7dfadce7d6cb 919a710a678a47bba385ffb1264bfeef - - default default] No more DHCP agents
2026-09-07 11:59:13.535 9 WARNING neutron.api.rpc.agentnotifiers.dhcp_rpc_agent_api [None req-3af26773-67f8-4d83-bf71-3aae57ecdbc5 2e549d16093a4b49b07d7dfadce7d6cb 919a710a678a47bba385ffb1264bfeef - - default default] Unable to schedule network 85d5e096-59b2-4a82-a2ba-57c1a70cae76: no agents available; will retry on subsequent port and subnet creation events.
2026-09-07 11:59:13.620 10 WARNING neutron.scheduler.dhcp_agent_scheduler [None req-aea55552-3002-40b1-b60c-be2b71a70ff8 789c1dd7bc5f40db933ccf31952a04f0 7ab252f3458f40a9a8bf5343ac58cb6a - - default default] No more DHCP agents
2026-09-07 11:59:13.624 10 WARNING neutron.api.rpc.agentnotifiers.dhcp_rpc_agent_api [None req-aea55552-3002-40b1-b60c-be2b71a70ff8 789c1dd7bc5f40db933ccf31952a04f0 7ab252f3458f40a9a8bf5343ac58cb6a - - default default] Unable to schedule network 1a885cfd-045d-4472-af81-388f5903a8a5: no agents available; will retry on subsequent port and subnet creation events.
2026-09-07 11:59:13.646 10 INFO neutron.notifiers.nova [-] Nova event matching ['req-25097efe-0d6a-4802-8f40-8e0cb40da22f'] response: {'server_uuid': '03b6fb3d-8538-42d3-9414-21f60c6d97b5', 'name': 'network-vif-unplugged', 'status': 'completed', 'tag': '692dacb6-27ca-4462-abe9-b2992a0a430e', 'code': 200}
2026-09-07 11:59:13.665 9 INFO neutron.db.ovn_revision_numbers_db [None req-3af26773-67f8-4d83-bf71-3aae57ecdbc5 2e549d16093a4b49b07d7dfadce7d6cb 919a710a678a47bba385ffb1264bfeef - - default default] Successfully bumped revision number for resource 47c9feae-49cb-4e79-8534-f59a8ae983b9 (type: ports) to 1
2026-09-07 11:59:13.683 9 INFO neutron.wsgi [None req-3af26773-67f8-4d83-bf71-3aae57ecdbc5 2e549d16093a4b49b07d7dfadce7d6cb 919a710a678a47bba385ffb1264bfeef - - default default] 10.0.0.4 "POST /v2.0/ports HTTP/1.1" status: 201 len: 1151 time: 0.4628487 /var/lib/openstack/lib/python3.10/site-packages/pycadf/identifier.py:71: UserWarning: Invalid uuid: neutron. To ensure interoperability, identifiers should be a valid uuid. warnings.warn(('Invalid uuid: %s. To ensure interoperability, '
2026-09-07 11:59:13.838 10 INFO neutron.db.ovn_revision_numbers_db [None req-aea55552-3002-40b1-b60c-be2b71a70ff8 789c1dd7bc5f40db933ccf31952a04f0 7ab252f3458f40a9a8bf5343ac58cb6a - - default default] Successfully bumped revision number for resource 6f5136fd-a19c-494d-aa82-7b29ed1f2ecd (type: router_ports) to 1
2026-09-07 11:59:13.840 10 INFO neutron.wsgi [None req-aea55552-3002-40b1-b60c-be2b71a70ff8 789c1dd7bc5f40db933ccf31952a04f0 7ab252f3458f40a9a8bf5343ac58cb6a - - default default] 10.0.0.4 "PUT /v2.0/routers/d8e9e895-879d-4413-8ab3-1ac7c85f7e72/add_router_interface HTTP/1.1" status: 200 len: 503 time: 1.6459839
2026-09-07 11:59:13.841 10 INFO neutron.db.ovn_revision_numbers_db [None req-4fbe34ef-2715-4231-9375-54f66b6e7902 - - - - - -] Successfully bumped revision number for resource 692dacb6-27ca-4462-abe9-b2992a0a430e (type: ports) to 5
2026-09-07 11:59:13.855 10 WARNING neutron.plugins.ml2.drivers.ovn.mech_driver.ovsdb.ovn_client [None req-4fbe34ef-2715-4231-9375-54f66b6e7902 - - - - - -] Logical_Switch_Port %s host information not removed, the port state is up
2026-09-07 11:59:13.855 10 INFO neutron.plugins.ml2.drivers.ovn.mech_driver.mech_driver [None req-4fbe34ef-2715-4231-9375-54f66b6e7902 - - - - - -] OVN reports status up for port: 692dacb6-27ca-4462-abe9-b2992a0a430e
2026-09-07 11:59:13.892 10 INFO neutron.plugins.ml2.plugin [None req-4fbe34ef-2715-4231-9375-54f66b6e7902 - - - - - -] Attempt 1 to provision port 692dacb6-27ca-4462-abe9-b2992a0a430e
2026-09-07 11:59:13.961 10 INFO neutron.wsgi [None req-cb1ea208-9496-48d5-9d95-95eb96b951ca 789c1dd7bc5f40db933ccf31952a04f0 7ab252f3458f40a9a8bf5343ac58cb6a - - default default] 10.0.0.4 "GET /v2.0/ports/6f5136fd-a19c-494d-aa82-7b29ed1f2ecd HTTP/1.1" status: 200 len: 1139 time: 0.1121156
2026-09-07 11:59:13.995 9 INFO neutron.wsgi [None req-ca7b01e6-fe1a-4768-9c87-540f9039d261 789c1dd7bc5f40db933ccf31952a04f0 7ab252f3458f40a9a8bf5343ac58cb6a - - default default] 10.0.0.4 "GET /v2.0/ports/6f5136fd-a19c-494d-aa82-7b29ed1f2ecd HTTP/1.1" status: 200 len: 1139 time: 0.0289421
2026-09-07 11:59:14.104 9 INFO neutron.db.ovn_revision_numbers_db [None req-28ee1655-20f2-4697-8249-7a66667d642f 2e549d16093a4b49b07d7dfadce7d6cb 919a710a678a47bba385ffb1264bfeef - - default default] Successfully bumped revision number for resource 47c9feae-49cb-4e79-8534-f59a8ae983b9 (type: router_ports) to 2
2026-09-07 11:59:14.146 10 INFO neutron.db.ovn_revision_numbers_db [None req-4fbe34ef-2715-4231-9375-54f66b6e7902 - - - - - -] Successfully bumped revision number for resource 692dacb6-27ca-4462-abe9-b2992a0a430e (type: ports) to 6
2026-09-07 11:59:14.177 10 INFO neutron.plugins.ml2.drivers.ovn.mech_driver.mech_driver [None req-4fbe34ef-2715-4231-9375-54f66b6e7902 - - - - - -] OVN reports status up for port: 6f5136fd-a19c-494d-aa82-7b29ed1f2ecd
2026-09-07 11:59:14.186 10 INFO neutron.plugins.ml2.plugin [None req-4fbe34ef-2715-4231-9375-54f66b6e7902 - - - - - -] Attempt 1 to provision port 6f5136fd-a19c-494d-aa82-7b29ed1f2ecd /var/lib/openstack/lib/python3.10/site-packages/pycadf/identifier.py:71: UserWarning: Invalid uuid: neutron. To ensure interoperability, identifiers should be a valid uuid. warnings.warn(('Invalid uuid: %s. To ensure interoperability, '
2026-09-07 11:59:14.287 9 INFO neutron.db.ovn_revision_numbers_db [None req-28ee1655-20f2-4697-8249-7a66667d642f 2e549d16093a4b49b07d7dfadce7d6cb 919a710a678a47bba385ffb1264bfeef - - default default] Successfully bumped revision number for resource 47c9feae-49cb-4e79-8534-f59a8ae983b9 (type: ports) to 2
2026-09-07 11:59:14.456 10 INFO neutron.db.ovn_revision_numbers_db [None req-4fbe34ef-2715-4231-9375-54f66b6e7902 - - - - - -] Successfully bumped revision number for resource 6f5136fd-a19c-494d-aa82-7b29ed1f2ecd (type: ports) to 2
2026-09-07 11:59:14.461 9 INFO neutron.db.ovn_revision_numbers_db [None req-97081beb-7cc6-46b4-9bc4-cfa50bbd42ed f54613d1eed143c784d352c380522db8 b671864245484ba58c69668388478e4b - - default default] Successfully bumped revision number for resource f1b0d0e0-a6ef-4902-b89c-606c4552d42a (type: security_groups) to 1
2026-09-07 11:59:14.480 9 INFO neutron.db.ovn_revision_numbers_db [None req-97081beb-7cc6-46b4-9bc4-cfa50bbd42ed f54613d1eed143c784d352c380522db8 b671864245484ba58c69668388478e4b - - default default] Successfully bumped revision number for resource 63af17c9-e544-4906-9aed-9f4c43d7ce0f (type: security_group_rules) to 0
2026-09-07 11:59:14.495 9 INFO neutron.db.ovn_revision_numbers_db [None req-97081beb-7cc6-46b4-9bc4-cfa50bbd42ed f54613d1eed143c784d352c380522db8 b671864245484ba58c69668388478e4b - - default default] Successfully bumped revision number for resource 6ec95f49-a00b-4794-bf65-1951f944d9eb (type: security_group_rules) to 0
2026-09-07 11:59:14.527 9 INFO neutron.db.ovn_revision_numbers_db [None req-97081beb-7cc6-46b4-9bc4-cfa50bbd42ed f54613d1eed143c784d352c380522db8 b671864245484ba58c69668388478e4b - - default default] Successfully bumped revision number for resource 94eaa14f-d394-4d7e-8d5f-ab8683e7e82f (type: security_group_rules) to 0
2026-09-07 11:59:14.551 9 INFO neutron.db.ovn_revision_numbers_db [None req-97081beb-7cc6-46b4-9bc4-cfa50bbd42ed f54613d1eed143c784d352c380522db8 b671864245484ba58c69668388478e4b - - default default] Successfully bumped revision number for resource a46b405c-a5f5-4d29-b4cc-a7fd293235a9 (type: security_group_rules) to 0
2026-09-07 11:59:14.559 10 INFO neutron.db.ovn_revision_numbers_db [None req-4fbe34ef-2715-4231-9375-54f66b6e7902 - - - - - -] Successfully bumped revision number for resource 6f5136fd-a19c-494d-aa82-7b29ed1f2ecd (type: router_ports) to 2
2026-09-07 11:59:14.585 9 INFO neutron.wsgi [None req-97081beb-7cc6-46b4-9bc4-cfa50bbd42ed f54613d1eed143c784d352c380522db8 b671864245484ba58c69668388478e4b - - default default] 10.0.0.4 "GET /v2.0/security-groups?tenant_id=01afaff5b74d4c5f8c690b3423e41dd8&name=default HTTP/1.1" status: 200 len: 2996 time: 0.4363425 /var/lib/openstack/lib/python3.10/site-packages/pycadf/identifier.py:71: UserWarning: Invalid uuid: neutron. To ensure interoperability, identifiers should be a valid uuid. warnings.warn(('Invalid uuid: %s. To ensure interoperability, '
2026-09-07 11:59:14.718 9 INFO neutron.db.ovn_revision_numbers_db [None req-28ee1655-20f2-4697-8249-7a66667d642f 2e549d16093a4b49b07d7dfadce7d6cb 919a710a678a47bba385ffb1264bfeef - - default default] Successfully bumped revision number for resource 47c9feae-49cb-4e79-8534-f59a8ae983b9 (type: router_ports) to 2
2026-09-07 11:59:14.746 10 INFO neutron.wsgi [None req-101e0704-0cf9-4632-8f29-73dfa8a7d827 f54613d1eed143c784d352c380522db8 b671864245484ba58c69668388478e4b - - default default] 10.0.0.4 "DELETE /v2.0/security-groups/f1b0d0e0-a6ef-4902-b89c-606c4552d42a HTTP/1.1" status: 204 len: 168 time: 0.1570356
2026-09-07 11:59:14.837 9 INFO neutron.db.ovn_revision_numbers_db [None req-28ee1655-20f2-4697-8249-7a66667d642f 2e549d16093a4b49b07d7dfadce7d6cb 919a710a678a47bba385ffb1264bfeef - - default default] Successfully bumped revision number for resource 47c9feae-49cb-4e79-8534-f59a8ae983b9 (type: ports) to 2
2026-09-07 11:59:14.917 9 WARNING neutron.scheduler.dhcp_agent_scheduler [None req-28ee1655-20f2-4697-8249-7a66667d642f 2e549d16093a4b49b07d7dfadce7d6cb 919a710a678a47bba385ffb1264bfeef - - default default] No more DHCP agents
2026-09-07 11:59:14.919 9 WARNING neutron.api.rpc.agentnotifiers.dhcp_rpc_agent_api [None req-28ee1655-20f2-4697-8249-7a66667d642f 2e549d16093a4b49b07d7dfadce7d6cb 919a710a678a47bba385ffb1264bfeef - - default default] Unable to schedule network 85d5e096-59b2-4a82-a2ba-57c1a70cae76: no agents available; will retry on subsequent port and subnet creation events.
2026-09-07 11:59:15.020 10 INFO neutron.db.ovn_revision_numbers_db [None req-a881e885-5b65-4f79-b864-ecd559483af1 f54613d1eed143c784d352c380522db8 b671864245484ba58c69668388478e4b - - default default] Successfully bumped revision number for resource be3e9794-6815-4d63-a3ab-4e22a6e5fb14 (type: security_groups) to 1
2026-09-07 11:59:15.040 10 INFO neutron.wsgi [None req-b9695735-9a30-4732-8514-0ab6ee86cebf 789c1dd7bc5f40db933ccf31952a04f0 7ab252f3458f40a9a8bf5343ac58cb6a - - default default] 10.0.0.4 "GET /v2.0/ports/6f5136fd-a19c-494d-aa82-7b29ed1f2ecd HTTP/1.1" status: 200 len: 1141 time: 0.0391033
2026-09-07 11:59:15.046 10 INFO neutron.db.ovn_revision_numbers_db [None req-a881e885-5b65-4f79-b864-ecd559483af1 f54613d1eed143c784d352c380522db8 b671864245484ba58c69668388478e4b - - default default] Successfully bumped revision number for resource 125069fb-f218-427c-9fc5-42b08fe16480 (type: security_group_rules) to 0
2026-09-07 11:59:15.079 9 INFO neutron.db.ovn_revision_numbers_db [None req-28ee1655-20f2-4697-8249-7a66667d642f 2e549d16093a4b49b07d7dfadce7d6cb 919a710a678a47bba385ffb1264bfeef - - default default] Successfully bumped revision number for resource 47c9feae-49cb-4e79-8534-f59a8ae983b9 (type: router_ports) to 2
2026-09-07 11:59:15.081 9 INFO neutron.wsgi [None req-28ee1655-20f2-4697-8249-7a66667d642f 2e549d16093a4b49b07d7dfadce7d6cb 919a710a678a47bba385ffb1264bfeef - - default default] 10.0.0.4 "PUT /v2.0/routers/c3ab9d20-81e8-44c6-a8e2-2ea472d41af2/add_router_interface HTTP/1.1" status: 200 len: 503 time: 1.3927081
2026-09-07 11:59:15.081 10 INFO neutron.db.ovn_revision_numbers_db [None req-a881e885-5b65-4f79-b864-ecd559483af1 f54613d1eed143c784d352c380522db8 b671864245484ba58c69668388478e4b - - default default] Successfully bumped revision number for resource 7a3a7b3e-94b1-4c21-804d-60f8cbc108ca (type: security_group_rules) to 0 /var/lib/openstack/lib/python3.10/site-packages/pycadf/identifier.py:71: UserWarning: Invalid uuid: neutron. To ensure interoperability, identifiers should be a valid uuid. warnings.warn(('Invalid uuid: %s. To ensure interoperability, '
2026-09-07 11:59:15.098 10 INFO neutron.db.ovn_revision_numbers_db [None req-a881e885-5b65-4f79-b864-ecd559483af1 f54613d1eed143c784d352c380522db8 b671864245484ba58c69668388478e4b - - default default] Successfully bumped revision number for resource 7b4a01fc-aff6-4547-baed-60c13b6007a4 (type: security_group_rules) to 0
2026-09-07 11:59:15.112 9 INFO neutron.wsgi [None req-6281d115-42ea-420b-8346-5291019e5ab5 2e549d16093a4b49b07d7dfadce7d6cb 919a710a678a47bba385ffb1264bfeef - - default default] 10.0.0.4 "GET /v2.0/ports/47c9feae-49cb-4e79-8534-f59a8ae983b9 HTTP/1.1" status: 200 len: 1207 time: 0.0250719
2026-09-07 11:59:15.119 10 INFO neutron.db.ovn_revision_numbers_db [None req-a881e885-5b65-4f79-b864-ecd559483af1 f54613d1eed143c784d352c380522db8 b671864245484ba58c69668388478e4b - - default default] Successfully bumped revision number for resource 95a0fca3-c6d8-4cdc-9834-680a666e5364 (type: security_group_rules) to 0
2026-09-07 11:59:15.147 10 INFO neutron.wsgi [None req-a881e885-5b65-4f79-b864-ecd559483af1 f54613d1eed143c784d352c380522db8 b671864245484ba58c69668388478e4b - - default default] 10.0.0.4 "GET /v2.0/security-groups?tenant_id=d1adbce183054406b1e09c9b9b325ce8&name=default HTTP/1.1" status: 200 len: 2996 time: 0.2882679
2026-09-07 11:59:15.463 10 INFO neutron.wsgi [None req-31973f67-4e9a-40f9-a091-cb558ccdc66d f54613d1eed143c784d352c380522db8 b671864245484ba58c69668388478e4b - - default default] 10.0.0.4 "DELETE /v2.0/security-groups/be3e9794-6815-4d63-a3ab-4e22a6e5fb14 HTTP/1.1" status: 204 len: 168 time: 0.3102009
2026-09-07 11:59:15.679 10 INFO neutron.wsgi [None req-8f42c4bf-9d98-45a1-8914-225eeaba8e9f 789c1dd7bc5f40db933ccf31952a04f0 7ab252f3458f40a9a8bf5343ac58cb6a - - default default] 10.0.0.4 "PUT /v2.0/routers/d8e9e895-879d-4413-8ab3-1ac7c85f7e72/remove_router_interface HTTP/1.1" status: 200 len: 503 time: 0.6297216 /var/lib/openstack/lib/python3.10/site-packages/pycadf/identifier.py:71: UserWarning: Invalid uuid: neutron. To ensure interoperability, identifiers should be a valid uuid. warnings.warn(('Invalid uuid: %s. To ensure interoperability, '
2026-09-07 11:59:15.706 10 INFO neutron.wsgi [None req-5bbf71d7-0a39-493e-b8c6-8a101fe18e73 789c1dd7bc5f40db933ccf31952a04f0 7ab252f3458f40a9a8bf5343ac58cb6a - - default default] 10.0.0.4 "GET /v2.0/ports?device_id=d8e9e895-879d-4413-8ab3-1ac7c85f7e72 HTTP/1.1" status: 200 len: 205 time: 0.0210524
2026-09-07 11:59:15.729 10 INFO neutron.notifiers.nova [-] Nova event matching ['req-305c3316-1e56-44ec-898d-bbf14983d5a5'] response: {'server_uuid': '03b6fb3d-8538-42d3-9414-21f60c6d97b5', 'name': 'network-vif-plugged', 'status': 'completed', 'tag': '692dacb6-27ca-4462-abe9-b2992a0a430e', 'code': 200}
2026-09-07 11:59:15.730 10 INFO neutron.notifiers.nova [-] Nova event matching ['req-305c3316-1e56-44ec-898d-bbf14983d5a5'] response: {'server_uuid': '03b6fb3d-8538-42d3-9414-21f60c6d97b5', 'name': 'network-vif-plugged', 'status': 'completed', 'tag': '692dacb6-27ca-4462-abe9-b2992a0a430e', 'code': 200}
2026-09-07 11:59:15.730 10 INFO neutron.notifiers.nova [-] Nova event matching ['req-305c3316-1e56-44ec-898d-bbf14983d5a5'] response: {'server_uuid': '03b6fb3d-8538-42d3-9414-21f60c6d97b5', 'name': 'network-vif-plugged', 'status': 'completed', 'tag': '692dacb6-27ca-4462-abe9-b2992a0a430e', 'code': 200}
2026-09-07 11:59:15.939 10 INFO neutron.wsgi [None req-141de464-d46f-4bc5-b8c3-8fafe1ddcdec 789c1dd7bc5f40db933ccf31952a04f0 7ab252f3458f40a9a8bf5343ac58cb6a - - default default] 10.0.0.4 "DELETE /v2.0/routers/d8e9e895-879d-4413-8ab3-1ac7c85f7e72 HTTP/1.1" status: 204 len: 168 time: 0.2264819
2026-09-07 11:59:16.096 10 INFO neutron.wsgi [None req-4bab8523-a217-4c0f-9f3a-1030029cb7eb 789c1dd7bc5f40db933ccf31952a04f0 7ab252f3458f40a9a8bf5343ac58cb6a - - default default] 10.0.0.4 "DELETE /v2.0/subnets/87ea4fba-1fcd-4ed5-90f5-bbe84f665741 HTTP/1.1" status: 204 len: 168 time: 0.1531518
2026-09-07 11:59:16.112 9 INFO neutron.wsgi [None req-ded26830-b366-4901-89de-37363408e5a6 2e549d16093a4b49b07d7dfadce7d6cb 919a710a678a47bba385ffb1264bfeef - - default default] 10.0.0.4 "PUT /v2.0/routers/c3ab9d20-81e8-44c6-a8e2-2ea472d41af2/remove_router_interface HTTP/1.1" status: 200 len: 503 time: 0.9947109
2026-09-07 11:59:16.189 10 INFO neutron.api.v2.resource [None req-d5a55aa8-931d-43df-8584-b7db92489b0d 2e549d16093a4b49b07d7dfadce7d6cb 919a710a678a47bba385ffb1264bfeef - - default default] remove_router_interface failed (client error): The resource could not be found.
2026-09-07 11:59:16.190 10 INFO neutron.wsgi [None req-d5a55aa8-931d-43df-8584-b7db92489b0d 2e549d16093a4b49b07d7dfadce7d6cb 919a710a678a47bba385ffb1264bfeef - - default default] 10.0.0.4 "PUT /v2.0/routers/c3ab9d20-81e8-44c6-a8e2-2ea472d41af2/remove_router_interface HTTP/1.1" status: 404 len: 398 time: 0.0736136 /var/lib/openstack/lib/python3.10/site-packages/pycadf/identifier.py:71: UserWarning: Invalid uuid: neutron. To ensure interoperability, identifiers should be a valid uuid. warnings.warn(('Invalid uuid: %s. To ensure interoperability, '
2026-09-07 11:59:16.236 9 INFO neutron.wsgi [None req-ab685657-f76d-4b92-8706-95ce0b347097 2e549d16093a4b49b07d7dfadce7d6cb 919a710a678a47bba385ffb1264bfeef - - default default] 10.0.0.4 "GET /v2.0/ports?device_id=c3ab9d20-81e8-44c6-a8e2-2ea472d41af2 HTTP/1.1" status: 200 len: 205 time: 0.0390928
2026-09-07 11:59:16.515 10 INFO neutron.wsgi [None req-36c3f208-5bb7-4346-b647-aa03fd6cdc50 2e549d16093a4b49b07d7dfadce7d6cb 919a710a678a47bba385ffb1264bfeef - - default default] 10.0.0.4 "DELETE /v2.0/routers/c3ab9d20-81e8-44c6-a8e2-2ea472d41af2 HTTP/1.1" status: 204 len: 168 time: 0.2746794
2026-09-07 11:59:16.602 10 INFO neutron.services.segments.plugin [-] Segment 7912dd0f-8621-4020-b2c2-2ed6b9ce047e resource provider aggregate not found
2026-09-07 11:59:16.606 10 INFO neutron.services.segments.plugin [-] Segment 7912dd0f-8621-4020-b2c2-2ed6b9ce047e resource provider aggregate not found
2026-09-07 11:59:16.624 10 INFO neutron.services.segments.plugin [-] Segment 7912dd0f-8621-4020-b2c2-2ed6b9ce047e resource provider not found; error: Placement Client Error (4xx): {"errors": [{"status": 404, "title": "Not Found", "detail": "The resource could not be found.\n\n No resource provider with uuid 7912dd0f-8621-4020-b2c2-2ed6b9ce047e found for delete ", "request_id": "req-3396f157-b1b2-41e9-b356-96b74f8c2b2f"}]}
2026-09-07 11:59:16.627 10 INFO neutron.services.segments.plugin [-] Segment 7912dd0f-8621-4020-b2c2-2ed6b9ce047e resource provider not found; error: Placement Client Error (4xx): {"errors": [{"status": 404, "title": "Not Found", "detail": "The resource could not be found.\n\n No resource provider with uuid 7912dd0f-8621-4020-b2c2-2ed6b9ce047e found for delete ", "request_id": "req-b4f7b5f5-85b1-4293-a190-1e63acf33418"}]}
2026-09-07 11:59:16.634 10 INFO neutron.wsgi [None req-12a95415-a91e-4d92-9166-9f08e94a17e2 789c1dd7bc5f40db933ccf31952a04f0 7ab252f3458f40a9a8bf5343ac58cb6a - - default default] 10.0.0.4 "DELETE /v2.0/networks/1a885cfd-045d-4472-af81-388f5903a8a5 HTTP/1.1" status: 204 len: 168 time: 0.5315647
2026-09-07 11:59:16.733 9 INFO neutron.wsgi [None req-11763eb8-6d9a-4348-a75e-2a4cefd20d8b 2e549d16093a4b49b07d7dfadce7d6cb 919a710a678a47bba385ffb1264bfeef - - default default] 10.0.0.4 "DELETE /v2.0/subnets/184c5ba9-19f5-48fe-a58f-77eeae1598d6 HTTP/1.1" status: 204 len: 168 time: 0.2114046
