2026-09-07 12:00:02.420 9 INFO neutron.db.ovn_revision_numbers_db [None req-1f36d3a4-b8de-4690-90a4-9d75fd73e326 f54613d1eed143c784d352c380522db8 b671864245484ba58c69668388478e4b - - default default] Successfully bumped revision number for resource 1b8033d1-1843-4bb6-b46d-60b1eb7e6ad2 (type: security_groups) to 1
2026-09-07 12:00:02.432 9 INFO neutron.db.ovn_revision_numbers_db [None req-4275bf67-e289-4cd6-ac2b-23455695490d dbe601ea0b744541a049152929dbb389 1c14d3d954b941949081ff73a42ce9a4 - - default default] Successfully bumped revision number for resource 2ef9a608-11ec-45bf-b3be-184df7c2b3c4 (type: security_group_rules) to 0
2026-09-07 12:00:02.440 9 INFO neutron.db.ovn_revision_numbers_db [None req-1f36d3a4-b8de-4690-90a4-9d75fd73e326 f54613d1eed143c784d352c380522db8 b671864245484ba58c69668388478e4b - - default default] Successfully bumped revision number for resource 55412fdd-0554-4b20-9bb9-438c89a54223 (type: security_group_rules) to 0
2026-09-07 12:00:02.454 9 INFO neutron.db.ovn_revision_numbers_db [None req-4275bf67-e289-4cd6-ac2b-23455695490d dbe601ea0b744541a049152929dbb389 1c14d3d954b941949081ff73a42ce9a4 - - default default] Successfully bumped revision number for resource 50f22924-e66f-4978-b409-e4f5a7cf970d (type: security_group_rules) to 0
2026-09-07 12:00:02.458 9 INFO neutron.db.ovn_revision_numbers_db [None req-1f36d3a4-b8de-4690-90a4-9d75fd73e326 f54613d1eed143c784d352c380522db8 b671864245484ba58c69668388478e4b - - default default] Successfully bumped revision number for resource 63c858a9-6cd7-43d9-b57a-bfb2251b9cd4 (type: security_group_rules) to 0
2026-09-07 12:00:02.470 9 INFO neutron.db.ovn_revision_numbers_db [None req-4275bf67-e289-4cd6-ac2b-23455695490d dbe601ea0b744541a049152929dbb389 1c14d3d954b941949081ff73a42ce9a4 - - default default] Successfully bumped revision number for resource c5f4b90b-b69a-4dfc-8ac9-85586e8b8672 (type: security_group_rules) to 0
2026-09-07 12:00:02.474 9 INFO neutron.db.ovn_revision_numbers_db [None req-1f36d3a4-b8de-4690-90a4-9d75fd73e326 f54613d1eed143c784d352c380522db8 b671864245484ba58c69668388478e4b - - default default] Successfully bumped revision number for resource b9c2d3b2-4019-43ff-8cc2-a31160920175 (type: security_group_rules) to 0
2026-09-07 12:00:02.495 9 INFO neutron.db.ovn_revision_numbers_db [None req-1f36d3a4-b8de-4690-90a4-9d75fd73e326 f54613d1eed143c784d352c380522db8 b671864245484ba58c69668388478e4b - - default default] Successfully bumped revision number for resource e85c2162-e14e-4874-be36-2276ebaf3f37 (type: security_group_rules) to 0
2026-09-07 12:00:02.515 9 INFO neutron.wsgi [None req-1f36d3a4-b8de-4690-90a4-9d75fd73e326 f54613d1eed143c784d352c380522db8 b671864245484ba58c69668388478e4b - - default default] 10.0.0.4 "GET /v2.0/security-groups?tenant_id=fe0cbb6ed7b64b21b13c66b9267e654e&name=default HTTP/1.1" status: 200 len: 2996 time: 0.3997045
2026-09-07 12:00:02.540 9 INFO neutron.db.segments_db [None req-4275bf67-e289-4cd6-ac2b-23455695490d dbe601ea0b744541a049152929dbb389 1c14d3d954b941949081ff73a42ce9a4 - - default default] Added segment 14a774c6-808a-415b-b213-5fafa28a1966 of type geneve for network 04892e3d-87fa-44b2-9524-98952a5dcca9
2026-09-07 12:00:02.941 9 INFO neutron.db.ovn_revision_numbers_db [None req-4275bf67-e289-4cd6-ac2b-23455695490d dbe601ea0b744541a049152929dbb389 1c14d3d954b941949081ff73a42ce9a4 - - default default] Successfully bumped revision number for resource 04892e3d-87fa-44b2-9524-98952a5dcca9 (type: networks) to 1
2026-09-07 12:00:03.065 9 INFO neutron.wsgi [None req-1590d0b4-171c-43df-bc5c-3a218a21b3e2 f54613d1eed143c784d352c380522db8 b671864245484ba58c69668388478e4b - - default default] 10.0.0.4 "DELETE /v2.0/security-groups/1b8033d1-1843-4bb6-b46d-60b1eb7e6ad2 HTTP/1.1" status: 204 len: 168 time: 0.5454109
2026-09-07 12:00:03.100 9 WARNING neutron.scheduler.dhcp_agent_scheduler [None req-4275bf67-e289-4cd6-ac2b-23455695490d dbe601ea0b744541a049152929dbb389 1c14d3d954b941949081ff73a42ce9a4 - - default default] No more DHCP agents
2026-09-07 12:00:03.103 9 WARNING neutron.api.rpc.agentnotifiers.dhcp_rpc_agent_api [None req-4275bf67-e289-4cd6-ac2b-23455695490d dbe601ea0b744541a049152929dbb389 1c14d3d954b941949081ff73a42ce9a4 - - default default] Unable to schedule network 04892e3d-87fa-44b2-9524-98952a5dcca9: no agents available; will retry on subsequent port and subnet creation events.
2026-09-07 12:00:03.173 9 INFO neutron.db.ovn_revision_numbers_db [None req-4275bf67-e289-4cd6-ac2b-23455695490d dbe601ea0b744541a049152929dbb389 1c14d3d954b941949081ff73a42ce9a4 - - default default] Successfully bumped revision number for resource 1aaf21b9-aaca-4425-8b70-cbad3d676945 (type: ports) to 1
2026-09-07 12:00:03.196 9 INFO neutron.wsgi [None req-4275bf67-e289-4cd6-ac2b-23455695490d dbe601ea0b744541a049152929dbb389 1c14d3d954b941949081ff73a42ce9a4 - - default default] 10.0.0.4 "POST /v2.0/networks HTTP/1.1" status: 201 len: 842 time: 1.1525571
2026-09-07 12:00:03.463 9 WARNING neutron.scheduler.dhcp_agent_scheduler [None req-d8a97e29-c86d-4ac2-8534-bb927d59e2a0 dbe601ea0b744541a049152929dbb389 1c14d3d954b941949081ff73a42ce9a4 - - default default] No more DHCP agents
2026-09-07 12:00:03.467 9 WARNING neutron.api.rpc.agentnotifiers.dhcp_rpc_agent_api [None req-d8a97e29-c86d-4ac2-8534-bb927d59e2a0 dbe601ea0b744541a049152929dbb389 1c14d3d954b941949081ff73a42ce9a4 - - default default] Unable to schedule network 04892e3d-87fa-44b2-9524-98952a5dcca9: no agents available; will retry on subsequent port and subnet creation events.
2026-09-07 12:00:03.547 9 INFO neutron.db.ovn_revision_numbers_db [None req-d8a97e29-c86d-4ac2-8534-bb927d59e2a0 dbe601ea0b744541a049152929dbb389 1c14d3d954b941949081ff73a42ce9a4 - - default default] Successfully bumped revision number for resource 4cee2543-f837-4d92-8e4b-46e5f3dd2d13 (type: ports) to 1
2026-09-07 12:00:03.580 9 INFO neutron.wsgi [None req-d8a97e29-c86d-4ac2-8534-bb927d59e2a0 dbe601ea0b744541a049152929dbb389 1c14d3d954b941949081ff73a42ce9a4 - - default default] 10.0.0.4 "POST /v2.0/ports HTTP/1.1" status: 201 len: 974 time: 0.3810613 /var/lib/openstack/lib/python3.10/site-packages/pycadf/identifier.py:71: UserWarning: Invalid uuid: neutron. To ensure interoperability, identifiers should be a valid uuid. warnings.warn(('Invalid uuid: %s. To ensure interoperability, '
2026-09-07 12:00:03.707 9 INFO neutron.db.segments_db [None req-21a6625c-e792-4271-a658-1b5f433274af dbe601ea0b744541a049152929dbb389 1c14d3d954b941949081ff73a42ce9a4 - - default default] Added segment 8dc8d6cd-3bcf-4e84-90b7-3172412b5adc of type geneve for network 92302f09-9e55-49c9-ad3e-7be530b7107f
2026-09-07 12:00:03.887 9 INFO neutron.db.ovn_revision_numbers_db [None req-21a6625c-e792-4271-a658-1b5f433274af dbe601ea0b744541a049152929dbb389 1c14d3d954b941949081ff73a42ce9a4 - - default default] Successfully bumped revision number for resource 92302f09-9e55-49c9-ad3e-7be530b7107f (type: networks) to 1
2026-09-07 12:00:04.042 10 INFO neutron.db.ovn_revision_numbers_db [None req-df8d3320-39d3-4a89-8d5f-5cca9b0213d7 f54613d1eed143c784d352c380522db8 b671864245484ba58c69668388478e4b - - default default] Successfully bumped revision number for resource cffea7b0-22e0-4fe8-968e-b9eff52faf13 (type: security_groups) to 1
2026-09-07 12:00:04.065 9 WARNING neutron.scheduler.dhcp_agent_scheduler [None req-21a6625c-e792-4271-a658-1b5f433274af dbe601ea0b744541a049152929dbb389 1c14d3d954b941949081ff73a42ce9a4 - - default default] No more DHCP agents
2026-09-07 12:00:04.067 9 WARNING neutron.api.rpc.agentnotifiers.dhcp_rpc_agent_api [None req-21a6625c-e792-4271-a658-1b5f433274af dbe601ea0b744541a049152929dbb389 1c14d3d954b941949081ff73a42ce9a4 - - default default] Unable to schedule network 92302f09-9e55-49c9-ad3e-7be530b7107f: no agents available; will retry on subsequent port and subnet creation events.
2026-09-07 12:00:04.068 10 INFO neutron.db.ovn_revision_numbers_db [None req-df8d3320-39d3-4a89-8d5f-5cca9b0213d7 f54613d1eed143c784d352c380522db8 b671864245484ba58c69668388478e4b - - default default] Successfully bumped revision number for resource 172fc114-8730-41a1-a02c-c67948eb78b3 (type: security_group_rules) to 0
2026-09-07 12:00:04.080 10 INFO neutron.db.ovn_revision_numbers_db [None req-df8d3320-39d3-4a89-8d5f-5cca9b0213d7 f54613d1eed143c784d352c380522db8 b671864245484ba58c69668388478e4b - - default default] Successfully bumped revision number for resource 62d040cf-4cbd-4dcf-8eb9-a52369270a5b (type: security_group_rules) to 0
2026-09-07 12:00:04.098 10 INFO neutron.db.ovn_revision_numbers_db [None req-df8d3320-39d3-4a89-8d5f-5cca9b0213d7 f54613d1eed143c784d352c380522db8 b671864245484ba58c69668388478e4b - - default default] Successfully bumped revision number for resource cc3b02b6-7aad-44a6-80a0-b5d9b870e339 (type: security_group_rules) to 0
2026-09-07 12:00:04.119 10 INFO neutron.db.ovn_revision_numbers_db [None req-df8d3320-39d3-4a89-8d5f-5cca9b0213d7 f54613d1eed143c784d352c380522db8 b671864245484ba58c69668388478e4b - - default default] Successfully bumped revision number for resource d6fd2cc3-263a-41e0-b4fd-07b488b736bb (type: security_group_rules) to 0
2026-09-07 12:00:04.126 9 INFO neutron.db.ovn_revision_numbers_db [None req-21a6625c-e792-4271-a658-1b5f433274af dbe601ea0b744541a049152929dbb389 1c14d3d954b941949081ff73a42ce9a4 - - default default] Successfully bumped revision number for resource da8fa2fe-245f-41e1-a93e-c32b672bc0cc (type: ports) to 1
2026-09-07 12:00:04.141 10 INFO neutron.wsgi [None req-df8d3320-39d3-4a89-8d5f-5cca9b0213d7 f54613d1eed143c784d352c380522db8 b671864245484ba58c69668388478e4b - - default default] 10.0.0.4 "GET /v2.0/security-groups?tenant_id=bab26cf461c64891a2274d81c0b5c187&name=default HTTP/1.1" status: 200 len: 2996 time: 0.3833625
2026-09-07 12:00:04.152 9 INFO neutron.wsgi [None req-21a6625c-e792-4271-a658-1b5f433274af dbe601ea0b744541a049152929dbb389 1c14d3d954b941949081ff73a42ce9a4 - - default default] 10.0.0.4 "POST /v2.0/networks HTTP/1.1" status: 201 len: 831 time: 0.5648706
2026-09-07 12:00:04.317 10 INFO neutron.wsgi [None req-8a017775-1540-49be-88e9-966957ba61a1 f54613d1eed143c784d352c380522db8 b671864245484ba58c69668388478e4b - - default default] 10.0.0.4 "DELETE /v2.0/security-groups/cffea7b0-22e0-4fe8-968e-b9eff52faf13 HTTP/1.1" status: 204 len: 168 time: 0.1710355
2026-09-07 12:00:04.373 9 WARNING neutron.scheduler.dhcp_agent_scheduler [None req-7f289a30-875d-4f25-851c-4ed6f6bed442 dbe601ea0b744541a049152929dbb389 1c14d3d954b941949081ff73a42ce9a4 - - default default] No more DHCP agents
2026-09-07 12:00:04.375 9 WARNING neutron.api.rpc.agentnotifiers.dhcp_rpc_agent_api [None req-7f289a30-875d-4f25-851c-4ed6f6bed442 dbe601ea0b744541a049152929dbb389 1c14d3d954b941949081ff73a42ce9a4 - - default default] Unable to schedule network 92302f09-9e55-49c9-ad3e-7be530b7107f: no agents available; will retry on subsequent port and subnet creation events.
2026-09-07 12:00:04.735 9 INFO neutron.db.ovn_revision_numbers_db [None req-7f289a30-875d-4f25-851c-4ed6f6bed442 dbe601ea0b744541a049152929dbb389 1c14d3d954b941949081ff73a42ce9a4 - - default default] Successfully bumped revision number for resource da8fa2fe-245f-41e1-a93e-c32b672bc0cc (type: ports) to 2
2026-09-07 12:00:04.759 9 INFO neutron.db.ovn_revision_numbers_db [None req-7f289a30-875d-4f25-851c-4ed6f6bed442 dbe601ea0b744541a049152929dbb389 1c14d3d954b941949081ff73a42ce9a4 - - default default] Successfully bumped revision number for resource f4d803c6-7adc-447f-8dcb-aeb6e2a38b94 (type: subnets) to 0
2026-09-07 12:00:04.772 9 INFO neutron.wsgi [None req-7f289a30-875d-4f25-851c-4ed6f6bed442 dbe601ea0b744541a049152929dbb389 1c14d3d954b941949081ff73a42ce9a4 - - default default] 10.0.0.4 "POST /v2.0/subnets HTTP/1.1" status: 201 len: 801 time: 0.6157713
2026-09-07 12:00:05.026 9 WARNING neutron.scheduler.dhcp_agent_scheduler [None req-101d2bad-e584-42b8-b890-672a9a64b08e dbe601ea0b744541a049152929dbb389 1c14d3d954b941949081ff73a42ce9a4 - - default default] No more DHCP agents
2026-09-07 12:00:05.028 9 WARNING neutron.api.rpc.agentnotifiers.dhcp_rpc_agent_api [None req-101d2bad-e584-42b8-b890-672a9a64b08e dbe601ea0b744541a049152929dbb389 1c14d3d954b941949081ff73a42ce9a4 - - default default] Unable to schedule network 92302f09-9e55-49c9-ad3e-7be530b7107f: no agents available; will retry on subsequent port and subnet creation events.
2026-09-07 12:00:05.162 9 INFO neutron.db.ovn_revision_numbers_db [None req-101d2bad-e584-42b8-b890-672a9a64b08e dbe601ea0b744541a049152929dbb389 1c14d3d954b941949081ff73a42ce9a4 - - default default] Successfully bumped revision number for resource 0c229830-a9b1-46ed-8c58-6e8dfdf5db15 (type: ports) to 1
2026-09-07 12:00:05.181 9 INFO neutron.wsgi [None req-101d2bad-e584-42b8-b890-672a9a64b08e dbe601ea0b744541a049152929dbb389 1c14d3d954b941949081ff73a42ce9a4 - - default default] 10.0.0.4 "POST /v2.0/ports HTTP/1.1" status: 201 len: 1152 time: 0.4034257 /var/lib/openstack/lib/python3.10/site-packages/pycadf/identifier.py:71: UserWarning: Invalid uuid: neutron. To ensure interoperability, identifiers should be a valid uuid. warnings.warn(('Invalid uuid: %s. To ensure interoperability, '
2026-09-07 12:00:05.493 9 INFO neutron.wsgi [None req-6c461c29-ae9d-49e6-9667-be778e3721c3 dbe601ea0b744541a049152929dbb389 1c14d3d954b941949081ff73a42ce9a4 - - default default] 10.0.0.4 "DELETE /v2.0/ports/0c229830-a9b1-46ed-8c58-6e8dfdf5db15 HTTP/1.1" status: 204 len: 168 time: 0.3060584
2026-09-07 12:00:05.521 9 INFO neutron.pecan_wsgi.hooks.translation [None req-39a27991-07bd-4dd7-a325-55265c9845d3 dbe601ea0b744541a049152929dbb389 1c14d3d954b941949081ff73a42ce9a4 - - default default] DELETE failed (client error): The resource could not be found.
2026-09-07 12:00:05.523 9 INFO neutron.wsgi [None req-39a27991-07bd-4dd7-a325-55265c9845d3 dbe601ea0b744541a049152929dbb389 1c14d3d954b941949081ff73a42ce9a4 - - default default] 10.0.0.4 "DELETE /v2.0/ports/0c229830-a9b1-46ed-8c58-6e8dfdf5db15 HTTP/1.1" status: 404 len: 333 time: 0.0220096
2026-09-07 12:00:05.550 9 INFO neutron.pecan_wsgi.hooks.translation [None req-763c8ebe-3a4e-4e2e-9a2f-fd0ab6072716 dbe601ea0b744541a049152929dbb389 1c14d3d954b941949081ff73a42ce9a4 - - default default] GET failed (client error): The resource could not be found.
2026-09-07 12:00:05.551 9 INFO neutron.wsgi [None req-763c8ebe-3a4e-4e2e-9a2f-fd0ab6072716 dbe601ea0b744541a049152929dbb389 1c14d3d954b941949081ff73a42ce9a4 - - default default] 10.0.0.4 "GET /v2.0/ports/0c229830-a9b1-46ed-8c58-6e8dfdf5db15 HTTP/1.1" status: 404 len: 333 time: 0.0217443
2026-09-07 12:00:05.774 10 INFO neutron.wsgi [None req-0988d908-f2bc-49ef-b6f4-475c8045e5e1 dbe601ea0b744541a049152929dbb389 1c14d3d954b941949081ff73a42ce9a4 - - default default] 10.0.0.4 "DELETE /v2.0/subnets/f4d803c6-7adc-447f-8dcb-aeb6e2a38b94 HTTP/1.1" status: 204 len: 168 time: 0.2125285
2026-09-07 12:00:06.140 10 INFO neutron.services.segments.plugin [-] Segment 8dc8d6cd-3bcf-4e84-90b7-3172412b5adc resource provider aggregate not found
2026-09-07 12:00:06.146 10 INFO neutron.services.segments.plugin [-] Segment 8dc8d6cd-3bcf-4e84-90b7-3172412b5adc resource provider aggregate not found
2026-09-07 12:00:06.162 10 INFO neutron.services.segments.plugin [-] Segment 8dc8d6cd-3bcf-4e84-90b7-3172412b5adc resource provider not found; error: Placement Client Error (4xx): {"errors": [{"status": 404, "title": "Not Found", "detail": "The resource could not be found.\n\n No resource provider with uuid 8dc8d6cd-3bcf-4e84-90b7-3172412b5adc found for delete ", "request_id": "req-ba5dbc77-dfa9-4636-8e2c-5711440a4323"}]}
2026-09-07 12:00:06.172 10 INFO neutron.services.segments.plugin [-] Segment 8dc8d6cd-3bcf-4e84-90b7-3172412b5adc resource provider not found; error: Placement Client Error (4xx): {"errors": [{"status": 404, "title": "Not Found", "detail": "The resource could not be found.\n\n No resource provider with uuid 8dc8d6cd-3bcf-4e84-90b7-3172412b5adc found for delete ", "request_id": "req-25da774f-0df1-42c8-82af-5bec9cce7983"}]}
2026-09-07 12:00:06.188 10 INFO neutron.wsgi [None req-529dc118-8ead-44f6-9865-ed1e11a83b08 dbe601ea0b744541a049152929dbb389 1c14d3d954b941949081ff73a42ce9a4 - - default default] 10.0.0.4 "DELETE /v2.0/networks/92302f09-9e55-49c9-ad3e-7be530b7107f HTTP/1.1" status: 204 len: 168 time: 0.4090064
2026-09-07 12:00:06.310 9 INFO neutron.db.segments_db [None req-54b530cd-7998-4401-9320-7da735ad9eb3 dbe601ea0b744541a049152929dbb389 1c14d3d954b941949081ff73a42ce9a4 - - default default] Added segment a2914d99-7562-4b98-97a3-a61a8f8e518c of type geneve for network 410568d2-c2ce-4978-8d96-977658a1d76e
2026-09-07 12:00:06.513 9 INFO neutron.db.ovn_revision_numbers_db [None req-54b530cd-7998-4401-9320-7da735ad9eb3 dbe601ea0b744541a049152929dbb389 1c14d3d954b941949081ff73a42ce9a4 - - default default] Successfully bumped revision number for resource 410568d2-c2ce-4978-8d96-977658a1d76e (type: networks) to 1
2026-09-07 12:00:06.703 9 WARNING neutron.scheduler.dhcp_agent_scheduler [None req-54b530cd-7998-4401-9320-7da735ad9eb3 dbe601ea0b744541a049152929dbb389 1c14d3d954b941949081ff73a42ce9a4 - - default default] No more DHCP agents
2026-09-07 12:00:06.705 9 WARNING neutron.api.rpc.agentnotifiers.dhcp_rpc_agent_api [None req-54b530cd-7998-4401-9320-7da735ad9eb3 dbe601ea0b744541a049152929dbb389 1c14d3d954b941949081ff73a42ce9a4 - - default default] Unable to schedule network 410568d2-c2ce-4978-8d96-977658a1d76e: no agents available; will retry on subsequent port and subnet creation events.
2026-09-07 12:00:06.803 9 INFO neutron.db.ovn_revision_numbers_db [None req-54b530cd-7998-4401-9320-7da735ad9eb3 dbe601ea0b744541a049152929dbb389 1c14d3d954b941949081ff73a42ce9a4 - - default default] Successfully bumped revision number for resource dac42b4b-9de8-4239-a1d5-961a96a557f9 (type: ports) to 1
2026-09-07 12:00:06.835 9 INFO neutron.wsgi [None req-54b530cd-7998-4401-9320-7da735ad9eb3 dbe601ea0b744541a049152929dbb389 1c14d3d954b941949081ff73a42ce9a4 - - default default] 10.0.0.4 "POST /v2.0/networks HTTP/1.1" status: 201 len: 830 time: 0.6372221
2026-09-07 12:00:07.095 9 WARNING neutron.scheduler.dhcp_agent_scheduler [None req-6f8d792e-cb7d-4918-8dff-d890c98619d5 dbe601ea0b744541a049152929dbb389 1c14d3d954b941949081ff73a42ce9a4 - - default default] No more DHCP agents
2026-09-07 12:00:07.097 9 WARNING neutron.api.rpc.agentnotifiers.dhcp_rpc_agent_api [None req-6f8d792e-cb7d-4918-8dff-d890c98619d5 dbe601ea0b744541a049152929dbb389 1c14d3d954b941949081ff73a42ce9a4 - - default default] Unable to schedule network 410568d2-c2ce-4978-8d96-977658a1d76e: no agents available; will retry on subsequent port and subnet creation events.
2026-09-07 12:00:07.571 9 INFO neutron.db.ovn_revision_numbers_db [None req-6f8d792e-cb7d-4918-8dff-d890c98619d5 dbe601ea0b744541a049152929dbb389 1c14d3d954b941949081ff73a42ce9a4 - - default default] Successfully bumped revision number for resource dac42b4b-9de8-4239-a1d5-961a96a557f9 (type: ports) to 2
2026-09-07 12:00:07.599 9 INFO neutron.db.ovn_revision_numbers_db [None req-6f8d792e-cb7d-4918-8dff-d890c98619d5 dbe601ea0b744541a049152929dbb389 1c14d3d954b941949081ff73a42ce9a4 - - default default] Successfully bumped revision number for resource 35e268b6-888e-40b4-819a-74aabbf13396 (type: subnets) to 0
2026-09-07 12:00:07.612 9 INFO neutron.wsgi [None req-6f8d792e-cb7d-4918-8dff-d890c98619d5 dbe601ea0b744541a049152929dbb389 1c14d3d954b941949081ff73a42ce9a4 - - default default] 10.0.0.4 "POST /v2.0/subnets HTTP/1.1" status: 201 len: 801 time: 0.7717309
2026-09-07 12:00:07.873 9 WARNING neutron.scheduler.dhcp_agent_scheduler [None req-a7d305c8-79f8-472f-b698-e3965f423724 dbe601ea0b744541a049152929dbb389 1c14d3d954b941949081ff73a42ce9a4 - - default default] No more DHCP agents
2026-09-07 12:00:07.875 9 WARNING neutron.api.rpc.agentnotifiers.dhcp_rpc_agent_api [None req-a7d305c8-79f8-472f-b698-e3965f423724 dbe601ea0b744541a049152929dbb389 1c14d3d954b941949081ff73a42ce9a4 - - default default] Unable to schedule network 410568d2-c2ce-4978-8d96-977658a1d76e: no agents available; will retry on subsequent port and subnet creation events.
2026-09-07 12:00:08.055 9 INFO neutron.db.ovn_revision_numbers_db [None req-a7d305c8-79f8-472f-b698-e3965f423724 dbe601ea0b744541a049152929dbb389 1c14d3d954b941949081ff73a42ce9a4 - - default default] Successfully bumped revision number for resource fffc277c-11d5-4222-a890-a75f368add09 (type: ports) to 1
2026-09-07 12:00:08.087 9 INFO neutron.wsgi [None req-a7d305c8-79f8-472f-b698-e3965f423724 dbe601ea0b744541a049152929dbb389 1c14d3d954b941949081ff73a42ce9a4 - - default default] 10.0.0.4 "POST /v2.0/ports HTTP/1.1" status: 201 len: 1110 time: 0.4703672
2026-09-07 12:00:08.172 10 INFO neutron.db.ovn_revision_numbers_db [None req-13c6e3ce-25c5-4b2c-95c8-fc99f828eb1f dbf9523f3bca487d9994caea40985859 11fbdae03f6c448e968e4d66dbf96d1f - - default default] Successfully bumped revision number for resource 5aff6a86-2a6b-43a2-8f23-cc8058e48d9f (type: security_groups) to 1
2026-09-07 12:00:08.189 10 INFO neutron.db.ovn_revision_numbers_db [None req-13c6e3ce-25c5-4b2c-95c8-fc99f828eb1f dbf9523f3bca487d9994caea40985859 11fbdae03f6c448e968e4d66dbf96d1f - - default default] Successfully bumped revision number for resource 1feb39f5-bf05-4c2c-95b4-9c750cc8dfdd (type: security_group_rules) to 0
2026-09-07 12:00:08.206 10 INFO neutron.db.ovn_revision_numbers_db [None req-13c6e3ce-25c5-4b2c-95c8-fc99f828eb1f dbf9523f3bca487d9994caea40985859 11fbdae03f6c448e968e4d66dbf96d1f - - default default] Successfully bumped revision number for resource 91a2b72d-63a3-4d67-a7d7-bdee0c6e957c (type: security_group_rules) to 0
2026-09-07 12:00:08.222 10 INFO neutron.db.ovn_revision_numbers_db [None req-13c6e3ce-25c5-4b2c-95c8-fc99f828eb1f dbf9523f3bca487d9994caea40985859 11fbdae03f6c448e968e4d66dbf96d1f - - default default] Successfully bumped revision number for resource 99a34575-d8ad-4f20-b321-d71304e2d4d1 (type: security_group_rules) to 0
2026-09-07 12:00:08.236 10 INFO neutron.db.ovn_revision_numbers_db [None req-13c6e3ce-25c5-4b2c-95c8-fc99f828eb1f dbf9523f3bca487d9994caea40985859 11fbdae03f6c448e968e4d66dbf96d1f - - default default] Successfully bumped revision number for resource d0902fae-bd7c-48c8-a18e-23c4ce4c51f0 (type: security_group_rules) to 0
2026-09-07 12:00:08.239 10 INFO neutron.db.ovn_revision_numbers_db [None req-142db266-152b-4994-9a6c-06328cf84c6a f44eaaa4f5e841cdaeb95511f3e637ec bd25fb5e9bf041d3a891f472272f41cb - - default default] Successfully bumped revision number for resource 0d19e065-ccfc-41d6-a073-ca540ccebd12 (type: security_groups) to 1
2026-09-07 12:00:08.271 10 INFO neutron.db.ovn_revision_numbers_db [None req-142db266-152b-4994-9a6c-06328cf84c6a f44eaaa4f5e841cdaeb95511f3e637ec bd25fb5e9bf041d3a891f472272f41cb - - default default] Successfully bumped revision number for resource 10bb631f-e281-434a-8eaf-c5164e604b2b (type: security_group_rules) to 0
2026-09-07 12:00:08.285 10 INFO neutron.db.ovn_revision_numbers_db [None req-142db266-152b-4994-9a6c-06328cf84c6a f44eaaa4f5e841cdaeb95511f3e637ec bd25fb5e9bf041d3a891f472272f41cb - - default default] Successfully bumped revision number for resource a652ed2c-999b-42d7-a6e6-9ca35180bba8 (type: security_group_rules) to 0
2026-09-07 12:00:08.300 10 INFO neutron.db.ovn_revision_numbers_db [None req-142db266-152b-4994-9a6c-06328cf84c6a f44eaaa4f5e841cdaeb95511f3e637ec bd25fb5e9bf041d3a891f472272f41cb - - default default] Successfully bumped revision number for resource ca9b5cd6-a09f-45b2-ae5c-ca0135567bf5 (type: security_group_rules) to 0
2026-09-07 12:00:08.315 10 INFO neutron.db.ovn_revision_numbers_db [None req-142db266-152b-4994-9a6c-06328cf84c6a f44eaaa4f5e841cdaeb95511f3e637ec bd25fb5e9bf041d3a891f472272f41cb - - default default] Successfully bumped revision number for resource f644af2e-aa94-4660-8a5a-1c4844108d08 (type: security_group_rules) to 0
2026-09-07 12:00:08.341 10 INFO neutron.db.segments_db [None req-13c6e3ce-25c5-4b2c-95c8-fc99f828eb1f dbf9523f3bca487d9994caea40985859 11fbdae03f6c448e968e4d66dbf96d1f - - default default] Added segment 567ca9c3-9638-45f7-be15-7e79c01a9ce0 of type geneve for network a7886dd8-7ad9-4c7d-b66e-b5674d6923c1
2026-09-07 12:00:08.374 10 INFO neutron.db.segments_db [None req-142db266-152b-4994-9a6c-06328cf84c6a f44eaaa4f5e841cdaeb95511f3e637ec bd25fb5e9bf041d3a891f472272f41cb - - default default] Added segment e11c1e2b-e04c-4f57-9a71-bdfa9097605c of type geneve for network 5ca730bb-a0dc-4cc7-b210-adde0717f119
2026-09-07 12:00:08.410 9 INFO neutron.wsgi [None req-d7aae45a-288f-4f61-b1a8-328c97f3c96a dbe601ea0b744541a049152929dbb389 1c14d3d954b941949081ff73a42ce9a4 - - default default] 10.0.0.4 "DELETE /v2.0/ports/fffc277c-11d5-4222-a890-a75f368add09 HTTP/1.1" status: 204 len: 168 time: 0.3158774
2026-09-07 12:00:08.439 10 INFO neutron.pecan_wsgi.hooks.translation [None req-58f3c951-7fed-4a4f-99dd-a5dfca5b7fab dbe601ea0b744541a049152929dbb389 1c14d3d954b941949081ff73a42ce9a4 - - default default] GET failed (client error): The resource could not be found.
2026-09-07 12:00:08.440 10 INFO neutron.wsgi [None req-58f3c951-7fed-4a4f-99dd-a5dfca5b7fab dbe601ea0b744541a049152929dbb389 1c14d3d954b941949081ff73a42ce9a4 - - default default] 10.0.0.4 "GET /v2.0/ports/fffc277c-11d5-4222-a890-a75f368add09 HTTP/1.1" status: 404 len: 333 time: 0.0240314
2026-09-07 12:00:08.529 10 INFO neutron.db.ovn_revision_numbers_db [None req-13c6e3ce-25c5-4b2c-95c8-fc99f828eb1f dbf9523f3bca487d9994caea40985859 11fbdae03f6c448e968e4d66dbf96d1f - - default default] Successfully bumped revision number for resource a7886dd8-7ad9-4c7d-b66e-b5674d6923c1 (type: networks) to 1
2026-09-07 12:00:08.591 10 INFO neutron.db.ovn_revision_numbers_db [None req-142db266-152b-4994-9a6c-06328cf84c6a f44eaaa4f5e841cdaeb95511f3e637ec bd25fb5e9bf041d3a891f472272f41cb - - default default] Successfully bumped revision number for resource 5ca730bb-a0dc-4cc7-b210-adde0717f119 (type: networks) to 1
2026-09-07 12:00:08.630 9 INFO neutron.wsgi [None req-b13e18db-38f5-4ccc-8200-7bdc1631be48 dbe601ea0b744541a049152929dbb389 1c14d3d954b941949081ff73a42ce9a4 - - default default] 10.0.0.4 "DELETE /v2.0/subnets/35e268b6-888e-40b4-819a-74aabbf13396 HTTP/1.1" status: 204 len: 168 time: 0.1813078
2026-09-07 12:00:08.786 10 WARNING neutron.scheduler.dhcp_agent_scheduler [None req-13c6e3ce-25c5-4b2c-95c8-fc99f828eb1f dbf9523f3bca487d9994caea40985859 11fbdae03f6c448e968e4d66dbf96d1f - - default default] No more DHCP agents
2026-09-07 12:00:08.790 10 WARNING neutron.api.rpc.agentnotifiers.dhcp_rpc_agent_api [None req-13c6e3ce-25c5-4b2c-95c8-fc99f828eb1f dbf9523f3bca487d9994caea40985859 11fbdae03f6c448e968e4d66dbf96d1f - - default default] Unable to schedule network a7886dd8-7ad9-4c7d-b66e-b5674d6923c1: no agents available; will retry on subsequent port and subnet creation events.
2026-09-07 12:00:08.820 10 WARNING neutron.scheduler.dhcp_agent_scheduler [None req-142db266-152b-4994-9a6c-06328cf84c6a f44eaaa4f5e841cdaeb95511f3e637ec bd25fb5e9bf041d3a891f472272f41cb - - default default] No more DHCP agents
2026-09-07 12:00:08.828 10 WARNING neutron.api.rpc.agentnotifiers.dhcp_rpc_agent_api [None req-142db266-152b-4994-9a6c-06328cf84c6a f44eaaa4f5e841cdaeb95511f3e637ec bd25fb5e9bf041d3a891f472272f41cb - - default default] Unable to schedule network 5ca730bb-a0dc-4cc7-b210-adde0717f119: no agents available; will retry on subsequent port and subnet creation events.
2026-09-07 12:00:08.893 10 INFO neutron.db.ovn_revision_numbers_db [None req-13c6e3ce-25c5-4b2c-95c8-fc99f828eb1f dbf9523f3bca487d9994caea40985859 11fbdae03f6c448e968e4d66dbf96d1f - - default default] Successfully bumped revision number for resource fd2e3548-d053-4efe-98d6-7e69b49b451b (type: ports) to 1
2026-09-07 12:00:08.948 9 INFO neutron.services.segments.plugin [-] Segment a2914d99-7562-4b98-97a3-a61a8f8e518c resource provider aggregate not found
2026-09-07 12:00:08.952 10 INFO neutron.wsgi [None req-13c6e3ce-25c5-4b2c-95c8-fc99f828eb1f dbf9523f3bca487d9994caea40985859 11fbdae03f6c448e968e4d66dbf96d1f - - default default] 10.0.0.4 "POST /v2.0/networks HTTP/1.1" status: 201 len: 831 time: 1.1208653
2026-09-07 12:00:08.971 10 INFO neutron.db.ovn_revision_numbers_db [None req-142db266-152b-4994-9a6c-06328cf84c6a f44eaaa4f5e841cdaeb95511f3e637ec bd25fb5e9bf041d3a891f472272f41cb - - default default] Successfully bumped revision number for resource e473a98f-989d-4429-bede-009b8167e3ff (type: ports) to 1
2026-09-07 12:00:08.972 9 INFO neutron.services.segments.plugin [-] Segment a2914d99-7562-4b98-97a3-a61a8f8e518c resource provider aggregate not found
2026-09-07 12:00:08.988 9 INFO neutron.wsgi [-] 10.0.0.136 "GET / HTTP/1.1" status: 200 len: 247 time: 0.0021968
2026-09-07 12:00:08.992 9 INFO neutron.wsgi [-] 10.0.0.136 "GET / HTTP/1.1" status: 200 len: 247 time: 0.0025749
2026-09-07 12:00:08.995 9 INFO neutron.services.segments.plugin [-] Segment a2914d99-7562-4b98-97a3-a61a8f8e518c resource provider not found; error: Placement Client Error (4xx): {"errors": [{"status": 404, "title": "Not Found", "detail": "The resource could not be found.\n\n No resource provider with uuid a2914d99-7562-4b98-97a3-a61a8f8e518c found for delete ", "request_id": "req-896d0bcf-f573-4b14-9925-056c54b04c60"}]}
2026-09-07 12:00:08.996 9 INFO neutron.services.segments.plugin [-] Segment a2914d99-7562-4b98-97a3-a61a8f8e518c resource provider not found; error: Placement Client Error (4xx): {"errors": [{"status": 404, "title": "Not Found", "detail": "The resource could not be found.\n\n No resource provider with uuid a2914d99-7562-4b98-97a3-a61a8f8e518c found for delete ", "request_id": "req-d4951c22-5957-4d7e-80b5-606f1c1433b9"}]}
2026-09-07 12:00:09.000 10 INFO neutron.wsgi [None req-142db266-152b-4994-9a6c-06328cf84c6a f44eaaa4f5e841cdaeb95511f3e637ec bd25fb5e9bf041d3a891f472272f41cb - - default default] 10.0.0.4 "POST /v2.0/networks HTTP/1.1" status: 201 len: 832 time: 1.1707647
2026-09-07 12:00:09.029 9 INFO neutron.wsgi [None req-da61b277-224c-4398-b86a-a8a7118fb195 dbe601ea0b744541a049152929dbb389 1c14d3d954b941949081ff73a42ce9a4 - - default default] 10.0.0.4 "DELETE /v2.0/networks/410568d2-c2ce-4978-8d96-977658a1d76e HTTP/1.1" status: 204 len: 168 time: 0.3933654
2026-09-07 12:00:09.070 10 INFO neutron.db.segments_db [None req-f349f700-0683-4331-9cf0-c9a34a39d67d dbf9523f3bca487d9994caea40985859 11fbdae03f6c448e968e4d66dbf96d1f - - default default] Added segment d12960e1-26e4-482f-bb6a-ec2616936431 of type geneve for network 9762cf35-c26a-4373-90ca-f7b829fa5abf
2026-09-07 12:00:09.238 9 WARNING neutron.scheduler.dhcp_agent_scheduler [None req-07b44949-2d49-4dbd-b610-3e54446caa0d dbe601ea0b744541a049152929dbb389 1c14d3d954b941949081ff73a42ce9a4 - - default default] No more DHCP agents
2026-09-07 12:00:09.240 9 WARNING neutron.api.rpc.agentnotifiers.dhcp_rpc_agent_api [None req-07b44949-2d49-4dbd-b610-3e54446caa0d dbe601ea0b744541a049152929dbb389 1c14d3d954b941949081ff73a42ce9a4 - - default default] Unable to schedule network 04892e3d-87fa-44b2-9524-98952a5dcca9: no agents available; will retry on subsequent port and subnet creation events.
2026-09-07 12:00:09.324 9 INFO neutron.db.ovn_revision_numbers_db [None req-07b44949-2d49-4dbd-b610-3e54446caa0d dbe601ea0b744541a049152929dbb389 1c14d3d954b941949081ff73a42ce9a4 - - default default] Successfully bumped revision number for resource 9ae74e2c-3125-486b-8295-9c4db7b99d5c (type: ports) to 1
2026-09-07 12:00:09.347 9 INFO neutron.wsgi [None req-07b44949-2d49-4dbd-b610-3e54446caa0d dbe601ea0b744541a049152929dbb389 1c14d3d954b941949081ff73a42ce9a4 - - default default] 10.0.0.4 "POST /v2.0/ports HTTP/1.1" status: 201 len: 974 time: 0.3093770 /var/lib/openstack/lib/python3.10/site-packages/pycadf/identifier.py:71: UserWarning: Invalid uuid: neutron. To ensure interoperability, identifiers should be a valid uuid. warnings.warn(('Invalid uuid: %s. To ensure interoperability, '
2026-09-07 12:00:09.465 10 INFO neutron.db.ovn_revision_numbers_db [None req-f349f700-0683-4331-9cf0-c9a34a39d67d dbf9523f3bca487d9994caea40985859 11fbdae03f6c448e968e4d66dbf96d1f - - default default] Successfully bumped revision number for resource 9762cf35-c26a-4373-90ca-f7b829fa5abf (type: networks) to 1
2026-09-07 12:00:09.557 9 INFO neutron.plugins.ml2.drivers.ovn.mech_driver.mech_driver [None req-bee1148f-0aab-47b4-b6da-bb3a311d9ca2 - - - - - -] OVN reports status down for port: 9ae74e2c-3125-486b-8295-9c4db7b99d5c
2026-09-07 12:00:09.594 9 INFO neutron.db.ovn_revision_numbers_db [None req-8140f1ee-b55c-4579-85c4-4e152f5c7758 dbe601ea0b744541a049152929dbb389 1c14d3d954b941949081ff73a42ce9a4 - - default default] Successfully bumped revision number for resource 9ae74e2c-3125-486b-8295-9c4db7b99d5c (type: ports) to 2
2026-09-07 12:00:09.615 9 INFO neutron.wsgi [None req-8140f1ee-b55c-4579-85c4-4e152f5c7758 dbe601ea0b744541a049152929dbb389 1c14d3d954b941949081ff73a42ce9a4 - - default default] 10.0.0.4 "PUT /v2.0/ports/9ae74e2c-3125-486b-8295-9c4db7b99d5c HTTP/1.1" status: 200 len: 946 time: 0.2609289 /var/lib/openstack/lib/python3.10/site-packages/pycadf/identifier.py:71: UserWarning: Invalid uuid: neutron. To ensure interoperability, identifiers should be a valid uuid. warnings.warn(('Invalid uuid: %s. To ensure interoperability, '
2026-09-07 12:00:09.648 10 WARNING neutron.scheduler.dhcp_agent_scheduler [None req-f349f700-0683-4331-9cf0-c9a34a39d67d dbf9523f3bca487d9994caea40985859 11fbdae03f6c448e968e4d66dbf96d1f - - default default] No more DHCP agents
2026-09-07 12:00:09.652 10 WARNING neutron.api.rpc.agentnotifiers.dhcp_rpc_agent_api [None req-f349f700-0683-4331-9cf0-c9a34a39d67d dbf9523f3bca487d9994caea40985859 11fbdae03f6c448e968e4d66dbf96d1f - - default default] Unable to schedule network 9762cf35-c26a-4373-90ca-f7b829fa5abf: no agents available; will retry on subsequent port and subnet creation events.
2026-09-07 12:00:09.723 10 WARNING neutron.scheduler.dhcp_agent_scheduler [None req-967e3468-c0b0-4687-86ac-7239ee39342a f44eaaa4f5e841cdaeb95511f3e637ec bd25fb5e9bf041d3a891f472272f41cb - - default default] No more DHCP agents
2026-09-07 12:00:09.726 10 WARNING neutron.api.rpc.agentnotifiers.dhcp_rpc_agent_api [None req-967e3468-c0b0-4687-86ac-7239ee39342a f44eaaa4f5e841cdaeb95511f3e637ec bd25fb5e9bf041d3a891f472272f41cb - - default default] Unable to schedule network 68a220ec-f1dd-40d1-a667-d525a0334a14: no agents available; will retry on subsequent port and subnet creation events.[00m
2026-09-07 12:00:09.748 10 INFO neutron.db.ovn_revision_numbers_db [None req-f349f700-0683-4331-9cf0-c9a34a39d67d dbf9523f3bca487d9994caea40985859 11fbdae03f6c448e968e4d66dbf96d1f - - default default] Successfully bumped revision number for resource 3dd6ca54-d038-46ad-a229-27772b5281c1 (type: ports) to 1
2026-09-07 12:00:09.771 10 INFO neutron.wsgi [None req-f349f700-0683-4331-9cf0-c9a34a39d67d dbf9523f3bca487d9994caea40985859 11fbdae03f6c448e968e4d66dbf96d1f - - default default] 10.0.0.4 "POST /v2.0/networks HTTP/1.1" status: 201 len: 831 time: 0.8121886
2026-09-07 12:00:09.826 9 INFO neutron.wsgi [None req-4afd011c-1ecd-4e45-9b31-be07768a1489 dbe601ea0b744541a049152929dbb389 1c14d3d954b941949081ff73a42ce9a4 - - default default] 10.0.0.4 "DELETE /v2.0/ports/9ae74e2c-3125-486b-8295-9c4db7b99d5c HTTP/1.1" status: 204 len: 168 time: 0.2035205
2026-09-07 12:00:09.857 10 INFO neutron.db.ovn_revision_numbers_db [None req-967e3468-c0b0-4687-86ac-7239ee39342a f44eaaa4f5e841cdaeb95511f3e637ec bd25fb5e9bf041d3a891f472272f41cb - - default default] Successfully bumped revision number for resource 9a2b2210-64a8-4ae7-80a7-839859f0939c (type: ports) to 1
2026-09-07 12:00:09.880 9 INFO neutron.db.segments_db [None req-24887cb1-a0fa-47ee-9b83-d718e22e814d dbf9523f3bca487d9994caea40985859 11fbdae03f6c448e968e4d66dbf96d1f - - default default] Added segment 59342f26-a76e-4530-a6e3-8338f6450811 of type geneve for network 95d5ee4a-9384-4620-acce-329cf6c13115
2026-09-07 12:00:09.921 9 INFO neutron.wsgi [None req-49372da8-4bf6-4780-8664-d522e03ac658 dbe601ea0b744541a049152929dbb389 1c14d3d954b941949081ff73a42ce9a4 - - default default] 10.0.0.4 "GET /v2.0/ports HTTP/1.1" status: 200 len: 1729 time: 0.0792797
2026-09-07 12:00:09.943 9 INFO neutron.pecan_wsgi.hooks.translation [None req-84dc1539-d92d-45d5-b493-6b7766e2d718 dbe601ea0b744541a049152929dbb389 1c14d3d954b941949081ff73a42ce9a4 - - default default] GET failed (client error): The resource could not be found.
2026-09-07 12:00:09.944 9 INFO neutron.wsgi [None req-84dc1539-d92d-45d5-b493-6b7766e2d718 dbe601ea0b744541a049152929dbb389 1c14d3d954b941949081ff73a42ce9a4 - - default default] 10.0.0.4 "GET /v2.0/ports/9ae74e2c-3125-486b-8295-9c4db7b99d5c HTTP/1.1" status: 404 len: 333 time: 0.0170293
2026-09-07 12:00:10.020 9 INFO neutron.db.ovn_revision_numbers_db [None req-24887cb1-a0fa-47ee-9b83-d718e22e814d dbf9523f3bca487d9994caea40985859 11fbdae03f6c448e968e4d66dbf96d1f - - default default] Successfully bumped revision number for resource 95d5ee4a-9384-4620-acce-329cf6c13115 (type: networks) to 1
2026-09-07 12:00:10.044 10 INFO neutron.wsgi [None req-19678ecf-c9a2-4a1c-8eb0-8cfd122cc34b dbe601ea0b744541a049152929dbb389 1c14d3d954b941949081ff73a42ce9a4 - - default default] 10.0.0.4 "GET /v2.0/ports HTTP/1.1" status: 200 len: 1729 time: 0.0901804
2026-09-07 12:00:10.087 9 INFO neutron.wsgi [None req-d70bb662-21bc-47f5-b2e2-f5769617108a dbe601ea0b744541a049152929dbb389 1c14d3d954b941949081ff73a42ce9a4 - - default default] 10.0.0.4 "GET /v2.0/ports/4cee2543-f837-4d92-8e4b-46e5f3dd2d13 HTTP/1.1" status: 200 len: 969 time: 0.0329299
2026-09-07 12:00:10.111 9 INFO neutron.pecan_wsgi.hooks.translation [None req-ef54984e-7c46-4406-9cd9-4f1ae47d7fc7 dbe601ea0b744541a049152929dbb389 1c14d3d954b941949081ff73a42ce9a4 - - default default] DELETE failed (client error): The resource could not be found.
2026-09-07 12:00:10.113 9 INFO neutron.wsgi [None req-ef54984e-7c46-4406-9cd9-4f1ae47d7fc7 dbe601ea0b744541a049152929dbb389 1c14d3d954b941949081ff73a42ce9a4 - - default default] 10.0.0.4 "DELETE /v2.0/ports/fffc277c-11d5-4222-a890-a75f368add09 HTTP/1.1" status: 404 len: 333 time: 0.0196605
2026-09-07 12:00:10.145 10 INFO neutron.pecan_wsgi.hooks.translation [None req-3506455a-3763-4069-b892-104d0e6030e7 dbe601ea0b744541a049152929dbb389 1c14d3d954b941949081ff73a42ce9a4 - - default default] DELETE failed (client error): The resource could not be found.
2026-09-07 12:00:10.148 10 INFO neutron.wsgi [None req-3506455a-3763-4069-b892-104d0e6030e7 dbe601ea0b744541a049152929dbb389 1c14d3d954b941949081ff73a42ce9a4 - - default default] 10.0.0.4 "DELETE /v2.0/subnets/35e268b6-888e-40b4-819a-74aabbf13396 HTTP/1.1" status: 404 len: 337 time: 0.0285916
2026-09-07 12:00:10.175 10 INFO neutron.pecan_wsgi.hooks.translation [None req-15bed29e-a5ee-4f76-abab-94cd22bc1f1c dbe601ea0b744541a049152929dbb389 1c14d3d954b941949081ff73a42ce9a4 - - default default] DELETE failed (client error): The resource could not be found.
2026-09-07 12:00:10.177 10 INFO neutron.wsgi [None req-15bed29e-a5ee-4f76-abab-94cd22bc1f1c dbe601ea0b744541a049152929dbb389 1c14d3d954b941949081ff73a42ce9a4 - - default default] 10.0.0.4 "DELETE /v2.0/subnets/f4d803c6-7adc-447f-8dcb-aeb6e2a38b94 HTTP/1.1" status: 404 len: 337 time: 0.0202322
2026-09-07 12:00:10.436 9 WARNING neutron.scheduler.dhcp_agent_scheduler [None req-24887cb1-a0fa-47ee-9b83-d718e22e814d dbf9523f3bca487d9994caea40985859 11fbdae03f6c448e968e4d66dbf96d1f - - default default] No more DHCP agents
2026-09-07 12:00:10.439 9 WARNING neutron.api.rpc.agentnotifiers.dhcp_rpc_agent_api [None req-24887cb1-a0fa-47ee-9b83-d718e22e814d dbf9523f3bca487d9994caea40985859 11fbdae03f6c448e968e4d66dbf96d1f - - default default] Unable to schedule network 95d5ee4a-9384-4620-acce-329cf6c13115: no agents available; will retry on subsequent port and subnet creation events.
2026-09-07 12:00:10.473 10 INFO neutron.wsgi [None req-8c1562ac-3c2f-4bd0-85df-56ca1b0d23e5 dbe601ea0b744541a049152929dbb389 1c14d3d954b941949081ff73a42ce9a4 - - default default] 10.0.0.4 "DELETE /v2.0/ports/4cee2543-f837-4d92-8e4b-46e5f3dd2d13 HTTP/1.1" status: 204 len: 168 time: 0.2914774
2026-09-07 12:00:10.514 9 INFO neutron.db.ovn_revision_numbers_db [None req-24887cb1-a0fa-47ee-9b83-d718e22e814d dbf9523f3bca487d9994caea40985859 11fbdae03f6c448e968e4d66dbf96d1f - - default default] Successfully bumped revision number for resource 1cd515a8-27bd-4283-87c9-6dbaf6ed2cc8 (type: ports) to 1
2026-09-07 12:00:10.533 9 INFO neutron.wsgi [None req-24887cb1-a0fa-47ee-9b83-d718e22e814d dbf9523f3bca487d9994caea40985859 11fbdae03f6c448e968e4d66dbf96d1f - - default default] 10.0.0.4 "POST /v2.0/networks HTTP/1.1" status: 201 len: 831 time: 0.7561014
2026-09-07 12:00:10.567 10 INFO neutron.plugins.ml2.drivers.ovn.mech_driver.mech_driver [None req-4fbe34ef-2715-4231-9375-54f66b6e7902 - - - - - -] OVN reports status up for port: 9a2b2210-64a8-4ae7-80a7-839859f0939c
2026-09-07 12:00:10.585 9 INFO neutron.plugins.ml2.drivers.ovn.mech_driver.ovsdb.ovsdb_monitor [None req-d0779deb-4ae6-4d28-a291-643e2b8cc76f - - - - - -] Router c4007b0a-3961-4478-bd85-fad07d8a4b2d is bound to host instance
2026-09-07 12:00:10.587 10 INFO neutron.plugins.ml2.plugin [None req-4fbe34ef-2715-4231-9375-54f66b6e7902 - - - - - -] Attempt 1 to provision port 9a2b2210-64a8-4ae7-80a7-839859f0939c
2026-09-07 12:00:10.616 10 INFO neutron.db.ovn_revision_numbers_db [None req-967e3468-c0b0-4687-86ac-7239ee39342a f44eaaa4f5e841cdaeb95511f3e637ec bd25fb5e9bf041d3a891f472272f41cb - - default default] Successfully bumped revision number for resource 9a2b2210-64a8-4ae7-80a7-839859f0939c (type: router_ports) to 1
2026-09-07 12:00:10.682 9 INFO neutron.db.segments_db [None req-517d10a8-46e9-4f61-9af0-61566194ec64 dbf9523f3bca487d9994caea40985859 11fbdae03f6c448e968e4d66dbf96d1f - - default default] Added segment e96fa05e-6c96-4097-ba7e-24efd00d04ec of type geneve for network 78e9e8d9-ce75-4bca-b926-3d7f02173d09
2026-09-07 12:00:10.732 10 INFO neutron.db.ovn_revision_numbers_db [None req-967e3468-c0b0-4687-86ac-7239ee39342a f44eaaa4f5e841cdaeb95511f3e637ec bd25fb5e9bf041d3a891f472272f41cb - - default default] Successfully bumped revision number for resource c4007b0a-3961-4478-bd85-fad07d8a4b2d (type: routers) to 2
2026-09-07 12:00:10.745 10 INFO neutron.wsgi [None req-967e3468-c0b0-4687-86ac-7239ee39342a f44eaaa4f5e841cdaeb95511f3e637ec bd25fb5e9bf041d3a891f472272f41cb - - default default] 10.0.0.4 "POST /v2.0/routers HTTP/1.1" status: 201 len: 875 time: 1.7402625
2026-09-07 12:00:10.862 9 INFO neutron.wsgi [None req-55154551-cc15-4f90-8647-90bd43282b2b 00b490bc589345fb8f7503269cba58ec c3ca0f64a48b40be8f6f0cccf0452bed - - default default] 10.0.0.4 "GET /v2.0/subnets?project_id=bd25fb5e9bf041d3a891f472272f41cb&cidr=10.100.0.0%2F28 HTTP/1.1" status: 200 len: 207 time: 0.1094184
2026-09-07 12:00:10.899 10 INFO neutron.services.segments.plugin [-] Segment 14a774c6-808a-415b-b213-5fafa28a1966 resource provider aggregate not found
2026-09-07 12:00:10.904 10 INFO neutron.services.segments.plugin [-] Segment 14a774c6-808a-415b-b213-5fafa28a1966 resource provider aggregate not found
2026-09-07 12:00:10.926 9 INFO neutron.db.ovn_revision_numbers_db [None req-517d10a8-46e9-4f61-9af0-61566194ec64 dbf9523f3bca487d9994caea40985859 11fbdae03f6c448e968e4d66dbf96d1f - - default default] Successfully bumped revision number for resource 78e9e8d9-ce75-4bca-b926-3d7f02173d09 (type: networks) to 1
2026-09-07 12:00:10.927 10 INFO neutron.wsgi [None req-bb07ef5f-3302-4e49-9082-388ae1db8d5b dbe601ea0b744541a049152929dbb389 1c14d3d954b941949081ff73a42ce9a4 - - default default] 10.0.0.4 "DELETE /v2.0/networks/04892e3d-87fa-44b2-9524-98952a5dcca9 HTTP/1.1" status: 204 len: 168 time: 0.4477293
2026-09-07 12:00:10.929 10 INFO neutron.services.segments.plugin [-] Segment 14a774c6-808a-415b-b213-5fafa28a1966 resource provider not found; error: Placement Client Error (4xx): {"errors": [{"status": 404, "title": "Not Found", "detail": "The resource could not be found.\n\n No resource provider with uuid 14a774c6-808a-415b-b213-5fafa28a1966 found for delete ", "request_id": "req-fa033e49-c0ae-4faf-a522-30cefce9cbbe"}]}
2026-09-07 12:00:10.932 10 INFO neutron.services.segments.plugin [-] Segment 14a774c6-808a-415b-b213-5fafa28a1966 resource provider not found; error: Placement Client Error (4xx): {"errors": [{"status": 404, "title": "Not Found", "detail": "The resource could not be found.\n\n No resource provider with uuid 14a774c6-808a-415b-b213-5fafa28a1966 found for delete ", "request_id": "req-7f34b577-983b-4d0f-8468-bc65d76db9c3"}]}
2026-09-07 12:00:11.002 9 INFO neutron.wsgi [None req-5351254c-8495-4241-8a41-9423728f46c5 00b490bc589345fb8f7503269cba58ec c3ca0f64a48b40be8f6f0cccf0452bed - - default default] 10.0.0.4 "GET /v2.0/networks?router%3Aexternal=True HTTP/1.1" status: 200 len: 947 time: 0.1305156
2026-09-07 12:00:11.039 10 INFO neutron.wsgi [None req-b3c80814-fd0f-4eac-ac22-2fb77f3631b3 00b490bc589345fb8f7503269cba58ec c3ca0f64a48b40be8f6f0cccf0452bed - - default default] 10.0.0.4 "GET /v2.0/subnets?network_id=68a220ec-f1dd-40d1-a667-d525a0334a14&cidr=10.100.0.0%2F28 HTTP/1.1" status: 200 len: 207 time: 0.0305855
2026-09-07 12:00:11.187 9 WARNING neutron.scheduler.dhcp_agent_scheduler [None req-517d10a8-46e9-4f61-9af0-61566194ec64 dbf9523f3bca487d9994caea40985859 11fbdae03f6c448e968e4d66dbf96d1f - - default default] No more DHCP agents
2026-09-07 12:00:11.194 9 WARNING neutron.api.rpc.agentnotifiers.dhcp_rpc_agent_api [None req-517d10a8-46e9-4f61-9af0-61566194ec64 dbf9523f3bca487d9994caea40985859 11fbdae03f6c448e968e4d66dbf96d1f - - default default] Unable to schedule network 78e9e8d9-ce75-4bca-b926-3d7f02173d09: no agents available; will retry on subsequent port and subnet creation events.
2026-09-07 12:00:11.294 9 INFO neutron.db.ovn_revision_numbers_db [None req-517d10a8-46e9-4f61-9af0-61566194ec64 dbf9523f3bca487d9994caea40985859 11fbdae03f6c448e968e4d66dbf96d1f - - default default] Successfully bumped revision number for resource a5b433db-74bd-4e6d-8aa0-54f6b9d78388 (type: ports) to 1
2026-09-07 12:00:11.311 10 WARNING neutron.scheduler.dhcp_agent_scheduler [None req-5b04ad68-0927-40ce-b68d-1424290fb629 f44eaaa4f5e841cdaeb95511f3e637ec bd25fb5e9bf041d3a891f472272f41cb - - default default] No more DHCP agents
2026-09-07 12:00:11.313 10 WARNING neutron.api.rpc.agentnotifiers.dhcp_rpc_agent_api [None req-5b04ad68-0927-40ce-b68d-1424290fb629 f44eaaa4f5e841cdaeb95511f3e637ec bd25fb5e9bf041d3a891f472272f41cb - - default default] Unable to schedule network 5ca730bb-a0dc-4cc7-b210-adde0717f119: no agents available; will retry on subsequent port and subnet creation events.
2026-09-07 12:00:11.326 9 INFO neutron.wsgi [None req-517d10a8-46e9-4f61-9af0-61566194ec64 dbf9523f3bca487d9994caea40985859 11fbdae03f6c448e968e4d66dbf96d1f - - default default] 10.0.0.4 "POST /v2.0/networks HTTP/1.1" status: 201 len: 831 time: 0.7884657
2026-09-07 12:00:11.337 9 INFO neutron.db.ovn_revision_numbers_db [None req-d0779deb-4ae6-4d28-a291-643e2b8cc76f - - - - - -] Successfully bumped revision number for resource 9a2b2210-64a8-4ae7-80a7-839859f0939c (type: ports) to 1
2026-09-07 12:00:11.437 9 INFO neutron.db.segments_db [None req-355793ea-c924-44e9-becb-76a65945f560 dbf9523f3bca487d9994caea40985859 11fbdae03f6c448e968e4d66dbf96d1f - - default default] Added segment 63c344fc-55e4-49d6-9019-ff4bfa60309e of type geneve for network 5d9148ad-b0d0-4aac-b70f-ba5a29d21912
2026-09-07 12:00:11.683 9 INFO neutron.db.ovn_revision_numbers_db [None req-355793ea-c924-44e9-becb-76a65945f560 dbf9523f3bca487d9994caea40985859 11fbdae03f6c448e968e4d66dbf96d1f - - default default] Successfully bumped revision number for resource 5d9148ad-b0d0-4aac-b70f-ba5a29d21912 (type: networks) to 1
2026-09-07 12:00:11.731 9 INFO neutron.db.ovn_revision_numbers_db [None req-d0779deb-4ae6-4d28-a291-643e2b8cc76f - - - - - -] Successfully bumped revision number for resource 9a2b2210-64a8-4ae7-80a7-839859f0939c (type: router_ports) to 3
2026-09-07 12:00:11.781 10 INFO neutron.db.ovn_revision_numbers_db [None req-5b04ad68-0927-40ce-b68d-1424290fb629 f44eaaa4f5e841cdaeb95511f3e637ec bd25fb5e9bf041d3a891f472272f41cb - - default default] Successfully bumped revision number for resource e473a98f-989d-4429-bede-009b8167e3ff (type: ports) to 2
2026-09-07 12:00:11.820 10 INFO neutron.wsgi [None req-75d94da2-9f28-4cea-9fbe-91acf426d539 f54613d1eed143c784d352c380522db8 b671864245484ba58c69668388478e4b - - default default] 10.0.0.4 "GET /v2.0/security-groups?tenant_id=1c14d3d954b941949081ff73a42ce9a4&name=default HTTP/1.1" status: 200 len: 2996 time: 0.1682065
2026-09-07 12:00:11.825 10 INFO neutron.db.ovn_revision_numbers_db [None req-5b04ad68-0927-40ce-b68d-1424290fb629 f44eaaa4f5e841cdaeb95511f3e637ec bd25fb5e9bf041d3a891f472272f41cb - - default default] Successfully bumped revision number for resource 52599004-f54d-490b-ad99-17b58886c571 (type: subnets) to 0
2026-09-07 12:00:11.840 10 INFO neutron.wsgi [None req-5b04ad68-0927-40ce-b68d-1424290fb629 f44eaaa4f5e841cdaeb95511f3e637ec bd25fb5e9bf041d3a891f472272f41cb - - default default] 10.0.0.4 "POST /v2.0/subnets HTTP/1.1" status: 201 len: 831 time: 0.7938251
2026-09-07 12:00:11.910 9 WARNING neutron.scheduler.dhcp_agent_scheduler [None req-355793ea-c924-44e9-becb-76a65945f560 dbf9523f3bca487d9994caea40985859 11fbdae03f6c448e968e4d66dbf96d1f - - default default] No more DHCP agents
2026-09-07 12:00:11.914 9 WARNING neutron.api.rpc.agentnotifiers.dhcp_rpc_agent_api [None req-355793ea-c924-44e9-becb-76a65945f560 dbf9523f3bca487d9994caea40985859 11fbdae03f6c448e968e4d66dbf96d1f - - default default] Unable to schedule network 5d9148ad-b0d0-4aac-b70f-ba5a29d21912: no agents available; will retry on subsequent port and subnet creation events.
2026-09-07 12:00:11.981 9 INFO neutron.db.ovn_revision_numbers_db [None req-d0779deb-4ae6-4d28-a291-643e2b8cc76f - - - - - -] Successfully bumped revision number for resource 9a2b2210-64a8-4ae7-80a7-839859f0939c (type: ports) to 2
