2026-09-07 11:59:26.097 9 INFO neutron.wsgi [None req-5ce81df8-00ce-49fd-9def-fdc90510df46 2e549d16093a4b49b07d7dfadce7d6cb 919a710a678a47bba385ffb1264bfeef - - default default] 10.0.0.4 "DELETE /v2.0/subnets/3464dfc2-cbd2-4e6d-ae26-66be7cca00a4 HTTP/1.1" status: 404 len: 337 time: 0.0250189
2026-09-07 11:59:26.154 9 INFO neutron.db.l3_db [req-32ed4d8f-eb94-4519-86c6-bffd4ca39e26 req-81637f09-3f30-40c5-8181-e8ed2a60c3cc 18081388280b4d24b633d43d0bd54c03 d5bdb79f697a4517873fc89f1a2d0fac - - default default] Floating IP 181e253f-50ba-4604-a1f6-ba524eaa5196 disassociated. External IP: 10.96.250.214, port: 692dacb6-27ca-4462-abe9-b2992a0a430e.
2026-09-07 11:59:26.406 9 INFO neutron.wsgi [req-32ed4d8f-eb94-4519-86c6-bffd4ca39e26 req-81637f09-3f30-40c5-8181-e8ed2a60c3cc 18081388280b4d24b633d43d0bd54c03 d5bdb79f697a4517873fc89f1a2d0fac - - default default] 162.253.55.243 "DELETE /v2.0/ports/692dacb6-27ca-4462-abe9-b2992a0a430e HTTP/1.1" status: 204 len: 173 time: 0.6021016
2026-09-07 11:59:26.462 9 INFO neutron.notifiers.nova [-] Nova event matching ['req-2e2ade60-1bdf-4e25-841a-892d21c34cf4'] response: {'server_uuid': '03b6fb3d-8538-42d3-9414-21f60c6d97b5', 'name': 'network-vif-deleted', 'tag': '692dacb6-27ca-4462-abe9-b2992a0a430e', 'status': 'completed', 'code': 200}
2026-09-07 11:59:26.630 10 INFO neutron.wsgi [req-cc5e830b-d7c8-4daa-b0c7-6b66656d7a5f req-cfe89599-8a3a-49b0-a8d8-6087c96ee841 18081388280b4d24b633d43d0bd54c03 d5bdb79f697a4517873fc89f1a2d0fac - - default default] 10.0.0.3 "GET /v2.0/ports?device_id=03b6fb3d-8538-42d3-9414-21f60c6d97b5 HTTP/1.1" status: 200 len: 210 time: 0.0351467
2026-09-07 11:59:26.788 10 INFO neutron.db.ovn_revision_numbers_db [None req-a81bed13-b1f0-4ce5-958d-4eba98aad945 70e5106bf1354599b8ab05d8ce217630 03f7008524694bbdbc0776d8d2e9a582 - - default default] Successfully bumped revision number for resource 9619ed8b-b18a-47e5-a626-789a77d61c01 (type: router_ports) to 1
2026-09-07 11:59:26.859 10 INFO neutron.db.ovn_revision_numbers_db [None req-a81bed13-b1f0-4ce5-958d-4eba98aad945 70e5106bf1354599b8ab05d8ce217630 03f7008524694bbdbc0776d8d2e9a582 - - default default] Successfully bumped revision number for resource 209cdfe6-d0a4-43bd-a521-94d9a4fecf82 (type: routers) to 2
2026-09-07 11:59:26.875 10 INFO neutron.wsgi [None req-a81bed13-b1f0-4ce5-958d-4eba98aad945 70e5106bf1354599b8ab05d8ce217630 03f7008524694bbdbc0776d8d2e9a582 - - default default] 10.0.0.4 "POST /v2.0/routers HTTP/1.1" status: 201 len: 875 time: 1.7563474
2026-09-07 11:59:27.172 9 INFO neutron.wsgi [None req-f8fefa09-c408-4b90-8ce4-f65f59f01dcc f54613d1eed143c784d352c380522db8 b671864245484ba58c69668388478e4b - - default default] 10.0.0.4 "GET /v2.0/security-groups?tenant_id=919a710a678a47bba385ffb1264bfeef&name=default HTTP/1.1" status: 200 len: 2996 time: 0.3822415
2026-09-07 11:59:27.494 10 INFO neutron.wsgi [None req-6b8928b4-7862-4104-a4b3-77356e97fa35 f54613d1eed143c784d352c380522db8 b671864245484ba58c69668388478e4b - - default default] 10.0.0.4 "DELETE /v2.0/security-groups/97ebaa28-b32c-4ff7-ae71-cd82f1673cfd HTTP/1.1" status: 204 len: 168 time: 0.3131406
2026-09-07 11:59:27.499 10 WARNING neutron.scheduler.dhcp_agent_scheduler [None req-a6038dd3-b060-4de5-990c-1e63f6710b46 70e5106bf1354599b8ab05d8ce217630 03f7008524694bbdbc0776d8d2e9a582 - - default default] No more DHCP agents
2026-09-07 11:59:27.501 10 WARNING neutron.api.rpc.agentnotifiers.dhcp_rpc_agent_api [None req-a6038dd3-b060-4de5-990c-1e63f6710b46 70e5106bf1354599b8ab05d8ce217630 03f7008524694bbdbc0776d8d2e9a582 - - default default] Unable to schedule network c918db08-cf9d-41da-823a-211e68192b49: no agents available; will retry on subsequent port and subnet creation events.
2026-09-07 11:59:27.646 10 INFO neutron.db.ovn_revision_numbers_db [None req-a6038dd3-b060-4de5-990c-1e63f6710b46 70e5106bf1354599b8ab05d8ce217630 03f7008524694bbdbc0776d8d2e9a582 - - default default] Successfully bumped revision number for resource f8c8d8b5-0ded-4c32-80aa-976fe6633d5e (type: ports) to 1
2026-09-07 11:59:27.894 10 INFO neutron.wsgi [None req-fea899df-97b6-416a-8851-c5f019828209 18081388280b4d24b633d43d0bd54c03 d5bdb79f697a4517873fc89f1a2d0fac - - default default] 10.0.0.4 "DELETE /v2.0/security-groups/01ad2d2c-fedb-44a9-8f61-db35d5e240d9 HTTP/1.1" status: 204 len: 168 time: 0.1336777
2026-09-07 11:59:27.920 9 INFO neutron.api.v2.resource [None req-b4499f76-cc70-490b-97d4-be438f351608 18081388280b4d24b633d43d0bd54c03 d5bdb79f697a4517873fc89f1a2d0fac - - default default] show failed (client error): The resource could not be found.
2026-09-07 11:59:27.923 9 INFO neutron.wsgi [None req-b4499f76-cc70-490b-97d4-be438f351608 18081388280b4d24b633d43d0bd54c03 d5bdb79f697a4517873fc89f1a2d0fac - - default default] 10.0.0.4 "GET /v2.0/security-groups/01ad2d2c-fedb-44a9-8f61-db35d5e240d9 HTTP/1.1" status: 404 len: 347 time: 0.0216532
2026-09-07 11:59:28.181 10 INFO neutron.db.ovn_revision_numbers_db [None req-f6eb4950-cf5a-446b-808a-571148433916 f54613d1eed143c784d352c380522db8 b671864245484ba58c69668388478e4b - - default default] Successfully bumped revision number for resource c8bfd2c1-878d-47ba-a163-07bae482dbce (type: security_groups) to 1
2026-09-07 11:59:28.212 10 INFO neutron.db.ovn_revision_numbers_db [None req-a6038dd3-b060-4de5-990c-1e63f6710b46 70e5106bf1354599b8ab05d8ce217630 03f7008524694bbdbc0776d8d2e9a582 - - default default] Successfully bumped revision number for resource f8c8d8b5-0ded-4c32-80aa-976fe6633d5e (type: router_ports) to 1
2026-09-07 11:59:28.239 10 INFO neutron.db.ovn_revision_numbers_db [None req-f6eb4950-cf5a-446b-808a-571148433916 f54613d1eed143c784d352c380522db8 b671864245484ba58c69668388478e4b - - default default] Successfully bumped revision number for resource 3e081602-bae8-4665-bbb3-2a3d3a5cb6dc (type: security_group_rules) to 0
2026-09-07 11:59:28.289 10 INFO neutron.db.ovn_revision_numbers_db [None req-f6eb4950-cf5a-446b-808a-571148433916 f54613d1eed143c784d352c380522db8 b671864245484ba58c69668388478e4b - - default default] Successfully bumped revision number for resource 812a6146-93a2-42f6-8667-586f8db63c6c (type: security_group_rules) to 0
2026-09-07 11:59:28.311 10 INFO neutron.db.ovn_revision_numbers_db [None req-f6eb4950-cf5a-446b-808a-571148433916 f54613d1eed143c784d352c380522db8 b671864245484ba58c69668388478e4b - - default default] Successfully bumped revision number for resource c574bf8d-ab08-4045-9070-aada4c2e53a4 (type: security_group_rules) to 0
2026-09-07 11:59:28.331 10 INFO neutron.db.ovn_revision_numbers_db [None req-f6eb4950-cf5a-446b-808a-571148433916 f54613d1eed143c784d352c380522db8 b671864245484ba58c69668388478e4b - - default default] Successfully bumped revision number for resource f6b9787c-c589-4c47-a42f-85cb074b00fe (type: security_group_rules) to 0
2026-09-07 11:59:28.399 10 INFO neutron.db.segments_db [None req-f6eb4950-cf5a-446b-808a-571148433916 f54613d1eed143c784d352c380522db8 b671864245484ba58c69668388478e4b - - default default] Added segment 863c457b-57df-4647-a521-958fbb0dac99 of type geneve for network 07849943-69a7-4e82-9309-d9915dc4e536
2026-09-07 11:59:28.405 9 INFO neutron.wsgi [None req-84ec0833-d78b-4f30-a5f6-daf716ad376d 18081388280b4d24b633d43d0bd54c03 d5bdb79f697a4517873fc89f1a2d0fac - - default default] 10.0.0.4 "DELETE /v2.0/floatingips/181e253f-50ba-4604-a1f6-ba524eaa5196 HTTP/1.1" status: 204 len: 168 time: 0.4760470
2026-09-07 11:59:28.409 10 INFO neutron.db.ovn_revision_numbers_db [None req-a6038dd3-b060-4de5-990c-1e63f6710b46 70e5106bf1354599b8ab05d8ce217630 03f7008524694bbdbc0776d8d2e9a582 - - default default] Successfully bumped revision number for resource f8c8d8b5-0ded-4c32-80aa-976fe6633d5e (type: ports) to 1
2026-09-07 11:59:28.686 10 WARNING neutron.plugins.ml2.drivers.ovn.mech_driver.ovsdb.ovn_client [None req-4fbe34ef-2715-4231-9375-54f66b6e7902 - - - - - -] No port found with ID eb02e066-f079-4220-9696-4ad05101c5bd: RuntimeError: No port found with ID eb02e066-f079-4220-9696-4ad05101c5bd
2026-09-07 11:59:28.686 10 INFO neutron.plugins.ml2.drivers.ovn.mech_driver.mech_driver [None req-4fbe34ef-2715-4231-9375-54f66b6e7902 - - - - - -] OVN reports status down for port: 692dacb6-27ca-4462-abe9-b2992a0a430e
2026-09-07 11:59:28.718 10 INFO neutron.plugins.ml2.drivers.ovn.mech_driver.mech_driver [None req-4fbe34ef-2715-4231-9375-54f66b6e7902 - - - - - -] OVN reports status up for port: 9619ed8b-b18a-47e5-a626-789a77d61c01
2026-09-07 11:59:28.743 10 INFO neutron.plugins.ml2.plugin [None req-4fbe34ef-2715-4231-9375-54f66b6e7902 - - - - - -] Attempt 1 to provision port 9619ed8b-b18a-47e5-a626-789a77d61c01
2026-09-07 11:59:28.782 10 WARNING neutron.scheduler.dhcp_agent_scheduler [None req-a6038dd3-b060-4de5-990c-1e63f6710b46 70e5106bf1354599b8ab05d8ce217630 03f7008524694bbdbc0776d8d2e9a582 - - default default] No more DHCP agents
2026-09-07 11:59:28.785 10 WARNING neutron.api.rpc.agentnotifiers.dhcp_rpc_agent_api [None req-a6038dd3-b060-4de5-990c-1e63f6710b46 70e5106bf1354599b8ab05d8ce217630 03f7008524694bbdbc0776d8d2e9a582 - - default default] Unable to schedule network c918db08-cf9d-41da-823a-211e68192b49: no agents available; will retry on subsequent port and subnet creation events.
2026-09-07 11:59:28.819 10 INFO neutron.db.ovn_revision_numbers_db [None req-f6eb4950-cf5a-446b-808a-571148433916 f54613d1eed143c784d352c380522db8 b671864245484ba58c69668388478e4b - - default default] Successfully bumped revision number for resource 07849943-69a7-4e82-9309-d9915dc4e536 (type: networks) to 1
2026-09-07 11:59:29.054 10 WARNING neutron.scheduler.dhcp_agent_scheduler [None req-f6eb4950-cf5a-446b-808a-571148433916 f54613d1eed143c784d352c380522db8 b671864245484ba58c69668388478e4b - - default default] No more DHCP agents
2026-09-07 11:59:29.059 10 WARNING neutron.api.rpc.agentnotifiers.dhcp_rpc_agent_api [None req-f6eb4950-cf5a-446b-808a-571148433916 f54613d1eed143c784d352c380522db8 b671864245484ba58c69668388478e4b - - default default] Unable to schedule network 07849943-69a7-4e82-9309-d9915dc4e536: no agents available; will retry on subsequent port and subnet creation events.
2026-09-07 11:59:29.166 10 INFO neutron.db.ovn_revision_numbers_db [None req-f6eb4950-cf5a-446b-808a-571148433916 f54613d1eed143c784d352c380522db8 b671864245484ba58c69668388478e4b - - default default] Successfully bumped revision number for resource f4877676-70a1-48c1-bd31-cdc944093f6b (type: ports) to 1
2026-09-07 11:59:29.192 10 INFO neutron.wsgi [None req-f6eb4950-cf5a-446b-808a-571148433916 f54613d1eed143c784d352c380522db8 b671864245484ba58c69668388478e4b - - default default] 10.0.0.4 "POST /v2.0/networks HTTP/1.1" status: 201 len: 942 time: 1.5108719
2026-09-07 11:59:29.193 10 INFO neutron.db.ovn_revision_numbers_db [None req-a6038dd3-b060-4de5-990c-1e63f6710b46 70e5106bf1354599b8ab05d8ce217630 03f7008524694bbdbc0776d8d2e9a582 - - default default] Successfully bumped revision number for resource f8c8d8b5-0ded-4c32-80aa-976fe6633d5e (type: router_ports) to 1
2026-09-07 11:59:29.194 10 INFO neutron.wsgi [None req-a6038dd3-b060-4de5-990c-1e63f6710b46 70e5106bf1354599b8ab05d8ce217630 03f7008524694bbdbc0776d8d2e9a582 - - default default] 10.0.0.4 "PUT /v2.0/routers/209cdfe6-d0a4-43bd-a521-94d9a4fecf82/add_router_interface HTTP/1.1" status: 200 len: 503 time: 2.3131816 /var/lib/openstack/lib/python3.10/site-packages/pycadf/identifier.py:71: UserWarning: Invalid uuid: neutron. To ensure interoperability, identifiers should be a valid uuid. warnings.warn(('Invalid uuid: %s. To ensure interoperability, '
2026-09-07 11:59:29.485 9 INFO neutron.wsgi [None req-2a9a8d58-d19d-4f82-a36f-19f71df53525 f54613d1eed143c784d352c380522db8 b671864245484ba58c69668388478e4b - - default default] 10.0.0.4 "PUT /v2.0/routers/d9d831a2-d742-4771-aa8f-6822ddb78511/remove_router_interface HTTP/1.1" status: 200 len: 503 time: 1.0703363
2026-09-07 11:59:29.494 9 WARNING neutron.scheduler.dhcp_agent_scheduler [None req-f0784e6b-a72b-409b-8a2a-ab8f43f7fdfa f54613d1eed143c784d352c380522db8 b671864245484ba58c69668388478e4b - - default default] No more DHCP agents
2026-09-07 11:59:29.497 10 WARNING neutron.scheduler.dhcp_agent_scheduler [None req-372af72d-e559-4f37-b2cc-f82a4ece6d14 70e5106bf1354599b8ab05d8ce217630 03f7008524694bbdbc0776d8d2e9a582 - - default default] No more DHCP agents /var/lib/openstack/lib/python3.10/site-packages/pycadf/identifier.py:71: UserWarning: Invalid uuid: neutron. To ensure interoperability, identifiers should be a valid uuid. warnings.warn(('Invalid uuid: %s. To ensure interoperability, '
2026-09-07 11:59:29.498 10 WARNING neutron.api.rpc.agentnotifiers.dhcp_rpc_agent_api [None req-372af72d-e559-4f37-b2cc-f82a4ece6d14 70e5106bf1354599b8ab05d8ce217630 03f7008524694bbdbc0776d8d2e9a582 - - default default] Unable to schedule network c918db08-cf9d-41da-823a-211e68192b49: no agents available; will retry on subsequent port and subnet creation events.
2026-09-07 11:59:29.501 9 WARNING neutron.api.rpc.agentnotifiers.dhcp_rpc_agent_api [None req-f0784e6b-a72b-409b-8a2a-ab8f43f7fdfa f54613d1eed143c784d352c380522db8 b671864245484ba58c69668388478e4b - - default default] Unable to schedule network 07849943-69a7-4e82-9309-d9915dc4e536: no agents available; will retry on subsequent port and subnet creation events.
2026-09-07 11:59:29.648 10 INFO neutron.db.ovn_revision_numbers_db [None req-372af72d-e559-4f37-b2cc-f82a4ece6d14 70e5106bf1354599b8ab05d8ce217630 03f7008524694bbdbc0776d8d2e9a582 - - default default] Successfully bumped revision number for resource 4ac6dd4f-3212-47b7-9278-2d82bd90033d (type: ports) to 1
2026-09-07 11:59:29.670 10 INFO neutron.wsgi [None req-372af72d-e559-4f37-b2cc-f82a4ece6d14 70e5106bf1354599b8ab05d8ce217630 03f7008524694bbdbc0776d8d2e9a582 - - default default] 10.0.0.4 "POST /v2.0/ports HTTP/1.1" status: 201 len: 1153 time: 0.4688919 /var/lib/openstack/lib/python3.10/site-packages/pycadf/identifier.py:71: UserWarning: Invalid uuid: neutron. To ensure interoperability, identifiers should be a valid uuid. warnings.warn(('Invalid uuid: %s. To ensure interoperability, '
2026-09-07 11:59:29.950 10 WARNING neutron.scheduler.dhcp_agent_scheduler [None req-42aa2930-991e-4cfc-8d05-d49b79bdf82b 70e5106bf1354599b8ab05d8ce217630 03f7008524694bbdbc0776d8d2e9a582 - - default default] No more DHCP agents
2026-09-07 11:59:29.953 10 WARNING neutron.api.rpc.agentnotifiers.dhcp_rpc_agent_api [None req-42aa2930-991e-4cfc-8d05-d49b79bdf82b 70e5106bf1354599b8ab05d8ce217630 03f7008524694bbdbc0776d8d2e9a582 - - default default] Unable to schedule network c918db08-cf9d-41da-823a-211e68192b49: no agents available; will retry on subsequent port and subnet creation events.
2026-09-07 11:59:30.098 10 INFO neutron.db.ovn_revision_numbers_db [None req-42aa2930-991e-4cfc-8d05-d49b79bdf82b 70e5106bf1354599b8ab05d8ce217630 03f7008524694bbdbc0776d8d2e9a582 - - default default] Successfully bumped revision number for resource d5b06dda-3192-4e94-9f36-a6c7ea913959 (type: ports) to 1
2026-09-07 11:59:30.117 9 INFO neutron.db.ovn_revision_numbers_db [None req-f0784e6b-a72b-409b-8a2a-ab8f43f7fdfa f54613d1eed143c784d352c380522db8 b671864245484ba58c69668388478e4b - - default default] Successfully bumped revision number for resource f4877676-70a1-48c1-bd31-cdc944093f6b (type: ports) to 2
2026-09-07 11:59:30.117 10 INFO neutron.wsgi [None req-42aa2930-991e-4cfc-8d05-d49b79bdf82b 70e5106bf1354599b8ab05d8ce217630 03f7008524694bbdbc0776d8d2e9a582 - - default default] 10.0.0.4 "POST /v2.0/ports HTTP/1.1" status: 201 len: 1158 time: 0.4428315 /var/lib/openstack/lib/python3.10/site-packages/pycadf/identifier.py:71: UserWarning: Invalid uuid: neutron. To ensure interoperability, identifiers should be a valid uuid. warnings.warn(('Invalid uuid: %s. To ensure interoperability, '
2026-09-07 11:59:30.161 9 INFO neutron.db.ovn_revision_numbers_db [None req-f0784e6b-a72b-409b-8a2a-ab8f43f7fdfa f54613d1eed143c784d352c380522db8 b671864245484ba58c69668388478e4b - - default default] Successfully bumped revision number for resource 1ef3ffa9-4f73-446c-9d19-0e61ea5f333e (type: subnets) to 0
2026-09-07 11:59:30.181 9 INFO neutron.wsgi [None req-f0784e6b-a72b-409b-8a2a-ab8f43f7fdfa f54613d1eed143c784d352c380522db8 b671864245484ba58c69668388478e4b - - default default] 10.0.0.4 "POST /v2.0/subnets HTTP/1.1" status: 201 len: 862 time: 0.9831920
2026-09-07 11:59:30.411 10 WARNING neutron.scheduler.dhcp_agent_scheduler [None req-66713b32-ed3f-4dde-8a87-e0c9bb9e8b27 70e5106bf1354599b8ab05d8ce217630 03f7008524694bbdbc0776d8d2e9a582 - - default default] No more DHCP agents
2026-09-07 11:59:30.413 10 WARNING neutron.api.rpc.agentnotifiers.dhcp_rpc_agent_api [None req-66713b32-ed3f-4dde-8a87-e0c9bb9e8b27 70e5106bf1354599b8ab05d8ce217630 03f7008524694bbdbc0776d8d2e9a582 - - default default] Unable to schedule network 68a220ec-f1dd-40d1-a667-d525a0334a14: no agents available; will retry on subsequent port and subnet creation events.
2026-09-07 11:59:30.547 9 INFO neutron.wsgi [None req-8016842c-548a-4f84-9299-f2b5f688be59 f54613d1eed143c784d352c380522db8 b671864245484ba58c69668388478e4b - - default default] 10.0.0.4 "DELETE /v2.0/routers/d9d831a2-d742-4771-aa8f-6822ddb78511 HTTP/1.1" status: 204 len: 168 time: 1.0550535
2026-09-07 11:59:30.767 10 INFO neutron.wsgi [None req-b05e4b65-841e-49c7-8f35-35f7d2d79189 f54613d1eed143c784d352c380522db8 b671864245484ba58c69668388478e4b - - default default] 10.0.0.4 "DELETE /v2.0/subnets/d206de4a-0aab-4dfb-a1d2-7143829e1fad HTTP/1.1" status: 204 len: 168 time: 0.2142622
2026-09-07 11:59:30.832 10 INFO neutron.db.l3_db [None req-66713b32-ed3f-4dde-8a87-e0c9bb9e8b27 70e5106bf1354599b8ab05d8ce217630 03f7008524694bbdbc0776d8d2e9a582 - - default default] Floating IP a40ef568-6527-42ca-ae0c-117408e4c660 associated. External IP: 10.96.250.214, port: d5b06dda-3192-4e94-9f36-a6c7ea913959.
2026-09-07 11:59:30.860 9 WARNING neutron.scheduler.dhcp_agent_scheduler [None req-c69c0ca2-1bfd-41b7-8f7c-20c28798a5ee f54613d1eed143c784d352c380522db8 b671864245484ba58c69668388478e4b - - default default] No more DHCP agents
2026-09-07 11:59:30.861 9 WARNING neutron.api.rpc.agentnotifiers.dhcp_rpc_agent_api [None req-c69c0ca2-1bfd-41b7-8f7c-20c28798a5ee f54613d1eed143c784d352c380522db8 b671864245484ba58c69668388478e4b - - default default] Unable to schedule network 68a220ec-f1dd-40d1-a667-d525a0334a14: no agents available; will retry on subsequent port and subnet creation events.
2026-09-07 11:59:31.003 9 INFO neutron.db.ovn_revision_numbers_db [None req-c69c0ca2-1bfd-41b7-8f7c-20c28798a5ee f54613d1eed143c784d352c380522db8 b671864245484ba58c69668388478e4b - - default default] Successfully bumped revision number for resource 1c885478-aacd-4ca4-93b9-31d598d61c5f (type: ports) to 1
2026-09-07 11:59:31.070 10 INFO neutron.db.ovn_revision_numbers_db [None req-66713b32-ed3f-4dde-8a87-e0c9bb9e8b27 70e5106bf1354599b8ab05d8ce217630 03f7008524694bbdbc0776d8d2e9a582 - - default default] Successfully bumped revision number for resource a40ef568-6527-42ca-ae0c-117408e4c660 (type: floatingips) to 0
2026-09-07 11:59:31.217 10 INFO neutron.db.ovn_revision_numbers_db [None req-66713b32-ed3f-4dde-8a87-e0c9bb9e8b27 70e5106bf1354599b8ab05d8ce217630 03f7008524694bbdbc0776d8d2e9a582 - - default default] Successfully bumped revision number for resource a40ef568-6527-42ca-ae0c-117408e4c660 (type: floatingips) to 1
2026-09-07 11:59:31.220 10 INFO neutron.services.segments.plugin [-] Segment 94a38f94-34e7-4e36-8598-e365b8944fe3 resource provider aggregate not found
2026-09-07 11:59:31.228 10 INFO neutron.services.segments.plugin [-] Segment 94a38f94-34e7-4e36-8598-e365b8944fe3 resource provider aggregate not found
2026-09-07 11:59:31.270 10 INFO neutron.services.segments.plugin [-] Segment 94a38f94-34e7-4e36-8598-e365b8944fe3 resource provider not found; error: Placement Client Error (4xx): {"errors": [{"status": 404, "title": "Not Found", "detail": "The resource could not be found.\n\n No resource provider with uuid 94a38f94-34e7-4e36-8598-e365b8944fe3 found for delete ", "request_id": "req-8e86fd7e-2dc1-4678-91a6-e2cfba61bd92"}]}
2026-09-07 11:59:31.276 10 INFO neutron.services.segments.plugin [-] Segment 94a38f94-34e7-4e36-8598-e365b8944fe3 resource provider not found; error: Placement Client Error (4xx): {"errors": [{"status": 404, "title": "Not Found", "detail": "The resource could not be found.\n\n No resource provider with uuid 94a38f94-34e7-4e36-8598-e365b8944fe3 found for delete ", "request_id": "req-83218aa0-eab5-4d44-87da-ff51b86ca04d"}]}
2026-09-07 11:59:31.300 10 INFO neutron.wsgi [None req-66713b32-ed3f-4dde-8a87-e0c9bb9e8b27 70e5106bf1354599b8ab05d8ce217630 03f7008524694bbdbc0776d8d2e9a582 - - default default] 10.0.0.4 "POST /v2.0/floatingips HTTP/1.1" status: 201 len: 1042 time: 1.1758184
2026-09-07 11:59:31.310 10 INFO neutron.wsgi [None req-c4ef3969-6292-43b3-87fb-ea51997db9ba f54613d1eed143c784d352c380522db8 b671864245484ba58c69668388478e4b - - default default] 10.0.0.4 "DELETE /v2.0/networks/d2e550a2-cc4d-4414-8c30-339746c8a236 HTTP/1.1" status: 204 len: 168 time: 0.5359907 /var/lib/openstack/lib/python3.10/site-packages/pycadf/identifier.py:71: UserWarning: Invalid uuid: neutron. To ensure interoperability, identifiers should be a valid uuid. warnings.warn(('Invalid uuid: %s. To ensure interoperability, '
2026-09-07 11:59:31.514 9 INFO neutron.db.l3_db [None req-01ce1690-69bc-4808-ac5d-8ae04bb42b38 70e5106bf1354599b8ab05d8ce217630 03f7008524694bbdbc0776d8d2e9a582 - - default default] Floating IP a40ef568-6527-42ca-ae0c-117408e4c660 disassociated. External IP: 10.96.250.214, port: d5b06dda-3192-4e94-9f36-a6c7ea913959.
2026-09-07 11:59:31.588 9 INFO neutron.db.ovn_revision_numbers_db [None req-01ce1690-69bc-4808-ac5d-8ae04bb42b38 70e5106bf1354599b8ab05d8ce217630 03f7008524694bbdbc0776d8d2e9a582 - - default default] Successfully bumped revision number for resource a40ef568-6527-42ca-ae0c-117408e4c660 (type: floatingips) to 2
2026-09-07 11:59:31.671 9 INFO neutron.wsgi [None req-01ce1690-69bc-4808-ac5d-8ae04bb42b38 70e5106bf1354599b8ab05d8ce217630 03f7008524694bbdbc0776d8d2e9a582 - - default default] 10.0.0.4 "PUT /v2.0/floatingips/a40ef568-6527-42ca-ae0c-117408e4c660 HTTP/1.1" status: 200 len: 748 time: 0.3625402
2026-09-07 11:59:31.686 10 INFO neutron.wsgi [None req-b862b195-acd3-4fc4-a3d5-095d5cb8153f f54613d1eed143c784d352c380522db8 b671864245484ba58c69668388478e4b - - default default] 10.0.0.4 "GET /v2.0/security-groups?tenant_id=d5bdb79f697a4517873fc89f1a2d0fac&name=default HTTP/1.1" status: 200 len: 2996 time: 0.0632992 /var/lib/openstack/lib/python3.10/site-packages/pycadf/identifier.py:71: UserWarning: Invalid uuid: neutron. To ensure interoperability, identifiers should be a valid uuid. warnings.warn(('Invalid uuid: %s. To ensure interoperability, '
2026-09-07 11:59:31.746 9 INFO neutron.plugins.ml2.drivers.ovn.mech_driver.mech_driver [None req-bee1148f-0aab-47b4-b6da-bb3a311d9ca2 - - - - - -] OVN reports status up for port: 1c885478-aacd-4ca4-93b9-31d598d61c5f
2026-09-07 11:59:31.762 9 INFO neutron.plugins.ml2.drivers.ovn.mech_driver.ovsdb.ovsdb_monitor [None req-d0779deb-4ae6-4d28-a291-643e2b8cc76f - - - - - -] Router 02ebdbbe-86b9-4295-b53d-0dac02753853 is bound to host instance
2026-09-07 11:59:31.777 9 INFO neutron.plugins.ml2.plugin [None req-bee1148f-0aab-47b4-b6da-bb3a311d9ca2 - - - - - -] Attempt 1 to provision port 1c885478-aacd-4ca4-93b9-31d598d61c5f
2026-09-07 11:59:31.810 9 INFO neutron.db.ovn_revision_numbers_db [None req-c69c0ca2-1bfd-41b7-8f7c-20c28798a5ee f54613d1eed143c784d352c380522db8 b671864245484ba58c69668388478e4b - - default default] Successfully bumped revision number for resource 1c885478-aacd-4ca4-93b9-31d598d61c5f (type: router_ports) to 1
2026-09-07 11:59:31.917 9 INFO neutron.db.ovn_revision_numbers_db [None req-c69c0ca2-1bfd-41b7-8f7c-20c28798a5ee f54613d1eed143c784d352c380522db8 b671864245484ba58c69668388478e4b - - default default] Successfully bumped revision number for resource 02ebdbbe-86b9-4295-b53d-0dac02753853 (type: routers) to 2
2026-09-07 11:59:31.936 9 INFO neutron.wsgi [None req-c69c0ca2-1bfd-41b7-8f7c-20c28798a5ee f54613d1eed143c784d352c380522db8 b671864245484ba58c69668388478e4b - - default default] 10.0.0.4 "POST /v2.0/routers HTTP/1.1" status: 201 len: 873 time: 1.7485511
2026-09-07 11:59:32.138 9 INFO neutron.wsgi [None req-040f24d8-1e14-49b2-ae97-1e800a94caa1 f54613d1eed143c784d352c380522db8 b671864245484ba58c69668388478e4b - - default default] 10.0.0.4 "DELETE /v2.0/security-groups/d79059a1-8260-4f1e-af4c-e54a4080edda HTTP/1.1" status: 204 len: 168 time: 0.4464786
2026-09-07 11:59:32.173 10 INFO neutron.wsgi [None req-0a832fa7-96b0-4972-8fef-13f89c630bc9 70e5106bf1354599b8ab05d8ce217630 03f7008524694bbdbc0776d8d2e9a582 - - default default] 10.0.0.4 "DELETE /v2.0/floatingips/a40ef568-6527-42ca-ae0c-117408e4c660 HTTP/1.1" status: 204 len: 168 time: 0.4958801
2026-09-07 11:59:32.459 10 WARNING neutron.scheduler.dhcp_agent_scheduler [None req-7a0c7101-f1e1-4329-a1a5-5325523b0bab 70e5106bf1354599b8ab05d8ce217630 03f7008524694bbdbc0776d8d2e9a582 - - default default] No more DHCP agents
2026-09-07 11:59:32.463 10 WARNING neutron.api.rpc.agentnotifiers.dhcp_rpc_agent_api [None req-7a0c7101-f1e1-4329-a1a5-5325523b0bab 70e5106bf1354599b8ab05d8ce217630 03f7008524694bbdbc0776d8d2e9a582 - - default default] Unable to schedule network 68a220ec-f1dd-40d1-a667-d525a0334a14: no agents available; will retry on subsequent port and subnet creation events.
2026-09-07 11:59:32.481 9 WARNING neutron.scheduler.dhcp_agent_scheduler [None req-56371e44-19d4-4e9a-9f22-f4234c304e99 f54613d1eed143c784d352c380522db8 b671864245484ba58c69668388478e4b - - default default] No more DHCP agents
2026-09-07 11:59:32.485 9 WARNING neutron.api.rpc.agentnotifiers.dhcp_rpc_agent_api [None req-56371e44-19d4-4e9a-9f22-f4234c304e99 f54613d1eed143c784d352c380522db8 b671864245484ba58c69668388478e4b - - default default] Unable to schedule network 07849943-69a7-4e82-9309-d9915dc4e536: no agents available; will retry on subsequent port and subnet creation events.
2026-09-07 11:59:32.518 9 INFO neutron.db.ovn_revision_numbers_db [None req-d0779deb-4ae6-4d28-a291-643e2b8cc76f - - - - - -] Successfully bumped revision number for resource 1c885478-aacd-4ca4-93b9-31d598d61c5f (type: ports) to 1
2026-09-07 11:59:32.566 10 INFO neutron.db.ovn_revision_numbers_db [None req-f24099a8-d7d6-41af-b762-9b469617bc9c f54613d1eed143c784d352c380522db8 b671864245484ba58c69668388478e4b - - default default] Successfully bumped revision number for resource 1f8f5c4e-455f-467e-8aec-9fcde1babfc1 (type: security_groups) to 1
2026-09-07 11:59:32.596 10 INFO neutron.db.ovn_revision_numbers_db [None req-f24099a8-d7d6-41af-b762-9b469617bc9c f54613d1eed143c784d352c380522db8 b671864245484ba58c69668388478e4b - - default default] Successfully bumped revision number for resource 63030700-30eb-4fdc-8982-7d8f531f296c (type: security_group_rules) to 0
2026-09-07 11:59:32.622 10 INFO neutron.db.ovn_revision_numbers_db [None req-f24099a8-d7d6-41af-b762-9b469617bc9c f54613d1eed143c784d352c380522db8 b671864245484ba58c69668388478e4b - - default default] Successfully bumped revision number for resource b628835d-8d78-44a2-90c1-551e83deb662 (type: security_group_rules) to 0
2026-09-07 11:59:32.646 10 INFO neutron.db.ovn_revision_numbers_db [None req-f24099a8-d7d6-41af-b762-9b469617bc9c f54613d1eed143c784d352c380522db8 b671864245484ba58c69668388478e4b - - default default] Successfully bumped revision number for resource ce47d993-8780-4313-9cd9-f22c4953c15f (type: security_group_rules) to 0
2026-09-07 11:59:32.666 10 INFO neutron.db.ovn_revision_numbers_db [None req-f24099a8-d7d6-41af-b762-9b469617bc9c f54613d1eed143c784d352c380522db8 b671864245484ba58c69668388478e4b - - default default] Successfully bumped revision number for resource ee570802-a9d2-46b2-a67a-5ba0905edd56 (type: security_group_rules) to 0
2026-09-07 11:59:32.699 10 INFO neutron.wsgi [None req-f24099a8-d7d6-41af-b762-9b469617bc9c f54613d1eed143c784d352c380522db8 b671864245484ba58c69668388478e4b - - default default] 10.0.0.4 "GET /v2.0/security-groups?tenant_id=0122f50b53f249ec90759be74fca14fc&name=default HTTP/1.1" status: 200 len: 2996 time: 0.4596453
2026-09-07 11:59:32.759 9 INFO neutron.db.ovn_revision_numbers_db [None req-56371e44-19d4-4e9a-9f22-f4234c304e99 f54613d1eed143c784d352c380522db8 b671864245484ba58c69668388478e4b - - default default] Successfully bumped revision number for resource 31c81e9c-5e2f-4019-a73a-af8c2d904c9c (type: ports) to 1
2026-09-07 11:59:32.906 10 INFO neutron.db.l3_db [None req-7a0c7101-f1e1-4329-a1a5-5325523b0bab 70e5106bf1354599b8ab05d8ce217630 03f7008524694bbdbc0776d8d2e9a582 - - default default] Floating IP d9db922e-70a4-4b8a-b8bf-142d5d1ce346 associated. External IP: 10.96.250.210, port: 4ac6dd4f-3212-47b7-9278-2d82bd90033d.
2026-09-07 11:59:33.002 10 INFO neutron.wsgi [None req-e927842c-090f-475c-af83-b34b6ff6c712 f54613d1eed143c784d352c380522db8 b671864245484ba58c69668388478e4b - - default default] 10.0.0.4 "DELETE /v2.0/security-groups/1f8f5c4e-455f-467e-8aec-9fcde1babfc1 HTTP/1.1" status: 204 len: 168 time: 0.2822673
2026-09-07 11:59:33.079 10 INFO neutron.db.ovn_revision_numbers_db [None req-7a0c7101-f1e1-4329-a1a5-5325523b0bab 70e5106bf1354599b8ab05d8ce217630 03f7008524694bbdbc0776d8d2e9a582 - - default default] Successfully bumped revision number for resource d9db922e-70a4-4b8a-b8bf-142d5d1ce346 (type: floatingips) to 0
2026-09-07 11:59:33.151 9 INFO neutron.db.ovn_revision_numbers_db [None req-d0779deb-4ae6-4d28-a291-643e2b8cc76f - - - - - -] Successfully bumped revision number for resource 1c885478-aacd-4ca4-93b9-31d598d61c5f (type: router_ports) to 3
2026-09-07 11:59:33.189 10 INFO neutron.db.ovn_revision_numbers_db [None req-7a0c7101-f1e1-4329-a1a5-5325523b0bab 70e5106bf1354599b8ab05d8ce217630 03f7008524694bbdbc0776d8d2e9a582 - - default default] Successfully bumped revision number for resource d9db922e-70a4-4b8a-b8bf-142d5d1ce346 (type: floatingips) to 1
2026-09-07 11:59:33.248 10 INFO neutron.wsgi [None req-7a0c7101-f1e1-4329-a1a5-5325523b0bab 70e5106bf1354599b8ab05d8ce217630 03f7008524694bbdbc0776d8d2e9a582 - - default default] 10.0.0.4 "POST /v2.0/floatingips HTTP/1.1" status: 201 len: 1040 time: 1.0683448
2026-09-07 11:59:33.300 10 INFO neutron.wsgi [None req-dd239bb1-d02b-494f-8a02-fa500390251c 70e5106bf1354599b8ab05d8ce217630 03f7008524694bbdbc0776d8d2e9a582 - - default default] 10.0.0.4 "GET /v2.0/floatingips/d9db922e-70a4-4b8a-b8bf-142d5d1ce346 HTTP/1.1" status: 200 len: 1037 time: 0.0474889
2026-09-07 11:59:33.353 9 INFO neutron.db.ovn_revision_numbers_db [None req-d0779deb-4ae6-4d28-a291-643e2b8cc76f - - - - - -] Successfully bumped revision number for resource 1c885478-aacd-4ca4-93b9-31d598d61c5f (type: ports) to 2
2026-09-07 11:59:33.366 10 INFO neutron.wsgi [None req-92452c1f-4752-4601-8d9d-7fb8f2a0725d 70e5106bf1354599b8ab05d8ce217630 03f7008524694bbdbc0776d8d2e9a582 - - default default] 10.0.0.4 "GET /v2.0/floatingips HTTP/1.1" status: 200 len: 1040 time: 0.0586061
2026-09-07 11:59:33.367 10 WARNING neutron.plugins.ml2.drivers.ovn.mech_driver.ovsdb.ovn_client [None req-4fbe34ef-2715-4231-9375-54f66b6e7902 - - - - - -] No hosting information found for port 9619ed8b-b18a-47e5-a626-789a77d61c01: RuntimeError: No hosting information found for port 9619ed8b-b18a-47e5-a626-789a77d61c01
2026-09-07 11:59:33.367 10 INFO neutron.plugins.ml2.drivers.ovn.mech_driver.mech_driver [None req-4fbe34ef-2715-4231-9375-54f66b6e7902 - - - - - -] OVN reports status up for port: f8c8d8b5-0ded-4c32-80aa-976fe6633d5e
2026-09-07 11:59:33.397 10 INFO neutron.plugins.ml2.plugin [None req-4fbe34ef-2715-4231-9375-54f66b6e7902 - - - - - -] Attempt 1 to provision port f8c8d8b5-0ded-4c32-80aa-976fe6633d5e
2026-09-07 11:59:33.595 9 INFO neutron.db.ovn_revision_numbers_db [None req-56371e44-19d4-4e9a-9f22-f4234c304e99 f54613d1eed143c784d352c380522db8 b671864245484ba58c69668388478e4b - - default default] Successfully bumped revision number for resource 31c81e9c-5e2f-4019-a73a-af8c2d904c9c (type: router_ports) to 1
2026-09-07 11:59:33.667 9 INFO neutron.db.ovn_revision_numbers_db [None req-d0779deb-4ae6-4d28-a291-643e2b8cc76f - - - - - -] Successfully bumped revision number for resource 1c885478-aacd-4ca4-93b9-31d598d61c5f (type: ports) to 4
2026-09-07 11:59:33.777 10 INFO neutron.db.l3_db [None req-d59df061-4e8d-4c7f-a322-91b97fd891b7 70e5106bf1354599b8ab05d8ce217630 03f7008524694bbdbc0776d8d2e9a582 - - default default] Floating IP d9db922e-70a4-4b8a-b8bf-142d5d1ce346 associated. External IP: 10.96.250.210, port: 4ac6dd4f-3212-47b7-9278-2d82bd90033d.
2026-09-07 11:59:33.801 9 INFO neutron.db.ovn_revision_numbers_db [None req-56371e44-19d4-4e9a-9f22-f4234c304e99 f54613d1eed143c784d352c380522db8 b671864245484ba58c69668388478e4b - - default default] Successfully bumped revision number for resource 31c81e9c-5e2f-4019-a73a-af8c2d904c9c (type: ports) to 1
2026-09-07 11:59:33.850 10 INFO neutron.db.ovn_revision_numbers_db [None req-4fbe34ef-2715-4231-9375-54f66b6e7902 - - - - - -] Successfully bumped revision number for resource f8c8d8b5-0ded-4c32-80aa-976fe6633d5e (type: ports) to 2
2026-09-07 11:59:33.894 9 WARNING neutron.scheduler.dhcp_agent_scheduler [None req-56371e44-19d4-4e9a-9f22-f4234c304e99 f54613d1eed143c784d352c380522db8 b671864245484ba58c69668388478e4b - - default default] No more DHCP agents
2026-09-07 11:59:33.897 9 WARNING neutron.api.rpc.agentnotifiers.dhcp_rpc_agent_api [None req-56371e44-19d4-4e9a-9f22-f4234c304e99 f54613d1eed143c784d352c380522db8 b671864245484ba58c69668388478e4b - - default default] Unable to schedule network 07849943-69a7-4e82-9309-d9915dc4e536: no agents available; will retry on subsequent port and subnet creation events.
2026-09-07 11:59:33.991 9 INFO neutron.db.ovn_revision_numbers_db [None req-d0779deb-4ae6-4d28-a291-643e2b8cc76f - - - - - -] Successfully bumped revision number for resource 1c885478-aacd-4ca4-93b9-31d598d61c5f (type: router_ports) to 4
2026-09-07 11:59:34.040 10 INFO neutron.db.ovn_revision_numbers_db [None req-d59df061-4e8d-4c7f-a322-91b97fd891b7 70e5106bf1354599b8ab05d8ce217630 03f7008524694bbdbc0776d8d2e9a582 - - default default] Successfully bumped revision number for resource d9db922e-70a4-4b8a-b8bf-142d5d1ce346 (type: floatingips) to 2
2026-09-07 11:59:34.042 10 INFO neutron.db.ovn_revision_numbers_db [None req-4fbe34ef-2715-4231-9375-54f66b6e7902 - - - - - -] Successfully bumped revision number for resource f8c8d8b5-0ded-4c32-80aa-976fe6633d5e (type: router_ports) to 2
2026-09-07 11:59:34.155 10 INFO neutron.db.ovn_revision_numbers_db [None req-d59df061-4e8d-4c7f-a322-91b97fd891b7 70e5106bf1354599b8ab05d8ce217630 03f7008524694bbdbc0776d8d2e9a582 - - default default] Successfully bumped revision number for resource d9db922e-70a4-4b8a-b8bf-142d5d1ce346 (type: floatingips) to 2
2026-09-07 11:59:34.209 10 INFO neutron.wsgi [None req-d59df061-4e8d-4c7f-a322-91b97fd891b7 70e5106bf1354599b8ab05d8ce217630 03f7008524694bbdbc0776d8d2e9a582 - - default default] 10.0.0.4 "PUT /v2.0/floatingips/d9db922e-70a4-4b8a-b8bf-142d5d1ce346 HTTP/1.1" status: 200 len: 1039 time: 0.8242724
2026-09-07 11:59:34.345 10 INFO neutron.db.l3_db [None req-884cc1df-7659-4ed7-9417-eb12bd91d901 70e5106bf1354599b8ab05d8ce217630 03f7008524694bbdbc0776d8d2e9a582 - - default default] Floating IP d9db922e-70a4-4b8a-b8bf-142d5d1ce346 disassociated. External IP: 10.96.250.210, port: d5b06dda-3192-4e94-9f36-a6c7ea913959.
2026-09-07 11:59:34.389 10 INFO neutron.db.ovn_revision_numbers_db [None req-884cc1df-7659-4ed7-9417-eb12bd91d901 70e5106bf1354599b8ab05d8ce217630 03f7008524694bbdbc0776d8d2e9a582 - - default default] Successfully bumped revision number for resource d9db922e-70a4-4b8a-b8bf-142d5d1ce346 (type: floatingips) to 3
2026-09-07 11:59:34.448 10 INFO neutron.wsgi [None req-884cc1df-7659-4ed7-9417-eb12bd91d901 70e5106bf1354599b8ab05d8ce217630 03f7008524694bbdbc0776d8d2e9a582 - - default default] 10.0.0.4 "PUT /v2.0/floatingips/d9db922e-70a4-4b8a-b8bf-142d5d1ce346 HTTP/1.1" status: 200 len: 748 time: 0.2333238
2026-09-07 11:59:34.463 9 INFO neutron.db.ovn_revision_numbers_db [None req-56371e44-19d4-4e9a-9f22-f4234c304e99 f54613d1eed143c784d352c380522db8 b671864245484ba58c69668388478e4b - - default default] Successfully bumped revision number for resource 31c81e9c-5e2f-4019-a73a-af8c2d904c9c (type: router_ports) to 1
2026-09-07 11:59:34.465 9 INFO neutron.wsgi [None req-56371e44-19d4-4e9a-9f22-f4234c304e99 f54613d1eed143c784d352c380522db8 b671864245484ba58c69668388478e4b - - default default] 10.0.0.4 "PUT /v2.0/routers/02ebdbbe-86b9-4295-b53d-0dac02753853/add_router_interface HTTP/1.1" status: 200 len: 503 time: 2.5210772
2026-09-07 11:59:34.813 10 INFO neutron.wsgi [None req-cdae8612-a9a8-4afe-9521-9674c7771bba 70e5106bf1354599b8ab05d8ce217630 03f7008524694bbdbc0776d8d2e9a582 - - default default] 10.0.0.4 "DELETE /v2.0/floatingips/d9db922e-70a4-4b8a-b8bf-142d5d1ce346 HTTP/1.1" status: 204 len: 168 time: 0.3563869
2026-09-07 11:59:34.900 9 INFO neutron.plugins.ml2.drivers.ovn.mech_driver.mech_driver [None req-bee1148f-0aab-47b4-b6da-bb3a311d9ca2 - - - - - -] OVN reports status up for port: 31c81e9c-5e2f-4019-a73a-af8c2d904c9c
2026-09-07 11:59:34.922 9 INFO neutron.plugins.ml2.plugin [None req-bee1148f-0aab-47b4-b6da-bb3a311d9ca2 - - - - - -] Attempt 1 to provision port 31c81e9c-5e2f-4019-a73a-af8c2d904c9c
2026-09-07 11:59:35.050 10 INFO neutron.api.v2.resource [None req-5c20963f-0d0b-444b-b6aa-9928cf84dcf1 70e5106bf1354599b8ab05d8ce217630 03f7008524694bbdbc0776d8d2e9a582 - - default default] delete failed (client error): The resource could not be found.
2026-09-07 11:59:35.051 10 INFO neutron.wsgi [None req-5c20963f-0d0b-444b-b6aa-9928cf84dcf1 70e5106bf1354599b8ab05d8ce217630 03f7008524694bbdbc0776d8d2e9a582 - - default default] 10.0.0.4 "DELETE /v2.0/floatingips/d9db922e-70a4-4b8a-b8bf-142d5d1ce346 HTTP/1.1" status: 404 len: 345 time: 0.2320094
2026-09-07 11:59:35.266 9 INFO neutron.db.ovn_revision_numbers_db [None req-bee1148f-0aab-47b4-b6da-bb3a311d9ca2 - - - - - -] Successfully bumped revision number for resource 31c81e9c-5e2f-4019-a73a-af8c2d904c9c (type: ports) to 2
2026-09-07 11:59:35.356 10 INFO neutron.wsgi [None req-5e2c81df-681b-44f1-8187-14336b289119 70e5106bf1354599b8ab05d8ce217630 03f7008524694bbdbc0776d8d2e9a582 - - default default] 10.0.0.4 "DELETE /v2.0/ports/d5b06dda-3192-4e94-9f36-a6c7ea913959 HTTP/1.1" status: 204 len: 168 time: 0.2957516
2026-09-07 11:59:35.409 9 INFO neutron.db.ovn_revision_numbers_db [None req-bee1148f-0aab-47b4-b6da-bb3a311d9ca2 - - - - - -] Successfully bumped revision number for resource 31c81e9c-5e2f-4019-a73a-af8c2d904c9c (type: router_ports) to 2
2026-09-07 11:59:35.776 10 INFO neutron.wsgi [None req-39943c5f-d2bd-4611-b2dc-40dd22561eb6 70e5106bf1354599b8ab05d8ce217630 03f7008524694bbdbc0776d8d2e9a582 - - default default] 10.0.0.4 "DELETE /v2.0/ports/4ac6dd4f-3212-47b7-9278-2d82bd90033d HTTP/1.1" status: 204 len: 168 time: 0.4156833
2026-09-07 11:59:35.867 10 INFO neutron.wsgi [None req-3639376e-9e07-463b-b9e8-c01e6ceff339 70e5106bf1354599b8ab05d8ce217630 03f7008524694bbdbc0776d8d2e9a582 - - default default] 10.0.0.4 "GET /v2.0/ports?device_id=209cdfe6-d0a4-43bd-a521-94d9a4fecf82 HTTP/1.1" status: 200 len: 1140 time: 0.0875578
2026-09-07 11:59:36.690 10 INFO neutron.wsgi [None req-fb6fc18b-8649-484d-bb7e-df1ebb5058c4 70e5106bf1354599b8ab05d8ce217630 03f7008524694bbdbc0776d8d2e9a582 - - default default] 10.0.0.4 "PUT /v2.0/routers/209cdfe6-d0a4-43bd-a521-94d9a4fecf82/remove_router_interface HTTP/1.1" status: 200 len: 503 time: 0.8167062 /var/lib/openstack/lib/python3.10/site-packages/pycadf/identifier.py:71: UserWarning: Invalid uuid: neutron. To ensure interoperability, identifiers should be a valid uuid. warnings.warn(('Invalid uuid: %s. To ensure interoperability, ' /var/lib/openstack/lib/python3.10/site-packages/pycadf/identifier.py:71: UserWarning: Invalid uuid: neutron. To ensure interoperability, identifiers should be a valid uuid. warnings.warn(('Invalid uuid: %s. To ensure interoperability, '
2026-09-07 11:59:37.081 10 INFO neutron.db.ovn_revision_numbers_db [None req-0a7a62cc-2152-45be-921e-8de6886b16e5 f54613d1eed143c784d352c380522db8 b671864245484ba58c69668388478e4b - - default default] Successfully bumped revision number for resource 966a8b15-23c4-4109-b1f1-52b426a9eefc (type: security_groups) to 1
2026-09-07 11:59:37.095 10 INFO neutron.db.ovn_revision_numbers_db [None req-0a7a62cc-2152-45be-921e-8de6886b16e5 f54613d1eed143c784d352c380522db8 b671864245484ba58c69668388478e4b - - default default] Successfully bumped revision number for resource 1789b446-9143-4987-a16e-646c4cd8ccb3 (type: security_group_rules) to 0
2026-09-07 11:59:37.113 10 INFO neutron.db.ovn_revision_numbers_db [None req-0a7a62cc-2152-45be-921e-8de6886b16e5 f54613d1eed143c784d352c380522db8 b671864245484ba58c69668388478e4b - - default default] Successfully bumped revision number for resource 6fffef30-5082-4ac5-9b45-671eff5bd102 (type: security_group_rules) to 0
2026-09-07 11:59:37.132 10 INFO neutron.db.ovn_revision_numbers_db [None req-0a7a62cc-2152-45be-921e-8de6886b16e5 f54613d1eed143c784d352c380522db8 b671864245484ba58c69668388478e4b - - default default] Successfully bumped revision number for resource 91dda274-a404-42c3-9c6e-5b008f1f2596 (type: security_group_rules) to 0
2026-09-07 11:59:37.155 10 INFO neutron.db.ovn_revision_numbers_db [None req-0a7a62cc-2152-45be-921e-8de6886b16e5 f54613d1eed143c784d352c380522db8 b671864245484ba58c69668388478e4b - - default default] Successfully bumped revision number for resource c8f8c940-0703-40ca-a243-b04d42968cee (type: security_group_rules) to 0
2026-09-07 11:59:37.220 10 INFO neutron.wsgi [None req-0a7a62cc-2152-45be-921e-8de6886b16e5 f54613d1eed143c784d352c380522db8 b671864245484ba58c69668388478e4b - - default default] 10.0.0.4 "GET /v2.0/security-groups?tenant_id=a2a0f53de08c420786ede897a0004167&name=default HTTP/1.1" status: 200 len: 2996 time: 0.4351392
2026-09-07 11:59:37.250 9 INFO neutron.wsgi [None req-d8235b02-060c-431e-b429-3e426d03b82d 70e5106bf1354599b8ab05d8ce217630 03f7008524694bbdbc0776d8d2e9a582 - - default default] 10.0.0.4 "DELETE /v2.0/routers/209cdfe6-d0a4-43bd-a521-94d9a4fecf82 HTTP/1.1" status: 204 len: 168 time: 0.5504496
2026-09-07 11:59:37.284 10 INFO neutron.wsgi [req-6ab833b1-d0eb-4884-827c-4e745c629201 req-8e82ef86-9d1a-4ab6-991f-b6995bc686e5 e6f72ab81b314412b777c21e7ab16a1b 0ebab7c7a41c4d7487fe75224a1e24dc - - default default] 10.0.0.3 "GET /v2.0/networks?id=07849943-69a7-4e82-9309-d9915dc4e536 HTTP/1.1" status: 200 len: 871 time: 0.1011312
2026-09-07 11:59:37.311 10 INFO neutron.wsgi [req-6ab833b1-d0eb-4884-827c-4e745c629201 req-01a3c161-0d84-46fd-bbf0-7623b2c9ccca e6f72ab81b314412b777c21e7ab16a1b 0ebab7c7a41c4d7487fe75224a1e24dc - - default default] 10.0.0.3 "GET /v2.0/quotas/0ebab7c7a41c4d7487fe75224a1e24dc HTTP/1.1" status: 200 len: 386 time: 0.0161998
2026-09-07 11:59:37.458 9 INFO neutron.wsgi [None req-9fd770f4-fcc1-436b-b199-eb7a3f20160c f54613d1eed143c784d352c380522db8 b671864245484ba58c69668388478e4b - - default default] 10.0.0.4 "DELETE /v2.0/security-groups/966a8b15-23c4-4109-b1f1-52b426a9eefc HTTP/1.1" status: 204 len: 168 time: 0.2333155
2026-09-07 11:59:37.472 10 INFO neutron.wsgi [req-6ab833b1-d0eb-4884-827c-4e745c629201 req-b56a0ec6-051f-40f0-9d03-6eca72426816 e6f72ab81b314412b777c21e7ab16a1b 0ebab7c7a41c4d7487fe75224a1e24dc - - default default] 10.0.0.3 "GET /v2.0/ports?tenant_id=0ebab7c7a41c4d7487fe75224a1e24dc&fields=id HTTP/1.1" status: 200 len: 302 time: 0.1441107
2026-09-07 11:59:37.540 10 INFO neutron.wsgi [None req-423a5464-0bd0-4048-90e0-15bd35c9528c 70e5106bf1354599b8ab05d8ce217630 03f7008524694bbdbc0776d8d2e9a582 - - default default] 10.0.0.4 "DELETE /v2.0/subnets/ea161a31-04aa-4a5c-b2f7-fa11512cbd7d HTTP/1.1" status: 204 len: 168 time: 0.2854574
2026-09-07 11:59:37.547 10 INFO neutron.wsgi [req-6ab833b1-d0eb-4884-827c-4e745c629201 req-85a05a43-11e7-4847-b805-b0e348e43bdc 065a36f478c646509e7132d3a6cd62fb 9051cb71494a410fadc3d044b7eadea1 - - 2d723aedf69642c598baeaf57406f927 2d723aedf69642c598baeaf57406f927] 10.0.0.3 "GET /v2.0/networks/07849943-69a7-4e82-9309-d9915dc4e536?fields=segments HTTP/1.1" status: 200 len: 212 time: 0.0672748
2026-09-07 11:59:37.634 10 INFO neutron.wsgi [req-6ab833b1-d0eb-4884-827c-4e745c629201 req-f6567096-ddcc-4a26-a872-ab59c0acaf26 065a36f478c646509e7132d3a6cd62fb 9051cb71494a410fadc3d044b7eadea1 - - 2d723aedf69642c598baeaf57406f927 2d723aedf69642c598baeaf57406f927] 10.0.0.3 "GET /v2.0/networks/07849943-69a7-4e82-9309-d9915dc4e536?fields=provider%3Aphysical_network&fields=provider%3Anetwork_type HTTP/1.1" status: 200 len: 277 time: 0.0789981
2026-09-07 11:59:37.785 10 INFO neutron.db.ovn_revision_numbers_db [None req-9cc42824-5739-4972-bb2d-06f576a32022 f54613d1eed143c784d352c380522db8 b671864245484ba58c69668388478e4b - - default default] Successfully bumped revision number for resource 6ef999c8-e6f8-46af-aa16-57351203f049 (type: security_groups) to 1
2026-09-07 11:59:37.803 10 INFO neutron.wsgi [req-2e761a2f-283d-4600-84ff-e0db60e79a2b req-04eaba2c-a86f-4624-9831-3d60ca7379e7 e6f72ab81b314412b777c21e7ab16a1b 0ebab7c7a41c4d7487fe75224a1e24dc - - default default] 10.0.0.3 "GET /v2.0/ports?device_id=0701461a-9d62-4ef1-95c0-8b8be891b542 HTTP/1.1" status: 200 len: 210 time: 0.0315549
2026-09-07 11:59:37.822 10 INFO neutron.db.ovn_revision_numbers_db [None req-9cc42824-5739-4972-bb2d-06f576a32022 f54613d1eed143c784d352c380522db8 b671864245484ba58c69668388478e4b - - default default] Successfully bumped revision number for resource 91c82d7b-928f-4b66-a363-5253393964c0 (type: security_group_rules) to 0
2026-09-07 11:59:37.843 10 INFO neutron.db.ovn_revision_numbers_db [None req-9cc42824-5739-4972-bb2d-06f576a32022 f54613d1eed143c784d352c380522db8 b671864245484ba58c69668388478e4b - - default default] Successfully bumped revision number for resource b67c2601-ccab-4306-bb0b-299ea762654a (type: security_group_rules) to 0
2026-09-07 11:59:37.860 10 INFO neutron.db.ovn_revision_numbers_db [None req-9cc42824-5739-4972-bb2d-06f576a32022 f54613d1eed143c784d352c380522db8 b671864245484ba58c69668388478e4b - - default default] Successfully bumped revision number for resource e3e9b2a9-2faa-471c-a570-e77026849020 (type: security_group_rules) to 0
2026-09-07 11:59:37.879 10 INFO neutron.db.ovn_revision_numbers_db [None req-9cc42824-5739-4972-bb2d-06f576a32022 f54613d1eed143c784d352c380522db8 b671864245484ba58c69668388478e4b - - default default] Successfully bumped revision number for resource f0a76562-8717-4647-bd66-5a4ffb2de4ec (type: security_group_rules) to 0
2026-09-07 11:59:37.904 10 INFO neutron.wsgi [None req-9cc42824-5739-4972-bb2d-06f576a32022 f54613d1eed143c784d352c380522db8 b671864245484ba58c69668388478e4b - - default default] 10.0.0.4 "GET /v2.0/security-groups?tenant_id=73957e75ef6b4dcb9d044e0df0cc9188&name=default HTTP/1.1" status: 200 len: 2996 time: 0.3299475
2026-09-07 11:59:38.009 10 INFO neutron.services.segments.plugin [-] Segment 4a0ad169-40e9-4c49-a370-5582d263e506 resource provider aggregate not found
2026-09-07 11:59:38.023 10 INFO neutron.services.segments.plugin [-] Segment 4a0ad169-40e9-4c49-a370-5582d263e506 resource provider aggregate not found
2026-09-07 11:59:38.033 10 INFO neutron.services.segments.plugin [-] Segment 4a0ad169-40e9-4c49-a370-5582d263e506 resource provider not found; error: Placement Client Error (4xx): {"errors": [{"status": 404, "title": "Not Found", "detail": "The resource could not be found.\n\n No resource provider with uuid 4a0ad169-40e9-4c49-a370-5582d263e506 found for delete ", "request_id": "req-2c8cc34e-9da6-41fe-a112-53faae907f7f"}]}
2026-09-07 11:59:38.046 10 INFO neutron.services.segments.plugin [-] Segment 4a0ad169-40e9-4c49-a370-5582d263e506 resource provider not found; error: Placement Client Error (4xx): {"errors": [{"status": 404, "title": "Not Found", "detail": "The resource could not be found.\n\n No resource provider with uuid 4a0ad169-40e9-4c49-a370-5582d263e506 found for delete ", "request_id": "req-005f27e6-7fee-4758-95a2-a60db0718a3b"}]}
2026-09-07 11:59:38.082 10 INFO neutron.wsgi [None req-a470d5f3-82d0-4d5a-91ec-2a7feb62b2a3 70e5106bf1354599b8ab05d8ce217630 03f7008524694bbdbc0776d8d2e9a582 - - default default] 10.0.0.4 "DELETE /v2.0/networks/c918db08-cf9d-41da-823a-211e68192b49 HTTP/1.1" status: 204 len: 168 time: 0.5368917
2026-09-07 11:59:38.200 10 INFO neutron.wsgi [None req-df93081d-150f-4a8a-a2b4-ac69caf95abe f54613d1eed143c784d352c380522db8 b671864245484ba58c69668388478e4b - - default default] 10.0.0.4 "DELETE /v2.0/security-groups/6ef999c8-e6f8-46af-aa16-57351203f049 HTTP/1.1" status: 204 len: 168 time: 0.2863860
2026-09-07 11:59:38.596 9 INFO neutron.wsgi [req-6ab833b1-d0eb-4884-827c-4e745c629201 req-40702e4b-2f61-4594-9c58-f7ed21ca6d33 e6f72ab81b314412b777c21e7ab16a1b 0ebab7c7a41c4d7487fe75224a1e24dc - - default default] 162.253.55.243 "GET /v2.0/networks?id=07849943-69a7-4e82-9309-d9915dc4e536 HTTP/1.1" status: 200 len: 871 time: 0.0866120
2026-09-07 11:59:38.842 9 INFO neutron.wsgi [None req-6ed1259b-6844-4f60-b62a-cee39b4854f9 f54613d1eed143c784d352c380522db8 b671864245484ba58c69668388478e4b - - default default] 10.0.0.4 "GET /v2.0/security-groups?tenant_id=03f7008524694bbdbc0776d8d2e9a582&name=default HTTP/1.1" status: 200 len: 2996 time: 0.1426558
2026-09-07 11:59:38.934 9 WARNING neutron.scheduler.dhcp_agent_scheduler [req-6ab833b1-d0eb-4884-827c-4e745c629201 req-b1a7c19a-aa3d-48ef-b706-814b9167d870 e6f72ab81b314412b777c21e7ab16a1b 0ebab7c7a41c4d7487fe75224a1e24dc - - default default] No more DHCP agents
2026-09-07 11:59:38.935 9 WARNING neutron.api.rpc.agentnotifiers.dhcp_rpc_agent_api [req-6ab833b1-d0eb-4884-827c-4e745c629201 req-b1a7c19a-aa3d-48ef-b706-814b9167d870 e6f72ab81b314412b777c21e7ab16a1b 0ebab7c7a41c4d7487fe75224a1e24dc - - default default] Unable to schedule network 07849943-69a7-4e82-9309-d9915dc4e536: no agents available; will retry on subsequent port and subnet creation events.
