2026-09-07 11:52:58.876 9 INFO neutron.wsgi [None req-0dbde96f-5974-4d4a-b5c4-df92dda3e96d f54613d1eed143c784d352c380522db8 b671864245484ba58c69668388478e4b - - default default] 10.0.0.239 "GET /v2.0/ports HTTP/1.1" status: 200 len: 5349 time: 0.0322559
2026-09-07 11:52:58.901 9 INFO neutron.wsgi [None req-941541de-884d-4eaa-97f7-9d0d03166590 f54613d1eed143c784d352c380522db8 b671864245484ba58c69668388478e4b - - default default] 10.0.0.239 "GET /v2.0/subnets HTTP/1.1" status: 200 len: 1437 time: 0.0228238
2026-09-07 11:52:58.921 9 INFO neutron.wsgi [None req-807885e7-acc1-420d-b5c3-3c71544b25ed f54613d1eed143c784d352c380522db8 b671864245484ba58c69668388478e4b - - default default] 10.0.0.239 "GET /v2.0/routers HTTP/1.1" status: 200 len: 189 time: 0.0182045
2026-09-07 11:52:58.967 9 INFO neutron.wsgi [None req-088b3e91-8675-48d1-b1d4-796e9a73facc f54613d1eed143c784d352c380522db8 b671864245484ba58c69668388478e4b - - default default] 10.0.0.239 "GET /v2.0/agents?binary=ovn-controller HTTP/1.1" status: 200 len: 591 time: 0.0448959
2026-09-07 11:52:58.978 9 INFO neutron.wsgi [None req-ef892fd2-48d5-433b-ba36-b80a9c6b28ed f54613d1eed143c784d352c380522db8 b671864245484ba58c69668388478e4b - - default default] 10.0.0.239 "GET /v2.0/network-ip-availabilities HTTP/1.1" status: 200 len: 1280 time: 0.0092487
2026-09-07 11:52:59.008 9 INFO neutron.wsgi [None req-11cb43de-76f8-42b2-8461-06f4a6f0d5c5 f54613d1eed143c784d352c380522db8 b671864245484ba58c69668388478e4b - - default default] 10.0.0.239 "GET /v2.0/subnets HTTP/1.1" status: 200 len: 1437 time: 0.0280297
2026-09-07 11:52:59.020 9 INFO neutron.wsgi [None req-12787ae3-5fa3-4a19-abe8-279ee2c4736e f54613d1eed143c784d352c380522db8 b671864245484ba58c69668388478e4b - - default default] 10.0.0.239 "GET /v2.0/subnetpools HTTP/1.1" status: 200 len: 193 time: 0.0108204
2026-09-07 11:52:59.029 9 INFO neutron.wsgi [None req-72c9c635-daef-4cd9-90f3-c3a76e12668b f54613d1eed143c784d352c380522db8 b671864245484ba58c69668388478e4b - - default default] 10.0.0.239 "GET /v2.0/agents HTTP/1.1" status: 200 len: 997 time: 0.0081401
2026-09-07 11:52:59.045 9 INFO neutron.wsgi [None req-362fc8f4-ae82-4392-93ac-8c408002e697 f54613d1eed143c784d352c380522db8 b671864245484ba58c69668388478e4b - - default default] 10.0.0.239 "GET /v2.0/floatingips HTTP/1.1" status: 200 len: 193 time: 0.0153022
2026-09-07 11:53:08.988 9 INFO neutron.wsgi [-] 10.0.0.136 "GET / HTTP/1.1" status: 200 len: 247 time: 0.0026259
2026-09-07 11:53:08.988 10 INFO neutron.wsgi [-] 10.0.0.136 "GET / HTTP/1.1" status: 200 len: 247 time: 0.0030658
2026-09-07 11:53:23.987 10 INFO neutron.wsgi [-] 10.0.0.136 "GET / HTTP/1.1" status: 200 len: 247 time: 0.0022240
2026-09-07 11:53:23.989 9 INFO neutron.wsgi [-] 10.0.0.136 "GET / HTTP/1.1" status: 200 len: 247 time: 0.0030107
2026-09-07 11:53:33.857 9 INFO neutron.wsgi [None req-45d5dbf6-1ceb-458a-bdf6-629bd7e2ff74 f54613d1eed143c784d352c380522db8 b671864245484ba58c69668388478e4b - - default default] 162.253.55.243,10.0.0.136 "GET /v2.0/networks HTTP/1.1" status: 200 len: 2350 time: 0.1288900
2026-09-07 11:53:35.032 9 INFO neutron.wsgi [None req-14c583c3-2a9c-4706-8fa3-e31a7b65adab f54613d1eed143c784d352c380522db8 b671864245484ba58c69668388478e4b - - default default] 162.253.55.243,10.0.0.136 "GET /v2.0/subnets HTTP/1.1" status: 200 len: 1437 time: 0.0878072
2026-09-07 11:53:35.094 9 INFO neutron.wsgi [None req-649deb1c-c938-4612-9c60-d118e142ff21 f54613d1eed143c784d352c380522db8 b671864245484ba58c69668388478e4b - - default default] 162.253.55.243,10.0.0.136 "GET /v2.0/networks HTTP/1.1" status: 200 len: 2350 time: 0.0553892
2026-09-07 11:53:38.987 9 INFO neutron.wsgi [-] 10.0.0.136 "GET / HTTP/1.1" status: 200 len: 247 time: 0.0028698
2026-09-07 11:53:38.988 10 INFO neutron.wsgi [-] 10.0.0.136 "GET / HTTP/1.1" status: 200 len: 247 time: 0.0029902
2026-09-07 11:53:53.987 10 INFO neutron.wsgi [-] 10.0.0.136 "GET / HTTP/1.1" status: 200 len: 247 time: 0.0021548
2026-09-07 11:53:53.987 9 INFO neutron.wsgi [-] 10.0.0.136 "GET / HTTP/1.1" status: 200 len: 247 time: 0.0021386
2026-09-07 11:53:58.567 9 INFO neutron.wsgi [None req-9db7d976-99cc-4d6a-a159-053187322111 f54613d1eed143c784d352c380522db8 b671864245484ba58c69668388478e4b - - default default] 10.0.0.239 "GET /v2.0/network-ip-availabilities HTTP/1.1" status: 200 len: 1280 time: 0.0868812
2026-09-07 11:53:58.608 9 INFO neutron.wsgi [None req-6d7f6fb5-af1e-4a0a-bd0d-17e2a7723f13 f54613d1eed143c784d352c380522db8 b671864245484ba58c69668388478e4b - - default default] 10.0.0.239 "GET /v2.0/subnets HTTP/1.1" status: 200 len: 1437 time: 0.0387490
2026-09-07 11:53:58.660 9 INFO neutron.wsgi [None req-7056d88d-48c1-4891-a54e-023df6de722b f54613d1eed143c784d352c380522db8 b671864245484ba58c69668388478e4b - - default default] 10.0.0.239 "GET /v2.0/networks HTTP/1.1" status: 200 len: 2350 time: 0.0514026
2026-09-07 11:53:58.706 9 INFO neutron.wsgi [None req-f6224b1b-6c49-4d0d-8cb4-39c62fb43365 f54613d1eed143c784d352c380522db8 b671864245484ba58c69668388478e4b - - default default] 10.0.0.239 "GET /v2.0/security-groups HTTP/1.1" status: 200 len: 16803 time: 0.0450997
2026-09-07 11:53:58.806 9 INFO neutron.wsgi [None req-e6bbe7e2-736c-46a1-b726-3e2293be69f6 f54613d1eed143c784d352c380522db8 b671864245484ba58c69668388478e4b - - default default] 10.0.0.239 "GET /v2.0/routers HTTP/1.1" status: 200 len: 189 time: 0.0923028
2026-09-07 11:53:58.851 9 INFO neutron.wsgi [None req-2549c071-0951-4dfe-85c0-c6b0be46611b f54613d1eed143c784d352c380522db8 b671864245484ba58c69668388478e4b - - default default] 10.0.0.239 "GET /v2.0/agents?binary=ovn-controller HTTP/1.1" status: 200 len: 591 time: 0.0447531
2026-09-07 11:53:58.886 9 INFO neutron.wsgi [None req-cc88b6c0-f967-452e-a1ff-b69e01835b28 f54613d1eed143c784d352c380522db8 b671864245484ba58c69668388478e4b - - default default] 10.0.0.239 "GET /v2.0/ports HTTP/1.1" status: 200 len: 5349 time: 0.0341470
2026-09-07 11:53:58.899 9 INFO neutron.wsgi [None req-141335ce-fcc2-40ba-8c32-7bb62ee11370 f54613d1eed143c784d352c380522db8 b671864245484ba58c69668388478e4b - - default default] 10.0.0.239 "GET /v2.0/agents HTTP/1.1" status: 200 len: 997 time: 0.0086982
2026-09-07 11:53:58.929 9 INFO neutron.wsgi [None req-2f0d974e-ded5-40eb-aa34-347465441750 f54613d1eed143c784d352c380522db8 b671864245484ba58c69668388478e4b - - default default] 10.0.0.239 "GET /v2.0/subnets HTTP/1.1" status: 200 len: 1437 time: 0.0280378
2026-09-07 11:53:58.937 9 INFO neutron.wsgi [None req-856cb84b-5f9c-4ae7-b776-72018890b5a6 f54613d1eed143c784d352c380522db8 b671864245484ba58c69668388478e4b - - default default] 10.0.0.239 "GET /v2.0/subnetpools HTTP/1.1" status: 200 len: 193 time: 0.0073740
2026-09-07 11:53:58.952 9 INFO neutron.wsgi [None req-59f89377-3ca2-47bf-b76e-89fcff2703d3 f54613d1eed143c784d352c380522db8 b671864245484ba58c69668388478e4b - - default default] 10.0.0.239 "GET /v2.0/floatingips HTTP/1.1" status: 200 len: 193 time: 0.0142374
2026-09-07 11:54:08.987 9 INFO neutron.wsgi [-] 10.0.0.136 "GET / HTTP/1.1" status: 200 len: 247 time: 0.0022631
2026-09-07 11:54:08.987 10 INFO neutron.wsgi [-] 10.0.0.136 "GET / HTTP/1.1" status: 200 len: 247 time: 0.0022867
2026-09-07 11:54:13.435 10 INFO neutron.wsgi [None req-42be860e-7485-47f5-9671-224d8f74b501 f54613d1eed143c784d352c380522db8 b671864245484ba58c69668388478e4b - - default default] 162.253.55.243,10.0.0.136 "GET /v2.0/networks HTTP/1.1" status: 200 len: 2350 time: 0.1117003
2026-09-07 11:54:14.396 10 INFO neutron.wsgi [None req-e78d7a32-25b9-4de8-8e10-17d532722d7f f54613d1eed143c784d352c380522db8 b671864245484ba58c69668388478e4b - - default default] 162.253.55.243,10.0.0.136 "GET /v2.0/subnets HTTP/1.1" status: 200 len: 1437 time: 0.0612884
2026-09-07 11:54:14.515 10 INFO neutron.wsgi [None req-2f0eb2d2-1296-4875-ba36-78d8c275938a f54613d1eed143c784d352c380522db8 b671864245484ba58c69668388478e4b - - default default] 162.253.55.243,10.0.0.136 "GET /v2.0/networks HTTP/1.1" status: 200 len: 2350 time: 0.1141307
2026-09-07 11:54:15.872 9 INFO neutron.wsgi [None req-a2689742-3731-4664-90ea-24d55169b619 f54613d1eed143c784d352c380522db8 b671864245484ba58c69668388478e4b - - default default] 162.253.55.243,10.0.0.136 "GET /v2.0/security-groups?tenant_id=b671864245484ba58c69668388478e4b HTTP/1.1" status: 200 len: 10161 time: 0.1148345
2026-09-07 11:54:17.089 9 INFO neutron.wsgi [None req-663dceff-4ccb-4a23-ba12-dd0a68957b26 f54613d1eed143c784d352c380522db8 b671864245484ba58c69668388478e4b - - default default] 162.253.55.243,10.0.0.136 "GET /v2.0/security-groups?tenant_id=b671864245484ba58c69668388478e4b HTTP/1.1" status: 200 len: 10161 time: 0.0969355
2026-09-07 11:54:17.943 10 INFO neutron.wsgi [None req-334bfc87-3728-459e-9613-9561dc2d0d4b f54613d1eed143c784d352c380522db8 b671864245484ba58c69668388478e4b - - default default] 162.253.55.243,10.0.0.136 "GET /v2.0/security-groups?tenant_id=b671864245484ba58c69668388478e4b HTTP/1.1" status: 200 len: 10161 time: 0.0868061
2026-09-07 11:54:18.869 10 INFO neutron.wsgi [None req-f76f2212-a3a3-41e1-aceb-79fa0c93a51c f54613d1eed143c784d352c380522db8 b671864245484ba58c69668388478e4b - - default default] 162.253.55.243,10.0.0.136 "GET /v2.0/security-groups?tenant_id=b671864245484ba58c69668388478e4b HTTP/1.1" status: 200 len: 10161 time: 0.0936067
2026-09-07 11:54:19.759 10 INFO neutron.wsgi [None req-6b01835e-1def-4fb2-982d-61443a09ddfb f54613d1eed143c784d352c380522db8 b671864245484ba58c69668388478e4b - - default default] 162.253.55.243,10.0.0.136 "GET /v2.0/security-groups?tenant_id=b671864245484ba58c69668388478e4b HTTP/1.1" status: 200 len: 10161 time: 0.1200795
2026-09-07 11:54:20.653 9 INFO neutron.wsgi [None req-491198ea-58a8-46e4-8dfc-9474be8433e4 f54613d1eed143c784d352c380522db8 b671864245484ba58c69668388478e4b - - default default] 162.253.55.243,10.0.0.136 "GET /v2.0/security-groups?tenant_id=b671864245484ba58c69668388478e4b HTTP/1.1" status: 200 len: 10161 time: 0.0983479
2026-09-07 11:54:22.032 9 INFO neutron.wsgi [None req-133daa0c-b581-4880-8857-5d9c74f6356a f54613d1eed143c784d352c380522db8 b671864245484ba58c69668388478e4b - - default default] 162.253.55.243,10.0.0.136 "GET /v2.0/security-groups HTTP/1.1" status: 200 len: 16803 time: 0.1123321
2026-09-07 11:54:22.077 9 INFO neutron.wsgi [None req-5a14492d-0238-4e59-9087-65ef2ff5c49a f54613d1eed143c784d352c380522db8 b671864245484ba58c69668388478e4b - - default default] 162.253.55.243,10.0.0.136 "GET /v2.0/ports HTTP/1.1" status: 200 len: 5349 time: 0.0357726
2026-09-07 11:54:23.987 9 INFO neutron.wsgi [-] 10.0.0.136 "GET / HTTP/1.1" status: 200 len: 247 time: 0.0015550
2026-09-07 11:54:23.989 9 INFO neutron.wsgi [-] 10.0.0.136 "GET / HTTP/1.1" status: 200 len: 247 time: 0.0010540
2026-09-07 11:54:28.749 10 INFO neutron.pecan_wsgi.hooks.translation [None req-00463de8-f224-4c5e-bb17-b94a71c7e6fa f54613d1eed143c784d352c380522db8 b671864245484ba58c69668388478e4b - - default default] GET failed (client error): The resource could not be found.
2026-09-07 11:54:28.751 10 INFO neutron.wsgi [None req-00463de8-f224-4c5e-bb17-b94a71c7e6fa f54613d1eed143c784d352c380522db8 b671864245484ba58c69668388478e4b - - default default] 162.253.55.243,10.0.0.136 "GET /v2.0/ports/octavia-health-manager-port-instance HTTP/1.1" status: 404 len: 314 time: 0.0735595
2026-09-07 11:54:28.802 10 INFO neutron.wsgi [None req-e020e1b6-5b2e-4c2e-a267-0b47aa536db8 f54613d1eed143c784d352c380522db8 b671864245484ba58c69668388478e4b - - default default] 162.253.55.243,10.0.0.136 "GET /v2.0/ports?name=octavia-health-manager-port-instance HTTP/1.1" status: 200 len: 1397 time: 0.0460930
2026-09-07 11:54:30.374 9 INFO neutron.wsgi [None req-6bc30874-84db-43e8-93ef-87263cd8cae5 f54613d1eed143c784d352c380522db8 b671864245484ba58c69668388478e4b - - default default] 162.253.55.243,10.0.0.136 "GET /v2.0/ports HTTP/1.1" status: 200 len: 5349 time: 0.1250060
2026-09-07 11:54:31.477 10 INFO neutron.wsgi [None req-96493ab8-c7fd-49b9-8389-e5a7b7a1e181 f54613d1eed143c784d352c380522db8 b671864245484ba58c69668388478e4b - - default default] 162.253.55.243,10.0.0.136 "GET /v2.0/security-groups?tenant_id=b671864245484ba58c69668388478e4b HTTP/1.1" status: 200 len: 10161 time: 0.1222243
2026-09-07 11:54:32.490 9 INFO neutron.wsgi [None req-e5b8797f-fa2d-4de5-aa74-d2282664f884 f54613d1eed143c784d352c380522db8 b671864245484ba58c69668388478e4b - - default default] 162.253.55.243,10.0.0.136 "GET /v2.0/security-groups?tenant_id=b671864245484ba58c69668388478e4b HTTP/1.1" status: 200 len: 10161 time: 0.1191292
2026-09-07 11:54:33.397 10 INFO neutron.wsgi [None req-22de4297-4bf6-42f3-ad32-1c46f935d770 f54613d1eed143c784d352c380522db8 b671864245484ba58c69668388478e4b - - default default] 162.253.55.243,10.0.0.136 "GET /v2.0/security-groups?tenant_id=b671864245484ba58c69668388478e4b HTTP/1.1" status: 200 len: 10161 time: 0.1141000
2026-09-07 11:54:38.989 10 INFO neutron.wsgi [-] 10.0.0.136 "GET / HTTP/1.1" status: 200 len: 247 time: 0.0026619
2026-09-07 11:54:38.992 10 INFO neutron.wsgi [-] 10.0.0.136 "GET / HTTP/1.1" status: 200 len: 247 time: 0.0018768
2026-09-07 11:54:44.680 9 INFO neutron.wsgi [None req-32c405b4-71f7-4941-9d62-aab1cbd062b2 f54613d1eed143c784d352c380522db8 b671864245484ba58c69668388478e4b - - default default] 162.253.55.243,10.0.0.136 "GET /v2.0/quotas/b671864245484ba58c69668388478e4b HTTP/1.1" status: 200 len: 361 time: 0.0136855
2026-09-07 11:54:53.988 9 INFO neutron.wsgi [-] 10.0.0.136 "GET / HTTP/1.1" status: 200 len: 247 time: 0.0024087
2026-09-07 11:54:53.988 10 INFO neutron.wsgi [-] 10.0.0.136 "GET / HTTP/1.1" status: 200 len: 247 time: 0.0022340
2026-09-07 11:54:58.523 9 INFO neutron.wsgi [None req-085d235d-44da-4a26-badc-fdfe87b4c493 f54613d1eed143c784d352c380522db8 b671864245484ba58c69668388478e4b - - default default] 10.0.0.239 "GET /v2.0/network-ip-availabilities HTTP/1.1" status: 200 len: 1280 time: 0.0540307
2026-09-07 11:54:58.591 9 INFO neutron.wsgi [None req-4af2546d-514c-4212-a683-c840bd74b496 f54613d1eed143c784d352c380522db8 b671864245484ba58c69668388478e4b - - default default] 10.0.0.239 "GET /v2.0/networks HTTP/1.1" status: 200 len: 2350 time: 0.0664048
2026-09-07 11:54:58.624 9 INFO neutron.wsgi [None req-2e2ae0ac-cc7c-4f71-a0be-e7a747213a21 f54613d1eed143c784d352c380522db8 b671864245484ba58c69668388478e4b - - default default] 10.0.0.239 "GET /v2.0/ports HTTP/1.1" status: 200 len: 5349 time: 0.0323312
2026-09-07 11:54:58.682 9 INFO neutron.wsgi [None req-071def54-3afa-41a9-8a03-00e643bd59ff f54613d1eed143c784d352c380522db8 b671864245484ba58c69668388478e4b - - default default] 10.0.0.239 "GET /v2.0/subnets HTTP/1.1" status: 200 len: 1437 time: 0.0543392
2026-09-07 11:54:58.703 9 INFO neutron.wsgi [None req-be0253a0-8c0b-4810-aeb3-c44c496c37a7 f54613d1eed143c784d352c380522db8 b671864245484ba58c69668388478e4b - - default default] 10.0.0.239 "GET /v2.0/routers HTTP/1.1" status: 200 len: 189 time: 0.0199122
2026-09-07 11:54:58.742 9 INFO neutron.wsgi [None req-39e28606-a435-4e21-b09c-b1cdf436be36 f54613d1eed143c784d352c380522db8 b671864245484ba58c69668388478e4b - - default default] 10.0.0.239 "GET /v2.0/agents?binary=ovn-controller HTTP/1.1" status: 200 len: 591 time: 0.0383127
2026-09-07 11:54:58.772 9 INFO neutron.wsgi [None req-f4d2c63e-8c85-4e5e-bb26-4ab79ead3195 f54613d1eed143c784d352c380522db8 b671864245484ba58c69668388478e4b - - default default] 10.0.0.239 "GET /v2.0/subnets HTTP/1.1" status: 200 len: 1437 time: 0.0287793
2026-09-07 11:54:58.783 9 INFO neutron.wsgi [None req-137b1a10-7100-438d-a244-41a51a3ef8d9 f54613d1eed143c784d352c380522db8 b671864245484ba58c69668388478e4b - - default default] 10.0.0.239 "GET /v2.0/subnetpools HTTP/1.1" status: 200 len: 193 time: 0.0091102
2026-09-07 11:54:58.799 9 INFO neutron.wsgi [None req-9012164f-3363-429e-a6f1-4e6c4826e959 f54613d1eed143c784d352c380522db8 b671864245484ba58c69668388478e4b - - default default] 10.0.0.239 "GET /v2.0/floatingips HTTP/1.1" status: 200 len: 193 time: 0.0161486
2026-09-07 11:54:58.838 9 INFO neutron.wsgi [None req-a84d6708-241f-4480-ba69-6b6580f137c1 f54613d1eed143c784d352c380522db8 b671864245484ba58c69668388478e4b - - default default] 10.0.0.239 "GET /v2.0/security-groups HTTP/1.1" status: 200 len: 16803 time: 0.0381987
2026-09-07 11:54:58.853 9 INFO neutron.wsgi [None req-eb47f75e-0ee2-4201-9c25-78e6ebecceaa f54613d1eed143c784d352c380522db8 b671864245484ba58c69668388478e4b - - default default] 10.0.0.239 "GET /v2.0/agents HTTP/1.1" status: 200 len: 997 time: 0.0091400
2026-09-07 11:55:08.988 9 INFO neutron.wsgi [-] 10.0.0.136 "GET / HTTP/1.1" status: 200 len: 247 time: 0.0029714
2026-09-07 11:55:08.988 10 INFO neutron.wsgi [-] 10.0.0.136 "GET / HTTP/1.1" status: 200 len: 247 time: 0.0032313
2026-09-07 11:55:23.987 9 INFO neutron.wsgi [-] 10.0.0.136 "GET / HTTP/1.1" status: 200 len: 247 time: 0.0022948
2026-09-07 11:55:23.987 10 INFO neutron.wsgi [-] 10.0.0.136 "GET / HTTP/1.1" status: 200 len: 247 time: 0.0025766
2026-09-07 11:55:37.791 9 INFO neutron.wsgi [None req-5f73edfa-20ad-45e9-b6b8-e3fe6d99b1c3 f54613d1eed143c784d352c380522db8 b671864245484ba58c69668388478e4b - - default default] 162.253.55.243,10.0.0.136 "GET /v2.0/security-groups?tenant_id=9051cb71494a410fadc3d044b7eadea1 HTTP/1.1" status: 200 len: 6838 time: 0.0802963
2026-09-07 11:55:38.847 9 INFO neutron.wsgi [None req-2df82f1c-bc94-4522-9c1e-d8e304df3991 f54613d1eed143c784d352c380522db8 b671864245484ba58c69668388478e4b - - default default] 162.253.55.243,10.0.0.136 "GET /v2.0/security-groups?tenant_id=9051cb71494a410fadc3d044b7eadea1 HTTP/1.1" status: 200 len: 6838 time: 0.0916655
2026-09-07 11:55:38.987 10 INFO neutron.wsgi [-] 10.0.0.136 "GET / HTTP/1.1" status: 200 len: 247 time: 0.0022850
2026-09-07 11:55:38.988 9 INFO neutron.wsgi [-] 10.0.0.136 "GET / HTTP/1.1" status: 200 len: 247 time: 0.0024579
2026-09-07 11:55:39.813 9 INFO neutron.wsgi [None req-8ec7a793-4852-412c-9609-9d2331ce5715 f54613d1eed143c784d352c380522db8 b671864245484ba58c69668388478e4b - - default default] 162.253.55.243,10.0.0.136 "GET /v2.0/security-groups?tenant_id=9051cb71494a410fadc3d044b7eadea1 HTTP/1.1" status: 200 len: 6838 time: 0.1032920
2026-09-07 11:55:40.815 9 INFO neutron.wsgi [None req-0379eee9-ea7c-43b5-bba1-732db2a72b43 f54613d1eed143c784d352c380522db8 b671864245484ba58c69668388478e4b - - default default] 162.253.55.243,10.0.0.136 "GET /v2.0/security-groups?tenant_id=9051cb71494a410fadc3d044b7eadea1 HTTP/1.1" status: 200 len: 6838 time: 0.1094756
2026-09-07 11:55:41.889 9 INFO neutron.wsgi [None req-e8b0152b-db70-49c4-bfae-3ba754dc6c0b f54613d1eed143c784d352c380522db8 b671864245484ba58c69668388478e4b - - default default] 162.253.55.243,10.0.0.136 "GET /v2.0/security-groups?tenant_id=9051cb71494a410fadc3d044b7eadea1 HTTP/1.1" status: 200 len: 6838 time: 0.0642462
2026-09-07 11:55:50.049 9 INFO neutron.wsgi [None req-ec489b62-4d53-47e3-b8a1-0bd3d8485fe8 f54613d1eed143c784d352c380522db8 b671864245484ba58c69668388478e4b - - default default] 162.253.55.243,10.0.0.136 "GET /v2.0/quotas/9051cb71494a410fadc3d044b7eadea1 HTTP/1.1" status: 200 len: 361 time: 0.0123553
2026-09-07 11:55:53.988 10 INFO neutron.wsgi [-] 10.0.0.136 "GET / HTTP/1.1" status: 200 len: 247 time: 0.0017478
2026-09-07 11:55:53.991 10 INFO neutron.wsgi [-] 10.0.0.136 "GET / HTTP/1.1" status: 200 len: 247 time: 0.0015416
2026-09-07 11:55:58.571 9 INFO neutron.wsgi [None req-21642cfe-77fe-44e1-b892-a3294573ba72 f54613d1eed143c784d352c380522db8 b671864245484ba58c69668388478e4b - - default default] 10.0.0.239 "GET /v2.0/agents HTTP/1.1" status: 200 len: 997 time: 0.0776412
2026-09-07 11:55:58.631 9 INFO neutron.wsgi [None req-8ce6eb27-e723-4bab-a747-d06ab77317c6 f54613d1eed143c784d352c380522db8 b671864245484ba58c69668388478e4b - - default default] 10.0.0.239 "GET /v2.0/networks HTTP/1.1" status: 200 len: 2350 time: 0.0589437
2026-09-07 11:55:58.653 9 INFO neutron.wsgi [None req-a9d26f6a-f060-4658-bde5-4ee117b0b1fe f54613d1eed143c784d352c380522db8 b671864245484ba58c69668388478e4b - - default default] 10.0.0.239 "GET /v2.0/routers HTTP/1.1" status: 200 len: 189 time: 0.0190790
2026-09-07 11:55:58.669 9 INFO neutron.wsgi [None req-02631eda-a506-4cf7-8078-ba5315019252 f54613d1eed143c784d352c380522db8 b671864245484ba58c69668388478e4b - - default default] 10.0.0.239 "GET /v2.0/agents?binary=ovn-controller HTTP/1.1" status: 200 len: 591 time: 0.0145833
2026-09-07 11:55:58.684 9 INFO neutron.wsgi [None req-afd505df-1eef-41ce-ba23-592de34cfa62 f54613d1eed143c784d352c380522db8 b671864245484ba58c69668388478e4b - - default default] 10.0.0.239 "GET /v2.0/network-ip-availabilities HTTP/1.1" status: 200 len: 1280 time: 0.0139694
2026-09-07 11:55:58.733 9 INFO neutron.wsgi [None req-725f6964-e305-401a-8ace-18d1adafbe23 f54613d1eed143c784d352c380522db8 b671864245484ba58c69668388478e4b - - default default] 10.0.0.239 "GET /v2.0/security-groups HTTP/1.1" status: 200 len: 16803 time: 0.0477004
2026-09-07 11:55:58.765 9 INFO neutron.wsgi [None req-3ace40a7-67a1-4d89-874f-8275ed7696fe f54613d1eed143c784d352c380522db8 b671864245484ba58c69668388478e4b - - default default] 10.0.0.239 "GET /v2.0/ports HTTP/1.1" status: 200 len: 5349 time: 0.0245841
2026-09-07 11:55:58.794 9 INFO neutron.wsgi [None req-744ddf96-a854-4494-a90c-165cba322efa f54613d1eed143c784d352c380522db8 b671864245484ba58c69668388478e4b - - default default] 10.0.0.239 "GET /v2.0/subnets HTTP/1.1" status: 200 len: 1437 time: 0.0244203
2026-09-07 11:55:58.803 9 INFO neutron.wsgi [None req-6a3875d3-e2f7-4d06-9b78-c6584823d5e1 f54613d1eed143c784d352c380522db8 b671864245484ba58c69668388478e4b - - default default] 10.0.0.239 "GET /v2.0/subnetpools HTTP/1.1" status: 200 len: 193 time: 0.0076599
2026-09-07 11:55:58.817 9 INFO neutron.wsgi [None req-d32ed144-f6fe-4adc-9b98-798683db07f6 f54613d1eed143c784d352c380522db8 b671864245484ba58c69668388478e4b - - default default] 10.0.0.239 "GET /v2.0/floatingips HTTP/1.1" status: 200 len: 193 time: 0.0142119
2026-09-07 11:55:58.841 9 INFO neutron.wsgi [None req-eb16758b-e8ab-45ec-b417-08ead5dfe5cd f54613d1eed143c784d352c380522db8 b671864245484ba58c69668388478e4b - - default default] 10.0.0.239 "GET /v2.0/subnets HTTP/1.1" status: 200 len: 1437 time: 0.0234838
2026-09-07 11:56:08.989 9 INFO neutron.wsgi [-] 10.0.0.136 "GET / HTTP/1.1" status: 200 len: 247 time: 0.0028772
2026-09-07 11:56:08.992 9 INFO neutron.wsgi [-] 10.0.0.136 "GET / HTTP/1.1" status: 200 len: 247 time: 0.0021689
2026-09-07 11:56:23.988 9 INFO neutron.wsgi [-] 10.0.0.136 "GET / HTTP/1.1" status: 200 len: 247 time: 0.0023639
2026-09-07 11:56:23.988 10 INFO neutron.wsgi [-] 10.0.0.136 "GET / HTTP/1.1" status: 200 len: 247 time: 0.0024934
2026-09-07 11:56:38.987 10 INFO neutron.wsgi [-] 10.0.0.136 "GET / HTTP/1.1" status: 200 len: 247 time: 0.0022578
2026-09-07 11:56:38.988 9 INFO neutron.wsgi [-] 10.0.0.136 "GET / HTTP/1.1" status: 200 len: 247 time: 0.0026040
2026-09-07 11:56:44.120 9 INFO neutron.wsgi [None req-66947a38-fccb-4c3b-8585-e07f23124024 f54613d1eed143c784d352c380522db8 b671864245484ba58c69668388478e4b - - default default] 162.253.55.243,10.0.0.136 "GET /v2.0/networks HTTP/1.1" status: 200 len: 2350 time: 0.1389356
2026-09-07 11:56:53.987 9 INFO neutron.wsgi [-] 10.0.0.136 "GET / HTTP/1.1" status: 200 len: 247 time: 0.0016539
2026-09-07 11:56:53.988 9 INFO neutron.wsgi [-] 10.0.0.136 "GET / HTTP/1.1" status: 200 len: 247 time: 0.0011005
2026-09-07 11:56:58.636 9 INFO neutron.wsgi [None req-c84fcbbb-01a2-44b9-a518-bd4ca777be31 f54613d1eed143c784d352c380522db8 b671864245484ba58c69668388478e4b - - default default] 10.0.0.239 "GET /v2.0/networks HTTP/1.1" status: 200 len: 2350 time: 0.1050274
2026-09-07 11:56:58.667 9 INFO neutron.wsgi [None req-55a2f1ef-11d9-4d40-90c8-e219e88d904e f54613d1eed143c784d352c380522db8 b671864245484ba58c69668388478e4b - - default default] 10.0.0.239 "GET /v2.0/ports HTTP/1.1" status: 200 len: 5349 time: 0.0292544
2026-09-07 11:56:58.685 9 INFO neutron.wsgi [None req-90eb337f-628f-4d59-809e-11cb9b40ca0f f54613d1eed143c784d352c380522db8 b671864245484ba58c69668388478e4b - - default default] 10.0.0.239 "GET /v2.0/network-ip-availabilities HTTP/1.1" status: 200 len: 1280 time: 0.0126283
2026-09-07 11:56:58.706 9 INFO neutron.wsgi [None req-ce8c52bb-a749-4a44-ba1c-88605dac5a32 f54613d1eed143c784d352c380522db8 b671864245484ba58c69668388478e4b - - default default] 10.0.0.239 "GET /v2.0/floatingips HTTP/1.1" status: 200 len: 193 time: 0.0203669
2026-09-07 11:56:58.734 9 INFO neutron.wsgi [None req-534848f2-7fd1-433a-b70e-e12965e9de3f f54613d1eed143c784d352c380522db8 b671864245484ba58c69668388478e4b - - default default] 10.0.0.239 "GET /v2.0/subnets HTTP/1.1" status: 200 len: 1437 time: 0.0275662
2026-09-07 11:56:58.753 9 INFO neutron.wsgi [None req-58f2a62b-62fa-487e-bbb7-e60436c0546b f54613d1eed143c784d352c380522db8 b671864245484ba58c69668388478e4b - - default default] 10.0.0.239 "GET /v2.0/routers HTTP/1.1" status: 200 len: 189 time: 0.0172672
2026-09-07 11:56:58.786 9 INFO neutron.wsgi [None req-ad135973-27c5-4a0c-bbce-d7972af5e927 f54613d1eed143c784d352c380522db8 b671864245484ba58c69668388478e4b - - default default] 10.0.0.239 "GET /v2.0/agents?binary=ovn-controller HTTP/1.1" status: 200 len: 591 time: 0.0326753
2026-09-07 11:56:58.811 9 INFO neutron.wsgi [None req-5a586826-66ad-4199-a5ed-fef63a421a04 f54613d1eed143c784d352c380522db8 b671864245484ba58c69668388478e4b - - default default] 10.0.0.239 "GET /v2.0/subnets HTTP/1.1" status: 200 len: 1437 time: 0.0239234
2026-09-07 11:56:58.820 9 INFO neutron.wsgi [None req-87028a37-e8f5-4927-852c-cdd912f9728b f54613d1eed143c784d352c380522db8 b671864245484ba58c69668388478e4b - - default default] 10.0.0.239 "GET /v2.0/subnetpools HTTP/1.1" status: 200 len: 193 time: 0.0079637
2026-09-07 11:56:58.881 9 INFO neutron.wsgi [None req-327de07b-389d-4e11-a011-32cb01711604 f54613d1eed143c784d352c380522db8 b671864245484ba58c69668388478e4b - - default default] 10.0.0.239 "GET /v2.0/security-groups HTTP/1.1" status: 200 len: 16803 time: 0.0601201
2026-09-07 11:56:58.894 9 INFO neutron.wsgi [None req-21a4598c-8d1a-4b4e-bc8a-c72406a9b8d0 f54613d1eed143c784d352c380522db8 b671864245484ba58c69668388478e4b - - default default] 10.0.0.239 "GET /v2.0/agents HTTP/1.1" status: 200 len: 997 time: 0.0073369
2026-09-07 11:57:08.987 10 INFO neutron.wsgi [-] 10.0.0.136 "GET / HTTP/1.1" status: 200 len: 247 time: 0.0022604
2026-09-07 11:57:08.988 9 INFO neutron.wsgi [-] 10.0.0.136 "GET / HTTP/1.1" status: 200 len: 247 time: 0.0026450
2026-09-07 11:57:23.988 9 INFO neutron.wsgi [-] 10.0.0.136 "GET / HTTP/1.1" status: 200 len: 247 time: 0.0026720
2026-09-07 11:57:23.993 9 INFO neutron.wsgi [-] 10.0.0.136 "GET / HTTP/1.1" status: 200 len: 247 time: 0.0033696
2026-09-07 11:57:24.557 9 INFO neutron.wsgi [None req-7d732677-e011-4296-be5d-2f97dd4f5f64 f54613d1eed143c784d352c380522db8 b671864245484ba58c69668388478e4b - - default default] 10.0.0.4 "GET /v2.0/networks HTTP/1.1" status: 200 len: 2369 time: 0.2140279 /var/lib/openstack/lib/python3.10/site-packages/pycadf/identifier.py:71: UserWarning: Invalid uuid: neutron. To ensure interoperability, identifiers should be a valid uuid. warnings.warn(('Invalid uuid: %s. To ensure interoperability, '
2026-09-07 11:57:25.918 10 INFO neutron.wsgi [None req-23bd37af-4051-4611-8ca5-70dffdb7a6da f54613d1eed143c784d352c380522db8 b671864245484ba58c69668388478e4b - - default default] 10.0.0.4 "GET /v2.0/floatingips HTTP/1.1" status: 200 len: 212 time: 0.0353570
2026-09-07 11:57:25.947 10 INFO neutron.wsgi [None req-5ea4f4a4-eea2-4c8d-8b4c-4599dcba43a7 f54613d1eed143c784d352c380522db8 b671864245484ba58c69668388478e4b - - default default] 10.0.0.4 "GET /v2.0/routers HTTP/1.1" status: 200 len: 208 time: 0.0261600
2026-09-07 11:57:25.975 10 INFO neutron.wsgi [None req-3af907c6-94a4-4159-8516-e76efd27d43e f54613d1eed143c784d352c380522db8 b671864245484ba58c69668388478e4b - - default default] 10.0.0.4 "GET /v2.0/ports HTTP/1.1" status: 200 len: 5368 time: 0.0231979
2026-09-07 11:57:26.006 10 INFO neutron.wsgi [None req-41ed4736-8626-443b-a56e-f765c6357a1a f54613d1eed143c784d352c380522db8 b671864245484ba58c69668388478e4b - - default default] 10.0.0.4 "GET /v2.0/subnets HTTP/1.1" status: 200 len: 1456 time: 0.0253110
2026-09-07 11:57:26.071 10 INFO neutron.wsgi [None req-6aa26eec-b11a-475c-824e-a35a8704d53f f54613d1eed143c784d352c380522db8 b671864245484ba58c69668388478e4b - - default default] 10.0.0.4 "GET /v2.0/networks HTTP/1.1" status: 200 len: 2369 time: 0.0593994
2026-09-07 11:57:26.110 10 INFO neutron.wsgi [None req-cfca5ded-d3b9-4b91-b7c4-ef7a27bad72a f54613d1eed143c784d352c380522db8 b671864245484ba58c69668388478e4b - - default default] 10.0.0.4 "GET /v2.0/security-groups HTTP/1.1" status: 200 len: 16822 time: 0.0333776
2026-09-07 11:57:26.126 10 INFO neutron.wsgi [None req-933ed797-0d76-4c91-8c63-5ae7f6da2c2e f54613d1eed143c784d352c380522db8 b671864245484ba58c69668388478e4b - - default default] 10.0.0.4 "GET /v2.0/subnetpools HTTP/1.1" status: 200 len: 212 time: 0.0101621
2026-09-07 11:57:36.583 9 INFO neutron.db.ovn_revision_numbers_db [None req-4f706562-593d-4a12-883c-11282ffbdd52 f54613d1eed143c784d352c380522db8 b671864245484ba58c69668388478e4b - - default default] Successfully bumped revision number for resource 42ed8ab8-cd6f-40e1-bc80-f442de3b57f9 (type: security_groups) to 1
2026-09-07 11:57:36.597 9 INFO neutron.db.ovn_revision_numbers_db [None req-4f706562-593d-4a12-883c-11282ffbdd52 f54613d1eed143c784d352c380522db8 b671864245484ba58c69668388478e4b - - default default] Successfully bumped revision number for resource 08d95909-895c-4c02-a909-476901821afe (type: security_group_rules) to 0
2026-09-07 11:57:36.639 9 INFO neutron.db.ovn_revision_numbers_db [None req-4f706562-593d-4a12-883c-11282ffbdd52 f54613d1eed143c784d352c380522db8 b671864245484ba58c69668388478e4b - - default default] Successfully bumped revision number for resource 3e522a32-78cc-43b7-ad3b-d5acc0f88ced (type: security_group_rules) to 0
2026-09-07 11:57:36.657 9 INFO neutron.db.ovn_revision_numbers_db [None req-4f706562-593d-4a12-883c-11282ffbdd52 f54613d1eed143c784d352c380522db8 b671864245484ba58c69668388478e4b - - default default] Successfully bumped revision number for resource 41090e9e-82d6-4acc-827e-6f69d92d2dfe (type: security_group_rules) to 0
2026-09-07 11:57:36.672 9 INFO neutron.db.ovn_revision_numbers_db [None req-4f706562-593d-4a12-883c-11282ffbdd52 f54613d1eed143c784d352c380522db8 b671864245484ba58c69668388478e4b - - default default] Successfully bumped revision number for resource 423db069-af02-46ea-a80e-7fe0e1d6a118 (type: security_group_rules) to 0
2026-09-07 11:57:36.739 9 INFO neutron.db.segments_db [None req-4f706562-593d-4a12-883c-11282ffbdd52 f54613d1eed143c784d352c380522db8 b671864245484ba58c69668388478e4b - - default default] Added segment 1c8c3d18-e9b4-41f9-8e5c-8e1e8b40f332 of type geneve for network d82384d7-ec33-40ba-88c0-7594615dacf5
2026-09-07 11:57:36.903 9 INFO neutron.db.ovn_revision_numbers_db [None req-32dda3a0-ecd3-4edb-8a79-58aee5d0cc85 f54613d1eed143c784d352c380522db8 b671864245484ba58c69668388478e4b - - default default] Successfully bumped revision number for resource 33792317-f54a-45f2-b3e7-90ecf67fec4f (type: security_groups) to 1
2026-09-07 11:57:36.909 9 INFO neutron.db.ovn_revision_numbers_db [None req-4f706562-593d-4a12-883c-11282ffbdd52 f54613d1eed143c784d352c380522db8 b671864245484ba58c69668388478e4b - - default default] Successfully bumped revision number for resource d82384d7-ec33-40ba-88c0-7594615dacf5 (type: networks) to 1
2026-09-07 11:57:36.918 9 INFO neutron.db.ovn_revision_numbers_db [None req-32dda3a0-ecd3-4edb-8a79-58aee5d0cc85 f54613d1eed143c784d352c380522db8 b671864245484ba58c69668388478e4b - - default default] Successfully bumped revision number for resource 1a3bbd98-95b2-4afb-8c43-f3e6125aa3f3 (type: security_group_rules) to 0
2026-09-07 11:57:36.939 9 INFO neutron.db.ovn_revision_numbers_db [None req-32dda3a0-ecd3-4edb-8a79-58aee5d0cc85 f54613d1eed143c784d352c380522db8 b671864245484ba58c69668388478e4b - - default default] Successfully bumped revision number for resource 96ad4e04-b38e-4d7f-9523-760ac22b8c2b (type: security_group_rules) to 0
2026-09-07 11:57:36.965 9 INFO neutron.db.ovn_revision_numbers_db [None req-32dda3a0-ecd3-4edb-8a79-58aee5d0cc85 f54613d1eed143c784d352c380522db8 b671864245484ba58c69668388478e4b - - default default] Successfully bumped revision number for resource 9e633f5e-c47f-4f7d-8ea6-98e379537f1e (type: security_group_rules) to 0
2026-09-07 11:57:36.994 9 INFO neutron.db.ovn_revision_numbers_db [None req-32dda3a0-ecd3-4edb-8a79-58aee5d0cc85 f54613d1eed143c784d352c380522db8 b671864245484ba58c69668388478e4b - - default default] Successfully bumped revision number for resource e7419bda-c242-4457-9819-92485d642ec7 (type: security_group_rules) to 0
2026-09-07 11:57:37.073 9 INFO neutron.db.segments_db [None req-32dda3a0-ecd3-4edb-8a79-58aee5d0cc85 f54613d1eed143c784d352c380522db8 b671864245484ba58c69668388478e4b - - default default] Added segment 4c0582e3-ff72-4b48-a899-0e0014a23aac of type geneve for network d4427f66-829d-43ca-be97-aa706c08be6f
2026-09-07 11:57:37.078 9 WARNING neutron.scheduler.dhcp_agent_scheduler [None req-4f706562-593d-4a12-883c-11282ffbdd52 f54613d1eed143c784d352c380522db8 b671864245484ba58c69668388478e4b - - default default] No more DHCP agents
2026-09-07 11:57:37.079 9 WARNING neutron.api.rpc.agentnotifiers.dhcp_rpc_agent_api [None req-4f706562-593d-4a12-883c-11282ffbdd52 f54613d1eed143c784d352c380522db8 b671864245484ba58c69668388478e4b - - default default] Unable to schedule network d82384d7-ec33-40ba-88c0-7594615dacf5: no agents available; will retry on subsequent port and subnet creation events.
2026-09-07 11:57:37.090 10 INFO neutron.db.ovn_revision_numbers_db [None req-ffe38c73-c5cd-4dd5-803b-bd75b803b629 f54613d1eed143c784d352c380522db8 b671864245484ba58c69668388478e4b - - default default] Successfully bumped revision number for resource 2caf5228-1f63-488d-bf15-277fbf3c68e5 (type: security_groups) to 1
2026-09-07 11:57:37.109 10 INFO neutron.db.ovn_revision_numbers_db [None req-ffe38c73-c5cd-4dd5-803b-bd75b803b629 f54613d1eed143c784d352c380522db8 b671864245484ba58c69668388478e4b - - default default] Successfully bumped revision number for resource 1d5a775c-62d5-4498-9dbb-de141da72ad6 (type: security_group_rules) to 0
2026-09-07 11:57:37.126 10 INFO neutron.db.ovn_revision_numbers_db [None req-ffe38c73-c5cd-4dd5-803b-bd75b803b629 f54613d1eed143c784d352c380522db8 b671864245484ba58c69668388478e4b - - default default] Successfully bumped revision number for resource 81ff5628-8cef-47fe-a700-e94403d4f594 (type: security_group_rules) to 0
2026-09-07 11:57:37.153 10 INFO neutron.db.ovn_revision_numbers_db [None req-ffe38c73-c5cd-4dd5-803b-bd75b803b629 f54613d1eed143c784d352c380522db8 b671864245484ba58c69668388478e4b - - default default] Successfully bumped revision number for resource b1f13609-ce3c-4c41-9a2c-667b42947ad9 (type: security_group_rules) to 0
2026-09-07 11:57:37.168 10 INFO neutron.db.ovn_revision_numbers_db [None req-ffe38c73-c5cd-4dd5-803b-bd75b803b629 f54613d1eed143c784d352c380522db8 b671864245484ba58c69668388478e4b - - default default] Successfully bumped revision number for resource d4d549c9-603b-4452-a397-0a65db4a6486 (type: security_group_rules) to 0
2026-09-07 11:57:37.181 9 INFO neutron.db.ovn_revision_numbers_db [None req-4f706562-593d-4a12-883c-11282ffbdd52 f54613d1eed143c784d352c380522db8 b671864245484ba58c69668388478e4b - - default default] Successfully bumped revision number for resource a99eeb0a-11b1-4386-bde2-f3b37857ac30 (type: ports) to 1
2026-09-07 11:57:37.222 9 INFO neutron.wsgi [None req-4f706562-593d-4a12-883c-11282ffbdd52 f54613d1eed143c784d352c380522db8 b671864245484ba58c69668388478e4b - - default default] 10.0.0.4 "POST /v2.0/networks HTTP/1.1" status: 201 len: 946 time: 0.8565505
2026-09-07 11:57:37.231 9 INFO neutron.db.ovn_revision_numbers_db [None req-32dda3a0-ecd3-4edb-8a79-58aee5d0cc85 f54613d1eed143c784d352c380522db8 b671864245484ba58c69668388478e4b - - default default] Successfully bumped revision number for resource d4427f66-829d-43ca-be97-aa706c08be6f (type: networks) to 1
2026-09-07 11:57:37.242 10 INFO neutron.db.segments_db [None req-ffe38c73-c5cd-4dd5-803b-bd75b803b629 f54613d1eed143c784d352c380522db8 b671864245484ba58c69668388478e4b - - default default] Added segment b0bba8a5-11d3-47a0-9aab-0f6c40c5ab0a of type geneve for network 39e7ae9d-936e-4aa8-9344-e05a3428006b
2026-09-07 11:57:37.418 10 INFO neutron.db.ovn_revision_numbers_db [None req-ffe38c73-c5cd-4dd5-803b-bd75b803b629 f54613d1eed143c784d352c380522db8 b671864245484ba58c69668388478e4b - - default default] Successfully bumped revision number for resource 39e7ae9d-936e-4aa8-9344-e05a3428006b (type: networks) to 1
2026-09-07 11:57:37.519 9 WARNING neutron.scheduler.dhcp_agent_scheduler [None req-32dda3a0-ecd3-4edb-8a79-58aee5d0cc85 f54613d1eed143c784d352c380522db8 b671864245484ba58c69668388478e4b - - default default] No more DHCP agents
2026-09-07 11:57:37.522 9 WARNING neutron.scheduler.dhcp_agent_scheduler [None req-f9f67b28-0d22-44c8-a950-dddd10a29a33 f54613d1eed143c784d352c380522db8 b671864245484ba58c69668388478e4b - - default default] No more DHCP agents
2026-09-07 11:57:37.522 9 WARNING neutron.api.rpc.agentnotifiers.dhcp_rpc_agent_api [None req-32dda3a0-ecd3-4edb-8a79-58aee5d0cc85 f54613d1eed143c784d352c380522db8 b671864245484ba58c69668388478e4b - - default default] Unable to schedule network d4427f66-829d-43ca-be97-aa706c08be6f: no agents available; will retry on subsequent port and subnet creation events.
2026-09-07 11:57:37.524 9 WARNING neutron.api.rpc.agentnotifiers.dhcp_rpc_agent_api [None req-f9f67b28-0d22-44c8-a950-dddd10a29a33 f54613d1eed143c784d352c380522db8 b671864245484ba58c69668388478e4b - - default default] Unable to schedule network d82384d7-ec33-40ba-88c0-7594615dacf5: no agents available; will retry on subsequent port and subnet creation events.
2026-09-07 11:57:37.551 10 WARNING neutron.scheduler.dhcp_agent_scheduler [None req-ffe38c73-c5cd-4dd5-803b-bd75b803b629 f54613d1eed143c784d352c380522db8 b671864245484ba58c69668388478e4b - - default default] No more DHCP agents
2026-09-07 11:57:37.553 10 WARNING neutron.api.rpc.agentnotifiers.dhcp_rpc_agent_api [None req-ffe38c73-c5cd-4dd5-803b-bd75b803b629 f54613d1eed143c784d352c380522db8 b671864245484ba58c69668388478e4b - - default default] Unable to schedule network 39e7ae9d-936e-4aa8-9344-e05a3428006b: no agents available; will retry on subsequent port and subnet creation events.
2026-09-07 11:57:37.629 10 INFO neutron.db.ovn_revision_numbers_db [None req-ffe38c73-c5cd-4dd5-803b-bd75b803b629 f54613d1eed143c784d352c380522db8 b671864245484ba58c69668388478e4b - - default default] Successfully bumped revision number for resource c0262a29-002d-4fa0-bb94-bc88b88b4865 (type: ports) to 1
2026-09-07 11:57:37.642 9 INFO neutron.db.ovn_revision_numbers_db [None req-32dda3a0-ecd3-4edb-8a79-58aee5d0cc85 f54613d1eed143c784d352c380522db8 b671864245484ba58c69668388478e4b - - default default] Successfully bumped revision number for resource 76e59c8a-f4e7-42fa-b4a4-b9568b7c3228 (type: ports) to 1
2026-09-07 11:57:37.645 10 INFO neutron.wsgi [None req-ffe38c73-c5cd-4dd5-803b-bd75b803b629 f54613d1eed143c784d352c380522db8 b671864245484ba58c69668388478e4b - - default default] 10.0.0.4 "POST /v2.0/networks HTTP/1.1" status: 201 len: 939 time: 0.7475219
2026-09-07 11:57:37.672 9 INFO neutron.wsgi [None req-32dda3a0-ecd3-4edb-8a79-58aee5d0cc85 f54613d1eed143c784d352c380522db8 b671864245484ba58c69668388478e4b - - default default] 10.0.0.4 "POST /v2.0/networks HTTP/1.1" status: 201 len: 950 time: 1.1416693
2026-09-07 11:57:37.841 10 WARNING neutron.scheduler.dhcp_agent_scheduler [None req-166c59a8-8eda-477b-a22a-8de5d2a12aa9 f54613d1eed143c784d352c380522db8 b671864245484ba58c69668388478e4b - - default default] No more DHCP agents
2026-09-07 11:57:37.844 10 WARNING neutron.api.rpc.agentnotifiers.dhcp_rpc_agent_api [None req-166c59a8-8eda-477b-a22a-8de5d2a12aa9 f54613d1eed143c784d352c380522db8 b671864245484ba58c69668388478e4b - - default default] Unable to schedule network 39e7ae9d-936e-4aa8-9344-e05a3428006b: no agents available; will retry on subsequent port and subnet creation events.
2026-09-07 11:57:37.862 10 WARNING neutron.scheduler.dhcp_agent_scheduler [None req-5e3d1f9e-a654-46f6-956d-7e91deb95498 f54613d1eed143c784d352c380522db8 b671864245484ba58c69668388478e4b - - default default] No more DHCP agents
2026-09-07 11:57:37.866 10 WARNING neutron.api.rpc.agentnotifiers.dhcp_rpc_agent_api [None req-5e3d1f9e-a654-46f6-956d-7e91deb95498 f54613d1eed143c784d352c380522db8 b671864245484ba58c69668388478e4b - - default default] Unable to schedule network d4427f66-829d-43ca-be97-aa706c08be6f: no agents available; will retry on subsequent port and subnet creation events.
2026-09-07 11:57:37.932 10 INFO neutron.db.ovn_revision_numbers_db [None req-62912315-3e7c-44d1-a3ef-12ef6ee1f099 f54613d1eed143c784d352c380522db8 b671864245484ba58c69668388478e4b - - default default] Successfully bumped revision number for resource cecdffec-584d-48fe-a870-f0270a7d8e47 (type: security_groups) to 1
2026-09-07 11:57:37.958 10 INFO neutron.db.ovn_revision_numbers_db [None req-62912315-3e7c-44d1-a3ef-12ef6ee1f099 f54613d1eed143c784d352c380522db8 b671864245484ba58c69668388478e4b - - default default] Successfully bumped revision number for resource 17541a26-5137-4b75-a61f-8fd49bbc1c23 (type: security_group_rules) to 0
2026-09-07 11:57:38.023 9 INFO neutron.db.ovn_revision_numbers_db [None req-f9f67b28-0d22-44c8-a950-dddd10a29a33 f54613d1eed143c784d352c380522db8 b671864245484ba58c69668388478e4b - - default default] Successfully bumped revision number for resource a99eeb0a-11b1-4386-bde2-f3b37857ac30 (type: ports) to 2
2026-09-07 11:57:38.038 10 INFO neutron.db.ovn_revision_numbers_db [None req-62912315-3e7c-44d1-a3ef-12ef6ee1f099 f54613d1eed143c784d352c380522db8 b671864245484ba58c69668388478e4b - - default default] Successfully bumped revision number for resource 795be78e-7692-41bb-b851-1a9ba1ae7fb2 (type: security_group_rules) to 0
2026-09-07 11:57:38.063 9 INFO neutron.db.ovn_revision_numbers_db [None req-f9f67b28-0d22-44c8-a950-dddd10a29a33 f54613d1eed143c784d352c380522db8 b671864245484ba58c69668388478e4b - - default default] Successfully bumped revision number for resource c3cceb4c-5a4c-4ebc-95ab-a72192b68689 (type: subnets) to 0
2026-09-07 11:57:38.067 10 INFO neutron.db.ovn_revision_numbers_db [None req-62912315-3e7c-44d1-a3ef-12ef6ee1f099 f54613d1eed143c784d352c380522db8 b671864245484ba58c69668388478e4b - - default default] Successfully bumped revision number for resource d54f67df-3371-4cfd-8c45-1f2496a19ba4 (type: security_group_rules) to 0
2026-09-07 11:57:38.080 9 INFO neutron.wsgi [None req-f9f67b28-0d22-44c8-a950-dddd10a29a33 f54613d1eed143c784d352c380522db8 b671864245484ba58c69668388478e4b - - default default] 10.0.0.4 "POST /v2.0/subnets HTTP/1.1" status: 201 len: 866 time: 0.8537879
2026-09-07 11:57:38.088 10 INFO neutron.db.ovn_revision_numbers_db [None req-62912315-3e7c-44d1-a3ef-12ef6ee1f099 f54613d1eed143c784d352c380522db8 b671864245484ba58c69668388478e4b - - default default] Successfully bumped revision number for resource d69c1fbb-a5cd-4383-a904-335e37cbd331 (type: security_group_rules) to 0
2026-09-07 11:57:38.142 10 INFO neutron.wsgi [None req-62912315-3e7c-44d1-a3ef-12ef6ee1f099 f54613d1eed143c784d352c380522db8 b671864245484ba58c69668388478e4b - - default default] 10.0.0.4 "GET /v2.0/security-groups?tenant_id=516b919f26ef470ab8b1efb78fe87201&name=default HTTP/1.1" status: 200 len: 2992 time: 0.5421300
2026-09-07 11:57:38.605 9 WARNING neutron.scheduler.dhcp_agent_scheduler [None req-416a6b47-4641-477d-a2e2-00f5e7daf9c5 f54613d1eed143c784d352c380522db8 b671864245484ba58c69668388478e4b - - default default] No more DHCP agents
2026-09-07 11:57:38.608 9 WARNING neutron.api.rpc.agentnotifiers.dhcp_rpc_agent_api [None req-416a6b47-4641-477d-a2e2-00f5e7daf9c5 f54613d1eed143c784d352c380522db8 b671864245484ba58c69668388478e4b - - default default] Unable to schedule network 68a220ec-f1dd-40d1-a667-d525a0334a14: no agents available; will retry on subsequent port and subnet creation events.
2026-09-07 11:57:38.620 10 INFO neutron.db.ovn_revision_numbers_db [None req-166c59a8-8eda-477b-a22a-8de5d2a12aa9 f54613d1eed143c784d352c380522db8 b671864245484ba58c69668388478e4b - - default default] Successfully bumped revision number for resource c0262a29-002d-4fa0-bb94-bc88b88b4865 (type: ports) to 2
2026-09-07 11:57:38.630 10 INFO neutron.wsgi [None req-603ef110-fd46-4f0d-bced-3121d0ca6794 f54613d1eed143c784d352c380522db8 b671864245484ba58c69668388478e4b - - default default] 10.0.0.4 "DELETE /v2.0/security-groups/cecdffec-584d-48fe-a870-f0270a7d8e47 HTTP/1.1" status: 204 len: 168 time: 0.4816551
2026-09-07 11:57:38.664 10 INFO neutron.db.ovn_revision_numbers_db [None req-5e3d1f9e-a654-46f6-956d-7e91deb95498 f54613d1eed143c784d352c380522db8 b671864245484ba58c69668388478e4b - - default default] Successfully bumped revision number for resource 76e59c8a-f4e7-42fa-b4a4-b9568b7c3228 (type: ports) to 2
2026-09-07 11:57:38.677 10 INFO neutron.db.ovn_revision_numbers_db [None req-166c59a8-8eda-477b-a22a-8de5d2a12aa9 f54613d1eed143c784d352c380522db8 b671864245484ba58c69668388478e4b - - default default] Successfully bumped revision number for resource 8c2c59c0-f304-4239-9887-7ebb993f3e1f (type: subnets) to 0
2026-09-07 11:57:38.693 10 INFO neutron.wsgi [None req-166c59a8-8eda-477b-a22a-8de5d2a12aa9 f54613d1eed143c784d352c380522db8 b671864245484ba58c69668388478e4b - - default default] 10.0.0.4 "POST /v2.0/subnets HTTP/1.1" status: 201 len: 859 time: 1.0439491
2026-09-07 11:57:38.704 10 INFO neutron.db.ovn_revision_numbers_db [None req-5e3d1f9e-a654-46f6-956d-7e91deb95498 f54613d1eed143c784d352c380522db8 b671864245484ba58c69668388478e4b - - default default] Successfully bumped revision number for resource 94c9eabb-bd8f-4bf0-b62a-3c80c6cb748d (type: subnets) to 0
2026-09-07 11:57:38.718 10 INFO neutron.wsgi [None req-5e3d1f9e-a654-46f6-956d-7e91deb95498 f54613d1eed143c784d352c380522db8 b671864245484ba58c69668388478e4b - - default default] 10.0.0.4 "POST /v2.0/subnets HTTP/1.1" status: 201 len: 870 time: 1.0419557
2026-09-07 11:57:38.736 9 INFO neutron.db.ovn_revision_numbers_db [None req-416a6b47-4641-477d-a2e2-00f5e7daf9c5 f54613d1eed143c784d352c380522db8 b671864245484ba58c69668388478e4b - - default default] Successfully bumped revision number for resource 8612085d-806b-440a-b621-61e70399b517 (type: ports) to 1
2026-09-07 11:57:38.992 9 INFO neutron.wsgi [-] 10.0.0.136 "GET / HTTP/1.1" status: 200 len: 247 time: 0.0011911
2026-09-07 11:57:38.994 9 INFO neutron.wsgi [-] 10.0.0.136 "GET / HTTP/1.1" status: 200 len: 247 time: 0.0009868
2026-09-07 11:57:39.160 9 INFO neutron.plugins.ml2.drivers.ovn.mech_driver.ovsdb.extensions.qos [None req-416a6b47-4641-477d-a2e2-00f5e7daf9c5 f54613d1eed143c784d352c380522db8 b671864245484ba58c69668388478e4b - - default default] Starting OVNClientQosExtension
2026-09-07 11:57:39.195 10 WARNING neutron.scheduler.dhcp_agent_scheduler [None req-4af2de9e-2258-4343-a3f1-ac8b9658b1c0 f54613d1eed143c784d352c380522db8 b671864245484ba58c69668388478e4b - - default default] No more DHCP agents
2026-09-07 11:57:39.198 10 WARNING neutron.api.rpc.agentnotifiers.dhcp_rpc_agent_api [None req-4af2de9e-2258-4343-a3f1-ac8b9658b1c0 f54613d1eed143c784d352c380522db8 b671864245484ba58c69668388478e4b - - default default] Unable to schedule network 68a220ec-f1dd-40d1-a667-d525a0334a14: no agents available; will retry on subsequent port and subnet creation events.
2026-09-07 11:57:39.328 10 INFO neutron.db.ovn_revision_numbers_db [None req-4af2de9e-2258-4343-a3f1-ac8b9658b1c0 f54613d1eed143c784d352c380522db8 b671864245484ba58c69668388478e4b - - default default] Successfully bumped revision number for resource 7b30b8ac-e8d9-4873-9603-7d4bf6429862 (type: ports) to 1
2026-09-07 11:57:39.359 9 WARNING neutron.scheduler.dhcp_agent_scheduler [None req-c20d604d-95cf-43c6-8a36-6e90f44c55a7 f54613d1eed143c784d352c380522db8 b671864245484ba58c69668388478e4b - - default default] No more DHCP agents
2026-09-07 11:57:39.376 9 WARNING neutron.api.rpc.agentnotifiers.dhcp_rpc_agent_api [None req-c20d604d-95cf-43c6-8a36-6e90f44c55a7 f54613d1eed143c784d352c380522db8 b671864245484ba58c69668388478e4b - - default default] Unable to schedule network 68a220ec-f1dd-40d1-a667-d525a0334a14: no agents available; will retry on subsequent port and subnet creation events.
2026-09-07 11:57:39.533 10 INFO neutron.plugins.ml2.drivers.ovn.mech_driver.ovsdb.extensions.qos [None req-4af2de9e-2258-4343-a3f1-ac8b9658b1c0 f54613d1eed143c784d352c380522db8 b671864245484ba58c69668388478e4b - - default default] Starting OVNClientQosExtension
2026-09-07 11:57:39.596 9 INFO neutron.db.ovn_revision_numbers_db [None req-c20d604d-95cf-43c6-8a36-6e90f44c55a7 f54613d1eed143c784d352c380522db8 b671864245484ba58c69668388478e4b - - default default] Successfully bumped revision number for resource d2dd6952-04bf-4082-9d1a-8c542aaa3f0e (type: ports) to 1
2026-09-07 11:57:39.600 9 INFO neutron.plugins.ml2.drivers.ovn.mech_driver.mech_driver [None req-bee1148f-0aab-47b4-b6da-bb3a311d9ca2 - - - - - -] OVN reports status up for port: 8612085d-806b-440a-b621-61e70399b517
2026-09-07 11:57:39.618 10 INFO neutron.plugins.ml2.drivers.ovn.mech_driver.ovsdb.ovsdb_monitor [-] Router 208d2e19-705e-44b7-be31-65a9e6e886e3 is bound to host instance
2026-09-07 11:57:39.621 9 INFO neutron.plugins.ml2.plugin [None req-bee1148f-0aab-47b4-b6da-bb3a311d9ca2 - - - - - -] Attempt 1 to provision port 8612085d-806b-440a-b621-61e70399b517
2026-09-07 11:57:39.743 9 INFO neutron.db.ovn_revision_numbers_db [None req-416a6b47-4641-477d-a2e2-00f5e7daf9c5 f54613d1eed143c784d352c380522db8 b671864245484ba58c69668388478e4b - - default default] Successfully bumped revision number for resource 8612085d-806b-440a-b621-61e70399b517 (type: router_ports) to 1
