2026-09-07 12:00:49.424 9 INFO neutron.db.ovn_revision_numbers_db [None req-c38aedd4-1d77-436d-ac13-2a879fa8b660 f54613d1eed143c784d352c380522db8 b671864245484ba58c69668388478e4b - - default default] Successfully bumped revision number for resource 4ce479fd-a077-45e5-b87b-b8a73c49b155 (type: security_group_rules) to 0
2026-09-07 12:00:49.437 9 INFO neutron.db.ovn_revision_numbers_db [None req-c38aedd4-1d77-436d-ac13-2a879fa8b660 f54613d1eed143c784d352c380522db8 b671864245484ba58c69668388478e4b - - default default] Successfully bumped revision number for resource 5c077244-8634-4afe-814c-ee5508145ad0 (type: security_group_rules) to 0
2026-09-07 12:00:49.455 9 INFO neutron.db.ovn_revision_numbers_db [None req-c38aedd4-1d77-436d-ac13-2a879fa8b660 f54613d1eed143c784d352c380522db8 b671864245484ba58c69668388478e4b - - default default] Successfully bumped revision number for resource f884d4f7-33c6-483e-a28b-99d9861f136b (type: security_group_rules) to 0
2026-09-07 12:00:49.474 9 INFO neutron.wsgi [None req-c38aedd4-1d77-436d-ac13-2a879fa8b660 f54613d1eed143c784d352c380522db8 b671864245484ba58c69668388478e4b - - default default] 10.0.0.4 "GET /v2.0/security-groups?tenant_id=c8d2de02071a4c2e972ca0c67d2c2e63&name=default HTTP/1.1" status: 200 len: 2996 time: 0.3358428
2026-09-07 12:00:49.488 10 INFO neutron.services.segments.plugin [-] Segment 623b3d93-03f8-4ec4-b3d6-07a75b13e19a resource provider aggregate not found
2026-09-07 12:00:49.493 10 INFO neutron.services.segments.plugin [-] Segment 623b3d93-03f8-4ec4-b3d6-07a75b13e19a resource provider aggregate not found
2026-09-07 12:00:49.510 10 INFO neutron.services.segments.plugin [-] Segment 623b3d93-03f8-4ec4-b3d6-07a75b13e19a resource provider not found; error: Placement Client Error (4xx): {"errors": [{"status": 404, "title": "Not Found", "detail": "The resource could not be found.\n\n No resource provider with uuid 623b3d93-03f8-4ec4-b3d6-07a75b13e19a found for delete ", "request_id": "req-34ba2b7c-834c-438d-af54-8f647954e146"}]}
2026-09-07 12:00:49.511 10 INFO neutron.services.segments.plugin [-] Segment 623b3d93-03f8-4ec4-b3d6-07a75b13e19a resource provider not found; error: Placement Client Error (4xx): {"errors": [{"status": 404, "title": "Not Found", "detail": "The resource could not be found.\n\n No resource provider with uuid 623b3d93-03f8-4ec4-b3d6-07a75b13e19a found for delete ", "request_id": "req-dd2f1f59-9f0a-4fc7-b209-e1956d40981d"}]}
2026-09-07 12:00:49.535 10 INFO neutron.wsgi [None req-0b7fc763-1cb8-4323-8b10-07642107dcb8 a2d03ebc033746dbb24bcd4ba9153c2a ae21df4bf3cd4539adb30f986e8e4570 - - default default] 10.0.0.4 "DELETE /v2.0/networks/1725c3e1-9824-4ee9-bcf0-b7459bf91230 HTTP/1.1" status: 204 len: 168 time: 0.4348469
2026-09-07 12:00:49.674 9 INFO neutron.wsgi [None req-31de5a30-10d0-491a-b8b4-75307737b99c f54613d1eed143c784d352c380522db8 b671864245484ba58c69668388478e4b - - default default] 10.0.0.4 "DELETE /v2.0/security-groups/13f23696-9310-4c0d-9a60-b564c2a6e325 HTTP/1.1" status: 204 len: 168 time: 0.1950634
2026-09-07 12:00:49.861 10 INFO neutron.wsgi [None req-cbee5a07-4cd6-4ced-9d08-235449dbfc26 a2d03ebc033746dbb24bcd4ba9153c2a ae21df4bf3cd4539adb30f986e8e4570 - - default default] 10.0.0.4 "DELETE /v2.0/networks/a36e168e-0f26-4d01-81bc-e0b59b4e9a1b HTTP/1.1" status: 204 len: 168 time: 0.3186016
2026-09-07 12:00:50.788 9 INFO neutron.wsgi [None req-0926dee1-aaab-4595-a090-0334cd5aaf28 f54613d1eed143c784d352c380522db8 b671864245484ba58c69668388478e4b - - default default] 10.0.0.4 "GET /v2.0/security-groups?tenant_id=ae21df4bf3cd4539adb30f986e8e4570&name=default HTTP/1.1" status: 200 len: 2996 time: 0.1220469
2026-09-07 12:00:50.974 9 INFO neutron.wsgi [None req-e147258c-c04f-4b11-bd5d-f2d4ae272811 f54613d1eed143c784d352c380522db8 b671864245484ba58c69668388478e4b - - default default] 10.0.0.4 "DELETE /v2.0/security-groups/e2f380fa-8d99-46a3-972e-bd06e787482a HTTP/1.1" status: 204 len: 168 time: 0.1800935
2026-09-07 12:00:51.255 9 INFO neutron.db.ovn_revision_numbers_db [None req-13348945-b520-49d4-b5fe-1c87a9d846bd f54613d1eed143c784d352c380522db8 b671864245484ba58c69668388478e4b - - default default] Successfully bumped revision number for resource 298e7374-cae0-4913-8ff4-fff135dd21c9 (type: security_groups) to 1
2026-09-07 12:00:51.274 9 INFO neutron.db.ovn_revision_numbers_db [None req-13348945-b520-49d4-b5fe-1c87a9d846bd f54613d1eed143c784d352c380522db8 b671864245484ba58c69668388478e4b - - default default] Successfully bumped revision number for resource 200e3eec-6171-4dd8-8156-6bd6e986297e (type: security_group_rules) to 0
2026-09-07 12:00:51.291 9 INFO neutron.db.ovn_revision_numbers_db [None req-13348945-b520-49d4-b5fe-1c87a9d846bd f54613d1eed143c784d352c380522db8 b671864245484ba58c69668388478e4b - - default default] Successfully bumped revision number for resource 7b5535a3-2455-4732-bc3b-4c9ccc54695f (type: security_group_rules) to 0
2026-09-07 12:00:51.307 9 INFO neutron.db.ovn_revision_numbers_db [None req-13348945-b520-49d4-b5fe-1c87a9d846bd f54613d1eed143c784d352c380522db8 b671864245484ba58c69668388478e4b - - default default] Successfully bumped revision number for resource e46610ed-a24b-48cf-9d41-f9540a1e1d28 (type: security_group_rules) to 0
2026-09-07 12:00:51.320 9 INFO neutron.db.ovn_revision_numbers_db [None req-13348945-b520-49d4-b5fe-1c87a9d846bd f54613d1eed143c784d352c380522db8 b671864245484ba58c69668388478e4b - - default default] Successfully bumped revision number for resource e6bcf69d-f0e9-4408-a454-e9a36bf5af4d (type: security_group_rules) to 0
2026-09-07 12:00:51.346 9 INFO neutron.wsgi [None req-13348945-b520-49d4-b5fe-1c87a9d846bd f54613d1eed143c784d352c380522db8 b671864245484ba58c69668388478e4b - - default default] 10.0.0.4 "GET /v2.0/security-groups?tenant_id=e138c944b6f64ec0a2fd5f06f0b92d0d&name=default HTTP/1.1" status: 200 len: 2996 time: 0.2375791
2026-09-07 12:00:51.538 10 INFO neutron.services.segments.plugin [-] Segment 31db5164-d158-49af-9aea-e0d020c70c6c resource provider aggregate not found
2026-09-07 12:00:51.546 10 INFO neutron.services.segments.plugin [-] Segment 31db5164-d158-49af-9aea-e0d020c70c6c resource provider aggregate not found
2026-09-07 12:00:51.559 10 INFO neutron.services.segments.plugin [-] Segment 31db5164-d158-49af-9aea-e0d020c70c6c resource provider not found; error: Placement Client Error (4xx): {"errors": [{"status": 404, "title": "Not Found", "detail": "The resource could not be found.\n\n No resource provider with uuid 31db5164-d158-49af-9aea-e0d020c70c6c found for delete ", "request_id": "req-9c38f820-0f4f-407a-b1a6-9e3baa4f897d"}]}
2026-09-07 12:00:51.565 10 INFO neutron.services.segments.plugin [-] Segment 31db5164-d158-49af-9aea-e0d020c70c6c resource provider not found; error: Placement Client Error (4xx): {"errors": [{"status": 404, "title": "Not Found", "detail": "The resource could not be found.\n\n No resource provider with uuid 31db5164-d158-49af-9aea-e0d020c70c6c found for delete ", "request_id": "req-2dbbda5c-e6e1-4a45-87da-43d3202b4334"}]}
2026-09-07 12:00:51.609 10 INFO neutron.wsgi [None req-6d864ca9-5607-476b-8e51-e12071d0a0a0 f54613d1eed143c784d352c380522db8 b671864245484ba58c69668388478e4b - - default default] 10.0.0.4 "DELETE /v2.0/security-groups/298e7374-cae0-4913-8ff4-fff135dd21c9 HTTP/1.1" status: 204 len: 168 time: 0.2589533
2026-09-07 12:00:51.968 10 INFO neutron.wsgi [req-93ab073f-7470-408b-a982-fe5067887c7a req-323388ed-88ac-4421-b8fa-2cfa4a7769e1 065a36f478c646509e7132d3a6cd62fb 9051cb71494a410fadc3d044b7eadea1 - - 2d723aedf69642c598baeaf57406f927 2d723aedf69642c598baeaf57406f927] 10.0.0.168 "GET /v2.0/ports?device_id=5c984475-1c84-48cc-8043-71c9a300f101 HTTP/1.1" status: 200 len: 1409 time: 0.0382833
2026-09-07 12:00:52.015 10 INFO neutron.wsgi [req-93ab073f-7470-408b-a982-fe5067887c7a req-0063a460-b017-484f-af55-e0b2f20cbe98 065a36f478c646509e7132d3a6cd62fb 9051cb71494a410fadc3d044b7eadea1 - - 2d723aedf69642c598baeaf57406f927 2d723aedf69642c598baeaf57406f927] 10.0.0.168 "GET /v2.0/security-groups?id=32c2dea9-9f3f-40fa-b669-25c4cafb638a&fields=id&fields=name HTTP/1.1" status: 200 len: 312 time: 0.0407202
2026-09-07 12:00:53.989 10 INFO neutron.wsgi [-] 10.0.0.136 "GET / HTTP/1.1" status: 200 len: 247 time: 0.0038004
2026-09-07 12:00:53.989 9 INFO neutron.wsgi [-] 10.0.0.136 "GET / HTTP/1.1" status: 200 len: 247 time: 0.0037456
2026-09-07 12:00:54.556 10 INFO neutron.db.ovn_revision_numbers_db [None req-99ea9bfc-9a54-4579-bd65-d41a0851ddc5 609015aab62e4445928847e7345e72e3 c497a7b525bd491f9a5a38bfdca51fc1 - - default default] Successfully bumped revision number for resource 415757d6-1e74-4fc9-afd7-9ea36bcef4d9 (type: security_groups) to 1
2026-09-07 12:00:54.571 10 INFO neutron.db.ovn_revision_numbers_db [None req-99ea9bfc-9a54-4579-bd65-d41a0851ddc5 609015aab62e4445928847e7345e72e3 c497a7b525bd491f9a5a38bfdca51fc1 - - default default] Successfully bumped revision number for resource 04e63393-4d38-49fe-ae02-711dc990372e (type: security_group_rules) to 0
2026-09-07 12:00:54.591 10 INFO neutron.db.ovn_revision_numbers_db [None req-99ea9bfc-9a54-4579-bd65-d41a0851ddc5 609015aab62e4445928847e7345e72e3 c497a7b525bd491f9a5a38bfdca51fc1 - - default default] Successfully bumped revision number for resource b8c20e52-8a83-4edd-a421-7ae31b411848 (type: security_group_rules) to 0
2026-09-07 12:00:54.609 10 INFO neutron.db.ovn_revision_numbers_db [None req-99ea9bfc-9a54-4579-bd65-d41a0851ddc5 609015aab62e4445928847e7345e72e3 c497a7b525bd491f9a5a38bfdca51fc1 - - default default] Successfully bumped revision number for resource f5aa9376-fe92-4cff-b215-f56127882df2 (type: security_group_rules) to 0
2026-09-07 12:00:54.625 10 INFO neutron.db.ovn_revision_numbers_db [None req-99ea9bfc-9a54-4579-bd65-d41a0851ddc5 609015aab62e4445928847e7345e72e3 c497a7b525bd491f9a5a38bfdca51fc1 - - default default] Successfully bumped revision number for resource f8a7aceb-958e-4925-8db0-c3190e8bddac (type: security_group_rules) to 0
2026-09-07 12:00:54.701 10 INFO neutron.db.segments_db [None req-99ea9bfc-9a54-4579-bd65-d41a0851ddc5 609015aab62e4445928847e7345e72e3 c497a7b525bd491f9a5a38bfdca51fc1 - - default default] Added segment 18cc2e1d-552c-4bf2-9266-a1acb50cb380 of type geneve for network 2ba2d594-a644-48ca-af47-b707f3f88a01
2026-09-07 12:00:54.958 10 INFO neutron.db.ovn_revision_numbers_db [None req-99ea9bfc-9a54-4579-bd65-d41a0851ddc5 609015aab62e4445928847e7345e72e3 c497a7b525bd491f9a5a38bfdca51fc1 - - default default] Successfully bumped revision number for resource 2ba2d594-a644-48ca-af47-b707f3f88a01 (type: networks) to 1
2026-09-07 12:00:55.003 9 INFO neutron.plugins.ml2.drivers.ovn.mech_driver.mech_driver [None req-bee1148f-0aab-47b4-b6da-bb3a311d9ca2 - - - - - -] OVN reports status down for port: ab3e520b-d739-4505-99d2-736f1a6296cd
2026-09-07 12:00:55.068 10 INFO neutron.wsgi [req-4d2af627-1982-48ee-894b-bc625c906dec req-32c574c6-e6ed-401c-b192-63833ad84cdc f44eaaa4f5e841cdaeb95511f3e637ec bd25fb5e9bf041d3a891f472272f41cb - - default default] 10.0.0.3 "GET /v2.0/ports?device_id=5c984475-1c84-48cc-8043-71c9a300f101 HTTP/1.1" status: 200 len: 1170 time: 0.1476350
2026-09-07 12:00:55.136 10 INFO neutron.wsgi [req-4d2af627-1982-48ee-894b-bc625c906dec req-fde1693b-d551-44eb-b0a6-e75e78039222 f44eaaa4f5e841cdaeb95511f3e637ec bd25fb5e9bf041d3a891f472272f41cb - - default default] 10.0.0.3 "GET /v2.0/security-groups?id=32c2dea9-9f3f-40fa-b669-25c4cafb638a&fields=id&fields=name HTTP/1.1" status: 200 len: 312 time: 0.0592527
2026-09-07 12:00:55.221 10 WARNING neutron.scheduler.dhcp_agent_scheduler [None req-99ea9bfc-9a54-4579-bd65-d41a0851ddc5 609015aab62e4445928847e7345e72e3 c497a7b525bd491f9a5a38bfdca51fc1 - - default default] No more DHCP agents
2026-09-07 12:00:55.223 9 INFO neutron.notifiers.nova [-] Nova event matching ['req-5b373e72-e27c-45de-8d14-33b3c1703758'] response: {'server_uuid': '5c984475-1c84-48cc-8043-71c9a300f101', 'name': 'network-vif-unplugged', 'status': 'completed', 'tag': 'ab3e520b-d739-4505-99d2-736f1a6296cd', 'code': 200}
2026-09-07 12:00:55.227 10 WARNING neutron.api.rpc.agentnotifiers.dhcp_rpc_agent_api [None req-99ea9bfc-9a54-4579-bd65-d41a0851ddc5 609015aab62e4445928847e7345e72e3 c497a7b525bd491f9a5a38bfdca51fc1 - - default default] Unable to schedule network 2ba2d594-a644-48ca-af47-b707f3f88a01: no agents available; will retry on subsequent port and subnet creation events.
2026-09-07 12:00:55.354 9 INFO neutron.wsgi [req-32952efa-e19f-4bda-87b9-c6cf00cf83af req-9aea6dc5-aa27-4529-aa21-b53fc2d0831f f44eaaa4f5e841cdaeb95511f3e637ec bd25fb5e9bf041d3a891f472272f41cb - - default default] 162.253.55.243 "GET /v2.0/ports?device_id=5c984475-1c84-48cc-8043-71c9a300f101 HTTP/1.1" status: 200 len: 1168 time: 0.1225739
2026-09-07 12:00:55.471 9 INFO neutron.db.ovn_revision_numbers_db [None req-bee1148f-0aab-47b4-b6da-bb3a311d9ca2 - - - - - -] Successfully bumped revision number for resource ab3e520b-d739-4505-99d2-736f1a6296cd (type: ports) to 5
2026-09-07 12:00:55.572 10 INFO neutron.db.ovn_revision_numbers_db [None req-99ea9bfc-9a54-4579-bd65-d41a0851ddc5 609015aab62e4445928847e7345e72e3 c497a7b525bd491f9a5a38bfdca51fc1 - - default default] Successfully bumped revision number for resource c65b4069-aa1e-4413-a0aa-9e962f25c8a7 (type: ports) to 1
2026-09-07 12:00:55.595 10 INFO neutron.wsgi [None req-99ea9bfc-9a54-4579-bd65-d41a0851ddc5 609015aab62e4445928847e7345e72e3 c497a7b525bd491f9a5a38bfdca51fc1 - - default default] 10.0.0.4 "POST /v2.0/networks HTTP/1.1" status: 201 len: 831 time: 1.3730497
2026-09-07 12:00:55.691 9 INFO neutron.db.l3_db [req-32952efa-e19f-4bda-87b9-c6cf00cf83af req-aba38cef-0d71-45eb-92aa-8dfeb8c06606 f44eaaa4f5e841cdaeb95511f3e637ec bd25fb5e9bf041d3a891f472272f41cb - - default default] Floating IP 09dcd6c7-7304-4062-b634-25bd8c6adaa1 disassociated. External IP: 10.96.250.206, port: ab3e520b-d739-4505-99d2-736f1a6296cd.
2026-09-07 12:00:55.831 10 WARNING neutron.scheduler.dhcp_agent_scheduler [None req-03b78052-38c5-449b-b2b7-b4884cd57472 609015aab62e4445928847e7345e72e3 c497a7b525bd491f9a5a38bfdca51fc1 - - default default] No more DHCP agents
2026-09-07 12:00:55.833 10 WARNING neutron.api.rpc.agentnotifiers.dhcp_rpc_agent_api [None req-03b78052-38c5-449b-b2b7-b4884cd57472 609015aab62e4445928847e7345e72e3 c497a7b525bd491f9a5a38bfdca51fc1 - - default default] Unable to schedule network 2ba2d594-a644-48ca-af47-b707f3f88a01: no agents available; will retry on subsequent port and subnet creation events.
2026-09-07 12:00:55.838 9 INFO neutron.wsgi [req-32952efa-e19f-4bda-87b9-c6cf00cf83af req-aba38cef-0d71-45eb-92aa-8dfeb8c06606 f44eaaa4f5e841cdaeb95511f3e637ec bd25fb5e9bf041d3a891f472272f41cb - - default default] 162.253.55.243 "DELETE /v2.0/ports/ab3e520b-d739-4505-99d2-736f1a6296cd HTTP/1.1" status: 204 len: 173 time: 0.4789820
2026-09-07 12:00:55.912 10 INFO neutron.db.ovn_revision_numbers_db [None req-03b78052-38c5-449b-b2b7-b4884cd57472 609015aab62e4445928847e7345e72e3 c497a7b525bd491f9a5a38bfdca51fc1 - - default default] Successfully bumped revision number for resource 30e2330b-8560-470f-8f5c-c1604b4aea79 (type: ports) to 1
2026-09-07 12:00:55.938 10 INFO neutron.wsgi [None req-03b78052-38c5-449b-b2b7-b4884cd57472 609015aab62e4445928847e7345e72e3 c497a7b525bd491f9a5a38bfdca51fc1 - - default default] 10.0.0.4 "POST /v2.0/ports HTTP/1.1" status: 201 len: 942 time: 0.3377371 /var/lib/openstack/lib/python3.10/site-packages/pycadf/identifier.py:71: UserWarning: Invalid uuid: neutron. To ensure interoperability, identifiers should be a valid uuid. warnings.warn(('Invalid uuid: %s. To ensure interoperability, '
2026-09-07 12:00:56.025 10 INFO neutron.db.segments_db [None req-a22379b8-37cd-4390-99fc-1cce70f7935c 609015aab62e4445928847e7345e72e3 c497a7b525bd491f9a5a38bfdca51fc1 - - default default] Added segment 065cb659-0e61-480f-9b43-1af1f22ee3ed of type geneve for network e481b84f-ad8d-4034-8d5c-4b6959e692bc
2026-09-07 12:00:56.189 10 INFO neutron.db.ovn_revision_numbers_db [None req-a22379b8-37cd-4390-99fc-1cce70f7935c 609015aab62e4445928847e7345e72e3 c497a7b525bd491f9a5a38bfdca51fc1 - - default default] Successfully bumped revision number for resource e481b84f-ad8d-4034-8d5c-4b6959e692bc (type: networks) to 1
2026-09-07 12:00:56.249 10 INFO neutron.wsgi [req-9550ead6-9da8-4107-a4c3-9818bd6bbc4c req-4466ec10-7125-4a50-a61a-34081b7d8976 f44eaaa4f5e841cdaeb95511f3e637ec bd25fb5e9bf041d3a891f472272f41cb - - default default] 10.0.0.3 "GET /v2.0/ports?device_id=5c984475-1c84-48cc-8043-71c9a300f101 HTTP/1.1" status: 200 len: 210 time: 0.0353935
2026-09-07 12:00:56.431 10 WARNING neutron.scheduler.dhcp_agent_scheduler [None req-a22379b8-37cd-4390-99fc-1cce70f7935c 609015aab62e4445928847e7345e72e3 c497a7b525bd491f9a5a38bfdca51fc1 - - default default] No more DHCP agents
2026-09-07 12:00:56.436 10 WARNING neutron.api.rpc.agentnotifiers.dhcp_rpc_agent_api [None req-a22379b8-37cd-4390-99fc-1cce70f7935c 609015aab62e4445928847e7345e72e3 c497a7b525bd491f9a5a38bfdca51fc1 - - default default] Unable to schedule network e481b84f-ad8d-4034-8d5c-4b6959e692bc: no agents available; will retry on subsequent port and subnet creation events.
2026-09-07 12:00:56.564 10 INFO neutron.db.ovn_revision_numbers_db [None req-a22379b8-37cd-4390-99fc-1cce70f7935c 609015aab62e4445928847e7345e72e3 c497a7b525bd491f9a5a38bfdca51fc1 - - default default] Successfully bumped revision number for resource 0aad3881-017a-4a69-91c6-8ac636e5e3fd (type: ports) to 1
2026-09-07 12:00:56.589 10 INFO neutron.wsgi [None req-a22379b8-37cd-4390-99fc-1cce70f7935c 609015aab62e4445928847e7345e72e3 c497a7b525bd491f9a5a38bfdca51fc1 - - default default] 10.0.0.4 "POST /v2.0/networks HTTP/1.1" status: 201 len: 831 time: 0.6458912
2026-09-07 12:00:56.892 10 WARNING neutron.scheduler.dhcp_agent_scheduler [None req-d525cc2d-8b14-41db-881e-45c862467ad7 609015aab62e4445928847e7345e72e3 c497a7b525bd491f9a5a38bfdca51fc1 - - default default] No more DHCP agents
2026-09-07 12:00:56.895 10 WARNING neutron.api.rpc.agentnotifiers.dhcp_rpc_agent_api [None req-d525cc2d-8b14-41db-881e-45c862467ad7 609015aab62e4445928847e7345e72e3 c497a7b525bd491f9a5a38bfdca51fc1 - - default default] Unable to schedule network e481b84f-ad8d-4034-8d5c-4b6959e692bc: no agents available; will retry on subsequent port and subnet creation events.
2026-09-07 12:00:57.013 10 INFO neutron.db.ovn_revision_numbers_db [None req-d525cc2d-8b14-41db-881e-45c862467ad7 609015aab62e4445928847e7345e72e3 c497a7b525bd491f9a5a38bfdca51fc1 - - default default] Successfully bumped revision number for resource 81126ecc-81c4-4fc2-a0b2-da7401efc6db (type: ports) to 1
2026-09-07 12:00:57.033 10 INFO neutron.wsgi [None req-d525cc2d-8b14-41db-881e-45c862467ad7 609015aab62e4445928847e7345e72e3 c497a7b525bd491f9a5a38bfdca51fc1 - - default default] 10.0.0.4 "POST /v2.0/ports HTTP/1.1" status: 201 len: 942 time: 0.4393971 /var/lib/openstack/lib/python3.10/site-packages/pycadf/identifier.py:71: UserWarning: Invalid uuid: neutron. To ensure interoperability, identifiers should be a valid uuid. warnings.warn(('Invalid uuid: %s. To ensure interoperability, '
2026-09-07 12:00:57.134 10 INFO neutron.db.segments_db [None req-e321bf2b-f3b6-4442-b42f-533da5e49c1b 609015aab62e4445928847e7345e72e3 c497a7b525bd491f9a5a38bfdca51fc1 - - default default] Added segment 6107436b-bc3e-48e9-8781-759d24f36526 of type geneve for network 44850eda-fed3-42ad-a9e2-86c3f8e7ed5e
2026-09-07 12:00:57.272 9 INFO neutron.notifiers.nova [-] Nova event matching ['req-b066d7d5-f404-4692-980e-ddd024787187'] response: {'server_uuid': '5c984475-1c84-48cc-8043-71c9a300f101', 'name': 'network-vif-plugged', 'status': 'completed', 'tag': 'ab3e520b-d739-4505-99d2-736f1a6296cd', 'code': 200}
2026-09-07 12:00:57.273 9 INFO neutron.notifiers.nova [-] Nova event matching ['req-b066d7d5-f404-4692-980e-ddd024787187'] response: {'server_uuid': '5c984475-1c84-48cc-8043-71c9a300f101', 'name': 'network-vif-deleted', 'tag': 'ab3e520b-d739-4505-99d2-736f1a6296cd', 'status': 'completed', 'code': 200}
2026-09-07 12:00:57.355 10 INFO neutron.db.ovn_revision_numbers_db [None req-e321bf2b-f3b6-4442-b42f-533da5e49c1b 609015aab62e4445928847e7345e72e3 c497a7b525bd491f9a5a38bfdca51fc1 - - default default] Successfully bumped revision number for resource 44850eda-fed3-42ad-a9e2-86c3f8e7ed5e (type: networks) to 1
2026-09-07 12:00:57.528 10 WARNING neutron.scheduler.dhcp_agent_scheduler [None req-e321bf2b-f3b6-4442-b42f-533da5e49c1b 609015aab62e4445928847e7345e72e3 c497a7b525bd491f9a5a38bfdca51fc1 - - default default] No more DHCP agents
2026-09-07 12:00:57.531 10 WARNING neutron.api.rpc.agentnotifiers.dhcp_rpc_agent_api [None req-e321bf2b-f3b6-4442-b42f-533da5e49c1b 609015aab62e4445928847e7345e72e3 c497a7b525bd491f9a5a38bfdca51fc1 - - default default] Unable to schedule network 44850eda-fed3-42ad-a9e2-86c3f8e7ed5e: no agents available; will retry on subsequent port and subnet creation events.
2026-09-07 12:00:57.535 10 INFO neutron.wsgi [None req-7f41879b-57c6-4da9-be3b-f3b551032c18 f44eaaa4f5e841cdaeb95511f3e637ec bd25fb5e9bf041d3a891f472272f41cb - - default default] 10.0.0.4 "DELETE /v2.0/security-groups/32c2dea9-9f3f-40fa-b669-25c4cafb638a HTTP/1.1" status: 204 len: 168 time: 0.2195709
2026-09-07 12:00:57.621 10 INFO neutron.db.ovn_revision_numbers_db [None req-e321bf2b-f3b6-4442-b42f-533da5e49c1b 609015aab62e4445928847e7345e72e3 c497a7b525bd491f9a5a38bfdca51fc1 - - default default] Successfully bumped revision number for resource fd4a25d7-4040-4a30-8526-bab1532e1e74 (type: ports) to 1
2026-09-07 12:00:57.652 10 INFO neutron.wsgi [None req-e321bf2b-f3b6-4442-b42f-533da5e49c1b 609015aab62e4445928847e7345e72e3 c497a7b525bd491f9a5a38bfdca51fc1 - - default default] 10.0.0.4 "POST /v2.0/networks HTTP/1.1" status: 201 len: 830 time: 0.6134510
2026-09-07 12:00:57.911 10 WARNING neutron.scheduler.dhcp_agent_scheduler [None req-885897d1-3cdd-4a22-bca4-debfd2f03e60 609015aab62e4445928847e7345e72e3 c497a7b525bd491f9a5a38bfdca51fc1 - - default default] No more DHCP agents
2026-09-07 12:00:57.915 10 WARNING neutron.api.rpc.agentnotifiers.dhcp_rpc_agent_api [None req-885897d1-3cdd-4a22-bca4-debfd2f03e60 609015aab62e4445928847e7345e72e3 c497a7b525bd491f9a5a38bfdca51fc1 - - default default] Unable to schedule network 44850eda-fed3-42ad-a9e2-86c3f8e7ed5e: no agents available; will retry on subsequent port and subnet creation events.
2026-09-07 12:00:57.961 10 INFO neutron.wsgi [None req-16a03287-cdcb-4993-ae06-dcbb6d29345c f44eaaa4f5e841cdaeb95511f3e637ec bd25fb5e9bf041d3a891f472272f41cb - - default default] 10.0.0.4 "DELETE /v2.0/floatingips/09dcd6c7-7304-4062-b634-25bd8c6adaa1 HTTP/1.1" status: 204 len: 168 time: 0.3869834
2026-09-07 12:00:58.008 10 INFO neutron.db.ovn_revision_numbers_db [None req-885897d1-3cdd-4a22-bca4-debfd2f03e60 609015aab62e4445928847e7345e72e3 c497a7b525bd491f9a5a38bfdca51fc1 - - default default] Successfully bumped revision number for resource c586e04b-0f34-4863-9c0a-71b5037e3a64 (type: ports) to 1
2026-09-07 12:00:58.029 10 INFO neutron.wsgi [None req-885897d1-3cdd-4a22-bca4-debfd2f03e60 609015aab62e4445928847e7345e72e3 c497a7b525bd491f9a5a38bfdca51fc1 - - default default] 10.0.0.4 "POST /v2.0/ports HTTP/1.1" status: 201 len: 942 time: 0.3727143 /var/lib/openstack/lib/python3.10/site-packages/pycadf/identifier.py:71: UserWarning: Invalid uuid: neutron. To ensure interoperability, identifiers should be a valid uuid. warnings.warn(('Invalid uuid: %s. To ensure interoperability, '
2026-09-07 12:00:58.147 10 INFO neutron.db.segments_db [None req-7a7e5cc9-176a-44c8-9bd8-792c180f533f 609015aab62e4445928847e7345e72e3 c497a7b525bd491f9a5a38bfdca51fc1 - - default default] Added segment 27c9603b-5d99-48b5-974b-a5fb10d1baa0 of type geneve for network 6217092e-1280-468a-86e4-28c208b3d902
2026-09-07 12:00:58.226 10 INFO neutron.wsgi [req-32d166de-f1e2-4cf0-aefb-dd1e4939d0c6 req-85a5c136-2336-411b-94b7-0bea1f8d3e57 f44eaaa4f5e841cdaeb95511f3e637ec bd25fb5e9bf041d3a891f472272f41cb - - default default] 10.0.0.3 "GET /v2.0/ports?device_id=4e270a22-af6d-4793-9355-5015a98bcabf HTTP/1.1" status: 200 len: 1170 time: 0.0717952
2026-09-07 12:00:58.228 9 INFO neutron.plugins.ml2.drivers.ovn.mech_driver.mech_driver [None req-bee1148f-0aab-47b4-b6da-bb3a311d9ca2 - - - - - -] OVN reports status down for port: 76cf7205-5949-4086-a0ab-7573ad2d86a5
2026-09-07 12:00:58.300 10 INFO neutron.wsgi [req-32d166de-f1e2-4cf0-aefb-dd1e4939d0c6 req-a001635b-7ce8-4ff6-982d-c5effccb72ac f44eaaa4f5e841cdaeb95511f3e637ec bd25fb5e9bf041d3a891f472272f41cb - - default default] 10.0.0.3 "GET /v2.0/security-groups?id=86aa3224-43ca-4960-a829-e28eb64c3916&fields=id&fields=name HTTP/1.1" status: 200 len: 312 time: 0.0624523
2026-09-07 12:00:58.363 10 INFO neutron.db.ovn_revision_numbers_db [None req-7a7e5cc9-176a-44c8-9bd8-792c180f533f 609015aab62e4445928847e7345e72e3 c497a7b525bd491f9a5a38bfdca51fc1 - - default default] Successfully bumped revision number for resource 6217092e-1280-468a-86e4-28c208b3d902 (type: networks) to 1 /var/lib/openstack/lib/python3.10/site-packages/pycadf/identifier.py:71: UserWarning: Invalid uuid: neutron. To ensure interoperability, identifiers should be a valid uuid. warnings.warn(('Invalid uuid: %s. To ensure interoperability, '
2026-09-07 12:00:58.508 9 INFO neutron.wsgi [req-53bec779-1f76-4c91-99e3-e69c298be07e req-e6e71436-f1fd-4784-bdc5-f0a87b0ba3cc f44eaaa4f5e841cdaeb95511f3e637ec bd25fb5e9bf041d3a891f472272f41cb - - default default] 162.253.55.243 "GET /v2.0/ports?device_id=4e270a22-af6d-4793-9355-5015a98bcabf HTTP/1.1" status: 200 len: 1168 time: 0.0466757
2026-09-07 12:00:58.529 10 WARNING neutron.scheduler.dhcp_agent_scheduler [None req-7a7e5cc9-176a-44c8-9bd8-792c180f533f 609015aab62e4445928847e7345e72e3 c497a7b525bd491f9a5a38bfdca51fc1 - - default default] No more DHCP agents
2026-09-07 12:00:58.530 10 WARNING neutron.api.rpc.agentnotifiers.dhcp_rpc_agent_api [None req-7a7e5cc9-176a-44c8-9bd8-792c180f533f 609015aab62e4445928847e7345e72e3 c497a7b525bd491f9a5a38bfdca51fc1 - - default default] Unable to schedule network 6217092e-1280-468a-86e4-28c208b3d902: no agents available; will retry on subsequent port and subnet creation events.
2026-09-07 12:00:58.595 10 INFO neutron.db.ovn_revision_numbers_db [None req-7a7e5cc9-176a-44c8-9bd8-792c180f533f 609015aab62e4445928847e7345e72e3 c497a7b525bd491f9a5a38bfdca51fc1 - - default default] Successfully bumped revision number for resource 69b4ed02-fc51-49ae-920d-974f9f181e2a (type: ports) to 1
2026-09-07 12:00:58.612 10 INFO neutron.wsgi [None req-7a7e5cc9-176a-44c8-9bd8-792c180f533f 609015aab62e4445928847e7345e72e3 c497a7b525bd491f9a5a38bfdca51fc1 - - default default] 10.0.0.4 "POST /v2.0/networks HTTP/1.1" status: 201 len: 830 time: 0.5676048
2026-09-07 12:00:58.811 9 INFO neutron.wsgi [None req-cdc526cb-b714-4e9c-9825-6553d1dcd9bd f54613d1eed143c784d352c380522db8 b671864245484ba58c69668388478e4b - - default default] 10.0.0.239 "GET /v2.0/floatingips HTTP/1.1" status: 200 len: 193 time: 0.2502251
2026-09-07 12:00:58.819 10 WARNING neutron.scheduler.dhcp_agent_scheduler [None req-0aaa14e9-cd32-4d92-b24d-ee1bb418d7f5 609015aab62e4445928847e7345e72e3 c497a7b525bd491f9a5a38bfdca51fc1 - - default default] No more DHCP agents
2026-09-07 12:00:58.822 10 WARNING neutron.api.rpc.agentnotifiers.dhcp_rpc_agent_api [None req-0aaa14e9-cd32-4d92-b24d-ee1bb418d7f5 609015aab62e4445928847e7345e72e3 c497a7b525bd491f9a5a38bfdca51fc1 - - default default] Unable to schedule network 6217092e-1280-468a-86e4-28c208b3d902: no agents available; will retry on subsequent port and subnet creation events.
2026-09-07 12:00:58.822 9 INFO neutron.db.ovn_revision_numbers_db [None req-bee1148f-0aab-47b4-b6da-bb3a311d9ca2 - - - - - -] Successfully bumped revision number for resource 76cf7205-5949-4086-a0ab-7573ad2d86a5 (type: ports) to 5
2026-09-07 12:00:58.888 10 INFO neutron.db.ovn_revision_numbers_db [None req-0aaa14e9-cd32-4d92-b24d-ee1bb418d7f5 609015aab62e4445928847e7345e72e3 c497a7b525bd491f9a5a38bfdca51fc1 - - default default] Successfully bumped revision number for resource ce83bc5e-f6b1-4d3b-8ba8-d3b336c1e679 (type: ports) to 1
2026-09-07 12:00:58.911 10 INFO neutron.wsgi [None req-0aaa14e9-cd32-4d92-b24d-ee1bb418d7f5 609015aab62e4445928847e7345e72e3 c497a7b525bd491f9a5a38bfdca51fc1 - - default default] 10.0.0.4 "POST /v2.0/ports HTTP/1.1" status: 201 len: 942 time: 0.2947206
2026-09-07 12:00:58.917 9 INFO neutron.wsgi [None req-af79e683-3ffe-4fbe-a98a-aac524cc9ca6 f54613d1eed143c784d352c380522db8 b671864245484ba58c69668388478e4b - - default default] 10.0.0.239 "GET /v2.0/networks HTTP/1.1" status: 200 len: 5920 time: 0.1045442 /var/lib/openstack/lib/python3.10/site-packages/pycadf/identifier.py:71: UserWarning: Invalid uuid: neutron. To ensure interoperability, identifiers should be a valid uuid. warnings.warn(('Invalid uuid: %s. To ensure interoperability, '
2026-09-07 12:00:58.977 9 INFO neutron.wsgi [None req-0c17ad8a-1386-4490-a420-c5e5ae052efa f54613d1eed143c784d352c380522db8 b671864245484ba58c69668388478e4b - - default default] 10.0.0.239 "GET /v2.0/ports HTTP/1.1" status: 200 len: 16695 time: 0.0535705 /var/lib/openstack/lib/python3.10/site-packages/pycadf/identifier.py:71: UserWarning: Invalid uuid: neutron. To ensure interoperability, identifiers should be a valid uuid. warnings.warn(('Invalid uuid: %s. To ensure interoperability, '
2026-09-07 12:00:59.005 9 INFO neutron.wsgi [None req-97453b04-d245-46be-bbff-c5f1a5de196e f54613d1eed143c784d352c380522db8 b671864245484ba58c69668388478e4b - - default default] 10.0.0.239 "GET /v2.0/network-ip-availabilities HTTP/1.1" status: 200 len: 2796 time: 0.0102863
2026-09-07 12:00:59.016 10 INFO neutron.db.segments_db [None req-232d60cb-d159-4066-b8bd-7be8a9eded96 609015aab62e4445928847e7345e72e3 c497a7b525bd491f9a5a38bfdca51fc1 - - default default] Added segment 8e8ca7ab-c8b2-4aee-8320-44490962f049 of type geneve for network 25e4bd56-274d-4221-95b4-ead723313849
2026-09-07 12:00:59.115 9 INFO neutron.wsgi [None req-e894f549-6bf3-441b-befe-0a8555a9a4f7 f54613d1eed143c784d352c380522db8 b671864245484ba58c69668388478e4b - - default default] 10.0.0.239 "GET /v2.0/routers HTTP/1.1" status: 200 len: 860 time: 0.1078851
2026-09-07 12:00:59.142 9 INFO neutron.wsgi [None req-93eb6d6b-1460-40dc-b0ba-5a408aabbf59 f54613d1eed143c784d352c380522db8 b671864245484ba58c69668388478e4b - - default default] 10.0.0.239 "GET /v2.0/agents?binary=ovn-controller HTTP/1.1" status: 200 len: 591 time: 0.0235043
2026-09-07 12:00:59.157 10 INFO neutron.db.ovn_revision_numbers_db [None req-232d60cb-d159-4066-b8bd-7be8a9eded96 609015aab62e4445928847e7345e72e3 c497a7b525bd491f9a5a38bfdca51fc1 - - default default] Successfully bumped revision number for resource 25e4bd56-274d-4221-95b4-ead723313849 (type: networks) to 1
2026-09-07 12:00:59.177 9 INFO neutron.wsgi [req-53bec779-1f76-4c91-99e3-e69c298be07e req-23400a64-6858-4a18-825e-1e112f39c6f2 f44eaaa4f5e841cdaeb95511f3e637ec bd25fb5e9bf041d3a891f472272f41cb - - default default] 162.253.55.243 "DELETE /v2.0/ports/76cf7205-5949-4086-a0ab-7573ad2d86a5 HTTP/1.1" status: 204 len: 173 time: 0.6668253
2026-09-07 12:00:59.181 9 INFO neutron.wsgi [None req-ae496e8b-802e-4dfe-ab3b-84f60897607e f54613d1eed143c784d352c380522db8 b671864245484ba58c69668388478e4b - - default default] 10.0.0.239 "GET /v2.0/subnets HTTP/1.1" status: 200 len: 2077 time: 0.0380337
2026-09-07 12:00:59.248 9 INFO neutron.wsgi [None req-00906e76-28f8-4085-948f-5f87a3d37e42 f54613d1eed143c784d352c380522db8 b671864245484ba58c69668388478e4b - - default default] 10.0.0.239 "GET /v2.0/security-groups HTTP/1.1" status: 200 len: 27455 time: 0.0653203
2026-09-07 12:00:59.273 9 INFO neutron.wsgi [None req-15ad8b7c-a9cc-4a17-bbb4-471453094e8c f54613d1eed143c784d352c380522db8 b671864245484ba58c69668388478e4b - - default default] 10.0.0.239 "GET /v2.0/agents HTTP/1.1" status: 200 len: 997 time: 0.0113020
2026-09-07 12:00:59.310 9 INFO neutron.wsgi [None req-11722edd-94a3-48aa-843f-73c322c068a0 f54613d1eed143c784d352c380522db8 b671864245484ba58c69668388478e4b - - default default] 10.0.0.239 "GET /v2.0/subnets HTTP/1.1" status: 200 len: 2077 time: 0.0293257
2026-09-07 12:00:59.320 9 INFO neutron.wsgi [None req-2f31e1e7-7610-4a94-a16d-7f8883798615 f54613d1eed143c784d352c380522db8 b671864245484ba58c69668388478e4b - - default default] 10.0.0.239 "GET /v2.0/subnetpools HTTP/1.1" status: 200 len: 193 time: 0.0085657
2026-09-07 12:00:59.324 9 INFO neutron.notifiers.nova [-] Nova event matching ['req-7cc3cbfc-acd9-4b67-96fc-0ebdde88fae8'] response: {'server_uuid': '4e270a22-af6d-4793-9355-5015a98bcabf', 'name': 'network-vif-unplugged', 'status': 'completed', 'tag': '76cf7205-5949-4086-a0ab-7573ad2d86a5', 'code': 200}
2026-09-07 12:00:59.325 9 INFO neutron.notifiers.nova [-] Nova event matching ['req-7cc3cbfc-acd9-4b67-96fc-0ebdde88fae8'] response: {'server_uuid': '4e270a22-af6d-4793-9355-5015a98bcabf', 'name': 'network-vif-plugged', 'status': 'completed', 'tag': '76cf7205-5949-4086-a0ab-7573ad2d86a5', 'code': 200}
2026-09-07 12:00:59.325 9 INFO neutron.notifiers.nova [-] Nova event matching ['req-7cc3cbfc-acd9-4b67-96fc-0ebdde88fae8'] response: {'server_uuid': '4e270a22-af6d-4793-9355-5015a98bcabf', 'name': 'network-vif-deleted', 'tag': '76cf7205-5949-4086-a0ab-7573ad2d86a5', 'status': 'completed', 'code': 200}
2026-09-07 12:00:59.453 10 INFO neutron.wsgi [req-cef1d0b4-92ac-47a6-a5ce-fdf4a3c7b437 req-25fdd851-faad-40c9-bcce-6f6ffb0b3495 f44eaaa4f5e841cdaeb95511f3e637ec bd25fb5e9bf041d3a891f472272f41cb - - default default] 10.0.0.3 "GET /v2.0/ports?device_id=4e270a22-af6d-4793-9355-5015a98bcabf HTTP/1.1" status: 200 len: 210 time: 0.0375581
2026-09-07 12:00:59.492 10 WARNING neutron.scheduler.dhcp_agent_scheduler [None req-232d60cb-d159-4066-b8bd-7be8a9eded96 609015aab62e4445928847e7345e72e3 c497a7b525bd491f9a5a38bfdca51fc1 - - default default] No more DHCP agents
2026-09-07 12:00:59.499 10 WARNING neutron.api.rpc.agentnotifiers.dhcp_rpc_agent_api [None req-232d60cb-d159-4066-b8bd-7be8a9eded96 609015aab62e4445928847e7345e72e3 c497a7b525bd491f9a5a38bfdca51fc1 - - default default] Unable to schedule network 25e4bd56-274d-4221-95b4-ead723313849: no agents available; will retry on subsequent port and subnet creation events.
2026-09-07 12:00:59.587 10 INFO neutron.db.ovn_revision_numbers_db [None req-232d60cb-d159-4066-b8bd-7be8a9eded96 609015aab62e4445928847e7345e72e3 c497a7b525bd491f9a5a38bfdca51fc1 - - default default] Successfully bumped revision number for resource 91b4a14b-528e-48fc-bf9a-9c083e556fea (type: ports) to 1
2026-09-07 12:00:59.605 10 INFO neutron.wsgi [None req-232d60cb-d159-4066-b8bd-7be8a9eded96 609015aab62e4445928847e7345e72e3 c497a7b525bd491f9a5a38bfdca51fc1 - - default default] 10.0.0.4 "POST /v2.0/networks HTTP/1.1" status: 201 len: 831 time: 0.6886959
2026-09-07 12:00:59.855 10 WARNING neutron.scheduler.dhcp_agent_scheduler [None req-bc789606-217e-471f-aba9-e612e3058196 609015aab62e4445928847e7345e72e3 c497a7b525bd491f9a5a38bfdca51fc1 - - default default] No more DHCP agents
2026-09-07 12:00:59.858 10 WARNING neutron.api.rpc.agentnotifiers.dhcp_rpc_agent_api [None req-bc789606-217e-471f-aba9-e612e3058196 609015aab62e4445928847e7345e72e3 c497a7b525bd491f9a5a38bfdca51fc1 - - default default] Unable to schedule network 25e4bd56-274d-4221-95b4-ead723313849: no agents available; will retry on subsequent port and subnet creation events.
2026-09-07 12:00:59.940 10 INFO neutron.db.ovn_revision_numbers_db [None req-bc789606-217e-471f-aba9-e612e3058196 609015aab62e4445928847e7345e72e3 c497a7b525bd491f9a5a38bfdca51fc1 - - default default] Successfully bumped revision number for resource 35b4e88a-172f-45a4-b627-38a6dc29bcdf (type: ports) to 1
2026-09-07 12:00:59.966 10 INFO neutron.wsgi [None req-bc789606-217e-471f-aba9-e612e3058196 609015aab62e4445928847e7345e72e3 c497a7b525bd491f9a5a38bfdca51fc1 - - default default] 10.0.0.4 "POST /v2.0/ports HTTP/1.1" status: 201 len: 942 time: 0.3546152 /var/lib/openstack/lib/python3.10/site-packages/pycadf/identifier.py:71: UserWarning: Invalid uuid: neutron. To ensure interoperability, identifiers should be a valid uuid. warnings.warn(('Invalid uuid: %s. To ensure interoperability, '
2026-09-07 12:01:00.013 10 INFO neutron.wsgi [None req-365e85fc-708d-4701-ab24-c4bcd981ba61 609015aab62e4445928847e7345e72e3 c497a7b525bd491f9a5a38bfdca51fc1 - - default default] 10.0.0.4 "PUT /v2.0/ports/30e2330b-8560-470f-8f5c-c1604b4aea79/tags HTTP/1.1" status: 200 len: 210 time: 0.0416598
2026-09-07 12:01:00.051 10 INFO neutron.wsgi [None req-49bf9c58-ae08-4002-8e06-7f6e9bd7423a 609015aab62e4445928847e7345e72e3 c497a7b525bd491f9a5a38bfdca51fc1 - - default default] 10.0.0.4 "PUT /v2.0/ports/81126ecc-81c4-4fc2-a0b2-da7401efc6db/tags HTTP/1.1" status: 200 len: 218 time: 0.0324221
2026-09-07 12:01:00.103 10 INFO neutron.wsgi [None req-566ff152-977b-4941-9818-acfc458ebf98 609015aab62e4445928847e7345e72e3 c497a7b525bd491f9a5a38bfdca51fc1 - - default default] 10.0.0.4 "PUT /v2.0/ports/c586e04b-0f34-4863-9c0a-71b5037e3a64/tags HTTP/1.1" status: 200 len: 227 time: 0.0473442
2026-09-07 12:01:00.170 9 INFO neutron.wsgi [None req-de8d15c8-7396-4ebb-af9a-27b9c3b25642 609015aab62e4445928847e7345e72e3 c497a7b525bd491f9a5a38bfdca51fc1 - - default default] 10.0.0.4 "PUT /v2.0/ports/ce83bc5e-f6b1-4d3b-8ba8-d3b336c1e679/tags HTTP/1.1" status: 200 len: 212 time: 0.0621371
2026-09-07 12:01:00.439 9 INFO neutron.wsgi [None req-82019a63-a7ae-4c35-b658-0744ae7ae47e 609015aab62e4445928847e7345e72e3 c497a7b525bd491f9a5a38bfdca51fc1 - - default default] 10.0.0.4 "GET /v2.0/ports?tags=red HTTP/1.1" status: 200 len: 2448 time: 0.2637336
2026-09-07 12:01:00.517 9 INFO neutron.wsgi [None req-0ee76c27-20d7-4e8f-b419-8f6f9ea41622 609015aab62e4445928847e7345e72e3 c497a7b525bd491f9a5a38bfdca51fc1 - - default default] 10.0.0.4 "GET /v2.0/ports?tags=red%2Cblue HTTP/1.1" status: 200 len: 1708 time: 0.0727723
2026-09-07 12:01:00.692 10 INFO neutron.wsgi [None req-d78cd93a-10db-4adf-9574-0bf99eef5d9e 609015aab62e4445928847e7345e72e3 c497a7b525bd491f9a5a38bfdca51fc1 - - default default] 10.0.0.4 "GET /v2.0/ports?tags-any=blue HTTP/1.1" status: 200 len: 1708 time: 0.1566947
2026-09-07 12:01:00.696 9 INFO neutron.wsgi [None req-42197c63-6f57-40c8-bd35-086e7a2253dd f44eaaa4f5e841cdaeb95511f3e637ec bd25fb5e9bf041d3a891f472272f41cb - - default default] 10.0.0.4 "DELETE /v2.0/security-groups/86aa3224-43ca-4960-a829-e28eb64c3916 HTTP/1.1" status: 204 len: 168 time: 0.1480432
2026-09-07 12:01:00.808 10 INFO neutron.wsgi [None req-3673fb5a-4ba2-46b5-b2bc-54d682e5c997 609015aab62e4445928847e7345e72e3 c497a7b525bd491f9a5a38bfdca51fc1 - - default default] 10.0.0.4 "GET /v2.0/ports?tags-any=red%2Cblue HTTP/1.1" status: 200 len: 2448 time: 0.1108766
2026-09-07 12:01:00.990 10 INFO neutron.wsgi [None req-ca44bb0e-4499-466e-b9cc-8cb43c2cc57b 609015aab62e4445928847e7345e72e3 c497a7b525bd491f9a5a38bfdca51fc1 - - default default] 10.0.0.4 "GET /v2.0/ports?not-tags=red HTTP/1.1" status: 200 len: 5463 time: 0.1765687
2026-09-07 12:01:01.187 9 INFO neutron.wsgi [None req-e9656fd2-e73d-4713-abd6-9a59912cf71c 609015aab62e4445928847e7345e72e3 c497a7b525bd491f9a5a38bfdca51fc1 - - default default] 10.0.0.4 "GET /v2.0/ports?not-tags=red%2Cblue HTTP/1.1" status: 200 len: 6203 time: 0.1914372
2026-09-07 12:01:01.253 9 INFO neutron.wsgi [None req-b3c418bd-bb03-463d-9160-156232877dc5 609015aab62e4445928847e7345e72e3 c497a7b525bd491f9a5a38bfdca51fc1 - - default default] 10.0.0.4 "GET /v2.0/ports?not-tags-any=blue HTTP/1.1" status: 200 len: 6203 time: 0.0603704
2026-09-07 12:01:01.323 9 INFO neutron.wsgi [None req-6209e213-988d-4b9e-b9bc-f117803d4aaf 609015aab62e4445928847e7345e72e3 c497a7b525bd491f9a5a38bfdca51fc1 - - default default] 10.0.0.4 "GET /v2.0/ports?not-tags-any=red%2Cblue HTTP/1.1" status: 200 len: 5463 time: 0.0639472
2026-09-07 12:01:01.529 9 INFO neutron.wsgi [None req-0f7bb3ad-3573-4972-bc2a-c0dd0d8fd215 609015aab62e4445928847e7345e72e3 c497a7b525bd491f9a5a38bfdca51fc1 - - default default] 10.0.0.4 "DELETE /v2.0/ports/30e2330b-8560-470f-8f5c-c1604b4aea79 HTTP/1.1" status: 204 len: 168 time: 0.1997714
2026-09-07 12:01:01.726 9 INFO neutron.wsgi [None req-f6938fd8-a6e8-40cb-9bbd-1bce50bae11f 609015aab62e4445928847e7345e72e3 c497a7b525bd491f9a5a38bfdca51fc1 - - default default] 10.0.0.4 "DELETE /v2.0/ports/81126ecc-81c4-4fc2-a0b2-da7401efc6db HTTP/1.1" status: 204 len: 168 time: 0.1917093
2026-09-07 12:01:01.846 10 INFO neutron.wsgi [None req-2baaf7c2-74bc-48d0-8459-52a6949eb2e6 f44eaaa4f5e841cdaeb95511f3e637ec bd25fb5e9bf041d3a891f472272f41cb - - default default] 10.0.0.4 "PUT /v2.0/routers/c4007b0a-3961-4478-bd85-fad07d8a4b2d/remove_router_interface HTTP/1.1" status: 200 len: 503 time: 1.1156366
2026-09-07 12:01:01.975 10 INFO neutron.wsgi [None req-d6a85b02-abd3-4c5c-a07b-1b4b4818a826 609015aab62e4445928847e7345e72e3 c497a7b525bd491f9a5a38bfdca51fc1 - - default default] 10.0.0.4 "DELETE /v2.0/ports/c586e04b-0f34-4863-9c0a-71b5037e3a64 HTTP/1.1" status: 204 len: 168 time: 0.2456422 /var/lib/openstack/lib/python3.10/site-packages/pycadf/identifier.py:71: UserWarning: Invalid uuid: neutron. To ensure interoperability, identifiers should be a valid uuid. warnings.warn(('Invalid uuid: %s. To ensure interoperability, '
2026-09-07 12:01:02.052 9 INFO neutron.wsgi [None req-97ecd5b2-67e1-4ffd-9636-b8aaf1c5c5cd f44eaaa4f5e841cdaeb95511f3e637ec bd25fb5e9bf041d3a891f472272f41cb - - default default] 10.0.0.4 "DELETE /v2.0/subnets/52599004-f54d-490b-ad99-17b58886c571 HTTP/1.1" status: 204 len: 168 time: 0.2014689
2026-09-07 12:01:02.186 10 INFO neutron.wsgi [None req-33278536-5c08-48ff-9df0-4c5e5a1a2486 609015aab62e4445928847e7345e72e3 c497a7b525bd491f9a5a38bfdca51fc1 - - default default] 10.0.0.4 "DELETE /v2.0/ports/ce83bc5e-f6b1-4d3b-8ba8-d3b336c1e679 HTTP/1.1" status: 204 len: 168 time: 0.2048354
2026-09-07 12:01:02.526 10 INFO neutron.wsgi [None req-d3c1dd6c-01d0-4aec-a6ef-9785351d0f3d 609015aab62e4445928847e7345e72e3 c497a7b525bd491f9a5a38bfdca51fc1 - - default default] 10.0.0.4 "DELETE /v2.0/ports/35b4e88a-172f-45a4-b627-38a6dc29bcdf HTTP/1.1" status: 204 len: 168 time: 0.3317738
2026-09-07 12:01:02.729 9 INFO neutron.wsgi [None req-86bea018-bd47-42fe-95fa-961741d69a22 f44eaaa4f5e841cdaeb95511f3e637ec bd25fb5e9bf041d3a891f472272f41cb - - default default] 10.0.0.4 "DELETE /v2.0/routers/c4007b0a-3961-4478-bd85-fad07d8a4b2d HTTP/1.1" status: 204 len: 168 time: 0.6708162
2026-09-07 12:01:02.926 10 INFO neutron.services.segments.plugin [-] Segment 18cc2e1d-552c-4bf2-9266-a1acb50cb380 resource provider aggregate not found
2026-09-07 12:01:02.930 10 INFO neutron.services.segments.plugin [-] Segment 18cc2e1d-552c-4bf2-9266-a1acb50cb380 resource provider aggregate not found
2026-09-07 12:01:02.947 10 INFO neutron.services.segments.plugin [-] Segment 18cc2e1d-552c-4bf2-9266-a1acb50cb380 resource provider not found; error: Placement Client Error (4xx): {"errors": [{"status": 404, "title": "Not Found", "detail": "The resource could not be found.\n\n No resource provider with uuid 18cc2e1d-552c-4bf2-9266-a1acb50cb380 found for delete ", "request_id": "req-6d6903d2-bb1d-432d-8b66-fb664878d08f"}]}
2026-09-07 12:01:02.955 10 INFO neutron.services.segments.plugin [-] Segment 18cc2e1d-552c-4bf2-9266-a1acb50cb380 resource provider not found; error: Placement Client Error (4xx): {"errors": [{"status": 404, "title": "Not Found", "detail": "The resource could not be found.\n\n No resource provider with uuid 18cc2e1d-552c-4bf2-9266-a1acb50cb380 found for delete ", "request_id": "req-14f6190a-26f7-4532-8333-ab61268db3e3"}]}
2026-09-07 12:01:02.978 10 INFO neutron.wsgi [None req-665d8f52-27f5-4b91-a8e9-dfb7906792ec 609015aab62e4445928847e7345e72e3 c497a7b525bd491f9a5a38bfdca51fc1 - - default default] 10.0.0.4 "DELETE /v2.0/networks/2ba2d594-a644-48ca-af47-b707f3f88a01 HTTP/1.1" status: 204 len: 168 time: 0.4473288
2026-09-07 12:01:03.093 9 INFO neutron.services.segments.plugin [-] Segment e11c1e2b-e04c-4f57-9a71-bdfa9097605c resource provider aggregate not found
2026-09-07 12:01:03.101 9 INFO neutron.services.segments.plugin [-] Segment e11c1e2b-e04c-4f57-9a71-bdfa9097605c resource provider aggregate not found
2026-09-07 12:01:03.108 9 INFO neutron.services.segments.plugin [-] Segment e11c1e2b-e04c-4f57-9a71-bdfa9097605c resource provider not found; error: Placement Client Error (4xx): {"errors": [{"status": 404, "title": "Not Found", "detail": "The resource could not be found.\n\n No resource provider with uuid e11c1e2b-e04c-4f57-9a71-bdfa9097605c found for delete ", "request_id": "req-d86b0eef-1442-435e-8712-3830c1cfff03"}]}
2026-09-07 12:01:03.123 9 INFO neutron.services.segments.plugin [-] Segment e11c1e2b-e04c-4f57-9a71-bdfa9097605c resource provider not found; error: Placement Client Error (4xx): {"errors": [{"status": 404, "title": "Not Found", "detail": "The resource could not be found.\n\n No resource provider with uuid e11c1e2b-e04c-4f57-9a71-bdfa9097605c found for delete ", "request_id": "req-1b3889eb-1d8c-4d7c-a3ac-c832b099d658"}]}
2026-09-07 12:01:03.138 9 INFO neutron.wsgi [None req-bf56eb9e-bd36-4f75-9c9a-1f9322b9ccae f44eaaa4f5e841cdaeb95511f3e637ec bd25fb5e9bf041d3a891f472272f41cb - - default default] 10.0.0.4 "DELETE /v2.0/networks/5ca730bb-a0dc-4cc7-b210-adde0717f119 HTTP/1.1" status: 204 len: 168 time: 0.4029183
2026-09-07 12:01:03.297 10 INFO neutron.wsgi [None req-f5e1fbe0-acb9-4b4f-b285-069144488633 609015aab62e4445928847e7345e72e3 c497a7b525bd491f9a5a38bfdca51fc1 - - default default] 10.0.0.4 "DELETE /v2.0/networks/e481b84f-ad8d-4034-8d5c-4b6959e692bc HTTP/1.1" status: 204 len: 168 time: 0.3129354
2026-09-07 12:01:03.648 9 INFO neutron.wsgi [None req-ee036e66-6a44-45bb-8a09-ef8fdd89541e 609015aab62e4445928847e7345e72e3 c497a7b525bd491f9a5a38bfdca51fc1 - - default default] 10.0.0.4 "DELETE /v2.0/networks/44850eda-fed3-42ad-a9e2-86c3f8e7ed5e HTTP/1.1" status: 204 len: 168 time: 0.3429465
2026-09-07 12:01:03.947 9 INFO neutron.wsgi [None req-990f2736-5a9c-4ef9-ad8c-29dc1aa191e7 609015aab62e4445928847e7345e72e3 c497a7b525bd491f9a5a38bfdca51fc1 - - default default] 10.0.0.4 "DELETE /v2.0/networks/6217092e-1280-468a-86e4-28c208b3d902 HTTP/1.1" status: 204 len: 168 time: 0.2945206
2026-09-07 12:01:04.008 10 INFO neutron.wsgi [None req-9890ce3c-96c3-479c-bae5-6538a2dcf48d f54613d1eed143c784d352c380522db8 b671864245484ba58c69668388478e4b - - default default] 10.0.0.4 "GET /v2.0/security-groups?tenant_id=bd25fb5e9bf041d3a891f472272f41cb&name=default HTTP/1.1" status: 200 len: 2996 time: 0.1617551
2026-09-07 12:01:04.222 10 INFO neutron.wsgi [None req-cf281f2a-c561-4daa-bbf6-a7663c288760 f54613d1eed143c784d352c380522db8 b671864245484ba58c69668388478e4b - - default default] 10.0.0.4 "DELETE /v2.0/security-groups/0d19e065-ccfc-41d6-a073-ca540ccebd12 HTTP/1.1" status: 204 len: 168 time: 0.2075329
2026-09-07 12:01:04.321 9 INFO neutron.wsgi [None req-55222089-6767-448f-b74f-066657673da6 609015aab62e4445928847e7345e72e3 c497a7b525bd491f9a5a38bfdca51fc1 - - default default] 10.0.0.4 "DELETE /v2.0/networks/25e4bd56-274d-4221-95b4-ead723313849 HTTP/1.1" status: 204 len: 168 time: 0.3675787
2026-09-07 12:01:04.534 10 INFO neutron.db.ovn_revision_numbers_db [None req-afbd18c9-bd31-44e4-abde-449c0867b190 f54613d1eed143c784d352c380522db8 b671864245484ba58c69668388478e4b - - default default] Successfully bumped revision number for resource e50bbef1-6f3c-4493-9734-765edb032c14 (type: security_groups) to 1
2026-09-07 12:01:04.549 10 INFO neutron.db.ovn_revision_numbers_db [None req-afbd18c9-bd31-44e4-abde-449c0867b190 f54613d1eed143c784d352c380522db8 b671864245484ba58c69668388478e4b - - default default] Successfully bumped revision number for resource 6164a386-6b98-4021-a2db-54a943e339a0 (type: security_group_rules) to 0
2026-09-07 12:01:04.562 10 INFO neutron.db.ovn_revision_numbers_db [None req-afbd18c9-bd31-44e4-abde-449c0867b190 f54613d1eed143c784d352c380522db8 b671864245484ba58c69668388478e4b - - default default] Successfully bumped revision number for resource 94eb7612-28ef-41d7-a604-61d55047e1b7 (type: security_group_rules) to 0
2026-09-07 12:01:04.574 10 INFO neutron.db.ovn_revision_numbers_db [None req-afbd18c9-bd31-44e4-abde-449c0867b190 f54613d1eed143c784d352c380522db8 b671864245484ba58c69668388478e4b - - default default] Successfully bumped revision number for resource 9c669d9f-7969-4996-b88a-c762df48d548 (type: security_group_rules) to 0
2026-09-07 12:01:04.585 10 INFO neutron.db.ovn_revision_numbers_db [None req-afbd18c9-bd31-44e4-abde-449c0867b190 f54613d1eed143c784d352c380522db8 b671864245484ba58c69668388478e4b - - default default] Successfully bumped revision number for resource bc29de08-8a77-432b-82ff-4119de8c82a4 (type: security_group_rules) to 0
2026-09-07 12:01:04.601 10 INFO neutron.wsgi [None req-afbd18c9-bd31-44e4-abde-449c0867b190 f54613d1eed143c784d352c380522db8 b671864245484ba58c69668388478e4b - - default default] 10.0.0.4 "GET /v2.0/security-groups?tenant_id=c3ca0f64a48b40be8f6f0cccf0452bed&name=default HTTP/1.1" status: 200 len: 2996 time: 0.1979237
2026-09-07 12:01:04.817 9 INFO neutron.wsgi [None req-01d92ab9-f3e9-47a5-b131-dae06c3fbbe6 f54613d1eed143c784d352c380522db8 b671864245484ba58c69668388478e4b - - default default] 10.0.0.4 "DELETE /v2.0/security-groups/e50bbef1-6f3c-4493-9734-765edb032c14 HTTP/1.1" status: 204 len: 168 time: 0.2110281
2026-09-07 12:01:04.972 10 INFO neutron.services.segments.plugin [-] Segment 065cb659-0e61-480f-9b43-1af1f22ee3ed resource provider aggregate not found
2026-09-07 12:01:04.982 10 INFO neutron.services.segments.plugin [-] Segment 065cb659-0e61-480f-9b43-1af1f22ee3ed resource provider aggregate not found
