2026-09-07 11:58:32.594 9 INFO neutron.notifiers.nova [-] Nova event matching ['req-c2c144bd-ce4e-4a58-a003-333971f1fdc5'] response: {'server_uuid': 'f644275a-50f9-4af2-897f-e5c40fab918e', 'name': 'network-vif-deleted', 'tag': '31d5f15a-592c-4468-966f-03815467b226', 'status': 'completed', 'code': 200}
2026-09-07 11:58:32.623 10 INFO neutron.db.ovn_revision_numbers_db [None req-ca974953-c129-4a8a-96f3-e3a581ca84b5 f54613d1eed143c784d352c380522db8 b671864245484ba58c69668388478e4b - - default default] Successfully bumped revision number for resource d2e550a2-cc4d-4414-8c30-339746c8a236 (type: networks) to 1
2026-09-07 11:58:32.722 9 INFO neutron.wsgi [None req-c03232ce-1a21-4fb4-9f19-51fbb9829370 6e40b265843145f8af87f1a1237cfab0 8a829ba724154c6d8643593c8091fd84 - - default default] 10.0.0.4 "DELETE /v2.0/security-groups/e79f89ef-7698-46f9-9fe9-289540898159 HTTP/1.1" status: 204 len: 168 time: 0.1361351
2026-09-07 11:58:32.737 9 INFO neutron.api.v2.resource [None req-17371a42-4c1c-490d-9853-0906b2b39393 6e40b265843145f8af87f1a1237cfab0 8a829ba724154c6d8643593c8091fd84 - - default default] show failed (client error): The resource could not be found.
2026-09-07 11:58:32.738 9 INFO neutron.wsgi [None req-17371a42-4c1c-490d-9853-0906b2b39393 6e40b265843145f8af87f1a1237cfab0 8a829ba724154c6d8643593c8091fd84 - - default default] 10.0.0.4 "GET /v2.0/security-groups/e79f89ef-7698-46f9-9fe9-289540898159 HTTP/1.1" status: 404 len: 347 time: 0.0109601
2026-09-07 11:58:32.819 10 INFO neutron.wsgi [None req-a8fdaa28-a8dd-4727-8d28-82aa2577304b f54613d1eed143c784d352c380522db8 b671864245484ba58c69668388478e4b - - default default] 10.0.0.4 "DELETE /v2.0/security-groups/1103a1f7-a97f-4d10-907a-b00589ae2d31 HTTP/1.1" status: 204 len: 168 time: 0.4098856
2026-09-07 11:58:32.878 10 WARNING neutron.scheduler.dhcp_agent_scheduler [None req-ca974953-c129-4a8a-96f3-e3a581ca84b5 f54613d1eed143c784d352c380522db8 b671864245484ba58c69668388478e4b - - default default] No more DHCP agents
2026-09-07 11:58:32.882 10 WARNING neutron.api.rpc.agentnotifiers.dhcp_rpc_agent_api [None req-ca974953-c129-4a8a-96f3-e3a581ca84b5 f54613d1eed143c784d352c380522db8 b671864245484ba58c69668388478e4b - - default default] Unable to schedule network d2e550a2-cc4d-4414-8c30-339746c8a236: no agents available; will retry on subsequent port and subnet creation events.
2026-09-07 11:58:32.981 10 INFO neutron.db.ovn_revision_numbers_db [None req-ca974953-c129-4a8a-96f3-e3a581ca84b5 f54613d1eed143c784d352c380522db8 b671864245484ba58c69668388478e4b - - default default] Successfully bumped revision number for resource 05852dcb-4539-4db0-aec1-6f1a20fc52c1 (type: ports) to 1
2026-09-07 11:58:33.003 10 INFO neutron.wsgi [None req-ca974953-c129-4a8a-96f3-e3a581ca84b5 f54613d1eed143c784d352c380522db8 b671864245484ba58c69668388478e4b - - default default] 10.0.0.4 "POST /v2.0/networks HTTP/1.1" status: 201 len: 946 time: 1.0708644
2026-09-07 11:58:33.070 9 INFO neutron.wsgi [None req-8e044bdb-7617-407e-8666-f2cba11644f0 6e40b265843145f8af87f1a1237cfab0 8a829ba724154c6d8643593c8091fd84 - - default default] 10.0.0.4 "DELETE /v2.0/floatingips/39e158c9-0ab7-4121-bfa8-883bf579328d HTTP/1.1" status: 204 len: 168 time: 0.3269773
2026-09-07 11:58:33.198 10 WARNING neutron.scheduler.dhcp_agent_scheduler [None req-25654a27-ab51-4133-90ee-d0b7c24fd6f6 f54613d1eed143c784d352c380522db8 b671864245484ba58c69668388478e4b - - default default] No more DHCP agents
2026-09-07 11:58:33.202 10 WARNING neutron.api.rpc.agentnotifiers.dhcp_rpc_agent_api [None req-25654a27-ab51-4133-90ee-d0b7c24fd6f6 f54613d1eed143c784d352c380522db8 b671864245484ba58c69668388478e4b - - default default] Unable to schedule network d2e550a2-cc4d-4414-8c30-339746c8a236: no agents available; will retry on subsequent port and subnet creation events.
2026-09-07 11:58:33.318 10 INFO neutron.services.segments.plugin [-] Segment ea84db96-3925-4d53-8f9c-e67c5ecb8ab7 resource provider aggregate not found
2026-09-07 11:58:33.327 10 INFO neutron.services.segments.plugin [-] Segment ea84db96-3925-4d53-8f9c-e67c5ecb8ab7 resource provider aggregate not found
2026-09-07 11:58:33.347 10 INFO neutron.services.segments.plugin [-] Segment ea84db96-3925-4d53-8f9c-e67c5ecb8ab7 resource provider not found; error: Placement Client Error (4xx): {"errors": [{"status": 404, "title": "Not Found", "detail": "The resource could not be found.\n\n No resource provider with uuid ea84db96-3925-4d53-8f9c-e67c5ecb8ab7 found for delete ", "request_id": "req-c7d27156-589d-4e2c-90b0-cadf84b6e992"}]}
2026-09-07 11:58:33.350 10 INFO neutron.services.segments.plugin [-] Segment ea84db96-3925-4d53-8f9c-e67c5ecb8ab7 resource provider not found; error: Placement Client Error (4xx): {"errors": [{"status": 404, "title": "Not Found", "detail": "The resource could not be found.\n\n No resource provider with uuid ea84db96-3925-4d53-8f9c-e67c5ecb8ab7 found for delete ", "request_id": "req-9be07e37-6c51-49ab-a230-06de6f34b3f4"}]}
2026-09-07 11:58:33.402 10 INFO neutron.wsgi [None req-b2af02eb-98bb-421f-b2a6-db33383b36c6 b98f898c04e3460a9cd8932687685fd2 dd346e7619ee48ccbdf42dbcb443c660 - - default default] 10.0.0.4 "DELETE /v2.0/networks/ddc0980c-a0ca-4376-b7d1-e2fa89c2a644 HTTP/1.1" status: 204 len: 168 time: 0.8543851
2026-09-07 11:58:33.431 9 INFO neutron.pecan_wsgi.hooks.translation [None req-d6a822fd-cb79-44d9-b5cb-9235fa27d9dd b98f898c04e3460a9cd8932687685fd2 dd346e7619ee48ccbdf42dbcb443c660 - - default default] DELETE failed (client error): The resource could not be found.
2026-09-07 11:58:33.433 9 INFO neutron.wsgi [None req-d6a822fd-cb79-44d9-b5cb-9235fa27d9dd b98f898c04e3460a9cd8932687685fd2 dd346e7619ee48ccbdf42dbcb443c660 - - default default] 10.0.0.4 "DELETE /v2.0/networks/ddc0980c-a0ca-4376-b7d1-e2fa89c2a644 HTTP/1.1" status: 404 len: 339 time: 0.0266104
2026-09-07 11:58:33.460 10 INFO neutron.notifiers.nova [-] Nova event matching ['req-38b33f60-c00c-4781-bd9c-3fc03adbe277'] response: {'server_uuid': 'f644275a-50f9-4af2-897f-e5c40fab918e', 'name': 'network-vif-plugged', 'status': 'completed', 'tag': '31d5f15a-592c-4468-966f-03815467b226', 'code': 200}
2026-09-07 11:58:33.559 9 INFO neutron.wsgi [None req-22a22b4c-2ec3-4120-829b-62f41b666d7c b98f898c04e3460a9cd8932687685fd2 dd346e7619ee48ccbdf42dbcb443c660 - - default default] 10.0.0.4 "GET /v2.0/networks?router%3Aexternal=True HTTP/1.1" status: 200 len: 845 time: 0.1166992
2026-09-07 11:58:33.642 9 INFO neutron.wsgi [None req-188a12f6-1332-479e-88fb-2903f9208427 b98f898c04e3460a9cd8932687685fd2 dd346e7619ee48ccbdf42dbcb443c660 - - default default] 10.0.0.4 "GET /v2.0/subnets?network_id=68a220ec-f1dd-40d1-a667-d525a0334a14 HTTP/1.1" status: 200 len: 820 time: 0.0715110
2026-09-07 11:58:33.654 10 INFO neutron.wsgi [None req-ab79cf7f-a3b5-4f3e-99bd-425ecec71232 b98f898c04e3460a9cd8932687685fd2 dd346e7619ee48ccbdf42dbcb443c660 - - default default] 10.0.0.4 "GET /v2.0/extensions HTTP/1.1" status: 200 len: 16520 time: 0.0058455
2026-09-07 11:58:33.933 10 INFO neutron.wsgi [None req-7fd29c45-ab51-4d96-95c1-afd900d73443 b98f898c04e3460a9cd8932687685fd2 dd346e7619ee48ccbdf42dbcb443c660 - - default default] 10.0.0.4 "GET /v2.0/networks HTTP/1.1" status: 200 len: 1503 time: 0.2720144
2026-09-07 11:58:33.947 10 INFO neutron.db.ovn_revision_numbers_db [None req-25654a27-ab51-4133-90ee-d0b7c24fd6f6 f54613d1eed143c784d352c380522db8 b671864245484ba58c69668388478e4b - - default default] Successfully bumped revision number for resource 05852dcb-4539-4db0-aec1-6f1a20fc52c1 (type: ports) to 2
2026-09-07 11:58:34.013 10 INFO neutron.db.ovn_revision_numbers_db [None req-25654a27-ab51-4133-90ee-d0b7c24fd6f6 f54613d1eed143c784d352c380522db8 b671864245484ba58c69668388478e4b - - default default] Successfully bumped revision number for resource d206de4a-0aab-4dfb-a1d2-7143829e1fad (type: subnets) to 0
2026-09-07 11:58:34.017 9 INFO neutron.wsgi [None req-57c8e0aa-3ba1-478c-a10d-9305980e5b76 b98f898c04e3460a9cd8932687685fd2 dd346e7619ee48ccbdf42dbcb443c660 - - default default] 10.0.0.4 "GET /v2.0/subnets HTTP/1.1" status: 200 len: 1428 time: 0.0758145
2026-09-07 11:58:34.043 10 INFO neutron.wsgi [None req-25654a27-ab51-4133-90ee-d0b7c24fd6f6 f54613d1eed143c784d352c380522db8 b671864245484ba58c69668388478e4b - - default default] 10.0.0.4 "POST /v2.0/subnets HTTP/1.1" status: 201 len: 866 time: 1.0332589
2026-09-07 11:58:34.286 9 INFO neutron.wsgi [None req-7ad8c527-77b0-498c-b3d5-5755d766198d b98f898c04e3460a9cd8932687685fd2 dd346e7619ee48ccbdf42dbcb443c660 - - default default] 10.0.0.4 "GET /v2.0/networks/9452115b-75ce-4146-ac1b-5dab0fa01f5d HTTP/1.1" status: 200 len: 862 time: 0.2562163
2026-09-07 11:58:34.333 9 INFO neutron.wsgi [None req-f043a8cf-24ad-46cc-9511-270aa429ed99 b98f898c04e3460a9cd8932687685fd2 dd346e7619ee48ccbdf42dbcb443c660 - - default default] 10.0.0.4 "GET /v2.0/subnets/a6a404a5-6b5a-4a15-9fa3-ac5cb8f1af68 HTTP/1.1" status: 200 len: 811 time: 0.0407248
2026-09-07 11:58:34.377 10 INFO neutron.pecan_wsgi.hooks.translation [None req-91718dba-6f7b-40a6-9ea3-bf5cd629162f b98f898c04e3460a9cd8932687685fd2 dd346e7619ee48ccbdf42dbcb443c660 - - default default] DELETE failed (client error): The resource could not be found.
2026-09-07 11:58:34.379 10 INFO neutron.wsgi [None req-91718dba-6f7b-40a6-9ea3-bf5cd629162f b98f898c04e3460a9cd8932687685fd2 dd346e7619ee48ccbdf42dbcb443c660 - - default default] 10.0.0.4 "DELETE /v2.0/subnets/e4be77dc-916b-4c35-ae07-a55cd231536a HTTP/1.1" status: 404 len: 337 time: 0.0248876
2026-09-07 11:58:34.417 9 INFO neutron.pecan_wsgi.hooks.translation [None req-4a363c0f-83b5-4c3f-9024-689cd9e2c355 b98f898c04e3460a9cd8932687685fd2 dd346e7619ee48ccbdf42dbcb443c660 - - default default] DELETE failed (client error): The resource could not be found.
2026-09-07 11:58:34.420 9 INFO neutron.wsgi [None req-4a363c0f-83b5-4c3f-9024-689cd9e2c355 b98f898c04e3460a9cd8932687685fd2 dd346e7619ee48ccbdf42dbcb443c660 - - default default] 10.0.0.4 "DELETE /v2.0/networks/ddc0980c-a0ca-4376-b7d1-e2fa89c2a644 HTTP/1.1" status: 404 len: 339 time: 0.0286803
2026-09-07 11:58:34.498 10 WARNING neutron.scheduler.dhcp_agent_scheduler [None req-0fc6b1c8-f0dd-470a-80cb-9262103a8908 f54613d1eed143c784d352c380522db8 b671864245484ba58c69668388478e4b - - default default] No more DHCP agents
2026-09-07 11:58:34.502 10 WARNING neutron.api.rpc.agentnotifiers.dhcp_rpc_agent_api [None req-0fc6b1c8-f0dd-470a-80cb-9262103a8908 f54613d1eed143c784d352c380522db8 b671864245484ba58c69668388478e4b - - default default] Unable to schedule network 68a220ec-f1dd-40d1-a667-d525a0334a14: no agents available; will retry on subsequent port and subnet creation events.
2026-09-07 11:58:34.555 9 INFO neutron.wsgi [None req-0fa0f9cf-d331-43f5-8596-0524e9bf4751 f54613d1eed143c784d352c380522db8 b671864245484ba58c69668388478e4b - - default default] 10.0.0.4 "PUT /v2.0/routers/de0a9be0-4d93-44e2-a606-7a1e9f6e7257/remove_router_interface HTTP/1.1" status: 200 len: 503 time: 1.3966262
2026-09-07 11:58:34.682 10 INFO neutron.db.ovn_revision_numbers_db [None req-0fc6b1c8-f0dd-470a-80cb-9262103a8908 f54613d1eed143c784d352c380522db8 b671864245484ba58c69668388478e4b - - default default] Successfully bumped revision number for resource d30251b7-bace-4b20-a3c6-d505c7f9006c (type: ports) to 1
2026-09-07 11:58:34.710 9 INFO neutron.wsgi [None req-1aa3de39-ee21-4e4d-b8e6-7d054b4b2e1f b98f898c04e3460a9cd8932687685fd2 dd346e7619ee48ccbdf42dbcb443c660 - - default default] 10.0.0.4 "DELETE /v2.0/subnets/a6a404a5-6b5a-4a15-9fa3-ac5cb8f1af68 HTTP/1.1" status: 204 len: 168 time: 0.2852452 /var/lib/openstack/lib/python3.10/site-packages/pycadf/identifier.py:71: UserWarning: Invalid uuid: neutron. To ensure interoperability, identifiers should be a valid uuid. warnings.warn(('Invalid uuid: %s. To ensure interoperability, '
2026-09-07 11:58:35.038 9 INFO neutron.services.segments.plugin [-] Segment 14f62f72-c51b-44af-951b-2a9e7fcfe095 resource provider aggregate not found
2026-09-07 11:58:35.045 9 INFO neutron.services.segments.plugin [-] Segment 14f62f72-c51b-44af-951b-2a9e7fcfe095 resource provider aggregate not found
2026-09-07 11:58:35.057 9 INFO neutron.services.segments.plugin [-] Segment 14f62f72-c51b-44af-951b-2a9e7fcfe095 resource provider not found; error: Placement Client Error (4xx): {"errors": [{"status": 404, "title": "Not Found", "detail": "The resource could not be found.\n\n No resource provider with uuid 14f62f72-c51b-44af-951b-2a9e7fcfe095 found for delete ", "request_id": "req-69257b6b-91ba-4c02-903b-ace60ac1b151"}]}
2026-09-07 11:58:35.068 9 INFO neutron.services.segments.plugin [-] Segment 14f62f72-c51b-44af-951b-2a9e7fcfe095 resource provider not found; error: Placement Client Error (4xx): {"errors": [{"status": 404, "title": "Not Found", "detail": "The resource could not be found.\n\n No resource provider with uuid 14f62f72-c51b-44af-951b-2a9e7fcfe095 found for delete ", "request_id": "req-e2e9b36f-e1d0-48ce-a9c9-f4c3009882c9"}]}
2026-09-07 11:58:35.090 9 INFO neutron.wsgi [None req-57d41dc1-94ac-42be-9c79-c5f6d3a8654a b98f898c04e3460a9cd8932687685fd2 dd346e7619ee48ccbdf42dbcb443c660 - - default default] 10.0.0.4 "DELETE /v2.0/networks/9452115b-75ce-4146-ac1b-5dab0fa01f5d HTTP/1.1" status: 204 len: 168 time: 0.3750858
2026-09-07 11:58:35.177 10 INFO neutron.db.ovn_revision_numbers_db [None req-1a3f7e54-4f4f-4fab-9ba8-817f5e8c7587 9e0f4dd09bb94eaa8679c632d10ab243 b80554d99f794697bdaac75e04a0e1d8 - - default default] Successfully bumped revision number for resource e50e78a6-e781-48c9-bb42-346d2b765fcb (type: security_groups) to 1
2026-09-07 11:58:35.201 10 INFO neutron.db.ovn_revision_numbers_db [None req-1a3f7e54-4f4f-4fab-9ba8-817f5e8c7587 9e0f4dd09bb94eaa8679c632d10ab243 b80554d99f794697bdaac75e04a0e1d8 - - default default] Successfully bumped revision number for resource 1b6d3371-56eb-49b8-8ded-67d95c745988 (type: security_group_rules) to 0
2026-09-07 11:58:35.401 10 INFO neutron.db.ovn_revision_numbers_db [None req-1a3f7e54-4f4f-4fab-9ba8-817f5e8c7587 9e0f4dd09bb94eaa8679c632d10ab243 b80554d99f794697bdaac75e04a0e1d8 - - default default] Successfully bumped revision number for resource 3b20c7e2-4b2b-4f48-a413-1f7cae66c080 (type: security_group_rules) to 0
2026-09-07 11:58:35.435 10 INFO neutron.db.ovn_revision_numbers_db [None req-1a3f7e54-4f4f-4fab-9ba8-817f5e8c7587 9e0f4dd09bb94eaa8679c632d10ab243 b80554d99f794697bdaac75e04a0e1d8 - - default default] Successfully bumped revision number for resource a34d1645-bede-4123-8ec2-d96c6da216d5 (type: security_group_rules) to 0
2026-09-07 11:58:35.460 10 INFO neutron.db.ovn_revision_numbers_db [None req-1a3f7e54-4f4f-4fab-9ba8-817f5e8c7587 9e0f4dd09bb94eaa8679c632d10ab243 b80554d99f794697bdaac75e04a0e1d8 - - default default] Successfully bumped revision number for resource b377bcd0-4b25-49ac-9c50-fb3a4b3ac890 (type: security_group_rules) to 0
2026-09-07 11:58:35.475 10 INFO neutron.wsgi [None req-1bef34b1-5f74-4ca8-bfc7-9dba2fd3bc83 f54613d1eed143c784d352c380522db8 b671864245484ba58c69668388478e4b - - default default] 10.0.0.4 "DELETE /v2.0/routers/de0a9be0-4d93-44e2-a606-7a1e9f6e7257 HTTP/1.1" status: 204 len: 168 time: 0.9149263
2026-09-07 11:58:35.518 10 INFO neutron.plugins.ml2.drivers.ovn.mech_driver.mech_driver [None req-4fbe34ef-2715-4231-9375-54f66b6e7902 - - - - - -] OVN reports status up for port: d30251b7-bace-4b20-a3c6-d505c7f9006c
2026-09-07 11:58:35.534 9 INFO neutron.plugins.ml2.drivers.ovn.mech_driver.ovsdb.ovsdb_monitor [None req-d0779deb-4ae6-4d28-a291-643e2b8cc76f - - - - - -] Router d9d831a2-d742-4771-aa8f-6822ddb78511 is bound to host instance
2026-09-07 11:58:35.541 10 INFO neutron.plugins.ml2.plugin [None req-4fbe34ef-2715-4231-9375-54f66b6e7902 - - - - - -] Attempt 1 to provision port d30251b7-bace-4b20-a3c6-d505c7f9006c
2026-09-07 11:58:35.563 10 INFO neutron.db.segments_db [None req-1a3f7e54-4f4f-4fab-9ba8-817f5e8c7587 9e0f4dd09bb94eaa8679c632d10ab243 b80554d99f794697bdaac75e04a0e1d8 - - default default] Added segment 17b9b163-873b-4741-bc96-0fa7dd059f15 of type geneve for network e4114c78-6696-46b1-a13c-fec5af0b706e
2026-09-07 11:58:35.564 10 INFO neutron.db.ovn_revision_numbers_db [None req-0fc6b1c8-f0dd-470a-80cb-9262103a8908 f54613d1eed143c784d352c380522db8 b671864245484ba58c69668388478e4b - - default default] Successfully bumped revision number for resource d30251b7-bace-4b20-a3c6-d505c7f9006c (type: router_ports) to 1
2026-09-07 11:58:35.674 10 INFO neutron.db.ovn_revision_numbers_db [None req-0fc6b1c8-f0dd-470a-80cb-9262103a8908 f54613d1eed143c784d352c380522db8 b671864245484ba58c69668388478e4b - - default default] Successfully bumped revision number for resource d9d831a2-d742-4771-aa8f-6822ddb78511 (type: routers) to 2
2026-09-07 11:58:35.686 10 INFO neutron.wsgi [None req-0fc6b1c8-f0dd-470a-80cb-9262103a8908 f54613d1eed143c784d352c380522db8 b671864245484ba58c69668388478e4b - - default default] 10.0.0.4 "POST /v2.0/routers HTTP/1.1" status: 201 len: 877 time: 1.6374767
2026-09-07 11:58:35.729 10 INFO neutron.db.segments_db [None req-1a3f7e54-4f4f-4fab-9ba8-817f5e8c7587 9e0f4dd09bb94eaa8679c632d10ab243 b80554d99f794697bdaac75e04a0e1d8 - - default default] Added segment f3e3ba24-f9a3-403e-b744-aac10d73bc22 of type geneve for network 6e678b90-d149-42e0-b321-dfab788d4d24
2026-09-07 11:58:35.780 9 INFO neutron.wsgi [None req-5536037a-758d-42c2-9df9-c483cda1db7c f54613d1eed143c784d352c380522db8 b671864245484ba58c69668388478e4b - - default default] 10.0.0.4 "DELETE /v2.0/subnets/9b9deb66-be4e-4afa-ac65-7c0cac0a2295 HTTP/1.1" status: 204 len: 168 time: 0.2993598
2026-09-07 11:58:35.961 10 INFO neutron.db.ovn_revision_numbers_db [None req-1a3f7e54-4f4f-4fab-9ba8-817f5e8c7587 9e0f4dd09bb94eaa8679c632d10ab243 b80554d99f794697bdaac75e04a0e1d8 - - default default] Successfully bumped revision number for resource e4114c78-6696-46b1-a13c-fec5af0b706e (type: networks) to 1
2026-09-07 11:58:35.984 10 INFO neutron.wsgi [None req-b7e4fd76-f56d-47d7-82db-662bc73ba313 f54613d1eed143c784d352c380522db8 b671864245484ba58c69668388478e4b - - default default] 10.0.0.4 "GET /v2.0/security-groups?tenant_id=dd346e7619ee48ccbdf42dbcb443c660&name=default HTTP/1.1" status: 200 len: 2996 time: 0.2801394
2026-09-07 11:58:36.152 9 INFO neutron.db.ovn_revision_numbers_db [None req-d0779deb-4ae6-4d28-a291-643e2b8cc76f - - - - - -] Successfully bumped revision number for resource d30251b7-bace-4b20-a3c6-d505c7f9006c (type: ports) to 1
2026-09-07 11:58:36.244 10 WARNING neutron.scheduler.dhcp_agent_scheduler [None req-1a3f7e54-4f4f-4fab-9ba8-817f5e8c7587 9e0f4dd09bb94eaa8679c632d10ab243 b80554d99f794697bdaac75e04a0e1d8 - - default default] No more DHCP agents
2026-09-07 11:58:36.250 10 WARNING neutron.api.rpc.agentnotifiers.dhcp_rpc_agent_api [None req-1a3f7e54-4f4f-4fab-9ba8-817f5e8c7587 9e0f4dd09bb94eaa8679c632d10ab243 b80554d99f794697bdaac75e04a0e1d8 - - default default] Unable to schedule network e4114c78-6696-46b1-a13c-fec5af0b706e: no agents available; will retry on subsequent port and subnet creation events.
2026-09-07 11:58:36.299 9 INFO neutron.wsgi [None req-38d4ecc4-0a28-4397-a0c5-3bc3ac8617c4 f54613d1eed143c784d352c380522db8 b671864245484ba58c69668388478e4b - - default default] 10.0.0.4 "DELETE /v2.0/security-groups/fd048c2e-046f-4eca-b1c4-ce255f6ba106 HTTP/1.1" status: 204 len: 168 time: 0.3046272
2026-09-07 11:58:36.416 10 INFO neutron.db.ovn_revision_numbers_db [None req-1a3f7e54-4f4f-4fab-9ba8-817f5e8c7587 9e0f4dd09bb94eaa8679c632d10ab243 b80554d99f794697bdaac75e04a0e1d8 - - default default] Successfully bumped revision number for resource 8ecf3bbf-4cc0-4588-adaa-4f57d9833fca (type: ports) to 1
2026-09-07 11:58:36.431 9 INFO neutron.db.ovn_revision_numbers_db [None req-d0779deb-4ae6-4d28-a291-643e2b8cc76f - - - - - -] Successfully bumped revision number for resource d30251b7-bace-4b20-a3c6-d505c7f9006c (type: router_ports) to 3
2026-09-07 11:58:36.496 10 INFO neutron.services.segments.plugin [-] Segment 3798d788-e8d5-485c-9ecb-b53d427b5150 resource provider aggregate not found
2026-09-07 11:58:36.505 10 INFO neutron.services.segments.plugin [-] Segment 3798d788-e8d5-485c-9ecb-b53d427b5150 resource provider aggregate not found
2026-09-07 11:58:36.517 10 INFO neutron.services.segments.plugin [-] Segment 3798d788-e8d5-485c-9ecb-b53d427b5150 resource provider not found; error: Placement Client Error (4xx): {"errors": [{"status": 404, "title": "Not Found", "detail": "The resource could not be found.\n\n No resource provider with uuid 3798d788-e8d5-485c-9ecb-b53d427b5150 found for delete ", "request_id": "req-bd6b8d57-0514-4a39-8834-dde660141069"}]}
2026-09-07 11:58:36.539 10 INFO neutron.services.segments.plugin [-] Segment 3798d788-e8d5-485c-9ecb-b53d427b5150 resource provider not found; error: Placement Client Error (4xx): {"errors": [{"status": 404, "title": "Not Found", "detail": "The resource could not be found.\n\n No resource provider with uuid 3798d788-e8d5-485c-9ecb-b53d427b5150 found for delete ", "request_id": "req-bbc4afa6-f956-4812-bcb3-e9e67ee34b1c"}]}
2026-09-07 11:58:36.581 9 INFO neutron.db.ovn_revision_numbers_db [None req-d0779deb-4ae6-4d28-a291-643e2b8cc76f - - - - - -] Successfully bumped revision number for resource d30251b7-bace-4b20-a3c6-d505c7f9006c (type: ports) to 2
2026-09-07 11:58:36.747 10 INFO neutron.wsgi [None req-d649a763-627e-466f-bec1-3262ac8cdf2f f54613d1eed143c784d352c380522db8 b671864245484ba58c69668388478e4b - - default default] 10.0.0.4 "DELETE /v2.0/networks/0be5abc7-16ff-4714-b426-ca83727c8da6 HTTP/1.1" status: 204 len: 168 time: 0.9614599
2026-09-07 11:58:36.758 10 INFO neutron.db.ovn_revision_numbers_db [None req-1a3f7e54-4f4f-4fab-9ba8-817f5e8c7587 9e0f4dd09bb94eaa8679c632d10ab243 b80554d99f794697bdaac75e04a0e1d8 - - default default] Successfully bumped revision number for resource 6e678b90-d149-42e0-b321-dfab788d4d24 (type: networks) to 1
2026-09-07 11:58:36.772 10 WARNING neutron.scheduler.dhcp_agent_scheduler [None req-2fd1b43e-26c3-4b96-89b5-97f7ab678bbb f54613d1eed143c784d352c380522db8 b671864245484ba58c69668388478e4b - - default default] No more DHCP agents
2026-09-07 11:58:36.776 10 WARNING neutron.api.rpc.agentnotifiers.dhcp_rpc_agent_api [None req-2fd1b43e-26c3-4b96-89b5-97f7ab678bbb f54613d1eed143c784d352c380522db8 b671864245484ba58c69668388478e4b - - default default] Unable to schedule network d2e550a2-cc4d-4414-8c30-339746c8a236: no agents available; will retry on subsequent port and subnet creation events.
2026-09-07 11:58:36.789 9 INFO neutron.db.ovn_revision_numbers_db [None req-d0779deb-4ae6-4d28-a291-643e2b8cc76f - - - - - -] Successfully bumped revision number for resource d30251b7-bace-4b20-a3c6-d505c7f9006c (type: ports) to 4
2026-09-07 11:58:36.978 10 INFO neutron.wsgi [None req-616cbb71-53ea-43dc-9396-5beed5a0ca46 f54613d1eed143c784d352c380522db8 b671864245484ba58c69668388478e4b - - default default] 10.0.0.4 "GET /v2.0/security-groups?tenant_id=8a829ba724154c6d8643593c8091fd84&name=default HTTP/1.1" status: 200 len: 2996 time: 0.0768552
2026-09-07 11:58:36.979 9 INFO neutron.db.ovn_revision_numbers_db [None req-d0779deb-4ae6-4d28-a291-643e2b8cc76f - - - - - -] Successfully bumped revision number for resource d30251b7-bace-4b20-a3c6-d505c7f9006c (type: router_ports) to 4
2026-09-07 11:58:36.998 10 WARNING neutron.scheduler.dhcp_agent_scheduler [None req-1a3f7e54-4f4f-4fab-9ba8-817f5e8c7587 9e0f4dd09bb94eaa8679c632d10ab243 b80554d99f794697bdaac75e04a0e1d8 - - default default] No more DHCP agents
2026-09-07 11:58:37.002 10 WARNING neutron.api.rpc.agentnotifiers.dhcp_rpc_agent_api [None req-1a3f7e54-4f4f-4fab-9ba8-817f5e8c7587 9e0f4dd09bb94eaa8679c632d10ab243 b80554d99f794697bdaac75e04a0e1d8 - - default default] Unable to schedule network 6e678b90-d149-42e0-b321-dfab788d4d24: no agents available; will retry on subsequent port and subnet creation events.
2026-09-07 11:58:37.004 10 INFO neutron.db.ovn_revision_numbers_db [None req-2fd1b43e-26c3-4b96-89b5-97f7ab678bbb f54613d1eed143c784d352c380522db8 b671864245484ba58c69668388478e4b - - default default] Successfully bumped revision number for resource 044314c6-eff6-451b-b5dc-848979a80ea9 (type: ports) to 1
2026-09-07 11:58:37.130 10 INFO neutron.db.ovn_revision_numbers_db [None req-1a3f7e54-4f4f-4fab-9ba8-817f5e8c7587 9e0f4dd09bb94eaa8679c632d10ab243 b80554d99f794697bdaac75e04a0e1d8 - - default default] Successfully bumped revision number for resource a8736c07-67c2-47e6-848e-0f266d7c5416 (type: ports) to 1
2026-09-07 11:58:37.163 10 INFO neutron.wsgi [None req-1a3f7e54-4f4f-4fab-9ba8-817f5e8c7587 9e0f4dd09bb94eaa8679c632d10ab243 b80554d99f794697bdaac75e04a0e1d8 - - default default] 10.0.0.4 "POST /v2.0/networks HTTP/1.1" status: 201 len: 1445 time: 2.4064209
2026-09-07 11:58:37.273 10 INFO neutron.wsgi [None req-65bbcc71-d6f3-49d9-9f9c-43653233fe9b 9e0f4dd09bb94eaa8679c632d10ab243 b80554d99f794697bdaac75e04a0e1d8 - - default default] 10.0.0.4 "GET /v2.0/networks HTTP/1.1" status: 200 len: 2051 time: 0.0949583
2026-09-07 11:58:37.427 10 INFO neutron.wsgi [None req-ed073f90-b0b4-4ac1-820c-ec2df563ed1e f54613d1eed143c784d352c380522db8 b671864245484ba58c69668388478e4b - - default default] 10.0.0.4 "DELETE /v2.0/security-groups/1ab62827-83a4-45c5-ad4a-52150f3c28f0 HTTP/1.1" status: 204 len: 168 time: 0.4393449
2026-09-07 11:58:37.556 9 INFO neutron.plugins.ml2.drivers.ovn.mech_driver.mech_driver [None req-bee1148f-0aab-47b4-b6da-bb3a311d9ca2 - - - - - -] OVN reports status up for port: 044314c6-eff6-451b-b5dc-848979a80ea9
2026-09-07 11:58:37.566 9 INFO neutron.plugins.ml2.plugin [None req-bee1148f-0aab-47b4-b6da-bb3a311d9ca2 - - - - - -] Attempt 1 to provision port 044314c6-eff6-451b-b5dc-848979a80ea9
2026-09-07 11:58:37.567 10 INFO neutron.db.ovn_revision_numbers_db [None req-2fd1b43e-26c3-4b96-89b5-97f7ab678bbb f54613d1eed143c784d352c380522db8 b671864245484ba58c69668388478e4b - - default default] Successfully bumped revision number for resource 044314c6-eff6-451b-b5dc-848979a80ea9 (type: router_ports) to 1
2026-09-07 11:58:37.755 9 INFO neutron.services.segments.plugin [-] Segment 17b9b163-873b-4741-bc96-0fa7dd059f15 resource provider aggregate not found
2026-09-07 11:58:37.762 9 INFO neutron.services.segments.plugin [-] Segment 17b9b163-873b-4741-bc96-0fa7dd059f15 resource provider aggregate not found
2026-09-07 11:58:37.763 10 INFO neutron.db.ovn_revision_numbers_db [None req-2fd1b43e-26c3-4b96-89b5-97f7ab678bbb f54613d1eed143c784d352c380522db8 b671864245484ba58c69668388478e4b - - default default] Successfully bumped revision number for resource 044314c6-eff6-451b-b5dc-848979a80ea9 (type: ports) to 1
2026-09-07 11:58:37.776 9 INFO neutron.services.segments.plugin [-] Segment 17b9b163-873b-4741-bc96-0fa7dd059f15 resource provider not found; error: Placement Client Error (4xx): {"errors": [{"status": 404, "title": "Not Found", "detail": "The resource could not be found.\n\n No resource provider with uuid 17b9b163-873b-4741-bc96-0fa7dd059f15 found for delete ", "request_id": "req-7f4febf6-01e2-4de9-87b4-ed8f79ccc8b3"}]}
2026-09-07 11:58:37.789 9 INFO neutron.services.segments.plugin [-] Segment 17b9b163-873b-4741-bc96-0fa7dd059f15 resource provider not found; error: Placement Client Error (4xx): {"errors": [{"status": 404, "title": "Not Found", "detail": "The resource could not be found.\n\n No resource provider with uuid 17b9b163-873b-4741-bc96-0fa7dd059f15 found for delete ", "request_id": "req-2e83cd1e-1e3c-42a4-bacb-bde12daae871"}]}
2026-09-07 11:58:37.807 9 INFO neutron.wsgi [None req-c89b2677-802a-4472-80b2-a19c7177c117 9e0f4dd09bb94eaa8679c632d10ab243 b80554d99f794697bdaac75e04a0e1d8 - - default default] 10.0.0.4 "DELETE /v2.0/networks/e4114c78-6696-46b1-a13c-fec5af0b706e HTTP/1.1" status: 204 len: 168 time: 0.5255024
2026-09-07 11:58:37.847 10 WARNING neutron.scheduler.dhcp_agent_scheduler [None req-2fd1b43e-26c3-4b96-89b5-97f7ab678bbb f54613d1eed143c784d352c380522db8 b671864245484ba58c69668388478e4b - - default default] No more DHCP agents
2026-09-07 11:58:37.850 10 WARNING neutron.api.rpc.agentnotifiers.dhcp_rpc_agent_api [None req-2fd1b43e-26c3-4b96-89b5-97f7ab678bbb f54613d1eed143c784d352c380522db8 b671864245484ba58c69668388478e4b - - default default] Unable to schedule network d2e550a2-cc4d-4414-8c30-339746c8a236: no agents available; will retry on subsequent port and subnet creation events.
2026-09-07 11:58:37.902 9 INFO neutron.db.ovn_revision_numbers_db [None req-bee1148f-0aab-47b4-b6da-bb3a311d9ca2 - - - - - -] Successfully bumped revision number for resource 044314c6-eff6-451b-b5dc-848979a80ea9 (type: ports) to 2
2026-09-07 11:58:38.018 9 INFO neutron.db.ovn_revision_numbers_db [None req-bee1148f-0aab-47b4-b6da-bb3a311d9ca2 - - - - - -] Successfully bumped revision number for resource 044314c6-eff6-451b-b5dc-848979a80ea9 (type: router_ports) to 2
2026-09-07 11:58:38.397 10 INFO neutron.wsgi [None req-0eefb3a2-5fe8-4971-9018-51bd81981f7f 9e0f4dd09bb94eaa8679c632d10ab243 b80554d99f794697bdaac75e04a0e1d8 - - default default] 10.0.0.4 "DELETE /v2.0/networks/6e678b90-d149-42e0-b321-dfab788d4d24 HTTP/1.1" status: 204 len: 168 time: 0.5843506
2026-09-07 11:58:38.436 10 INFO neutron.db.ovn_revision_numbers_db [None req-2fd1b43e-26c3-4b96-89b5-97f7ab678bbb f54613d1eed143c784d352c380522db8 b671864245484ba58c69668388478e4b - - default default] Successfully bumped revision number for resource 044314c6-eff6-451b-b5dc-848979a80ea9 (type: router_ports) to 2
2026-09-07 11:58:38.438 10 INFO neutron.wsgi [None req-2fd1b43e-26c3-4b96-89b5-97f7ab678bbb f54613d1eed143c784d352c380522db8 b671864245484ba58c69668388478e4b - - default default] 10.0.0.4 "PUT /v2.0/routers/d9d831a2-d742-4771-aa8f-6822ddb78511/add_router_interface HTTP/1.1" status: 200 len: 503 time: 2.7310781
2026-09-07 11:58:38.501 9 INFO neutron.wsgi [None req-3711300c-b7dd-4679-9491-c4f03bf67bd8 9e0f4dd09bb94eaa8679c632d10ab243 b80554d99f794697bdaac75e04a0e1d8 - - default default] 10.0.0.4 "GET /v2.0/networks HTTP/1.1" status: 200 len: 845 time: 0.0987489
2026-09-07 11:58:38.538 10 INFO neutron.services.segments.plugin [-] Segment f3e3ba24-f9a3-403e-b744-aac10d73bc22 resource provider aggregate not found
2026-09-07 11:58:38.559 10 INFO neutron.services.segments.plugin [-] Segment f3e3ba24-f9a3-403e-b744-aac10d73bc22 resource provider not found; error: Placement Client Error (4xx): {"errors": [{"status": 404, "title": "Not Found", "detail": "The resource could not be found.\n\n No resource provider with uuid f3e3ba24-f9a3-403e-b744-aac10d73bc22 found for delete ", "request_id": "req-ae11e8ae-ceac-442d-9f2b-15c5eb601978"}]}
2026-09-07 11:58:38.588 10 INFO neutron.services.segments.plugin [-] Segment f3e3ba24-f9a3-403e-b744-aac10d73bc22 resource provider aggregate not found
2026-09-07 11:58:38.603 9 INFO neutron.db.segments_db [None req-e0192f67-d364-4123-abbf-2c905ab0c458 9e0f4dd09bb94eaa8679c632d10ab243 b80554d99f794697bdaac75e04a0e1d8 - - default default] Added segment 6c4a2cca-cf80-4022-bff5-a3cf971035e4 of type geneve for network a72fb373-21af-4737-8b1a-85d7ac50e481
2026-09-07 11:58:38.610 10 INFO neutron.services.segments.plugin [-] Segment f3e3ba24-f9a3-403e-b744-aac10d73bc22 resource provider not found; error: Placement Client Error (4xx): {"errors": [{"status": 404, "title": "Not Found", "detail": "The resource could not be found.\n\n No resource provider with uuid f3e3ba24-f9a3-403e-b744-aac10d73bc22 found for delete ", "request_id": "req-7ce732e7-46c7-4afe-b01f-d02a2629a6b7"}]}
2026-09-07 11:58:38.736 9 INFO neutron.db.ovn_revision_numbers_db [None req-e0192f67-d364-4123-abbf-2c905ab0c458 9e0f4dd09bb94eaa8679c632d10ab243 b80554d99f794697bdaac75e04a0e1d8 - - default default] Successfully bumped revision number for resource a72fb373-21af-4737-8b1a-85d7ac50e481 (type: networks) to 1
2026-09-07 11:58:38.806 10 INFO neutron.db.ovn_revision_numbers_db [None req-f6e09b7f-da40-49c7-8d84-8de30aa3ae47 9591f8b7a1a142729a099edb88f6c7c5 cc1288ce3337492f83c60f2c14050921 - - default default] Successfully bumped revision number for resource 1f3c5895-f79d-4e96-b6a6-13661c48bf03 (type: security_groups) to 1
2026-09-07 11:58:38.820 10 INFO neutron.db.ovn_revision_numbers_db [None req-f6e09b7f-da40-49c7-8d84-8de30aa3ae47 9591f8b7a1a142729a099edb88f6c7c5 cc1288ce3337492f83c60f2c14050921 - - default default] Successfully bumped revision number for resource 04d08297-8341-4e8b-8dab-18cc5678d0d2 (type: security_group_rules) to 0
2026-09-07 11:58:38.836 10 INFO neutron.db.ovn_revision_numbers_db [None req-f6e09b7f-da40-49c7-8d84-8de30aa3ae47 9591f8b7a1a142729a099edb88f6c7c5 cc1288ce3337492f83c60f2c14050921 - - default default] Successfully bumped revision number for resource 9bbd8bfb-d896-4c7b-bd54-f093bb881050 (type: security_group_rules) to 0
2026-09-07 11:58:38.852 10 INFO neutron.db.ovn_revision_numbers_db [None req-f6e09b7f-da40-49c7-8d84-8de30aa3ae47 9591f8b7a1a142729a099edb88f6c7c5 cc1288ce3337492f83c60f2c14050921 - - default default] Successfully bumped revision number for resource d0b59495-c4e1-4101-a152-788394f6f4be (type: security_group_rules) to 0
2026-09-07 11:58:38.865 10 INFO neutron.db.ovn_revision_numbers_db [None req-f6e09b7f-da40-49c7-8d84-8de30aa3ae47 9591f8b7a1a142729a099edb88f6c7c5 cc1288ce3337492f83c60f2c14050921 - - default default] Successfully bumped revision number for resource da11b742-300c-488b-ba3a-eb0d013c3413 (type: security_group_rules) to 0
2026-09-07 11:58:38.939 10 INFO neutron.db.segments_db [None req-f6e09b7f-da40-49c7-8d84-8de30aa3ae47 9591f8b7a1a142729a099edb88f6c7c5 cc1288ce3337492f83c60f2c14050921 - - default default] Added segment e8972d12-329d-4975-ace3-d72788fa012d of type geneve for network c84bffb1-f08e-460a-ba2a-8eff190fedd4
2026-09-07 11:58:38.996 10 INFO neutron.wsgi [-] 10.0.0.136 "GET / HTTP/1.1" status: 200 len: 247 time: 0.0013890
2026-09-07 11:58:38.997 10 INFO neutron.wsgi [-] 10.0.0.136 "GET / HTTP/1.1" status: 200 len: 247 time: 0.0008442
2026-09-07 11:58:39.072 9 WARNING neutron.scheduler.dhcp_agent_scheduler [None req-e0192f67-d364-4123-abbf-2c905ab0c458 9e0f4dd09bb94eaa8679c632d10ab243 b80554d99f794697bdaac75e04a0e1d8 - - default default] No more DHCP agents
2026-09-07 11:58:39.076 9 WARNING neutron.api.rpc.agentnotifiers.dhcp_rpc_agent_api [None req-e0192f67-d364-4123-abbf-2c905ab0c458 9e0f4dd09bb94eaa8679c632d10ab243 b80554d99f794697bdaac75e04a0e1d8 - - default default] Unable to schedule network a72fb373-21af-4737-8b1a-85d7ac50e481: no agents available; will retry on subsequent port and subnet creation events.
2026-09-07 11:58:39.079 10 INFO neutron.db.ovn_revision_numbers_db [None req-f6e09b7f-da40-49c7-8d84-8de30aa3ae47 9591f8b7a1a142729a099edb88f6c7c5 cc1288ce3337492f83c60f2c14050921 - - default default] Successfully bumped revision number for resource c84bffb1-f08e-460a-ba2a-8eff190fedd4 (type: networks) to 1
2026-09-07 11:58:39.146 9 INFO neutron.db.ovn_revision_numbers_db [None req-e0192f67-d364-4123-abbf-2c905ab0c458 9e0f4dd09bb94eaa8679c632d10ab243 b80554d99f794697bdaac75e04a0e1d8 - - default default] Successfully bumped revision number for resource a6b75d77-aee4-49d0-bc53-023112fa2f7d (type: ports) to 1
2026-09-07 11:58:39.164 9 INFO neutron.wsgi [None req-e0192f67-d364-4123-abbf-2c905ab0c458 9e0f4dd09bb94eaa8679c632d10ab243 b80554d99f794697bdaac75e04a0e1d8 - - default default] 10.0.0.4 "POST /v2.0/networks HTTP/1.1" status: 201 len: 853 time: 0.6562963
2026-09-07 11:58:39.257 10 WARNING neutron.scheduler.dhcp_agent_scheduler [None req-f6e09b7f-da40-49c7-8d84-8de30aa3ae47 9591f8b7a1a142729a099edb88f6c7c5 cc1288ce3337492f83c60f2c14050921 - - default default] No more DHCP agents
2026-09-07 11:58:39.259 10 INFO neutron.db.ovn_revision_numbers_db [None req-8d17e376-9cb8-450a-9033-16cc3f330c6b 18081388280b4d24b633d43d0bd54c03 d5bdb79f697a4517873fc89f1a2d0fac - - default default] Successfully bumped revision number for resource 01ad2d2c-fedb-44a9-8f61-db35d5e240d9 (type: security_groups) to 1
2026-09-07 11:58:39.264 10 WARNING neutron.api.rpc.agentnotifiers.dhcp_rpc_agent_api [None req-f6e09b7f-da40-49c7-8d84-8de30aa3ae47 9591f8b7a1a142729a099edb88f6c7c5 cc1288ce3337492f83c60f2c14050921 - - default default] Unable to schedule network c84bffb1-f08e-460a-ba2a-8eff190fedd4: no agents available; will retry on subsequent port and subnet creation events.
2026-09-07 11:58:39.269 9 INFO neutron.db.segments_db [None req-153e495f-ae6a-45b8-be59-cb9a90d38583 9e0f4dd09bb94eaa8679c632d10ab243 b80554d99f794697bdaac75e04a0e1d8 - - default default] Added segment e24f59f8-b96c-4fda-a00c-6c56bdeb8ea5 of type geneve for network 116e112c-3e2d-4672-8788-b344699a84e1
2026-09-07 11:58:39.280 10 INFO neutron.db.ovn_revision_numbers_db [None req-8d17e376-9cb8-450a-9033-16cc3f330c6b 18081388280b4d24b633d43d0bd54c03 d5bdb79f697a4517873fc89f1a2d0fac - - default default] Successfully bumped revision number for resource 88b60728-2fc0-4634-8686-a21b4dc16388 (type: security_group_rules) to 0
2026-09-07 11:58:39.303 10 INFO neutron.db.ovn_revision_numbers_db [None req-8d17e376-9cb8-450a-9033-16cc3f330c6b 18081388280b4d24b633d43d0bd54c03 d5bdb79f697a4517873fc89f1a2d0fac - - default default] Successfully bumped revision number for resource a4c11680-d7b2-4f4c-b4ed-2e6880e17fb2 (type: security_group_rules) to 0
2026-09-07 11:58:39.326 10 INFO neutron.wsgi [None req-8d17e376-9cb8-450a-9033-16cc3f330c6b 18081388280b4d24b633d43d0bd54c03 d5bdb79f697a4517873fc89f1a2d0fac - - default default] 10.0.0.4 "POST /v2.0/security-groups HTTP/1.1" status: 201 len: 1796 time: 0.2185585
2026-09-07 11:58:39.361 10 INFO neutron.db.ovn_revision_numbers_db [None req-f6e09b7f-da40-49c7-8d84-8de30aa3ae47 9591f8b7a1a142729a099edb88f6c7c5 cc1288ce3337492f83c60f2c14050921 - - default default] Successfully bumped revision number for resource 2d92f492-a859-457c-9cac-7136e5a29815 (type: ports) to 1
2026-09-07 11:58:39.394 10 INFO neutron.wsgi [None req-f6e09b7f-da40-49c7-8d84-8de30aa3ae47 9591f8b7a1a142729a099edb88f6c7c5 cc1288ce3337492f83c60f2c14050921 - - default default] 10.0.0.4 "POST /v2.0/networks HTTP/1.1" status: 201 len: 848 time: 0.9793117
2026-09-07 11:58:39.450 10 INFO neutron.db.ovn_revision_numbers_db [None req-c32ab1d9-9e5a-4932-9ccf-c08d9d6e3cae 18081388280b4d24b633d43d0bd54c03 d5bdb79f697a4517873fc89f1a2d0fac - - default default] Successfully bumped revision number for resource 54af5e48-2785-48db-89a1-360920b6e392 (type: security_group_rules) to 0
2026-09-07 11:58:39.476 10 INFO neutron.wsgi [None req-c32ab1d9-9e5a-4932-9ccf-c08d9d6e3cae 18081388280b4d24b633d43d0bd54c03 d5bdb79f697a4517873fc89f1a2d0fac - - default default] 10.0.0.4 "POST /v2.0/security-group-rules HTTP/1.1" status: 201 len: 764 time: 0.1392910
2026-09-07 11:58:39.513 9 INFO neutron.db.ovn_revision_numbers_db [None req-153e495f-ae6a-45b8-be59-cb9a90d38583 9e0f4dd09bb94eaa8679c632d10ab243 b80554d99f794697bdaac75e04a0e1d8 - - default default] Successfully bumped revision number for resource 116e112c-3e2d-4672-8788-b344699a84e1 (type: networks) to 1
2026-09-07 11:58:39.564 10 INFO neutron.db.ovn_revision_numbers_db [None req-da9f196a-0949-40b3-b090-8c6a661d170f 18081388280b4d24b633d43d0bd54c03 d5bdb79f697a4517873fc89f1a2d0fac - - default default] Successfully bumped revision number for resource 4b289f87-e86d-4926-ab71-5275188a40d0 (type: security_group_rules) to 0
2026-09-07 11:58:39.582 10 INFO neutron.wsgi [None req-da9f196a-0949-40b3-b090-8c6a661d170f 18081388280b4d24b633d43d0bd54c03 d5bdb79f697a4517873fc89f1a2d0fac - - default default] 10.0.0.4 "POST /v2.0/security-group-rules HTTP/1.1" status: 201 len: 769 time: 0.1009130
2026-09-07 11:58:39.725 9 INFO neutron.db.ovn_revision_numbers_db [None req-1a185abe-f269-43c2-bfa9-d1ec23dd11db f54613d1eed143c784d352c380522db8 b671864245484ba58c69668388478e4b - - default default] Successfully bumped revision number for resource af77405f-f4a0-4656-969d-b2f9bff92c83 (type: security_groups) to 1
2026-09-07 11:58:39.754 9 WARNING neutron.scheduler.dhcp_agent_scheduler [None req-153e495f-ae6a-45b8-be59-cb9a90d38583 9e0f4dd09bb94eaa8679c632d10ab243 b80554d99f794697bdaac75e04a0e1d8 - - default default] No more DHCP agents
2026-09-07 11:58:39.755 9 INFO neutron.db.ovn_revision_numbers_db [None req-1a185abe-f269-43c2-bfa9-d1ec23dd11db f54613d1eed143c784d352c380522db8 b671864245484ba58c69668388478e4b - - default default] Successfully bumped revision number for resource 42055510-53a4-43e6-b3e9-7ead5f4672fd (type: security_group_rules) to 0
2026-09-07 11:58:39.758 9 WARNING neutron.api.rpc.agentnotifiers.dhcp_rpc_agent_api [None req-153e495f-ae6a-45b8-be59-cb9a90d38583 9e0f4dd09bb94eaa8679c632d10ab243 b80554d99f794697bdaac75e04a0e1d8 - - default default] Unable to schedule network 116e112c-3e2d-4672-8788-b344699a84e1: no agents available; will retry on subsequent port and subnet creation events.
2026-09-07 11:58:39.783 9 WARNING neutron.scheduler.dhcp_agent_scheduler [None req-88f4bb06-747b-4d50-bed8-e1f3307c13a0 9591f8b7a1a142729a099edb88f6c7c5 cc1288ce3337492f83c60f2c14050921 - - default default] No more DHCP agents
2026-09-07 11:58:39.787 9 WARNING neutron.api.rpc.agentnotifiers.dhcp_rpc_agent_api [None req-88f4bb06-747b-4d50-bed8-e1f3307c13a0 9591f8b7a1a142729a099edb88f6c7c5 cc1288ce3337492f83c60f2c14050921 - - default default] Unable to schedule network c84bffb1-f08e-460a-ba2a-8eff190fedd4: no agents available; will retry on subsequent port and subnet creation events.
2026-09-07 11:58:39.796 10 WARNING neutron.scheduler.dhcp_agent_scheduler [None req-a2aff9c4-640e-4979-99ef-443189b64607 18081388280b4d24b633d43d0bd54c03 d5bdb79f697a4517873fc89f1a2d0fac - - default default] No more DHCP agents
2026-09-07 11:58:39.797 9 INFO neutron.db.ovn_revision_numbers_db [None req-1a185abe-f269-43c2-bfa9-d1ec23dd11db f54613d1eed143c784d352c380522db8 b671864245484ba58c69668388478e4b - - default default] Successfully bumped revision number for resource 87dcd4a5-0b9c-42b8-bf54-af65907c96d3 (type: security_group_rules) to 0
2026-09-07 11:58:39.799 10 WARNING neutron.api.rpc.agentnotifiers.dhcp_rpc_agent_api [None req-a2aff9c4-640e-4979-99ef-443189b64607 18081388280b4d24b633d43d0bd54c03 d5bdb79f697a4517873fc89f1a2d0fac - - default default] Unable to schedule network 68a220ec-f1dd-40d1-a667-d525a0334a14: no agents available; will retry on subsequent port and subnet creation events.
2026-09-07 11:58:39.828 9 INFO neutron.db.ovn_revision_numbers_db [None req-1a185abe-f269-43c2-bfa9-d1ec23dd11db f54613d1eed143c784d352c380522db8 b671864245484ba58c69668388478e4b - - default default] Successfully bumped revision number for resource 8c3b569a-d183-42de-bd11-d43d10cf0d65 (type: security_group_rules) to 0
2026-09-07 11:58:39.866 9 INFO neutron.db.ovn_revision_numbers_db [None req-1a185abe-f269-43c2-bfa9-d1ec23dd11db f54613d1eed143c784d352c380522db8 b671864245484ba58c69668388478e4b - - default default] Successfully bumped revision number for resource b6a417b9-aca1-47ba-8dbe-c6a4186e859e (type: security_group_rules) to 0
2026-09-07 11:58:39.903 9 INFO neutron.db.ovn_revision_numbers_db [None req-153e495f-ae6a-45b8-be59-cb9a90d38583 9e0f4dd09bb94eaa8679c632d10ab243 b80554d99f794697bdaac75e04a0e1d8 - - default default] Successfully bumped revision number for resource 59f5def1-1dc9-4529-b4ad-1ed3df1e9a9a (type: ports) to 1
2026-09-07 11:58:39.923 9 INFO neutron.wsgi [None req-153e495f-ae6a-45b8-be59-cb9a90d38583 9e0f4dd09bb94eaa8679c632d10ab243 b80554d99f794697bdaac75e04a0e1d8 - - default default] 10.0.0.4 "POST /v2.0/networks HTTP/1.1" status: 201 len: 852 time: 0.7536426
2026-09-07 11:58:39.924 9 INFO neutron.db.ovn_revision_numbers_db [None req-88f4bb06-747b-4d50-bed8-e1f3307c13a0 9591f8b7a1a142729a099edb88f6c7c5 cc1288ce3337492f83c60f2c14050921 - - default default] Successfully bumped revision number for resource 4cf0d392-4906-44f1-bd61-192aac66b707 (type: ports) to 1 /var/lib/openstack/lib/python3.10/site-packages/pycadf/identifier.py:71: UserWarning: Invalid uuid: neutron. To ensure interoperability, identifiers should be a valid uuid. warnings.warn(('Invalid uuid: %s. To ensure interoperability, '
2026-09-07 11:58:39.953 9 INFO neutron.db.segments_db [None req-1a185abe-f269-43c2-bfa9-d1ec23dd11db f54613d1eed143c784d352c380522db8 b671864245484ba58c69668388478e4b - - default default] Added segment 65453b1f-f8ea-4e08-b047-78de26b75c08 of type geneve for network f561ac18-0e2d-4ed8-b893-d94f55e8f154
2026-09-07 11:58:39.957 9 INFO neutron.wsgi [None req-88f4bb06-747b-4d50-bed8-e1f3307c13a0 9591f8b7a1a142729a099edb88f6c7c5 cc1288ce3337492f83c60f2c14050921 - - default default] 10.0.0.4 "POST /v2.0/ports HTTP/1.1" status: 201 len: 977 time: 0.5562358
2026-09-07 11:58:40.165 9 INFO neutron.db.ovn_revision_numbers_db [None req-1a185abe-f269-43c2-bfa9-d1ec23dd11db f54613d1eed143c784d352c380522db8 b671864245484ba58c69668388478e4b - - default default] Successfully bumped revision number for resource f561ac18-0e2d-4ed8-b893-d94f55e8f154 (type: networks) to 1
2026-09-07 11:58:40.244 10 INFO neutron.db.segments_db [None req-19d6c9d0-812a-4b6d-970b-97b788558c55 9591f8b7a1a142729a099edb88f6c7c5 cc1288ce3337492f83c60f2c14050921 - - default default] Added segment 839b9dbe-c30c-484e-a91d-91db56a1a248 of type geneve for network 90b71ba7-6a91-416f-ad69-b444d00f7520
2026-09-07 11:58:40.248 10 INFO neutron.db.ovn_revision_numbers_db [None req-a2aff9c4-640e-4979-99ef-443189b64607 18081388280b4d24b633d43d0bd54c03 d5bdb79f697a4517873fc89f1a2d0fac - - default default] Successfully bumped revision number for resource 181e253f-50ba-4604-a1f6-ba524eaa5196 (type: floatingips) to 0
2026-09-07 11:58:40.268 10 INFO neutron.wsgi [None req-a2aff9c4-640e-4979-99ef-443189b64607 18081388280b4d24b633d43d0bd54c03 d5bdb79f697a4517873fc89f1a2d0fac - - default default] 10.0.0.4 "POST /v2.0/floatingips HTTP/1.1" status: 201 len: 751 time: 0.6806929
2026-09-07 11:58:40.372 9 WARNING neutron.scheduler.dhcp_agent_scheduler [None req-1a185abe-f269-43c2-bfa9-d1ec23dd11db f54613d1eed143c784d352c380522db8 b671864245484ba58c69668388478e4b - - default default] No more DHCP agents
2026-09-07 11:58:40.376 9 WARNING neutron.api.rpc.agentnotifiers.dhcp_rpc_agent_api [None req-1a185abe-f269-43c2-bfa9-d1ec23dd11db f54613d1eed143c784d352c380522db8 b671864245484ba58c69668388478e4b - - default default] Unable to schedule network f561ac18-0e2d-4ed8-b893-d94f55e8f154: no agents available; will retry on subsequent port and subnet creation events.
2026-09-07 11:58:40.465 10 INFO neutron.db.ovn_revision_numbers_db [None req-19d6c9d0-812a-4b6d-970b-97b788558c55 9591f8b7a1a142729a099edb88f6c7c5 cc1288ce3337492f83c60f2c14050921 - - default default] Successfully bumped revision number for resource 90b71ba7-6a91-416f-ad69-b444d00f7520 (type: networks) to 1
2026-09-07 11:58:40.506 9 INFO neutron.db.ovn_revision_numbers_db [None req-1a185abe-f269-43c2-bfa9-d1ec23dd11db f54613d1eed143c784d352c380522db8 b671864245484ba58c69668388478e4b - - default default] Successfully bumped revision number for resource dfaa72a8-7953-4964-9a78-a986114f48ac (type: ports) to 1
2026-09-07 11:58:40.539 9 INFO neutron.wsgi [None req-1a185abe-f269-43c2-bfa9-d1ec23dd11db f54613d1eed143c784d352c380522db8 b671864245484ba58c69668388478e4b - - default default] 10.0.0.4 "POST /v2.0/networks HTTP/1.1" status: 201 len: 947 time: 1.2592306
2026-09-07 11:58:40.597 9 WARNING neutron.scheduler.dhcp_agent_scheduler [None req-0467b93f-5e08-468d-9949-f384b397162d 9e0f4dd09bb94eaa8679c632d10ab243 b80554d99f794697bdaac75e04a0e1d8 - - default default] No more DHCP agents
2026-09-07 11:58:40.599 9 WARNING neutron.api.rpc.agentnotifiers.dhcp_rpc_agent_api [None req-0467b93f-5e08-468d-9949-f384b397162d 9e0f4dd09bb94eaa8679c632d10ab243 b80554d99f794697bdaac75e04a0e1d8 - - default default] Unable to schedule network a72fb373-21af-4737-8b1a-85d7ac50e481: no agents available; will retry on subsequent port and subnet creation events.
2026-09-07 11:58:40.644 10 WARNING neutron.scheduler.dhcp_agent_scheduler [None req-19d6c9d0-812a-4b6d-970b-97b788558c55 9591f8b7a1a142729a099edb88f6c7c5 cc1288ce3337492f83c60f2c14050921 - - default default] No more DHCP agents
2026-09-07 11:58:40.647 10 WARNING neutron.api.rpc.agentnotifiers.dhcp_rpc_agent_api [None req-19d6c9d0-812a-4b6d-970b-97b788558c55 9591f8b7a1a142729a099edb88f6c7c5 cc1288ce3337492f83c60f2c14050921 - - default default] Unable to schedule network 90b71ba7-6a91-416f-ad69-b444d00f7520: no agents available; will retry on subsequent port and subnet creation events.
2026-09-07 11:58:40.684 9 INFO neutron.db.ovn_revision_numbers_db [None req-0467b93f-5e08-468d-9949-f384b397162d 9e0f4dd09bb94eaa8679c632d10ab243 b80554d99f794697bdaac75e04a0e1d8 - - default default] Successfully bumped revision number for resource 384bda25-8c5b-4948-aa78-54a1104d9190 (type: ports) to 1
2026-09-07 11:58:40.724 9 WARNING neutron.scheduler.dhcp_agent_scheduler [None req-0467b93f-5e08-468d-9949-f384b397162d 9e0f4dd09bb94eaa8679c632d10ab243 b80554d99f794697bdaac75e04a0e1d8 - - default default] No more DHCP agents
2026-09-07 11:58:40.727 9 WARNING neutron.api.rpc.agentnotifiers.dhcp_rpc_agent_api [None req-0467b93f-5e08-468d-9949-f384b397162d 9e0f4dd09bb94eaa8679c632d10ab243 b80554d99f794697bdaac75e04a0e1d8 - - default default] Unable to schedule network 116e112c-3e2d-4672-8788-b344699a84e1: no agents available; will retry on subsequent port and subnet creation events.
2026-09-07 11:58:40.741 10 WARNING neutron.scheduler.dhcp_agent_scheduler [None req-16acb617-9bf7-42ba-a353-d0785504e4ee f54613d1eed143c784d352c380522db8 b671864245484ba58c69668388478e4b - - default default] No more DHCP agents
2026-09-07 11:58:40.744 10 WARNING neutron.api.rpc.agentnotifiers.dhcp_rpc_agent_api [None req-16acb617-9bf7-42ba-a353-d0785504e4ee f54613d1eed143c784d352c380522db8 b671864245484ba58c69668388478e4b - - default default] Unable to schedule network f561ac18-0e2d-4ed8-b893-d94f55e8f154: no agents available; will retry on subsequent port and subnet creation events.
