2026-04-21 16:44:21.901 7 INFO neutron.plugins.ml2.drivers.ovn.mech_driver.mech_driver [None req-7bf25961-c224-4224-9656-ba635423ae88 - - - - - -] OVN reports status down for port: ce2f27d2-53c5-44b0-a0e2-7d58a8f86aa0
2026-04-21 16:44:21.911 7 INFO neutron.plugins.ml2.drivers.ovn.mech_driver.mech_driver [None req-7bf25961-c224-4224-9656-ba635423ae88 - - - - - -] OVN reports status up for port: ce2f27d2-53c5-44b0-a0e2-7d58a8f86aa0
2026-04-21 16:44:21.926 7 INFO neutron.plugins.ml2.drivers.ovn.mech_driver.mech_driver [None req-7bf25961-c224-4224-9656-ba635423ae88 - - - - - -] OVN reports status up for port: 160d10d9-99ab-4da2-9950-2ff4b85c9572
2026-04-21 16:44:21.933 7 INFO neutron.notifiers.nova [-] Nova event matching ['req-2b8f97f3-a528-4b66-9bbc-0696c88eb9ab'] response: {'server_uuid': 'b15a2c1b-0ff6-41d1-a1a6-c6822f8169ea', 'name': 'network-vif-unplugged', 'status': 'completed', 'tag': '160d10d9-99ab-4da2-9950-2ff4b85c9572', 'code': 200}
2026-04-21 16:44:21.943 7 INFO neutron.plugins.ml2.plugin [None req-7bf25961-c224-4224-9656-ba635423ae88 - - - - - -] Attempt 1 to provision port 160d10d9-99ab-4da2-9950-2ff4b85c9572
2026-04-21 16:44:22.211 7 INFO neutron.db.ovn_revision_numbers_db [None req-7bf25961-c224-4224-9656-ba635423ae88 - - - - - -] Successfully bumped revision number for resource 160d10d9-99ab-4da2-9950-2ff4b85c9572 (type: ports) to 5 /var/lib/openstack/lib/python3.12/site-packages/pycadf/identifier.py:70: UserWarning: Invalid uuid: neutron. To ensure interoperability, identifiers should be a valid uuid. warnings.warn(('Invalid uuid: %s. To ensure interoperability, ' [pid: 7|app: 0|req: 549/1169] 10.0.0.187 () {34 vars in 990 bytes} [Tue Apr 21 16:44:22 2026] GET /v2.0/ports?device_id=b15a2c1b-0ff6-41d1-a1a6-c6822f8169ea => generated 975 bytes in 68 msecs (HTTP/1.1 200) 4 headers in 157 bytes (1 switches on core 0) [pid: 7|app: 0|req: 550/1170] 10.0.0.187 () {34 vars in 1040 bytes} [Tue Apr 21 16:44:22 2026] GET /v2.0/security-groups?id=18e545c9-8e45-4fbe-a7c7-a9559dcc764d&fields=id&fields=name => generated 114 bytes in 34 msecs (HTTP/1.1 200) 4 headers in 157 bytes (1 switches on core 0) [pid: 8|app: 0|req: 621/1171] 10.0.0.152 () {32 vars in 724 bytes} [Tue Apr 21 16:44:21 2026] DELETE /v2.0/routers/e70ffa09-740b-4ada-ba40-ca41d60963f4 => generated 0 bytes in 1134 msecs (HTTP/1.1 204) 2 headers in 112 bytes (1 switches on core 0) [pid: 7|app: 0|req: 551/1172] 10.0.0.152 () {32 vars in 724 bytes} [Tue Apr 21 16:44:22 2026] DELETE /v2.0/subnets/8da7d483-303c-400f-9d33-1e12d648cf0d => generated 0 bytes in 187 msecs (HTTP/1.1 204) 3 headers in 131 bytes (1 switches on core 0)
2026-04-21 16:44:22.972 8 INFO neutron_taas.services.taas.taas_plugin [None req-0dee2577-aca0-4b76-8e34-deca110bf79d acc975e99253478884cdab08a09cb93e f1260cb717e94864b9c74abe0a17511a - - default default] TaaS: Handle Delete Port: 58c50531-535f-4cd1-9047-d2218acc1a08
2026-04-21 16:44:22.992 8 INFO neutron_taas.services.taas.tap_mirror_plugin [None req-0dee2577-aca0-4b76-8e34-deca110bf79d acc975e99253478884cdab08a09cb93e f1260cb717e94864b9c74abe0a17511a - - default default] Tap Mirror: Handle Delete Port: 58c50531-535f-4cd1-9047-d2218acc1a08
2026-04-21 16:44:23.292 8 INFO neutron.services.segments.plugin [-] Segment 7615003c-330a-438d-905a-6c62a7a9b803 resource provider aggregate not found
2026-04-21 16:44:23.293 8 INFO neutron.services.segments.plugin [-] Segment 7615003c-330a-438d-905a-6c62a7a9b803 resource provider aggregate not found
2026-04-21 16:44:23.315 8 INFO neutron.services.segments.plugin [-] Segment 7615003c-330a-438d-905a-6c62a7a9b803 resource provider not found; error: Placement Client Error (4xx): {"errors": [{"status": 404, "title": "Not Found", "detail": "The resource could not be found.\n\n No resource provider with uuid 7615003c-330a-438d-905a-6c62a7a9b803 found for delete ", "request_id": "req-bbaf7ef4-e213-416d-aba3-5e33b5c049a7"}]}
2026-04-21 16:44:23.317 8 INFO neutron.services.segments.plugin [-] Segment 7615003c-330a-438d-905a-6c62a7a9b803 resource provider not found; error: Placement Client Error (4xx): {"errors": [{"status": 404, "title": "Not Found", "detail": "The resource could not be found.\n\n No resource provider with uuid 7615003c-330a-438d-905a-6c62a7a9b803 found for delete ", "request_id": "req-8b14bd8b-1fed-4dbe-bfee-df09e779d29c"}]} [pid: 8|app: 0|req: 622/1173] 10.0.0.152 () {32 vars in 726 bytes} [Tue Apr 21 16:44:22 2026] DELETE /v2.0/networks/cc28f0c7-c493-4745-9ad8-bf93fbe15713 => generated 0 bytes in 472 msecs (HTTP/1.1 204) 3 headers in 131 bytes (1 switches on core 0)
2026-04-21 16:44:23.472 7 INFO neutron.db.ovn_revision_numbers_db [None req-3743894d-edb5-4819-9d67-08045f4b9186 dafb658c80354a29a445e4ea3f5d28d3 092b723e35054097965f0a97b107c77b - - default default] Successfully bumped revision number for resource 43dcfabb-e348-4e83-a52f-84b72861e6af (type: security_groups) to 1
2026-04-21 16:44:23.485 7 INFO neutron.db.ovn_revision_numbers_db [None req-3743894d-edb5-4819-9d67-08045f4b9186 dafb658c80354a29a445e4ea3f5d28d3 092b723e35054097965f0a97b107c77b - - default default] Successfully bumped revision number for resource 1f9a53b9-1b45-4e76-ae02-bd900f616853 (type: security_group_rules) to 0
2026-04-21 16:44:23.497 7 INFO neutron.db.ovn_revision_numbers_db [None req-3743894d-edb5-4819-9d67-08045f4b9186 dafb658c80354a29a445e4ea3f5d28d3 092b723e35054097965f0a97b107c77b - - default default] Successfully bumped revision number for resource 392dfecb-3fec-41f5-b7ee-a815b6201861 (type: security_group_rules) to 0
2026-04-21 16:44:23.510 7 INFO neutron.db.ovn_revision_numbers_db [None req-3743894d-edb5-4819-9d67-08045f4b9186 dafb658c80354a29a445e4ea3f5d28d3 092b723e35054097965f0a97b107c77b - - default default] Successfully bumped revision number for resource 4d0f6ff9-6f67-421d-9719-fff58f033d63 (type: security_group_rules) to 0
2026-04-21 16:44:23.523 7 INFO neutron.db.ovn_revision_numbers_db [None req-3743894d-edb5-4819-9d67-08045f4b9186 dafb658c80354a29a445e4ea3f5d28d3 092b723e35054097965f0a97b107c77b - - default default] Successfully bumped revision number for resource d3fe290f-fcb5-42fa-8a2f-68f3d5704574 (type: security_group_rules) to 0 [pid: 8|app: 0|req: 623/1174] 10.0.0.152 () {32 vars in 774 bytes} [Tue Apr 21 16:44:23 2026] GET /v2.0/security-groups?tenant_id=706f37f299a44aea8f94696aeb3ca0d6&name=default => generated 2925 bytes in 33 msecs (HTTP/1.1 200) 4 headers in 158 bytes (1 switches on core 0)
2026-04-21 16:44:23.604 7 INFO neutron.db.segments_db [None req-3743894d-edb5-4819-9d67-08045f4b9186 dafb658c80354a29a445e4ea3f5d28d3 092b723e35054097965f0a97b107c77b - - default default] Added segment 2ce174b5-9153-4d28-80d9-bd5496221f45 of type geneve for network 3a39f56b-2709-439e-88e3-1c4c82aad372
2026-04-21 16:44:23.760 7 INFO neutron.db.ovn_revision_numbers_db [None req-3743894d-edb5-4819-9d67-08045f4b9186 dafb658c80354a29a445e4ea3f5d28d3 092b723e35054097965f0a97b107c77b - - default default] Successfully bumped revision number for resource 3a39f56b-2709-439e-88e3-1c4c82aad372 (type: networks) to 1 [pid: 8|app: 0|req: 624/1175] 10.0.0.152 () {32 vars in 740 bytes} [Tue Apr 21 16:44:23 2026] DELETE /v2.0/security-groups/d70ac523-4e1b-47b4-b362-785d6f48d615 => generated 0 bytes in 352 msecs (HTTP/1.1 204) 2 headers in 112 bytes (1 switches on core 0) [pid: 8|app: 0|req: 625/1176] 10.0.0.187 () {34 vars in 990 bytes} [Tue Apr 21 16:44:23 2026] GET /v2.0/ports?device_id=b15a2c1b-0ff6-41d1-a1a6-c6822f8169ea => generated 975 bytes in 46 msecs (HTTP/1.1 200) 4 headers in 157 bytes (1 switches on core 0)
2026-04-21 16:44:23.977 7 INFO neutron.notifiers.nova [-] Nova event matching ['req-ba64fdc8-adc6-4956-b71e-0d21ad3fc1d0'] response: {'server_uuid': 'b15a2c1b-0ff6-41d1-a1a6-c6822f8169ea', 'name': 'network-vif-plugged', 'status': 'completed', 'tag': '160d10d9-99ab-4da2-9950-2ff4b85c9572', 'code': 200}
2026-04-21 16:44:23.977 7 INFO neutron.notifiers.nova [-] Nova event matching ['req-ba64fdc8-adc6-4956-b71e-0d21ad3fc1d0'] response: {'server_uuid': 'b15a2c1b-0ff6-41d1-a1a6-c6822f8169ea', 'name': 'network-vif-plugged', 'status': 'completed', 'tag': '160d10d9-99ab-4da2-9950-2ff4b85c9572', 'code': 200}
2026-04-21 16:44:23.982 7 WARNING neutron.scheduler.dhcp_agent_scheduler [None req-3743894d-edb5-4819-9d67-08045f4b9186 dafb658c80354a29a445e4ea3f5d28d3 092b723e35054097965f0a97b107c77b - - default default] No more DHCP agents
2026-04-21 16:44:23.985 7 WARNING neutron.api.rpc.agentnotifiers.dhcp_rpc_agent_api [None req-3743894d-edb5-4819-9d67-08045f4b9186 dafb658c80354a29a445e4ea3f5d28d3 092b723e35054097965f0a97b107c77b - - default default] Unable to schedule network 3a39f56b-2709-439e-88e3-1c4c82aad372: no agents available; will retry on subsequent port and subnet creation events. [pid: 8|app: 0|req: 626/1177] 10.0.0.187 () {34 vars in 1040 bytes} [Tue Apr 21 16:44:23 2026] GET /v2.0/security-groups?id=18e545c9-8e45-4fbe-a7c7-a9559dcc764d&fields=id&fields=name => generated 114 bytes in 40 msecs (HTTP/1.1 200) 4 headers in 157 bytes (1 switches on core 0)
2026-04-21 16:44:24.089 7 INFO neutron.plugins.ml2.drivers.ovn.mech_driver.mech_driver [None req-1ce3c2a4-f248-426b-ad8f-6e442335f48f - - - - - -] OVN reports status down for port: 6e92a16a-9498-4d12-bcf2-82e26fcbacdc
2026-04-21 16:44:24.156 7 INFO neutron.db.ovn_revision_numbers_db [None req-3743894d-edb5-4819-9d67-08045f4b9186 dafb658c80354a29a445e4ea3f5d28d3 092b723e35054097965f0a97b107c77b - - default default] Successfully bumped revision number for resource 6e92a16a-9498-4d12-bcf2-82e26fcbacdc (type: ports) to 1 [pid: 7|app: 0|req: 552/1178] 10.0.0.152 () {34 vars in 670 bytes} [Tue Apr 21 16:44:23 2026] POST /v2.0/networks => generated 667 bytes in 1034 msecs (HTTP/1.1 201) 4 headers in 162 bytes (1 switches on core 0)
2026-04-21 16:44:24.299 8 INFO neutron.db.segments_db [None req-50c59970-6b87-417f-96e9-607b3a692fb9 dafb658c80354a29a445e4ea3f5d28d3 092b723e35054097965f0a97b107c77b - - default default] Added segment cac05a65-4606-4d24-8be3-e299d9d3e0fd of type geneve for network 6667c5f2-2f12-4951-ac1d-36c9812f0b55
2026-04-21 16:44:24.433 8 INFO neutron.db.ovn_revision_numbers_db [None req-50c59970-6b87-417f-96e9-607b3a692fb9 dafb658c80354a29a445e4ea3f5d28d3 092b723e35054097965f0a97b107c77b - - default default] Successfully bumped revision number for resource 6667c5f2-2f12-4951-ac1d-36c9812f0b55 (type: networks) to 1
2026-04-21 16:44:24.604 8 WARNING neutron.scheduler.dhcp_agent_scheduler [None req-50c59970-6b87-417f-96e9-607b3a692fb9 dafb658c80354a29a445e4ea3f5d28d3 092b723e35054097965f0a97b107c77b - - default default] No more DHCP agents
2026-04-21 16:44:24.610 8 WARNING neutron.api.rpc.agentnotifiers.dhcp_rpc_agent_api [None req-50c59970-6b87-417f-96e9-607b3a692fb9 dafb658c80354a29a445e4ea3f5d28d3 092b723e35054097965f0a97b107c77b - - default default] Unable to schedule network 6667c5f2-2f12-4951-ac1d-36c9812f0b55: no agents available; will retry on subsequent port and subnet creation events.
2026-04-21 16:44:24.675 7 INFO neutron.plugins.ml2.drivers.ovn.mech_driver.mech_driver [None req-1ce3c2a4-f248-426b-ad8f-6e442335f48f - - - - - -] OVN reports status down for port: 42a316d1-3e73-428f-b5e7-054b208882dc
2026-04-21 16:44:24.740 8 INFO neutron.db.ovn_revision_numbers_db [None req-50c59970-6b87-417f-96e9-607b3a692fb9 dafb658c80354a29a445e4ea3f5d28d3 092b723e35054097965f0a97b107c77b - - default default] Successfully bumped revision number for resource 42a316d1-3e73-428f-b5e7-054b208882dc (type: ports) to 1 [pid: 8|app: 0|req: 627/1179] 10.0.0.152 () {34 vars in 670 bytes} [Tue Apr 21 16:44:24 2026] POST /v2.0/networks => generated 668 bytes in 569 msecs (HTTP/1.1 201) 4 headers in 162 bytes (1 switches on core 0)
2026-04-21 16:44:24.939 7 WARNING neutron.scheduler.dhcp_agent_scheduler [None req-ea5cadf3-2685-49fd-92cb-04c9657b220c dafb658c80354a29a445e4ea3f5d28d3 092b723e35054097965f0a97b107c77b - - default default] No more DHCP agents
2026-04-21 16:44:24.940 7 WARNING neutron.api.rpc.agentnotifiers.dhcp_rpc_agent_api [None req-ea5cadf3-2685-49fd-92cb-04c9657b220c dafb658c80354a29a445e4ea3f5d28d3 092b723e35054097965f0a97b107c77b - - default default] Unable to schedule network 3a39f56b-2709-439e-88e3-1c4c82aad372: no agents available; will retry on subsequent port and subnet creation events.
2026-04-21 16:44:25.222 8 INFO neutron.db.ovn_revision_numbers_db [None req-2dc3cb92-4c5e-469e-82d6-97b8f2f093dd acc975e99253478884cdab08a09cb93e f1260cb717e94864b9c74abe0a17511a - - default default] Successfully bumped revision number for resource 3ff640d2-dcd3-4c00-bcf6-eeb25b96cb13 (type: security_groups) to 1
2026-04-21 16:44:25.235 8 INFO neutron.db.ovn_revision_numbers_db [None req-2dc3cb92-4c5e-469e-82d6-97b8f2f093dd acc975e99253478884cdab08a09cb93e f1260cb717e94864b9c74abe0a17511a - - default default] Successfully bumped revision number for resource 0c1af7a2-9695-4f58-a1a5-d5521322f2fb (type: security_group_rules) to 0
2026-04-21 16:44:25.246 8 INFO neutron.db.ovn_revision_numbers_db [None req-2dc3cb92-4c5e-469e-82d6-97b8f2f093dd acc975e99253478884cdab08a09cb93e f1260cb717e94864b9c74abe0a17511a - - default default] Successfully bumped revision number for resource 5828b091-cdf9-4b99-9fe4-2c8c18ef2931 (type: security_group_rules) to 0
2026-04-21 16:44:25.257 8 INFO neutron.db.ovn_revision_numbers_db [None req-2dc3cb92-4c5e-469e-82d6-97b8f2f093dd acc975e99253478884cdab08a09cb93e f1260cb717e94864b9c74abe0a17511a - - default default] Successfully bumped revision number for resource 744de345-faf9-4358-8087-f239676059c0 (type: security_group_rules) to 0
2026-04-21 16:44:25.268 8 INFO neutron.db.ovn_revision_numbers_db [None req-2dc3cb92-4c5e-469e-82d6-97b8f2f093dd acc975e99253478884cdab08a09cb93e f1260cb717e94864b9c74abe0a17511a - - default default] Successfully bumped revision number for resource a0ac4629-c2f5-47b4-a5cc-c52bb9bec5b1 (type: security_group_rules) to 0 [pid: 8|app: 0|req: 628/1180] 10.0.0.152 () {32 vars in 774 bytes} [Tue Apr 21 16:44:24 2026] GET /v2.0/security-groups?tenant_id=6ad0b4e9045444afa8cbed4d0612928a&name=default => generated 2925 bytes in 441 msecs (HTTP/1.1 200) 4 headers in 158 bytes (1 switches on core 0) [pid: 8|app: 0|req: 629/1181] 10.0.0.187 () {34 vars in 990 bytes} [Tue Apr 21 16:44:25 2026] GET /v2.0/ports?device_id=b15a2c1b-0ff6-41d1-a1a6-c6822f8169ea => generated 975 bytes in 33 msecs (HTTP/1.1 200) 4 headers in 157 bytes (1 switches on core 0)
2026-04-21 16:44:25.478 7 INFO neutron.db.ovn_revision_numbers_db [None req-4f63472c-5cb5-47e0-b544-43487f760ac6 - - - - - -] Successfully bumped revision number for resource 6e92a16a-9498-4d12-bcf2-82e26fcbacdc (type: ports) to 2
2026-04-21 16:44:25.516 7 INFO neutron.db.ovn_revision_numbers_db [None req-4f63472c-5cb5-47e0-b544-43487f760ac6 - - - - - -] Successfully bumped revision number for resource 0f4da733-333a-46fb-a4e0-3c07ca7f836f (type: subnets) to 0 [pid: 7|app: 0|req: 553/1182] 10.0.0.152 () {34 vars in 669 bytes} [Tue Apr 21 16:44:24 2026] POST /v2.0/subnets => generated 626 bytes in 765 msecs (HTTP/1.1 201) 4 headers in 162 bytes (1 switches on core 0) [pid: 7|app: 0|req: 554/1183] 10.0.0.187 () {34 vars in 1040 bytes} [Tue Apr 21 16:44:25 2026] GET /v2.0/security-groups?id=18e545c9-8e45-4fbe-a7c7-a9559dcc764d&fields=id&fields=name => generated 114 bytes in 43 msecs (HTTP/1.1 200) 4 headers in 157 bytes (1 switches on core 0) [pid: 8|app: 0|req: 630/1184] 10.0.0.152 () {32 vars in 740 bytes} [Tue Apr 21 16:44:25 2026] DELETE /v2.0/security-groups/3ff640d2-dcd3-4c00-bcf6-eeb25b96cb13 => generated 0 bytes in 296 msecs (HTTP/1.1 204) 2 headers in 112 bytes (1 switches on core 0)
2026-04-21 16:44:25.789 7 WARNING neutron.scheduler.dhcp_agent_scheduler [None req-ff0c630e-7907-4b6d-be81-d4e893c8b80a dafb658c80354a29a445e4ea3f5d28d3 092b723e35054097965f0a97b107c77b - - default default] No more DHCP agents
2026-04-21 16:44:25.790 7 WARNING neutron.api.rpc.agentnotifiers.dhcp_rpc_agent_api [None req-ff0c630e-7907-4b6d-be81-d4e893c8b80a dafb658c80354a29a445e4ea3f5d28d3 092b723e35054097965f0a97b107c77b - - default default] Unable to schedule network 6667c5f2-2f12-4951-ac1d-36c9812f0b55: no agents available; will retry on subsequent port and subnet creation events.
2026-04-21 16:44:26.288 7 INFO neutron.db.ovn_revision_numbers_db [None req-5f6d768f-e4f7-423f-b130-a70ccc18e63e - - - - - -] Successfully bumped revision number for resource 42a316d1-3e73-428f-b5e7-054b208882dc (type: ports) to 2
2026-04-21 16:44:26.302 8 INFO neutron.db.ovn_revision_numbers_db [None req-38348d0c-c16c-4747-99cd-cfe4e8c37239 acc975e99253478884cdab08a09cb93e f1260cb717e94864b9c74abe0a17511a - - default default] Successfully bumped revision number for resource 45f8bd85-0729-48e3-b685-7effdb20c820 (type: security_groups) to 1
2026-04-21 16:44:26.322 8 INFO neutron.db.ovn_revision_numbers_db [None req-38348d0c-c16c-4747-99cd-cfe4e8c37239 acc975e99253478884cdab08a09cb93e f1260cb717e94864b9c74abe0a17511a - - default default] Successfully bumped revision number for resource 23a03f2f-c719-4631-a22c-7eb0c31853fa (type: security_group_rules) to 0
2026-04-21 16:44:26.338 8 INFO neutron.db.ovn_revision_numbers_db [None req-38348d0c-c16c-4747-99cd-cfe4e8c37239 acc975e99253478884cdab08a09cb93e f1260cb717e94864b9c74abe0a17511a - - default default] Successfully bumped revision number for resource 41f6426f-9d6e-4c3d-805e-4d4d7c82dfe2 (type: security_group_rules) to 0
2026-04-21 16:44:26.339 7 INFO neutron.db.ovn_revision_numbers_db [None req-5f6d768f-e4f7-423f-b130-a70ccc18e63e - - - - - -] Successfully bumped revision number for resource 7e9faac4-c3bf-46a9-b176-d98351caeabe (type: subnets) to 0
2026-04-21 16:44:26.355 8 INFO neutron.db.ovn_revision_numbers_db [None req-38348d0c-c16c-4747-99cd-cfe4e8c37239 acc975e99253478884cdab08a09cb93e f1260cb717e94864b9c74abe0a17511a - - default default] Successfully bumped revision number for resource 7fac14d8-f964-48fa-b0db-5eb6193b91f9 (type: security_group_rules) to 0 [pid: 7|app: 0|req: 555/1185] 10.0.0.152 () {34 vars in 669 bytes} [Tue Apr 21 16:44:25 2026] POST /v2.0/subnets => generated 626 bytes in 778 msecs (HTTP/1.1 201) 4 headers in 162 bytes (1 switches on core 0)
2026-04-21 16:44:26.368 8 INFO neutron.db.ovn_revision_numbers_db [None req-38348d0c-c16c-4747-99cd-cfe4e8c37239 acc975e99253478884cdab08a09cb93e f1260cb717e94864b9c74abe0a17511a - - default default] Successfully bumped revision number for resource 8e930368-aede-4b45-ae05-38d3ae255c71 (type: security_group_rules) to 0
2026-04-21 16:44:26.454 8 INFO neutron.db.segments_db [None req-38348d0c-c16c-4747-99cd-cfe4e8c37239 acc975e99253478884cdab08a09cb93e f1260cb717e94864b9c74abe0a17511a - - default default] Added segment 3be82a76-040c-4169-9186-3023cfd4474f of type geneve for network 51412b3e-32a3-473f-86ac-c73bf4d1ef13
2026-04-21 16:44:26.564 7 INFO neutron.db.ovn_revision_numbers_db [None req-53f6af71-e482-4041-8fd3-5d0984ed3da5 acc975e99253478884cdab08a09cb93e f1260cb717e94864b9c74abe0a17511a - - default default] Successfully bumped revision number for resource ef5b6a1c-841e-41c5-9563-46a4199eded9 (type: security_groups) to 1
2026-04-21 16:44:26.578 7 INFO neutron.db.ovn_revision_numbers_db [None req-53f6af71-e482-4041-8fd3-5d0984ed3da5 acc975e99253478884cdab08a09cb93e f1260cb717e94864b9c74abe0a17511a - - default default] Successfully bumped revision number for resource 41d8cea7-e104-4b7b-8e0f-b0f2a5a234fb (type: security_group_rules) to 0
2026-04-21 16:44:26.591 7 INFO neutron.db.ovn_revision_numbers_db [None req-53f6af71-e482-4041-8fd3-5d0984ed3da5 acc975e99253478884cdab08a09cb93e f1260cb717e94864b9c74abe0a17511a - - default default] Successfully bumped revision number for resource 6dc74f56-1b39-4089-a59a-0762b9908248 (type: security_group_rules) to 0
2026-04-21 16:44:26.600 7 INFO neutron.db.ovn_revision_numbers_db [None req-53f6af71-e482-4041-8fd3-5d0984ed3da5 acc975e99253478884cdab08a09cb93e f1260cb717e94864b9c74abe0a17511a - - default default] Successfully bumped revision number for resource b20e4ea6-4e36-4c5d-9e15-06ab834befbe (type: security_group_rules) to 0
2026-04-21 16:44:26.623 7 INFO neutron.db.ovn_revision_numbers_db [None req-53f6af71-e482-4041-8fd3-5d0984ed3da5 acc975e99253478884cdab08a09cb93e f1260cb717e94864b9c74abe0a17511a - - default default] Successfully bumped revision number for resource ce4cf04b-1428-4b79-b098-50f82d47a328 (type: security_group_rules) to 0 [pid: 7|app: 0|req: 556/1186] 10.0.0.152 () {32 vars in 774 bytes} [Tue Apr 21 16:44:26 2026] GET /v2.0/security-groups?tenant_id=251627d344c64d7989a689aa7de5da53&name=default => generated 2925 bytes in 308 msecs (HTTP/1.1 200) 4 headers in 158 bytes (1 switches on core 0)
2026-04-21 16:44:26.679 8 INFO neutron.db.ovn_revision_numbers_db [None req-38348d0c-c16c-4747-99cd-cfe4e8c37239 acc975e99253478884cdab08a09cb93e f1260cb717e94864b9c74abe0a17511a - - default default] Successfully bumped revision number for resource 51412b3e-32a3-473f-86ac-c73bf4d1ef13 (type: networks) to 1 [pid: 7|app: 0|req: 557/1187] 10.0.0.151 () {28 vars in 585 bytes} [Tue Apr 21 16:44:26 2026] GET /v2.0/networks => generated 5408 bytes in 129 msecs (HTTP/1.1 200) 4 headers in 158 bytes (1 switches on core 0)
2026-04-21 16:44:26.877 8 WARNING neutron.scheduler.dhcp_agent_scheduler [None req-38348d0c-c16c-4747-99cd-cfe4e8c37239 acc975e99253478884cdab08a09cb93e f1260cb717e94864b9c74abe0a17511a - - default default] No more DHCP agents
2026-04-21 16:44:26.882 8 WARNING neutron.api.rpc.agentnotifiers.dhcp_rpc_agent_api [None req-38348d0c-c16c-4747-99cd-cfe4e8c37239 acc975e99253478884cdab08a09cb93e f1260cb717e94864b9c74abe0a17511a - - default default] Unable to schedule network 51412b3e-32a3-473f-86ac-c73bf4d1ef13: no agents available; will retry on subsequent port and subnet creation events.
2026-04-21 16:44:26.931 7 INFO neutron.db.ovn_revision_numbers_db [None req-0229e342-b9c6-49e6-ad46-f84e6dfcacfa dafb658c80354a29a445e4ea3f5d28d3 092b723e35054097965f0a97b107c77b - - default default] Successfully bumped revision number for resource b823732b-d02e-46e2-8e24-7eed79561ee0 (type: routers) to 1 [pid: 7|app: 0|req: 558/1188] 10.0.0.152 () {34 vars in 669 bytes} [Tue Apr 21 16:44:26 2026] POST /v2.0/routers => generated 603 bytes in 162 msecs (HTTP/1.1 201) 4 headers in 162 bytes (1 switches on core 0)
2026-04-21 16:44:26.982 7 INFO neutron.plugins.ml2.drivers.ovn.mech_driver.mech_driver [None req-1ce3c2a4-f248-426b-ad8f-6e442335f48f - - - - - -] OVN reports status down for port: 2b55173f-c308-4d5c-8284-f25bfb9e2d71 [pid: 7|app: 0|req: 559/1189] 10.0.0.187 () {34 vars in 990 bytes} [Tue Apr 21 16:44:26 2026] GET /v2.0/ports?device_id=b15a2c1b-0ff6-41d1-a1a6-c6822f8169ea => generated 975 bytes in 43 msecs (HTTP/1.1 200) 4 headers in 157 bytes (1 switches on core 0)
2026-04-21 16:44:27.021 8 INFO neutron.db.ovn_revision_numbers_db [None req-38348d0c-c16c-4747-99cd-cfe4e8c37239 acc975e99253478884cdab08a09cb93e f1260cb717e94864b9c74abe0a17511a - - default default] Successfully bumped revision number for resource 2b55173f-c308-4d5c-8284-f25bfb9e2d71 (type: ports) to 1 [pid: 8|app: 0|req: 631/1190] 10.0.0.152 () {34 vars in 671 bytes} [Tue Apr 21 16:44:25 2026] POST /v2.0/networks => generated 788 bytes in 1314 msecs (HTTP/1.1 201) 4 headers in 162 bytes (1 switches on core 0) [pid: 8|app: 0|req: 632/1191] 10.0.0.151 () {28 vars in 599 bytes} [Tue Apr 21 16:44:27 2026] GET /v2.0/security-groups => generated 31882 bytes in 40 msecs (HTTP/1.1 200) 4 headers in 159 bytes (1 switches on core 0) [pid: 7|app: 0|req: 560/1192] 10.0.0.152 () {32 vars in 740 bytes} [Tue Apr 21 16:44:27 2026] DELETE /v2.0/security-groups/ef5b6a1c-841e-41c5-9563-46a4199eded9 => generated 0 bytes in 337 msecs (HTTP/1.1 204) 2 headers in 112 bytes (1 switches on core 0) [pid: 7|app: 0|req: 561/1193] 10.0.0.187 () {34 vars in 1040 bytes} [Tue Apr 21 16:44:27 2026] GET /v2.0/security-groups?id=18e545c9-8e45-4fbe-a7c7-a9559dcc764d&fields=id&fields=name => generated 114 bytes in 29 msecs (HTTP/1.1 200) 4 headers in 157 bytes (1 switches on core 0)
2026-04-21 16:44:27.536 8 WARNING neutron.scheduler.dhcp_agent_scheduler [None req-0dc6b6b5-05a6-4e53-a548-cc6428c6ab54 dafb658c80354a29a445e4ea3f5d28d3 092b723e35054097965f0a97b107c77b - - default default] No more DHCP agents
2026-04-21 16:44:27.537 8 WARNING neutron.api.rpc.agentnotifiers.dhcp_rpc_agent_api [None req-0dc6b6b5-05a6-4e53-a548-cc6428c6ab54 dafb658c80354a29a445e4ea3f5d28d3 092b723e35054097965f0a97b107c77b - - default default] Unable to schedule network 3a39f56b-2709-439e-88e3-1c4c82aad372: no agents available; will retry on subsequent port and subnet creation events.
2026-04-21 16:44:27.540 7 WARNING neutron.scheduler.dhcp_agent_scheduler [None req-1b243e93-b9f8-4159-a951-5514c7426e96 acc975e99253478884cdab08a09cb93e f1260cb717e94864b9c74abe0a17511a - - default default] No more DHCP agents
2026-04-21 16:44:27.542 7 WARNING neutron.api.rpc.agentnotifiers.dhcp_rpc_agent_api [None req-1b243e93-b9f8-4159-a951-5514c7426e96 acc975e99253478884cdab08a09cb93e f1260cb717e94864b9c74abe0a17511a - - default default] Unable to schedule network 51412b3e-32a3-473f-86ac-c73bf4d1ef13: no agents available; will retry on subsequent port and subnet creation events.
2026-04-21 16:44:27.697 8 INFO neutron.db.ovn_revision_numbers_db [None req-0dc6b6b5-05a6-4e53-a548-cc6428c6ab54 dafb658c80354a29a445e4ea3f5d28d3 092b723e35054097965f0a97b107c77b - - default default] Successfully bumped revision number for resource d1a94449-067d-4a07-aeca-e8dfe0697e71 (type: ports) to 1
2026-04-21 16:44:27.698 7 INFO neutron.plugins.ml2.drivers.ovn.mech_driver.mech_driver [None req-1ce3c2a4-f248-426b-ad8f-6e442335f48f - - - - - -] OVN reports status down for port: d1a94449-067d-4a07-aeca-e8dfe0697e71
2026-04-21 16:44:28.154 7 INFO neutron.db.ovn_revision_numbers_db [None req-fcbbaf13-156b-45f5-bb13-a4b3b484826f - - - - - -] Successfully bumped revision number for resource 2b55173f-c308-4d5c-8284-f25bfb9e2d71 (type: ports) to 2
2026-04-21 16:44:28.194 7 INFO neutron.db.ovn_revision_numbers_db [None req-fcbbaf13-156b-45f5-bb13-a4b3b484826f - - - - - -] Successfully bumped revision number for resource 73ec7ae5-4c6c-4bed-a345-f925564b4340 (type: subnets) to 0 [pid: 7|app: 0|req: 562/1194] 10.0.0.152 () {34 vars in 669 bytes} [Tue Apr 21 16:44:27 2026] POST /v2.0/subnets => generated 695 bytes in 839 msecs (HTTP/1.1 201) 4 headers in 162 bytes (1 switches on core 0) [pid: 7|app: 0|req: 563/1195] 10.0.0.151 () {28 vars in 619 bytes} [Tue Apr 21 16:44:28 2026] GET /v2.0/network-ip-availabilities => generated 2891 bytes in 41 msecs (HTTP/1.1 200) 4 headers in 158 bytes (1 switches on core 0)
2026-04-21 16:44:28.273 7 INFO neutron.plugins.ml2.drivers.ovn.mech_driver.mech_driver [None req-1ce3c2a4-f248-426b-ad8f-6e442335f48f - - - - - -] OVN reports status up for port: d1a94449-067d-4a07-aeca-e8dfe0697e71
2026-04-21 16:44:28.301 7 INFO neutron.plugins.ml2.plugin [None req-1ce3c2a4-f248-426b-ad8f-6e442335f48f - - - - - -] Attempt 1 to provision port d1a94449-067d-4a07-aeca-e8dfe0697e71
2026-04-21 16:44:28.330 8 WARNING neutron.scheduler.dhcp_agent_scheduler [None req-0dc6b6b5-05a6-4e53-a548-cc6428c6ab54 dafb658c80354a29a445e4ea3f5d28d3 092b723e35054097965f0a97b107c77b - - default default] No more DHCP agents
2026-04-21 16:44:28.332 8 WARNING neutron.api.rpc.agentnotifiers.dhcp_rpc_agent_api [None req-0dc6b6b5-05a6-4e53-a548-cc6428c6ab54 dafb658c80354a29a445e4ea3f5d28d3 092b723e35054097965f0a97b107c77b - - default default] Unable to schedule network 3a39f56b-2709-439e-88e3-1c4c82aad372: no agents available; will retry on subsequent port and subnet creation events. [pid: 7|app: 0|req: 564/1196] 10.0.0.187 () {34 vars in 990 bytes} [Tue Apr 21 16:44:28 2026] GET /v2.0/ports?device_id=b15a2c1b-0ff6-41d1-a1a6-c6822f8169ea => generated 975 bytes in 118 msecs (HTTP/1.1 200) 4 headers in 157 bytes (1 switches on core 0)
2026-04-21 16:44:28.535 8 INFO neutron.db.ovn_revision_numbers_db [None req-0dc6b6b5-05a6-4e53-a548-cc6428c6ab54 dafb658c80354a29a445e4ea3f5d28d3 092b723e35054097965f0a97b107c77b - - default default] Successfully bumped revision number for resource d1a94449-067d-4a07-aeca-e8dfe0697e71 (type: router_ports) to 1 [pid: 8|app: 0|req: 633/1199] 10.0.0.152 () {34 vars in 783 bytes} [Tue Apr 21 16:44:27 2026] PUT /v2.0/routers/b823732b-d02e-46e2-8e24-7eed79561ee0/add_router_interface => generated 309 bytes in 1456 msecs (HTTP/1.1 200) 4 headers in 157 bytes (1 switches on core 0) [pid: 8|app: 0|req: 634/1200] 10.0.0.151 () {28 vars in 581 bytes} [Tue Apr 21 16:44:28 2026] GET /v2.0/agents => generated 1214 bytes in 74 msecs (HTTP/1.1 200) 4 headers in 158 bytes (1 switches on core 0)
2026-04-21 16:44:29.198 8 INFO neutron.db.ovn_revision_numbers_db [None req-e46fd986-7ead-4efa-928a-8e02ac087e1c 7ba7c51fe1e54fcdaef61989cce3d030 5d6429d2c74d4f5eba7c1f578b3dd565 - - default default] Successfully bumped revision number for resource 0482cab7-3422-4812-a966-77e9d09edca9 (type: floatingips) to 1
2026-04-21 16:44:29.285 7 INFO neutron.db.ovn_revision_numbers_db [None req-1ce3c2a4-f248-426b-ad8f-6e442335f48f - - - - - -] Successfully bumped revision number for resource d1a94449-067d-4a07-aeca-e8dfe0697e71 (type: ports) to 2
2026-04-21 16:44:29.306 8 INFO neutron.db.ovn_revision_numbers_db [None req-e46fd986-7ead-4efa-928a-8e02ac087e1c 7ba7c51fe1e54fcdaef61989cce3d030 5d6429d2c74d4f5eba7c1f578b3dd565 - - default default] Successfully bumped revision number for resource 0482cab7-3422-4812-a966-77e9d09edca9 (type: floatingips) to 2
2026-04-21 16:44:29.307 8 INFO neutron.db.l3_db [None req-e46fd986-7ead-4efa-928a-8e02ac087e1c 7ba7c51fe1e54fcdaef61989cce3d030 5d6429d2c74d4f5eba7c1f578b3dd565 - - default default] Floating IP 0482cab7-3422-4812-a966-77e9d09edca9 associated. External IP: 10.96.250.210, port: 160d10d9-99ab-4da2-9950-2ff4b85c9572. [pid: 8|app: 0|req: 635/1201] 10.0.0.152 () {34 vars in 749 bytes} [Tue Apr 21 16:44:28 2026] PUT /v2.0/floatingips/0482cab7-3422-4812-a966-77e9d09edca9 => generated 856 bytes in 716 msecs (HTTP/1.1 200) 4 headers in 157 bytes (1 switches on core 0)
2026-04-21 16:44:29.366 8 INFO neutron.notifiers.nova [-] Nova event matching ['req-52dee493-080e-421b-b85e-3231041779f2'] response: {'name': 'network-changed', 'server_uuid': 'b15a2c1b-0ff6-41d1-a1a6-c6822f8169ea', 'tag': '160d10d9-99ab-4da2-9950-2ff4b85c9572', 'status': 'completed', 'code': 200} [pid: 8|app: 0|req: 636/1202] 10.0.0.152 () {32 vars in 717 bytes} [Tue Apr 21 16:44:29 2026] GET /v2.0/ports/d1a94449-067d-4a07-aeca-e8dfe0697e71 => generated 943 bytes in 71 msecs (HTTP/1.1 200) 4 headers in 157 bytes (1 switches on core 0)
2026-04-21 16:44:29.412 7 WARNING neutron.scheduler.dhcp_agent_scheduler [None req-7cf7ee2a-9c47-4b15-a045-e892212fb39a acc975e99253478884cdab08a09cb93e f1260cb717e94864b9c74abe0a17511a - - default default] No more DHCP agents
2026-04-21 16:44:29.414 7 WARNING neutron.api.rpc.agentnotifiers.dhcp_rpc_agent_api [None req-7cf7ee2a-9c47-4b15-a045-e892212fb39a acc975e99253478884cdab08a09cb93e f1260cb717e94864b9c74abe0a17511a - - default default] Unable to schedule network 90a0c12f-8539-4bc6-879e-f7b27098504c: no agents available; will retry on subsequent port and subnet creation events. [pid: 8|app: 0|req: 637/1203] 10.0.0.151 () {28 vars in 591 bytes} [Tue Apr 21 16:44:29 2026] GET /v2.0/floatingips => generated 861 bytes in 38 msecs (HTTP/1.1 200) 4 headers in 157 bytes (1 switches on core 0)
2026-04-21 16:44:29.595 7 INFO neutron.db.ovn_revision_numbers_db [None req-7cf7ee2a-9c47-4b15-a045-e892212fb39a acc975e99253478884cdab08a09cb93e f1260cb717e94864b9c74abe0a17511a - - default default] Successfully bumped revision number for resource 044946ec-407c-4578-b09a-0168c2097de2 (type: ports) to 1
2026-04-21 16:44:29.775 8 INFO neutron.db.ovn_revision_numbers_db [None req-1f0b0a7d-e67b-4064-bfc0-1906857d62b3 acc975e99253478884cdab08a09cb93e f1260cb717e94864b9c74abe0a17511a - - default default] Successfully bumped revision number for resource ad7c3259-9088-4bd1-a08b-96a9942ab85e (type: security_groups) to 1
2026-04-21 16:44:29.785 8 INFO neutron.db.ovn_revision_numbers_db [None req-1f0b0a7d-e67b-4064-bfc0-1906857d62b3 acc975e99253478884cdab08a09cb93e f1260cb717e94864b9c74abe0a17511a - - default default] Successfully bumped revision number for resource 5cd56436-88cb-49d0-bc60-b3b928b30f85 (type: security_group_rules) to 0
2026-04-21 16:44:29.796 8 INFO neutron.db.ovn_revision_numbers_db [None req-1f0b0a7d-e67b-4064-bfc0-1906857d62b3 acc975e99253478884cdab08a09cb93e f1260cb717e94864b9c74abe0a17511a - - default default] Successfully bumped revision number for resource a2462d51-da8f-4a7b-93c8-d9bbfbf348bd (type: security_group_rules) to 0
2026-04-21 16:44:29.807 8 INFO neutron.db.ovn_revision_numbers_db [None req-1f0b0a7d-e67b-4064-bfc0-1906857d62b3 acc975e99253478884cdab08a09cb93e f1260cb717e94864b9c74abe0a17511a - - default default] Successfully bumped revision number for resource e78df19f-77ac-471e-a105-87f52fc2e2b9 (type: security_group_rules) to 0
2026-04-21 16:44:29.818 8 INFO neutron.db.ovn_revision_numbers_db [None req-1f0b0a7d-e67b-4064-bfc0-1906857d62b3 acc975e99253478884cdab08a09cb93e f1260cb717e94864b9c74abe0a17511a - - default default] Successfully bumped revision number for resource f69f22c5-fb8e-4ed3-b5d1-5be80cc8455b (type: security_group_rules) to 0
2026-04-21 16:44:29.890 8 INFO neutron.db.segments_db [None req-1f0b0a7d-e67b-4064-bfc0-1906857d62b3 acc975e99253478884cdab08a09cb93e f1260cb717e94864b9c74abe0a17511a - - default default] Added segment 289faec9-777a-41f0-a14b-e5160ac46ca6 of type geneve for network 7a364605-ee7c-4946-ac6d-aed3692c26c6
2026-04-21 16:44:30.011 8 INFO neutron.db.ovn_revision_numbers_db [None req-1f0b0a7d-e67b-4064-bfc0-1906857d62b3 acc975e99253478884cdab08a09cb93e f1260cb717e94864b9c74abe0a17511a - - default default] Successfully bumped revision number for resource 7a364605-ee7c-4946-ac6d-aed3692c26c6 (type: networks) to 1
2026-04-21 16:44:30.158 8 WARNING neutron.scheduler.dhcp_agent_scheduler [None req-1f0b0a7d-e67b-4064-bfc0-1906857d62b3 acc975e99253478884cdab08a09cb93e f1260cb717e94864b9c74abe0a17511a - - default default] No more DHCP agents
2026-04-21 16:44:30.159 8 WARNING neutron.api.rpc.agentnotifiers.dhcp_rpc_agent_api [None req-1f0b0a7d-e67b-4064-bfc0-1906857d62b3 acc975e99253478884cdab08a09cb93e f1260cb717e94864b9c74abe0a17511a - - default default] Unable to schedule network 7a364605-ee7c-4946-ac6d-aed3692c26c6: no agents available; will retry on subsequent port and subnet creation events.
2026-04-21 16:44:30.266 8 INFO neutron.db.ovn_revision_numbers_db [None req-1f0b0a7d-e67b-4064-bfc0-1906857d62b3 acc975e99253478884cdab08a09cb93e f1260cb717e94864b9c74abe0a17511a - - default default] Successfully bumped revision number for resource 9ba60b3b-1e44-4ad9-a8ca-327f602ad478 (type: ports) to 1 [pid: 8|app: 0|req: 638/1204] 10.0.0.152 () {34 vars in 671 bytes} [Tue Apr 21 16:44:29 2026] POST /v2.0/networks => generated 781 bytes in 843 msecs (HTTP/1.1 201) 4 headers in 162 bytes (1 switches on core 0)
2026-04-21 16:44:30.298 7 INFO neutron.plugins.ml2.drivers.ovn.mech_driver.ovsdb.commands [None req-8b0d927a-7b25-447d-a39a-ab10f279a97a - - - - - -] Schedule LRP lrp-044946ec-407c-4578-b09a-0168c2097de2 on gateway 7626ffbf-ee81-4771-a62e-3b8cfb0f42b7 with priority 1
2026-04-21 16:44:30.414 7 INFO neutron.plugins.ml2.drivers.ovn.mech_driver.ovsdb.ovsdb_monitor [None req-e9cf548e-0abc-4b33-a7d9-ccb263f602d3 - - - - - -] Router 5cfbc40d-e48a-42be-8248-7d243ebf7e18 is bound to host instance
2026-04-21 16:44:30.505 7 INFO neutron.db.ovn_revision_numbers_db [None req-7cf7ee2a-9c47-4b15-a045-e892212fb39a acc975e99253478884cdab08a09cb93e f1260cb717e94864b9c74abe0a17511a - - default default] Successfully bumped revision number for resource 044946ec-407c-4578-b09a-0168c2097de2 (type: router_ports) to 1
2026-04-21 16:44:30.632 7 INFO neutron.db.ovn_revision_numbers_db [None req-7cf7ee2a-9c47-4b15-a045-e892212fb39a acc975e99253478884cdab08a09cb93e f1260cb717e94864b9c74abe0a17511a - - default default] Successfully bumped revision number for resource 5cfbc40d-e48a-42be-8248-7d243ebf7e18 (type: routers) to 2 [pid: 7|app: 0|req: 567/1205] 10.0.0.152 () {34 vars in 669 bytes} [Tue Apr 21 16:44:28 2026] POST /v2.0/routers => generated 973 bytes in 2280 msecs (HTTP/1.1 201) 4 headers in 162 bytes (1 switches on core 0) [pid: 7|app: 0|req: 568/1206] 10.0.0.151 () {28 vars in 583 bytes} [Tue Apr 21 16:44:30 2026] GET /v2.0/subnets => generated 3941 bytes in 81 msecs (HTTP/1.1 200) 4 headers in 158 bytes (1 switches on core 0) [pid: 7|app: 0|req: 569/1207] 199.19.213.47 () {34 vars in 1079 bytes} [Tue Apr 21 16:44:30 2026] GET /v2.0/ports?tenant_id=5d6429d2c74d4f5eba7c1f578b3dd565&device_id=b15a2c1b-0ff6-41d1-a1a6-c6822f8169ea => generated 1213 bytes in 77 msecs (HTTP/1.1 200) 4 headers in 158 bytes (1 switches on core 0)
2026-04-21 16:44:30.830 8 WARNING neutron.scheduler.dhcp_agent_scheduler [None req-0f342ffc-2fe0-4804-9700-7ba5369f2dc2 dafb658c80354a29a445e4ea3f5d28d3 092b723e35054097965f0a97b107c77b - - default default] No more DHCP agents
2026-04-21 16:44:30.831 8 WARNING neutron.api.rpc.agentnotifiers.dhcp_rpc_agent_api [None req-0f342ffc-2fe0-4804-9700-7ba5369f2dc2 dafb658c80354a29a445e4ea3f5d28d3 092b723e35054097965f0a97b107c77b - - default default] Unable to schedule network 6667c5f2-2f12-4951-ac1d-36c9812f0b55: no agents available; will retry on subsequent port and subnet creation events.
2026-04-21 16:44:31.028 8 INFO neutron.db.ovn_revision_numbers_db [None req-0f342ffc-2fe0-4804-9700-7ba5369f2dc2 dafb658c80354a29a445e4ea3f5d28d3 092b723e35054097965f0a97b107c77b - - default default] Successfully bumped revision number for resource a3b01f9a-7a82-42f8-be4c-e15023544120 (type: ports) to 1
2026-04-21 16:44:31.163 7 WARNING neutron.scheduler.dhcp_agent_scheduler [None req-b03c604c-1161-45ae-ac6b-4c0236fa9a9b acc975e99253478884cdab08a09cb93e f1260cb717e94864b9c74abe0a17511a - - default default] No more DHCP agents
2026-04-21 16:44:31.169 7 WARNING neutron.api.rpc.agentnotifiers.dhcp_rpc_agent_api [None req-b03c604c-1161-45ae-ac6b-4c0236fa9a9b acc975e99253478884cdab08a09cb93e f1260cb717e94864b9c74abe0a17511a - - default default] Unable to schedule network 7a364605-ee7c-4946-ac6d-aed3692c26c6: no agents available; will retry on subsequent port and subnet creation events.
2026-04-21 16:44:31.674 8 WARNING neutron.scheduler.dhcp_agent_scheduler [None req-0f342ffc-2fe0-4804-9700-7ba5369f2dc2 dafb658c80354a29a445e4ea3f5d28d3 092b723e35054097965f0a97b107c77b - - default default] No more DHCP agents
2026-04-21 16:44:31.675 8 WARNING neutron.api.rpc.agentnotifiers.dhcp_rpc_agent_api [None req-0f342ffc-2fe0-4804-9700-7ba5369f2dc2 dafb658c80354a29a445e4ea3f5d28d3 092b723e35054097965f0a97b107c77b - - default default] Unable to schedule network 6667c5f2-2f12-4951-ac1d-36c9812f0b55: no agents available; will retry on subsequent port and subnet creation events.
2026-04-21 16:44:31.873 8 INFO neutron.db.ovn_revision_numbers_db [None req-0f342ffc-2fe0-4804-9700-7ba5369f2dc2 dafb658c80354a29a445e4ea3f5d28d3 092b723e35054097965f0a97b107c77b - - default default] Successfully bumped revision number for resource a3b01f9a-7a82-42f8-be4c-e15023544120 (type: router_ports) to 1 [pid: 8|app: 0|req: 639/1208] 10.0.0.152 () {34 vars in 783 bytes} [Tue Apr 21 16:44:30 2026] PUT /v2.0/routers/b823732b-d02e-46e2-8e24-7eed79561ee0/add_router_interface => generated 309 bytes in 1592 msecs (HTTP/1.1 200) 4 headers in 157 bytes (1 switches on core 0)
2026-04-21 16:44:32.140 7 INFO neutron.db.ovn_revision_numbers_db [None req-b57b44e1-89b4-4c0b-a443-42cef6bf4082 - - - - - -] Successfully bumped revision number for resource 044946ec-407c-4578-b09a-0168c2097de2 (type: ports) to 4
2026-04-21 16:44:32.268 7 INFO neutron.db.ovn_revision_numbers_db [None req-bc8a35e0-a75f-4356-9131-b1fca76c2dd5 - - - - - -] Successfully bumped revision number for resource 9ba60b3b-1e44-4ad9-a8ca-327f602ad478 (type: ports) to 2
2026-04-21 16:44:32.324 7 INFO neutron.db.ovn_revision_numbers_db [None req-bc8a35e0-a75f-4356-9131-b1fca76c2dd5 - - - - - -] Successfully bumped revision number for resource 4537d9a1-9784-4fd9-a575-86197c92c893 (type: subnets) to 0 [pid: 7|app: 0|req: 570/1209] 10.0.0.152 () {34 vars in 669 bytes} [Tue Apr 21 16:44:30 2026] POST /v2.0/subnets => generated 687 bytes in 1538 msecs (HTTP/1.1 201) 4 headers in 162 bytes (1 switches on core 0)
2026-04-21 16:44:32.373 8 WARNING neutron.scheduler.dhcp_agent_scheduler [None req-9d6418b6-61b7-42dc-a4c8-af9d6e438ff7 acc975e99253478884cdab08a09cb93e f1260cb717e94864b9c74abe0a17511a - - default default] No more DHCP agents
2026-04-21 16:44:32.375 8 WARNING neutron.api.rpc.agentnotifiers.dhcp_rpc_agent_api [None req-9d6418b6-61b7-42dc-a4c8-af9d6e438ff7 acc975e99253478884cdab08a09cb93e f1260cb717e94864b9c74abe0a17511a - - default default] Unable to schedule network 51412b3e-32a3-473f-86ac-c73bf4d1ef13: no agents available; will retry on subsequent port and subnet creation events.
2026-04-21 16:44:32.537 8 INFO neutron.db.ovn_revision_numbers_db [None req-9d6418b6-61b7-42dc-a4c8-af9d6e438ff7 acc975e99253478884cdab08a09cb93e f1260cb717e94864b9c74abe0a17511a - - default default] Successfully bumped revision number for resource 56153a76-dac5-49a6-b18c-e0a391a247b2 (type: ports) to 1 [pid: 7|app: 0|req: 571/1210] 10.0.0.151 () {28 vars in 583 bytes} [Tue Apr 21 16:44:32 2026] GET /v2.0/routers => generated 2557 bytes in 197 msecs (HTTP/1.1 200) 4 headers in 158 bytes (1 switches on core 0) [pid: 7|app: 0|req: 572/1211] 199.19.213.47 () {34 vars in 985 bytes} [Tue Apr 21 16:44:32 2026] GET /v2.0/networks?id=2e37b514-7266-494a-bace-70a57fee9f85 => generated 811 bytes in 109 msecs (HTTP/1.1 200) 4 headers in 157 bytes (1 switches on core 0) [pid: 7|app: 0|req: 573/1212] 10.0.0.152 () {32 vars in 717 bytes} [Tue Apr 21 16:44:32 2026] GET /v2.0/ports/a3b01f9a-7a82-42f8-be4c-e15023544120 => generated 941 bytes in 156 msecs (HTTP/1.1 200) 4 headers in 157 bytes (1 switches on core 0)
2026-04-21 16:44:32.835 7 INFO neutron.db.ovn_revision_numbers_db [None req-b57b44e1-89b4-4c0b-a443-42cef6bf4082 - - - - - -] Successfully bumped revision number for resource 044946ec-407c-4578-b09a-0168c2097de2 (type: ports) to 5
2026-04-21 16:44:33.153 8 WARNING neutron.scheduler.dhcp_agent_scheduler [None req-9d6418b6-61b7-42dc-a4c8-af9d6e438ff7 acc975e99253478884cdab08a09cb93e f1260cb717e94864b9c74abe0a17511a - - default default] No more DHCP agents
2026-04-21 16:44:33.154 8 WARNING neutron.api.rpc.agentnotifiers.dhcp_rpc_agent_api [None req-9d6418b6-61b7-42dc-a4c8-af9d6e438ff7 acc975e99253478884cdab08a09cb93e f1260cb717e94864b9c74abe0a17511a - - default default] Unable to schedule network 51412b3e-32a3-473f-86ac-c73bf4d1ef13: no agents available; will retry on subsequent port and subnet creation events.
2026-04-21 16:44:33.300 7 WARNING neutron.scheduler.dhcp_agent_scheduler [None req-c74b7703-9841-4599-a92e-f757c215b5f0 acc975e99253478884cdab08a09cb93e f1260cb717e94864b9c74abe0a17511a - - default default] No more DHCP agents
2026-04-21 16:44:33.302 7 WARNING neutron.api.rpc.agentnotifiers.dhcp_rpc_agent_api [None req-c74b7703-9841-4599-a92e-f757c215b5f0 acc975e99253478884cdab08a09cb93e f1260cb717e94864b9c74abe0a17511a - - default default] Unable to schedule network 90a0c12f-8539-4bc6-879e-f7b27098504c: no agents available; will retry on subsequent port and subnet creation events.
2026-04-21 16:44:33.461 7 INFO neutron.db.ovn_revision_numbers_db [None req-c74b7703-9841-4599-a92e-f757c215b5f0 acc975e99253478884cdab08a09cb93e f1260cb717e94864b9c74abe0a17511a - - default default] Successfully bumped revision number for resource 4e8dd461-82a3-4922-813f-d4c760cfbf76 (type: ports) to 1
2026-04-21 16:44:33.679 8 INFO neutron.db.ovn_revision_numbers_db [None req-9d6418b6-61b7-42dc-a4c8-af9d6e438ff7 acc975e99253478884cdab08a09cb93e f1260cb717e94864b9c74abe0a17511a - - default default] Successfully bumped revision number for resource 56153a76-dac5-49a6-b18c-e0a391a247b2 (type: router_ports) to 1 [pid: 8|app: 0|req: 640/1213] 10.0.0.152 () {34 vars in 783 bytes} [Tue Apr 21 16:44:31 2026] PUT /v2.0/routers/5cfbc40d-e48a-42be-8248-7d243ebf7e18/add_router_interface => generated 309 bytes in 1806 msecs (HTTP/1.1 200) 4 headers in 157 bytes (1 switches on core 0) [pid: 8|app: 0|req: 641/1214] 10.0.0.151 () {28 vars in 624 bytes} [Tue Apr 21 16:44:33 2026] GET /v2.0/agents?binary=ovn-controller => generated 416 bytes in 10 msecs (HTTP/1.1 200) 4 headers in 157 bytes (1 switches on core 0) [pid: 8|app: 0|req: 642/1215] 199.19.213.47 () {34 vars in 1059 bytes} [Tue Apr 21 16:44:33 2026] GET /v2.0/floatingips?fixed_ip_address=10.100.0.12&port_id=160d10d9-99ab-4da2-9950-2ff4b85c9572 => generated 861 bytes in 32 msecs (HTTP/1.1 200) 4 headers in 157 bytes (1 switches on core 0) [pid: 8|app: 0|req: 643/1216] 10.0.0.152 () {32 vars in 717 bytes} [Tue Apr 21 16:44:33 2026] GET /v2.0/ports/a3b01f9a-7a82-42f8-be4c-e15023544120 => generated 941 bytes in 72 msecs (HTTP/1.1 200) 4 headers in 157 bytes (1 switches on core 0) [pid: 8|app: 0|req: 644/1217] 10.0.0.151 () {28 vars in 579 bytes} [Tue Apr 21 16:44:33 2026] GET /v2.0/ports => generated 20079 bytes in 95 msecs (HTTP/1.1 200) 4 headers in 159 bytes (1 switches on core 0) [pid: 8|app: 0|req: 645/1218] 199.19.213.47 () {34 vars in 983 bytes} [Tue Apr 21 16:44:33 2026] GET /v2.0/subnets?id=5e4090f0-d17e-460e-8cd4-6bd034c0c1aa => generated 693 bytes in 22 msecs (HTTP/1.1 200) 4 headers in 157 bytes (1 switches on core 0) [pid: 8|app: 0|req: 646/1219] 10.0.0.151 () {28 vars in 583 bytes} [Tue Apr 21 16:44:33 2026] GET /v2.0/subnets => generated 4618 bytes in 42 msecs (HTTP/1.1 200) 4 headers in 158 bytes (1 switches on core 0) [pid: 8|app: 0|req: 647/1220] 199.19.213.47 () {34 vars in 1051 bytes} [Tue Apr 21 16:44:33 2026] GET /v2.0/ports?network_id=2e37b514-7266-494a-bace-70a57fee9f85&device_owner=network%3Adhcp => generated 12 bytes in 14 msecs (HTTP/1.1 200) 4 headers in 156 bytes (1 switches on core 0) [pid: 8|app: 0|req: 648/1221] 10.0.0.151 () {28 vars in 591 bytes} [Tue Apr 21 16:44:33 2026] GET /v2.0/subnetpools => generated 19 bytes in 10 msecs (HTTP/1.1 200) 4 headers in 156 bytes (1 switches on core 0) [pid: 8|app: 0|req: 649/1222] 199.19.213.47 () {34 vars in 1011 bytes} [Tue Apr 21 16:44:33 2026] GET /v2.0/networks/2e37b514-7266-494a-bace-70a57fee9f85?fields=segments => generated 14 bytes in 46 msecs (HTTP/1.1 200) 4 headers in 156 bytes (1 switches on core 0) [pid: 8|app: 0|req: 650/1223] 199.19.213.47 () {34 vars in 1111 bytes} [Tue Apr 21 16:44:34 2026] GET /v2.0/networks/2e37b514-7266-494a-bace-70a57fee9f85?fields=provider%3Aphysical_network&fields=provider%3Anetwork_type => generated 79 bytes in 41 msecs (HTTP/1.1 200) 4 headers in 156 bytes (1 switches on core 0)
2026-04-21 16:44:34.211 7 WARNING neutron.plugins.ml2.drivers.ovn.mech_driver.ovsdb.ovn_client [None req-773804a4-beef-4f1b-8e32-d027e3cc7d57 - - - - - -] No hosting information found for port d1a94449-067d-4a07-aeca-e8dfe0697e71: RuntimeError: No hosting information found for port d1a94449-067d-4a07-aeca-e8dfe0697e71
2026-04-21 16:44:34.360 8 INFO neutron.db.ovn_revision_numbers_db [None req-c0c804b4-45e3-4a34-9f5b-446c679910a5 db679099549740fb8e1ff2ed63c6997f 0b6f8fa30a744f3eaeb030c47620194c - - default default] Successfully bumped revision number for resource 429995fc-c3ec-49e9-b32b-67b50d34c15e (type: security_groups) to 1
2026-04-21 16:44:34.374 8 INFO neutron.db.ovn_revision_numbers_db [None req-c0c804b4-45e3-4a34-9f5b-446c679910a5 db679099549740fb8e1ff2ed63c6997f 0b6f8fa30a744f3eaeb030c47620194c - - default default] Successfully bumped revision number for resource 05f69bce-233a-4af2-9c66-d48b84c3636b (type: security_group_rules) to 0
2026-04-21 16:44:34.386 8 INFO neutron.db.ovn_revision_numbers_db [None req-c0c804b4-45e3-4a34-9f5b-446c679910a5 db679099549740fb8e1ff2ed63c6997f 0b6f8fa30a744f3eaeb030c47620194c - - default default] Successfully bumped revision number for resource fb2e9870-657c-4637-9d31-2d020da94fab (type: security_group_rules) to 0 [pid: 8|app: 0|req: 651/1224] 10.0.0.152 () {34 vars in 685 bytes} [Tue Apr 21 16:44:34 2026] POST /v2.0/security-groups => generated 1660 bytes in 203 msecs (HTTP/1.1 201) 4 headers in 163 bytes (1 switches on core 0)
2026-04-21 16:44:34.431 7 INFO neutron.db.ovn_revision_numbers_db [None req-773804a4-beef-4f1b-8e32-d027e3cc7d57 - - - - - -] Successfully bumped revision number for resource d1a94449-067d-4a07-aeca-e8dfe0697e71 (type: router_ports) to 2
2026-04-21 16:44:34.534 7 INFO neutron.plugins.ml2.drivers.ovn.mech_driver.mech_driver [None req-773804a4-beef-4f1b-8e32-d027e3cc7d57 - - - - - -] OVN reports status down for port: 044946ec-407c-4578-b09a-0168c2097de2
2026-04-21 16:44:34.561 8 INFO neutron.db.ovn_revision_numbers_db [None req-dd6b7fb8-3596-4d70-a71e-816535cec6f1 db679099549740fb8e1ff2ed63c6997f 0b6f8fa30a744f3eaeb030c47620194c - - default default] Successfully bumped revision number for resource c2a662cb-2f51-4db1-abf6-eabd9e44cc78 (type: security_group_rules) to 0 [pid: 8|app: 0|req: 652/1225] 10.0.0.152 () {34 vars in 695 bytes} [Tue Apr 21 16:44:34 2026] POST /v2.0/security-group-rules => generated 597 bytes in 171 msecs (HTTP/1.1 201) 4 headers in 162 bytes (1 switches on core 0)
2026-04-21 16:44:34.724 8 INFO neutron.db.ovn_revision_numbers_db [None req-0a80f1a7-9468-442e-bf57-cae9419471ab db679099549740fb8e1ff2ed63c6997f 0b6f8fa30a744f3eaeb030c47620194c - - default default] Successfully bumped revision number for resource 47c0eff3-f775-4ba4-ac53-023963b393a3 (type: security_group_rules) to 0 [pid: 8|app: 0|req: 653/1226] 10.0.0.152 () {34 vars in 695 bytes} [Tue Apr 21 16:44:34 2026] POST /v2.0/security-group-rules => generated 602 bytes in 157 msecs (HTTP/1.1 201) 4 headers in 162 bytes (1 switches on core 0)
