2026-04-21 16:45:37.243 8 INFO neutron.db.ovn_revision_numbers_db [None req-3c2eb859-a6e4-4202-af86-34930b298bc6 - - - - - -] Successfully bumped revision number for resource a4cc7427-49e0-4a48-b144-83095b0ecc9d (type: ports) to 2
2026-04-21 16:45:37.275 8 INFO neutron.db.ovn_revision_numbers_db [None req-3c2eb859-a6e4-4202-af86-34930b298bc6 - - - - - -] Successfully bumped revision number for resource 92b53897-09de-4bb3-abdc-291c5c94f04b (type: subnets) to 0 [pid: 8|app: 0|req: 836/1581] 10.0.0.152 () {34 vars in 669 bytes} [Tue Apr 21 16:45:36 2026] POST /v2.0/subnets => generated 644 bytes in 659 msecs (HTTP/1.1 201) 4 headers in 162 bytes (1 switches on core 0) [pid: 8|app: 0|req: 837/1582] 199.19.213.47 () {34 vars in 1017 bytes} [Tue Apr 21 16:45:37 2026] GET /v2.0/networks?tenant_id=69105aa0716c4ccf974e56a96d85fc41&shared=False => generated 807 bytes in 42 msecs (HTTP/1.1 200) 4 headers in 157 bytes (1 switches on core 0)
2026-04-21 16:45:37.342 7 WARNING neutron.scheduler.dhcp_agent_scheduler [None req-d06104dd-0f3f-4238-b619-e02717331659 6c058856e0ba43afb5b0e6bc99adb7b2 f249b175db5b434480ed9a3d0c653a4f - - default default] No more DHCP agents
2026-04-21 16:45:37.344 7 WARNING neutron.api.rpc.agentnotifiers.dhcp_rpc_agent_api [None req-d06104dd-0f3f-4238-b619-e02717331659 6c058856e0ba43afb5b0e6bc99adb7b2 f249b175db5b434480ed9a3d0c653a4f - - default default] Unable to schedule network 90a0c12f-8539-4bc6-879e-f7b27098504c: no agents available; will retry on subsequent port and subnet creation events. [pid: 8|app: 0|req: 838/1583] 10.0.0.187 () {34 vars in 1040 bytes} [Tue Apr 21 16:45:37 2026] GET /v2.0/security-groups?id=e577692f-2ea6-408e-8d1f-d85b0d6c2c08&fields=id&fields=name => generated 114 bytes in 33 msecs (HTTP/1.1 200) 4 headers in 157 bytes (1 switches on core 0)
2026-04-21 16:45:37.373 8 WARNING neutron.api.v2.base [None req-f0d06bec-fec3-40bb-a79d-504ff6f09bd7 347ac04497ed4506bb56f58ce4942df4 84c8b726036b4effbd5442c250a22cbe - - default default] An exception happened while processing the request body. The exception message is [Invalid input for target_tenant. Reason: 'None' is not a valid string.].: webob.exc.HTTPBadRequest: Invalid input for target_tenant. Reason: 'None' is not a valid string.
2026-04-21 16:45:37.373 8 INFO neutron.api.v2.resource [None req-f0d06bec-fec3-40bb-a79d-504ff6f09bd7 347ac04497ed4506bb56f58ce4942df4 84c8b726036b4effbd5442c250a22cbe - - default default] create failed (client error): Invalid input for target_tenant. Reason: 'None' is not a valid string. [pid: 8|app: 0|req: 839/1584] 10.0.0.152 () {34 vars in 681 bytes} [Tue Apr 21 16:45:37 2026] POST /v2.0/rbac-policies => generated 143 bytes in 6 msecs (HTTP/1.1 400) 4 headers in 166 bytes (1 switches on core 0) [pid: 8|app: 0|req: 840/1585] 199.19.213.47 () {34 vars in 929 bytes} [Tue Apr 21 16:45:37 2026] GET /v2.0/networks?shared=True => generated 791 bytes in 33 msecs (HTTP/1.1 200) 4 headers in 157 bytes (1 switches on core 0)
2026-04-21 16:45:37.493 7 INFO neutron.plugins.ml2.drivers.ovn.mech_driver.mech_driver [None req-2b07db89-e680-4e0a-b8c4-5fbfc214e12c - - - - - -] OVN reports status down for port: 04c00261-227f-438e-b3c2-4c775c808693
2026-04-21 16:45:37.557 7 INFO neutron.db.ovn_revision_numbers_db [None req-d06104dd-0f3f-4238-b619-e02717331659 6c058856e0ba43afb5b0e6bc99adb7b2 f249b175db5b434480ed9a3d0c653a4f - - default default] Successfully bumped revision number for resource 04c00261-227f-438e-b3c2-4c775c808693 (type: ports) to 1
2026-04-21 16:45:37.579 8 INFO neutron_taas.services.taas.taas_plugin [None req-69b01bf5-ba22-4b99-8d51-fe781b51434d 347ac04497ed4506bb56f58ce4942df4 84c8b726036b4effbd5442c250a22cbe - - default default] TaaS: Handle Delete Port: a4cc7427-49e0-4a48-b144-83095b0ecc9d
2026-04-21 16:45:37.582 8 INFO neutron_taas.services.taas.tap_mirror_plugin [None req-69b01bf5-ba22-4b99-8d51-fe781b51434d 347ac04497ed4506bb56f58ce4942df4 84c8b726036b4effbd5442c250a22cbe - - default default] Tap Mirror: Handle Delete Port: a4cc7427-49e0-4a48-b144-83095b0ecc9d
2026-04-21 16:45:37.890 8 INFO neutron.services.segments.plugin [-] Segment 9dab3274-956e-45d0-9688-9d321aa21eb2 resource provider aggregate not found
2026-04-21 16:45:37.897 8 INFO neutron.services.segments.plugin [-] Segment 9dab3274-956e-45d0-9688-9d321aa21eb2 resource provider aggregate not found
2026-04-21 16:45:37.908 8 INFO neutron.services.segments.plugin [-] Segment 9dab3274-956e-45d0-9688-9d321aa21eb2 resource provider not found; error: Placement Client Error (4xx): {"errors": [{"status": 404, "title": "Not Found", "detail": "The resource could not be found.\n\n No resource provider with uuid 9dab3274-956e-45d0-9688-9d321aa21eb2 found for delete ", "request_id": "req-067632c0-f0bb-4820-965e-8b6791cdbf1f"}]}
2026-04-21 16:45:37.921 8 INFO neutron.services.segments.plugin [-] Segment 9dab3274-956e-45d0-9688-9d321aa21eb2 resource provider not found; error: Placement Client Error (4xx): {"errors": [{"status": 404, "title": "Not Found", "detail": "The resource could not be found.\n\n No resource provider with uuid 9dab3274-956e-45d0-9688-9d321aa21eb2 found for delete ", "request_id": "req-b760c82f-4f0d-4a72-a13f-e7ced302d354"}]} [pid: 8|app: 0|req: 841/1586] 10.0.0.152 () {32 vars in 726 bytes} [Tue Apr 21 16:45:37 2026] DELETE /v2.0/networks/205cb6c9-d73e-4920-b40b-fb6c7a80f8ea => generated 0 bytes in 558 msecs (HTTP/1.1 204) 3 headers in 131 bytes (1 switches on core 0)
2026-04-21 16:45:38.050 8 INFO neutron.db.segments_db [None req-17f6f2e8-d53e-4268-bc92-9cfbdeee2fec 347ac04497ed4506bb56f58ce4942df4 84c8b726036b4effbd5442c250a22cbe - - default default] Added segment 4f7f2fa8-0615-4c3a-bc2e-b5e0284e1ac2 of type geneve for network 3275ee1a-a5f9-4696-b89b-19cb2600c32f
2026-04-21 16:45:38.158 8 INFO neutron.db.ovn_revision_numbers_db [None req-17f6f2e8-d53e-4268-bc92-9cfbdeee2fec 347ac04497ed4506bb56f58ce4942df4 84c8b726036b4effbd5442c250a22cbe - - default default] Successfully bumped revision number for resource 3275ee1a-a5f9-4696-b89b-19cb2600c32f (type: networks) to 1
2026-04-21 16:45:38.202 7 INFO neutron.plugins.ml2.drivers.ovn.mech_driver.ovsdb.commands [None req-8b0d927a-7b25-447d-a39a-ab10f279a97a - - - - - -] Schedule LRP lrp-04c00261-227f-438e-b3c2-4c775c808693 on gateway 7626ffbf-ee81-4771-a62e-3b8cfb0f42b7 with priority 1
2026-04-21 16:45:38.296 7 INFO neutron.plugins.ml2.drivers.ovn.mech_driver.ovsdb.ovsdb_monitor [None req-59f8942b-0451-45ce-b818-35ac88afa625 - - - - - -] Router 361650e2-f754-4ab9-bfa3-0e59ff7ebe3f is bound to host instance
2026-04-21 16:45:38.314 7 INFO neutron.plugins.ml2.drivers.ovn.mech_driver.mech_driver [None req-2b07db89-e680-4e0a-b8c4-5fbfc214e12c - - - - - -] OVN reports status up for port: 04c00261-227f-438e-b3c2-4c775c808693
2026-04-21 16:45:38.368 7 INFO neutron.plugins.ml2.plugin [None req-2b07db89-e680-4e0a-b8c4-5fbfc214e12c - - - - - -] Attempt 1 to provision port 04c00261-227f-438e-b3c2-4c775c808693
2026-04-21 16:45:38.398 8 WARNING neutron.scheduler.dhcp_agent_scheduler [None req-17f6f2e8-d53e-4268-bc92-9cfbdeee2fec 347ac04497ed4506bb56f58ce4942df4 84c8b726036b4effbd5442c250a22cbe - - default default] No more DHCP agents
2026-04-21 16:45:38.399 8 WARNING neutron.api.rpc.agentnotifiers.dhcp_rpc_agent_api [None req-17f6f2e8-d53e-4268-bc92-9cfbdeee2fec 347ac04497ed4506bb56f58ce4942df4 84c8b726036b4effbd5442c250a22cbe - - default default] Unable to schedule network 3275ee1a-a5f9-4696-b89b-19cb2600c32f: no agents available; will retry on subsequent port and subnet creation events.
2026-04-21 16:45:38.414 7 INFO neutron.db.ovn_revision_numbers_db [None req-d06104dd-0f3f-4238-b619-e02717331659 6c058856e0ba43afb5b0e6bc99adb7b2 f249b175db5b434480ed9a3d0c653a4f - - default default] Successfully bumped revision number for resource 04c00261-227f-438e-b3c2-4c775c808693 (type: router_ports) to 1
2026-04-21 16:45:38.498 8 INFO neutron.db.ovn_revision_numbers_db [None req-17f6f2e8-d53e-4268-bc92-9cfbdeee2fec 347ac04497ed4506bb56f58ce4942df4 84c8b726036b4effbd5442c250a22cbe - - default default] Successfully bumped revision number for resource f57d20c9-166b-4f0a-a7f6-3f9f12a5cd9e (type: ports) to 1 [pid: 8|app: 0|req: 842/1587] 10.0.0.152 () {34 vars in 670 bytes} [Tue Apr 21 16:45:37 2026] POST /v2.0/networks => generated 767 bytes in 545 msecs (HTTP/1.1 201) 4 headers in 162 bytes (1 switches on core 0) [pid: 8|app: 0|req: 843/1588] 199.19.213.47 () {34 vars in 1079 bytes} [Tue Apr 21 16:45:38 2026] GET /v2.0/ports?tenant_id=69105aa0716c4ccf974e56a96d85fc41&device_id=b328d977-05c3-459d-9be9-8800c39f3dee => generated 1207 bytes in 27 msecs (HTTP/1.1 200) 4 headers in 158 bytes (1 switches on core 0) [pid: 8|app: 0|req: 844/1589] 10.0.0.187 () {34 vars in 990 bytes} [Tue Apr 21 16:45:38 2026] GET /v2.0/ports?device_id=b328d977-05c3-459d-9be9-8800c39f3dee => generated 969 bytes in 37 msecs (HTTP/1.1 200) 4 headers in 157 bytes (1 switches on core 0)
2026-04-21 16:45:38.604 7 INFO neutron.db.ovn_revision_numbers_db [None req-d06104dd-0f3f-4238-b619-e02717331659 6c058856e0ba43afb5b0e6bc99adb7b2 f249b175db5b434480ed9a3d0c653a4f - - default default] Successfully bumped revision number for resource 361650e2-f754-4ab9-bfa3-0e59ff7ebe3f (type: routers) to 2 [pid: 7|app: 0|req: 746/1590] 10.0.0.152 () {34 vars in 669 bytes} [Tue Apr 21 16:45:36 2026] POST /v2.0/routers => generated 954 bytes in 1747 msecs (HTTP/1.1 201) 4 headers in 162 bytes (1 switches on core 0) [pid: 7|app: 0|req: 747/1591] 199.19.213.47 () {34 vars in 1057 bytes} [Tue Apr 21 16:45:38 2026] GET /v2.0/floatingips?fixed_ip_address=10.100.0.9&port_id=ed7b3242-3c1f-4a8b-9bd0-5359a21a091b => generated 19 bytes in 40 msecs (HTTP/1.1 200) 4 headers in 156 bytes (1 switches on core 0)
2026-04-21 16:45:38.704 8 WARNING neutron.scheduler.dhcp_agent_scheduler [None req-49641405-d537-48e8-9a57-b3f0301bb86b 347ac04497ed4506bb56f58ce4942df4 84c8b726036b4effbd5442c250a22cbe - - default default] No more DHCP agents
2026-04-21 16:45:38.706 8 WARNING neutron.api.rpc.agentnotifiers.dhcp_rpc_agent_api [None req-49641405-d537-48e8-9a57-b3f0301bb86b 347ac04497ed4506bb56f58ce4942df4 84c8b726036b4effbd5442c250a22cbe - - default default] Unable to schedule network 3275ee1a-a5f9-4696-b89b-19cb2600c32f: no agents available; will retry on subsequent port and subnet creation events. [pid: 7|app: 0|req: 748/1592] 10.0.0.187 () {34 vars in 1040 bytes} [Tue Apr 21 16:45:38 2026] GET /v2.0/security-groups?id=e577692f-2ea6-408e-8d1f-d85b0d6c2c08&fields=id&fields=name => generated 114 bytes in 55 msecs (HTTP/1.1 200) 4 headers in 157 bytes (1 switches on core 0) [pid: 7|app: 0|req: 749/1593] 10.0.0.152 () {32 vars in 776 bytes} [Tue Apr 21 16:45:38 2026] GET /v2.0/subnets?project_id=f249b175db5b434480ed9a3d0c653a4f&cidr=10.100.0.0%2F28 => generated 14 bytes in 196 msecs (HTTP/1.1 200) 4 headers in 156 bytes (1 switches on core 0) [pid: 7|app: 0|req: 750/1594] 199.19.213.47 () {34 vars in 983 bytes} [Tue Apr 21 16:45:38 2026] GET /v2.0/subnets?id=c7e8b26a-6a33-4a19-8cdc-0384408f1904 => generated 688 bytes in 42 msecs (HTTP/1.1 200) 4 headers in 157 bytes (1 switches on core 0) [pid: 7|app: 0|req: 751/1595] 10.0.0.152 () {32 vars in 694 bytes} [Tue Apr 21 16:45:38 2026] GET /v2.0/networks?router%3Aexternal=True => generated 791 bytes in 132 msecs (HTTP/1.1 200) 4 headers in 157 bytes (1 switches on core 0)
2026-04-21 16:45:39.112 8 INFO neutron.db.ovn_revision_numbers_db [None req-9ea7396a-48ac-491d-a7d6-1ca87a455de6 - - - - - -] Successfully bumped revision number for resource f57d20c9-166b-4f0a-a7f6-3f9f12a5cd9e (type: ports) to 2
2026-04-21 16:45:39.135 8 INFO neutron.db.ovn_revision_numbers_db [None req-9ea7396a-48ac-491d-a7d6-1ca87a455de6 - - - - - -] Successfully bumped revision number for resource 279d7221-ffb9-4251-ad7d-260e6ce98e0e (type: subnets) to 0 [pid: 7|app: 0|req: 752/1596] 199.19.213.47 () {34 vars in 1051 bytes} [Tue Apr 21 16:45:39 2026] GET /v2.0/ports?network_id=3ac9486f-713d-4bfd-8b08-bc27ffc705da&device_owner=network%3Adhcp => generated 12 bytes in 39 msecs (HTTP/1.1 200) 4 headers in 156 bytes (1 switches on core 0) [pid: 8|app: 0|req: 845/1597] 10.0.0.152 () {34 vars in 669 bytes} [Tue Apr 21 16:45:38 2026] POST /v2.0/subnets => generated 647 bytes in 569 msecs (HTTP/1.1 201) 4 headers in 162 bytes (1 switches on core 0) [pid: 7|app: 0|req: 753/1598] 10.0.0.152 () {32 vars in 784 bytes} [Tue Apr 21 16:45:39 2026] GET /v2.0/subnets?network_id=90a0c12f-8539-4bc6-879e-f7b27098504c&cidr=10.100.0.0%2F28 => generated 14 bytes in 37 msecs (HTTP/1.1 200) 4 headers in 156 bytes (1 switches on core 0)
2026-04-21 16:45:39.188 7 WARNING neutron.api.v2.base [None req-c81b9ab3-4db6-4ef1-9abd-efa127e2a7de 347ac04497ed4506bb56f58ce4942df4 84c8b726036b4effbd5442c250a22cbe - - default default] An exception happened while processing the request body. The exception message is [Invalid input for target_tenant. Reason: '1234123412341234123412341234123412341234123412341234123412341234123412341234123412341234123412341234123412341234123412341234123412341234123412341234123412341234123412341234123412341234123412341234123412341234123412341234123412341234123412341234123412341234123412341234123412341234123412341234123412341234123412341234123412341234123412341234123412341234123412341234123412341234123412341234123412341234' exceeds maximum length of 255.].: webob.exc.HTTPBadRequest: Invalid input for target_tenant. Reason: '1234123412341234123412341234123412341234123412341234123412341234123412341234123412341234123412341234123412341234123412341234123412341234123412341234123412341234123412341234123412341234123412341234123412341234123412341234123412341234123412341234123412341234123412341234123412341234123412341234123412341234123412341234123412341234123412341234123412341234123412341234123412341234123412341234123412341234' exceeds maximum length of 255.
2026-04-21 16:45:39.189 7 INFO neutron.api.v2.resource [None req-c81b9ab3-4db6-4ef1-9abd-efa127e2a7de 347ac04497ed4506bb56f58ce4942df4 84c8b726036b4effbd5442c250a22cbe - - default default] create failed (client error): Invalid input for target_tenant. Reason: '1234123412341234123412341234123412341234123412341234123412341234123412341234123412341234123412341234123412341234123412341234123412341234123412341234123412341234123412341234123412341234123412341234123412341234123412341234123412341234123412341234123412341234123412341234123412341234123412341234123412341234123412341234123412341234123412341234123412341234123412341234123412341234123412341234123412341234' exceeds maximum length of 255. [pid: 7|app: 0|req: 754/1599] 10.0.0.152 () {34 vars in 681 bytes} [Tue Apr 21 16:45:39 2026] POST /v2.0/rbac-policies => generated 547 bytes in 10 msecs (HTTP/1.1 400) 4 headers in 166 bytes (1 switches on core 0) [pid: 8|app: 0|req: 846/1600] 199.19.213.47 () {34 vars in 1011 bytes} [Tue Apr 21 16:45:39 2026] GET /v2.0/networks/3ac9486f-713d-4bfd-8b08-bc27ffc705da?fields=segments => generated 14 bytes in 47 msecs (HTTP/1.1 200) 4 headers in 156 bytes (1 switches on core 0)
2026-04-21 16:45:39.334 8 INFO neutron_taas.services.taas.taas_plugin [None req-77d538c4-c3bd-4f87-9e73-fa5c8478002d 347ac04497ed4506bb56f58ce4942df4 84c8b726036b4effbd5442c250a22cbe - - default default] TaaS: Handle Delete Port: f57d20c9-166b-4f0a-a7f6-3f9f12a5cd9e
2026-04-21 16:45:39.336 8 INFO neutron_taas.services.taas.tap_mirror_plugin [None req-77d538c4-c3bd-4f87-9e73-fa5c8478002d 347ac04497ed4506bb56f58ce4942df4 84c8b726036b4effbd5442c250a22cbe - - default default] Tap Mirror: Handle Delete Port: f57d20c9-166b-4f0a-a7f6-3f9f12a5cd9e
2026-04-21 16:45:39.569 7 WARNING neutron.scheduler.dhcp_agent_scheduler [None req-d9127561-2d37-4d8c-8962-9d2717832fb7 6c058856e0ba43afb5b0e6bc99adb7b2 f249b175db5b434480ed9a3d0c653a4f - - default default] No more DHCP agents
2026-04-21 16:45:39.574 7 WARNING neutron.api.rpc.agentnotifiers.dhcp_rpc_agent_api [None req-d9127561-2d37-4d8c-8962-9d2717832fb7 6c058856e0ba43afb5b0e6bc99adb7b2 f249b175db5b434480ed9a3d0c653a4f - - default default] Unable to schedule network 65dfce7e-5b24-4d81-8ab2-a7b8561f5777: no agents available; will retry on subsequent port and subnet creation events. [pid: 8|app: 0|req: 847/1601] 10.0.0.152 () {32 vars in 726 bytes} [Tue Apr 21 16:45:39 2026] DELETE /v2.0/networks/3275ee1a-a5f9-4696-b89b-19cb2600c32f => generated 0 bytes in 455 msecs (HTTP/1.1 204) 3 headers in 131 bytes (1 switches on core 0) [pid: 8|app: 0|req: 848/1602] 199.19.213.47 () {34 vars in 1111 bytes} [Tue Apr 21 16:45:39 2026] GET /v2.0/networks/3ac9486f-713d-4bfd-8b08-bc27ffc705da?fields=provider%3Aphysical_network&fields=provider%3Anetwork_type => generated 79 bytes in 43 msecs (HTTP/1.1 200) 4 headers in 156 bytes (1 switches on core 0)
2026-04-21 16:45:39.778 8 INFO neutron.db.segments_db [None req-60853550-0ed8-4ff8-8c82-d9f9a3ded232 347ac04497ed4506bb56f58ce4942df4 84c8b726036b4effbd5442c250a22cbe - - default default] Added segment b1e424f7-ba11-4f79-bf3a-6434add79951 of type geneve for network 03aed5b3-a284-4eb1-bb62-84d547c3fb2b
2026-04-21 16:45:39.914 8 INFO neutron.db.ovn_revision_numbers_db [None req-60853550-0ed8-4ff8-8c82-d9f9a3ded232 347ac04497ed4506bb56f58ce4942df4 84c8b726036b4effbd5442c250a22cbe - - default default] Successfully bumped revision number for resource 03aed5b3-a284-4eb1-bb62-84d547c3fb2b (type: networks) to 1
2026-04-21 16:45:39.934 8 INFO neutron.services.segments.plugin [-] Segment 4f7f2fa8-0615-4c3a-bc2e-b5e0284e1ac2 resource provider aggregate not found
2026-04-21 16:45:39.950 8 INFO neutron.services.segments.plugin [-] Segment 4f7f2fa8-0615-4c3a-bc2e-b5e0284e1ac2 resource provider aggregate not found
2026-04-21 16:45:39.955 8 INFO neutron.services.segments.plugin [-] Segment 4f7f2fa8-0615-4c3a-bc2e-b5e0284e1ac2 resource provider not found; error: Placement Client Error (4xx): {"errors": [{"status": 404, "title": "Not Found", "detail": "The resource could not be found.\n\n No resource provider with uuid 4f7f2fa8-0615-4c3a-bc2e-b5e0284e1ac2 found for delete ", "request_id": "req-0004c6c8-e79c-42ee-a980-d11b62fb6b75"}]}
2026-04-21 16:45:39.974 8 INFO neutron.services.segments.plugin [-] Segment 4f7f2fa8-0615-4c3a-bc2e-b5e0284e1ac2 resource provider not found; error: Placement Client Error (4xx): {"errors": [{"status": 404, "title": "Not Found", "detail": "The resource could not be found.\n\n No resource provider with uuid 4f7f2fa8-0615-4c3a-bc2e-b5e0284e1ac2 found for delete ", "request_id": "req-1efe5499-386a-468f-8f97-37955516a202"}]}
2026-04-21 16:45:40.000 7 INFO neutron.db.ovn_revision_numbers_db [None req-a2096240-0e6b-4c2b-b2ba-ef43c0136af9 - - - - - -] Successfully bumped revision number for resource 04c00261-227f-438e-b3c2-4c775c808693 (type: ports) to 4
2026-04-21 16:45:40.128 8 WARNING neutron.scheduler.dhcp_agent_scheduler [None req-60853550-0ed8-4ff8-8c82-d9f9a3ded232 347ac04497ed4506bb56f58ce4942df4 84c8b726036b4effbd5442c250a22cbe - - default default] No more DHCP agents
2026-04-21 16:45:40.130 8 WARNING neutron.api.rpc.agentnotifiers.dhcp_rpc_agent_api [None req-60853550-0ed8-4ff8-8c82-d9f9a3ded232 347ac04497ed4506bb56f58ce4942df4 84c8b726036b4effbd5442c250a22cbe - - default default] Unable to schedule network 03aed5b3-a284-4eb1-bb62-84d547c3fb2b: no agents available; will retry on subsequent port and subnet creation events.
2026-04-21 16:45:40.264 8 INFO neutron.db.ovn_revision_numbers_db [None req-60853550-0ed8-4ff8-8c82-d9f9a3ded232 347ac04497ed4506bb56f58ce4942df4 84c8b726036b4effbd5442c250a22cbe - - default default] Successfully bumped revision number for resource e585945d-f8a0-4a8a-8752-80640943829e (type: ports) to 1 [pid: 8|app: 0|req: 849/1603] 10.0.0.152 () {34 vars in 670 bytes} [Tue Apr 21 16:45:39 2026] POST /v2.0/networks => generated 768 bytes in 586 msecs (HTTP/1.1 201) 4 headers in 162 bytes (1 switches on core 0) [pid: 8|app: 0|req: 850/1604] 10.0.0.187 () {34 vars in 990 bytes} [Tue Apr 21 16:45:40 2026] GET /v2.0/ports?device_id=b328d977-05c3-459d-9be9-8800c39f3dee => generated 969 bytes in 72 msecs (HTTP/1.1 200) 4 headers in 157 bytes (1 switches on core 0)
2026-04-21 16:45:40.534 8 WARNING neutron.scheduler.dhcp_agent_scheduler [None req-020c1de0-8fd7-411a-8f60-931dcb830b32 347ac04497ed4506bb56f58ce4942df4 84c8b726036b4effbd5442c250a22cbe - - default default] No more DHCP agents
2026-04-21 16:45:40.536 8 WARNING neutron.api.rpc.agentnotifiers.dhcp_rpc_agent_api [None req-020c1de0-8fd7-411a-8f60-931dcb830b32 347ac04497ed4506bb56f58ce4942df4 84c8b726036b4effbd5442c250a22cbe - - default default] Unable to schedule network 03aed5b3-a284-4eb1-bb62-84d547c3fb2b: no agents available; will retry on subsequent port and subnet creation events.
2026-04-21 16:45:40.540 7 INFO neutron.db.ovn_revision_numbers_db [None req-ceb3dd51-6723-42b9-beb6-b9626daa0030 - - - - - -] Successfully bumped revision number for resource d5195f18-f396-4aff-84fc-d79492505cdb (type: ports) to 2
2026-04-21 16:45:40.606 7 INFO neutron.db.ovn_revision_numbers_db [None req-ceb3dd51-6723-42b9-beb6-b9626daa0030 - - - - - -] Successfully bumped revision number for resource 0a2bd78f-54fb-474b-9201-f094ec035a55 (type: subnets) to 0 [pid: 7|app: 0|req: 755/1605] 10.0.0.152 () {34 vars in 669 bytes} [Tue Apr 21 16:45:39 2026] POST /v2.0/subnets => generated 655 bytes in 1445 msecs (HTTP/1.1 201) 4 headers in 162 bytes (1 switches on core 0)
2026-04-21 16:45:40.656 7 INFO neutron.db.ovn_revision_numbers_db [None req-a2096240-0e6b-4c2b-b2ba-ef43c0136af9 - - - - - -] Successfully bumped revision number for resource 04c00261-227f-438e-b3c2-4c775c808693 (type: ports) to 5
2026-04-21 16:45:40.960 7 INFO neutron.db.ovn_revision_numbers_db [None req-b7615078-4da8-4515-a9dc-f5c3dc691703 acc975e99253478884cdab08a09cb93e f1260cb717e94864b9c74abe0a17511a - - default default] Successfully bumped revision number for resource f1d61a4c-7604-4eba-b4ac-47ff5f0f71e5 (type: security_groups) to 1
2026-04-21 16:45:40.978 7 INFO neutron.db.ovn_revision_numbers_db [None req-b7615078-4da8-4515-a9dc-f5c3dc691703 acc975e99253478884cdab08a09cb93e f1260cb717e94864b9c74abe0a17511a - - default default] Successfully bumped revision number for resource 1e7e0687-7eda-4682-994a-2c93126332f6 (type: security_group_rules) to 0
2026-04-21 16:45:40.989 7 INFO neutron.db.ovn_revision_numbers_db [None req-b7615078-4da8-4515-a9dc-f5c3dc691703 acc975e99253478884cdab08a09cb93e f1260cb717e94864b9c74abe0a17511a - - default default] Successfully bumped revision number for resource 591bc055-d67a-4e09-9083-02371f7bb537 (type: security_group_rules) to 0
2026-04-21 16:45:41.003 7 INFO neutron.db.ovn_revision_numbers_db [None req-b7615078-4da8-4515-a9dc-f5c3dc691703 acc975e99253478884cdab08a09cb93e f1260cb717e94864b9c74abe0a17511a - - default default] Successfully bumped revision number for resource 5de91ca0-82f6-4f4d-9df1-b9c1a8bd2368 (type: security_group_rules) to 0
2026-04-21 16:45:41.023 7 INFO neutron.db.ovn_revision_numbers_db [None req-b7615078-4da8-4515-a9dc-f5c3dc691703 acc975e99253478884cdab08a09cb93e f1260cb717e94864b9c74abe0a17511a - - default default] Successfully bumped revision number for resource c0aa61a1-d688-42e3-b2c5-c5c4b83cef1b (type: security_group_rules) to 0 [pid: 7|app: 0|req: 756/1606] 10.0.0.152 () {32 vars in 774 bytes} [Tue Apr 21 16:45:40 2026] GET /v2.0/security-groups?tenant_id=3695e0e73b6b487f8630f72f1969c8d3&name=default => generated 2925 bytes in 450 msecs (HTTP/1.1 200) 4 headers in 158 bytes (1 switches on core 0)
2026-04-21 16:45:41.095 8 INFO neutron.db.ovn_revision_numbers_db [None req-73e4318f-4942-4764-8e55-448bfa4f47dd - - - - - -] Successfully bumped revision number for resource e585945d-f8a0-4a8a-8752-80640943829e (type: ports) to 2 [pid: 7|app: 0|req: 757/1607] 10.0.0.187 () {34 vars in 1040 bytes} [Tue Apr 21 16:45:41 2026] GET /v2.0/security-groups?id=e577692f-2ea6-408e-8d1f-d85b0d6c2c08&fields=id&fields=name => generated 114 bytes in 30 msecs (HTTP/1.1 200) 4 headers in 157 bytes (1 switches on core 0)
2026-04-21 16:45:41.123 8 INFO neutron.db.ovn_revision_numbers_db [None req-73e4318f-4942-4764-8e55-448bfa4f47dd - - - - - -] Successfully bumped revision number for resource 674457d3-4c11-49a1-bed6-b6fcdf937d63 (type: subnets) to 0 [pid: 8|app: 0|req: 851/1608] 10.0.0.152 () {34 vars in 669 bytes} [Tue Apr 21 16:45:40 2026] POST /v2.0/subnets => generated 647 bytes in 778 msecs (HTTP/1.1 201) 4 headers in 162 bytes (1 switches on core 0) [pid: 8|app: 0|req: 852/1609] 10.0.0.152 () {32 vars in 740 bytes} [Tue Apr 21 16:45:41 2026] DELETE /v2.0/security-groups/f1d61a4c-7604-4eba-b4ac-47ff5f0f71e5 => generated 0 bytes in 272 msecs (HTTP/1.1 204) 2 headers in 112 bytes (1 switches on core 0)
2026-04-21 16:45:41.620 7 INFO neutron.plugins.ml2.drivers.ovn.mech_driver.mech_driver [None req-2b07db89-e680-4e0a-b8c4-5fbfc214e12c - - - - - -] OVN reports status down for port: f57d20c9-166b-4f0a-a7f6-3f9f12a5cd9e [pid: 8|app: 0|req: 853/1610] 10.0.0.152 () {34 vars in 681 bytes} [Tue Apr 21 16:45:41 2026] POST /v2.0/rbac-policies => generated 324 bytes in 222 msecs (HTTP/1.1 201) 4 headers in 162 bytes (1 switches on core 0)
2026-04-21 16:45:41.635 7 INFO neutron.plugins.ml2.drivers.ovn.mech_driver.mech_driver [None req-2b07db89-e680-4e0a-b8c4-5fbfc214e12c - - - - - -] OVN reports status down for port: e585945d-f8a0-4a8a-8752-80640943829e
2026-04-21 16:45:41.739 7 WARNING neutron.scheduler.dhcp_agent_scheduler [None req-3b792f05-253d-4e85-9ce8-4d79312dac64 6c058856e0ba43afb5b0e6bc99adb7b2 f249b175db5b434480ed9a3d0c653a4f - - default default] No more DHCP agents
2026-04-21 16:45:41.741 7 WARNING neutron.api.rpc.agentnotifiers.dhcp_rpc_agent_api [None req-3b792f05-253d-4e85-9ce8-4d79312dac64 6c058856e0ba43afb5b0e6bc99adb7b2 f249b175db5b434480ed9a3d0c653a4f - - default default] Unable to schedule network 65dfce7e-5b24-4d81-8ab2-a7b8561f5777: no agents available; will retry on subsequent port and subnet creation events.
2026-04-21 16:45:41.783 8 INFO neutron.db.ovn_revision_numbers_db [None req-e6853f7b-78fb-4205-9b2f-8b28e682ad00 acc975e99253478884cdab08a09cb93e f1260cb717e94864b9c74abe0a17511a - - default default] Successfully bumped revision number for resource ad3f77f6-41ba-4c31-894a-5eaa3a6126e7 (type: security_groups) to 1
2026-04-21 16:45:41.795 8 INFO neutron.db.ovn_revision_numbers_db [None req-e6853f7b-78fb-4205-9b2f-8b28e682ad00 acc975e99253478884cdab08a09cb93e f1260cb717e94864b9c74abe0a17511a - - default default] Successfully bumped revision number for resource 0ff4a4ad-0caf-4268-80d7-da24038466ca (type: security_group_rules) to 0
2026-04-21 16:45:41.806 8 INFO neutron.db.ovn_revision_numbers_db [None req-e6853f7b-78fb-4205-9b2f-8b28e682ad00 acc975e99253478884cdab08a09cb93e f1260cb717e94864b9c74abe0a17511a - - default default] Successfully bumped revision number for resource 2522aff8-4063-483c-8455-a60e9ca6e622 (type: security_group_rules) to 0
2026-04-21 16:45:41.818 8 INFO neutron.db.ovn_revision_numbers_db [None req-e6853f7b-78fb-4205-9b2f-8b28e682ad00 acc975e99253478884cdab08a09cb93e f1260cb717e94864b9c74abe0a17511a - - default default] Successfully bumped revision number for resource 7992c393-f277-48dc-bda0-049a1b8917d4 (type: security_group_rules) to 0
2026-04-21 16:45:41.829 8 INFO neutron.db.ovn_revision_numbers_db [None req-e6853f7b-78fb-4205-9b2f-8b28e682ad00 acc975e99253478884cdab08a09cb93e f1260cb717e94864b9c74abe0a17511a - - default default] Successfully bumped revision number for resource cfe1287d-29b0-464d-bdf4-89736fd39870 (type: security_group_rules) to 0
2026-04-21 16:45:41.898 7 INFO neutron.plugins.ml2.drivers.ovn.mech_driver.mech_driver [None req-2b07db89-e680-4e0a-b8c4-5fbfc214e12c - - - - - -] OVN reports status down for port: 84a3eb75-f227-45e1-8c01-7a7d06117fcb [pid: 8|app: 0|req: 854/1611] 10.0.0.152 () {32 vars in 774 bytes} [Tue Apr 21 16:45:41 2026] GET /v2.0/security-groups?tenant_id=c73a761fd65a4f729a7bbd9648f78ee6&name=default => generated 2925 bytes in 294 msecs (HTTP/1.1 200) 4 headers in 158 bytes (1 switches on core 0)
2026-04-21 16:45:41.963 7 INFO neutron.db.ovn_revision_numbers_db [None req-3b792f05-253d-4e85-9ce8-4d79312dac64 6c058856e0ba43afb5b0e6bc99adb7b2 f249b175db5b434480ed9a3d0c653a4f - - default default] Successfully bumped revision number for resource 84a3eb75-f227-45e1-8c01-7a7d06117fcb (type: ports) to 1 [pid: 8|app: 0|req: 855/1612] 10.0.0.152 () {32 vars in 740 bytes} [Tue Apr 21 16:45:41 2026] DELETE /v2.0/security-groups/ad3f77f6-41ba-4c31-894a-5eaa3a6126e7 => generated 0 bytes in 332 msecs (HTTP/1.1 204) 2 headers in 112 bytes (1 switches on core 0)
2026-04-21 16:45:42.369 7 INFO neutron.plugins.ml2.drivers.ovn.mech_driver.mech_driver [None req-2b07db89-e680-4e0a-b8c4-5fbfc214e12c - - - - - -] OVN reports status up for port: ed7b3242-3c1f-4a8b-9bd0-5359a21a091b
2026-04-21 16:45:42.404 7 INFO neutron.plugins.ml2.plugin [None req-2b07db89-e680-4e0a-b8c4-5fbfc214e12c - - - - - -] Attempt 1 to provision port ed7b3242-3c1f-4a8b-9bd0-5359a21a091b [pid: 8|app: 0|req: 856/1613] 10.0.0.152 () {32 vars in 723 bytes} [Tue Apr 21 16:45:42 2026] GET /v2.0/networks/03aed5b3-a284-4eb1-bb62-84d547c3fb2b => generated 693 bytes in 178 msecs (HTTP/1.1 200) 4 headers in 157 bytes (1 switches on core 0) [pid: 8|app: 0|req: 857/1614] 10.0.0.187 () {34 vars in 990 bytes} [Tue Apr 21 16:45:42 2026] GET /v2.0/ports?device_id=b328d977-05c3-459d-9be9-8800c39f3dee => generated 969 bytes in 36 msecs (HTTP/1.1 200) 4 headers in 157 bytes (1 switches on core 0) [pid: 8|app: 0|req: 858/1615] 10.0.0.187 () {34 vars in 1040 bytes} [Tue Apr 21 16:45:42 2026] GET /v2.0/security-groups?id=e577692f-2ea6-408e-8d1f-d85b0d6c2c08&fields=id&fields=name => generated 114 bytes in 34 msecs (HTTP/1.1 200) 4 headers in 157 bytes (1 switches on core 0)
2026-04-21 16:45:42.614 7 INFO neutron.notifiers.nova [-] Nova event matching ['req-58bae2ec-7faf-4550-b298-40db0ac62189'] response: {'server_uuid': 'b328d977-05c3-459d-9be9-8800c39f3dee', 'name': 'network-vif-plugged', 'status': 'completed', 'tag': 'ed7b3242-3c1f-4a8b-9bd0-5359a21a091b', 'code': 200}
2026-04-21 16:45:42.862 7 INFO neutron.db.ovn_revision_numbers_db [None req-2b07db89-e680-4e0a-b8c4-5fbfc214e12c - - - - - -] Successfully bumped revision number for resource ed7b3242-3c1f-4a8b-9bd0-5359a21a091b (type: ports) to 5
2026-04-21 16:45:42.945 8 INFO neutron.pecan_wsgi.hooks.translation [None req-33f9f3be-9ae5-4e13-8870-3f0ff1dd8ba9 54937e0ee9d24ea083cbdb5e7985765f 7d95004ed34844108b6d59b6098c25c8 - - default default] GET failed (client error): The resource could not be found. [pid: 8|app: 0|req: 861/1618] 10.0.0.152 () {32 vars in 723 bytes} [Tue Apr 21 16:45:42 2026] GET /v2.0/networks/03aed5b3-a284-4eb1-bb62-84d547c3fb2b => generated 138 bytes in 136 msecs (HTTP/1.1 404) 4 headers in 164 bytes (1 switches on core 0)
2026-04-21 16:45:43.069 7 INFO neutron.plugins.ml2.drivers.ovn.mech_driver.mech_driver [None req-8fbfda50-a477-41e8-8389-fd5b100d00cf - - - - - -] OVN reports status up for port: 84a3eb75-f227-45e1-8c01-7a7d06117fcb
2026-04-21 16:45:43.097 7 INFO neutron.plugins.ml2.plugin [None req-8fbfda50-a477-41e8-8389-fd5b100d00cf - - - - - -] Attempt 1 to provision port 84a3eb75-f227-45e1-8c01-7a7d06117fcb
2026-04-21 16:45:43.127 8 INFO neutron_taas.services.taas.taas_plugin [None req-493c931d-2383-46c5-b524-dc100706ee07 347ac04497ed4506bb56f58ce4942df4 84c8b726036b4effbd5442c250a22cbe - - default default] TaaS: Handle Delete Port: e585945d-f8a0-4a8a-8752-80640943829e
2026-04-21 16:45:43.129 8 INFO neutron_taas.services.taas.tap_mirror_plugin [None req-493c931d-2383-46c5-b524-dc100706ee07 347ac04497ed4506bb56f58ce4942df4 84c8b726036b4effbd5442c250a22cbe - - default default] Tap Mirror: Handle Delete Port: e585945d-f8a0-4a8a-8752-80640943829e
2026-04-21 16:45:43.209 7 WARNING neutron.scheduler.dhcp_agent_scheduler [None req-3b792f05-253d-4e85-9ce8-4d79312dac64 6c058856e0ba43afb5b0e6bc99adb7b2 f249b175db5b434480ed9a3d0c653a4f - - default default] No more DHCP agents
2026-04-21 16:45:43.211 7 WARNING neutron.api.rpc.agentnotifiers.dhcp_rpc_agent_api [None req-3b792f05-253d-4e85-9ce8-4d79312dac64 6c058856e0ba43afb5b0e6bc99adb7b2 f249b175db5b434480ed9a3d0c653a4f - - default default] Unable to schedule network 65dfce7e-5b24-4d81-8ab2-a7b8561f5777: no agents available; will retry on subsequent port and subnet creation events.
2026-04-21 16:45:43.495 8 INFO neutron.services.segments.plugin [-] Segment b1e424f7-ba11-4f79-bf3a-6434add79951 resource provider aggregate not found
2026-04-21 16:45:43.496 8 INFO neutron.services.segments.plugin [-] Segment b1e424f7-ba11-4f79-bf3a-6434add79951 resource provider aggregate not found
2026-04-21 16:45:43.521 8 INFO neutron.services.segments.plugin [-] Segment b1e424f7-ba11-4f79-bf3a-6434add79951 resource provider not found; error: Placement Client Error (4xx): {"errors": [{"status": 404, "title": "Not Found", "detail": "The resource could not be found.\n\n No resource provider with uuid b1e424f7-ba11-4f79-bf3a-6434add79951 found for delete ", "request_id": "req-a5de6fef-cf0a-4343-be0a-02a6517c2cfe"}]}
2026-04-21 16:45:43.526 8 INFO neutron.services.segments.plugin [-] Segment b1e424f7-ba11-4f79-bf3a-6434add79951 resource provider not found; error: Placement Client Error (4xx): {"errors": [{"status": 404, "title": "Not Found", "detail": "The resource could not be found.\n\n No resource provider with uuid b1e424f7-ba11-4f79-bf3a-6434add79951 found for delete ", "request_id": "req-21558491-8254-4707-8fe6-87145542dc18"}]} [pid: 8|app: 0|req: 862/1619] 10.0.0.152 () {32 vars in 726 bytes} [Tue Apr 21 16:45:42 2026] DELETE /v2.0/networks/03aed5b3-a284-4eb1-bb62-84d547c3fb2b => generated 0 bytes in 601 msecs (HTTP/1.1 204) 3 headers in 131 bytes (1 switches on core 0)
2026-04-21 16:45:43.572 8 INFO neutron.pecan_wsgi.hooks.translation [None req-ceaaf901-6ed0-4549-94eb-7d29f6afbeca 347ac04497ed4506bb56f58ce4942df4 84c8b726036b4effbd5442c250a22cbe - - default default] DELETE failed (client error): The resource could not be found. [pid: 8|app: 0|req: 863/1620] 10.0.0.152 () {32 vars in 724 bytes} [Tue Apr 21 16:45:43 2026] DELETE /v2.0/subnets/92b53897-09de-4bb3-abdc-291c5c94f04b => generated 136 bytes in 15 msecs (HTTP/1.1 404) 4 headers in 164 bytes (1 switches on core 0) [pid: 8|app: 0|req: 864/1621] 10.0.0.187 () {34 vars in 990 bytes} [Tue Apr 21 16:45:43 2026] GET /v2.0/ports?device_id=b328d977-05c3-459d-9be9-8800c39f3dee => generated 971 bytes in 34 msecs (HTTP/1.1 200) 4 headers in 157 bytes (1 switches on core 0)
2026-04-21 16:45:43.622 8 INFO neutron.pecan_wsgi.hooks.translation [None req-cd5687b9-8487-48df-bd96-f02e043940db 347ac04497ed4506bb56f58ce4942df4 84c8b726036b4effbd5442c250a22cbe - - default default] DELETE failed (client error): The resource could not be found. [pid: 8|app: 0|req: 865/1622] 10.0.0.152 () {32 vars in 724 bytes} [Tue Apr 21 16:45:43 2026] DELETE /v2.0/subnets/279d7221-ffb9-4251-ad7d-260e6ce98e0e => generated 136 bytes in 13 msecs (HTTP/1.1 404) 4 headers in 164 bytes (1 switches on core 0) [pid: 8|app: 0|req: 866/1623] 10.0.0.187 () {34 vars in 1040 bytes} [Tue Apr 21 16:45:43 2026] GET /v2.0/security-groups?id=e577692f-2ea6-408e-8d1f-d85b0d6c2c08&fields=id&fields=name => generated 114 bytes in 31 msecs (HTTP/1.1 200) 4 headers in 157 bytes (1 switches on core 0)
2026-04-21 16:45:43.666 8 INFO neutron.pecan_wsgi.hooks.translation [None req-6a0a12d5-e71c-452d-87ac-c12fdf90924f 347ac04497ed4506bb56f58ce4942df4 84c8b726036b4effbd5442c250a22cbe - - default default] DELETE failed (client error): The resource could not be found. [pid: 8|app: 0|req: 867/1624] 10.0.0.152 () {32 vars in 724 bytes} [Tue Apr 21 16:45:43 2026] DELETE /v2.0/subnets/674457d3-4c11-49a1-bed6-b6fcdf937d63 => generated 136 bytes in 12 msecs (HTTP/1.1 404) 4 headers in 164 bytes (1 switches on core 0)
2026-04-21 16:45:43.854 7 INFO neutron.db.ovn_revision_numbers_db [None req-8fbfda50-a477-41e8-8389-fd5b100d00cf - - - - - -] Successfully bumped revision number for resource 84a3eb75-f227-45e1-8c01-7a7d06117fcb (type: ports) to 2
2026-04-21 16:45:44.057 7 INFO neutron.db.ovn_revision_numbers_db [None req-3b792f05-253d-4e85-9ce8-4d79312dac64 6c058856e0ba43afb5b0e6bc99adb7b2 f249b175db5b434480ed9a3d0c653a4f - - default default] Successfully bumped revision number for resource 84a3eb75-f227-45e1-8c01-7a7d06117fcb (type: router_ports) to 1 [pid: 7|app: 0|req: 758/1625] 10.0.0.152 () {34 vars in 783 bytes} [Tue Apr 21 16:45:41 2026] PUT /v2.0/routers/361650e2-f754-4ab9-bfa3-0e59ff7ebe3f/add_router_interface => generated 309 bytes in 2950 msecs (HTTP/1.1 200) 4 headers in 157 bytes (1 switches on core 0) [pid: 8|app: 0|req: 868/1626] 10.0.0.152 () {32 vars in 649 bytes} [Tue Apr 21 16:45:44 2026] GET /v2.0/networks => generated 3864 bytes in 71 msecs (HTTP/1.1 200) 4 headers in 158 bytes (1 switches on core 0) /var/lib/openstack/lib/python3.12/site-packages/pycadf/identifier.py:70: UserWarning: Invalid uuid: neutron. To ensure interoperability, identifiers should be a valid uuid. warnings.warn(('Invalid uuid: %s. To ensure interoperability, ' [pid: 7|app: 0|req: 759/1627] 10.0.0.152 () {32 vars in 647 bytes} [Tue Apr 21 16:45:44 2026] GET /v2.0/subnets => generated 2646 bytes in 34 msecs (HTTP/1.1 200) 4 headers in 158 bytes (1 switches on core 0) [pid: 8|app: 0|req: 869/1628] 10.0.0.152 () {32 vars in 647 bytes} [Tue Apr 21 16:45:44 2026] GET /v2.0/routers => generated 1934 bytes in 65 msecs (HTTP/1.1 200) 4 headers in 158 bytes (1 switches on core 0)
2026-04-21 16:45:44.451 7 INFO neutron.db.ovn_revision_numbers_db [None req-c8138004-12a4-4f4f-87d0-3f245d2d6262 6c058856e0ba43afb5b0e6bc99adb7b2 f249b175db5b434480ed9a3d0c653a4f - - default default] Successfully bumped revision number for resource efdf108a-a603-4dc0-9a42-55d5ff3b846c (type: security_groups) to 1
2026-04-21 16:45:44.461 7 INFO neutron.db.ovn_revision_numbers_db [None req-c8138004-12a4-4f4f-87d0-3f245d2d6262 6c058856e0ba43afb5b0e6bc99adb7b2 f249b175db5b434480ed9a3d0c653a4f - - default default] Successfully bumped revision number for resource b338daa7-a82f-4056-bb4e-e2addd3e55cd (type: security_group_rules) to 0
2026-04-21 16:45:44.471 7 INFO neutron.db.ovn_revision_numbers_db [None req-c8138004-12a4-4f4f-87d0-3f245d2d6262 6c058856e0ba43afb5b0e6bc99adb7b2 f249b175db5b434480ed9a3d0c653a4f - - default default] Successfully bumped revision number for resource f7f7584b-d97c-471e-b0fa-f16e8cfd41e7 (type: security_group_rules) to 0 [pid: 7|app: 0|req: 760/1629] 10.0.0.152 () {34 vars in 685 bytes} [Tue Apr 21 16:45:44 2026] POST /v2.0/security-groups => generated 1671 bytes in 201 msecs (HTTP/1.1 201) 4 headers in 163 bytes (1 switches on core 0)
2026-04-21 16:45:44.652 7 INFO neutron.notifiers.nova [-] Nova event matching ['req-aee84d9c-60ff-4bc8-8e7c-74073239bcf6'] response: {'server_uuid': 'b328d977-05c3-459d-9be9-8800c39f3dee', 'name': 'network-vif-plugged', 'status': 'completed', 'tag': 'ed7b3242-3c1f-4a8b-9bd0-5359a21a091b', 'code': 200}
2026-04-21 16:45:44.667 8 INFO neutron.db.ovn_revision_numbers_db [None req-855098c5-c0c2-4a91-992c-c18cbce95b15 6c058856e0ba43afb5b0e6bc99adb7b2 f249b175db5b434480ed9a3d0c653a4f - - default default] Successfully bumped revision number for resource bb83cc0c-a68e-4e07-8de4-3ce262682f71 (type: security_group_rules) to 0 [pid: 8|app: 0|req: 870/1630] 10.0.0.152 () {34 vars in 695 bytes} [Tue Apr 21 16:45:44 2026] POST /v2.0/security-group-rules => generated 597 bytes in 193 msecs (HTTP/1.1 201) 4 headers in 162 bytes (1 switches on core 0)
2026-04-21 16:45:44.901 8 INFO neutron.db.ovn_revision_numbers_db [None req-b92ab041-3007-4850-89b7-1396eb060aca 6c058856e0ba43afb5b0e6bc99adb7b2 f249b175db5b434480ed9a3d0c653a4f - - default default] Successfully bumped revision number for resource 9318ef99-51c5-4c0b-b3aa-326bc5cc56ae (type: security_group_rules) to 0 [pid: 8|app: 0|req: 871/1631] 10.0.0.152 () {34 vars in 695 bytes} [Tue Apr 21 16:45:44 2026] POST /v2.0/security-group-rules => generated 596 bytes in 226 msecs (HTTP/1.1 201) 4 headers in 162 bytes (1 switches on core 0) [pid: 8|app: 0|req: 872/1632] 10.0.0.187 () {34 vars in 990 bytes} [Tue Apr 21 16:45:44 2026] GET /v2.0/ports?device_id=b328d977-05c3-459d-9be9-8800c39f3dee => generated 971 bytes in 59 msecs (HTTP/1.1 200) 4 headers in 157 bytes (1 switches on core 0)
2026-04-21 16:45:45.013 7 INFO neutron.db.ovn_revision_numbers_db [None req-2e05967b-53d0-465d-83cb-d28b2957b570 acc975e99253478884cdab08a09cb93e f1260cb717e94864b9c74abe0a17511a - - default default] Successfully bumped revision number for resource a8af3d42-13f5-4ad6-a80c-696445343887 (type: security_groups) to 1
2026-04-21 16:45:45.024 7 INFO neutron.db.ovn_revision_numbers_db [None req-2e05967b-53d0-465d-83cb-d28b2957b570 acc975e99253478884cdab08a09cb93e f1260cb717e94864b9c74abe0a17511a - - default default] Successfully bumped revision number for resource 10e9de17-0e81-461d-8705-9a25690c8601 (type: security_group_rules) to 0
2026-04-21 16:45:45.035 7 INFO neutron.db.ovn_revision_numbers_db [None req-2e05967b-53d0-465d-83cb-d28b2957b570 acc975e99253478884cdab08a09cb93e f1260cb717e94864b9c74abe0a17511a - - default default] Successfully bumped revision number for resource cfd39f3d-b514-4ee6-a312-17caef03ebb0 (type: security_group_rules) to 0
2026-04-21 16:45:45.045 7 INFO neutron.db.ovn_revision_numbers_db [None req-2e05967b-53d0-465d-83cb-d28b2957b570 acc975e99253478884cdab08a09cb93e f1260cb717e94864b9c74abe0a17511a - - default default] Successfully bumped revision number for resource f0a23b01-bd76-4a2d-b773-cade34e0bab1 (type: security_group_rules) to 0
2026-04-21 16:45:45.058 7 INFO neutron.db.ovn_revision_numbers_db [None req-2e05967b-53d0-465d-83cb-d28b2957b570 acc975e99253478884cdab08a09cb93e f1260cb717e94864b9c74abe0a17511a - - default default] Successfully bumped revision number for resource f559a9b4-888e-4ea0-a6d3-c39aa147a5af (type: security_group_rules) to 0 [pid: 7|app: 0|req: 761/1633] 10.0.0.152 () {32 vars in 774 bytes} [Tue Apr 21 16:45:44 2026] GET /v2.0/security-groups?tenant_id=7d95004ed34844108b6d59b6098c25c8&name=default => generated 2925 bytes in 469 msecs (HTTP/1.1 200) 4 headers in 158 bytes (1 switches on core 0) [pid: 7|app: 0|req: 762/1634] 10.0.0.187 () {34 vars in 1040 bytes} [Tue Apr 21 16:45:45 2026] GET /v2.0/security-groups?id=e577692f-2ea6-408e-8d1f-d85b0d6c2c08&fields=id&fields=name => generated 114 bytes in 41 msecs (HTTP/1.1 200) 4 headers in 157 bytes (1 switches on core 0)
2026-04-21 16:45:45.150 8 INFO neutron.db.ovn_revision_numbers_db [None req-80a5bb4e-6ceb-4598-a6ba-b0578756ac9f 6c058856e0ba43afb5b0e6bc99adb7b2 f249b175db5b434480ed9a3d0c653a4f - - default default] Successfully bumped revision number for resource 906bdb21-98c0-4680-be6d-3a1ad5bb9218 (type: security_group_rules) to 0 [pid: 8|app: 0|req: 873/1635] 10.0.0.152 () {34 vars in 695 bytes} [Tue Apr 21 16:45:44 2026] POST /v2.0/security-group-rules => generated 602 bytes in 186 msecs (HTTP/1.1 201) 4 headers in 162 bytes (1 switches on core 0)
2026-04-21 16:45:45.385 8 INFO neutron.db.ovn_revision_numbers_db [None req-17b6dc37-d1a1-4289-8c83-d5a5a40c3e6c 6c058856e0ba43afb5b0e6bc99adb7b2 f249b175db5b434480ed9a3d0c653a4f - - default default] Successfully bumped revision number for resource 908d5a54-ba83-4dec-9661-836833d78805 (type: security_group_rules) to 0 [pid: 8|app: 0|req: 874/1636] 10.0.0.152 () {34 vars in 695 bytes} [Tue Apr 21 16:45:45 2026] POST /v2.0/security-group-rules => generated 601 bytes in 246 msecs (HTTP/1.1 201) 4 headers in 162 bytes (1 switches on core 0) [pid: 7|app: 0|req: 763/1637] 10.0.0.152 () {32 vars in 740 bytes} [Tue Apr 21 16:45:45 2026] DELETE /v2.0/security-groups/a8af3d42-13f5-4ad6-a80c-696445343887 => generated 0 bytes in 343 msecs (HTTP/1.1 204) 2 headers in 112 bytes (1 switches on core 0)
2026-04-21 16:45:45.527 7 INFO neutron.db.securitygroups_db [None req-0abcd9c3-807e-4c20-aac4-9d5f2a000133 6c058856e0ba43afb5b0e6bc99adb7b2 f249b175db5b434480ed9a3d0c653a4f - - default default] Project f249b175db5b434480ed9a3d0c653a4f added a security group rule with legacy IPv6 ICMP protocol name icmp, ipv6-icmp should be used instead. It was automatically converted. [pid: 8|app: 0|req: 875/1638] 10.0.0.187 () {34 vars in 990 bytes} [Tue Apr 21 16:45:45 2026] GET /v2.0/ports?device_id=b328d977-05c3-459d-9be9-8800c39f3dee => generated 971 bytes in 96 msecs (HTTP/1.1 200) 4 headers in 157 bytes (1 switches on core 0)
2026-04-21 16:45:45.651 7 INFO neutron.db.ovn_revision_numbers_db [None req-0abcd9c3-807e-4c20-aac4-9d5f2a000133 6c058856e0ba43afb5b0e6bc99adb7b2 f249b175db5b434480ed9a3d0c653a4f - - default default] Successfully bumped revision number for resource 705f5e1e-8ddd-4062-b1d8-ef926413f542 (type: security_group_rules) to 0 [pid: 7|app: 0|req: 764/1639] 10.0.0.152 () {34 vars in 695 bytes} [Tue Apr 21 16:45:45 2026] POST /v2.0/security-group-rules => generated 607 bytes in 199 msecs (HTTP/1.1 201) 4 headers in 162 bytes (1 switches on core 0)
2026-04-21 16:45:45.714 7 INFO neutron.db.securitygroups_db [None req-b53d8e3b-113e-492c-bc2b-15085cdca119 6c058856e0ba43afb5b0e6bc99adb7b2 f249b175db5b434480ed9a3d0c653a4f - - default default] Project f249b175db5b434480ed9a3d0c653a4f added a security group rule with legacy IPv6 ICMP protocol name icmp, ipv6-icmp should be used instead. It was automatically converted.
2026-04-21 16:45:45.850 7 INFO neutron.db.ovn_revision_numbers_db [None req-b53d8e3b-113e-492c-bc2b-15085cdca119 6c058856e0ba43afb5b0e6bc99adb7b2 f249b175db5b434480ed9a3d0c653a4f - - default default] Successfully bumped revision number for resource d5ba672c-fcdf-4a5e-ae69-4eb1f205edda (type: security_group_rules) to 0 [pid: 7|app: 0|req: 765/1640] 10.0.0.152 () {34 vars in 695 bytes} [Tue Apr 21 16:45:45 2026] POST /v2.0/security-group-rules => generated 606 bytes in 193 msecs (HTTP/1.1 201) 4 headers in 162 bytes (1 switches on core 0) [pid: 7|app: 0|req: 766/1641] 10.0.0.152 () {32 vars in 774 bytes} [Tue Apr 21 16:45:45 2026] GET /v2.0/security-groups?tenant_id=84c8b726036b4effbd5442c250a22cbe&name=default => generated 2925 bytes in 27 msecs (HTTP/1.1 200) 4 headers in 158 bytes (1 switches on core 0)
2026-04-21 16:45:46.086 8 INFO neutron.db.ovn_revision_numbers_db [None req-01c64c7e-f00d-4372-aa8f-dc88d4e41da3 e7ef947bdae240c1ab90d3ce6e774871 69105aa0716c4ccf974e56a96d85fc41 - - default default] Successfully bumped revision number for resource a59c7b17-9287-4abe-afbe-07505c2cb388 (type: floatingips) to 1 [pid: 7|app: 0|req: 767/1642] 10.0.0.152 () {32 vars in 740 bytes} [Tue Apr 21 16:45:45 2026] DELETE /v2.0/security-groups/977375bd-b106-4067-b9e1-c5a59403dd45 => generated 0 bytes in 359 msecs (HTTP/1.1 204) 2 headers in 112 bytes (1 switches on core 0)
2026-04-21 16:45:46.290 8 INFO neutron.db.ovn_revision_numbers_db [None req-01c64c7e-f00d-4372-aa8f-dc88d4e41da3 e7ef947bdae240c1ab90d3ce6e774871 69105aa0716c4ccf974e56a96d85fc41 - - default default] Successfully bumped revision number for resource a59c7b17-9287-4abe-afbe-07505c2cb388 (type: floatingips) to 2
2026-04-21 16:45:46.290 8 INFO neutron.db.l3_db [None req-01c64c7e-f00d-4372-aa8f-dc88d4e41da3 e7ef947bdae240c1ab90d3ce6e774871 69105aa0716c4ccf974e56a96d85fc41 - - default default] Floating IP a59c7b17-9287-4abe-afbe-07505c2cb388 associated. External IP: 10.96.250.205, port: ed7b3242-3c1f-4a8b-9bd0-5359a21a091b. [pid: 8|app: 0|req: 876/1643] 10.0.0.152 () {34 vars in 749 bytes} [Tue Apr 21 16:45:45 2026] PUT /v2.0/floatingips/a59c7b17-9287-4abe-afbe-07505c2cb388 => generated 855 bytes in 773 msecs (HTTP/1.1 200) 4 headers in 157 bytes (1 switches on core 0)
2026-04-21 16:45:46.370 8 INFO neutron.notifiers.nova [-] Nova event matching ['req-ac6e7a31-afd0-49fb-85b5-50433d97df68'] response: {'name': 'network-changed', 'server_uuid': 'b328d977-05c3-459d-9be9-8800c39f3dee', 'tag': 'ed7b3242-3c1f-4a8b-9bd0-5359a21a091b', 'status': 'completed', 'code': 200} [pid: 8|app: 0|req: 877/1644] 10.0.0.187 () {34 vars in 990 bytes} [Tue Apr 21 16:45:46 2026] GET /v2.0/ports?device_id=b328d977-05c3-459d-9be9-8800c39f3dee => generated 971 bytes in 36 msecs (HTTP/1.1 200) 4 headers in 157 bytes (1 switches on core 0) [pid: 7|app: 0|req: 768/1645] 10.0.0.152 () {32 vars in 649 bytes} [Tue Apr 21 16:45:46 2026] GET /v2.0/networks => generated 1374 bytes in 156 msecs (HTTP/1.1 200) 4 headers in 158 bytes (1 switches on core 0) [pid: 8|app: 0|req: 878/1646] 10.0.0.187 () {34 vars in 1040 bytes} [Tue Apr 21 16:45:46 2026] GET /v2.0/security-groups?id=e577692f-2ea6-408e-8d1f-d85b0d6c2c08&fields=id&fields=name => generated 114 bytes in 42 msecs (HTTP/1.1 200) 4 headers in 157 bytes (1 switches on core 0) [pid: 8|app: 0|req: 879/1647] 10.0.0.187 () {34 vars in 1096 bytes} [Tue Apr 21 16:45:46 2026] GET /v2.0/security-groups?name=tempest-secgroup-smoke-85116357&fields=id&tenant_id=f249b175db5b434480ed9a3d0c653a4f => generated 69 bytes in 63 msecs (HTTP/1.1 200) 4 headers in 156 bytes (1 switches on core 0)
2026-04-21 16:45:46.642 7 INFO neutron.db.ovn_revision_numbers_db [None req-bd9fd63a-b32e-4314-8b46-1c43b7e12de6 acc975e99253478884cdab08a09cb93e f1260cb717e94864b9c74abe0a17511a - - default default] Successfully bumped revision number for resource 033526c3-d2d2-4824-af87-7c41530e87f1 (type: security_groups) to 1
2026-04-21 16:45:46.660 7 INFO neutron.db.ovn_revision_numbers_db [None req-bd9fd63a-b32e-4314-8b46-1c43b7e12de6 acc975e99253478884cdab08a09cb93e f1260cb717e94864b9c74abe0a17511a - - default default] Successfully bumped revision number for resource 05f4ff76-54a2-492c-b593-894823ae2922 (type: security_group_rules) to 0 [pid: 8|app: 0|req: 880/1648] 10.0.0.187 () {34 vars in 982 bytes} [Tue Apr 21 16:45:46 2026] GET /v2.0/networks?id=65dfce7e-5b24-4d81-8ab2-a7b8561f5777 => generated 699 bytes in 82 msecs (HTTP/1.1 200) 4 headers in 157 bytes (1 switches on core 0)
