2026-04-21 16:46:45.563 8 INFO neutron.api.v2.resource [None req-5fa6e947-85d5-4b0a-90cd-e19b43439073 6aaeb5db4cfa43e2a3cb1af65eb9588d d450aaf5df21405bb69a0a7ef2e58591 - - default default] delete failed (client error): The resource could not be found. [pid: 8|app: 0|req: 1149/2219] 10.0.0.152 () {32 vars in 754 bytes} [Tue Apr 21 16:46:45 2026] DELETE /v2.0/subnetpools/f5a70033-3d40-4a72-a0b8-ac40cde514c6/tags/green => generated 99 bytes in 43 msecs (HTTP/1.1 404) 4 headers in 163 bytes (1 switches on core 0) [pid: 8|app: 0|req: 1150/2220] 10.0.0.152 () {32 vars in 742 bytes} [Tue Apr 21 16:46:45 2026] DELETE /v2.0/subnetpools/f5a70033-3d40-4a72-a0b8-ac40cde514c6/tags => generated 0 bytes in 49 msecs (HTTP/1.1 204) 2 headers in 112 bytes (1 switches on core 0) [pid: 8|app: 0|req: 1151/2221] 10.0.0.152 () {32 vars in 739 bytes} [Tue Apr 21 16:46:45 2026] GET /v2.0/subnetpools/f5a70033-3d40-4a72-a0b8-ac40cde514c6/tags => generated 12 bytes in 28 msecs (HTTP/1.1 200) 4 headers in 156 bytes (1 switches on core 0) [pid: 8|app: 0|req: 1152/2222] 10.0.0.152 () {32 vars in 732 bytes} [Tue Apr 21 16:46:45 2026] DELETE /v2.0/subnetpools/f5a70033-3d40-4a72-a0b8-ac40cde514c6 => generated 0 bytes in 61 msecs (HTTP/1.1 204) 2 headers in 112 bytes (1 switches on core 0) [pid: 7|app: 0|req: 1071/2223] 10.0.0.152 () {34 vars in 677 bytes} [Tue Apr 21 16:46:45 2026] POST /v2.0/subnetpools => generated 549 bytes in 216 msecs (HTTP/1.1 201) 4 headers in 162 bytes (1 switches on core 0) [pid: 8|app: 0|req: 1153/2224] 10.0.0.152 () {32 vars in 729 bytes} [Tue Apr 21 16:46:45 2026] GET /v2.0/subnetpools/dff79965-6930-4e31-99de-fe2a7b1e19b8 => generated 549 bytes in 14 msecs (HTTP/1.1 200) 4 headers in 157 bytes (1 switches on core 0) [pid: 7|app: 0|req: 1072/2225] 10.0.0.152 () {34 vars in 749 bytes} [Tue Apr 21 16:46:45 2026] PUT /v2.0/subnetpools/dff79965-6930-4e31-99de-fe2a7b1e19b8 => generated 501 bytes in 62 msecs (HTTP/1.1 200) 4 headers in 157 bytes (1 switches on core 0) [pid: 8|app: 0|req: 1154/2226] 10.0.0.152 () {32 vars in 732 bytes} [Tue Apr 21 16:46:45 2026] DELETE /v2.0/subnetpools/dff79965-6930-4e31-99de-fe2a7b1e19b8 => generated 0 bytes in 52 msecs (HTTP/1.1 204) 2 headers in 112 bytes (1 switches on core 0)
2026-04-21 16:46:45.931 7 INFO neutron.api.v2.resource [None req-fa0bab4d-8cfa-461f-b9fd-58e756df64db 19fd2174ff8c47c0b953c14fc85d968d 431f9ffc8e5847ea80fcc4c40a68781d - - default default] show failed (client error): The resource could not be found. [pid: 7|app: 0|req: 1073/2227] 10.0.0.152 () {32 vars in 729 bytes} [Tue Apr 21 16:46:45 2026] GET /v2.0/subnetpools/dff79965-6930-4e31-99de-fe2a7b1e19b8 => generated 145 bytes in 10 msecs (HTTP/1.1 404) 4 headers in 164 bytes (1 switches on core 0)
2026-04-21 16:46:45.947 8 INFO neutron.api.v2.resource [None req-b9abfb7c-81d9-4bb9-a6a1-ecb047908c15 19fd2174ff8c47c0b953c14fc85d968d 431f9ffc8e5847ea80fcc4c40a68781d - - default default] delete failed (client error): The resource could not be found. [pid: 8|app: 0|req: 1155/2228] 10.0.0.152 () {32 vars in 732 bytes} [Tue Apr 21 16:46:45 2026] DELETE /v2.0/subnetpools/dff79965-6930-4e31-99de-fe2a7b1e19b8 => generated 145 bytes in 13 msecs (HTTP/1.1 404) 4 headers in 164 bytes (1 switches on core 0)
2026-04-21 16:46:46.674 7 INFO neutron.db.ovn_revision_numbers_db [None req-66d396d7-2a26-4b32-bee9-46c8bfc34e5d acc975e99253478884cdab08a09cb93e f1260cb717e94864b9c74abe0a17511a - - default default] Successfully bumped revision number for resource 15f5d771-2781-444a-9d69-1d9461c7d49a (type: security_groups) to 1
2026-04-21 16:46:46.686 7 INFO neutron.db.ovn_revision_numbers_db [None req-66d396d7-2a26-4b32-bee9-46c8bfc34e5d acc975e99253478884cdab08a09cb93e f1260cb717e94864b9c74abe0a17511a - - default default] Successfully bumped revision number for resource 02691012-9d15-4248-9682-f2be2301a00d (type: security_group_rules) to 0
2026-04-21 16:46:46.715 7 INFO neutron.db.ovn_revision_numbers_db [None req-66d396d7-2a26-4b32-bee9-46c8bfc34e5d acc975e99253478884cdab08a09cb93e f1260cb717e94864b9c74abe0a17511a - - default default] Successfully bumped revision number for resource 1eab34c5-47e7-451b-b414-7069ef260458 (type: security_group_rules) to 0
2026-04-21 16:46:46.740 7 INFO neutron.db.ovn_revision_numbers_db [None req-66d396d7-2a26-4b32-bee9-46c8bfc34e5d acc975e99253478884cdab08a09cb93e f1260cb717e94864b9c74abe0a17511a - - default default] Successfully bumped revision number for resource 79005c78-84a6-4755-8ebc-832667998b1b (type: security_group_rules) to 0
2026-04-21 16:46:46.765 7 INFO neutron.db.ovn_revision_numbers_db [None req-66d396d7-2a26-4b32-bee9-46c8bfc34e5d acc975e99253478884cdab08a09cb93e f1260cb717e94864b9c74abe0a17511a - - default default] Successfully bumped revision number for resource 8de6fd2e-ddde-4982-878b-7ecdb48d8fc9 (type: security_group_rules) to 0
2026-04-21 16:46:46.771 8 INFO neutron.db.ovn_revision_numbers_db [None req-96dc9099-2479-4ac4-ac64-7507d2aa8696 acc975e99253478884cdab08a09cb93e f1260cb717e94864b9c74abe0a17511a - - default default] Successfully bumped revision number for resource d22d5ba0-cd22-407b-8fb1-c3e503db7156 (type: security_groups) to 1
2026-04-21 16:46:46.784 8 INFO neutron.db.ovn_revision_numbers_db [None req-96dc9099-2479-4ac4-ac64-7507d2aa8696 acc975e99253478884cdab08a09cb93e f1260cb717e94864b9c74abe0a17511a - - default default] Successfully bumped revision number for resource 1f58ba8f-3458-4de7-b52f-d39b486996eb (type: security_group_rules) to 0
2026-04-21 16:46:46.800 8 INFO neutron.db.ovn_revision_numbers_db [None req-96dc9099-2479-4ac4-ac64-7507d2aa8696 acc975e99253478884cdab08a09cb93e f1260cb717e94864b9c74abe0a17511a - - default default] Successfully bumped revision number for resource 20648736-f204-4aa2-a0db-63755a8428a2 (type: security_group_rules) to 0
2026-04-21 16:46:46.812 8 INFO neutron.db.ovn_revision_numbers_db [None req-96dc9099-2479-4ac4-ac64-7507d2aa8696 acc975e99253478884cdab08a09cb93e f1260cb717e94864b9c74abe0a17511a - - default default] Successfully bumped revision number for resource 2518da7d-b14d-48d0-a901-db96abdd6909 (type: security_group_rules) to 0
2026-04-21 16:46:46.825 8 INFO neutron.db.ovn_revision_numbers_db [None req-96dc9099-2479-4ac4-ac64-7507d2aa8696 acc975e99253478884cdab08a09cb93e f1260cb717e94864b9c74abe0a17511a - - default default] Successfully bumped revision number for resource 31d98e26-1bae-4fd4-ac62-1eea8b466da2 (type: security_group_rules) to 0 [pid: 7|app: 0|req: 1074/2229] 10.0.0.152 () {32 vars in 774 bytes} [Tue Apr 21 16:46:46 2026] GET /v2.0/security-groups?tenant_id=15ec596e0a324781bcc5b608b8e4bc48&name=default => generated 2925 bytes in 429 msecs (HTTP/1.1 200) 4 headers in 158 bytes (1 switches on core 0) [pid: 8|app: 0|req: 1156/2230] 10.0.0.152 () {32 vars in 774 bytes} [Tue Apr 21 16:46:46 2026] GET /v2.0/security-groups?tenant_id=431f9ffc8e5847ea80fcc4c40a68781d&name=default => generated 2925 bytes in 373 msecs (HTTP/1.1 200) 4 headers in 158 bytes (1 switches on core 0)
2026-04-21 16:46:47.076 7 INFO neutron.db.ovn_revision_numbers_db [None req-0cbaba8b-4126-443d-abbc-a7e023baf21b e0f2adbf8ba347f1b2fa2d8af861ff18 77c28673e8d9497c98deff29978a7869 - - default default] Successfully bumped revision number for resource 409005eb-4785-47f4-b605-c3f6acabf5f8 (type: security_groups) to 1
2026-04-21 16:46:47.092 7 INFO neutron.db.ovn_revision_numbers_db [None req-0cbaba8b-4126-443d-abbc-a7e023baf21b e0f2adbf8ba347f1b2fa2d8af861ff18 77c28673e8d9497c98deff29978a7869 - - default default] Successfully bumped revision number for resource 23479176-66e4-4b93-bc9f-05344327917c (type: security_group_rules) to 0
2026-04-21 16:46:47.102 7 INFO neutron.db.ovn_revision_numbers_db [None req-0cbaba8b-4126-443d-abbc-a7e023baf21b e0f2adbf8ba347f1b2fa2d8af861ff18 77c28673e8d9497c98deff29978a7869 - - default default] Successfully bumped revision number for resource 3e758e47-aab6-4d80-8e29-5756c4c09207 (type: security_group_rules) to 0
2026-04-21 16:46:47.117 7 INFO neutron.db.ovn_revision_numbers_db [None req-0cbaba8b-4126-443d-abbc-a7e023baf21b e0f2adbf8ba347f1b2fa2d8af861ff18 77c28673e8d9497c98deff29978a7869 - - default default] Successfully bumped revision number for resource 563dd2ef-0bfc-46ea-97b4-5610404f0287 (type: security_group_rules) to 0
2026-04-21 16:46:47.132 7 INFO neutron.db.ovn_revision_numbers_db [None req-0cbaba8b-4126-443d-abbc-a7e023baf21b e0f2adbf8ba347f1b2fa2d8af861ff18 77c28673e8d9497c98deff29978a7869 - - default default] Successfully bumped revision number for resource 8ba3041f-17c5-4bc3-bc4d-0420bffca2f3 (type: security_group_rules) to 0 [pid: 8|app: 0|req: 1157/2231] 10.0.0.152 () {32 vars in 740 bytes} [Tue Apr 21 16:46:46 2026] DELETE /v2.0/security-groups/15f5d771-2781-444a-9d69-1d9461c7d49a => generated 0 bytes in 301 msecs (HTTP/1.1 204) 2 headers in 112 bytes (1 switches on core 0)
2026-04-21 16:46:47.231 7 INFO neutron.db.segments_db [None req-0cbaba8b-4126-443d-abbc-a7e023baf21b e0f2adbf8ba347f1b2fa2d8af861ff18 77c28673e8d9497c98deff29978a7869 - - default default] Added segment cb62236c-c563-431a-b395-e4d5f2d5d9d3 of type geneve for network d504aae5-75d4-41af-ac89-1682fc217b39
2026-04-21 16:46:47.375 7 INFO neutron.db.ovn_revision_numbers_db [None req-0cbaba8b-4126-443d-abbc-a7e023baf21b e0f2adbf8ba347f1b2fa2d8af861ff18 77c28673e8d9497c98deff29978a7869 - - default default] Successfully bumped revision number for resource d504aae5-75d4-41af-ac89-1682fc217b39 (type: networks) to 1 [pid: 8|app: 0|req: 1158/2232] 10.0.0.152 () {32 vars in 740 bytes} [Tue Apr 21 16:46:47 2026] DELETE /v2.0/security-groups/d22d5ba0-cd22-407b-8fb1-c3e503db7156 => generated 0 bytes in 288 msecs (HTTP/1.1 204) 2 headers in 112 bytes (1 switches on core 0)
2026-04-21 16:46:47.572 7 WARNING neutron.scheduler.dhcp_agent_scheduler [None req-0cbaba8b-4126-443d-abbc-a7e023baf21b e0f2adbf8ba347f1b2fa2d8af861ff18 77c28673e8d9497c98deff29978a7869 - - default default] No more DHCP agents
2026-04-21 16:46:47.574 7 WARNING neutron.api.rpc.agentnotifiers.dhcp_rpc_agent_api [None req-0cbaba8b-4126-443d-abbc-a7e023baf21b e0f2adbf8ba347f1b2fa2d8af861ff18 77c28673e8d9497c98deff29978a7869 - - default default] Unable to schedule network d504aae5-75d4-41af-ac89-1682fc217b39: no agents available; will retry on subsequent port and subnet creation events.
2026-04-21 16:46:47.620 8 INFO neutron.db.ovn_revision_numbers_db [None req-848a973e-3ded-420b-a2d3-996bcec79f90 acc975e99253478884cdab08a09cb93e f1260cb717e94864b9c74abe0a17511a - - default default] Successfully bumped revision number for resource a495390e-85a1-495e-bc32-791a7012606c (type: security_groups) to 1
2026-04-21 16:46:47.629 8 INFO neutron.db.ovn_revision_numbers_db [None req-848a973e-3ded-420b-a2d3-996bcec79f90 acc975e99253478884cdab08a09cb93e f1260cb717e94864b9c74abe0a17511a - - default default] Successfully bumped revision number for resource 39fcc79f-ef0a-410a-bcd8-e282f63bc8b5 (type: security_group_rules) to 0
2026-04-21 16:46:47.657 8 INFO neutron.db.ovn_revision_numbers_db [None req-848a973e-3ded-420b-a2d3-996bcec79f90 acc975e99253478884cdab08a09cb93e f1260cb717e94864b9c74abe0a17511a - - default default] Successfully bumped revision number for resource 3b6e1e40-2171-4a79-a56d-76382d5f5bf9 (type: security_group_rules) to 0
2026-04-21 16:46:47.676 8 INFO neutron.db.ovn_revision_numbers_db [None req-848a973e-3ded-420b-a2d3-996bcec79f90 acc975e99253478884cdab08a09cb93e f1260cb717e94864b9c74abe0a17511a - - default default] Successfully bumped revision number for resource 3f49d52d-57e1-448c-912b-d5697f558593 (type: security_group_rules) to 0
2026-04-21 16:46:47.677 7 INFO neutron.plugins.ml2.drivers.ovn.mech_driver.mech_driver [None req-9b348a2b-d162-4114-ad18-1b139cb3041b - - - - - -] OVN reports status down for port: 678aef74-397a-48a5-a348-91f02d2d1868
2026-04-21 16:46:47.692 8 INFO neutron.db.ovn_revision_numbers_db [None req-848a973e-3ded-420b-a2d3-996bcec79f90 acc975e99253478884cdab08a09cb93e f1260cb717e94864b9c74abe0a17511a - - default default] Successfully bumped revision number for resource b8503d7a-52f2-4687-ac79-60058de5004e (type: security_group_rules) to 0 [pid: 8|app: 0|req: 1159/2233] 10.0.0.152 () {32 vars in 774 bytes} [Tue Apr 21 16:46:47 2026] GET /v2.0/security-groups?tenant_id=d450aaf5df21405bb69a0a7ef2e58591&name=default => generated 2925 bytes in 269 msecs (HTTP/1.1 200) 4 headers in 158 bytes (1 switches on core 0)
2026-04-21 16:46:47.740 7 INFO neutron.db.ovn_revision_numbers_db [None req-0cbaba8b-4126-443d-abbc-a7e023baf21b e0f2adbf8ba347f1b2fa2d8af861ff18 77c28673e8d9497c98deff29978a7869 - - default default] Successfully bumped revision number for resource 678aef74-397a-48a5-a348-91f02d2d1868 (type: ports) to 1 [pid: 7|app: 0|req: 1075/2234] 10.0.0.152 () {34 vars in 670 bytes} [Tue Apr 21 16:46:46 2026] POST /v2.0/networks => generated 669 bytes in 956 msecs (HTTP/1.1 201) 4 headers in 162 bytes (1 switches on core 0)
2026-04-21 16:46:47.872 7 INFO neutron.db.segments_db [None req-1876fc2e-db1a-4ed7-984c-426bd65bb97a e0f2adbf8ba347f1b2fa2d8af861ff18 77c28673e8d9497c98deff29978a7869 - - default default] Added segment 2b2e7adc-00f9-4e07-a03f-81dca60fe5cc of type geneve for network 3f419ff4-025e-4d58-902c-c222421b226e [pid: 8|app: 0|req: 1160/2235] 10.0.0.152 () {32 vars in 740 bytes} [Tue Apr 21 16:46:47 2026] DELETE /v2.0/security-groups/a495390e-85a1-495e-bc32-791a7012606c => generated 0 bytes in 282 msecs (HTTP/1.1 204) 2 headers in 112 bytes (1 switches on core 0)
2026-04-21 16:46:48.028 7 INFO neutron.db.ovn_revision_numbers_db [None req-1876fc2e-db1a-4ed7-984c-426bd65bb97a e0f2adbf8ba347f1b2fa2d8af861ff18 77c28673e8d9497c98deff29978a7869 - - default default] Successfully bumped revision number for resource 3f419ff4-025e-4d58-902c-c222421b226e (type: networks) to 1
2026-04-21 16:46:48.173 7 WARNING neutron.scheduler.dhcp_agent_scheduler [None req-1876fc2e-db1a-4ed7-984c-426bd65bb97a e0f2adbf8ba347f1b2fa2d8af861ff18 77c28673e8d9497c98deff29978a7869 - - default default] No more DHCP agents
2026-04-21 16:46:48.174 7 WARNING neutron.api.rpc.agentnotifiers.dhcp_rpc_agent_api [None req-1876fc2e-db1a-4ed7-984c-426bd65bb97a e0f2adbf8ba347f1b2fa2d8af861ff18 77c28673e8d9497c98deff29978a7869 - - default default] Unable to schedule network 3f419ff4-025e-4d58-902c-c222421b226e: no agents available; will retry on subsequent port and subnet creation events.
2026-04-21 16:46:48.250 7 INFO neutron.plugins.ml2.drivers.ovn.mech_driver.mech_driver [None req-9b348a2b-d162-4114-ad18-1b139cb3041b - - - - - -] OVN reports status down for port: 71cb02da-eec1-4078-a9ba-3e7d5ce726f5
2026-04-21 16:46:48.327 7 INFO neutron.db.ovn_revision_numbers_db [None req-1876fc2e-db1a-4ed7-984c-426bd65bb97a e0f2adbf8ba347f1b2fa2d8af861ff18 77c28673e8d9497c98deff29978a7869 - - default default] Successfully bumped revision number for resource 71cb02da-eec1-4078-a9ba-3e7d5ce726f5 (type: ports) to 1 [pid: 7|app: 0|req: 1076/2236] 10.0.0.152 () {34 vars in 670 bytes} [Tue Apr 21 16:46:47 2026] POST /v2.0/networks => generated 670 bytes in 567 msecs (HTTP/1.1 201) 4 headers in 162 bytes (1 switches on core 0)
2026-04-21 16:46:48.443 8 INFO neutron.db.segments_db [None req-11b420c2-d6f3-474e-8aca-633b6644721e e0f2adbf8ba347f1b2fa2d8af861ff18 77c28673e8d9497c98deff29978a7869 - - default default] Added segment 5dd96f9d-9b27-40f5-981d-6706e9d649c6 of type geneve for network c07c0609-cf19-4cba-85d0-2476752c96df
2026-04-21 16:46:48.564 8 INFO neutron.db.ovn_revision_numbers_db [None req-11b420c2-d6f3-474e-8aca-633b6644721e e0f2adbf8ba347f1b2fa2d8af861ff18 77c28673e8d9497c98deff29978a7869 - - default default] Successfully bumped revision number for resource c07c0609-cf19-4cba-85d0-2476752c96df (type: networks) to 1 [pid: 7|app: 0|req: 1077/2237] 10.0.0.230 () {34 vars in 990 bytes} [Tue Apr 21 16:46:48 2026] GET /v2.0/ports?device_id=72cd1c67-488f-4e8b-947b-ff548212f1cd => generated 1213 bytes in 63 msecs (HTTP/1.1 200) 4 headers in 158 bytes (1 switches on core 0) [pid: 7|app: 0|req: 1078/2238] 10.0.0.230 () {34 vars in 1040 bytes} [Tue Apr 21 16:46:48 2026] GET /v2.0/security-groups?id=51eae424-5c3f-4c0b-8f0d-165d61193459&fields=id&fields=name => generated 112 bytes in 31 msecs (HTTP/1.1 200) 4 headers in 157 bytes (1 switches on core 0)
2026-04-21 16:46:48.729 8 WARNING neutron.scheduler.dhcp_agent_scheduler [None req-11b420c2-d6f3-474e-8aca-633b6644721e e0f2adbf8ba347f1b2fa2d8af861ff18 77c28673e8d9497c98deff29978a7869 - - default default] No more DHCP agents
2026-04-21 16:46:48.731 8 WARNING neutron.api.rpc.agentnotifiers.dhcp_rpc_agent_api [None req-11b420c2-d6f3-474e-8aca-633b6644721e e0f2adbf8ba347f1b2fa2d8af861ff18 77c28673e8d9497c98deff29978a7869 - - default default] Unable to schedule network c07c0609-cf19-4cba-85d0-2476752c96df: no agents available; will retry on subsequent port and subnet creation events.
2026-04-21 16:46:48.814 7 INFO neutron.plugins.ml2.drivers.ovn.mech_driver.mech_driver [None req-9b348a2b-d162-4114-ad18-1b139cb3041b - - - - - -] OVN reports status down for port: f73f278a-1d94-42e4-9412-8849930c2f3a
2026-04-21 16:46:48.840 8 INFO neutron.db.ovn_revision_numbers_db [None req-11b420c2-d6f3-474e-8aca-633b6644721e e0f2adbf8ba347f1b2fa2d8af861ff18 77c28673e8d9497c98deff29978a7869 - - default default] Successfully bumped revision number for resource f73f278a-1d94-42e4-9412-8849930c2f3a (type: ports) to 1 [pid: 8|app: 0|req: 1161/2239] 10.0.0.152 () {34 vars in 670 bytes} [Tue Apr 21 16:46:48 2026] POST /v2.0/networks => generated 669 bytes in 504 msecs (HTTP/1.1 201) 4 headers in 162 bytes (1 switches on core 0)
2026-04-21 16:46:48.965 7 INFO neutron.db.segments_db [None req-c40f23f5-6ea9-470d-b97b-a0ed2d1ee023 e0f2adbf8ba347f1b2fa2d8af861ff18 77c28673e8d9497c98deff29978a7869 - - default default] Added segment c199da0f-275a-413f-b2c9-c95bede13ac1 of type geneve for network 91010d84-4da8-4f74-bfca-4b22c68f771d
2026-04-21 16:46:49.085 7 INFO neutron.db.ovn_revision_numbers_db [None req-c40f23f5-6ea9-470d-b97b-a0ed2d1ee023 e0f2adbf8ba347f1b2fa2d8af861ff18 77c28673e8d9497c98deff29978a7869 - - default default] Successfully bumped revision number for resource 91010d84-4da8-4f74-bfca-4b22c68f771d (type: networks) to 1
2026-04-21 16:46:49.236 7 WARNING neutron.scheduler.dhcp_agent_scheduler [None req-c40f23f5-6ea9-470d-b97b-a0ed2d1ee023 e0f2adbf8ba347f1b2fa2d8af861ff18 77c28673e8d9497c98deff29978a7869 - - default default] No more DHCP agents
2026-04-21 16:46:49.237 7 WARNING neutron.api.rpc.agentnotifiers.dhcp_rpc_agent_api [None req-c40f23f5-6ea9-470d-b97b-a0ed2d1ee023 e0f2adbf8ba347f1b2fa2d8af861ff18 77c28673e8d9497c98deff29978a7869 - - default default] Unable to schedule network 91010d84-4da8-4f74-bfca-4b22c68f771d: no agents available; will retry on subsequent port and subnet creation events.
2026-04-21 16:46:49.323 7 INFO neutron.plugins.ml2.drivers.ovn.mech_driver.mech_driver [None req-9b348a2b-d162-4114-ad18-1b139cb3041b - - - - - -] OVN reports status down for port: 6c0b2888-3257-4a2d-9d1d-a12f5daad3e8
2026-04-21 16:46:49.396 7 INFO neutron.db.ovn_revision_numbers_db [None req-c40f23f5-6ea9-470d-b97b-a0ed2d1ee023 e0f2adbf8ba347f1b2fa2d8af861ff18 77c28673e8d9497c98deff29978a7869 - - default default] Successfully bumped revision number for resource 6c0b2888-3257-4a2d-9d1d-a12f5daad3e8 (type: ports) to 1 [pid: 7|app: 0|req: 1079/2240] 10.0.0.152 () {34 vars in 670 bytes} [Tue Apr 21 16:46:48 2026] POST /v2.0/networks => generated 670 bytes in 583 msecs (HTTP/1.1 201) 4 headers in 162 bytes (1 switches on core 0)
2026-04-21 16:46:49.554 8 INFO neutron.db.segments_db [None req-b5a811ad-a638-459a-8391-75b5c9ab939e e0f2adbf8ba347f1b2fa2d8af861ff18 77c28673e8d9497c98deff29978a7869 - - default default] Added segment 151c90f7-5440-49ac-bc3b-c67a2d2c9df3 of type geneve for network 10ade6ed-3aa6-4ed8-bd2e-754fad04c06c
2026-04-21 16:46:49.691 8 INFO neutron.db.ovn_revision_numbers_db [None req-b5a811ad-a638-459a-8391-75b5c9ab939e e0f2adbf8ba347f1b2fa2d8af861ff18 77c28673e8d9497c98deff29978a7869 - - default default] Successfully bumped revision number for resource 10ade6ed-3aa6-4ed8-bd2e-754fad04c06c (type: networks) to 1
2026-04-21 16:46:49.902 8 WARNING neutron.scheduler.dhcp_agent_scheduler [None req-b5a811ad-a638-459a-8391-75b5c9ab939e e0f2adbf8ba347f1b2fa2d8af861ff18 77c28673e8d9497c98deff29978a7869 - - default default] No more DHCP agents
2026-04-21 16:46:49.903 8 WARNING neutron.api.rpc.agentnotifiers.dhcp_rpc_agent_api [None req-b5a811ad-a638-459a-8391-75b5c9ab939e e0f2adbf8ba347f1b2fa2d8af861ff18 77c28673e8d9497c98deff29978a7869 - - default default] Unable to schedule network 10ade6ed-3aa6-4ed8-bd2e-754fad04c06c: no agents available; will retry on subsequent port and subnet creation events.
2026-04-21 16:46:49.987 7 INFO neutron.plugins.ml2.drivers.ovn.mech_driver.mech_driver [None req-9b348a2b-d162-4114-ad18-1b139cb3041b - - - - - -] OVN reports status down for port: e98fd99f-10d9-4f4c-9188-07ec7a56a4ad
2026-04-21 16:46:50.049 8 INFO neutron.db.ovn_revision_numbers_db [None req-b5a811ad-a638-459a-8391-75b5c9ab939e e0f2adbf8ba347f1b2fa2d8af861ff18 77c28673e8d9497c98deff29978a7869 - - default default] Successfully bumped revision number for resource e98fd99f-10d9-4f4c-9188-07ec7a56a4ad (type: ports) to 1 [pid: 8|app: 0|req: 1162/2241] 10.0.0.152 () {34 vars in 670 bytes} [Tue Apr 21 16:46:49 2026] POST /v2.0/networks => generated 670 bytes in 617 msecs (HTTP/1.1 201) 4 headers in 162 bytes (1 switches on core 0) [pid: 7|app: 0|req: 1080/2242] 10.0.0.187 () {34 vars in 990 bytes} [Tue Apr 21 16:46:49 2026] GET /v2.0/ports?device_id=72cd1c67-488f-4e8b-947b-ff548212f1cd => generated 975 bytes in 137 msecs (HTTP/1.1 200) 4 headers in 157 bytes (1 switches on core 0) [pid: 8|app: 0|req: 1163/2243] 10.0.0.152 () {34 vars in 753 bytes} [Tue Apr 21 16:46:50 2026] PUT /v2.0/networks/d504aae5-75d4-41af-ac89-1682fc217b39/tags => generated 17 bytes in 81 msecs (HTTP/1.1 200) 4 headers in 156 bytes (1 switches on core 0) [pid: 7|app: 0|req: 1081/2244] 10.0.0.187 () {34 vars in 1040 bytes} [Tue Apr 21 16:46:50 2026] GET /v2.0/security-groups?id=51eae424-5c3f-4c0b-8f0d-165d61193459&fields=id&fields=name => generated 112 bytes in 35 msecs (HTTP/1.1 200) 4 headers in 157 bytes (1 switches on core 0) [pid: 8|app: 0|req: 1164/2245] 10.0.0.152 () {34 vars in 753 bytes} [Tue Apr 21 16:46:50 2026] PUT /v2.0/networks/3f419ff4-025e-4d58-902c-c222421b226e/tags => generated 25 bytes in 61 msecs (HTTP/1.1 200) 4 headers in 156 bytes (1 switches on core 0) [pid: 7|app: 0|req: 1082/2246] 10.0.0.152 () {34 vars in 753 bytes} [Tue Apr 21 16:46:50 2026] PUT /v2.0/networks/c07c0609-cf19-4cba-85d0-2476752c96df/tags => generated 34 bytes in 65 msecs (HTTP/1.1 200) 4 headers in 156 bytes (1 switches on core 0) [pid: 8|app: 0|req: 1165/2247] 10.0.0.152 () {34 vars in 753 bytes} [Tue Apr 21 16:46:50 2026] PUT /v2.0/networks/91010d84-4da8-4f74-bfca-4b22c68f771d/tags => generated 19 bytes in 72 msecs (HTTP/1.1 200) 4 headers in 156 bytes (1 switches on core 0) [pid: 7|app: 0|req: 1083/2248] 10.0.0.152 () {32 vars in 666 bytes} [Tue Apr 21 16:46:50 2026] GET /v2.0/networks?tags=red => generated 1987 bytes in 53 msecs (HTTP/1.1 200) 4 headers in 158 bytes (1 switches on core 0) [pid: 8|app: 0|req: 1166/2249] 10.0.0.152 () {32 vars in 680 bytes} [Tue Apr 21 16:46:50 2026] GET /v2.0/networks?tags=red%2Cblue => generated 1337 bytes in 52 msecs (HTTP/1.1 200) 4 headers in 158 bytes (1 switches on core 0) [pid: 7|app: 0|req: 1084/2250] 10.0.0.152 () {32 vars in 676 bytes} [Tue Apr 21 16:46:50 2026] GET /v2.0/networks?tags-any=blue => generated 1337 bytes in 55 msecs (HTTP/1.1 200) 4 headers in 158 bytes (1 switches on core 0) [pid: 8|app: 0|req: 1167/2251] 10.0.0.152 () {32 vars in 688 bytes} [Tue Apr 21 16:46:50 2026] GET /v2.0/networks?tags-any=red%2Cblue => generated 1987 bytes in 50 msecs (HTTP/1.1 200) 4 headers in 158 bytes (1 switches on core 0) [pid: 7|app: 0|req: 1085/2252] 10.0.0.152 () {32 vars in 674 bytes} [Tue Apr 21 16:46:50 2026] GET /v2.0/networks?not-tags=red => generated 1988 bytes in 63 msecs (HTTP/1.1 200) 4 headers in 158 bytes (1 switches on core 0) [pid: 8|app: 0|req: 1168/2253] 10.0.0.152 () {32 vars in 688 bytes} [Tue Apr 21 16:46:50 2026] GET /v2.0/networks?not-tags=red%2Cblue => generated 2638 bytes in 63 msecs (HTTP/1.1 200) 4 headers in 158 bytes (1 switches on core 0) [pid: 7|app: 0|req: 1086/2254] 10.0.0.152 () {32 vars in 684 bytes} [Tue Apr 21 16:46:50 2026] GET /v2.0/networks?not-tags-any=blue => generated 2638 bytes in 66 msecs (HTTP/1.1 200) 4 headers in 158 bytes (1 switches on core 0) [pid: 8|app: 0|req: 1169/2255] 10.0.0.152 () {32 vars in 696 bytes} [Tue Apr 21 16:46:50 2026] GET /v2.0/networks?not-tags-any=red%2Cblue => generated 1988 bytes in 74 msecs (HTTP/1.1 200) 4 headers in 158 bytes (1 switches on core 0)
2026-04-21 16:46:51.070 7 INFO neutron_taas.services.taas.taas_plugin [None req-a4ffc248-379a-4c92-8f0f-b2d90017e111 e0f2adbf8ba347f1b2fa2d8af861ff18 77c28673e8d9497c98deff29978a7869 - - default default] TaaS: Handle Delete Port: 678aef74-397a-48a5-a348-91f02d2d1868
2026-04-21 16:46:51.080 7 INFO neutron_taas.services.taas.tap_mirror_plugin [None req-a4ffc248-379a-4c92-8f0f-b2d90017e111 e0f2adbf8ba347f1b2fa2d8af861ff18 77c28673e8d9497c98deff29978a7869 - - default default] Tap Mirror: Handle Delete Port: 678aef74-397a-48a5-a348-91f02d2d1868
2026-04-21 16:46:51.092 7 INFO neutron.plugins.ml2.drivers.ovn.mech_driver.mech_driver [None req-9b348a2b-d162-4114-ad18-1b139cb3041b - - - - - -] OVN reports status down for port: 22ce524d-a50a-4e8e-b0b9-7de94d20e134
2026-04-21 16:46:51.365 7 INFO neutron.notifiers.nova [-] Nova event matching ['req-aff72c45-6243-4eae-a012-f49db1653bf6'] response: {'server_uuid': '72cd1c67-488f-4e8b-947b-ff548212f1cd', 'name': 'network-vif-unplugged', 'status': 'completed', 'tag': '22ce524d-a50a-4e8e-b0b9-7de94d20e134', 'code': 200}
2026-04-21 16:46:51.490 8 INFO neutron.db.ovn_revision_numbers_db [None req-ee401ba1-1a54-46e6-b920-0fc264fffc10 acc975e99253478884cdab08a09cb93e f1260cb717e94864b9c74abe0a17511a - - default default] Successfully bumped revision number for resource 5be2159b-6e9a-4d3b-b9e3-4e8fd921f38c (type: security_groups) to 1
2026-04-21 16:46:51.504 8 INFO neutron.db.ovn_revision_numbers_db [None req-ee401ba1-1a54-46e6-b920-0fc264fffc10 acc975e99253478884cdab08a09cb93e f1260cb717e94864b9c74abe0a17511a - - default default] Successfully bumped revision number for resource 00d5f9ca-265a-4009-a2d7-404ebbf9310a (type: security_group_rules) to 0
2026-04-21 16:46:51.518 8 INFO neutron.db.ovn_revision_numbers_db [None req-ee401ba1-1a54-46e6-b920-0fc264fffc10 acc975e99253478884cdab08a09cb93e f1260cb717e94864b9c74abe0a17511a - - default default] Successfully bumped revision number for resource 671c205b-a3dc-430c-a55d-f9e26ba2e378 (type: security_group_rules) to 0
2026-04-21 16:46:51.530 8 INFO neutron.db.ovn_revision_numbers_db [None req-ee401ba1-1a54-46e6-b920-0fc264fffc10 acc975e99253478884cdab08a09cb93e f1260cb717e94864b9c74abe0a17511a - - default default] Successfully bumped revision number for resource 970fa67e-3a3e-4f34-84d7-1c866ab11acb (type: security_group_rules) to 0
2026-04-21 16:46:51.542 8 INFO neutron.db.ovn_revision_numbers_db [None req-ee401ba1-1a54-46e6-b920-0fc264fffc10 acc975e99253478884cdab08a09cb93e f1260cb717e94864b9c74abe0a17511a - - default default] Successfully bumped revision number for resource f4da47ad-275b-4e14-a652-6909ee1804ce (type: security_group_rules) to 0
2026-04-21 16:46:51.585 7 INFO neutron.services.segments.plugin [-] Segment cb62236c-c563-431a-b395-e4d5f2d5d9d3 resource provider aggregate not found
2026-04-21 16:46:51.585 7 INFO neutron.services.segments.plugin [-] Segment cb62236c-c563-431a-b395-e4d5f2d5d9d3 resource provider aggregate not found [pid: 8|app: 0|req: 1170/2256] 10.0.0.152 () {32 vars in 774 bytes} [Tue Apr 21 16:46:51 2026] GET /v2.0/security-groups?tenant_id=60fb16d1955c4c6ca2834262313d5a1a&name=default => generated 2925 bytes in 476 msecs (HTTP/1.1 200) 4 headers in 158 bytes (1 switches on core 0)
2026-04-21 16:46:51.608 7 INFO neutron.services.segments.plugin [-] Segment cb62236c-c563-431a-b395-e4d5f2d5d9d3 resource provider not found; error: Placement Client Error (4xx): {"errors": [{"status": 404, "title": "Not Found", "detail": "The resource could not be found.\n\n No resource provider with uuid cb62236c-c563-431a-b395-e4d5f2d5d9d3 found for delete ", "request_id": "req-e164cd21-b668-42e8-8a6f-218d7b342473"}]}
2026-04-21 16:46:51.624 7 INFO neutron.services.segments.plugin [-] Segment cb62236c-c563-431a-b395-e4d5f2d5d9d3 resource provider not found; error: Placement Client Error (4xx): {"errors": [{"status": 404, "title": "Not Found", "detail": "The resource could not be found.\n\n No resource provider with uuid cb62236c-c563-431a-b395-e4d5f2d5d9d3 found for delete ", "request_id": "req-658ed3db-69f5-41cc-b5e7-d0ccfe195980"}]}
2026-04-21 16:46:51.668 7 INFO neutron.db.ovn_revision_numbers_db [None req-9b348a2b-d162-4114-ad18-1b139cb3041b - - - - - -] Successfully bumped revision number for resource 22ce524d-a50a-4e8e-b0b9-7de94d20e134 (type: ports) to 6 [pid: 8|app: 0|req: 1171/2257] 10.0.0.187 () {34 vars in 990 bytes} [Tue Apr 21 16:46:51 2026] GET /v2.0/ports?device_id=72cd1c67-488f-4e8b-947b-ff548212f1cd => generated 973 bytes in 100 msecs (HTTP/1.1 200) 4 headers in 157 bytes (1 switches on core 0) [pid: 7|app: 0|req: 1087/2258] 10.0.0.152 () {32 vars in 726 bytes} [Tue Apr 21 16:46:50 2026] DELETE /v2.0/networks/d504aae5-75d4-41af-ac89-1682fc217b39 => generated 0 bytes in 818 msecs (HTTP/1.1 204) 3 headers in 131 bytes (1 switches on core 0) /var/lib/openstack/lib/python3.12/site-packages/pycadf/identifier.py:70: UserWarning: Invalid uuid: neutron. To ensure interoperability, identifiers should be a valid uuid. warnings.warn(('Invalid uuid: %s. To ensure interoperability, '
2026-04-21 16:46:51.955 8 INFO neutron.db.ovn_revision_numbers_db [None req-f1a4ac49-19f1-484b-8b78-bbf8c200a207 064a706ca3e14b9f808c3a5dd1881a5e d9aa671fd7d7418b91f4deb606ec452b - - default default] Successfully bumped revision number for resource 95dc91c8-1f2a-408c-86e1-599f1a80e6c2 (type: security_groups) to 1
2026-04-21 16:46:51.970 8 INFO neutron.db.ovn_revision_numbers_db [None req-f1a4ac49-19f1-484b-8b78-bbf8c200a207 064a706ca3e14b9f808c3a5dd1881a5e d9aa671fd7d7418b91f4deb606ec452b - - default default] Successfully bumped revision number for resource 00b9a534-fb9b-476c-bc6d-b8ed449dda80 (type: security_group_rules) to 0
2026-04-21 16:46:51.984 8 INFO neutron.db.ovn_revision_numbers_db [None req-f1a4ac49-19f1-484b-8b78-bbf8c200a207 064a706ca3e14b9f808c3a5dd1881a5e d9aa671fd7d7418b91f4deb606ec452b - - default default] Successfully bumped revision number for resource 69d4e35d-74fa-4a9f-95ea-ab43ef28855f (type: security_group_rules) to 0
2026-04-21 16:46:51.998 8 INFO neutron.db.ovn_revision_numbers_db [None req-f1a4ac49-19f1-484b-8b78-bbf8c200a207 064a706ca3e14b9f808c3a5dd1881a5e d9aa671fd7d7418b91f4deb606ec452b - - default default] Successfully bumped revision number for resource 973d8db1-959f-492d-baf5-866e176b5a1c (type: security_group_rules) to 0
2026-04-21 16:46:52.010 8 INFO neutron.db.ovn_revision_numbers_db [None req-f1a4ac49-19f1-484b-8b78-bbf8c200a207 064a706ca3e14b9f808c3a5dd1881a5e d9aa671fd7d7418b91f4deb606ec452b - - default default] Successfully bumped revision number for resource a8fd2760-974e-4e88-97e7-8113ff1de065 (type: security_group_rules) to 0
2026-04-21 16:46:52.101 8 INFO neutron.db.segments_db [None req-f1a4ac49-19f1-484b-8b78-bbf8c200a207 064a706ca3e14b9f808c3a5dd1881a5e d9aa671fd7d7418b91f4deb606ec452b - - default default] Added segment 57ce404d-824a-4276-9f8d-7a701c1f47b7 of type geneve for network 8e3a5687-3c4b-4209-b5b7-40cfd5bdeed8 [pid: 7|app: 0|req: 1088/2259] 10.0.0.152 () {32 vars in 740 bytes} [Tue Apr 21 16:46:51 2026] DELETE /v2.0/security-groups/5be2159b-6e9a-4d3b-b9e3-4e8fd921f38c => generated 0 bytes in 374 msecs (HTTP/1.1 204) 2 headers in 112 bytes (1 switches on core 0) [pid: 7|app: 0|req: 1089/2260] 10.0.0.187 () {34 vars in 1040 bytes} [Tue Apr 21 16:46:52 2026] GET /v2.0/security-groups?id=51eae424-5c3f-4c0b-8f0d-165d61193459&fields=id&fields=name => generated 112 bytes in 27 msecs (HTTP/1.1 200) 4 headers in 157 bytes (1 switches on core 0)
2026-04-21 16:46:52.231 8 INFO neutron.db.ovn_revision_numbers_db [None req-f1a4ac49-19f1-484b-8b78-bbf8c200a207 064a706ca3e14b9f808c3a5dd1881a5e d9aa671fd7d7418b91f4deb606ec452b - - default default] Successfully bumped revision number for resource 8e3a5687-3c4b-4209-b5b7-40cfd5bdeed8 (type: networks) to 1
2026-04-21 16:46:52.263 7 INFO neutron_taas.services.taas.taas_plugin [None req-bb14e260-f1f8-4766-b168-248fe0c1dc0f e0f2adbf8ba347f1b2fa2d8af861ff18 77c28673e8d9497c98deff29978a7869 - - default default] TaaS: Handle Delete Port: 71cb02da-eec1-4078-a9ba-3e7d5ce726f5
2026-04-21 16:46:52.266 7 INFO neutron_taas.services.taas.tap_mirror_plugin [None req-bb14e260-f1f8-4766-b168-248fe0c1dc0f e0f2adbf8ba347f1b2fa2d8af861ff18 77c28673e8d9497c98deff29978a7869 - - default default] Tap Mirror: Handle Delete Port: 71cb02da-eec1-4078-a9ba-3e7d5ce726f5
2026-04-21 16:46:52.425 8 WARNING neutron.scheduler.dhcp_agent_scheduler [None req-f1a4ac49-19f1-484b-8b78-bbf8c200a207 064a706ca3e14b9f808c3a5dd1881a5e d9aa671fd7d7418b91f4deb606ec452b - - default default] No more DHCP agents
2026-04-21 16:46:52.426 8 WARNING neutron.api.rpc.agentnotifiers.dhcp_rpc_agent_api [None req-f1a4ac49-19f1-484b-8b78-bbf8c200a207 064a706ca3e14b9f808c3a5dd1881a5e d9aa671fd7d7418b91f4deb606ec452b - - default default] Unable to schedule network 8e3a5687-3c4b-4209-b5b7-40cfd5bdeed8: no agents available; will retry on subsequent port and subnet creation events.
2026-04-21 16:46:52.508 7 INFO neutron.plugins.ml2.drivers.ovn.mech_driver.mech_driver [None req-d06b306e-778e-41e9-9d58-1b56625e4785 - - - - - -] OVN reports status down for port: 65cd4552-57d9-4c24-b7b8-317ed0a184aa
2026-04-21 16:46:52.536 8 INFO neutron.db.ovn_revision_numbers_db [None req-f1a4ac49-19f1-484b-8b78-bbf8c200a207 064a706ca3e14b9f808c3a5dd1881a5e d9aa671fd7d7418b91f4deb606ec452b - - default default] Successfully bumped revision number for resource 65cd4552-57d9-4c24-b7b8-317ed0a184aa (type: ports) to 1 [pid: 8|app: 0|req: 1172/2261] 10.0.0.152 () {34 vars in 670 bytes} [Tue Apr 21 16:46:51 2026] POST /v2.0/networks => generated 670 bytes in 867 msecs (HTTP/1.1 201) 4 headers in 162 bytes (1 switches on core 0) [pid: 8|app: 0|req: 1173/2262] 199.19.213.47 () {34 vars in 993 bytes} [Tue Apr 21 16:46:52 2026] GET /v2.0/ports?device_id=72cd1c67-488f-4e8b-947b-ff548212f1cd => generated 973 bytes in 46 msecs (HTTP/1.1 200) 4 headers in 157 bytes (1 switches on core 0) [pid: 7|app: 0|req: 1090/2263] 10.0.0.152 () {32 vars in 726 bytes} [Tue Apr 21 16:46:52 2026] DELETE /v2.0/networks/3f419ff4-025e-4d58-902c-c222421b226e => generated 0 bytes in 644 msecs (HTTP/1.1 204) 3 headers in 131 bytes (1 switches on core 0)
2026-04-21 16:46:52.808 8 INFO neutron.db.segments_db [None req-4752ad9f-c1ea-417e-bce6-90f049ce0d9a 064a706ca3e14b9f808c3a5dd1881a5e d9aa671fd7d7418b91f4deb606ec452b - - default default] Added segment 79d265d9-946f-4b1c-a8a6-5129b968f2c2 of type geneve for network 0b6c64b0-43ce-43f1-a4eb-64184f72e66b
2026-04-21 16:46:52.944 8 INFO neutron.db.ovn_revision_numbers_db [None req-4752ad9f-c1ea-417e-bce6-90f049ce0d9a 064a706ca3e14b9f808c3a5dd1881a5e d9aa671fd7d7418b91f4deb606ec452b - - default default] Successfully bumped revision number for resource 0b6c64b0-43ce-43f1-a4eb-64184f72e66b (type: networks) to 1
2026-04-21 16:46:52.953 7 INFO neutron_taas.services.taas.taas_plugin [req-541018a3-1c25-41f8-84ca-081b18b62b05 req-b6a8f801-6aaa-4616-81ac-5e9b7aedc59f 6c058856e0ba43afb5b0e6bc99adb7b2 f249b175db5b434480ed9a3d0c653a4f - - default default] TaaS: Handle Delete Port: 22ce524d-a50a-4e8e-b0b9-7de94d20e134
2026-04-21 16:46:52.957 7 INFO neutron_taas.services.taas.tap_mirror_plugin [req-541018a3-1c25-41f8-84ca-081b18b62b05 req-b6a8f801-6aaa-4616-81ac-5e9b7aedc59f 6c058856e0ba43afb5b0e6bc99adb7b2 f249b175db5b434480ed9a3d0c653a4f - - default default] Tap Mirror: Handle Delete Port: 22ce524d-a50a-4e8e-b0b9-7de94d20e134
2026-04-21 16:46:53.144 8 WARNING neutron.scheduler.dhcp_agent_scheduler [None req-4752ad9f-c1ea-417e-bce6-90f049ce0d9a 064a706ca3e14b9f808c3a5dd1881a5e d9aa671fd7d7418b91f4deb606ec452b - - default default] No more DHCP agents
2026-04-21 16:46:53.146 8 WARNING neutron.api.rpc.agentnotifiers.dhcp_rpc_agent_api [None req-4752ad9f-c1ea-417e-bce6-90f049ce0d9a 064a706ca3e14b9f808c3a5dd1881a5e d9aa671fd7d7418b91f4deb606ec452b - - default default] Unable to schedule network 0b6c64b0-43ce-43f1-a4eb-64184f72e66b: no agents available; will retry on subsequent port and subnet creation events.
2026-04-21 16:46:53.158 7 INFO neutron.db.l3_db [req-541018a3-1c25-41f8-84ca-081b18b62b05 req-b6a8f801-6aaa-4616-81ac-5e9b7aedc59f 6c058856e0ba43afb5b0e6bc99adb7b2 f249b175db5b434480ed9a3d0c653a4f - - default default] Floating IP c9e5b83a-f8ae-4850-977d-f8cba8236072 disassociated. External IP: 10.96.250.213, port: 22ce524d-a50a-4e8e-b0b9-7de94d20e134.
2026-04-21 16:46:53.234 7 INFO neutron.plugins.ml2.drivers.ovn.mech_driver.mech_driver [None req-d06b306e-778e-41e9-9d58-1b56625e4785 - - - - - -] OVN reports status down for port: 0f190d6b-8697-43f3-9d6d-75ac56010b73
2026-04-21 16:46:53.255 8 INFO neutron.db.ovn_revision_numbers_db [None req-4752ad9f-c1ea-417e-bce6-90f049ce0d9a 064a706ca3e14b9f808c3a5dd1881a5e d9aa671fd7d7418b91f4deb606ec452b - - default default] Successfully bumped revision number for resource 0f190d6b-8697-43f3-9d6d-75ac56010b73 (type: ports) to 1 [pid: 8|app: 0|req: 1174/2264] 10.0.0.152 () {34 vars in 670 bytes} [Tue Apr 21 16:46:52 2026] POST /v2.0/networks => generated 670 bytes in 668 msecs (HTTP/1.1 201) 4 headers in 162 bytes (1 switches on core 0)
2026-04-21 16:46:53.405 7 INFO neutron.notifiers.nova [-] Nova event matching ['req-5ca7000a-dfa0-4659-8059-f46949de489c'] response: {'server_uuid': '72cd1c67-488f-4e8b-947b-ff548212f1cd', 'name': 'network-vif-unplugged', 'status': 'completed', 'tag': '22ce524d-a50a-4e8e-b0b9-7de94d20e134', 'code': 200} [pid: 7|app: 0|req: 1091/2265] 199.19.213.47 () {36 vars in 996 bytes} [Tue Apr 21 16:46:52 2026] DELETE /v2.0/ports/22ce524d-a50a-4e8e-b0b9-7de94d20e134 => generated 0 bytes in 631 msecs (HTTP/1.1 204) 3 headers in 131 bytes (1 switches on core 0) /var/lib/openstack/lib/python3.12/site-packages/pycadf/identifier.py:70: UserWarning: Invalid uuid: neutron. To ensure interoperability, identifiers should be a valid uuid. warnings.warn(('Invalid uuid: %s. To ensure interoperability, '
2026-04-21 16:46:53.434 8 INFO neutron_taas.services.taas.taas_plugin [None req-a3349a6b-4330-408a-9e60-472dd1d71904 e0f2adbf8ba347f1b2fa2d8af861ff18 77c28673e8d9497c98deff29978a7869 - - default default] TaaS: Handle Delete Port: f73f278a-1d94-42e4-9412-8849930c2f3a [pid: 7|app: 0|req: 1092/2266] 10.0.0.187 () {34 vars in 990 bytes} [Tue Apr 21 16:46:53 2026] GET /v2.0/ports?device_id=72cd1c67-488f-4e8b-947b-ff548212f1cd => generated 12 bytes in 21 msecs (HTTP/1.1 200) 4 headers in 156 bytes (1 switches on core 0)
2026-04-21 16:46:53.437 8 INFO neutron_taas.services.taas.tap_mirror_plugin [None req-a3349a6b-4330-408a-9e60-472dd1d71904 e0f2adbf8ba347f1b2fa2d8af861ff18 77c28673e8d9497c98deff29978a7869 - - default default] Tap Mirror: Handle Delete Port: f73f278a-1d94-42e4-9412-8849930c2f3a [pid: 7|app: 0|req: 1093/2267] 10.0.0.152 () {34 vars in 753 bytes} [Tue Apr 21 16:46:53 2026] PUT /v2.0/networks/8e3a5687-3c4b-4209-b5b7-40cfd5bdeed8/tags => generated 25 bytes in 56 msecs (HTTP/1.1 200) 4 headers in 156 bytes (1 switches on core 0) [pid: 7|app: 0|req: 1094/2268] 10.0.0.152 () {32 vars in 733 bytes} [Tue Apr 21 16:46:53 2026] GET /v2.0/networks/8e3a5687-3c4b-4209-b5b7-40cfd5bdeed8/tags => generated 25 bytes in 67 msecs (HTTP/1.1 200) 4 headers in 156 bytes (1 switches on core 0)
2026-04-21 16:46:53.625 7 INFO neutron.services.segments.plugin [-] Segment 2b2e7adc-00f9-4e07-a03f-81dca60fe5cc resource provider aggregate not found [pid: 7|app: 0|req: 1095/2269] 10.0.0.152 () {34 vars in 753 bytes} [Tue Apr 21 16:46:53 2026] PUT /v2.0/networks/0b6c64b0-43ce-43f1-a4eb-64184f72e66b/tags => generated 17 bytes in 64 msecs (HTTP/1.1 200) 4 headers in 156 bytes (1 switches on core 0)
2026-04-21 16:46:53.646 7 INFO neutron.services.segments.plugin [-] Segment 2b2e7adc-00f9-4e07-a03f-81dca60fe5cc resource provider aggregate not found
2026-04-21 16:46:53.649 7 INFO neutron.services.segments.plugin [-] Segment 2b2e7adc-00f9-4e07-a03f-81dca60fe5cc resource provider not found; error: Placement Client Error (4xx): {"errors": [{"status": 404, "title": "Not Found", "detail": "The resource could not be found.\n\n No resource provider with uuid 2b2e7adc-00f9-4e07-a03f-81dca60fe5cc found for delete ", "request_id": "req-bfe59cd9-dc9d-4555-80b3-2d48250dac3c"}]}
2026-04-21 16:46:53.657 8 INFO neutron.services.segments.plugin [-] Segment 5dd96f9d-9b27-40f5-981d-6706e9d649c6 resource provider aggregate not found
2026-04-21 16:46:53.661 7 INFO neutron.services.segments.plugin [-] Segment 2b2e7adc-00f9-4e07-a03f-81dca60fe5cc resource provider not found; error: Placement Client Error (4xx): {"errors": [{"status": 404, "title": "Not Found", "detail": "The resource could not be found.\n\n No resource provider with uuid 2b2e7adc-00f9-4e07-a03f-81dca60fe5cc found for delete ", "request_id": "req-a9c60e94-b47b-4db1-8749-624a49e01eea"}]}
2026-04-21 16:46:53.658 8 INFO neutron.services.segments.plugin [-] Segment 5dd96f9d-9b27-40f5-981d-6706e9d649c6 resource provider aggregate not found
2026-04-21 16:46:53.676 8 INFO neutron.services.segments.plugin [-] Segment 5dd96f9d-9b27-40f5-981d-6706e9d649c6 resource provider not found; error: Placement Client Error (4xx): {"errors": [{"status": 404, "title": "Not Found", "detail": "The resource could not be found.\n\n No resource provider with uuid 5dd96f9d-9b27-40f5-981d-6706e9d649c6 found for delete ", "request_id": "req-de060e3c-ee85-4e13-b4d0-493b466b6886"}]}
2026-04-21 16:46:53.683 8 INFO neutron.services.segments.plugin [-] Segment 5dd96f9d-9b27-40f5-981d-6706e9d649c6 resource provider not found; error: Placement Client Error (4xx): {"errors": [{"status": 404, "title": "Not Found", "detail": "The resource could not be found.\n\n No resource provider with uuid 5dd96f9d-9b27-40f5-981d-6706e9d649c6 found for delete ", "request_id": "req-f37684f7-6843-4eca-bef9-ac478e47cf9d"}]} [pid: 7|app: 0|req: 1096/2270] 10.0.0.152 () {32 vars in 733 bytes} [Tue Apr 21 16:46:53 2026] GET /v2.0/networks/0b6c64b0-43ce-43f1-a4eb-64184f72e66b/tags => generated 17 bytes in 72 msecs (HTTP/1.1 200) 4 headers in 156 bytes (1 switches on core 0) [pid: 8|app: 0|req: 1175/2271] 10.0.0.152 () {32 vars in 726 bytes} [Tue Apr 21 16:46:53 2026] DELETE /v2.0/networks/c07c0609-cf19-4cba-85d0-2476752c96df => generated 0 bytes in 442 msecs (HTTP/1.1 204) 3 headers in 131 bytes (1 switches on core 0) [pid: 7|app: 0|req: 1097/2272] 10.0.0.152 () {34 vars in 753 bytes} [Tue Apr 21 16:46:53 2026] PUT /v2.0/networks/0b6c64b0-43ce-43f1-a4eb-64184f72e66b/tags => generated 12 bytes in 72 msecs (HTTP/1.1 200) 4 headers in 156 bytes (1 switches on core 0)
2026-04-21 16:46:53.827 8 INFO neutron_taas.services.taas.taas_plugin [None req-f8f5c5c3-8ba8-4370-a921-5a8e22b0767f e0f2adbf8ba347f1b2fa2d8af861ff18 77c28673e8d9497c98deff29978a7869 - - default default] TaaS: Handle Delete Port: 6c0b2888-3257-4a2d-9d1d-a12f5daad3e8
2026-04-21 16:46:53.829 8 INFO neutron_taas.services.taas.tap_mirror_plugin [None req-f8f5c5c3-8ba8-4370-a921-5a8e22b0767f e0f2adbf8ba347f1b2fa2d8af861ff18 77c28673e8d9497c98deff29978a7869 - - default default] Tap Mirror: Handle Delete Port: 6c0b2888-3257-4a2d-9d1d-a12f5daad3e8 [pid: 7|app: 0|req: 1098/2273] 10.0.0.152 () {32 vars in 733 bytes} [Tue Apr 21 16:46:53 2026] GET /v2.0/networks/0b6c64b0-43ce-43f1-a4eb-64184f72e66b/tags => generated 12 bytes in 47 msecs (HTTP/1.1 200) 4 headers in 156 bytes (1 switches on core 0) [pid: 7|app: 0|req: 1099/2274] 10.0.0.152 () {32 vars in 733 bytes} [Tue Apr 21 16:46:53 2026] GET /v2.0/networks/8e3a5687-3c4b-4209-b5b7-40cfd5bdeed8/tags => generated 25 bytes in 45 msecs (HTTP/1.1 200) 4 headers in 156 bytes (1 switches on core 0) [pid: 8|app: 0|req: 1176/2275] 10.0.0.152 () {32 vars in 726 bytes} [Tue Apr 21 16:46:53 2026] DELETE /v2.0/networks/91010d84-4da8-4f74-bfca-4b22c68f771d => generated 0 bytes in 335 msecs (HTTP/1.1 204) 3 headers in 131 bytes (1 switches on core 0)
2026-04-21 16:46:54.078 7 INFO neutron_taas.services.taas.taas_plugin [None req-6ee8b623-1fc5-45ca-a96f-acbd2f6a55c7 064a706ca3e14b9f808c3a5dd1881a5e d9aa671fd7d7418b91f4deb606ec452b - - default default] TaaS: Handle Delete Port: 65cd4552-57d9-4c24-b7b8-317ed0a184aa
2026-04-21 16:46:54.082 7 INFO neutron_taas.services.taas.tap_mirror_plugin [None req-6ee8b623-1fc5-45ca-a96f-acbd2f6a55c7 064a706ca3e14b9f808c3a5dd1881a5e d9aa671fd7d7418b91f4deb606ec452b - - default default] Tap Mirror: Handle Delete Port: 65cd4552-57d9-4c24-b7b8-317ed0a184aa
2026-04-21 16:46:54.170 8 INFO neutron_taas.services.taas.taas_plugin [None req-d34fe9dc-f600-4f2f-a905-4b7cd513b037 e0f2adbf8ba347f1b2fa2d8af861ff18 77c28673e8d9497c98deff29978a7869 - - default default] TaaS: Handle Delete Port: e98fd99f-10d9-4f4c-9188-07ec7a56a4ad
2026-04-21 16:46:54.173 8 INFO neutron_taas.services.taas.tap_mirror_plugin [None req-d34fe9dc-f600-4f2f-a905-4b7cd513b037 e0f2adbf8ba347f1b2fa2d8af861ff18 77c28673e8d9497c98deff29978a7869 - - default default] Tap Mirror: Handle Delete Port: e98fd99f-10d9-4f4c-9188-07ec7a56a4ad [pid: 7|app: 0|req: 1100/2276] 10.0.0.152 () {32 vars in 726 bytes} [Tue Apr 21 16:46:53 2026] DELETE /v2.0/networks/8e3a5687-3c4b-4209-b5b7-40cfd5bdeed8 => generated 0 bytes in 461 msecs (HTTP/1.1 204) 3 headers in 131 bytes (1 switches on core 0) [pid: 8|app: 0|req: 1177/2277] 10.0.0.152 () {32 vars in 726 bytes} [Tue Apr 21 16:46:54 2026] DELETE /v2.0/networks/10ade6ed-3aa6-4ed8-bd2e-754fad04c06c => generated 0 bytes in 411 msecs (HTTP/1.1 204) 3 headers in 131 bytes (1 switches on core 0)
2026-04-21 16:46:54.509 7 INFO neutron_taas.services.taas.taas_plugin [None req-c94d2bf0-8ef0-483a-9f71-5ff8becd2cb3 064a706ca3e14b9f808c3a5dd1881a5e d9aa671fd7d7418b91f4deb606ec452b - - default default] TaaS: Handle Delete Port: 0f190d6b-8697-43f3-9d6d-75ac56010b73
2026-04-21 16:46:54.512 7 INFO neutron_taas.services.taas.tap_mirror_plugin [None req-c94d2bf0-8ef0-483a-9f71-5ff8becd2cb3 064a706ca3e14b9f808c3a5dd1881a5e d9aa671fd7d7418b91f4deb606ec452b - - default default] Tap Mirror: Handle Delete Port: 0f190d6b-8697-43f3-9d6d-75ac56010b73 [pid: 8|app: 0|req: 1178/2278] 10.0.0.187 () {34 vars in 990 bytes} [Tue Apr 21 16:46:54 2026] GET /v2.0/ports?device_id=72cd1c67-488f-4e8b-947b-ff548212f1cd => generated 12 bytes in 28 msecs (HTTP/1.1 200) 4 headers in 156 bytes (1 switches on core 0) [pid: 7|app: 0|req: 1101/2279] 10.0.0.152 () {32 vars in 726 bytes} [Tue Apr 21 16:46:54 2026] DELETE /v2.0/networks/0b6c64b0-43ce-43f1-a4eb-64184f72e66b => generated 0 bytes in 380 msecs (HTTP/1.1 204) 3 headers in 131 bytes (1 switches on core 0)
2026-04-21 16:46:55.235 8 INFO neutron.db.ovn_revision_numbers_db [None req-7b145756-9fbc-43b5-8b44-fe03ce3b8faf acc975e99253478884cdab08a09cb93e f1260cb717e94864b9c74abe0a17511a - - default default] Successfully bumped revision number for resource 0e11a9e5-04ee-4df7-9126-990238d36a63 (type: security_groups) to 1
2026-04-21 16:46:55.253 8 INFO neutron.db.ovn_revision_numbers_db [None req-7b145756-9fbc-43b5-8b44-fe03ce3b8faf acc975e99253478884cdab08a09cb93e f1260cb717e94864b9c74abe0a17511a - - default default] Successfully bumped revision number for resource 284035cf-5b3a-4db6-936a-a4719df78204 (type: security_group_rules) to 0
2026-04-21 16:46:55.264 8 INFO neutron.db.ovn_revision_numbers_db [None req-7b145756-9fbc-43b5-8b44-fe03ce3b8faf acc975e99253478884cdab08a09cb93e f1260cb717e94864b9c74abe0a17511a - - default default] Successfully bumped revision number for resource 4e60d19f-6721-4fa5-97e5-53be70b56ed0 (type: security_group_rules) to 0
2026-04-21 16:46:55.278 8 INFO neutron.db.ovn_revision_numbers_db [None req-7b145756-9fbc-43b5-8b44-fe03ce3b8faf acc975e99253478884cdab08a09cb93e f1260cb717e94864b9c74abe0a17511a - - default default] Successfully bumped revision number for resource 9b9d4013-0197-469b-9521-58fe388a63cb (type: security_group_rules) to 0
2026-04-21 16:46:55.292 8 INFO neutron.db.ovn_revision_numbers_db [None req-7b145756-9fbc-43b5-8b44-fe03ce3b8faf acc975e99253478884cdab08a09cb93e f1260cb717e94864b9c74abe0a17511a - - default default] Successfully bumped revision number for resource 9d5bdf17-ecd9-4439-be3c-d78a11584267 (type: security_group_rules) to 0 [pid: 8|app: 0|req: 1179/2280] 10.0.0.152 () {32 vars in 774 bytes} [Tue Apr 21 16:46:54 2026] GET /v2.0/security-groups?tenant_id=a875d9d901864a71903050d45e516651&name=default => generated 2925 bytes in 347 msecs (HTTP/1.1 200) 4 headers in 158 bytes (1 switches on core 0)
2026-04-21 16:46:55.451 7 INFO neutron.notifiers.nova [-] Nova event matching ['req-78503e00-9563-4e6b-8d5c-86847dc0f82d'] response: {'server_uuid': '72cd1c67-488f-4e8b-947b-ff548212f1cd', 'name': 'network-vif-deleted', 'tag': '22ce524d-a50a-4e8e-b0b9-7de94d20e134', 'status': 'completed', 'code': 200}
2026-04-21 16:46:55.596 7 INFO neutron.db.ovn_revision_numbers_db [None req-878ae964-8c38-434d-813e-94bf60184a69 acc975e99253478884cdab08a09cb93e f1260cb717e94864b9c74abe0a17511a - - default default] Successfully bumped revision number for resource 4e0899ee-a24a-41a2-a0e3-ef3e16b1aec4 (type: security_groups) to 1
