2026-04-21 16:10:55.841 8 INFO neutron.api.extensions [None req-e8dd51bb-865b-4406-8398-fdeaf26e8ec6 - - - - - -] Loaded extension: standard-attr-tag
2026-04-21 16:10:55.841 7 INFO neutron.api.extensions [None req-2f4db3ee-e570-49d6-94bf-15cf6464c02d - - - - - -] Loaded extension: pagination
2026-04-21 16:10:55.842 7 INFO neutron.api.extensions [None req-2f4db3ee-e570-49d6-94bf-15cf6464c02d - - - - - -] Loaded extension: port-device-profile
2026-04-21 16:10:55.842 8 INFO neutron.api.extensions [None req-e8dd51bb-865b-4406-8398-fdeaf26e8ec6 - - - - - -] Loaded extension: standard-attr-timestamp
2026-04-21 16:10:55.842 7 INFO neutron.api.extensions [None req-2f4db3ee-e570-49d6-94bf-15cf6464c02d - - - - - -] Extension port-hardware-offload-type not supported by any of loaded plugins
2026-04-21 16:10:55.843 8 INFO neutron.api.extensions [None req-e8dd51bb-865b-4406-8398-fdeaf26e8ec6 - - - - - -] Loaded extension: trunk
2026-04-21 16:10:55.843 7 INFO neutron.api.extensions [None req-2f4db3ee-e570-49d6-94bf-15cf6464c02d - - - - - -] Extension port-hint-ovs-tx-steering not supported by any of loaded plugins
2026-04-21 16:10:55.843 8 INFO neutron.api.extensions [None req-e8dd51bb-865b-4406-8398-fdeaf26e8ec6 - - - - - -] Loaded extension: trunk-details
2026-04-21 16:10:55.843 7 INFO neutron.api.extensions [None req-2f4db3ee-e570-49d6-94bf-15cf6464c02d - - - - - -] Extension port-hints not supported by any of loaded plugins
2026-04-21 16:10:55.844 8 INFO neutron.api.extensions [None req-e8dd51bb-865b-4406-8398-fdeaf26e8ec6 - - - - - -] Extension uplink-status-propagation not supported by any of loaded plugins
2026-04-21 16:10:55.844 7 INFO neutron.api.extensions [None req-2f4db3ee-e570-49d6-94bf-15cf6464c02d - - - - - -] Extension port-mac-override not supported by any of loaded plugins
2026-04-21 16:10:55.844 8 INFO neutron.api.extensions [None req-e8dd51bb-865b-4406-8398-fdeaf26e8ec6 - - - - - -] Extension uplink-status-propagation-updatable not supported by any of loaded plugins
2026-04-21 16:10:55.844 7 INFO neutron.api.extensions [None req-2f4db3ee-e570-49d6-94bf-15cf6464c02d - - - - - -] Loaded extension: port-mac-address-regenerate
2026-04-21 16:10:55.845 8 INFO neutron.api.extensions [None req-e8dd51bb-865b-4406-8398-fdeaf26e8ec6 - - - - - -] Loaded extension: vlan-transparent
2026-04-21 16:10:55.845 7 INFO neutron.api.extensions [None req-2f4db3ee-e570-49d6-94bf-15cf6464c02d - - - - - -] Loaded extension: port-numa-affinity-policy
2026-04-21 16:10:55.845 8 INFO neutron.api.extensions [None req-e8dd51bb-865b-4406-8398-fdeaf26e8ec6 - - - - - -] Loaded extension: vpn-aes-ctr
2026-04-21 16:10:55.845 7 INFO neutron.api.extensions [None req-2f4db3ee-e570-49d6-94bf-15cf6464c02d - - - - - -] Loaded extension: port-numa-affinity-policy-socket
2026-04-21 16:10:55.846 7 INFO neutron.api.extensions [None req-2f4db3ee-e570-49d6-94bf-15cf6464c02d - - - - - -] Loaded extension: port-resource-request
2026-04-21 16:10:55.846 7 INFO neutron.api.extensions [None req-2f4db3ee-e570-49d6-94bf-15cf6464c02d - - - - - -] Loaded extension: port-resource-request-groups
2026-04-21 16:10:55.847 7 INFO neutron.api.extensions [None req-2f4db3ee-e570-49d6-94bf-15cf6464c02d - - - - - -] Extension port-trusted-vif not supported by any of loaded plugins
2026-04-21 16:10:55.847 8 INFO neutron.api.extensions [None req-e8dd51bb-865b-4406-8398-fdeaf26e8ec6 - - - - - -] Loaded extension: vpn-agent-scheduler
2026-04-21 16:10:55.847 7 INFO neutron.api.extensions [None req-2f4db3ee-e570-49d6-94bf-15cf6464c02d - - - - - -] Loaded extension: binding
2026-04-21 16:10:55.848 8 INFO neutron.api.extensions [None req-e8dd51bb-865b-4406-8398-fdeaf26e8ec6 - - - - - -] Loaded extension: vpn-endpoint-groups
2026-04-21 16:10:55.848 7 INFO neutron.api.extensions [None req-2f4db3ee-e570-49d6-94bf-15cf6464c02d - - - - - -] Loaded extension: binding-extended
2026-04-21 16:10:55.849 8 INFO neutron.api.extensions [None req-e8dd51bb-865b-4406-8398-fdeaf26e8ec6 - - - - - -] Loaded extension: vpn-flavors
2026-04-21 16:10:55.849 7 INFO neutron.api.extensions [None req-2f4db3ee-e570-49d6-94bf-15cf6464c02d - - - - - -] Loaded extension: port-security
2026-04-21 16:10:55.849 7 INFO neutron.api.extensions [None req-2f4db3ee-e570-49d6-94bf-15cf6464c02d - - - - - -] Loaded extension: project-id
2026-04-21 16:10:55.850 7 INFO neutron.api.extensions [None req-2f4db3ee-e570-49d6-94bf-15cf6464c02d - - - - - -] Loaded extension: provider
2026-04-21 16:10:55.850 8 INFO neutron.api.extensions [None req-e8dd51bb-865b-4406-8398-fdeaf26e8ec6 - - - - - -] Loaded extension: vpnaas
2026-04-21 16:10:55.850 7 INFO neutron.api.extensions [None req-2f4db3ee-e570-49d6-94bf-15cf6464c02d - - - - - -] Loaded extension: qinq
2026-04-21 16:10:55.851 8 INFO neutron.api.extensions [None req-e8dd51bb-865b-4406-8398-fdeaf26e8ec6 - - - - - -] Loaded extension: taas
2026-04-21 16:10:55.852 8 INFO neutron.api.extensions [None req-e8dd51bb-865b-4406-8398-fdeaf26e8ec6 - - - - - -] Loaded extension: tap-mirror
2026-04-21 16:10:55.852 7 INFO neutron.api.extensions [None req-2f4db3ee-e570-49d6-94bf-15cf6464c02d - - - - - -] Loaded extension: qos
2026-04-21 16:10:55.853 8 INFO neutron.api.extensions [None req-e8dd51bb-865b-4406-8398-fdeaf26e8ec6 - - - - - -] Loaded extension: taas-vlan-filter
2026-04-21 16:10:55.853 7 INFO neutron.api.extensions [None req-2f4db3ee-e570-49d6-94bf-15cf6464c02d - - - - - -] Loaded extension: qos-bw-limit-direction
2026-04-21 16:10:55.854 7 INFO neutron.api.extensions [None req-2f4db3ee-e570-49d6-94bf-15cf6464c02d - - - - - -] Loaded extension: qos-bw-minimum-ingress
2026-04-21 16:10:55.854 7 INFO neutron.api.extensions [None req-2f4db3ee-e570-49d6-94bf-15cf6464c02d - - - - - -] Loaded extension: qos-default
2026-04-21 16:10:55.855 7 INFO neutron.api.extensions [None req-2f4db3ee-e570-49d6-94bf-15cf6464c02d - - - - - -] Loaded extension: qos-fip
2026-04-21 16:10:55.855 7 INFO neutron.api.extensions [None req-2f4db3ee-e570-49d6-94bf-15cf6464c02d - - - - - -] Extension qos-fip-network-policy not supported by any of loaded plugins
2026-04-21 16:10:55.856 8 INFO neutron.quota.resource_registry [None req-e8dd51bb-865b-4406-8398-fdeaf26e8ec6 - - - - - -] Creating instance of TrackedResource for resource:network
2026-04-21 16:10:55.856 8 INFO neutron.quota.resource_registry [None req-e8dd51bb-865b-4406-8398-fdeaf26e8ec6 - - - - - -] Creating instance of TrackedResource for resource:subnet
2026-04-21 16:10:55.856 8 INFO neutron.quota.resource_registry [None req-e8dd51bb-865b-4406-8398-fdeaf26e8ec6 - - - - - -] Creating instance of TrackedResource for resource:subnetpool
2026-04-21 16:10:55.856 7 INFO neutron.api.extensions [None req-2f4db3ee-e570-49d6-94bf-15cf6464c02d - - - - - -] Loaded extension: qos-gateway-ip
2026-04-21 16:10:55.856 8 INFO neutron.quota.resource_registry [None req-e8dd51bb-865b-4406-8398-fdeaf26e8ec6 - - - - - -] Creating instance of TrackedResource for resource:port
2026-04-21 16:10:55.856 7 INFO neutron.api.extensions [None req-2f4db3ee-e570-49d6-94bf-15cf6464c02d - - - - - -] Loaded extension: qos-port-network-policy
2026-04-21 16:10:55.857 7 INFO neutron.api.extensions [None req-2f4db3ee-e570-49d6-94bf-15cf6464c02d - - - - - -] Loaded extension: qos-pps-minimum
2026-04-21 16:10:55.858 7 INFO neutron.api.extensions [None req-2f4db3ee-e570-49d6-94bf-15cf6464c02d - - - - - -] Loaded extension: qos-pps-minimum-rule-alias
2026-04-21 16:10:55.858 7 INFO neutron.api.extensions [None req-2f4db3ee-e570-49d6-94bf-15cf6464c02d - - - - - -] Loaded extension: qos-pps
2026-04-21 16:10:55.859 7 INFO neutron.api.extensions [None req-2f4db3ee-e570-49d6-94bf-15cf6464c02d - - - - - -] Loaded extension: qos-rule-type-details
2026-04-21 16:10:55.859 8 INFO neutron.quota.resource_registry [None req-e8dd51bb-865b-4406-8398-fdeaf26e8ec6 - - - - - -] Creating instance of TrackedResource for resource:router
2026-04-21 16:10:55.859 7 INFO neutron.api.extensions [None req-2f4db3ee-e570-49d6-94bf-15cf6464c02d - - - - - -] Loaded extension: qos-rule-type-filter
2026-04-21 16:10:55.859 8 INFO neutron.quota.resource_registry [None req-e8dd51bb-865b-4406-8398-fdeaf26e8ec6 - - - - - -] Creating instance of TrackedResource for resource:floatingip
2026-04-21 16:10:55.860 7 INFO neutron.api.extensions [None req-2f4db3ee-e570-49d6-94bf-15cf6464c02d - - - - - -] Loaded extension: qos-rules-alias
2026-04-21 16:10:55.861 7 INFO neutron.api.extensions [None req-2f4db3ee-e570-49d6-94bf-15cf6464c02d - - - - - -] Loaded extension: quota-check-limit
2026-04-21 16:10:55.861 7 INFO neutron.api.extensions [None req-2f4db3ee-e570-49d6-94bf-15cf6464c02d - - - - - -] Loaded extension: quota-check-limit-default
2026-04-21 16:10:55.863 7 INFO neutron.api.extensions [None req-2f4db3ee-e570-49d6-94bf-15cf6464c02d - - - - - -] Loaded extension: quotas
2026-04-21 16:10:55.864 7 INFO neutron.api.extensions [None req-2f4db3ee-e570-49d6-94bf-15cf6464c02d - - - - - -] Loaded extension: quota_details
2026-04-21 16:10:55.865 8 INFO neutron.quota.resource_registry [None req-e8dd51bb-865b-4406-8398-fdeaf26e8ec6 - - - - - -] Creating instance of CountableResource for resource:rbac_policy
2026-04-21 16:10:55.865 8 INFO neutron.quota.resource_registry [None req-e8dd51bb-865b-4406-8398-fdeaf26e8ec6 - - - - - -] Creating instance of TrackedResource for resource:security_group
2026-04-21 16:10:55.866 8 INFO neutron.quota.resource_registry [None req-e8dd51bb-865b-4406-8398-fdeaf26e8ec6 - - - - - -] Creating instance of TrackedResource for resource:security_group_rule
2026-04-21 16:10:55.866 7 INFO neutron.api.extensions [None req-2f4db3ee-e570-49d6-94bf-15cf6464c02d - - - - - -] Loaded extension: rbac-policies
2026-04-21 16:10:55.866 7 INFO neutron.api.extensions [None req-2f4db3ee-e570-49d6-94bf-15cf6464c02d - - - - - -] Extension rbac-address-group not supported by any of loaded plugins
2026-04-21 16:10:55.866 8 INFO neutron.quota.resource_registry [None req-e8dd51bb-865b-4406-8398-fdeaf26e8ec6 - - - - - -] Creating instance of TrackedResource for resource:subnetpool
2026-04-21 16:10:55.867 8 WARNING neutron.quota.resource_registry [None req-e8dd51bb-865b-4406-8398-fdeaf26e8ec6 - - - - - -] subnetpool is already registered
2026-04-21 16:10:55.867 7 INFO neutron.api.extensions [None req-2f4db3ee-e570-49d6-94bf-15cf6464c02d - - - - - -] Loaded extension: rbac-address-scope
2026-04-21 16:10:55.867 8 INFO neutron.quota.resource_registry [None req-e8dd51bb-865b-4406-8398-fdeaf26e8ec6 - - - - - -] Creating instance of CountableResource for resource:trunk
2026-04-21 16:10:55.867 7 INFO neutron.api.extensions [None req-2f4db3ee-e570-49d6-94bf-15cf6464c02d - - - - - -] Loaded extension: rbac-security-groups
2026-04-21 16:10:55.867 8 INFO neutron.quota.resource_registry [None req-e8dd51bb-865b-4406-8398-fdeaf26e8ec6 - - - - - -] Creating instance of CountableResource for resource:ikepolicy
2026-04-21 16:10:55.868 7 INFO neutron.api.extensions [None req-2f4db3ee-e570-49d6-94bf-15cf6464c02d - - - - - -] Extension rbac-subnetpool not supported by any of loaded plugins
2026-04-21 16:10:55.868 8 INFO neutron.quota.resource_registry [None req-e8dd51bb-865b-4406-8398-fdeaf26e8ec6 - - - - - -] Creating instance of CountableResource for resource:ipsecpolicy
2026-04-21 16:10:55.868 8 INFO neutron.quota.resource_registry [None req-e8dd51bb-865b-4406-8398-fdeaf26e8ec6 - - - - - -] Creating instance of CountableResource for resource:endpoint_group
2026-04-21 16:10:55.868 7 INFO neutron.api.extensions [None req-2f4db3ee-e570-49d6-94bf-15cf6464c02d - - - - - -] Loaded extension: revision-if-match
2026-04-21 16:10:55.869 8 INFO neutron.quota.resource_registry [None req-e8dd51bb-865b-4406-8398-fdeaf26e8ec6 - - - - - -] Creating instance of CountableResource for resource:vpnservice
2026-04-21 16:10:55.869 7 INFO neutron.api.extensions [None req-2f4db3ee-e570-49d6-94bf-15cf6464c02d - - - - - -] Loaded extension: standard-attr-revisions
2026-04-21 16:10:55.869 8 INFO neutron.quota.resource_registry [None req-e8dd51bb-865b-4406-8398-fdeaf26e8ec6 - - - - - -] Creating instance of CountableResource for resource:ipsec_site_connection
2026-04-21 16:10:55.869 8 INFO neutron.quota.resource_registry [None req-e8dd51bb-865b-4406-8398-fdeaf26e8ec6 - - - - - -] Creating instance of CountableResource for resource:ipsecpolicy
2026-04-21 16:10:55.870 8 WARNING neutron.quota.resource_registry [None req-e8dd51bb-865b-4406-8398-fdeaf26e8ec6 - - - - - -] ipsecpolicy is already registered
2026-04-21 16:10:55.870 7 INFO neutron.api.extensions [None req-2f4db3ee-e570-49d6-94bf-15cf6464c02d - - - - - -] Loaded extension: router_availability_zone
2026-04-21 16:10:55.870 8 INFO neutron.quota.resource_registry [None req-e8dd51bb-865b-4406-8398-fdeaf26e8ec6 - - - - - -] Creating instance of CountableResource for resource:ikepolicy
2026-04-21 16:10:55.870 8 WARNING neutron.quota.resource_registry [None req-e8dd51bb-865b-4406-8398-fdeaf26e8ec6 - - - - - -] ikepolicy is already registered
2026-04-21 16:10:55.870 7 INFO neutron.api.extensions [None req-2f4db3ee-e570-49d6-94bf-15cf6464c02d - - - - - -] Extension router-service-type not supported by any of loaded plugins
2026-04-21 16:10:55.872 7 INFO neutron.api.extensions [None req-2f4db3ee-e570-49d6-94bf-15cf6464c02d - - - - - -] Loaded extension: security-groups-default-rules
2026-04-21 16:10:55.873 7 INFO neutron.api.extensions [None req-2f4db3ee-e570-49d6-94bf-15cf6464c02d - - - - - -] Loaded extension: security-groups-normalized-cidr
2026-04-21 16:10:55.873 7 INFO neutron.api.extensions [None req-2f4db3ee-e570-49d6-94bf-15cf6464c02d - - - - - -] Extension port-security-groups-filtering not supported by any of loaded plugins
2026-04-21 16:10:55.874 7 INFO neutron.api.extensions [None req-2f4db3ee-e570-49d6-94bf-15cf6464c02d - - - - - -] Loaded extension: security-groups-remote-address-group
2026-04-21 16:10:55.874 7 INFO neutron.api.extensions [None req-2f4db3ee-e570-49d6-94bf-15cf6464c02d - - - - - -] Loaded extension: security-groups-rules-belongs-to-default-sg
2026-04-21 16:10:55.874 8 INFO neutron.quota.resource_registry [None req-e8dd51bb-865b-4406-8398-fdeaf26e8ec6 - - - - - -] Creating instance of TrackedResource for resource:router
2026-04-21 16:10:55.874 8 WARNING neutron.quota.resource_registry [None req-e8dd51bb-865b-4406-8398-fdeaf26e8ec6 - - - - - -] router is already registered
2026-04-21 16:10:55.875 7 INFO neutron.api.extensions [None req-2f4db3ee-e570-49d6-94bf-15cf6464c02d - - - - - -] Loaded extension: security-groups-shared-filtering
2026-04-21 16:10:55.875 8 INFO neutron.quota.resource_registry [None req-e8dd51bb-865b-4406-8398-fdeaf26e8ec6 - - - - - -] Creating instance of TrackedResource for resource:floatingip
2026-04-21 16:10:55.875 8 WARNING neutron.quota.resource_registry [None req-e8dd51bb-865b-4406-8398-fdeaf26e8ec6 - - - - - -] floatingip is already registered
2026-04-21 16:10:55.879 7 INFO neutron.api.extensions [None req-2f4db3ee-e570-49d6-94bf-15cf6464c02d - - - - - -] Loaded extension: security-group
2026-04-21 16:10:55.880 8 INFO neutron.quota.resource_registry [None req-e8dd51bb-865b-4406-8398-fdeaf26e8ec6 - - - - - -] Creating instance of CountableResource for resource:rbac_policy
2026-04-21 16:10:55.880 8 WARNING neutron.quota.resource_registry [None req-e8dd51bb-865b-4406-8398-fdeaf26e8ec6 - - - - - -] rbac_policy is already registered
2026-04-21 16:10:55.880 7 INFO neutron.api.extensions [None req-2f4db3ee-e570-49d6-94bf-15cf6464c02d - - - - - -] Loaded extension: segment
2026-04-21 16:10:55.880 8 INFO neutron.quota.resource_registry [None req-e8dd51bb-865b-4406-8398-fdeaf26e8ec6 - - - - - -] Creating instance of TrackedResource for resource:security_group
2026-04-21 16:10:55.881 8 WARNING neutron.quota.resource_registry [None req-e8dd51bb-865b-4406-8398-fdeaf26e8ec6 - - - - - -] security_group is already registered
2026-04-21 16:10:55.881 7 INFO neutron.api.extensions [None req-2f4db3ee-e570-49d6-94bf-15cf6464c02d - - - - - -] Loaded extension: segments-peer-subnet-host-routes
2026-04-21 16:10:55.881 8 INFO neutron.quota.resource_registry [None req-e8dd51bb-865b-4406-8398-fdeaf26e8ec6 - - - - - -] Creating instance of TrackedResource for resource:security_group_rule
2026-04-21 16:10:55.881 8 WARNING neutron.quota.resource_registry [None req-e8dd51bb-865b-4406-8398-fdeaf26e8ec6 - - - - - -] security_group_rule is already registered
2026-04-21 16:10:55.881 7 INFO neutron.api.extensions [None req-2f4db3ee-e570-49d6-94bf-15cf6464c02d - - - - - -] Loaded extension: service-type
2026-04-21 16:10:55.882 7 INFO neutron.api.extensions [None req-2f4db3ee-e570-49d6-94bf-15cf6464c02d - - - - - -] Loaded extension: sorting
2026-04-21 16:10:55.882 8 INFO neutron.quota.resource_registry [None req-e8dd51bb-865b-4406-8398-fdeaf26e8ec6 - - - - - -] Creating instance of TrackedResource for resource:subnetpool
2026-04-21 16:10:55.882 8 WARNING neutron.quota.resource_registry [None req-e8dd51bb-865b-4406-8398-fdeaf26e8ec6 - - - - - -] subnetpool is already registered
2026-04-21 16:10:55.882 7 INFO neutron.api.extensions [None req-2f4db3ee-e570-49d6-94bf-15cf6464c02d - - - - - -] Loaded extension: standard-attr-segment
2026-04-21 16:10:55.882 8 INFO neutron.quota.resource_registry [None req-e8dd51bb-865b-4406-8398-fdeaf26e8ec6 - - - - - -] Creating instance of CountableResource for resource:trunk
2026-04-21 16:10:55.883 8 WARNING neutron.quota.resource_registry [None req-e8dd51bb-865b-4406-8398-fdeaf26e8ec6 - - - - - -] trunk is already registered
2026-04-21 16:10:55.883 8 INFO neutron.quota.resource_registry [None req-e8dd51bb-865b-4406-8398-fdeaf26e8ec6 - - - - - -] Creating instance of CountableResource for resource:ikepolicy
2026-04-21 16:10:55.883 7 INFO neutron.api.extensions [None req-2f4db3ee-e570-49d6-94bf-15cf6464c02d - - - - - -] Loaded extension: standard-attr-description
2026-04-21 16:10:55.883 8 WARNING neutron.quota.resource_registry [None req-e8dd51bb-865b-4406-8398-fdeaf26e8ec6 - - - - - -] ikepolicy is already registered
2026-04-21 16:10:55.883 8 INFO neutron.quota.resource_registry [None req-e8dd51bb-865b-4406-8398-fdeaf26e8ec6 - - - - - -] Creating instance of CountableResource for resource:ipsecpolicy
2026-04-21 16:10:55.884 7 INFO neutron.api.extensions [None req-2f4db3ee-e570-49d6-94bf-15cf6464c02d - - - - - -] Loaded extension: stateful-security-group
2026-04-21 16:10:55.884 8 WARNING neutron.quota.resource_registry [None req-e8dd51bb-865b-4406-8398-fdeaf26e8ec6 - - - - - -] ipsecpolicy is already registered
2026-04-21 16:10:55.884 7 WARNING neutron.api.extensions [None req-2f4db3ee-e570-49d6-94bf-15cf6464c02d - - - - - -] Did not find expected name "Stdattrs_common" in /var/lib/openstack/lib/python3.12/site-packages/neutron/extensions/stdattrs_common.py
2026-04-21 16:10:55.884 8 INFO neutron.quota.resource_registry [None req-e8dd51bb-865b-4406-8398-fdeaf26e8ec6 - - - - - -] Creating instance of CountableResource for resource:endpoint_group
2026-04-21 16:10:55.884 8 WARNING neutron.quota.resource_registry [None req-e8dd51bb-865b-4406-8398-fdeaf26e8ec6 - - - - - -] endpoint_group is already registered
2026-04-21 16:10:55.884 7 INFO neutron.api.extensions [None req-2f4db3ee-e570-49d6-94bf-15cf6464c02d - - - - - -] Loaded extension: subnet-dns-publish-fixed-ip
2026-04-21 16:10:55.884 8 INFO neutron.quota.resource_registry [None req-e8dd51bb-865b-4406-8398-fdeaf26e8ec6 - - - - - -] Creating instance of CountableResource for resource:vpnservice
2026-04-21 16:10:55.885 8 WARNING neutron.quota.resource_registry [None req-e8dd51bb-865b-4406-8398-fdeaf26e8ec6 - - - - - -] vpnservice is already registered
2026-04-21 16:10:55.885 8 INFO neutron.quota.resource_registry [None req-e8dd51bb-865b-4406-8398-fdeaf26e8ec6 - - - - - -] Creating instance of CountableResource for resource:ipsec_site_connection
2026-04-21 16:10:55.885 7 INFO neutron.api.extensions [None req-2f4db3ee-e570-49d6-94bf-15cf6464c02d - - - - - -] Loaded extension: subnet-external-network
2026-04-21 16:10:55.885 8 WARNING neutron.quota.resource_registry [None req-e8dd51bb-865b-4406-8398-fdeaf26e8ec6 - - - - - -] ipsec_site_connection is already registered
2026-04-21 16:10:55.885 8 INFO neutron.quota.resource_registry [None req-e8dd51bb-865b-4406-8398-fdeaf26e8ec6 - - - - - -] Creating instance of CountableResource for resource:ipsecpolicy
2026-04-21 16:10:55.886 8 WARNING neutron.quota.resource_registry [None req-e8dd51bb-865b-4406-8398-fdeaf26e8ec6 - - - - - -] ipsecpolicy is already registered
2026-04-21 16:10:55.886 7 INFO neutron.api.extensions [None req-2f4db3ee-e570-49d6-94bf-15cf6464c02d - - - - - -] Extension subnet_onboard not supported by any of loaded plugins
2026-04-21 16:10:55.886 8 INFO neutron.quota.resource_registry [None req-e8dd51bb-865b-4406-8398-fdeaf26e8ec6 - - - - - -] Creating instance of CountableResource for resource:ikepolicy
2026-04-21 16:10:55.886 8 WARNING neutron.quota.resource_registry [None req-e8dd51bb-865b-4406-8398-fdeaf26e8ec6 - - - - - -] ikepolicy is already registered
2026-04-21 16:10:55.886 7 INFO neutron.api.extensions [None req-2f4db3ee-e570-49d6-94bf-15cf6464c02d - - - - - -] Loaded extension: subnet-segmentid-writable
2026-04-21 16:10:55.886 7 INFO neutron.api.extensions [None req-2f4db3ee-e570-49d6-94bf-15cf6464c02d - - - - - -] Loaded extension: subnet-service-types
2026-04-21 16:10:55.887 7 INFO neutron.api.extensions [None req-2f4db3ee-e570-49d6-94bf-15cf6464c02d - - - - - -] Loaded extension: subnet_allocation
2026-04-21 16:10:55.888 7 INFO neutron.api.extensions [None req-2f4db3ee-e570-49d6-94bf-15cf6464c02d - - - - - -] Loaded extension: subnetpool-prefix-ops
2026-04-21 16:10:55.888 7 INFO neutron.api.extensions [None req-2f4db3ee-e570-49d6-94bf-15cf6464c02d - - - - - -] Loaded extension: tag-creation
2026-04-21 16:10:55.889 7 INFO neutron.api.extensions [None req-2f4db3ee-e570-49d6-94bf-15cf6464c02d - - - - - -] Extension tag-ports-during-bulk-creation not supported by any of loaded plugins
2026-04-21 16:10:55.893 7 INFO neutron.api.extensions [None req-2f4db3ee-e570-49d6-94bf-15cf6464c02d - - - - - -] Loaded extension: standard-attr-tag
2026-04-21 16:10:55.893 7 INFO neutron.api.extensions [None req-2f4db3ee-e570-49d6-94bf-15cf6464c02d - - - - - -] Loaded extension: standard-attr-timestamp
2026-04-21 16:10:55.894 7 INFO neutron.api.extensions [None req-2f4db3ee-e570-49d6-94bf-15cf6464c02d - - - - - -] Loaded extension: trunk
2026-04-21 16:10:55.894 7 INFO neutron.api.extensions [None req-2f4db3ee-e570-49d6-94bf-15cf6464c02d - - - - - -] Loaded extension: trunk-details
2026-04-21 16:10:55.895 7 INFO neutron.api.extensions [None req-2f4db3ee-e570-49d6-94bf-15cf6464c02d - - - - - -] Extension uplink-status-propagation not supported by any of loaded plugins
2026-04-21 16:10:55.895 7 INFO neutron.api.extensions [None req-2f4db3ee-e570-49d6-94bf-15cf6464c02d - - - - - -] Extension uplink-status-propagation-updatable not supported by any of loaded plugins
2026-04-21 16:10:55.896 7 INFO neutron.api.extensions [None req-2f4db3ee-e570-49d6-94bf-15cf6464c02d - - - - - -] Loaded extension: vlan-transparent
2026-04-21 16:10:55.897 7 INFO neutron.api.extensions [None req-2f4db3ee-e570-49d6-94bf-15cf6464c02d - - - - - -] Loaded extension: vpn-aes-ctr
2026-04-21 16:10:55.898 7 INFO neutron.api.extensions [None req-2f4db3ee-e570-49d6-94bf-15cf6464c02d - - - - - -] Loaded extension: vpn-agent-scheduler
2026-04-21 16:10:55.899 7 INFO neutron.api.extensions [None req-2f4db3ee-e570-49d6-94bf-15cf6464c02d - - - - - -] Loaded extension: vpn-endpoint-groups
2026-04-21 16:10:55.900 7 INFO neutron.api.extensions [None req-2f4db3ee-e570-49d6-94bf-15cf6464c02d - - - - - -] Loaded extension: vpn-flavors
2026-04-21 16:10:55.901 7 INFO neutron.api.extensions [None req-2f4db3ee-e570-49d6-94bf-15cf6464c02d - - - - - -] Loaded extension: vpnaas
2026-04-21 16:10:55.903 7 INFO neutron.api.extensions [None req-2f4db3ee-e570-49d6-94bf-15cf6464c02d - - - - - -] Loaded extension: taas
2026-04-21 16:10:55.904 7 INFO neutron.api.extensions [None req-2f4db3ee-e570-49d6-94bf-15cf6464c02d - - - - - -] Loaded extension: tap-mirror
2026-04-21 16:10:55.904 7 INFO neutron.api.extensions [None req-2f4db3ee-e570-49d6-94bf-15cf6464c02d - - - - - -] Loaded extension: taas-vlan-filter
2026-04-21 16:10:55.907 7 INFO neutron.quota.resource_registry [None req-2f4db3ee-e570-49d6-94bf-15cf6464c02d - - - - - -] Creating instance of TrackedResource for resource:network
2026-04-21 16:10:55.908 7 INFO neutron.quota.resource_registry [None req-2f4db3ee-e570-49d6-94bf-15cf6464c02d - - - - - -] Creating instance of TrackedResource for resource:subnet
2026-04-21 16:10:55.908 7 INFO neutron.quota.resource_registry [None req-2f4db3ee-e570-49d6-94bf-15cf6464c02d - - - - - -] Creating instance of TrackedResource for resource:subnetpool
2026-04-21 16:10:55.908 7 INFO neutron.quota.resource_registry [None req-2f4db3ee-e570-49d6-94bf-15cf6464c02d - - - - - -] Creating instance of TrackedResource for resource:port
2026-04-21 16:10:55.911 7 INFO neutron.quota.resource_registry [None req-2f4db3ee-e570-49d6-94bf-15cf6464c02d - - - - - -] Creating instance of TrackedResource for resource:router
2026-04-21 16:10:55.912 7 INFO neutron.quota.resource_registry [None req-2f4db3ee-e570-49d6-94bf-15cf6464c02d - - - - - -] Creating instance of TrackedResource for resource:floatingip
2026-04-21 16:10:55.917 7 INFO neutron.quota.resource_registry [None req-2f4db3ee-e570-49d6-94bf-15cf6464c02d - - - - - -] Creating instance of CountableResource for resource:rbac_policy
2026-04-21 16:10:55.918 7 INFO neutron.quota.resource_registry [None req-2f4db3ee-e570-49d6-94bf-15cf6464c02d - - - - - -] Creating instance of TrackedResource for resource:security_group
2026-04-21 16:10:55.918 7 INFO neutron.quota.resource_registry [None req-2f4db3ee-e570-49d6-94bf-15cf6464c02d - - - - - -] Creating instance of TrackedResource for resource:security_group_rule
2026-04-21 16:10:55.919 7 INFO neutron.quota.resource_registry [None req-2f4db3ee-e570-49d6-94bf-15cf6464c02d - - - - - -] Creating instance of TrackedResource for resource:subnetpool
2026-04-21 16:10:55.919 7 WARNING neutron.quota.resource_registry [None req-2f4db3ee-e570-49d6-94bf-15cf6464c02d - - - - - -] subnetpool is already registered
2026-04-21 16:10:55.920 7 INFO neutron.quota.resource_registry [None req-2f4db3ee-e570-49d6-94bf-15cf6464c02d - - - - - -] Creating instance of CountableResource for resource:trunk
2026-04-21 16:10:55.920 7 INFO neutron.quota.resource_registry [None req-2f4db3ee-e570-49d6-94bf-15cf6464c02d - - - - - -] Creating instance of CountableResource for resource:ikepolicy
2026-04-21 16:10:55.920 7 INFO neutron.quota.resource_registry [None req-2f4db3ee-e570-49d6-94bf-15cf6464c02d - - - - - -] Creating instance of CountableResource for resource:ipsecpolicy
2026-04-21 16:10:55.921 7 INFO neutron.quota.resource_registry [None req-2f4db3ee-e570-49d6-94bf-15cf6464c02d - - - - - -] Creating instance of CountableResource for resource:endpoint_group
2026-04-21 16:10:55.921 7 INFO neutron.quota.resource_registry [None req-2f4db3ee-e570-49d6-94bf-15cf6464c02d - - - - - -] Creating instance of CountableResource for resource:vpnservice
2026-04-21 16:10:55.922 7 INFO neutron.quota.resource_registry [None req-2f4db3ee-e570-49d6-94bf-15cf6464c02d - - - - - -] Creating instance of CountableResource for resource:ipsec_site_connection
2026-04-21 16:10:55.922 7 INFO neutron.quota.resource_registry [None req-2f4db3ee-e570-49d6-94bf-15cf6464c02d - - - - - -] Creating instance of CountableResource for resource:ipsecpolicy
2026-04-21 16:10:55.922 8 WARNING keystonemiddleware._common.config [None req-e8dd51bb-865b-4406-8398-fdeaf26e8ec6 - - - - - -] The option "audit_map_file" is not known to keystonemiddleware
2026-04-21 16:10:55.922 7 WARNING neutron.quota.resource_registry [None req-2f4db3ee-e570-49d6-94bf-15cf6464c02d - - - - - -] ipsecpolicy is already registered
2026-04-21 16:10:55.923 7 INFO neutron.quota.resource_registry [None req-2f4db3ee-e570-49d6-94bf-15cf6464c02d - - - - - -] Creating instance of CountableResource for resource:ikepolicy
2026-04-21 16:10:55.923 7 WARNING neutron.quota.resource_registry [None req-2f4db3ee-e570-49d6-94bf-15cf6464c02d - - - - - -] ikepolicy is already registered
2026-04-21 16:10:55.927 7 INFO neutron.quota.resource_registry [None req-2f4db3ee-e570-49d6-94bf-15cf6464c02d - - - - - -] Creating instance of TrackedResource for resource:router
2026-04-21 16:10:55.927 7 WARNING neutron.quota.resource_registry [None req-2f4db3ee-e570-49d6-94bf-15cf6464c02d - - - - - -] router is already registered
2026-04-21 16:10:55.928 7 INFO neutron.quota.resource_registry [None req-2f4db3ee-e570-49d6-94bf-15cf6464c02d - - - - - -] Creating instance of TrackedResource for resource:floatingip
2026-04-21 16:10:55.928 7 WARNING neutron.quota.resource_registry [None req-2f4db3ee-e570-49d6-94bf-15cf6464c02d - - - - - -] floatingip is already registered
2026-04-21 16:10:55.929 8 WARNING oslo_config.cfg [None req-e8dd51bb-865b-4406-8398-fdeaf26e8ec6 - - - - - -] Deprecated: Option "auth_uri" from group "keystone_authtoken" is deprecated. Use option "www_authenticate_uri" from group "keystone_authtoken".
2026-04-21 16:10:55.933 7 INFO neutron.quota.resource_registry [None req-2f4db3ee-e570-49d6-94bf-15cf6464c02d - - - - - -] Creating instance of CountableResource for resource:rbac_policy
2026-04-21 16:10:55.933 7 WARNING neutron.quota.resource_registry [None req-2f4db3ee-e570-49d6-94bf-15cf6464c02d - - - - - -] rbac_policy is already registered
2026-04-21 16:10:55.933 7 INFO neutron.quota.resource_registry [None req-2f4db3ee-e570-49d6-94bf-15cf6464c02d - - - - - -] Creating instance of TrackedResource for resource:security_group
2026-04-21 16:10:55.934 7 WARNING neutron.quota.resource_registry [None req-2f4db3ee-e570-49d6-94bf-15cf6464c02d - - - - - -] security_group is already registered
2026-04-21 16:10:55.934 7 INFO neutron.quota.resource_registry [None req-2f4db3ee-e570-49d6-94bf-15cf6464c02d - - - - - -] Creating instance of TrackedResource for resource:security_group_rule
2026-04-21 16:10:55.934 7 WARNING neutron.quota.resource_registry [None req-2f4db3ee-e570-49d6-94bf-15cf6464c02d - - - - - -] security_group_rule is already registered
2026-04-21 16:10:55.935 7 INFO neutron.quota.resource_registry [None req-2f4db3ee-e570-49d6-94bf-15cf6464c02d - - - - - -] Creating instance of TrackedResource for resource:subnetpool
2026-04-21 16:10:55.935 7 WARNING neutron.quota.resource_registry [None req-2f4db3ee-e570-49d6-94bf-15cf6464c02d - - - - - -] subnetpool is already registered
2026-04-21 16:10:55.935 7 INFO neutron.quota.resource_registry [None req-2f4db3ee-e570-49d6-94bf-15cf6464c02d - - - - - -] Creating instance of CountableResource for resource:trunk
2026-04-21 16:10:55.936 7 WARNING neutron.quota.resource_registry [None req-2f4db3ee-e570-49d6-94bf-15cf6464c02d - - - - - -] trunk is already registered
2026-04-21 16:10:55.936 7 INFO neutron.quota.resource_registry [None req-2f4db3ee-e570-49d6-94bf-15cf6464c02d - - - - - -] Creating instance of CountableResource for resource:ikepolicy
2026-04-21 16:10:55.936 7 WARNING neutron.quota.resource_registry [None req-2f4db3ee-e570-49d6-94bf-15cf6464c02d - - - - - -] ikepolicy is already registered
2026-04-21 16:10:55.937 7 INFO neutron.quota.resource_registry [None req-2f4db3ee-e570-49d6-94bf-15cf6464c02d - - - - - -] Creating instance of CountableResource for resource:ipsecpolicy
2026-04-21 16:10:55.937 7 WARNING neutron.quota.resource_registry [None req-2f4db3ee-e570-49d6-94bf-15cf6464c02d - - - - - -] ipsecpolicy is already registered
2026-04-21 16:10:55.937 7 INFO neutron.quota.resource_registry [None req-2f4db3ee-e570-49d6-94bf-15cf6464c02d - - - - - -] Creating instance of CountableResource for resource:endpoint_group
2026-04-21 16:10:55.937 7 WARNING neutron.quota.resource_registry [None req-2f4db3ee-e570-49d6-94bf-15cf6464c02d - - - - - -] endpoint_group is already registered
2026-04-21 16:10:55.938 7 INFO neutron.quota.resource_registry [None req-2f4db3ee-e570-49d6-94bf-15cf6464c02d - - - - - -] Creating instance of CountableResource for resource:vpnservice
2026-04-21 16:10:55.938 7 WARNING neutron.quota.resource_registry [None req-2f4db3ee-e570-49d6-94bf-15cf6464c02d - - - - - -] vpnservice is already registered
2026-04-21 16:10:55.938 7 INFO neutron.quota.resource_registry [None req-2f4db3ee-e570-49d6-94bf-15cf6464c02d - - - - - -] Creating instance of CountableResource for resource:ipsec_site_connection
2026-04-21 16:10:55.938 7 WARNING neutron.quota.resource_registry [None req-2f4db3ee-e570-49d6-94bf-15cf6464c02d - - - - - -] ipsec_site_connection is already registered
2026-04-21 16:10:55.939 7 INFO neutron.quota.resource_registry [None req-2f4db3ee-e570-49d6-94bf-15cf6464c02d - - - - - -] Creating instance of CountableResource for resource:ipsecpolicy
2026-04-21 16:10:55.939 7 WARNING neutron.quota.resource_registry [None req-2f4db3ee-e570-49d6-94bf-15cf6464c02d - - - - - -] ipsecpolicy is already registered
2026-04-21 16:10:55.939 7 INFO neutron.quota.resource_registry [None req-2f4db3ee-e570-49d6-94bf-15cf6464c02d - - - - - -] Creating instance of CountableResource for resource:ikepolicy
2026-04-21 16:10:55.939 7 WARNING neutron.quota.resource_registry [None req-2f4db3ee-e570-49d6-94bf-15cf6464c02d - - - - - -] ikepolicy is already registered
2026-04-21 16:10:55.951 8 WARNING neutron.plugins.ml2.drivers.ovn.mech_driver.mech_driver [None req-e8dd51bb-865b-4406-8398-fdeaf26e8ec6 - - - - - -] uWSGI must provide a start time using the configuration parameter "start-time %t" in the configuration file
2026-04-21 16:10:55.975 8 INFO neutron.db.ovn_hash_ring_db [None req-e8dd51bb-865b-4406-8398-fdeaf26e8ec6 - - - - - -] Nodes from host "neutron-server-64cdc5bfbd-lf62n" and group "mechanism_driver" removed from the Hash Ring created at
2026-04-21 16:10:55+00:00
2026-04-21 16:10:55.976 7 WARNING keystonemiddleware._common.config [None req-2f4db3ee-e570-49d6-94bf-15cf6464c02d - - - - - -] The option "audit_map_file" is not known to keystonemiddleware
2026-04-21 16:10:55.983 8 INFO neutron.db.ovn_hash_ring_db [None req-e8dd51bb-865b-4406-8398-fdeaf26e8ec6 - - - - - -] Node 2763743c8c255ef9bb632fc61004008e from host "neutron-server-64cdc5bfbd-lf62n" and group "mechanism_driver" added to the Hash Ring
2026-04-21 16:10:55.985 7 WARNING oslo_config.cfg [None req-2f4db3ee-e570-49d6-94bf-15cf6464c02d - - - - - -] Deprecated: Option "auth_uri" from group "keystone_authtoken" is deprecated. Use option "www_authenticate_uri" from group "keystone_authtoken".
2026-04-21 16:10:55.994 8 INFO neutron.plugins.ml2.drivers.ovn.mech_driver.mech_driver [None req-e8dd51bb-865b-4406-8398-fdeaf26e8ec6 - - - - - -] Hash Ring probing thread for node 2763743c8c255ef9bb632fc61004008e has started
2026-04-21 16:10:55.995 8 INFO neutron.plugins.ml2.drivers.ovn.mech_driver.ovsdb.impl_idl_ovn [None req-e8dd51bb-865b-4406-8398-fdeaf26e8ec6 - - - - - -] Getting OvsdbNbOvnIdl for WorkerService with retry
2026-04-21 16:10:56.007 7 WARNING neutron.plugins.ml2.drivers.ovn.mech_driver.mech_driver [None req-2f4db3ee-e570-49d6-94bf-15cf6464c02d - - - - - -] uWSGI must provide a start time using the configuration parameter "start-time %t" in the configuration file
2026-04-21 16:10:56.024 7 INFO neutron.db.ovn_hash_ring_db [None req-2f4db3ee-e570-49d6-94bf-15cf6464c02d - - - - - -] Nodes from host "neutron-server-64cdc5bfbd-lf62n" and group "mechanism_driver" removed from the Hash Ring created at
2026-04-21 16:10:56+00:00
2026-04-21 16:10:56.026 7 INFO neutron.db.ovn_hash_ring_db [None req-2f4db3ee-e570-49d6-94bf-15cf6464c02d - - - - - -] Node 90bdc23157fa5f2b96721c7184535019 from host "neutron-server-64cdc5bfbd-lf62n" and group "mechanism_driver" added to the Hash Ring
2026-04-21 16:10:56.031 8 INFO ovsdbapp.backend.ovs_idl.vlog [None req-e8dd51bb-865b-4406-8398-fdeaf26e8ec6 - - - - - -] tcp:10.106.129.168:6641: connecting...
2026-04-21 16:10:56.032 8 INFO ovsdbapp.backend.ovs_idl.vlog [None req-e8dd51bb-865b-4406-8398-fdeaf26e8ec6 - - - - - -] tcp:10.106.129.168:6641: connected
2026-04-21 16:10:56.035 7 INFO neutron.plugins.ml2.drivers.ovn.mech_driver.mech_driver [None req-2f4db3ee-e570-49d6-94bf-15cf6464c02d - - - - - -] Hash Ring probing thread for node 90bdc23157fa5f2b96721c7184535019 has started
2026-04-21 16:10:56.036 7 INFO neutron.plugins.ml2.drivers.ovn.mech_driver.ovsdb.impl_idl_ovn [None req-2f4db3ee-e570-49d6-94bf-15cf6464c02d - - - - - -] Getting OvsdbNbOvnIdl for WorkerService with retry
2026-04-21 16:10:56.070 7 INFO ovsdbapp.backend.ovs_idl.vlog [None req-2f4db3ee-e570-49d6-94bf-15cf6464c02d - - - - - -] tcp:10.106.129.168:6641: connecting...
2026-04-21 16:10:56.070 7 INFO ovsdbapp.backend.ovs_idl.vlog [None req-2f4db3ee-e570-49d6-94bf-15cf6464c02d - - - - - -] tcp:10.106.129.168:6641: connected
2026-04-21 16:10:56.135 8 INFO neutron.plugins.ml2.drivers.ovn.mech_driver.ovsdb.impl_idl_ovn [None req-e8dd51bb-865b-4406-8398-fdeaf26e8ec6 - - - - - -] Getting OvsdbSbOvnIdl for WorkerService with retry
2026-04-21 16:10:56.156 8 INFO ovsdbapp.backend.ovs_idl.vlog [None req-e8dd51bb-865b-4406-8398-fdeaf26e8ec6 - - - - - -] tcp:10.108.56.236:6642: connecting...
2026-04-21 16:10:56.156 8 INFO ovsdbapp.backend.ovs_idl.vlog [None req-e8dd51bb-865b-4406-8398-fdeaf26e8ec6 - - - - - -] tcp:10.108.56.236:6642: connected
2026-04-21 16:10:56.167 7 INFO neutron.plugins.ml2.drivers.ovn.mech_driver.ovsdb.impl_idl_ovn [None req-2f4db3ee-e570-49d6-94bf-15cf6464c02d - - - - - -] Getting OvsdbSbOvnIdl for WorkerService with retry
2026-04-21 16:10:56.189 7 INFO ovsdbapp.backend.ovs_idl.vlog [None req-2f4db3ee-e570-49d6-94bf-15cf6464c02d - - - - - -] tcp:10.108.56.236:6642: connecting...
2026-04-21 16:10:56.189 7 INFO ovsdbapp.backend.ovs_idl.vlog [None req-2f4db3ee-e570-49d6-94bf-15cf6464c02d - - - - - -] tcp:10.108.56.236:6642: connected
2026-04-21 16:10:56.232 8 INFO neutron.plugins.ml2.drivers.ovn.mech_driver.mech_driver [None req-e8dd51bb-865b-4406-8398-fdeaf26e8ec6 - - - - - -] WorkerService process has finished the post initialization
2026-04-21 16:10:56.245 7 INFO neutron.plugins.ml2.drivers.ovn.mech_driver.mech_driver [None req-2f4db3ee-e570-49d6-94bf-15cf6464c02d - - - - - -] WorkerService process has finished the post initialization
2026-04-21 16:10:56.246 7 INFO neutron.plugins.ml2.drivers.ovn.mech_driver.ovsdb.extensions.qos [-] Starting OVNClientQosExtension
2026-04-21 16:10:56.247 7 INFO neutron.plugins.ml2.drivers.ovn.mech_driver.ovsdb.extensions.placement [-] Starting OVNClientPlacementExtension
2026-04-21 16:10:56.257 8 INFO ovsdbapp.backend.ovs_idl.vlog [None req-e8dd51bb-865b-4406-8398-fdeaf26e8ec6 - - - - - -] tcp:10.106.129.168:6641: connecting...
2026-04-21 16:10:56.258 8 INFO ovsdbapp.backend.ovs_idl.vlog [None req-e8dd51bb-865b-4406-8398-fdeaf26e8ec6 - - - - - -] tcp:10.106.129.168:6641: connected
2026-04-21 16:10:56.273 7 INFO ovsdbapp.backend.ovs_idl.vlog [None req-2f4db3ee-e570-49d6-94bf-15cf6464c02d - - - - - -] tcp:10.106.129.168:6641: connecting...
2026-04-21 16:10:56.273 7 INFO ovsdbapp.backend.ovs_idl.vlog [None req-2f4db3ee-e570-49d6-94bf-15cf6464c02d - - - - - -] tcp:10.106.129.168:6641: connected
2026-04-21 16:10:56.295 8 INFO ovsdbapp.backend.ovs_idl.vlog [None req-e8dd51bb-865b-4406-8398-fdeaf26e8ec6 - - - - - -] tcp:10.106.129.168:6641: connecting...
2026-04-21 16:10:56.295 8 INFO ovsdbapp.backend.ovs_idl.vlog [None req-e8dd51bb-865b-4406-8398-fdeaf26e8ec6 - - - - - -] tcp:10.106.129.168:6641: connected
2026-04-21 16:10:56.310 7 INFO ovsdbapp.backend.ovs_idl.vlog [None req-2f4db3ee-e570-49d6-94bf-15cf6464c02d - - - - - -] tcp:10.106.129.168:6641: connecting...
2026-04-21 16:10:56.310 7 INFO ovsdbapp.backend.ovs_idl.vlog [None req-2f4db3ee-e570-49d6-94bf-15cf6464c02d - - - - - -] tcp:10.106.129.168:6641: connected WSGI app 0 (mountpoint='') ready in 10 seconds on interpreter 0x7fc702aec668 pid: 8 (default app) WSGI app 0 (mountpoint='') ready in 10 seconds on interpreter 0x7fc702aec668 pid: 7 (default app) /var/lib/openstack/lib/python3.12/site-packages/pycadf/identifier.py:70: UserWarning: Invalid uuid: unknown. To ensure interoperability, identifiers should be a valid uuid. warnings.warn(('Invalid uuid: %s. To ensure interoperability, '
2026-04-21 16:10:57.959 8 INFO neutron.pecan_wsgi.hooks.translation [None req-cc5357dd-08a7-4833-8c39-c019d8462e63 acc975e99253478884cdab08a09cb93e f1260cb717e94864b9c74abe0a17511a - - default default] GET failed (client error): The resource could not be found. [pid: 8|app: 0|req: 3/4] 199.19.213.47 () {44 vars in 924 bytes} [Tue Apr 21 16:10:57 2026] GET /v2.0/networks/public => generated 108 bytes in 810 msecs (HTTP/1.1 404) 4 headers in 164 bytes (1 switches on core 0) /var/lib/openstack/lib/python3.12/site-packages/pycadf/identifier.py:70: UserWarning: Invalid uuid: unknown. To ensure interoperability, identifiers should be a valid uuid. warnings.warn(('Invalid uuid: %s. To ensure interoperability, ' [pid: 7|app: 0|req: 2/5] 199.19.213.47 () {44 vars in 946 bytes} [Tue Apr 21 16:10:57 2026] GET /v2.0/networks?name=public => generated 15 bytes in 419 msecs (HTTP/1.1 200) 4 headers in 156 bytes (1 switches on core 0)
2026-04-21 16:10:58.742 8 INFO neutron.plugins.ml2.drivers.ovn.mech_driver.ovsdb.extensions.qos [None req-4ed1e1d4-ce86-4f55-8710-d4ad43ece510 acc975e99253478884cdab08a09cb93e f1260cb717e94864b9c74abe0a17511a - - default default] Starting OVNClientQosExtension
2026-04-21 16:10:58.743 8 INFO neutron.plugins.ml2.drivers.ovn.mech_driver.ovsdb.extensions.placement [None req-4ed1e1d4-ce86-4f55-8710-d4ad43ece510 acc975e99253478884cdab08a09cb93e f1260cb717e94864b9c74abe0a17511a - - default default] Starting OVNClientPlacementExtension
2026-04-21 16:10:58.821 8 INFO neutron.db.ovn_revision_numbers_db [None req-4ed1e1d4-ce86-4f55-8710-d4ad43ece510 acc975e99253478884cdab08a09cb93e f1260cb717e94864b9c74abe0a17511a - - default default] Successfully bumped revision number for resource 2e735550-7ec2-4d2f-afc5-898a0fe05fb2 (type: security_groups) to 1
2026-04-21 16:10:58.836 8 INFO neutron.db.ovn_revision_numbers_db [None req-4ed1e1d4-ce86-4f55-8710-d4ad43ece510 acc975e99253478884cdab08a09cb93e f1260cb717e94864b9c74abe0a17511a - - default default] Successfully bumped revision number for resource 0961fa86-699a-4a51-8894-3e2926eb510c (type: security_group_rules) to 0
2026-04-21 16:10:58.847 8 INFO neutron.db.ovn_revision_numbers_db [None req-4ed1e1d4-ce86-4f55-8710-d4ad43ece510 acc975e99253478884cdab08a09cb93e f1260cb717e94864b9c74abe0a17511a - - default default] Successfully bumped revision number for resource 2fc1cf02-43c5-4c01-b79f-d3b7ff6e563a (type: security_group_rules) to 0
2026-04-21 16:10:58.857 8 INFO neutron.db.ovn_revision_numbers_db [None req-4ed1e1d4-ce86-4f55-8710-d4ad43ece510 acc975e99253478884cdab08a09cb93e f1260cb717e94864b9c74abe0a17511a - - default default] Successfully bumped revision number for resource 31d8e85a-5f65-4e99-8455-addd763f1c9f (type: security_group_rules) to 0
2026-04-21 16:10:58.869 8 INFO neutron.db.ovn_revision_numbers_db [None req-4ed1e1d4-ce86-4f55-8710-d4ad43ece510 acc975e99253478884cdab08a09cb93e f1260cb717e94864b9c74abe0a17511a - - default default] Successfully bumped revision number for resource d0f8f783-af2a-4263-86e5-8ed08f187d25 (type: security_group_rules) to 0
2026-04-21 16:10:58.990 8 WARNING neutron.services.revisions.revision_plugin [None req-4ed1e1d4-ce86-4f55-8710-d4ad43ece510 acc975e99253478884cdab08a09cb93e f1260cb717e94864b9c74abe0a17511a - - default default] Could not find related network for resource to bump revision.
2026-04-21 16:10:59.022 8 INFO neutron.db.segments_db [None req-4ed1e1d4-ce86-4f55-8710-d4ad43ece510 acc975e99253478884cdab08a09cb93e f1260cb717e94864b9c74abe0a17511a - - default default] Added segment a68a54f9-f3ab-42aa-9dc0-cb46b5321a5a of type flat for network 90a0c12f-8539-4bc6-879e-f7b27098504c
2026-04-21 16:10:59.216 7 INFO neutron.plugins.ml2.drivers.ovn.mech_driver.mech_driver [-] OVN reports status down for port: provnet-a68a54f9-f3ab-42aa-9dc0-cb46b5321a5a
2026-04-21 16:10:59.237 8 INFO neutron.db.ovn_revision_numbers_db [None req-4ed1e1d4-ce86-4f55-8710-d4ad43ece510 acc975e99253478884cdab08a09cb93e f1260cb717e94864b9c74abe0a17511a - - default default] Successfully bumped revision number for resource 90a0c12f-8539-4bc6-879e-f7b27098504c (type: networks) to 1
2026-04-21 16:10:59.520 8 WARNING neutron.scheduler.dhcp_agent_scheduler [None req-4ed1e1d4-ce86-4f55-8710-d4ad43ece510 acc975e99253478884cdab08a09cb93e f1260cb717e94864b9c74abe0a17511a - - default default] No more DHCP agents
2026-04-21 16:10:59.521 8 WARNING neutron.api.rpc.agentnotifiers.dhcp_rpc_agent_api [None req-4ed1e1d4-ce86-4f55-8710-d4ad43ece510 acc975e99253478884cdab08a09cb93e f1260cb717e94864b9c74abe0a17511a - - default default] Unable to schedule network 90a0c12f-8539-4bc6-879e-f7b27098504c: no agents available; will retry on subsequent port and subnet creation events.
2026-04-21 16:10:59.831 7 INFO neutron.plugins.ml2.drivers.ovn.mech_driver.mech_driver [None req-cb5e687a-eaf3-459e-b8bf-f247971b6388 - - - - - -] OVN reports status down for port: 49f24777-df53-4387-96e8-8147c03c9439
2026-04-21 16:10:59.874 8 INFO neutron.db.ovn_revision_numbers_db [None req-4ed1e1d4-ce86-4f55-8710-d4ad43ece510 acc975e99253478884cdab08a09cb93e f1260cb717e94864b9c74abe0a17511a - - default default] Successfully bumped revision number for resource 49f24777-df53-4387-96e8-8147c03c9439 (type: ports) to 1 [pid: 8|app: 0|req: 4/6] 199.19.213.47 () {48 vars in 964 bytes} [Tue Apr 21 16:10:58 2026] POST /v2.0/networks => generated 744 bytes in 1506 msecs (HTTP/1.1 201) 4 headers in 162 bytes (1 switches on core 0)
2026-04-21 16:11:01.295 7 INFO neutron.pecan_wsgi.hooks.translation [None req-8f7309d3-3eb0-48fe-986b-034a0925e881 acc975e99253478884cdab08a09cb93e f1260cb717e94864b9c74abe0a17511a - - default default] GET failed (client error): The resource could not be found. [pid: 7|app: 0|req: 3/7] 199.19.213.47 () {44 vars in 924 bytes} [Tue Apr 21 16:11:00 2026] GET /v2.0/networks/public => generated 108 bytes in 376 msecs (HTTP/1.1 404) 4 headers in 164 bytes (1 switches on core 0) [pid: 8|app: 0|req: 5/8] 199.19.213.47 () {44 vars in 946 bytes} [Tue Apr 21 16:11:01 2026] GET /v2.0/networks?name=public => generated 753 bytes in 38 msecs (HTTP/1.1 200) 4 headers in 157 bytes (1 switches on core 0)
2026-04-21 16:11:01.378 7 INFO neutron.pecan_wsgi.hooks.translation [None req-332b9c07-ec24-460e-a459-c840cf2c41cd acc975e99253478884cdab08a09cb93e f1260cb717e94864b9c74abe0a17511a - - default default] GET failed (client error): The resource could not be found. [pid: 7|app: 0|req: 4/9] 199.19.213.47 () {44 vars in 1031 bytes} [Tue Apr 21 16:11:01 2026] GET /v2.0/subnets/public-subnet?network_id=90a0c12f-8539-4bc6-879e-f7b27098504c => generated 113 bytes in 30 msecs (HTTP/1.1 404) 4 headers in 164 bytes (1 switches on core 0) [pid: 8|app: 0|req: 6/10] 199.19.213.47 () {44 vars in 1054 bytes} [Tue Apr 21 16:11:01 2026] GET /v2.0/subnets?name=public-subnet&network_id=90a0c12f-8539-4bc6-879e-f7b27098504c => generated 14 bytes in 21 msecs (HTTP/1.1 200) 4 headers in 156 bytes (1 switches on core 0)
2026-04-21 16:11:01.864 7 WARNING neutron.scheduler.dhcp_agent_scheduler [None req-88841d87-5ac6-4f17-86fa-97a1d2f665a7 acc975e99253478884cdab08a09cb93e f1260cb717e94864b9c74abe0a17511a - - default default] No more DHCP agents
2026-04-21 16:11:01.866 7 WARNING neutron.api.rpc.agentnotifiers.dhcp_rpc_agent_api [None req-88841d87-5ac6-4f17-86fa-97a1d2f665a7 acc975e99253478884cdab08a09cb93e f1260cb717e94864b9c74abe0a17511a - - default default] Unable to schedule network 90a0c12f-8539-4bc6-879e-f7b27098504c: no agents available; will retry on subsequent port and subnet creation events.
2026-04-21 16:11:02.699 7 INFO neutron.db.ovn_revision_numbers_db [None req-b3be6c91-a17d-47b5-bd51-75a471df36d6 - - - - - -] Successfully bumped revision number for resource 49f24777-df53-4387-96e8-8147c03c9439 (type: ports) to 2
2026-04-21 16:11:02.747 7 INFO neutron.db.ovn_revision_numbers_db [None req-b3be6c91-a17d-47b5-bd51-75a471df36d6 - - - - - -] Successfully bumped revision number for resource 577e2e42-61e1-4dbf-a7c4-7e32ca1a79b7 (type: subnets) to 0 [pid: 7|app: 0|req: 5/11] 199.19.213.47 () {48 vars in 962 bytes} [Tue Apr 21 16:11:01 2026] POST /v2.0/subnets => generated 664 bytes in 1360 msecs (HTTP/1.1 201) 4 headers in 162 bytes (1 switches on core 0)
2026-04-21 16:15:59.505 8 INFO neutron.pecan_wsgi.hooks.translation [None req-bc88a257-6a46-45ae-b7a5-8a207459eb1f acc975e99253478884cdab08a09cb93e f1260cb717e94864b9c74abe0a17511a - - default default] GET failed (client error): The resource could not be found. [pid: 8|app: 0|req: 26/49] 199.19.213.47 () {44 vars in 934 bytes} [Tue Apr 21 16:15:59 2026] GET /v2.0/networks/lb-mgmt-net => generated 113 bytes in 117 msecs (HTTP/1.1 404) 4 headers in 164 bytes (1 switches on core 0) [pid: 7|app: 0|req: 24/50] 199.19.213.47 () {44 vars in 956 bytes} [Tue Apr 21 16:15:59 2026] GET /v2.0/networks?name=lb-mgmt-net => generated 15 bytes in 19 msecs (HTTP/1.1 200) 4 headers in 156 bytes (1 switches on core 0)
2026-04-21 16:15:59.630 8 INFO neutron.db.segments_db [None req-319e86a9-4d7f-4579-812a-6639d5da0f51 acc975e99253478884cdab08a09cb93e f1260cb717e94864b9c74abe0a17511a - - default default] Added segment e3b3fcc6-ad50-4c49-9418-ddfc043805f8 of type geneve for network 6e03184c-69dd-4c36-a519-e6a574cdc353
2026-04-21 16:15:59.852 8 INFO neutron.db.ovn_revision_numbers_db [None req-319e86a9-4d7f-4579-812a-6639d5da0f51 acc975e99253478884cdab08a09cb93e f1260cb717e94864b9c74abe0a17511a - - default default] Successfully bumped revision number for resource 6e03184c-69dd-4c36-a519-e6a574cdc353 (type: networks) to 1
2026-04-21 16:16:00.012 8 WARNING neutron.scheduler.dhcp_agent_scheduler [None req-319e86a9-4d7f-4579-812a-6639d5da0f51 acc975e99253478884cdab08a09cb93e f1260cb717e94864b9c74abe0a17511a - - default default] No more DHCP agents
