2026-04-21 16:46:55.614 7 INFO neutron.db.ovn_revision_numbers_db [None req-878ae964-8c38-434d-813e-94bf60184a69 acc975e99253478884cdab08a09cb93e f1260cb717e94864b9c74abe0a17511a - - default default] Successfully bumped revision number for resource 03eadcba-5af9-4b08-b8dc-700face6dd2c (type: security_group_rules) to 0 [pid: 8|app: 0|req: 1180/2281] 10.0.0.152 () {32 vars in 740 bytes} [Tue Apr 21 16:46:55 2026] DELETE /v2.0/security-groups/0e11a9e5-04ee-4df7-9126-990238d36a63 => generated 0 bytes in 289 msecs (HTTP/1.1 204) 2 headers in 112 bytes (1 switches on core 0)
2026-04-21 16:46:55.628 7 INFO neutron.db.ovn_revision_numbers_db [None req-878ae964-8c38-434d-813e-94bf60184a69 acc975e99253478884cdab08a09cb93e f1260cb717e94864b9c74abe0a17511a - - default default] Successfully bumped revision number for resource 14dd6587-b1a7-4da9-b1d3-50e4d288f9c0 (type: security_group_rules) to 0
2026-04-21 16:46:55.648 7 INFO neutron.db.ovn_revision_numbers_db [None req-878ae964-8c38-434d-813e-94bf60184a69 acc975e99253478884cdab08a09cb93e f1260cb717e94864b9c74abe0a17511a - - default default] Successfully bumped revision number for resource b4fd1a00-76c1-41b3-840d-8db89a9059fb (type: security_group_rules) to 0
2026-04-21 16:46:55.665 7 INFO neutron.db.ovn_revision_numbers_db [None req-878ae964-8c38-434d-813e-94bf60184a69 acc975e99253478884cdab08a09cb93e f1260cb717e94864b9c74abe0a17511a - - default default] Successfully bumped revision number for resource f3fba1ff-4b5c-4802-a966-1a94c0efb830 (type: security_group_rules) to 0
2026-04-21 16:46:55.669 7 INFO neutron.services.segments.plugin [-] Segment 57ce404d-824a-4276-9f8d-7a701c1f47b7 resource provider aggregate not found
2026-04-21 16:46:55.684 7 INFO neutron.services.segments.plugin [-] Segment 57ce404d-824a-4276-9f8d-7a701c1f47b7 resource provider aggregate not found
2026-04-21 16:46:55.691 7 INFO neutron.services.segments.plugin [-] Segment 57ce404d-824a-4276-9f8d-7a701c1f47b7 resource provider not found; error: Placement Client Error (4xx): {"errors": [{"status": 404, "title": "Not Found", "detail": "The resource could not be found.\n\n No resource provider with uuid 57ce404d-824a-4276-9f8d-7a701c1f47b7 found for delete ", "request_id": "req-05ff2e3f-850c-40d8-9d32-882daed86664"}]}
2026-04-21 16:46:55.697 8 INFO neutron.services.segments.plugin [-] Segment c199da0f-275a-413f-b2c9-c95bede13ac1 resource provider aggregate not found
2026-04-21 16:46:55.702 8 INFO neutron.services.segments.plugin [-] Segment c199da0f-275a-413f-b2c9-c95bede13ac1 resource provider aggregate not found
2026-04-21 16:46:55.706 7 INFO neutron.services.segments.plugin [-] Segment 57ce404d-824a-4276-9f8d-7a701c1f47b7 resource provider not found; error: Placement Client Error (4xx): {"errors": [{"status": 404, "title": "Not Found", "detail": "The resource could not be found.\n\n No resource provider with uuid 57ce404d-824a-4276-9f8d-7a701c1f47b7 found for delete ", "request_id": "req-ca868bd8-07fe-47dc-8206-a00033075eb9"}]}
2026-04-21 16:46:55.714 7 INFO neutron.services.segments.plugin [-] Segment 79d265d9-946f-4b1c-a8a6-5129b968f2c2 resource provider aggregate not found
2026-04-21 16:46:55.716 8 INFO neutron.services.segments.plugin [-] Segment c199da0f-275a-413f-b2c9-c95bede13ac1 resource provider not found; error: Placement Client Error (4xx): {"errors": [{"status": 404, "title": "Not Found", "detail": "The resource could not be found.\n\n No resource provider with uuid c199da0f-275a-413f-b2c9-c95bede13ac1 found for delete ", "request_id": "req-6b526413-c0c4-470a-9c5d-b367fc4be6af"}]}
2026-04-21 16:46:55.722 8 INFO neutron.services.segments.plugin [-] Segment c199da0f-275a-413f-b2c9-c95bede13ac1 resource provider not found; error: Placement Client Error (4xx): {"errors": [{"status": 404, "title": "Not Found", "detail": "The resource could not be found.\n\n No resource provider with uuid c199da0f-275a-413f-b2c9-c95bede13ac1 found for delete ", "request_id": "req-20bcc587-3155-44ce-9501-4208162ddece"}]}
2026-04-21 16:46:55.730 7 INFO neutron.services.segments.plugin [-] Segment 79d265d9-946f-4b1c-a8a6-5129b968f2c2 resource provider aggregate not found [pid: 8|app: 0|req: 1181/2282] 10.0.0.152 () {32 vars in 774 bytes} [Tue Apr 21 16:46:55 2026] GET /v2.0/security-groups?tenant_id=d9aa671fd7d7418b91f4deb606ec452b&name=default => generated 2925 bytes in 101 msecs (HTTP/1.1 200) 4 headers in 158 bytes (1 switches on core 0)
2026-04-21 16:46:55.740 8 INFO neutron.services.segments.plugin [-] Segment 151c90f7-5440-49ac-bc3b-c67a2d2c9df3 resource provider aggregate not found
2026-04-21 16:46:55.741 7 INFO neutron.services.segments.plugin [-] Segment 79d265d9-946f-4b1c-a8a6-5129b968f2c2 resource provider not found; error: Placement Client Error (4xx): {"errors": [{"status": 404, "title": "Not Found", "detail": "The resource could not be found.\n\n No resource provider with uuid 79d265d9-946f-4b1c-a8a6-5129b968f2c2 found for delete ", "request_id": "req-7d534486-724c-422d-aa37-9bbb0f0d94df"}]} [pid: 7|app: 0|req: 1102/2283] 10.0.0.152 () {32 vars in 774 bytes} [Tue Apr 21 16:46:55 2026] GET /v2.0/security-groups?tenant_id=b3e94693588840abb960d1daa1a08715&name=default => generated 2925 bytes in 451 msecs (HTTP/1.1 200) 4 headers in 158 bytes (1 switches on core 0)
2026-04-21 16:46:55.744 8 INFO neutron.services.segments.plugin [-] Segment 151c90f7-5440-49ac-bc3b-c67a2d2c9df3 resource provider aggregate not found
2026-04-21 16:46:55.752 7 INFO neutron.services.segments.plugin [-] Segment 79d265d9-946f-4b1c-a8a6-5129b968f2c2 resource provider not found; error: Placement Client Error (4xx): {"errors": [{"status": 404, "title": "Not Found", "detail": "The resource could not be found.\n\n No resource provider with uuid 79d265d9-946f-4b1c-a8a6-5129b968f2c2 found for delete ", "request_id": "req-382ec42c-22ac-4c04-b2bf-669d82d39b3c"}]} [pid: 8|app: 0|req: 1182/2284] 10.0.0.187 () {34 vars in 990 bytes} [Tue Apr 21 16:46:55 2026] GET /v2.0/ports?device_id=72cd1c67-488f-4e8b-947b-ff548212f1cd => generated 12 bytes in 27 msecs (HTTP/1.1 200) 4 headers in 156 bytes (1 switches on core 0)
2026-04-21 16:46:55.758 8 INFO neutron.services.segments.plugin [-] Segment 151c90f7-5440-49ac-bc3b-c67a2d2c9df3 resource provider not found; error: Placement Client Error (4xx): {"errors": [{"status": 404, "title": "Not Found", "detail": "The resource could not be found.\n\n No resource provider with uuid 151c90f7-5440-49ac-bc3b-c67a2d2c9df3 found for delete ", "request_id": "req-08d970d0-dcbd-4a6e-a402-a6109ae748a6"}]}
2026-04-21 16:46:55.762 8 INFO neutron.services.segments.plugin [-] Segment 151c90f7-5440-49ac-bc3b-c67a2d2c9df3 resource provider not found; error: Placement Client Error (4xx): {"errors": [{"status": 404, "title": "Not Found", "detail": "The resource could not be found.\n\n No resource provider with uuid 151c90f7-5440-49ac-bc3b-c67a2d2c9df3 found for delete ", "request_id": "req-1ade466d-1a65-4d64-972a-6e0129095536"}]} [pid: 8|app: 0|req: 1183/2285] 10.0.0.152 () {32 vars in 740 bytes} [Tue Apr 21 16:46:55 2026] DELETE /v2.0/security-groups/4e0899ee-a24a-41a2-a0e3-ef3e16b1aec4 => generated 0 bytes in 357 msecs (HTTP/1.1 204) 2 headers in 112 bytes (1 switches on core 0) [pid: 7|app: 0|req: 1103/2286] 10.0.0.152 () {32 vars in 740 bytes} [Tue Apr 21 16:46:55 2026] DELETE /v2.0/security-groups/95dc91c8-1f2a-408c-86e1-599f1a80e6c2 => generated 0 bytes in 404 msecs (HTTP/1.1 204) 2 headers in 112 bytes (1 switches on core 0)
2026-04-21 16:46:56.344 8 INFO neutron.db.ovn_revision_numbers_db [None req-3be01192-72f1-4c1b-b91b-0c975731d720 acc975e99253478884cdab08a09cb93e f1260cb717e94864b9c74abe0a17511a - - default default] Successfully bumped revision number for resource ec1c4a17-25bb-4d34-b051-ab9bdfca7283 (type: security_groups) to 1
2026-04-21 16:46:56.364 8 INFO neutron.db.ovn_revision_numbers_db [None req-3be01192-72f1-4c1b-b91b-0c975731d720 acc975e99253478884cdab08a09cb93e f1260cb717e94864b9c74abe0a17511a - - default default] Successfully bumped revision number for resource 1f706974-c065-451d-861a-3c998c9ec000 (type: security_group_rules) to 0
2026-04-21 16:46:56.376 8 INFO neutron.db.ovn_revision_numbers_db [None req-3be01192-72f1-4c1b-b91b-0c975731d720 acc975e99253478884cdab08a09cb93e f1260cb717e94864b9c74abe0a17511a - - default default] Successfully bumped revision number for resource 2983b6b8-18e7-4d31-a570-62a2fe704712 (type: security_group_rules) to 0
2026-04-21 16:46:56.390 8 INFO neutron.db.ovn_revision_numbers_db [None req-3be01192-72f1-4c1b-b91b-0c975731d720 acc975e99253478884cdab08a09cb93e f1260cb717e94864b9c74abe0a17511a - - default default] Successfully bumped revision number for resource 3da7b385-78cd-4e97-9c4e-704740810874 (type: security_group_rules) to 0
2026-04-21 16:46:56.402 8 INFO neutron.db.ovn_revision_numbers_db [None req-3be01192-72f1-4c1b-b91b-0c975731d720 acc975e99253478884cdab08a09cb93e f1260cb717e94864b9c74abe0a17511a - - default default] Successfully bumped revision number for resource 6395f2c1-14d6-4e3e-b143-8e8bbad68d50 (type: security_group_rules) to 0 [pid: 8|app: 0|req: 1184/2287] 10.0.0.152 () {32 vars in 774 bytes} [Tue Apr 21 16:46:56 2026] GET /v2.0/security-groups?tenant_id=f269b804a8e441dd97dc8b6db7d02f20&name=default => generated 2925 bytes in 260 msecs (HTTP/1.1 200) 4 headers in 158 bytes (1 switches on core 0)
2026-04-21 16:46:56.488 7 INFO neutron.db.ovn_revision_numbers_db [None req-a88b0d06-577f-49a2-9400-2eec49d69aa5 acc975e99253478884cdab08a09cb93e f1260cb717e94864b9c74abe0a17511a - - default default] Successfully bumped revision number for resource 8ba8eeb5-0f7b-4bf9-ac46-a50283d6a8e4 (type: security_groups) to 1
2026-04-21 16:46:56.501 7 INFO neutron.db.ovn_revision_numbers_db [None req-a88b0d06-577f-49a2-9400-2eec49d69aa5 acc975e99253478884cdab08a09cb93e f1260cb717e94864b9c74abe0a17511a - - default default] Successfully bumped revision number for resource 231601f0-4da6-4d0d-a87a-88769ae8a2ad (type: security_group_rules) to 0
2026-04-21 16:46:56.515 7 INFO neutron.db.ovn_revision_numbers_db [None req-a88b0d06-577f-49a2-9400-2eec49d69aa5 acc975e99253478884cdab08a09cb93e f1260cb717e94864b9c74abe0a17511a - - default default] Successfully bumped revision number for resource 2a2cff01-7c8e-4d52-a371-f47ff94c1e17 (type: security_group_rules) to 0
2026-04-21 16:46:56.527 7 INFO neutron.db.ovn_revision_numbers_db [None req-a88b0d06-577f-49a2-9400-2eec49d69aa5 acc975e99253478884cdab08a09cb93e f1260cb717e94864b9c74abe0a17511a - - default default] Successfully bumped revision number for resource 3bcaf851-dd01-4c6e-9b83-184319ddf0fd (type: security_group_rules) to 0
2026-04-21 16:46:56.538 7 INFO neutron.db.ovn_revision_numbers_db [None req-a88b0d06-577f-49a2-9400-2eec49d69aa5 acc975e99253478884cdab08a09cb93e f1260cb717e94864b9c74abe0a17511a - - default default] Successfully bumped revision number for resource b8c22d34-2e47-4ae4-b5c0-bdbe92c7c0fa (type: security_group_rules) to 0 [pid: 7|app: 0|req: 1104/2288] 10.0.0.152 () {32 vars in 774 bytes} [Tue Apr 21 16:46:56 2026] GET /v2.0/security-groups?tenant_id=1c864687ee4d47a88c8d6e29b391f4cc&name=default => generated 2925 bytes in 262 msecs (HTTP/1.1 200) 4 headers in 158 bytes (1 switches on core 0) [pid: 8|app: 0|req: 1185/2289] 10.0.0.152 () {32 vars in 740 bytes} [Tue Apr 21 16:46:56 2026] DELETE /v2.0/security-groups/ec1c4a17-25bb-4d34-b051-ab9bdfca7283 => generated 0 bytes in 342 msecs (HTTP/1.1 204) 2 headers in 112 bytes (1 switches on core 0) [pid: 7|app: 0|req: 1105/2290] 10.0.0.152 () {32 vars in 740 bytes} [Tue Apr 21 16:46:56 2026] DELETE /v2.0/security-groups/8ba8eeb5-0f7b-4bf9-ac46-a50283d6a8e4 => generated 0 bytes in 371 msecs (HTTP/1.1 204) 2 headers in 112 bytes (1 switches on core 0) [pid: 7|app: 0|req: 1106/2291] 10.0.0.152 () {32 vars in 774 bytes} [Tue Apr 21 16:46:56 2026] GET /v2.0/security-groups?tenant_id=77c28673e8d9497c98deff29978a7869&name=default => generated 2925 bytes in 23 msecs (HTTP/1.1 200) 4 headers in 158 bytes (1 switches on core 0) [pid: 8|app: 0|req: 1186/2292] 10.0.0.152 () {32 vars in 740 bytes} [Tue Apr 21 16:46:56 2026] DELETE /v2.0/security-groups/51eae424-5c3f-4c0b-8f0d-165d61193459 => generated 0 bytes in 297 msecs (HTTP/1.1 204) 2 headers in 112 bytes (1 switches on core 0)
2026-04-21 16:46:57.315 8 INFO neutron_taas.services.taas.taas_plugin [None req-a5f46ac5-8054-4513-b8c2-9b9d1c55062b 6c058856e0ba43afb5b0e6bc99adb7b2 f249b175db5b434480ed9a3d0c653a4f - - default default] TaaS: Handle Delete Port: 72f5329d-d56a-4968-a0ed-4b2048cab39a
2026-04-21 16:46:57.318 8 INFO neutron_taas.services.taas.tap_mirror_plugin [None req-a5f46ac5-8054-4513-b8c2-9b9d1c55062b 6c058856e0ba43afb5b0e6bc99adb7b2 f249b175db5b434480ed9a3d0c653a4f - - default default] Tap Mirror: Handle Delete Port: 72f5329d-d56a-4968-a0ed-4b2048cab39a [pid: 7|app: 0|req: 1107/2293] 10.0.0.152 () {32 vars in 740 bytes} [Tue Apr 21 16:46:56 2026] DELETE /v2.0/security-groups/409005eb-4785-47f4-b605-c3f6acabf5f8 => generated 0 bytes in 339 msecs (HTTP/1.1 204) 2 headers in 112 bytes (1 switches on core 0) [pid: 8|app: 0|req: 1187/2294] 10.0.0.152 () {32 vars in 732 bytes} [Tue Apr 21 16:46:57 2026] DELETE /v2.0/floatingips/c9e5b83a-f8ae-4850-977d-f8cba8236072 => generated 0 bytes in 319 msecs (HTTP/1.1 204) 2 headers in 112 bytes (1 switches on core 0) [pid: 7|app: 0|req: 1108/2297] 10.0.0.187 () {34 vars in 990 bytes} [Tue Apr 21 16:46:57 2026] GET /v2.0/ports?device_id=cee39336-07cd-4265-8432-b41d4268f61c => generated 971 bytes in 75 msecs (HTTP/1.1 200) 4 headers in 157 bytes (1 switches on core 0) [pid: 8|app: 0|req: 1190/2298] 10.0.0.187 () {34 vars in 1040 bytes} [Tue Apr 21 16:46:57 2026] GET /v2.0/security-groups?id=efdf108a-a603-4dc0-9a42-55d5ff3b846c&fields=id&fields=name => generated 112 bytes in 33 msecs (HTTP/1.1 200) 4 headers in 157 bytes (1 switches on core 0)
2026-04-21 16:46:58.236 7 INFO neutron.db.ovn_revision_numbers_db [None req-f2f5b524-f6c1-4d80-aae8-35010911b716 acc975e99253478884cdab08a09cb93e f1260cb717e94864b9c74abe0a17511a - - default default] Successfully bumped revision number for resource 26490f48-7c27-4ec5-8dec-a87805e79da3 (type: security_groups) to 1
2026-04-21 16:46:58.248 7 INFO neutron.db.ovn_revision_numbers_db [None req-f2f5b524-f6c1-4d80-aae8-35010911b716 acc975e99253478884cdab08a09cb93e f1260cb717e94864b9c74abe0a17511a - - default default] Successfully bumped revision number for resource 0e8fc85b-fd81-4bb5-a457-67992b0b1af3 (type: security_group_rules) to 0
2026-04-21 16:46:58.262 7 INFO neutron.db.ovn_revision_numbers_db [None req-f2f5b524-f6c1-4d80-aae8-35010911b716 acc975e99253478884cdab08a09cb93e f1260cb717e94864b9c74abe0a17511a - - default default] Successfully bumped revision number for resource 4ffab896-0f5d-4adf-a224-75c96badc6ba (type: security_group_rules) to 0
2026-04-21 16:46:58.273 7 INFO neutron.db.ovn_revision_numbers_db [None req-f2f5b524-f6c1-4d80-aae8-35010911b716 acc975e99253478884cdab08a09cb93e f1260cb717e94864b9c74abe0a17511a - - default default] Successfully bumped revision number for resource 8e7f0cd9-eee0-4758-84bd-0066672ebe00 (type: security_group_rules) to 0
2026-04-21 16:46:58.286 7 INFO neutron.db.ovn_revision_numbers_db [None req-f2f5b524-f6c1-4d80-aae8-35010911b716 acc975e99253478884cdab08a09cb93e f1260cb717e94864b9c74abe0a17511a - - default default] Successfully bumped revision number for resource e6aba7ca-d5e5-469d-820d-2b5be593510a (type: security_group_rules) to 0 [pid: 7|app: 0|req: 1109/2299] 10.0.0.152 () {32 vars in 774 bytes} [Tue Apr 21 16:46:57 2026] GET /v2.0/security-groups?tenant_id=da76472477bc4a92962fc83688f589fc&name=default => generated 2925 bytes in 507 msecs (HTTP/1.1 200) 4 headers in 158 bytes (1 switches on core 0) [pid: 8|app: 0|req: 1191/2300] 10.0.0.152 () {32 vars in 740 bytes} [Tue Apr 21 16:46:58 2026] DELETE /v2.0/security-groups/26490f48-7c27-4ec5-8dec-a87805e79da3 => generated 0 bytes in 314 msecs (HTTP/1.1 204) 2 headers in 112 bytes (1 switches on core 0)
2026-04-21 16:46:58.687 7 INFO neutron.plugins.ml2.drivers.ovn.mech_driver.mech_driver [None req-d06b306e-778e-41e9-9d58-1b56625e4785 - - - - - -] OVN reports status down for port: 79fafc8a-cc37-45fd-8ebc-b50c6c2ece9a
2026-04-21 16:46:58.839 7 INFO neutron.notifiers.nova [-] Nova event matching ['req-bca23a2d-c222-4735-a82d-04c135adb440'] response: {'server_uuid': 'cee39336-07cd-4265-8432-b41d4268f61c', 'name': 'network-vif-unplugged', 'status': 'completed', 'tag': '79fafc8a-cc37-45fd-8ebc-b50c6c2ece9a', 'code': 200} [pid: 7|app: 0|req: 1110/2301] 10.0.0.187 () {34 vars in 990 bytes} [Tue Apr 21 16:46:58 2026] GET /v2.0/ports?device_id=cee39336-07cd-4265-8432-b41d4268f61c => generated 969 bytes in 69 msecs (HTTP/1.1 200) 4 headers in 157 bytes (1 switches on core 0) [pid: 8|app: 0|req: 1192/2302] 10.0.0.187 () {34 vars in 1040 bytes} [Tue Apr 21 16:46:58 2026] GET /v2.0/security-groups?id=efdf108a-a603-4dc0-9a42-55d5ff3b846c&fields=id&fields=name => generated 112 bytes in 30 msecs (HTTP/1.1 200) 4 headers in 157 bytes (1 switches on core 0)
2026-04-21 16:46:58.988 7 INFO neutron.db.ovn_revision_numbers_db [None req-d06b306e-778e-41e9-9d58-1b56625e4785 - - - - - -] Successfully bumped revision number for resource 79fafc8a-cc37-45fd-8ebc-b50c6c2ece9a (type: ports) to 6 /var/lib/openstack/lib/python3.12/site-packages/pycadf/identifier.py:70: UserWarning: Invalid uuid: neutron. To ensure interoperability, identifiers should be a valid uuid. warnings.warn(('Invalid uuid: %s. To ensure interoperability, ' [pid: 7|app: 0|req: 1111/2303] 199.19.213.47 () {34 vars in 993 bytes} [Tue Apr 21 16:46:59 2026] GET /v2.0/ports?device_id=cee39336-07cd-4265-8432-b41d4268f61c => generated 969 bytes in 53 msecs (HTTP/1.1 200) 4 headers in 157 bytes (1 switches on core 0) [pid: 7|app: 0|req: 1112/2304] 10.0.0.187 () {34 vars in 990 bytes} [Tue Apr 21 16:46:59 2026] GET /v2.0/ports?device_id=cee39336-07cd-4265-8432-b41d4268f61c => generated 969 bytes in 33 msecs (HTTP/1.1 200) 4 headers in 157 bytes (1 switches on core 0) [pid: 7|app: 0|req: 1113/2305] 10.0.0.187 () {34 vars in 1040 bytes} [Tue Apr 21 16:47:00 2026] GET /v2.0/security-groups?id=efdf108a-a603-4dc0-9a42-55d5ff3b846c&fields=id&fields=name => generated 112 bytes in 32 msecs (HTTP/1.1 200) 4 headers in 157 bytes (1 switches on core 0)
2026-04-21 16:47:00.094 8 INFO neutron_taas.services.taas.taas_plugin [req-832cc699-25e2-4101-8a25-d835adefbace req-6aa35ae2-8a30-4016-8bdf-94dda4ec9dfa 6c058856e0ba43afb5b0e6bc99adb7b2 f249b175db5b434480ed9a3d0c653a4f - - default default] TaaS: Handle Delete Port: 79fafc8a-cc37-45fd-8ebc-b50c6c2ece9a
2026-04-21 16:47:00.097 8 INFO neutron_taas.services.taas.tap_mirror_plugin [req-832cc699-25e2-4101-8a25-d835adefbace req-6aa35ae2-8a30-4016-8bdf-94dda4ec9dfa 6c058856e0ba43afb5b0e6bc99adb7b2 f249b175db5b434480ed9a3d0c653a4f - - default default] Tap Mirror: Handle Delete Port: 79fafc8a-cc37-45fd-8ebc-b50c6c2ece9a [pid: 8|app: 0|req: 1193/2306] 199.19.213.47 () {36 vars in 996 bytes} [Tue Apr 21 16:46:59 2026] DELETE /v2.0/ports/79fafc8a-cc37-45fd-8ebc-b50c6c2ece9a => generated 0 bytes in 353 msecs (HTTP/1.1 204) 3 headers in 131 bytes (1 switches on core 0)
2026-04-21 16:47:00.298 8 INFO neutron.notifiers.nova [-] Nova event matching ['req-44524e44-442e-40fe-90ec-a69e9dcee9af'] response: {'server_uuid': 'cee39336-07cd-4265-8432-b41d4268f61c', 'name': 'network-vif-deleted', 'tag': '79fafc8a-cc37-45fd-8ebc-b50c6c2ece9a', 'status': 'completed', 'code': 200}
2026-04-21 16:47:00.452 7 INFO neutron.db.ovn_revision_numbers_db [None req-9e72cb29-4e5c-41f4-8210-d2eb97346ee5 acc975e99253478884cdab08a09cb93e f1260cb717e94864b9c74abe0a17511a - - default default] Successfully bumped revision number for resource cb3bc202-bbe5-43c5-a42c-6f9e4c292d44 (type: security_groups) to 1
2026-04-21 16:47:00.472 7 INFO neutron.db.ovn_revision_numbers_db [None req-9e72cb29-4e5c-41f4-8210-d2eb97346ee5 acc975e99253478884cdab08a09cb93e f1260cb717e94864b9c74abe0a17511a - - default default] Successfully bumped revision number for resource 626f6d2a-b429-447d-a919-07be9037be34 (type: security_group_rules) to 0
2026-04-21 16:47:00.493 7 INFO neutron.db.ovn_revision_numbers_db [None req-9e72cb29-4e5c-41f4-8210-d2eb97346ee5 acc975e99253478884cdab08a09cb93e f1260cb717e94864b9c74abe0a17511a - - default default] Successfully bumped revision number for resource a66527d5-daff-48d8-8d32-91dfa42eb6f4 (type: security_group_rules) to 0
2026-04-21 16:47:00.523 7 INFO neutron.db.ovn_revision_numbers_db [None req-9e72cb29-4e5c-41f4-8210-d2eb97346ee5 acc975e99253478884cdab08a09cb93e f1260cb717e94864b9c74abe0a17511a - - default default] Successfully bumped revision number for resource c3d2411f-0f76-4a27-a07b-cdc5942d6456 (type: security_group_rules) to 0
2026-04-21 16:47:00.538 7 INFO neutron.db.ovn_revision_numbers_db [None req-9e72cb29-4e5c-41f4-8210-d2eb97346ee5 acc975e99253478884cdab08a09cb93e f1260cb717e94864b9c74abe0a17511a - - default default] Successfully bumped revision number for resource e1b1b584-b109-428a-9d17-bb39c1be0625 (type: security_group_rules) to 0
2026-04-21 16:47:00.559 8 INFO neutron.db.ovn_revision_numbers_db [None req-7767a06a-e196-453d-89de-ab41d954937e 8739257d34444974872fbd9e70392d14 8bbe7897809242b5ac9bceb34b6f8fd8 - - default default] Successfully bumped revision number for resource e53e3c47-a484-4cdf-9497-730c434e6061 (type: security_groups) to 1
2026-04-21 16:47:00.572 8 INFO neutron.db.ovn_revision_numbers_db [None req-7767a06a-e196-453d-89de-ab41d954937e 8739257d34444974872fbd9e70392d14 8bbe7897809242b5ac9bceb34b6f8fd8 - - default default] Successfully bumped revision number for resource 047f1b01-9621-489f-a4a9-59578dd68765 (type: security_group_rules) to 0
2026-04-21 16:47:00.584 8 INFO neutron.db.ovn_revision_numbers_db [None req-7767a06a-e196-453d-89de-ab41d954937e 8739257d34444974872fbd9e70392d14 8bbe7897809242b5ac9bceb34b6f8fd8 - - default default] Successfully bumped revision number for resource 12d03efe-10fa-4755-814b-8c41eb44cd36 (type: security_group_rules) to 0
2026-04-21 16:47:00.597 8 INFO neutron.db.ovn_revision_numbers_db [None req-7767a06a-e196-453d-89de-ab41d954937e 8739257d34444974872fbd9e70392d14 8bbe7897809242b5ac9bceb34b6f8fd8 - - default default] Successfully bumped revision number for resource 5f28e6d7-a876-4908-bc59-e424a54f04cb (type: security_group_rules) to 0
2026-04-21 16:47:00.608 8 INFO neutron.db.ovn_revision_numbers_db [None req-7767a06a-e196-453d-89de-ab41d954937e 8739257d34444974872fbd9e70392d14 8bbe7897809242b5ac9bceb34b6f8fd8 - - default default] Successfully bumped revision number for resource 97a03948-5844-4557-9286-2c7da1cb6cf4 (type: security_group_rules) to 0
2026-04-21 16:47:00.608 7 INFO neutron.db.segments_db [None req-9e72cb29-4e5c-41f4-8210-d2eb97346ee5 acc975e99253478884cdab08a09cb93e f1260cb717e94864b9c74abe0a17511a - - default default] Added segment de8f9cc2-a958-473a-b1c3-2b30d97bf992 of type geneve for network 8b35bdab-a74f-418d-97c1-62b2684e4691
2026-04-21 16:47:00.682 8 INFO neutron.db.segments_db [None req-7767a06a-e196-453d-89de-ab41d954937e 8739257d34444974872fbd9e70392d14 8bbe7897809242b5ac9bceb34b6f8fd8 - - default default] Added segment 4fe737a1-eeb2-45fe-a0b5-12b49977710f of type geneve for network 05adb972-b136-47a1-b57d-ae1a78c3a1d3
2026-04-21 16:47:00.734 7 INFO neutron.db.ovn_revision_numbers_db [None req-9e72cb29-4e5c-41f4-8210-d2eb97346ee5 acc975e99253478884cdab08a09cb93e f1260cb717e94864b9c74abe0a17511a - - default default] Successfully bumped revision number for resource 8b35bdab-a74f-418d-97c1-62b2684e4691 (type: networks) to 1
2026-04-21 16:47:00.863 8 INFO neutron.db.ovn_revision_numbers_db [None req-7767a06a-e196-453d-89de-ab41d954937e 8739257d34444974872fbd9e70392d14 8bbe7897809242b5ac9bceb34b6f8fd8 - - default default] Successfully bumped revision number for resource 05adb972-b136-47a1-b57d-ae1a78c3a1d3 (type: networks) to 1
2026-04-21 16:47:00.899 7 INFO neutron.notifiers.nova [-] Nova event matching ['req-fd9a66fc-8e53-4031-8865-1e125e8a00a8'] response: {'server_uuid': 'cee39336-07cd-4265-8432-b41d4268f61c', 'name': 'network-vif-unplugged', 'status': 'completed', 'tag': '79fafc8a-cc37-45fd-8ebc-b50c6c2ece9a', 'code': 200}
2026-04-21 16:47:00.931 7 WARNING neutron.scheduler.dhcp_agent_scheduler [None req-9e72cb29-4e5c-41f4-8210-d2eb97346ee5 acc975e99253478884cdab08a09cb93e f1260cb717e94864b9c74abe0a17511a - - default default] No more DHCP agents
2026-04-21 16:47:00.932 7 WARNING neutron.api.rpc.agentnotifiers.dhcp_rpc_agent_api [None req-9e72cb29-4e5c-41f4-8210-d2eb97346ee5 acc975e99253478884cdab08a09cb93e f1260cb717e94864b9c74abe0a17511a - - default default] Unable to schedule network 8b35bdab-a74f-418d-97c1-62b2684e4691: no agents available; will retry on subsequent port and subnet creation events.
2026-04-21 16:47:01.014 7 INFO neutron.plugins.ml2.drivers.ovn.mech_driver.mech_driver [None req-a5ae13e3-afa4-4721-9bef-b1953de50411 - - - - - -] OVN reports status down for port: d7386249-e5f4-44e2-a29a-9ad2cbac3a55
2026-04-21 16:47:01.085 7 INFO neutron.db.ovn_revision_numbers_db [None req-9e72cb29-4e5c-41f4-8210-d2eb97346ee5 acc975e99253478884cdab08a09cb93e f1260cb717e94864b9c74abe0a17511a - - default default] Successfully bumped revision number for resource d7386249-e5f4-44e2-a29a-9ad2cbac3a55 (type: ports) to 1 [pid: 7|app: 0|req: 1114/2307] 10.0.0.152 () {34 vars in 671 bytes} [Tue Apr 21 16:47:00 2026] POST /v2.0/networks => generated 782 bytes in 954 msecs (HTTP/1.1 201) 4 headers in 162 bytes (1 switches on core 0) [pid: 7|app: 0|req: 1115/2308] 10.0.0.187 () {34 vars in 990 bytes} [Tue Apr 21 16:47:01 2026] GET /v2.0/ports?device_id=cee39336-07cd-4265-8432-b41d4268f61c => generated 12 bytes in 17 msecs (HTTP/1.1 200) 4 headers in 156 bytes (1 switches on core 0)
2026-04-21 16:47:01.301 7 WARNING neutron.scheduler.dhcp_agent_scheduler [None req-ac2fa60c-3c24-4f27-8589-d5bd0d5ce104 acc975e99253478884cdab08a09cb93e f1260cb717e94864b9c74abe0a17511a - - default default] No more DHCP agents
2026-04-21 16:47:01.302 7 WARNING neutron.api.rpc.agentnotifiers.dhcp_rpc_agent_api [None req-ac2fa60c-3c24-4f27-8589-d5bd0d5ce104 acc975e99253478884cdab08a09cb93e f1260cb717e94864b9c74abe0a17511a - - default default] Unable to schedule network 8b35bdab-a74f-418d-97c1-62b2684e4691: no agents available; will retry on subsequent port and subnet creation events.
2026-04-21 16:47:01.552 8 WARNING neutron.scheduler.dhcp_agent_scheduler [None req-7767a06a-e196-453d-89de-ab41d954937e 8739257d34444974872fbd9e70392d14 8bbe7897809242b5ac9bceb34b6f8fd8 - - default default] No more DHCP agents
2026-04-21 16:47:01.554 8 WARNING neutron.api.rpc.agentnotifiers.dhcp_rpc_agent_api [None req-7767a06a-e196-453d-89de-ab41d954937e 8739257d34444974872fbd9e70392d14 8bbe7897809242b5ac9bceb34b6f8fd8 - - default default] Unable to schedule network 05adb972-b136-47a1-b57d-ae1a78c3a1d3: no agents available; will retry on subsequent port and subnet creation events.
2026-04-21 16:47:01.630 7 INFO neutron.plugins.ml2.drivers.ovn.mech_driver.mech_driver [None req-a5ae13e3-afa4-4721-9bef-b1953de50411 - - - - - -] OVN reports status down for port: c3c94a87-99da-4cb3-af9f-11260d49f8ba
2026-04-21 16:47:01.657 8 INFO neutron.db.ovn_revision_numbers_db [None req-7767a06a-e196-453d-89de-ab41d954937e 8739257d34444974872fbd9e70392d14 8bbe7897809242b5ac9bceb34b6f8fd8 - - default default] Successfully bumped revision number for resource c3c94a87-99da-4cb3-af9f-11260d49f8ba (type: ports) to 1 [pid: 8|app: 0|req: 1194/2309] 10.0.0.152 () {34 vars in 670 bytes} [Tue Apr 21 16:47:00 2026] POST /v2.0/networks => generated 665 bytes in 1412 msecs (HTTP/1.1 201) 4 headers in 162 bytes (1 switches on core 0)
2026-04-21 16:47:01.866 7 INFO neutron.db.ovn_revision_numbers_db [None req-1bc2ace1-e2d7-4338-b84e-a2a062a398b5 - - - - - -] Successfully bumped revision number for resource d7386249-e5f4-44e2-a29a-9ad2cbac3a55 (type: ports) to 2
2026-04-21 16:47:01.905 7 INFO neutron.db.ovn_revision_numbers_db [None req-1bc2ace1-e2d7-4338-b84e-a2a062a398b5 - - - - - -] Successfully bumped revision number for resource fff38bec-06d2-4cfc-bcf7-57e957ce99af (type: subnets) to 0 [pid: 7|app: 0|req: 1116/2310] 10.0.0.152 () {34 vars in 669 bytes} [Tue Apr 21 16:47:01 2026] POST /v2.0/subnets => generated 688 bytes in 764 msecs (HTTP/1.1 201) 4 headers in 162 bytes (1 switches on core 0)
2026-04-21 16:47:02.053 8 INFO neutron.db.ovn_revision_numbers_db [None req-ac26e5fe-00ce-4c13-8c57-20a8018e629e 7c1825c1d0e94e408e0428a9eae2ddf2 8d3cbea3cefa4971a7066db93d708fd3 - - default default] Successfully bumped revision number for resource e2427bb7-38c5-479c-a20c-aacf54248121 (type: security_groups) to 1
2026-04-21 16:47:02.066 8 INFO neutron.db.ovn_revision_numbers_db [None req-ac26e5fe-00ce-4c13-8c57-20a8018e629e 7c1825c1d0e94e408e0428a9eae2ddf2 8d3cbea3cefa4971a7066db93d708fd3 - - default default] Successfully bumped revision number for resource 05dd5b64-61af-43a2-a948-6ecb824b06d7 (type: security_group_rules) to 0
2026-04-21 16:47:02.080 8 INFO neutron.db.ovn_revision_numbers_db [None req-ac26e5fe-00ce-4c13-8c57-20a8018e629e 7c1825c1d0e94e408e0428a9eae2ddf2 8d3cbea3cefa4971a7066db93d708fd3 - - default default] Successfully bumped revision number for resource 426fcba5-6d24-43c8-9334-05d4aeb95f18 (type: security_group_rules) to 0
2026-04-21 16:47:02.097 8 INFO neutron.db.ovn_revision_numbers_db [None req-ac26e5fe-00ce-4c13-8c57-20a8018e629e 7c1825c1d0e94e408e0428a9eae2ddf2 8d3cbea3cefa4971a7066db93d708fd3 - - default default] Successfully bumped revision number for resource a54e779a-3aaf-4400-b4a4-87751d586bc6 (type: security_group_rules) to 0
2026-04-21 16:47:02.112 8 INFO neutron.db.ovn_revision_numbers_db [None req-ac26e5fe-00ce-4c13-8c57-20a8018e629e 7c1825c1d0e94e408e0428a9eae2ddf2 8d3cbea3cefa4971a7066db93d708fd3 - - default default] Successfully bumped revision number for resource b2cd1f73-1d74-4bb7-8ff7-92a6b4610087 (type: security_group_rules) to 0
2026-04-21 16:47:02.184 7 WARNING neutron.scheduler.dhcp_agent_scheduler [None req-33175ac9-dff2-4682-a545-525adf2953c7 8739257d34444974872fbd9e70392d14 8bbe7897809242b5ac9bceb34b6f8fd8 - - default default] No more DHCP agents
2026-04-21 16:47:02.185 7 WARNING neutron.api.rpc.agentnotifiers.dhcp_rpc_agent_api [None req-33175ac9-dff2-4682-a545-525adf2953c7 8739257d34444974872fbd9e70392d14 8bbe7897809242b5ac9bceb34b6f8fd8 - - default default] Unable to schedule network 05adb972-b136-47a1-b57d-ae1a78c3a1d3: no agents available; will retry on subsequent port and subnet creation events.
2026-04-21 16:47:02.193 8 INFO neutron.db.segments_db [None req-ac26e5fe-00ce-4c13-8c57-20a8018e629e 7c1825c1d0e94e408e0428a9eae2ddf2 8d3cbea3cefa4971a7066db93d708fd3 - - default default] Added segment 128b8733-3f12-4236-8725-7cfd5735a4db of type geneve for network 33ef0e94-94b4-4956-a755-3489f260f5ee
2026-04-21 16:47:02.306 8 INFO neutron.db.ovn_revision_numbers_db [None req-ac26e5fe-00ce-4c13-8c57-20a8018e629e 7c1825c1d0e94e408e0428a9eae2ddf2 8d3cbea3cefa4971a7066db93d708fd3 - - default default] Successfully bumped revision number for resource 33ef0e94-94b4-4956-a755-3489f260f5ee (type: networks) to 1
2026-04-21 16:47:02.455 8 WARNING neutron.scheduler.dhcp_agent_scheduler [None req-ac26e5fe-00ce-4c13-8c57-20a8018e629e 7c1825c1d0e94e408e0428a9eae2ddf2 8d3cbea3cefa4971a7066db93d708fd3 - - default default] No more DHCP agents
2026-04-21 16:47:02.456 8 WARNING neutron.api.rpc.agentnotifiers.dhcp_rpc_agent_api [None req-ac26e5fe-00ce-4c13-8c57-20a8018e629e 7c1825c1d0e94e408e0428a9eae2ddf2 8d3cbea3cefa4971a7066db93d708fd3 - - default default] Unable to schedule network 33ef0e94-94b4-4956-a755-3489f260f5ee: no agents available; will retry on subsequent port and subnet creation events.
2026-04-21 16:47:02.546 7 INFO neutron.plugins.ml2.drivers.ovn.mech_driver.mech_driver [None req-a5ae13e3-afa4-4721-9bef-b1953de50411 - - - - - -] OVN reports status down for port: 1a59fb3d-ee23-4ccd-b98a-9f7bcd11d189
2026-04-21 16:47:02.558 8 INFO neutron.db.ovn_revision_numbers_db [None req-ac26e5fe-00ce-4c13-8c57-20a8018e629e 7c1825c1d0e94e408e0428a9eae2ddf2 8d3cbea3cefa4971a7066db93d708fd3 - - default default] Successfully bumped revision number for resource 1a59fb3d-ee23-4ccd-b98a-9f7bcd11d189 (type: ports) to 1 [pid: 8|app: 0|req: 1195/2311] 10.0.0.152 () {34 vars in 670 bytes} [Tue Apr 21 16:47:01 2026] POST /v2.0/networks => generated 670 bytes in 902 msecs (HTTP/1.1 201) 4 headers in 162 bytes (1 switches on core 0)
2026-04-21 16:47:02.737 7 INFO neutron.db.ovn_revision_numbers_db [None req-653c0d6b-f052-4452-b8fe-cd8491d5d212 - - - - - -] Successfully bumped revision number for resource c3c94a87-99da-4cb3-af9f-11260d49f8ba (type: ports) to 2
2026-04-21 16:47:02.768 7 INFO neutron.db.ovn_revision_numbers_db [None req-653c0d6b-f052-4452-b8fe-cd8491d5d212 - - - - - -] Successfully bumped revision number for resource 7621a5f6-862c-4fe8-99e2-13e7bcf10a65 (type: subnets) to 0 [pid: 7|app: 0|req: 1117/2312] 10.0.0.152 () {34 vars in 669 bytes} [Tue Apr 21 16:47:01 2026] POST /v2.0/subnets => generated 626 bytes in 858 msecs (HTTP/1.1 201) 4 headers in 162 bytes (1 switches on core 0) [pid: 7|app: 0|req: 1118/2313] 10.0.0.187 () {34 vars in 990 bytes} [Tue Apr 21 16:47:02 2026] GET /v2.0/ports?device_id=cee39336-07cd-4265-8432-b41d4268f61c => generated 12 bytes in 19 msecs (HTTP/1.1 200) 4 headers in 156 bytes (1 switches on core 0)
2026-04-21 16:47:02.980 7 WARNING neutron.scheduler.dhcp_agent_scheduler [None req-f453740d-e06a-4862-b79d-b8a8c71fd16f 7c1825c1d0e94e408e0428a9eae2ddf2 8d3cbea3cefa4971a7066db93d708fd3 - - default default] No more DHCP agents
2026-04-21 16:47:02.981 7 WARNING neutron.api.rpc.agentnotifiers.dhcp_rpc_agent_api [None req-f453740d-e06a-4862-b79d-b8a8c71fd16f 7c1825c1d0e94e408e0428a9eae2ddf2 8d3cbea3cefa4971a7066db93d708fd3 - - default default] Unable to schedule network 33ef0e94-94b4-4956-a755-3489f260f5ee: no agents available; will retry on subsequent port and subnet creation events.
2026-04-21 16:47:03.053 7 INFO neutron.plugins.ml2.drivers.ovn.mech_driver.mech_driver [None req-a5ae13e3-afa4-4721-9bef-b1953de50411 - - - - - -] OVN reports status down for port: 10d9a946-52d3-48dc-afbb-9bf3ff20ba16
2026-04-21 16:47:03.063 8 WARNING neutron.scheduler.dhcp_agent_scheduler [None req-ea0f77ae-c74e-45db-9690-b331cba7d040 acc975e99253478884cdab08a09cb93e f1260cb717e94864b9c74abe0a17511a - - default default] No more DHCP agents
2026-04-21 16:47:03.067 8 WARNING neutron.api.rpc.agentnotifiers.dhcp_rpc_agent_api [None req-ea0f77ae-c74e-45db-9690-b331cba7d040 acc975e99253478884cdab08a09cb93e f1260cb717e94864b9c74abe0a17511a - - default default] Unable to schedule network 90a0c12f-8539-4bc6-879e-f7b27098504c: no agents available; will retry on subsequent port and subnet creation events.
2026-04-21 16:47:03.126 7 INFO neutron.db.ovn_revision_numbers_db [None req-f453740d-e06a-4862-b79d-b8a8c71fd16f 7c1825c1d0e94e408e0428a9eae2ddf2 8d3cbea3cefa4971a7066db93d708fd3 - - default default] Successfully bumped revision number for resource 10d9a946-52d3-48dc-afbb-9bf3ff20ba16 (type: ports) to 1 [pid: 7|app: 0|req: 1119/2314] 10.0.0.152 () {34 vars in 664 bytes} [Tue Apr 21 16:47:02 2026] POST /v2.0/ports => generated 743 bytes in 419 msecs (HTTP/1.1 201) 4 headers in 162 bytes (1 switches on core 0) /var/lib/openstack/lib/python3.12/site-packages/pycadf/identifier.py:70: UserWarning: Invalid uuid: neutron. To ensure interoperability, identifiers should be a valid uuid. warnings.warn(('Invalid uuid: %s. To ensure interoperability, '
2026-04-21 16:47:03.241 7 INFO neutron.plugins.ml2.drivers.ovn.mech_driver.mech_driver [None req-a5ae13e3-afa4-4721-9bef-b1953de50411 - - - - - -] OVN reports status down for port: 7b07ec70-5ae8-4a94-ae21-7b70d6149fa1
2026-04-21 16:47:03.257 8 INFO neutron.db.ovn_revision_numbers_db [None req-ea0f77ae-c74e-45db-9690-b331cba7d040 acc975e99253478884cdab08a09cb93e f1260cb717e94864b9c74abe0a17511a - - default default] Successfully bumped revision number for resource 7b07ec70-5ae8-4a94-ae21-7b70d6149fa1 (type: ports) to 1
2026-04-21 16:47:03.671 7 WARNING neutron.scheduler.dhcp_agent_scheduler [None req-5ca198dd-1522-4130-ad7d-cbd5554a25ff 8739257d34444974872fbd9e70392d14 8bbe7897809242b5ac9bceb34b6f8fd8 - - default default] No more DHCP agents
2026-04-21 16:47:03.672 7 WARNING neutron.api.rpc.agentnotifiers.dhcp_rpc_agent_api [None req-5ca198dd-1522-4130-ad7d-cbd5554a25ff 8739257d34444974872fbd9e70392d14 8bbe7897809242b5ac9bceb34b6f8fd8 - - default default] Unable to schedule network 90a0c12f-8539-4bc6-879e-f7b27098504c: no agents available; will retry on subsequent port and subnet creation events.
2026-04-21 16:47:03.793 7 INFO neutron.plugins.ml2.drivers.ovn.mech_driver.mech_driver [None req-a5ae13e3-afa4-4721-9bef-b1953de50411 - - - - - -] OVN reports status down for port: c76ba9c0-441f-49ee-9cb3-492f08cfea86
2026-04-21 16:47:03.854 7 INFO neutron.db.ovn_revision_numbers_db [None req-5ca198dd-1522-4130-ad7d-cbd5554a25ff 8739257d34444974872fbd9e70392d14 8bbe7897809242b5ac9bceb34b6f8fd8 - - default default] Successfully bumped revision number for resource c76ba9c0-441f-49ee-9cb3-492f08cfea86 (type: ports) to 1
2026-04-21 16:47:03.859 8 INFO neutron.plugins.ml2.drivers.ovn.mech_driver.ovsdb.commands [-] Schedule LRP lrp-7b07ec70-5ae8-4a94-ae21-7b70d6149fa1 on gateway 7626ffbf-ee81-4771-a62e-3b8cfb0f42b7 with priority 1
2026-04-21 16:47:03.986 8 INFO neutron.db.ovn_revision_numbers_db [None req-ea0f77ae-c74e-45db-9690-b331cba7d040 acc975e99253478884cdab08a09cb93e f1260cb717e94864b9c74abe0a17511a - - default default] Successfully bumped revision number for resource 7b07ec70-5ae8-4a94-ae21-7b70d6149fa1 (type: router_ports) to 1
2026-04-21 16:47:04.043 8 INFO neutron.db.ovn_revision_numbers_db [None req-ea0f77ae-c74e-45db-9690-b331cba7d040 acc975e99253478884cdab08a09cb93e f1260cb717e94864b9c74abe0a17511a - - default default] Successfully bumped revision number for resource 80237423-d197-486c-9cbb-175250517c3b (type: routers) to 2 [pid: 8|app: 0|req: 1196/2315] 10.0.0.152 () {34 vars in 669 bytes} [Tue Apr 21 16:47:02 2026] POST /v2.0/routers => generated 966 bytes in 1479 msecs (HTTP/1.1 201) 4 headers in 162 bytes (1 switches on core 0)
2026-04-21 16:47:04.096 7 INFO neutron.plugins.ml2.drivers.ovn.mech_driver.ovsdb.ovsdb_monitor [None req-a2096240-0e6b-4c2b-b2ba-ef43c0136af9 - - - - - -] Router 80237423-d197-486c-9cbb-175250517c3b is bound to host instance
2026-04-21 16:47:04.232 7 INFO neutron.plugins.ml2.drivers.ovn.mech_driver.mech_driver [None req-a5ae13e3-afa4-4721-9bef-b1953de50411 - - - - - -] OVN reports status up for port: 7b07ec70-5ae8-4a94-ae21-7b70d6149fa1 [pid: 8|app: 0|req: 1197/2316] 10.0.0.152 () {34 vars in 666 bytes} [Tue Apr 21 16:47:04 2026] POST /v2.0/trunks => generated 409 bytes in 209 msecs (HTTP/1.1 201) 4 headers in 162 bytes (1 switches on core 0)
2026-04-21 16:47:04.268 7 INFO neutron.plugins.ml2.plugin [None req-a5ae13e3-afa4-4721-9bef-b1953de50411 - - - - - -] Attempt 1 to provision port 7b07ec70-5ae8-4a94-ae21-7b70d6149fa1 [pid: 8|app: 0|req: 1198/2317] 10.0.0.152 () {32 vars in 740 bytes} [Tue Apr 21 16:47:04 2026] DELETE /v2.0/security-groups/efdf108a-a603-4dc0-9a42-55d5ff3b846c => generated 0 bytes in 206 msecs (HTTP/1.1 204) 2 headers in 112 bytes (1 switches on core 0)
2026-04-21 16:47:04.870 8 WARNING neutron.scheduler.dhcp_agent_scheduler [None req-5739a04a-ec3c-4fae-aa28-2d8dcaed79cc acc975e99253478884cdab08a09cb93e f1260cb717e94864b9c74abe0a17511a - - default default] No more DHCP agents
2026-04-21 16:47:04.872 8 WARNING neutron.api.rpc.agentnotifiers.dhcp_rpc_agent_api [None req-5739a04a-ec3c-4fae-aa28-2d8dcaed79cc acc975e99253478884cdab08a09cb93e f1260cb717e94864b9c74abe0a17511a - - default default] Unable to schedule network 8b35bdab-a74f-418d-97c1-62b2684e4691: no agents available; will retry on subsequent port and subnet creation events.
2026-04-21 16:47:05.013 8 INFO neutron.db.ovn_revision_numbers_db [None req-5739a04a-ec3c-4fae-aa28-2d8dcaed79cc acc975e99253478884cdab08a09cb93e f1260cb717e94864b9c74abe0a17511a - - default default] Successfully bumped revision number for resource 9e999e5a-762e-4d45-a316-2de5e9f85c9a (type: ports) to 1
2026-04-21 16:47:05.116 7 INFO neutron.plugins.ml2.drivers.ovn.mech_driver.ovsdb.commands [None req-8b0d927a-7b25-447d-a39a-ab10f279a97a - - - - - -] Schedule LRP lrp-c76ba9c0-441f-49ee-9cb3-492f08cfea86 on gateway 7626ffbf-ee81-4771-a62e-3b8cfb0f42b7 with priority 1
2026-04-21 16:47:05.244 7 INFO neutron.db.ovn_revision_numbers_db [None req-5ca198dd-1522-4130-ad7d-cbd5554a25ff 8739257d34444974872fbd9e70392d14 8bbe7897809242b5ac9bceb34b6f8fd8 - - default default] Successfully bumped revision number for resource c76ba9c0-441f-49ee-9cb3-492f08cfea86 (type: router_ports) to 1
2026-04-21 16:47:05.361 7 INFO neutron.db.ovn_revision_numbers_db [None req-5ca198dd-1522-4130-ad7d-cbd5554a25ff 8739257d34444974872fbd9e70392d14 8bbe7897809242b5ac9bceb34b6f8fd8 - - default default] Successfully bumped revision number for resource 9ecaa2b9-51e0-4a86-b9b5-b880f8030121 (type: routers) to 2 [pid: 7|app: 0|req: 1120/2318] 10.0.0.152 () {34 vars in 669 bytes} [Tue Apr 21 16:47:03 2026] POST /v2.0/routers => generated 936 bytes in 2180 msecs (HTTP/1.1 201) 4 headers in 162 bytes (1 switches on core 0)
2026-04-21 16:47:05.528 7 INFO neutron.db.segments_db [None req-6ad1b1e9-59f9-4ddb-af67-cc435845101a 7c1825c1d0e94e408e0428a9eae2ddf2 8d3cbea3cefa4971a7066db93d708fd3 - - default default] Added segment 470757e3-02cc-4b98-a8a5-559554f81046 of type geneve for network 44cd4708-da2b-4fb3-b30e-865b18a0dedf
2026-04-21 16:47:05.713 8 WARNING neutron.scheduler.dhcp_agent_scheduler [None req-5739a04a-ec3c-4fae-aa28-2d8dcaed79cc acc975e99253478884cdab08a09cb93e f1260cb717e94864b9c74abe0a17511a - - default default] No more DHCP agents
2026-04-21 16:47:05.714 8 WARNING neutron.api.rpc.agentnotifiers.dhcp_rpc_agent_api [None req-5739a04a-ec3c-4fae-aa28-2d8dcaed79cc acc975e99253478884cdab08a09cb93e f1260cb717e94864b9c74abe0a17511a - - default default] Unable to schedule network 8b35bdab-a74f-418d-97c1-62b2684e4691: no agents available; will retry on subsequent port and subnet creation events.
2026-04-21 16:47:05.797 7 INFO neutron.db.ovn_revision_numbers_db [None req-6ad1b1e9-59f9-4ddb-af67-cc435845101a 7c1825c1d0e94e408e0428a9eae2ddf2 8d3cbea3cefa4971a7066db93d708fd3 - - default default] Successfully bumped revision number for resource 44cd4708-da2b-4fb3-b30e-865b18a0dedf (type: networks) to 1
2026-04-21 16:47:05.932 7 INFO neutron.db.ovn_revision_numbers_db [None req-ed77e345-a4b4-43ff-8d53-3cdaf3c61d0f - - - - - -] Successfully bumped revision number for resource 7b07ec70-5ae8-4a94-ae21-7b70d6149fa1 (type: ports) to 4
2026-04-21 16:47:06.102 7 WARNING neutron.scheduler.dhcp_agent_scheduler [None req-6ad1b1e9-59f9-4ddb-af67-cc435845101a 7c1825c1d0e94e408e0428a9eae2ddf2 8d3cbea3cefa4971a7066db93d708fd3 - - default default] No more DHCP agents
2026-04-21 16:47:06.105 7 WARNING neutron.api.rpc.agentnotifiers.dhcp_rpc_agent_api [None req-6ad1b1e9-59f9-4ddb-af67-cc435845101a 7c1825c1d0e94e408e0428a9eae2ddf2 8d3cbea3cefa4971a7066db93d708fd3 - - default default] Unable to schedule network 44cd4708-da2b-4fb3-b30e-865b18a0dedf: no agents available; will retry on subsequent port and subnet creation events.
2026-04-21 16:47:06.333 8 INFO neutron.db.ovn_revision_numbers_db [None req-5739a04a-ec3c-4fae-aa28-2d8dcaed79cc acc975e99253478884cdab08a09cb93e f1260cb717e94864b9c74abe0a17511a - - default default] Successfully bumped revision number for resource 9e999e5a-762e-4d45-a316-2de5e9f85c9a (type: router_ports) to 1 [pid: 8|app: 0|req: 1199/2319] 10.0.0.152 () {34 vars in 783 bytes} [Tue Apr 21 16:47:04 2026] PUT /v2.0/routers/80237423-d197-486c-9cbb-175250517c3b/add_router_interface => generated 309 bytes in 1864 msecs (HTTP/1.1 200) 4 headers in 157 bytes (1 switches on core 0)
2026-04-21 16:47:06.484 7 INFO neutron.db.ovn_revision_numbers_db [None req-6ad1b1e9-59f9-4ddb-af67-cc435845101a 7c1825c1d0e94e408e0428a9eae2ddf2 8d3cbea3cefa4971a7066db93d708fd3 - - default default] Successfully bumped revision number for resource 233976ef-254d-4481-a591-8d443caf0073 (type: ports) to 1 [pid: 7|app: 0|req: 1121/2320] 10.0.0.152 () {34 vars in 670 bytes} [Tue Apr 21 16:47:05 2026] POST /v2.0/networks => generated 670 bytes in 1128 msecs (HTTP/1.1 201) 4 headers in 162 bytes (1 switches on core 0)
2026-04-21 16:47:06.641 8 INFO neutron_taas.services.taas.taas_plugin [None req-a5c3068b-8a34-4179-baf2-b4d8747c8d2b 6c058856e0ba43afb5b0e6bc99adb7b2 f249b175db5b434480ed9a3d0c653a4f - - default default] TaaS: Handle Delete Port: 84a3eb75-f227-45e1-8c01-7a7d06117fcb
2026-04-21 16:47:06.644 8 INFO neutron_taas.services.taas.tap_mirror_plugin [None req-a5c3068b-8a34-4179-baf2-b4d8747c8d2b 6c058856e0ba43afb5b0e6bc99adb7b2 f249b175db5b434480ed9a3d0c653a4f - - default default] Tap Mirror: Handle Delete Port: 84a3eb75-f227-45e1-8c01-7a7d06117fcb
2026-04-21 16:47:06.671 7 INFO neutron.db.ovn_revision_numbers_db [None req-ed77e345-a4b4-43ff-8d53-3cdaf3c61d0f - - - - - -] Successfully bumped revision number for resource 7b07ec70-5ae8-4a94-ae21-7b70d6149fa1 (type: ports) to 5
2026-04-21 16:47:07.169 7 WARNING neutron.scheduler.dhcp_agent_scheduler [None req-dc483a3e-7ece-4b4a-a6c8-f3709ed3bf6e 8739257d34444974872fbd9e70392d14 8bbe7897809242b5ac9bceb34b6f8fd8 - - default default] No more DHCP agents
2026-04-21 16:47:07.173 7 WARNING neutron.api.rpc.agentnotifiers.dhcp_rpc_agent_api [None req-dc483a3e-7ece-4b4a-a6c8-f3709ed3bf6e 8739257d34444974872fbd9e70392d14 8bbe7897809242b5ac9bceb34b6f8fd8 - - default default] Unable to schedule network 05adb972-b136-47a1-b57d-ae1a78c3a1d3: no agents available; will retry on subsequent port and subnet creation events. [pid: 8|app: 0|req: 1200/2321] 10.0.0.152 () {34 vars in 789 bytes} [Tue Apr 21 16:47:06 2026] PUT /v2.0/routers/361650e2-f754-4ab9-bfa3-0e59ff7ebe3f/remove_router_interface => generated 309 bytes in 856 msecs (HTTP/1.1 200) 4 headers in 157 bytes (1 switches on core 0) /var/lib/openstack/lib/python3.12/site-packages/pycadf/identifier.py:70: UserWarning: Invalid uuid: neutron. To ensure interoperability, identifiers should be a valid uuid. warnings.warn(('Invalid uuid: %s. To ensure interoperability, '
2026-04-21 16:47:07.236 7 INFO neutron.plugins.ml2.drivers.ovn.mech_driver.mech_driver [None req-a5ae13e3-afa4-4721-9bef-b1953de50411 - - - - - -] OVN reports status down for port: 9e999e5a-762e-4d45-a316-2de5e9f85c9a
2026-04-21 16:47:07.376 7 WARNING neutron.plugins.ml2.drivers.ovn.mech_driver.ovsdb.ovn_client [None req-a5ae13e3-afa4-4721-9bef-b1953de50411 - - - - - -] Logical_Switch_Port 9e999e5a-762e-4d45-a316-2de5e9f85c9a host information not removed, the port state is up
2026-04-21 16:47:07.376 7 INFO neutron.plugins.ml2.drivers.ovn.mech_driver.mech_driver [None req-a5ae13e3-afa4-4721-9bef-b1953de50411 - - - - - -] OVN reports status up for port: c76ba9c0-441f-49ee-9cb3-492f08cfea86
2026-04-21 16:47:07.399 7 INFO neutron.plugins.ml2.plugin [None req-a5ae13e3-afa4-4721-9bef-b1953de50411 - - - - - -] Attempt 1 to provision port c76ba9c0-441f-49ee-9cb3-492f08cfea86
2026-04-21 16:47:07.428 7 INFO neutron.db.ovn_revision_numbers_db [None req-dc483a3e-7ece-4b4a-a6c8-f3709ed3bf6e 8739257d34444974872fbd9e70392d14 8bbe7897809242b5ac9bceb34b6f8fd8 - - default default] Successfully bumped revision number for resource 3881ca74-575b-4b71-8937-ed9e08e453f2 (type: ports) to 1
2026-04-21 16:47:07.481 8 WARNING neutron.scheduler.dhcp_agent_scheduler [None req-a3fef038-9d50-4fd4-82a3-73f938eb01a3 7c1825c1d0e94e408e0428a9eae2ddf2 8d3cbea3cefa4971a7066db93d708fd3 - - default default] No more DHCP agents
2026-04-21 16:47:07.482 8 WARNING neutron.api.rpc.agentnotifiers.dhcp_rpc_agent_api [None req-a3fef038-9d50-4fd4-82a3-73f938eb01a3 7c1825c1d0e94e408e0428a9eae2ddf2 8d3cbea3cefa4971a7066db93d708fd3 - - default default] Unable to schedule network 44cd4708-da2b-4fb3-b30e-865b18a0dedf: no agents available; will retry on subsequent port and subnet creation events.
2026-04-21 16:47:07.604 8 INFO neutron.db.ovn_revision_numbers_db [None req-a3fef038-9d50-4fd4-82a3-73f938eb01a3 7c1825c1d0e94e408e0428a9eae2ddf2 8d3cbea3cefa4971a7066db93d708fd3 - - default default] Successfully bumped revision number for resource ba699dab-deb7-49f5-b39c-0a6989962e49 (type: ports) to 1 [pid: 8|app: 0|req: 1201/2322] 10.0.0.152 () {34 vars in 664 bytes} [Tue Apr 21 16:47:07 2026] POST /v2.0/ports => generated 743 bytes in 454 msecs (HTTP/1.1 201) 4 headers in 162 bytes (1 switches on core 0) /var/lib/openstack/lib/python3.12/site-packages/pycadf/identifier.py:70: UserWarning: Invalid uuid: neutron. To ensure interoperability, identifiers should be a valid uuid. warnings.warn(('Invalid uuid: %s. To ensure interoperability, ' [pid: 8|app: 0|req: 1202/2323] 10.0.0.152 () {32 vars in 724 bytes} [Tue Apr 21 16:47:07 2026] DELETE /v2.0/subnets/0a2bd78f-54fb-474b-9201-f094ec035a55 => generated 0 bytes in 168 msecs (HTTP/1.1 204) 3 headers in 131 bytes (1 switches on core 0)
2026-04-21 16:47:08.010 8 INFO neutron.db.ovn_revision_numbers_db [None req-00c14685-cea5-4589-b585-69af42f71701 acc975e99253478884cdab08a09cb93e f1260cb717e94864b9c74abe0a17511a - - default default] Successfully bumped revision number for resource a6a17334-87ac-49cf-a00b-25af1aadc26d (type: security_groups) to 1
2026-04-21 16:47:08.020 8 INFO neutron.db.ovn_revision_numbers_db [None req-00c14685-cea5-4589-b585-69af42f71701 acc975e99253478884cdab08a09cb93e f1260cb717e94864b9c74abe0a17511a - - default default] Successfully bumped revision number for resource 1b85d60e-ca62-4e7d-a329-991c5a278aaf (type: security_group_rules) to 0
2026-04-21 16:47:08.031 8 INFO neutron.db.ovn_revision_numbers_db [None req-00c14685-cea5-4589-b585-69af42f71701 acc975e99253478884cdab08a09cb93e f1260cb717e94864b9c74abe0a17511a - - default default] Successfully bumped revision number for resource 9fc78530-72e6-4ea6-964d-8528a5a56a71 (type: security_group_rules) to 0
