2026-05-19 14:35:42.124 9 INFO neutron.db.ovn_revision_numbers_db [None req-2befef4d-7892-4970-9fc8-a6f5ec28f426 2effab8d8dcf4cbf8754c94a21cd7d66 ef244d8b1bb74d079fd29efa888c99a7 - - default default] Successfully bumped revision number for resource 27dcbbc6-4681-4885-90b0-9ed9f3b1cb4f (type: security_group_rules) to 0
2026-05-19 14:35:42.162 9 INFO neutron.api.wsgi [None req-2befef4d-7892-4970-9fc8-a6f5ec28f426 2effab8d8dcf4cbf8754c94a21cd7d66 ef244d8b1bb74d079fd29efa888c99a7 - - default default] 10.0.0.120 "POST /v2.0/security-group-rules HTTP/1.1" status: 201 len: 805 time: 0.1856022
2026-05-19 14:35:42.460 9 INFO neutron.api.wsgi [req-04932673-f79a-4bcf-9421-2c89d1ea60f4 req-65069f1c-9517-4588-8e09-471917528cdb ecd7ca9ea3334ffdb9b84ec34f3ff04b 266806b31e074858be1088601761d098 - - default default] 10.0.0.9 "GET /v2.0/ports?device_id=57c3de27-615e-4a72-94b8-22f094db66b3 HTTP/1.1" status: 200 len: 1168 time: 0.0345833
2026-05-19 14:35:42.502 9 INFO neutron.api.wsgi [req-04932673-f79a-4bcf-9421-2c89d1ea60f4 req-c9f7362d-7a3b-4439-bfc1-e52e71dd8412 ecd7ca9ea3334ffdb9b84ec34f3ff04b 266806b31e074858be1088601761d098 - - default default] 10.0.0.9 "GET /v2.0/security-groups?id=cc0110b1-e150-4cb6-bb61-611c7e486034&fields=id&fields=name HTTP/1.1" status: 200 len: 312 time: 0.0355790
2026-05-19 14:35:42.669 9 INFO neutron.api.wsgi [None req-b471b3dd-731a-4463-8a5a-dc1e16fa825f 2effab8d8dcf4cbf8754c94a21cd7d66 ef244d8b1bb74d079fd29efa888c99a7 - - default default] 10.0.0.120 "GET /v2.0/networks HTTP/1.1" status: 200 len: 1492 time: 0.1306686
2026-05-19 14:35:42.775 10 INFO neutron.api.wsgi [req-44cc534d-5ccd-42b6-abc5-0498c8102cf7 req-49f67e09-9753-412e-8819-5c6a7c29ee28 2effab8d8dcf4cbf8754c94a21cd7d66 ef244d8b1bb74d079fd29efa888c99a7 - - default default] 10.0.0.9 "GET /v2.0/security-groups?name=tempest-secgroup-smoke-1866874586&fields=id&tenant_id=ef244d8b1bb74d079fd29efa888c99a7 HTTP/1.1" status: 200 len: 267 time: 0.0372241
2026-05-19 14:35:42.828 10 INFO neutron.api.wsgi [req-44cc534d-5ccd-42b6-abc5-0498c8102cf7 req-070ce013-4ab6-4f8d-b48e-bff866c9a4e8 2effab8d8dcf4cbf8754c94a21cd7d66 ef244d8b1bb74d079fd29efa888c99a7 - - default default] 10.0.0.9 "GET /v2.0/networks?id=ea833d1d-9b2f-4416-a789-3b628f9ecb86 HTTP/1.1" status: 200 len: 859 time: 0.0479579
2026-05-19 14:35:42.849 10 INFO neutron.api.wsgi [req-44cc534d-5ccd-42b6-abc5-0498c8102cf7 req-f766d248-9687-4178-a5f2-c56305c430d2 2effab8d8dcf4cbf8754c94a21cd7d66 ef244d8b1bb74d079fd29efa888c99a7 - - default default] 10.0.0.9 "GET /v2.0/quotas/ef244d8b1bb74d079fd29efa888c99a7 HTTP/1.1" status: 200 len: 491 time: 0.0120928
2026-05-19 14:35:42.937 10 INFO neutron.api.wsgi [req-44cc534d-5ccd-42b6-abc5-0498c8102cf7 req-6f3121ca-807c-4137-bdb8-58f61c23ec9e 2effab8d8dcf4cbf8754c94a21cd7d66 ef244d8b1bb74d079fd29efa888c99a7 - - default default] 10.0.0.9 "GET /v2.0/ports?tenant_id=ef244d8b1bb74d079fd29efa888c99a7&fields=id HTTP/1.1" status: 200 len: 302 time: 0.0829027
2026-05-19 14:35:42.993 10 INFO neutron.api.wsgi [req-44cc534d-5ccd-42b6-abc5-0498c8102cf7 req-d0f92e77-6e0b-4a63-9ae3-1a289e2fa89a f6baec8987554a46a0c04386237faf87 1043303fd47849d2986738a43751a16d - - d5e82ed9ece74ce6a818325b5dba6f15 d5e82ed9ece74ce6a818325b5dba6f15] 10.0.0.9 "GET /v2.0/networks/ea833d1d-9b2f-4416-a789-3b628f9ecb86?fields=segments HTTP/1.1" status: 200 len: 212 time: 0.0429060
2026-05-19 14:35:43.051 10 INFO neutron.api.wsgi [req-44cc534d-5ccd-42b6-abc5-0498c8102cf7 req-3f08fc44-1527-4db7-95af-605710d0b9e8 f6baec8987554a46a0c04386237faf87 1043303fd47849d2986738a43751a16d - - d5e82ed9ece74ce6a818325b5dba6f15 d5e82ed9ece74ce6a818325b5dba6f15] 10.0.0.9 "GET /v2.0/networks/ea833d1d-9b2f-4416-a789-3b628f9ecb86?fields=provider%3Aphysical_network&fields=provider%3Anetwork_type HTTP/1.1" status: 200 len: 277 time: 0.0536001
2026-05-19 14:35:43.102 9 INFO neutron.api.wsgi [req-c51406b3-2d93-4426-bf15-b0450a91e75b req-21c2b227-eaf7-4582-8240-4cb4c0265802 e268f250a80f4e08bac63abcb643933f 05604eb34c1146fc8731574f19598ed8 - - default default] 10.0.0.9 "GET /v2.0/ports?device_id=1d5bc08f-bb27-4dda-84ce-f56e9d81e397 HTTP/1.1" status: 200 len: 1174 time: 0.0452235
2026-05-19 14:35:43.163 9 INFO neutron.api.wsgi [req-c51406b3-2d93-4426-bf15-b0450a91e75b req-3f84dd06-e394-4478-8d7f-ea6037748a65 e268f250a80f4e08bac63abcb643933f 05604eb34c1146fc8731574f19598ed8 - - default default] 10.0.0.9 "GET /v2.0/security-groups?id=0694bafa-b30e-48c9-ad7e-5cd343ba9ee5&fields=id&fields=name HTTP/1.1" status: 200 len: 312 time: 0.0527711
2026-05-19 14:35:43.187 10 INFO neutron.api.wsgi [req-58d5d0cc-4ae6-4d79-b13e-cfdcfbcfd5b0 req-0ce88f1d-687b-4f09-b472-ea8d3eaf1199 2effab8d8dcf4cbf8754c94a21cd7d66 ef244d8b1bb74d079fd29efa888c99a7 - - default default] 10.0.0.9 "GET /v2.0/ports?device_id=8dc9f3c1-2707-4bcc-9e49-67b142abeddd HTTP/1.1" status: 200 len: 210 time: 0.0260038
2026-05-19 14:35:43.601 9 INFO neutron.api.wsgi [req-3ad4b0d3-d77d-4950-96c3-a27c244feb57 req-65af5817-fb30-41de-8903-eed3f757d702 ecd7ca9ea3334ffdb9b84ec34f3ff04b 266806b31e074858be1088601761d098 - - default default] 10.0.0.9 "GET /v2.0/ports?device_id=57c3de27-615e-4a72-94b8-22f094db66b3 HTTP/1.1" status: 200 len: 1168 time: 0.0386305
2026-05-19 14:35:43.641 9 INFO neutron.api.wsgi [req-3ad4b0d3-d77d-4950-96c3-a27c244feb57 req-83eaa901-d645-4151-8759-a5c198ecff7b ecd7ca9ea3334ffdb9b84ec34f3ff04b 266806b31e074858be1088601761d098 - - default default] 10.0.0.9 "GET /v2.0/security-groups?id=cc0110b1-e150-4cb6-bb61-611c7e486034&fields=id&fields=name HTTP/1.1" status: 200 len: 312 time: 0.0337322
2026-05-19 14:35:43.669 9 WARNING neutron.plugins.ml2.drivers.ovn.mech_driver.ovsdb.ovn_client [None req-1cf2481b-b002-4aa5-b648-092364d2fd39 - - - - - -] No port found with ID 7f2687e5-ce4d-4bbf-a19a-da128f7df5a4: RuntimeError: No port found with ID 7f2687e5-ce4d-4bbf-a19a-da128f7df5a4
2026-05-19 14:35:43.669 9 INFO neutron.plugins.ml2.drivers.ovn.mech_driver.mech_driver [None req-1cf2481b-b002-4aa5-b648-092364d2fd39 - - - - - -] OVN reports status up for port: 465b8367-9bcd-4e9d-9df8-735d0fe7ea77
2026-05-19 14:35:43.679 9 INFO neutron.plugins.ml2.plugin [None req-1cf2481b-b002-4aa5-b648-092364d2fd39 - - - - - -] Attempt 1 to provision port 465b8367-9bcd-4e9d-9df8-735d0fe7ea77
2026-05-19 14:35:43.803 9 INFO neutron.notifiers.nova [-] Nova event matching ['req-2a1b1c58-c141-4d0f-9f20-33705cb8df10'] response: {'server_uuid': '57c3de27-615e-4a72-94b8-22f094db66b3', 'name': 'network-vif-plugged', 'status': 'completed', 'tag': '465b8367-9bcd-4e9d-9df8-735d0fe7ea77', 'code': 200}
2026-05-19 14:35:43.903 9 INFO neutron.db.ovn_revision_numbers_db [None req-1cf2481b-b002-4aa5-b648-092364d2fd39 - - - - - -] Successfully bumped revision number for resource 465b8367-9bcd-4e9d-9df8-735d0fe7ea77 (type: ports) to 5
2026-05-19 14:35:43.966 9 INFO neutron.plugins.ml2.drivers.ovn.mech_driver.mech_driver [None req-315e092d-6e1e-4af9-9966-ae927aa0dbcc - - - - - -] OVN reports status down for port: 6db64804-b7c8-479f-b4ea-79fa402cd434
2026-05-19 14:35:44.176 9 INFO neutron.db.ovn_revision_numbers_db [None req-315e092d-6e1e-4af9-9966-ae927aa0dbcc - - - - - -] Successfully bumped revision number for resource 6db64804-b7c8-479f-b4ea-79fa402cd434 (type: ports) to 6 /var/lib/openstack/lib/python3.12/site-packages/pycadf/identifier.py:71: UserWarning: Invalid uuid: neutron. To ensure interoperability, identifiers should be a valid uuid. warnings.warn(('Invalid uuid: %s. To ensure interoperability, '
2026-05-19 14:35:44.280 10 INFO neutron.api.wsgi [req-cc8fda82-83a1-434a-a496-302500b2e3bb req-4468a7ef-8caf-442d-b370-cbc2777098fc 2effab8d8dcf4cbf8754c94a21cd7d66 ef244d8b1bb74d079fd29efa888c99a7 - - default default] 10.0.0.9 "GET /v2.0/ports?device_id=8dc9f3c1-2707-4bcc-9e49-67b142abeddd HTTP/1.1" status: 200 len: 210 time: 0.0160437
2026-05-19 14:35:44.295 9 INFO neutron.api.wsgi [req-11921723-8b9e-4dae-a024-d76e54251eaf req-74b34aa9-4a66-426c-a5a4-163e3cc07486 e268f250a80f4e08bac63abcb643933f 05604eb34c1146fc8731574f19598ed8 - - default default] 10.0.0.9 "GET /v2.0/ports?device_id=1d5bc08f-bb27-4dda-84ce-f56e9d81e397 HTTP/1.1" status: 200 len: 1172 time: 0.0653865
2026-05-19 14:35:44.338 9 INFO neutron.api.wsgi [req-11921723-8b9e-4dae-a024-d76e54251eaf req-b30337f6-88c7-4021-9c41-6d0d19c44dcb e268f250a80f4e08bac63abcb643933f 05604eb34c1146fc8731574f19598ed8 - - default default] 10.0.0.9 "GET /v2.0/security-groups?id=0694bafa-b30e-48c9-ad7e-5cd343ba9ee5&fields=id&fields=name HTTP/1.1" status: 200 len: 312 time: 0.0358584
2026-05-19 14:35:44.777 10 INFO neutron.api.wsgi [req-74857cf9-1e59-4ac5-94f8-1c22e96e3ea7 req-a5b9f344-ba86-4e4c-83e3-ee210e74a874 ecd7ca9ea3334ffdb9b84ec34f3ff04b 266806b31e074858be1088601761d098 - - default default] 10.0.0.9 "GET /v2.0/ports?device_id=57c3de27-615e-4a72-94b8-22f094db66b3 HTTP/1.1" status: 200 len: 1170 time: 0.0726442
2026-05-19 14:35:44.806 10 INFO neutron.api.wsgi [req-74857cf9-1e59-4ac5-94f8-1c22e96e3ea7 req-40f2488d-b8e2-4cfb-bc04-fa51c44bcb50 ecd7ca9ea3334ffdb9b84ec34f3ff04b 266806b31e074858be1088601761d098 - - default default] 10.0.0.9 "GET /v2.0/security-groups?id=cc0110b1-e150-4cb6-bb61-611c7e486034&fields=id&fields=name HTTP/1.1" status: 200 len: 312 time: 0.0223615
2026-05-19 14:35:45.355 9 INFO neutron.api.wsgi [req-caa813c2-fd27-4964-9c41-1a1a863bfd09 req-a4da4a1e-d374-42a6-a277-e777d49f5d07 2effab8d8dcf4cbf8754c94a21cd7d66 ef244d8b1bb74d079fd29efa888c99a7 - - default default] 10.0.0.9 "GET /v2.0/ports?device_id=8dc9f3c1-2707-4bcc-9e49-67b142abeddd HTTP/1.1" status: 200 len: 210 time: 0.0181417
2026-05-19 14:35:45.490 10 INFO neutron.api.wsgi [req-bd79dedd-6719-484b-b7cd-bde82296fc83 req-5a476eb8-3c62-4e58-835d-5795f65ae6d9 e268f250a80f4e08bac63abcb643933f 05604eb34c1146fc8731574f19598ed8 - - default default] 10.0.0.9 "GET /v2.0/ports?device_id=1d5bc08f-bb27-4dda-84ce-f56e9d81e397 HTTP/1.1" status: 200 len: 1172 time: 0.0773883
2026-05-19 14:35:45.527 10 INFO neutron.api.wsgi [req-bd79dedd-6719-484b-b7cd-bde82296fc83 req-4c2003b0-306e-4776-aaf5-e65ad17343ee e268f250a80f4e08bac63abcb643933f 05604eb34c1146fc8731574f19598ed8 - - default default] 10.0.0.9 "GET /v2.0/security-groups?id=0694bafa-b30e-48c9-ad7e-5cd343ba9ee5&fields=id&fields=name HTTP/1.1" status: 200 len: 312 time: 0.0320079
2026-05-19 14:35:45.853 9 INFO neutron.notifiers.nova [-] Nova event matching ['req-c39fcc1e-6177-40af-9495-90744f5e2253'] response: {'server_uuid': '57c3de27-615e-4a72-94b8-22f094db66b3', 'name': 'network-vif-plugged', 'status': 'completed', 'tag': '465b8367-9bcd-4e9d-9df8-735d0fe7ea77', 'code': 200}
2026-05-19 14:35:45.854 9 INFO neutron.notifiers.nova [-] Nova event matching ['req-c39fcc1e-6177-40af-9495-90744f5e2253'] response: {'server_uuid': '1d5bc08f-bb27-4dda-84ce-f56e9d81e397', 'name': 'network-vif-unplugged', 'status': 'completed', 'tag': '6db64804-b7c8-479f-b4ea-79fa402cd434', 'code': 200}
2026-05-19 14:35:45.855 9 INFO neutron.notifiers.nova [-] Nova event matching ['req-c39fcc1e-6177-40af-9495-90744f5e2253'] response: {'server_uuid': '1d5bc08f-bb27-4dda-84ce-f56e9d81e397', 'name': 'network-vif-unplugged', 'status': 'completed', 'tag': '6db64804-b7c8-479f-b4ea-79fa402cd434', 'code': 200}
2026-05-19 14:35:45.926 10 INFO neutron.api.wsgi [req-71c4bfb0-a912-43a3-9d1f-da5f4b0f1b56 req-9e43b686-2a4e-42dd-9378-7938a183a37d ecd7ca9ea3334ffdb9b84ec34f3ff04b 266806b31e074858be1088601761d098 - - default default] 10.0.0.9 "GET /v2.0/ports?device_id=57c3de27-615e-4a72-94b8-22f094db66b3 HTTP/1.1" status: 200 len: 1170 time: 0.0422688
2026-05-19 14:35:45.973 10 INFO neutron.api.wsgi [req-71c4bfb0-a912-43a3-9d1f-da5f4b0f1b56 req-c3af9873-99ab-4062-84fd-054e44d7f505 ecd7ca9ea3334ffdb9b84ec34f3ff04b 266806b31e074858be1088601761d098 - - default default] 10.0.0.9 "GET /v2.0/security-groups?id=cc0110b1-e150-4cb6-bb61-611c7e486034&fields=id&fields=name HTTP/1.1" status: 200 len: 312 time: 0.0401728
2026-05-19 14:35:46.119 9 INFO neutron.api.wsgi [req-aeabb83e-934a-47ff-8783-747825a78332 req-4593293c-d3aa-4a5f-b0ee-d3d4d6dba615 ecd7ca9ea3334ffdb9b84ec34f3ff04b 266806b31e074858be1088601761d098 - - default default] 10.0.0.9 "GET /v2.0/ports?device_id=57c3de27-615e-4a72-94b8-22f094db66b3 HTTP/1.1" status: 200 len: 1170 time: 0.0936763
2026-05-19 14:35:46.192 9 INFO neutron.plugins.ml2.drivers.ovn.mech_driver.mech_driver [None req-c28bc325-27b2-4953-98af-55d609724e7b - - - - - -] OVN reports status up for port: 6db64804-b7c8-479f-b4ea-79fa402cd434
2026-05-19 14:35:46.210 9 INFO neutron.plugins.ml2.plugin [None req-c28bc325-27b2-4953-98af-55d609724e7b - - - - - -] Attempt 1 to provision port 6db64804-b7c8-479f-b4ea-79fa402cd434
2026-05-19 14:35:46.353 10 WARNING neutron.plugins.ml2.drivers.ovn.mech_driver.ovsdb.ovn_client [None req-55b9938d-1c49-435a-bc22-fc2d0275fd0b - - - - - -] No hosting information found for port 558e8d06-b94c-4a7c-ac65-03bab63890d1: RuntimeError: No hosting information found for port 558e8d06-b94c-4a7c-ac65-03bab63890d1
2026-05-19 14:35:46.457 10 INFO neutron.api.wsgi [req-d456d529-6997-41d3-bc7c-8aa44e9d7978 req-32f8b4f6-cfe9-42f0-9b47-3a2c1081ae56 2effab8d8dcf4cbf8754c94a21cd7d66 ef244d8b1bb74d079fd29efa888c99a7 - - default default] 10.0.0.9 "GET /v2.0/ports?device_id=8dc9f3c1-2707-4bcc-9e49-67b142abeddd HTTP/1.1" status: 200 len: 210 time: 0.0221133
2026-05-19 14:35:46.487 10 INFO neutron.db.ovn_revision_numbers_db [None req-55b9938d-1c49-435a-bc22-fc2d0275fd0b - - - - - -] Successfully bumped revision number for resource 558e8d06-b94c-4a7c-ac65-03bab63890d1 (type: router_ports) to 2
2026-05-19 14:35:46.607 9 INFO neutron.db.ovn_revision_numbers_db [None req-c28bc325-27b2-4953-98af-55d609724e7b - - - - - -] Successfully bumped revision number for resource 6db64804-b7c8-479f-b4ea-79fa402cd434 (type: ports) to 7
2026-05-19 14:35:46.641 9 INFO neutron.api.wsgi [req-1fed5797-3108-41dc-9508-596a9c4a4282 req-1857cf89-2c8d-4f13-8770-c540b6ea4863 e268f250a80f4e08bac63abcb643933f 05604eb34c1146fc8731574f19598ed8 - - default default] 10.0.0.9 "GET /v2.0/ports?device_id=1d5bc08f-bb27-4dda-84ce-f56e9d81e397 HTTP/1.1" status: 200 len: 1174 time: 0.0438230
2026-05-19 14:35:46.703 9 INFO neutron.api.wsgi [req-1fed5797-3108-41dc-9508-596a9c4a4282 req-84132bee-b6a0-4f92-a0d3-7b29ba9b7e2f e268f250a80f4e08bac63abcb643933f 05604eb34c1146fc8731574f19598ed8 - - default default] 10.0.0.9 "GET /v2.0/security-groups?id=0694bafa-b30e-48c9-ad7e-5cd343ba9ee5&fields=id&fields=name HTTP/1.1" status: 200 len: 312 time: 0.0576351
2026-05-19 14:35:46.722 9 INFO neutron.db.ovn_revision_numbers_db [None req-1a9f114a-f1da-4a87-8c10-36e43b0479dc ecd7ca9ea3334ffdb9b84ec34f3ff04b 266806b31e074858be1088601761d098 - - default default] Successfully bumped revision number for resource 60da0592-4dd9-4e3a-98ec-57f553960aea (type: floatingips) to 1
2026-05-19 14:35:46.867 9 INFO neutron.db.ovn_revision_numbers_db [None req-1a9f114a-f1da-4a87-8c10-36e43b0479dc ecd7ca9ea3334ffdb9b84ec34f3ff04b 266806b31e074858be1088601761d098 - - default default] Successfully bumped revision number for resource 60da0592-4dd9-4e3a-98ec-57f553960aea (type: floatingips) to 2
2026-05-19 14:35:46.867 9 INFO neutron.db.l3_db [None req-1a9f114a-f1da-4a87-8c10-36e43b0479dc ecd7ca9ea3334ffdb9b84ec34f3ff04b 266806b31e074858be1088601761d098 - - default default] Floating IP 60da0592-4dd9-4e3a-98ec-57f553960aea associated. External IP: 10.96.250.215, port: 465b8367-9bcd-4e9d-9df8-735d0fe7ea77.
2026-05-19 14:35:46.892 9 INFO neutron.api.wsgi [None req-1a9f114a-f1da-4a87-8c10-36e43b0479dc ecd7ca9ea3334ffdb9b84ec34f3ff04b 266806b31e074858be1088601761d098 - - default default] 10.0.0.120 "PUT /v2.0/floatingips/60da0592-4dd9-4e3a-98ec-57f553960aea HTTP/1.1" status: 200 len: 1049 time: 0.7645338 /var/lib/openstack/lib/python3.12/site-packages/pycadf/identifier.py:71: UserWarning: Invalid uuid: neutron. To ensure interoperability, identifiers should be a valid uuid. warnings.warn(('Invalid uuid: %s. To ensure interoperability, ' /var/lib/openstack/lib/python3.12/site-packages/pycadf/identifier.py:71: UserWarning: Invalid uuid: neutron. To ensure interoperability, identifiers should be a valid uuid. warnings.warn(('Invalid uuid: %s. To ensure interoperability, '
2026-05-19 14:35:46.991 10 INFO neutron.api.wsgi [req-d87825f9-7f05-4a86-aff9-aa6fa1ac3840 req-104e9d31-608c-44a5-886a-d4cc7aa7dfeb ecd7ca9ea3334ffdb9b84ec34f3ff04b 266806b31e074858be1088601761d098 - - default default] 10.0.0.9 "GET /v2.0/ports?device_id=57c3de27-615e-4a72-94b8-22f094db66b3 HTTP/1.1" status: 200 len: 1170 time: 0.0512848
2026-05-19 14:35:47.026 9 INFO neutron.db.ovn_revision_numbers_db [None req-e83f6a1d-67b4-41a6-83d0-5908dd3e1706 2dde46222f0c4d05a92e6dc79753c2dc 8cf13f659408417abb79369600a91022 - - default default] Successfully bumped revision number for resource 7d2a9927-a4e9-4606-b945-36481632d45f (type: security_groups) to 1
2026-05-19 14:35:47.033 10 INFO neutron.api.wsgi [req-d87825f9-7f05-4a86-aff9-aa6fa1ac3840 req-a6047e26-a935-418f-a05f-a39edff54c2c ecd7ca9ea3334ffdb9b84ec34f3ff04b 266806b31e074858be1088601761d098 - - default default] 10.0.0.9 "GET /v2.0/security-groups?id=cc0110b1-e150-4cb6-bb61-611c7e486034&fields=id&fields=name HTTP/1.1" status: 200 len: 312 time: 0.0340564
2026-05-19 14:35:47.043 9 INFO neutron.db.ovn_revision_numbers_db [None req-e83f6a1d-67b4-41a6-83d0-5908dd3e1706 2dde46222f0c4d05a92e6dc79753c2dc 8cf13f659408417abb79369600a91022 - - default default] Successfully bumped revision number for resource 4e2af1b0-93bd-4ee2-b6cb-3ef2f17bd391 (type: security_group_rules) to 0
2026-05-19 14:35:47.061 9 INFO neutron.db.ovn_revision_numbers_db [None req-e83f6a1d-67b4-41a6-83d0-5908dd3e1706 2dde46222f0c4d05a92e6dc79753c2dc 8cf13f659408417abb79369600a91022 - - default default] Successfully bumped revision number for resource a195a585-56fe-40bf-b575-594dd838eda7 (type: security_group_rules) to 0
2026-05-19 14:35:47.074 9 INFO neutron.db.ovn_revision_numbers_db [None req-e83f6a1d-67b4-41a6-83d0-5908dd3e1706 2dde46222f0c4d05a92e6dc79753c2dc 8cf13f659408417abb79369600a91022 - - default default] Successfully bumped revision number for resource b4244005-7090-41c0-abfa-fbea34200099 (type: security_group_rules) to 0
2026-05-19 14:35:47.088 9 INFO neutron.db.ovn_revision_numbers_db [None req-e83f6a1d-67b4-41a6-83d0-5908dd3e1706 2dde46222f0c4d05a92e6dc79753c2dc 8cf13f659408417abb79369600a91022 - - default default] Successfully bumped revision number for resource bf4cd451-5684-49fd-af45-0199d55e4e37 (type: security_group_rules) to 0
2026-05-19 14:35:47.125 9 INFO neutron.api.wsgi [None req-e83f6a1d-67b4-41a6-83d0-5908dd3e1706 2dde46222f0c4d05a92e6dc79753c2dc 8cf13f659408417abb79369600a91022 - - default default] 10.0.0.120 "GET /v2.0/security-groups?tenant_id=546de60ff79740dcbff3a731c926a52d&name=default HTTP/1.1" status: 200 len: 3120 time: 0.3718793
2026-05-19 14:35:47.390 9 INFO neutron.api.wsgi [req-6e4a967f-30cb-4813-a0e1-74fb5b552578 req-899387a5-91ca-44e9-b5fc-78c3330d6001 ecd7ca9ea3334ffdb9b84ec34f3ff04b 266806b31e074858be1088601761d098 - - default default] 10.0.0.9 "GET /v2.0/ports?device_id=57c3de27-615e-4a72-94b8-22f094db66b3 HTTP/1.1" status: 200 len: 1170 time: 0.0445964
2026-05-19 14:35:47.404 9 INFO neutron.api.wsgi [None req-ddd0e803-7251-4a46-a455-8b83c46600a3 2dde46222f0c4d05a92e6dc79753c2dc 8cf13f659408417abb79369600a91022 - - default default] 10.0.0.120 "DELETE /v2.0/security-groups/7d2a9927-a4e9-4606-b945-36481632d45f HTTP/1.1" status: 204 len: 168 time: 0.2737761
2026-05-19 14:35:47.440 9 INFO neutron.api.wsgi [req-6e4a967f-30cb-4813-a0e1-74fb5b552578 req-2fa27bd5-d226-400f-b177-11336672f430 ecd7ca9ea3334ffdb9b84ec34f3ff04b 266806b31e074858be1088601761d098 - - default default] 10.0.0.9 "GET /v2.0/security-groups?id=cc0110b1-e150-4cb6-bb61-611c7e486034&fields=id&fields=name HTTP/1.1" status: 200 len: 312 time: 0.0450840
2026-05-19 14:35:47.552 10 INFO neutron.api.wsgi [req-0920f0e9-d267-4bfb-bfcd-404783d2cfd2 req-50d9fe57-39f5-45c9-825c-ca0097140549 2effab8d8dcf4cbf8754c94a21cd7d66 ef244d8b1bb74d079fd29efa888c99a7 - - default default] 10.0.0.9 "GET /v2.0/ports?device_id=8dc9f3c1-2707-4bcc-9e49-67b142abeddd HTTP/1.1" status: 200 len: 210 time: 0.0167968
2026-05-19 14:35:47.648 10 INFO neutron.db.ovn_revision_numbers_db [None req-4c327a90-13d3-4393-b8c5-068d1d440090 2dde46222f0c4d05a92e6dc79753c2dc 8cf13f659408417abb79369600a91022 - - default default] Successfully bumped revision number for resource 6c776a16-9a2b-4add-b7ed-71b0c8913f69 (type: security_groups) to 1
2026-05-19 14:35:47.666 10 INFO neutron.db.ovn_revision_numbers_db [None req-4c327a90-13d3-4393-b8c5-068d1d440090 2dde46222f0c4d05a92e6dc79753c2dc 8cf13f659408417abb79369600a91022 - - default default] Successfully bumped revision number for resource 5bff0a4a-e1f5-4a81-a8a3-c900a586ef1e (type: security_group_rules) to 0
2026-05-19 14:35:47.683 10 INFO neutron.db.ovn_revision_numbers_db [None req-4c327a90-13d3-4393-b8c5-068d1d440090 2dde46222f0c4d05a92e6dc79753c2dc 8cf13f659408417abb79369600a91022 - - default default] Successfully bumped revision number for resource 970cd57c-a9a7-43eb-8768-97fa0bb4cb49 (type: security_group_rules) to 0
2026-05-19 14:35:47.698 10 INFO neutron.db.ovn_revision_numbers_db [None req-4c327a90-13d3-4393-b8c5-068d1d440090 2dde46222f0c4d05a92e6dc79753c2dc 8cf13f659408417abb79369600a91022 - - default default] Successfully bumped revision number for resource cda24d2f-4139-4b71-bbdb-73e12712e472 (type: security_group_rules) to 0
2026-05-19 14:35:47.709 10 INFO neutron.db.ovn_revision_numbers_db [None req-4c327a90-13d3-4393-b8c5-068d1d440090 2dde46222f0c4d05a92e6dc79753c2dc 8cf13f659408417abb79369600a91022 - - default default] Successfully bumped revision number for resource e30227b9-e832-4722-a2f0-e163f7a396e6 (type: security_group_rules) to 0
2026-05-19 14:35:47.752 10 INFO neutron.api.wsgi [None req-4c327a90-13d3-4393-b8c5-068d1d440090 2dde46222f0c4d05a92e6dc79753c2dc 8cf13f659408417abb79369600a91022 - - default default] 10.0.0.120 "GET /v2.0/security-groups?tenant_id=655032d957454f8aaaada73c9f692085&name=default HTTP/1.1" status: 200 len: 3120 time: 0.2268257
2026-05-19 14:35:47.792 9 INFO neutron.api.wsgi [req-ea61fd39-0199-482e-9bb4-828d3f8b3497 req-232ee608-c541-422b-b9d7-3fe247ba98ea e268f250a80f4e08bac63abcb643933f 05604eb34c1146fc8731574f19598ed8 - - default default] 10.0.0.9 "GET /v2.0/ports?device_id=1d5bc08f-bb27-4dda-84ce-f56e9d81e397 HTTP/1.1" status: 200 len: 1174 time: 0.0354066
2026-05-19 14:35:47.827 9 INFO neutron.api.wsgi [req-ea61fd39-0199-482e-9bb4-828d3f8b3497 req-befdf305-b9dd-44e8-9eb5-96f260052b3f e268f250a80f4e08bac63abcb643933f 05604eb34c1146fc8731574f19598ed8 - - default default] 10.0.0.9 "GET /v2.0/security-groups?id=0694bafa-b30e-48c9-ad7e-5cd343ba9ee5&fields=id&fields=name HTTP/1.1" status: 200 len: 312 time: 0.0276432
2026-05-19 14:35:47.896 9 INFO neutron.notifiers.nova [-] Nova event matching ['req-9bc9e564-9a34-4f38-ac50-885e7efa8e06'] response: {'server_uuid': '1d5bc08f-bb27-4dda-84ce-f56e9d81e397', 'name': 'network-vif-plugged', 'status': 'completed', 'tag': '6db64804-b7c8-479f-b4ea-79fa402cd434', 'code': 200}
2026-05-19 14:35:47.896 9 INFO neutron.notifiers.nova [-] Nova event matching ['req-9bc9e564-9a34-4f38-ac50-885e7efa8e06'] response: {'server_uuid': '1d5bc08f-bb27-4dda-84ce-f56e9d81e397', 'name': 'network-vif-plugged', 'status': 'completed', 'tag': '6db64804-b7c8-479f-b4ea-79fa402cd434', 'code': 200}
2026-05-19 14:35:47.896 9 INFO neutron.notifiers.nova [-] Nova event matching ['req-9bc9e564-9a34-4f38-ac50-885e7efa8e06'] response: {'name': 'network-changed', 'server_uuid': '57c3de27-615e-4a72-94b8-22f094db66b3', 'tag': '465b8367-9bcd-4e9d-9df8-735d0fe7ea77', 'status': 'completed', 'code': 200}
2026-05-19 14:35:47.908 9 INFO neutron.plugins.ml2.drivers.ovn.mech_driver.mech_driver [None req-ea45f70a-8eee-4db3-aa5e-7fc5c63c6003 - - - - - -] OVN reports status down for port: 465b8367-9bcd-4e9d-9df8-735d0fe7ea77
2026-05-19 14:35:47.924 10 INFO neutron.api.wsgi [req-44cc534d-5ccd-42b6-abc5-0498c8102cf7 req-1cac41cc-f62a-4a5a-ac71-1d792123327a 2effab8d8dcf4cbf8754c94a21cd7d66 ef244d8b1bb74d079fd29efa888c99a7 - - default default] 199.204.45.132 "GET /v2.0/networks?id=ea833d1d-9b2f-4416-a789-3b628f9ecb86 HTTP/1.1" status: 200 len: 859 time: 0.0677793
2026-05-19 14:35:47.976 10 INFO neutron.api.wsgi [req-44cc534d-5ccd-42b6-abc5-0498c8102cf7 req-d994f66d-b2f8-4088-8f48-69a160fbecd2 2effab8d8dcf4cbf8754c94a21cd7d66 ef244d8b1bb74d079fd29efa888c99a7 - - default default] 199.204.45.132 "GET /v2.0/security-groups?fields=id&fields=name&tenant_id=ef244d8b1bb74d079fd29efa888c99a7 HTTP/1.1" status: 200 len: 380 time: 0.0452490
2026-05-19 14:35:47.985 10 WARNING neutron_lib.context [req-44cc534d-5ccd-42b6-abc5-0498c8102cf7 req-b5147a2f-82f9-4a95-89a0-884246196232 2effab8d8dcf4cbf8754c94a21cd7d66 ef244d8b1bb74d079fd29efa888c99a7 - - default default] Method 'is_advsvc' is deprecated since 2023.2 release (neutron-lib 3.8.0) and will be removed once support for the old RBAC API policies will be removed from Neutron. Please use method 'is_service_role' instead.
2026-05-19 14:35:48.080 10 INFO neutron.api.wsgi [None req-6c306add-63c7-4197-82b6-026194111dcc 2dde46222f0c4d05a92e6dc79753c2dc 8cf13f659408417abb79369600a91022 - - default default] 10.0.0.120 "DELETE /v2.0/security-groups/6c776a16-9a2b-4add-b7ed-71b0c8913f69 HTTP/1.1" status: 204 len: 168 time: 0.3238418
2026-05-19 14:35:48.178 9 INFO neutron.db.ovn_revision_numbers_db [None req-ea45f70a-8eee-4db3-aa5e-7fc5c63c6003 - - - - - -] Successfully bumped revision number for resource 465b8367-9bcd-4e9d-9df8-735d0fe7ea77 (type: ports) to 6
2026-05-19 14:35:48.295 10 WARNING neutron.scheduler.dhcp_agent_scheduler [req-44cc534d-5ccd-42b6-abc5-0498c8102cf7 req-b5147a2f-82f9-4a95-89a0-884246196232 2effab8d8dcf4cbf8754c94a21cd7d66 ef244d8b1bb74d079fd29efa888c99a7 - - default default] No more DHCP agents
2026-05-19 14:35:48.296 10 WARNING neutron.api.rpc.agentnotifiers.dhcp_rpc_agent_api [req-44cc534d-5ccd-42b6-abc5-0498c8102cf7 req-b5147a2f-82f9-4a95-89a0-884246196232 2effab8d8dcf4cbf8754c94a21cd7d66 ef244d8b1bb74d079fd29efa888c99a7 - - default default] Unable to schedule network ea833d1d-9b2f-4416-a789-3b628f9ecb86: no agents available; will retry on subsequent port and subnet creation events. /var/lib/openstack/lib/python3.12/site-packages/pycadf/identifier.py:71: UserWarning: Invalid uuid: neutron. To ensure interoperability, identifiers should be a valid uuid. warnings.warn(('Invalid uuid: %s. To ensure interoperability, '
2026-05-19 14:35:48.428 10 INFO neutron.db.ovn_revision_numbers_db [req-44cc534d-5ccd-42b6-abc5-0498c8102cf7 req-b5147a2f-82f9-4a95-89a0-884246196232 2effab8d8dcf4cbf8754c94a21cd7d66 ef244d8b1bb74d079fd29efa888c99a7 - - default default] Successfully bumped revision number for resource d68de866-57ca-471d-99a9-6335e54bcad2 (type: ports) to 1
2026-05-19 14:35:48.449 10 INFO neutron.api.wsgi [req-729450b6-a8ae-48b1-8499-aeb52e87d92a req-ed9b611b-8c10-4fe5-a93b-f304c0d4a21a f6baec8987554a46a0c04386237faf87 1043303fd47849d2986738a43751a16d - - d5e82ed9ece74ce6a818325b5dba6f15 d5e82ed9ece74ce6a818325b5dba6f15] 199.204.45.132 "GET /v2.0/ports?tenant_id=266806b31e074858be1088601761d098&device_id=57c3de27-615e-4a72-94b8-22f094db66b3 HTTP/1.1" status: 200 len: 1407 time: 0.0349581
2026-05-19 14:35:48.451 10 INFO neutron.api.wsgi [req-44cc534d-5ccd-42b6-abc5-0498c8102cf7 req-b5147a2f-82f9-4a95-89a0-884246196232 2effab8d8dcf4cbf8754c94a21cd7d66 ef244d8b1bb74d079fd29efa888c99a7 - - default default] 199.204.45.132 "POST /v2.0/ports HTTP/1.1" status: 201 len: 1162 time: 0.4707372
2026-05-19 14:35:48.527 10 INFO neutron.api.wsgi [req-729450b6-a8ae-48b1-8499-aeb52e87d92a req-5edbc90d-d86e-4321-888b-197c1f1b6ff0 f6baec8987554a46a0c04386237faf87 1043303fd47849d2986738a43751a16d - - d5e82ed9ece74ce6a818325b5dba6f15 d5e82ed9ece74ce6a818325b5dba6f15] 199.204.45.132 "GET /v2.0/networks?id=a8407397-49a0-4241-826e-836af0360334 HTTP/1.1" status: 200 len: 967 time: 0.0697744
2026-05-19 14:35:48.576 10 INFO neutron.api.wsgi [req-729450b6-a8ae-48b1-8499-aeb52e87d92a req-906dd5bc-bfa6-4a71-88ea-4da490c35abb f6baec8987554a46a0c04386237faf87 1043303fd47849d2986738a43751a16d - - d5e82ed9ece74ce6a818325b5dba6f15 d5e82ed9ece74ce6a818325b5dba6f15] 199.204.45.132 "GET /v2.0/floatingips?fixed_ip_address=10.100.0.6&port_id=465b8367-9bcd-4e9d-9df8-735d0fe7ea77 HTTP/1.1" status: 200 len: 1057 time: 0.0403507
2026-05-19 14:35:48.623 10 INFO neutron.api.wsgi [req-729450b6-a8ae-48b1-8499-aeb52e87d92a req-47a26b4f-a1e0-462c-a712-8473aae0eeab f6baec8987554a46a0c04386237faf87 1043303fd47849d2986738a43751a16d - - d5e82ed9ece74ce6a818325b5dba6f15 d5e82ed9ece74ce6a818325b5dba6f15] 199.204.45.132 "GET /v2.0/subnets?id=5f38f495-3772-48b5-857a-1500f774c7f8 HTTP/1.1" status: 200 len: 886 time: 0.0361571
2026-05-19 14:35:48.652 10 INFO neutron.api.wsgi [req-729450b6-a8ae-48b1-8499-aeb52e87d92a req-cef29c01-1c82-4a0b-8206-35945bd6927e f6baec8987554a46a0c04386237faf87 1043303fd47849d2986738a43751a16d - - d5e82ed9ece74ce6a818325b5dba6f15 d5e82ed9ece74ce6a818325b5dba6f15] 199.204.45.132 "GET /v2.0/ports?network_id=a8407397-49a0-4241-826e-836af0360334&device_owner=network%3Adhcp HTTP/1.1" status: 200 len: 210 time: 0.0234492 /var/lib/openstack/lib/python3.12/site-packages/pycadf/identifier.py:71: UserWarning: Invalid uuid: neutron. To ensure interoperability, identifiers should be a valid uuid. warnings.warn(('Invalid uuid: %s. To ensure interoperability, '
2026-05-19 14:35:48.713 9 INFO neutron.api.wsgi [req-c7fdbb06-5f56-427d-9ad2-467e42b66385 req-0e4953dd-bb8e-4a29-9a1a-a38e12b2d9af ecd7ca9ea3334ffdb9b84ec34f3ff04b 266806b31e074858be1088601761d098 - - default default] 10.0.0.9 "GET /v2.0/ports?device_id=57c3de27-615e-4a72-94b8-22f094db66b3 HTTP/1.1" status: 200 len: 1168 time: 0.0398252
2026-05-19 14:35:48.732 10 INFO neutron.api.wsgi [req-729450b6-a8ae-48b1-8499-aeb52e87d92a req-9a39bf69-ac42-43d3-87eb-6127bf2a898e f6baec8987554a46a0c04386237faf87 1043303fd47849d2986738a43751a16d - - d5e82ed9ece74ce6a818325b5dba6f15 d5e82ed9ece74ce6a818325b5dba6f15] 199.204.45.132 "GET /v2.0/networks/a8407397-49a0-4241-826e-836af0360334?fields=segments HTTP/1.1" status: 200 len: 212 time: 0.0715854
2026-05-19 14:35:48.749 9 INFO neutron.api.wsgi [req-c7fdbb06-5f56-427d-9ad2-467e42b66385 req-5b0a1262-f878-46f8-9588-3ba21efcceae ecd7ca9ea3334ffdb9b84ec34f3ff04b 266806b31e074858be1088601761d098 - - default default] 10.0.0.9 "GET /v2.0/security-groups?id=cc0110b1-e150-4cb6-bb61-611c7e486034&fields=id&fields=name HTTP/1.1" status: 200 len: 312 time: 0.0316536
2026-05-19 14:35:48.756 10 INFO neutron.api.wsgi [req-6b9abb9f-d516-429b-860f-1df2b477ace9 req-5151d83d-3b80-45db-b9f2-2855fac92c1c 2effab8d8dcf4cbf8754c94a21cd7d66 ef244d8b1bb74d079fd29efa888c99a7 - - default default] 10.0.0.9 "GET /v2.0/ports?device_id=8dc9f3c1-2707-4bcc-9e49-67b142abeddd HTTP/1.1" status: 200 len: 1160 time: 0.1196456
2026-05-19 14:35:48.815 10 INFO neutron.api.wsgi [req-729450b6-a8ae-48b1-8499-aeb52e87d92a req-9c8ca3fc-0996-4589-ae65-e78cb7ff0a6d f6baec8987554a46a0c04386237faf87 1043303fd47849d2986738a43751a16d - - d5e82ed9ece74ce6a818325b5dba6f15 d5e82ed9ece74ce6a818325b5dba6f15] 199.204.45.132 "GET /v2.0/networks/a8407397-49a0-4241-826e-836af0360334?fields=provider%3Aphysical_network&fields=provider%3Anetwork_type HTTP/1.1" status: 200 len: 277 time: 0.0755308
2026-05-19 14:35:48.819 10 INFO neutron.api.wsgi [req-6b9abb9f-d516-429b-860f-1df2b477ace9 req-570158ac-6572-4670-bbc9-51f1c62c4d87 2effab8d8dcf4cbf8754c94a21cd7d66 ef244d8b1bb74d079fd29efa888c99a7 - - default default] 10.0.0.9 "GET /v2.0/security-groups?id=7851f7df-c944-4d4c-89ca-6d696bc87029&fields=id&fields=name HTTP/1.1" status: 200 len: 313 time: 0.0575283
2026-05-19 14:35:49.012 10 INFO neutron.db.ovn_revision_numbers_db [req-44cc534d-5ccd-42b6-abc5-0498c8102cf7 req-053ef2c4-7d0e-42cb-b5f4-c1fc3abbe75d f6baec8987554a46a0c04386237faf87 1043303fd47849d2986738a43751a16d - - d5e82ed9ece74ce6a818325b5dba6f15 d5e82ed9ece74ce6a818325b5dba6f15] Successfully bumped revision number for resource d68de866-57ca-471d-99a9-6335e54bcad2 (type: ports) to 2 /var/lib/openstack/lib/python3.12/site-packages/pycadf/identifier.py:71: UserWarning: Invalid uuid: neutron. To ensure interoperability, identifiers should be a valid uuid. warnings.warn(('Invalid uuid: %s. To ensure interoperability, '
2026-05-19 14:35:49.162 10 INFO neutron.api.wsgi [req-0c12e61f-778c-47ca-96da-c73a9ec93947 req-0668f4af-3d5f-4326-9636-4011825283ce ecd7ca9ea3334ffdb9b84ec34f3ff04b 266806b31e074858be1088601761d098 - - default default] 199.204.45.132 "GET /v2.0/ports?device_id=57c3de27-615e-4a72-94b8-22f094db66b3 HTTP/1.1" status: 200 len: 1168 time: 0.0375891
2026-05-19 14:35:49.303 9 INFO neutron.api.wsgi [None req-7733b27c-2f4a-4498-a342-82a0ea1a7881 2dde46222f0c4d05a92e6dc79753c2dc 8cf13f659408417abb79369600a91022 - - default default] 10.0.0.186 "GET /v2.0/agents HTTP/1.1" status: 200 len: 1390 time: 0.2170503
2026-05-19 14:35:49.310 10 INFO neutron.db.ovn_revision_numbers_db [req-44cc534d-5ccd-42b6-abc5-0498c8102cf7 req-053ef2c4-7d0e-42cb-b5f4-c1fc3abbe75d f6baec8987554a46a0c04386237faf87 1043303fd47849d2986738a43751a16d - - d5e82ed9ece74ce6a818325b5dba6f15 d5e82ed9ece74ce6a818325b5dba6f15] Successfully bumped revision number for resource d68de866-57ca-471d-99a9-6335e54bcad2 (type: ports) to 4
2026-05-19 14:35:49.317 9 INFO neutron.api.wsgi [None req-4ac82b12-a103-4de6-aabb-2f75e8e3b786 2dde46222f0c4d05a92e6dc79753c2dc 8cf13f659408417abb79369600a91022 - - default default] 10.0.0.186 "GET /v2.0/network-ip-availabilities HTTP/1.1" status: 200 len: 2665 time: 0.0110884
2026-05-19 14:35:49.333 10 INFO neutron.api.wsgi [req-44cc534d-5ccd-42b6-abc5-0498c8102cf7 req-053ef2c4-7d0e-42cb-b5f4-c1fc3abbe75d f6baec8987554a46a0c04386237faf87 1043303fd47849d2986738a43751a16d - - d5e82ed9ece74ce6a818325b5dba6f15 d5e82ed9ece74ce6a818325b5dba6f15] 199.204.45.132 "PUT /v2.0/ports/d68de866-57ca-471d-99a9-6335e54bcad2 HTTP/1.1" status: 200 len: 1408 time: 0.8750591
2026-05-19 14:35:49.349 9 INFO neutron.api.wsgi [None req-1abe6436-f017-422d-a2da-346b3de03850 2dde46222f0c4d05a92e6dc79753c2dc 8cf13f659408417abb79369600a91022 - - default default] 10.0.0.186 "GET /v2.0/subnets HTTP/1.1" status: 200 len: 3502 time: 0.0306249
2026-05-19 14:35:49.366 9 INFO neutron.api.wsgi [None req-91814f3d-b1ef-47b3-b17b-f5e3642da486 2dde46222f0c4d05a92e6dc79753c2dc 8cf13f659408417abb79369600a91022 - - default default] 10.0.0.186 "GET /v2.0/subnetpools HTTP/1.1" status: 200 len: 193 time: 0.0097754
2026-05-19 14:35:49.372 10 INFO neutron.notifiers.nova [-] Nova event matching ['req-7f561ae9-4bbd-4349-bb04-cb5a0ca03dba'] response: {'name': 'network-changed', 'server_uuid': '8dc9f3c1-2707-4bcc-9e49-67b142abeddd', 'tag': 'd68de866-57ca-471d-99a9-6335e54bcad2', 'status': 'completed', 'code': 200}
2026-05-19 14:35:49.417 9 INFO neutron.api.wsgi [None req-dbcc862d-ab99-4ade-86da-e40c4b40a98f 2dde46222f0c4d05a92e6dc79753c2dc 8cf13f659408417abb79369600a91022 - - default default] 10.0.0.186 "GET /v2.0/networks HTTP/1.1" status: 200 len: 4609 time: 0.0503526
2026-05-19 14:35:49.467 9 INFO neutron.api.wsgi [None req-1bd84186-c822-4806-b98d-e3b4715da93a 2dde46222f0c4d05a92e6dc79753c2dc 8cf13f659408417abb79369600a91022 - - default default] 10.0.0.186 "GET /v2.0/security-groups HTTP/1.1" status: 200 len: 37359 time: 0.0453885
2026-05-19 14:35:49.539 10 INFO neutron.db.l3_db [req-0c12e61f-778c-47ca-96da-c73a9ec93947 req-96bcfc2b-d2be-485c-9fd9-865b3f613ae6 ecd7ca9ea3334ffdb9b84ec34f3ff04b 266806b31e074858be1088601761d098 - - default default] Floating IP 60da0592-4dd9-4e3a-98ec-57f553960aea disassociated. External IP: 10.96.250.215, port: 465b8367-9bcd-4e9d-9df8-735d0fe7ea77.
2026-05-19 14:35:49.577 9 INFO neutron.api.wsgi [None req-311f3b98-40ff-4361-b0f7-f883d4a75580 2dde46222f0c4d05a92e6dc79753c2dc 8cf13f659408417abb79369600a91022 - - default default] 10.0.0.186 "GET /v2.0/ports HTTP/1.1" status: 200 len: 20613 time: 0.0981832
2026-05-19 14:35:49.662 10 INFO neutron.api.wsgi [req-0c12e61f-778c-47ca-96da-c73a9ec93947 req-96bcfc2b-d2be-485c-9fd9-865b3f613ae6 ecd7ca9ea3334ffdb9b84ec34f3ff04b 266806b31e074858be1088601761d098 - - default default] 199.204.45.132 "DELETE /v2.0/ports/465b8367-9bcd-4e9d-9df8-735d0fe7ea77 HTTP/1.1" status: 204 len: 173 time: 0.4975545
2026-05-19 14:35:49.678 9 INFO neutron.api.wsgi [None req-3e8ade42-0a63-4d00-aa74-a8a3b36fa840 2dde46222f0c4d05a92e6dc79753c2dc 8cf13f659408417abb79369600a91022 - - default default] 10.0.0.186 "GET /v2.0/routers HTTP/1.1" status: 200 len: 3074 time: 0.0907538
2026-05-19 14:35:49.690 9 INFO neutron.api.wsgi [None req-af66962c-474c-422b-98e6-c927e6061f9b 2dde46222f0c4d05a92e6dc79753c2dc 8cf13f659408417abb79369600a91022 - - default default] 10.0.0.186 "GET /v2.0/agents?binary=ovn-controller HTTP/1.1" status: 200 len: 591 time: 0.0104563
2026-05-19 14:35:49.726 9 INFO neutron.api.wsgi [None req-e98ea614-def4-46eb-97ee-8b380aabb838 2dde46222f0c4d05a92e6dc79753c2dc 8cf13f659408417abb79369600a91022 - - default default] 10.0.0.186 "GET /v2.0/floatingips HTTP/1.1" status: 200 len: 1575 time: 0.0347528
2026-05-19 14:35:49.758 9 INFO neutron.api.wsgi [None req-e1f5bdc4-ee9b-45f4-a0d6-a32fa6a0cd79 2dde46222f0c4d05a92e6dc79753c2dc 8cf13f659408417abb79369600a91022 - - default default] 10.0.0.186 "GET /v2.0/subnets HTTP/1.1" status: 200 len: 3502 time: 0.0310223 /var/lib/openstack/lib/python3.12/site-packages/pycadf/identifier.py:71: UserWarning: Invalid uuid: neutron. To ensure interoperability, identifiers should be a valid uuid. warnings.warn(('Invalid uuid: %s. To ensure interoperability, '
2026-05-19 14:35:49.825 10 INFO neutron.api.wsgi [req-2c97e732-184c-42cf-8d0a-238ec4637a1c req-8041c75c-2be2-4369-87f8-ea49c9351678 ecd7ca9ea3334ffdb9b84ec34f3ff04b 266806b31e074858be1088601761d098 - - default default] 10.0.0.9 "GET /v2.0/ports?device_id=57c3de27-615e-4a72-94b8-22f094db66b3 HTTP/1.1" status: 200 len: 210 time: 0.0163774
2026-05-19 14:35:49.942 9 INFO neutron.notifiers.nova [-] Nova event matching ['req-588bd464-0a58-42f4-8ca4-49a8032f3964'] response: {'server_uuid': '57c3de27-615e-4a72-94b8-22f094db66b3', 'name': 'network-vif-unplugged', 'status': 'completed', 'tag': '465b8367-9bcd-4e9d-9df8-735d0fe7ea77', 'code': 200}
2026-05-19 14:35:49.943 9 INFO neutron.notifiers.nova [-] Nova event matching ['req-588bd464-0a58-42f4-8ca4-49a8032f3964'] response: {'server_uuid': '57c3de27-615e-4a72-94b8-22f094db66b3', 'name': 'network-vif-unplugged', 'status': 'completed', 'tag': '465b8367-9bcd-4e9d-9df8-735d0fe7ea77', 'code': 200}
2026-05-19 14:35:49.958 10 INFO neutron.api.wsgi [req-36c0c230-e6c4-40ce-8806-305001ec2eb6 req-29c0254e-42bd-45de-a5ef-09a6b0792d6d f6baec8987554a46a0c04386237faf87 1043303fd47849d2986738a43751a16d - - d5e82ed9ece74ce6a818325b5dba6f15 d5e82ed9ece74ce6a818325b5dba6f15] 199.204.45.132 "GET /v2.0/ports?tenant_id=ef244d8b1bb74d079fd29efa888c99a7&device_id=8dc9f3c1-2707-4bcc-9e49-67b142abeddd HTTP/1.1" status: 200 len: 1411 time: 0.0562196
2026-05-19 14:35:49.975 9 INFO neutron.api.wsgi [req-d9bf0fd5-88c6-4d6a-a0b1-cac89cc61422 req-4c417129-5e22-4f4b-9a8f-c30d5bf285bb 2effab8d8dcf4cbf8754c94a21cd7d66 ef244d8b1bb74d079fd29efa888c99a7 - - default default] 10.0.0.9 "GET /v2.0/ports?device_id=8dc9f3c1-2707-4bcc-9e49-67b142abeddd HTTP/1.1" status: 200 len: 1172 time: 0.0923157
2026-05-19 14:35:50.008 10 INFO neutron.api.wsgi [req-36c0c230-e6c4-40ce-8806-305001ec2eb6 req-104459d0-4ac3-4ee8-b381-c54a7bd7d478 f6baec8987554a46a0c04386237faf87 1043303fd47849d2986738a43751a16d - - d5e82ed9ece74ce6a818325b5dba6f15 d5e82ed9ece74ce6a818325b5dba6f15] 199.204.45.132 "GET /v2.0/networks?tenant_id=ef244d8b1bb74d079fd29efa888c99a7&shared=False HTTP/1.1" status: 200 len: 958 time: 0.0433018
2026-05-19 14:35:50.016 9 INFO neutron.api.wsgi [req-d9bf0fd5-88c6-4d6a-a0b1-cac89cc61422 req-60cb4129-3dc4-4d89-bfb6-c71a3317bcbd 2effab8d8dcf4cbf8754c94a21cd7d66 ef244d8b1bb74d079fd29efa888c99a7 - - default default] 10.0.0.9 "GET /v2.0/security-groups?id=7851f7df-c944-4d4c-89ca-6d696bc87029&fields=id&fields=name HTTP/1.1" status: 200 len: 313 time: 0.0370224
2026-05-19 14:35:50.050 10 INFO neutron.api.wsgi [req-36c0c230-e6c4-40ce-8806-305001ec2eb6 req-04029d71-fb58-4e52-b323-04a3b93ad7e1 f6baec8987554a46a0c04386237faf87 1043303fd47849d2986738a43751a16d - - d5e82ed9ece74ce6a818325b5dba6f15 d5e82ed9ece74ce6a818325b5dba6f15] 199.204.45.132 "GET /v2.0/networks?shared=True HTTP/1.1" status: 200 len: 952 time: 0.0370133
2026-05-19 14:35:50.912 10 INFO neutron.api.wsgi [req-6e826092-c7d9-4902-be7f-1fd8f3f4cea3 req-4ffcac51-845d-4d73-a22e-dca691f549e0 ecd7ca9ea3334ffdb9b84ec34f3ff04b 266806b31e074858be1088601761d098 - - default default] 10.0.0.9 "GET /v2.0/ports?device_id=57c3de27-615e-4a72-94b8-22f094db66b3 HTTP/1.1" status: 200 len: 210 time: 0.0188503
2026-05-19 14:35:50.976 10 INFO neutron.api.wsgi [-] 10.0.0.154 "GET / HTTP/1.1" status: 200 len: 245 time: 0.0018237
2026-05-19 14:35:50.977 9 INFO neutron.api.wsgi [-] 10.0.0.154 "GET / HTTP/1.1" status: 200 len: 245 time: 0.0032640
2026-05-19 14:35:51.108 10 INFO neutron.api.wsgi [req-44cc534d-5ccd-42b6-abc5-0498c8102cf7 req-91ab8471-470d-4eb1-b50d-f51633f6800b f6baec8987554a46a0c04386237faf87 1043303fd47849d2986738a43751a16d - - d5e82ed9ece74ce6a818325b5dba6f15 d5e82ed9ece74ce6a818325b5dba6f15] 199.204.45.132 "GET /v2.0/ports?tenant_id=ef244d8b1bb74d079fd29efa888c99a7&device_id=8dc9f3c1-2707-4bcc-9e49-67b142abeddd HTTP/1.1" status: 200 len: 1411 time: 0.0417111
2026-05-19 14:35:51.111 9 INFO neutron.api.wsgi [req-5467d6ae-d39e-4d65-a7c5-9a43af965b6c req-a40999fe-1d94-4a2e-bf97-1d914ae23a43 2effab8d8dcf4cbf8754c94a21cd7d66 ef244d8b1bb74d079fd29efa888c99a7 - - default default] 10.0.0.9 "GET /v2.0/ports?device_id=8dc9f3c1-2707-4bcc-9e49-67b142abeddd HTTP/1.1" status: 200 len: 1172 time: 0.0302448
2026-05-19 14:35:51.129 10 INFO neutron.api.wsgi [req-44cc534d-5ccd-42b6-abc5-0498c8102cf7 req-0213c237-30d1-4516-8b07-d2cdf0272e72 f6baec8987554a46a0c04386237faf87 1043303fd47849d2986738a43751a16d - - d5e82ed9ece74ce6a818325b5dba6f15 d5e82ed9ece74ce6a818325b5dba6f15] 199.204.45.132 "GET /v2.0/floatingips?fixed_ip_address=10.100.0.11&port_id=d68de866-57ca-471d-99a9-6335e54bcad2 HTTP/1.1" status: 200 len: 217 time: 0.0154426
2026-05-19 14:35:51.147 9 INFO neutron.api.wsgi [req-5467d6ae-d39e-4d65-a7c5-9a43af965b6c req-40e0c526-74ae-4989-9652-3f797d9f6211 2effab8d8dcf4cbf8754c94a21cd7d66 ef244d8b1bb74d079fd29efa888c99a7 - - default default] 10.0.0.9 "GET /v2.0/security-groups?id=7851f7df-c944-4d4c-89ca-6d696bc87029&fields=id&fields=name HTTP/1.1" status: 200 len: 313 time: 0.0302670
2026-05-19 14:35:51.159 10 INFO neutron.api.wsgi [req-44cc534d-5ccd-42b6-abc5-0498c8102cf7 req-e75ea5a5-8b55-46d8-8e69-26d6b4581ee2 f6baec8987554a46a0c04386237faf87 1043303fd47849d2986738a43751a16d - - d5e82ed9ece74ce6a818325b5dba6f15 d5e82ed9ece74ce6a818325b5dba6f15] 199.204.45.132 "GET /v2.0/subnets?id=35ec4296-ac3d-457e-8df8-31d35f5733b0 HTTP/1.1" status: 200 len: 876 time: 0.0246258
2026-05-19 14:35:51.183 10 INFO neutron.api.wsgi [req-44cc534d-5ccd-42b6-abc5-0498c8102cf7 req-06650d2e-bece-40b3-af1a-d4ea18db397f f6baec8987554a46a0c04386237faf87 1043303fd47849d2986738a43751a16d - - d5e82ed9ece74ce6a818325b5dba6f15 d5e82ed9ece74ce6a818325b5dba6f15] 199.204.45.132 "GET /v2.0/ports?network_id=ea833d1d-9b2f-4416-a789-3b628f9ecb86&device_owner=network%3Adhcp HTTP/1.1" status: 200 len: 210 time: 0.0176351
2026-05-19 14:35:51.231 10 INFO neutron.api.wsgi [req-44cc534d-5ccd-42b6-abc5-0498c8102cf7 req-40391aec-a8f7-4ad4-9693-c80f61683abc f6baec8987554a46a0c04386237faf87 1043303fd47849d2986738a43751a16d - - d5e82ed9ece74ce6a818325b5dba6f15 d5e82ed9ece74ce6a818325b5dba6f15] 199.204.45.132 "GET /v2.0/networks/ea833d1d-9b2f-4416-a789-3b628f9ecb86?fields=segments HTTP/1.1" status: 200 len: 212 time: 0.0380244
2026-05-19 14:35:51.281 10 INFO neutron.api.wsgi [req-44cc534d-5ccd-42b6-abc5-0498c8102cf7 req-1152cb05-2313-4cee-9aab-71977ffdd7ae f6baec8987554a46a0c04386237faf87 1043303fd47849d2986738a43751a16d - - d5e82ed9ece74ce6a818325b5dba6f15 d5e82ed9ece74ce6a818325b5dba6f15] 199.204.45.132 "GET /v2.0/networks/ea833d1d-9b2f-4416-a789-3b628f9ecb86?fields=provider%3Aphysical_network&fields=provider%3Anetwork_type HTTP/1.1" status: 200 len: 277 time: 0.0468769
2026-05-19 14:35:51.410 10 INFO neutron.notifiers.nova [-] Nova event matching ['req-97112c37-33fa-452a-b26d-6cff0618c487'] response: {'server_uuid': '57c3de27-615e-4a72-94b8-22f094db66b3', 'name': 'network-vif-deleted', 'tag': '465b8367-9bcd-4e9d-9df8-735d0fe7ea77', 'status': 'completed', 'code': 200}
2026-05-19 14:35:51.999 9 INFO neutron.api.wsgi [req-eadeff80-6afd-43e1-8aba-09159945bed1 req-be3d11aa-2b85-499b-9707-f699722551e3 ecd7ca9ea3334ffdb9b84ec34f3ff04b 266806b31e074858be1088601761d098 - - default default] 10.0.0.9 "GET /v2.0/ports?device_id=57c3de27-615e-4a72-94b8-22f094db66b3 HTTP/1.1" status: 200 len: 210 time: 0.0184860
2026-05-19 14:35:52.255 10 INFO neutron.api.wsgi [req-01696e1b-3b9c-4eb7-a35b-f3966c4bc0a0 req-1e22df7e-12ad-44d1-ac6c-9d348239076c 2effab8d8dcf4cbf8754c94a21cd7d66 ef244d8b1bb74d079fd29efa888c99a7 - - default default] 10.0.0.9 "GET /v2.0/ports?device_id=8dc9f3c1-2707-4bcc-9e49-67b142abeddd HTTP/1.1" status: 200 len: 1172 time: 0.0394990
2026-05-19 14:35:52.309 10 INFO neutron.api.wsgi [req-01696e1b-3b9c-4eb7-a35b-f3966c4bc0a0 req-7f50e9f3-1030-487c-bf94-edb9b757cb26 2effab8d8dcf4cbf8754c94a21cd7d66 ef244d8b1bb74d079fd29efa888c99a7 - - default default] 10.0.0.9 "GET /v2.0/security-groups?id=7851f7df-c944-4d4c-89ca-6d696bc87029&fields=id&fields=name HTTP/1.1" status: 200 len: 313 time: 0.0503922
2026-05-19 14:35:52.552 10 INFO neutron.api.wsgi [req-0676383c-9622-4020-af83-d5834958c4ab req-59e9465f-043a-4b1a-b8a5-722fd9170db2 f6baec8987554a46a0c04386237faf87 1043303fd47849d2986738a43751a16d - - d5e82ed9ece74ce6a818325b5dba6f15 d5e82ed9ece74ce6a818325b5dba6f15] 199.204.45.132 "GET /v2.0/ports?device_id=1d5bc08f-bb27-4dda-84ce-f56e9d81e397&fields=binding%3Ahost_id&fields=binding%3Avif_type HTTP/1.1" status: 200 len: 265 time: 0.0292256
2026-05-19 14:35:53.221 10 INFO neutron.api.wsgi [None req-4a8aa774-e1ef-4b8f-a840-0b957196d4fc ecd7ca9ea3334ffdb9b84ec34f3ff04b 266806b31e074858be1088601761d098 - - default default] 10.0.0.120 "DELETE /v2.0/security-groups/cc0110b1-e150-4cb6-bb61-611c7e486034 HTTP/1.1" status: 204 len: 168 time: 0.1421366
2026-05-19 14:35:53.237 10 INFO neutron.api.v2.resource [None req-57ffb3c7-e0e8-4943-9599-38c9127b785f ecd7ca9ea3334ffdb9b84ec34f3ff04b 266806b31e074858be1088601761d098 - - default default] show failed (client error): The resource could not be found.
2026-05-19 14:35:53.240 10 INFO neutron.api.wsgi [None req-57ffb3c7-e0e8-4943-9599-38c9127b785f ecd7ca9ea3334ffdb9b84ec34f3ff04b 266806b31e074858be1088601761d098 - - default default] 10.0.0.120 "GET /v2.0/security-groups/cc0110b1-e150-4cb6-bb61-611c7e486034 HTTP/1.1" status: 404 len: 347 time: 0.0135725
2026-05-19 14:35:53.249 9 INFO neutron.db.ovn_revision_numbers_db [None req-e1eb2b38-3119-423a-8fa8-281bf60fb966 2dde46222f0c4d05a92e6dc79753c2dc 8cf13f659408417abb79369600a91022 - - default default] Successfully bumped revision number for resource b35bfd6d-baa1-45d8-83a3-d09647edff36 (type: security_groups) to 1
2026-05-19 14:35:53.264 9 INFO neutron.db.ovn_revision_numbers_db [None req-e1eb2b38-3119-423a-8fa8-281bf60fb966 2dde46222f0c4d05a92e6dc79753c2dc 8cf13f659408417abb79369600a91022 - - default default] Successfully bumped revision number for resource 1a03e712-95ca-4469-8a2e-c729fd985ba6 (type: security_group_rules) to 0
2026-05-19 14:35:53.279 9 INFO neutron.db.ovn_revision_numbers_db [None req-e1eb2b38-3119-423a-8fa8-281bf60fb966 2dde46222f0c4d05a92e6dc79753c2dc 8cf13f659408417abb79369600a91022 - - default default] Successfully bumped revision number for resource 35fd602e-2674-45a5-a458-ecd0b224cccd (type: security_group_rules) to 0
2026-05-19 14:35:53.290 9 INFO neutron.db.ovn_revision_numbers_db [None req-e1eb2b38-3119-423a-8fa8-281bf60fb966 2dde46222f0c4d05a92e6dc79753c2dc 8cf13f659408417abb79369600a91022 - - default default] Successfully bumped revision number for resource 75179610-67ac-4cdc-a4b4-72aa73f8c12a (type: security_group_rules) to 0
2026-05-19 14:35:53.302 9 INFO neutron.db.ovn_revision_numbers_db [None req-e1eb2b38-3119-423a-8fa8-281bf60fb966 2dde46222f0c4d05a92e6dc79753c2dc 8cf13f659408417abb79369600a91022 - - default default] Successfully bumped revision number for resource c59348b9-502c-4f61-88e6-f0be1a6e8917 (type: security_group_rules) to 0
2026-05-19 14:35:53.339 9 INFO neutron.api.wsgi [None req-e1eb2b38-3119-423a-8fa8-281bf60fb966 2dde46222f0c4d05a92e6dc79753c2dc 8cf13f659408417abb79369600a91022 - - default default] 10.0.0.120 "GET /v2.0/security-groups?tenant_id=41fc03324f2447939669c936c1f55808&name=default HTTP/1.1" status: 200 len: 3120 time: 0.2963476
2026-05-19 14:35:53.408 9 INFO neutron.api.wsgi [req-aa3b09ae-af38-47b2-9d00-64863db2134d req-886bf952-4de2-4877-90b3-83da97254b2b 2effab8d8dcf4cbf8754c94a21cd7d66 ef244d8b1bb74d079fd29efa888c99a7 - - default default] 10.0.0.9 "GET /v2.0/ports?device_id=8dc9f3c1-2707-4bcc-9e49-67b142abeddd HTTP/1.1" status: 200 len: 1172 time: 0.0468066
2026-05-19 14:35:53.440 10 INFO neutron.plugins.ml2.drivers.ovn.mech_driver.mech_driver [None req-55b9938d-1c49-435a-bc22-fc2d0275fd0b - - - - - -] OVN reports status up for port: d68de866-57ca-471d-99a9-6335e54bcad2
2026-05-19 14:35:53.455 10 INFO neutron.plugins.ml2.plugin [None req-55b9938d-1c49-435a-bc22-fc2d0275fd0b - - - - - -] Attempt 1 to provision port d68de866-57ca-471d-99a9-6335e54bcad2
2026-05-19 14:35:53.460 9 INFO neutron.api.wsgi [req-aa3b09ae-af38-47b2-9d00-64863db2134d req-c762c510-795b-48c2-a4b0-c850fa17a330 2effab8d8dcf4cbf8754c94a21cd7d66 ef244d8b1bb74d079fd29efa888c99a7 - - default default] 10.0.0.9 "GET /v2.0/security-groups?id=7851f7df-c944-4d4c-89ca-6d696bc87029&fields=id&fields=name HTTP/1.1" status: 200 len: 313 time: 0.0450754
