2026-05-19 14:36:45.350 10 INFO neutron.api.wsgi [req-dd4b4174-99ae-4003-95cb-254d98b41640 req-d876f17c-e3a0-4885-b36b-544727b71f07 f6baec8987554a46a0c04386237faf87 1043303fd47849d2986738a43751a16d - - d5e82ed9ece74ce6a818325b5dba6f15 d5e82ed9ece74ce6a818325b5dba6f15] 199.204.45.132 "GET /v2.0/subnets?id=8b768cbd-a492-4079-b0aa-00679eb5c5b6 HTTP/1.1" status: 200 len: 894 time: 0.0400994 /var/lib/openstack/lib/python3.12/site-packages/pycadf/identifier.py:71: UserWarning: Invalid uuid: neutron. To ensure interoperability, identifiers should be a valid uuid. warnings.warn(('Invalid uuid: %s. To ensure interoperability, '
2026-05-19 14:36:45.376 10 INFO neutron.api.wsgi [req-dd4b4174-99ae-4003-95cb-254d98b41640 req-7c038de2-f4b0-4b60-8394-a715839c3d88 f6baec8987554a46a0c04386237faf87 1043303fd47849d2986738a43751a16d - - d5e82ed9ece74ce6a818325b5dba6f15 d5e82ed9ece74ce6a818325b5dba6f15] 199.204.45.132 "GET /v2.0/ports?network_id=1bb96f5d-af04-4701-8f12-708e842023ba&device_owner=network%3Adhcp HTTP/1.1" status: 200 len: 210 time: 0.0185108
2026-05-19 14:36:45.399 9 INFO neutron.api.wsgi [req-fa7e7354-817e-414a-9fd5-04fb5d47242c req-71f409f4-fd33-4571-8095-1d5dd78dbec2 bb502a3d932b4eabbfa19196e0174f81 75c7509465e64d918261073e227ba6ce - - default default] 10.0.0.9 "GET /v2.0/ports?device_id=c36b8f4f-4f03-4fbe-8160-984f11c7b1fe HTTP/1.1" status: 200 len: 1172 time: 0.0819030
2026-05-19 14:36:45.422 10 INFO neutron.api.wsgi [req-dd4b4174-99ae-4003-95cb-254d98b41640 req-e7264adf-8550-452f-9863-c2ce0809a707 f6baec8987554a46a0c04386237faf87 1043303fd47849d2986738a43751a16d - - d5e82ed9ece74ce6a818325b5dba6f15 d5e82ed9ece74ce6a818325b5dba6f15] 199.204.45.132 "GET /v2.0/networks/1bb96f5d-af04-4701-8f12-708e842023ba?fields=segments HTTP/1.1" status: 200 len: 212 time: 0.0417616
2026-05-19 14:36:45.436 9 INFO neutron.api.wsgi [req-fa7e7354-817e-414a-9fd5-04fb5d47242c req-21d5859a-8c26-4ac4-ae0e-2324216ec41e bb502a3d932b4eabbfa19196e0174f81 75c7509465e64d918261073e227ba6ce - - default default] 10.0.0.9 "GET /v2.0/security-groups?id=711b3858-e204-4fe8-8445-1156c7f83329&fields=id&fields=name HTTP/1.1" status: 200 len: 286 time: 0.0309224
2026-05-19 14:36:45.473 10 INFO neutron.api.wsgi [req-dd4b4174-99ae-4003-95cb-254d98b41640 req-6db19c0d-251c-46f6-9ace-9277e4a10689 f6baec8987554a46a0c04386237faf87 1043303fd47849d2986738a43751a16d - - d5e82ed9ece74ce6a818325b5dba6f15 d5e82ed9ece74ce6a818325b5dba6f15] 199.204.45.132 "GET /v2.0/networks/1bb96f5d-af04-4701-8f12-708e842023ba?fields=provider%3Aphysical_network&fields=provider%3Anetwork_type HTTP/1.1" status: 200 len: 277 time: 0.0450413
2026-05-19 14:36:45.568 9 INFO neutron.api.wsgi [None req-492cf729-8747-4fee-b24e-8b909ebb71a8 a915ca5dcdc2445b9b11fb111873d33a 41626bee1ff144c1b4069e0ff9ac1ea2 - - default default] 10.0.0.120 "GET /v2.0/ports?device_id=287bb84c-5e89-4ecb-a1e0-96a2854896e6 HTTP/1.1" status: 200 len: 1443 time: 0.3170884
2026-05-19 14:36:45.615 10 INFO neutron.api.wsgi [req-3e18d108-89e5-4caf-9288-00926f77f5a2 req-018991fa-e36c-4b3e-b837-2449afc8d0da 2effab8d8dcf4cbf8754c94a21cd7d66 ef244d8b1bb74d079fd29efa888c99a7 - - default default] 10.0.0.9 "GET /v2.0/ports?device_id=8dc9f3c1-2707-4bcc-9e49-67b142abeddd HTTP/1.1" status: 200 len: 1172 time: 0.0409904
2026-05-19 14:36:45.634 9 INFO neutron.api.wsgi [None req-d2a67cdd-b35f-4bcf-83ca-0853d4a9aa8a 18241851ce634ece8cc18dcbd48512dc aafebb9105e94d9996b4301f5ee22c47 - - default default] 10.0.0.120 "GET /v2.0/floatingips?floating_network_id=15e0633e-2665-4bde-9c99-e06e27860dcb&port_id=b28e1bf1-e1ef-4988-b65e-45bfa62bf7db HTTP/1.1" status: 200 len: 1054 time: 0.0608439
2026-05-19 14:36:45.655 10 INFO neutron.api.wsgi [req-3e18d108-89e5-4caf-9288-00926f77f5a2 req-81ce05b7-f26e-415b-adcf-87cde2da111c 2effab8d8dcf4cbf8754c94a21cd7d66 ef244d8b1bb74d079fd29efa888c99a7 - - default default] 10.0.0.9 "GET /v2.0/security-groups?id=7851f7df-c944-4d4c-89ca-6d696bc87029&fields=id&fields=name HTTP/1.1" status: 200 len: 313 time: 0.0361423
2026-05-19 14:36:45.869 10 INFO neutron.api.wsgi [req-7e678dbb-a5c3-4246-8ed4-96f5930d460b req-a04cb74f-0d6b-40cb-a451-44806523a389 f6baec8987554a46a0c04386237faf87 1043303fd47849d2986738a43751a16d - - d5e82ed9ece74ce6a818325b5dba6f15 d5e82ed9ece74ce6a818325b5dba6f15] 10.0.0.166 "GET /v2.0/ports?device_id=287bb84c-5e89-4ecb-a1e0-96a2854896e6 HTTP/1.1" status: 200 len: 1448 time: 0.0384648
2026-05-19 14:36:45.913 10 INFO neutron.api.wsgi [req-7e678dbb-a5c3-4246-8ed4-96f5930d460b req-7ad89b5e-ef8f-468f-a7df-510042208f22 f6baec8987554a46a0c04386237faf87 1043303fd47849d2986738a43751a16d - - d5e82ed9ece74ce6a818325b5dba6f15 d5e82ed9ece74ce6a818325b5dba6f15] 10.0.0.166 "GET /v2.0/security-groups?id=0795e5f3-3fad-4164-8ab6-6ef59261daf2&id=f260013b-5b64-4a0f-b7c4-5e46d31a3a81&fields=id&fields=name HTTP/1.1" status: 200 len: 406 time: 0.0379105
2026-05-19 14:36:46.236 10 INFO neutron.api.wsgi [req-f59bf653-90d6-4571-b490-1e3c01814261 req-6b569145-0688-4a79-b573-455f8b8157d7 2effab8d8dcf4cbf8754c94a21cd7d66 ef244d8b1bb74d079fd29efa888c99a7 - - default default] 199.204.45.132 "GET /v2.0/ports?device_id=8dc9f3c1-2707-4bcc-9e49-67b142abeddd HTTP/1.1" status: 200 len: 1172 time: 0.0457318
2026-05-19 14:36:46.525 10 INFO neutron.api.wsgi [req-f59bf653-90d6-4571-b490-1e3c01814261 req-3ca388a2-0261-46e9-926a-c5ad4a991f1a 2effab8d8dcf4cbf8754c94a21cd7d66 ef244d8b1bb74d079fd29efa888c99a7 - - default default] 199.204.45.132 "DELETE /v2.0/ports/d68de866-57ca-471d-99a9-6335e54bcad2 HTTP/1.1" status: 204 len: 173 time: 0.2859602
2026-05-19 14:36:46.540 10 INFO neutron.api.wsgi [req-111f51bc-532e-4755-bb36-116adbd736be req-0aac7380-e578-4805-a2f6-c3d09e0b4287 bb502a3d932b4eabbfa19196e0174f81 75c7509465e64d918261073e227ba6ce - - default default] 10.0.0.9 "GET /v2.0/ports?device_id=c36b8f4f-4f03-4fbe-8160-984f11c7b1fe HTTP/1.1" status: 200 len: 1172 time: 0.0457594
2026-05-19 14:36:46.578 10 INFO neutron.api.wsgi [req-111f51bc-532e-4755-bb36-116adbd736be req-5ec3e5af-6d8c-4eec-b91c-a8c3c12ffa34 bb502a3d932b4eabbfa19196e0174f81 75c7509465e64d918261073e227ba6ce - - default default] 10.0.0.9 "GET /v2.0/security-groups?id=711b3858-e204-4fe8-8445-1156c7f83329&fields=id&fields=name HTTP/1.1" status: 200 len: 286 time: 0.0325358
2026-05-19 14:36:46.586 9 INFO neutron.db.ovn_revision_numbers_db [None req-a2e54b59-28aa-4c81-a6e4-0ce4b1c5b346 2dde46222f0c4d05a92e6dc79753c2dc 8cf13f659408417abb79369600a91022 - - default default] Successfully bumped revision number for resource d1f542f9-7ec1-42e1-9151-4471bf4b6470 (type: security_groups) to 1
2026-05-19 14:36:46.609 9 INFO neutron.db.ovn_revision_numbers_db [None req-a2e54b59-28aa-4c81-a6e4-0ce4b1c5b346 2dde46222f0c4d05a92e6dc79753c2dc 8cf13f659408417abb79369600a91022 - - default default] Successfully bumped revision number for resource 476d123d-fe3f-4f24-8d56-c3c4ceea55d6 (type: security_group_rules) to 0
2026-05-19 14:36:46.620 9 INFO neutron.db.ovn_revision_numbers_db [None req-a2e54b59-28aa-4c81-a6e4-0ce4b1c5b346 2dde46222f0c4d05a92e6dc79753c2dc 8cf13f659408417abb79369600a91022 - - default default] Successfully bumped revision number for resource 625e92f8-9f39-47e0-a0b2-b25c65a09024 (type: security_group_rules) to 0
2026-05-19 14:36:46.631 9 INFO neutron.db.ovn_revision_numbers_db [None req-a2e54b59-28aa-4c81-a6e4-0ce4b1c5b346 2dde46222f0c4d05a92e6dc79753c2dc 8cf13f659408417abb79369600a91022 - - default default] Successfully bumped revision number for resource e317ba0b-f321-4d25-a0b5-9452ccd7f7a0 (type: security_group_rules) to 0
2026-05-19 14:36:46.645 9 INFO neutron.db.ovn_revision_numbers_db [None req-a2e54b59-28aa-4c81-a6e4-0ce4b1c5b346 2dde46222f0c4d05a92e6dc79753c2dc 8cf13f659408417abb79369600a91022 - - default default] Successfully bumped revision number for resource edfd85ab-5915-4d7c-9657-d0f7042c91b8 (type: security_group_rules) to 0
2026-05-19 14:36:46.680 9 INFO neutron.api.wsgi [None req-a2e54b59-28aa-4c81-a6e4-0ce4b1c5b346 2dde46222f0c4d05a92e6dc79753c2dc 8cf13f659408417abb79369600a91022 - - default default] 10.0.0.120 "GET /v2.0/security-groups?tenant_id=3a5af1f4eb3d430cbf9f136fb9713c8e&name=default HTTP/1.1" status: 200 len: 3120 time: 0.3002267
2026-05-19 14:36:46.732 9 INFO neutron.api.wsgi [req-b48aa1fa-ee2e-43c6-b60a-1053793a708a req-14e8c05f-c6b6-44ad-8553-0fbfce87b25e 2effab8d8dcf4cbf8754c94a21cd7d66 ef244d8b1bb74d079fd29efa888c99a7 - - default default] 10.0.0.9 "GET /v2.0/ports?device_id=8dc9f3c1-2707-4bcc-9e49-67b142abeddd HTTP/1.1" status: 200 len: 210 time: 0.0171337
2026-05-19 14:36:46.894 9 INFO neutron.api.wsgi [None req-f11bd775-3c7b-4866-8acf-d6929a3e6f47 2dde46222f0c4d05a92e6dc79753c2dc 8cf13f659408417abb79369600a91022 - - default default] 10.0.0.120 "DELETE /v2.0/security-groups/d1f542f9-7ec1-42e1-9151-4471bf4b6470 HTTP/1.1" status: 204 len: 168 time: 0.2091670
2026-05-19 14:36:47.344 10 INFO neutron.notifiers.nova [-] Nova event matching ['req-d09755e8-ebb9-44d1-8b15-01a186f42d89'] response: {'server_uuid': '8dc9f3c1-2707-4bcc-9e49-67b142abeddd', 'name': 'network-vif-unplugged', 'status': 'completed', 'tag': 'd68de866-57ca-471d-99a9-6335e54bcad2', 'code': 200}
2026-05-19 14:36:47.344 10 INFO neutron.notifiers.nova [-] Nova event matching ['req-d09755e8-ebb9-44d1-8b15-01a186f42d89'] response: {'server_uuid': '8dc9f3c1-2707-4bcc-9e49-67b142abeddd', 'name': 'network-vif-deleted', 'tag': 'd68de866-57ca-471d-99a9-6335e54bcad2', 'status': 'completed', 'code': 200}
2026-05-19 14:36:47.632 9 INFO neutron.plugins.ml2.drivers.ovn.mech_driver.mech_driver [None req-eb7bea8c-374b-4c55-be16-429c0fb40c7d - - - - - -] OVN reports status up for port: 0f8e348f-fed8-431e-8173-0b251e51bf0b
2026-05-19 14:36:47.650 9 INFO neutron.plugins.ml2.plugin [None req-eb7bea8c-374b-4c55-be16-429c0fb40c7d - - - - - -] Attempt 1 to provision port 0f8e348f-fed8-431e-8173-0b251e51bf0b
2026-05-19 14:36:47.719 9 INFO neutron.api.wsgi [req-d8858a58-703e-4554-9d8d-c55069f62502 req-40ca2382-7ea9-4d1f-ac23-e7e1745fe32f bb502a3d932b4eabbfa19196e0174f81 75c7509465e64d918261073e227ba6ce - - default default] 10.0.0.9 "GET /v2.0/ports?device_id=c36b8f4f-4f03-4fbe-8160-984f11c7b1fe HTTP/1.1" status: 200 len: 1172 time: 0.0394044
2026-05-19 14:36:47.784 9 INFO neutron.api.wsgi [req-d8858a58-703e-4554-9d8d-c55069f62502 req-1d8fc563-a5e2-4098-a161-c17176ae53b7 bb502a3d932b4eabbfa19196e0174f81 75c7509465e64d918261073e227ba6ce - - default default] 10.0.0.9 "GET /v2.0/security-groups?id=711b3858-e204-4fe8-8445-1156c7f83329&fields=id&fields=name HTTP/1.1" status: 200 len: 286 time: 0.0601537
2026-05-19 14:36:47.821 9 INFO neutron.notifiers.nova [-] Nova event matching ['req-d4e144f5-d3da-415e-bd2e-16548d02d17f'] response: {'server_uuid': 'c36b8f4f-4f03-4fbe-8160-984f11c7b1fe', 'name': 'network-vif-plugged', 'status': 'completed', 'tag': '0f8e348f-fed8-431e-8173-0b251e51bf0b', 'code': 200}
2026-05-19 14:36:47.845 10 INFO neutron.api.wsgi [req-2b2f53b4-42f3-489c-8791-0aa9d45ccf31 req-555f0d84-0893-4f0e-a29b-ac51a811eeed 2effab8d8dcf4cbf8754c94a21cd7d66 ef244d8b1bb74d079fd29efa888c99a7 - - default default] 10.0.0.9 "GET /v2.0/ports?device_id=8dc9f3c1-2707-4bcc-9e49-67b142abeddd HTTP/1.1" status: 200 len: 210 time: 0.0258148
2026-05-19 14:36:47.939 9 INFO neutron.db.ovn_revision_numbers_db [None req-eb7bea8c-374b-4c55-be16-429c0fb40c7d - - - - - -] Successfully bumped revision number for resource 0f8e348f-fed8-431e-8173-0b251e51bf0b (type: ports) to 5
2026-05-19 14:36:48.148 10 INFO neutron.api.wsgi [req-7ea72953-bf41-4cc5-8a9c-f7a64f417a1e req-2bcf1b23-2b43-4a0f-aa70-a3b35ca2eedd 18241851ce634ece8cc18dcbd48512dc aafebb9105e94d9996b4301f5ee22c47 - - default default] 10.0.0.9 "GET /v2.0/ports?device_id=287bb84c-5e89-4ecb-a1e0-96a2854896e6 HTTP/1.1" status: 200 len: 1210 time: 0.0760009
2026-05-19 14:36:48.208 10 INFO neutron.api.wsgi [req-7ea72953-bf41-4cc5-8a9c-f7a64f417a1e req-b2fa9230-3536-4b1b-972e-72a9520d70bf 18241851ce634ece8cc18dcbd48512dc aafebb9105e94d9996b4301f5ee22c47 - - default default] 10.0.0.9 "GET /v2.0/security-groups?id=f260013b-5b64-4a0f-b7c4-5e46d31a3a81&id=0795e5f3-3fad-4164-8ab6-6ef59261daf2&fields=id&fields=name HTTP/1.1" status: 200 len: 406 time: 0.0526619
2026-05-19 14:36:48.640 10 INFO neutron.plugins.ml2.drivers.ovn.mech_driver.mech_driver [None req-e6b9af0d-b02e-4f1a-97c4-32480bc08389 - - - - - -] OVN reports status down for port: b28e1bf1-e1ef-4988-b65e-45bfa62bf7db /var/lib/openstack/lib/python3.12/site-packages/pycadf/identifier.py:71: UserWarning: Invalid uuid: neutron. To ensure interoperability, identifiers should be a valid uuid. warnings.warn(('Invalid uuid: %s. To ensure interoperability, '
2026-05-19 14:36:48.885 9 INFO neutron.api.wsgi [req-8e3b4f91-f531-4b4b-8bd5-7366fa087909 req-781b0cec-dc9e-4b1f-8322-8fed8108a769 bb502a3d932b4eabbfa19196e0174f81 75c7509465e64d918261073e227ba6ce - - default default] 10.0.0.9 "GET /v2.0/ports?device_id=c36b8f4f-4f03-4fbe-8160-984f11c7b1fe HTTP/1.1" status: 200 len: 1174 time: 0.0333326
2026-05-19 14:36:48.896 10 INFO neutron.db.ovn_revision_numbers_db [None req-e6b9af0d-b02e-4f1a-97c4-32480bc08389 - - - - - -] Successfully bumped revision number for resource b28e1bf1-e1ef-4988-b65e-45bfa62bf7db (type: ports) to 6
2026-05-19 14:36:48.926 9 INFO neutron.api.wsgi [req-8e3b4f91-f531-4b4b-8bd5-7366fa087909 req-1088839a-7ce5-4126-939a-afc3fa2afbcd bb502a3d932b4eabbfa19196e0174f81 75c7509465e64d918261073e227ba6ce - - default default] 10.0.0.9 "GET /v2.0/security-groups?id=711b3858-e204-4fe8-8445-1156c7f83329&fields=id&fields=name HTTP/1.1" status: 200 len: 286 time: 0.0346386
2026-05-19 14:36:48.957 10 INFO neutron.api.wsgi [req-a9e939a1-ca79-42bf-a148-e20f0558d46c req-10104ad6-18db-46e5-b1d3-5cd0707d6371 2effab8d8dcf4cbf8754c94a21cd7d66 ef244d8b1bb74d079fd29efa888c99a7 - - default default] 10.0.0.9 "GET /v2.0/ports?device_id=8dc9f3c1-2707-4bcc-9e49-67b142abeddd HTTP/1.1" status: 200 len: 210 time: 0.0239418
2026-05-19 14:36:49.315 9 INFO neutron.api.wsgi [req-fdc81d07-02e9-4cdb-a8b7-dac99f2b1b9c req-e58439c6-095a-472a-a9a0-6d85493fb4f8 18241851ce634ece8cc18dcbd48512dc aafebb9105e94d9996b4301f5ee22c47 - - default default] 10.0.0.9 "GET /v2.0/ports?device_id=287bb84c-5e89-4ecb-a1e0-96a2854896e6 HTTP/1.1" status: 200 len: 1208 time: 0.0450053 /var/lib/openstack/lib/python3.12/site-packages/pycadf/identifier.py:71: UserWarning: Invalid uuid: neutron. To ensure interoperability, identifiers should be a valid uuid. warnings.warn(('Invalid uuid: %s. To ensure interoperability, '
2026-05-19 14:36:49.357 9 INFO neutron.api.wsgi [None req-f34cbe16-11fb-4c85-9299-6174ccded799 2dde46222f0c4d05a92e6dc79753c2dc 8cf13f659408417abb79369600a91022 - - default default] 10.0.0.186 "GET /v2.0/floatingips HTTP/1.1" status: 200 len: 1033 time: 0.1889718
2026-05-19 14:36:49.362 9 INFO neutron.api.wsgi [req-fdc81d07-02e9-4cdb-a8b7-dac99f2b1b9c req-05b23ed7-2b93-4813-bb20-0a9a6b02cccc 18241851ce634ece8cc18dcbd48512dc aafebb9105e94d9996b4301f5ee22c47 - - default default] 10.0.0.9 "GET /v2.0/security-groups?id=f260013b-5b64-4a0f-b7c4-5e46d31a3a81&id=0795e5f3-3fad-4164-8ab6-6ef59261daf2&fields=id&fields=name HTTP/1.1" status: 200 len: 406 time: 0.0399811
2026-05-19 14:36:49.388 10 INFO neutron.notifiers.nova [-] Nova event matching ['req-31566313-154f-454f-93e4-bff28bddb1db'] response: {'server_uuid': '287bb84c-5e89-4ecb-a1e0-96a2854896e6', 'name': 'network-vif-unplugged', 'status': 'completed', 'tag': 'b28e1bf1-e1ef-4988-b65e-45bfa62bf7db', 'code': 200}
2026-05-19 14:36:49.388 10 INFO neutron.notifiers.nova [-] Nova event matching ['req-31566313-154f-454f-93e4-bff28bddb1db'] response: {'server_uuid': '287bb84c-5e89-4ecb-a1e0-96a2854896e6', 'name': 'network-vif-unplugged', 'status': 'completed', 'tag': 'b28e1bf1-e1ef-4988-b65e-45bfa62bf7db', 'code': 200}
2026-05-19 14:36:49.443 9 INFO neutron.api.wsgi [None req-2bde2bbe-d524-4b54-b815-ca5b60d5efc0 2dde46222f0c4d05a92e6dc79753c2dc 8cf13f659408417abb79369600a91022 - - default default] 10.0.0.186 "GET /v2.0/ports HTTP/1.1" status: 200 len: 21683 time: 0.0848858
2026-05-19 14:36:49.497 10 INFO neutron.db.ovn_revision_numbers_db [None req-fc1cc1d5-cd4d-480b-b3f3-a1de047ac13b 2dde46222f0c4d05a92e6dc79753c2dc 8cf13f659408417abb79369600a91022 - - default default] Successfully bumped revision number for resource 1f50f07e-d4f0-4a28-bde6-165558fa6073 (type: security_groups) to 1
2026-05-19 14:36:49.518 10 INFO neutron.db.ovn_revision_numbers_db [None req-fc1cc1d5-cd4d-480b-b3f3-a1de047ac13b 2dde46222f0c4d05a92e6dc79753c2dc 8cf13f659408417abb79369600a91022 - - default default] Successfully bumped revision number for resource 23550f07-b226-40e5-9bbb-426191d40dec (type: security_group_rules) to 0
2026-05-19 14:36:49.540 9 INFO neutron.api.wsgi [None req-31fc415b-4fe0-4a0f-97f5-94f27ee08189 2dde46222f0c4d05a92e6dc79753c2dc 8cf13f659408417abb79369600a91022 - - default default] 10.0.0.186 "GET /v2.0/routers HTTP/1.1" status: 200 len: 4040 time: 0.0809593
2026-05-19 14:36:49.546 10 INFO neutron.db.ovn_revision_numbers_db [None req-fc1cc1d5-cd4d-480b-b3f3-a1de047ac13b 2dde46222f0c4d05a92e6dc79753c2dc 8cf13f659408417abb79369600a91022 - - default default] Successfully bumped revision number for resource 37c2c1be-ae87-41a7-bc96-982e02c24f40 (type: security_group_rules) to 0
2026-05-19 14:36:49.555 9 INFO neutron.api.wsgi [None req-883bcb4e-5604-402d-9f83-a2c76428a295 2dde46222f0c4d05a92e6dc79753c2dc 8cf13f659408417abb79369600a91022 - - default default] 10.0.0.186 "GET /v2.0/agents?binary=ovn-controller HTTP/1.1" status: 200 len: 591 time: 0.0130637
2026-05-19 14:36:49.565 10 INFO neutron.db.ovn_revision_numbers_db [None req-fc1cc1d5-cd4d-480b-b3f3-a1de047ac13b 2dde46222f0c4d05a92e6dc79753c2dc 8cf13f659408417abb79369600a91022 - - default default] Successfully bumped revision number for resource a013830f-b069-4cef-8e1f-1cb7f946a841 (type: security_group_rules) to 0
2026-05-19 14:36:49.577 10 INFO neutron.db.ovn_revision_numbers_db [None req-fc1cc1d5-cd4d-480b-b3f3-a1de047ac13b 2dde46222f0c4d05a92e6dc79753c2dc 8cf13f659408417abb79369600a91022 - - default default] Successfully bumped revision number for resource e3c4cbaa-48be-4c1a-b25d-7a152c33330b (type: security_group_rules) to 0
2026-05-19 14:36:49.592 9 INFO neutron.api.wsgi [None req-613efba8-ac6e-49c1-b2c3-d7b9e92185f4 2dde46222f0c4d05a92e6dc79753c2dc 8cf13f659408417abb79369600a91022 - - default default] 10.0.0.186 "GET /v2.0/subnets HTTP/1.1" status: 200 len: 4184 time: 0.0339239
2026-05-19 14:36:49.599 9 INFO neutron.api.wsgi [None req-c745c346-00e9-4069-9eaa-733113016e9d 2dde46222f0c4d05a92e6dc79753c2dc 8cf13f659408417abb79369600a91022 - - default default] 10.0.0.186 "GET /v2.0/subnetpools HTTP/1.1" status: 200 len: 193 time: 0.0060925
2026-05-19 14:36:49.614 10 INFO neutron.api.wsgi [None req-fc1cc1d5-cd4d-480b-b3f3-a1de047ac13b 2dde46222f0c4d05a92e6dc79753c2dc 8cf13f659408417abb79369600a91022 - - default default] 10.0.0.120 "GET /v2.0/security-groups?tenant_id=0be5f7e48a1f43c69473be884d58adac&name=default HTTP/1.1" status: 200 len: 3120 time: 0.3300707
2026-05-19 14:36:49.644 9 INFO neutron.api.wsgi [None req-872df554-7e34-450f-b927-cdc14c9352da 2dde46222f0c4d05a92e6dc79753c2dc 8cf13f659408417abb79369600a91022 - - default default] 10.0.0.186 "GET /v2.0/security-groups HTTP/1.1" status: 200 len: 45647 time: 0.0438123
2026-05-19 14:36:49.692 9 INFO neutron.api.wsgi [None req-af0a83e5-f638-478f-ad76-80211d100e1e 2dde46222f0c4d05a92e6dc79753c2dc 8cf13f659408417abb79369600a91022 - - default default] 10.0.0.186 "GET /v2.0/subnets HTTP/1.1" status: 200 len: 4184 time: 0.0317502
2026-05-19 14:36:49.704 9 INFO neutron.api.wsgi [None req-1e1eb887-7dcc-406a-87bd-595687364190 2dde46222f0c4d05a92e6dc79753c2dc 8cf13f659408417abb79369600a91022 - - default default] 10.0.0.186 "GET /v2.0/agents HTTP/1.1" status: 200 len: 1390 time: 0.0096288
2026-05-19 14:36:49.760 9 INFO neutron.api.wsgi [None req-dc5cd22c-00f2-4dd7-b64c-21f9fe06d53b 2dde46222f0c4d05a92e6dc79753c2dc 8cf13f659408417abb79369600a91022 - - default default] 10.0.0.186 "GET /v2.0/networks HTTP/1.1" status: 200 len: 5370 time: 0.0554938
2026-05-19 14:36:49.776 9 INFO neutron.api.wsgi [None req-eb9df7d4-1746-46db-9e16-c75144c35005 2dde46222f0c4d05a92e6dc79753c2dc 8cf13f659408417abb79369600a91022 - - default default] 10.0.0.186 "GET /v2.0/network-ip-availabilities HTTP/1.1" status: 200 len: 3145 time: 0.0132923
2026-05-19 14:36:49.845 10 INFO neutron.api.wsgi [None req-894e2581-77ac-4726-8351-c0eb51902744 2dde46222f0c4d05a92e6dc79753c2dc 8cf13f659408417abb79369600a91022 - - default default] 10.0.0.120 "DELETE /v2.0/security-groups/1f50f07e-d4f0-4a28-bde6-165558fa6073 HTTP/1.1" status: 204 len: 168 time: 0.2237470
2026-05-19 14:36:49.858 9 INFO neutron.notifiers.nova [-] Nova event matching ['req-d51f5bff-b55d-48d4-84af-740c7bcc998c'] response: {'server_uuid': 'c36b8f4f-4f03-4fbe-8160-984f11c7b1fe', 'name': 'network-vif-plugged', 'status': 'completed', 'tag': '0f8e348f-fed8-431e-8173-0b251e51bf0b', 'code': 200}
2026-05-19 14:36:49.891 10 INFO neutron.api.wsgi [req-f848caba-e635-452a-bb75-8f5d8f609d62 req-cf767c55-1b56-4891-a09a-90ac29d4a607 18241851ce634ece8cc18dcbd48512dc aafebb9105e94d9996b4301f5ee22c47 - - default default] 199.204.45.132 "GET /v2.0/ports?device_id=287bb84c-5e89-4ecb-a1e0-96a2854896e6 HTTP/1.1" status: 200 len: 1208 time: 0.0444236
2026-05-19 14:36:50.092 10 INFO neutron.api.wsgi [req-de479ba1-7c94-4574-9203-fc847d360d20 req-7c3da164-87b5-400b-af55-9e2f92d0d479 bb502a3d932b4eabbfa19196e0174f81 75c7509465e64d918261073e227ba6ce - - default default] 10.0.0.9 "GET /v2.0/ports?device_id=c36b8f4f-4f03-4fbe-8160-984f11c7b1fe HTTP/1.1" status: 200 len: 1174 time: 0.0915799
2026-05-19 14:36:50.159 10 INFO neutron.api.wsgi [req-de479ba1-7c94-4574-9203-fc847d360d20 req-b6c40664-5d1e-4970-bb87-f00e74d6edf5 bb502a3d932b4eabbfa19196e0174f81 75c7509465e64d918261073e227ba6ce - - default default] 10.0.0.9 "GET /v2.0/security-groups?id=711b3858-e204-4fe8-8445-1156c7f83329&fields=id&fields=name HTTP/1.1" status: 200 len: 286 time: 0.0629072
2026-05-19 14:36:50.182 9 INFO neutron.api.wsgi [None req-039b6936-4df5-4a8c-b6f2-35929e6edee8 2effab8d8dcf4cbf8754c94a21cd7d66 ef244d8b1bb74d079fd29efa888c99a7 - - default default] 10.0.0.120 "DELETE /v2.0/security-groups/7851f7df-c944-4d4c-89ca-6d696bc87029 HTTP/1.1" status: 204 len: 168 time: 0.1698072
2026-05-19 14:36:50.287 10 INFO neutron.db.l3_db [req-f848caba-e635-452a-bb75-8f5d8f609d62 req-cc09e024-8724-49dd-947f-8fbf5fa30bab 18241851ce634ece8cc18dcbd48512dc aafebb9105e94d9996b4301f5ee22c47 - - default default] Floating IP b535a82b-8e01-4343-a3f3-16ff47474965 disassociated. External IP: 10.96.250.213, port: b28e1bf1-e1ef-4988-b65e-45bfa62bf7db.
2026-05-19 14:36:50.413 10 INFO neutron.api.wsgi [req-f848caba-e635-452a-bb75-8f5d8f609d62 req-cc09e024-8724-49dd-947f-8fbf5fa30bab 18241851ce634ece8cc18dcbd48512dc aafebb9105e94d9996b4301f5ee22c47 - - default default] 199.204.45.132 "DELETE /v2.0/ports/b28e1bf1-e1ef-4988-b65e-45bfa62bf7db HTTP/1.1" status: 204 len: 173 time: 0.5179460 /var/lib/openstack/lib/python3.12/site-packages/pycadf/identifier.py:71: UserWarning: Invalid uuid: neutron. To ensure interoperability, identifiers should be a valid uuid. warnings.warn(('Invalid uuid: %s. To ensure interoperability, '
2026-05-19 14:36:50.441 9 INFO neutron.api.wsgi [req-857b8e22-690e-4260-b2d9-e26681f9ad2a req-94b391b9-6e13-4e58-8753-cfbf4d128a83 18241851ce634ece8cc18dcbd48512dc aafebb9105e94d9996b4301f5ee22c47 - - default default] 10.0.0.9 "GET /v2.0/ports?device_id=287bb84c-5e89-4ecb-a1e0-96a2854896e6 HTTP/1.1" status: 200 len: 210 time: 0.0184178
2026-05-19 14:36:50.481 10 INFO neutron.api.wsgi [req-3d73cdd0-a0f7-4964-b2a2-4b7fa8fa7bbc req-c075ada5-38df-47c5-ab70-029f53ecbca8 bb502a3d932b4eabbfa19196e0174f81 75c7509465e64d918261073e227ba6ce - - default default] 10.0.0.9 "GET /v2.0/ports?device_id=c36b8f4f-4f03-4fbe-8160-984f11c7b1fe HTTP/1.1" status: 200 len: 1174 time: 0.0343969
2026-05-19 14:36:50.517 10 INFO neutron.api.wsgi [req-3d73cdd0-a0f7-4964-b2a2-4b7fa8fa7bbc req-6c4b2e24-5fb9-40b4-a063-02b294325d6b bb502a3d932b4eabbfa19196e0174f81 75c7509465e64d918261073e227ba6ce - - default default] 10.0.0.9 "GET /v2.0/security-groups?id=711b3858-e204-4fe8-8445-1156c7f83329&fields=id&fields=name HTTP/1.1" status: 200 len: 286 time: 0.0300519
2026-05-19 14:36:50.977 10 INFO neutron.api.wsgi [-] 10.0.0.154 "GET / HTTP/1.1" status: 200 len: 245 time: 0.0023615
2026-05-19 14:36:50.980 10 INFO neutron.api.wsgi [-] 10.0.0.154 "GET / HTTP/1.1" status: 200 len: 245 time: 0.0014710
2026-05-19 14:36:50.980 9 INFO neutron.plugins.ml2.drivers.ovn.mech_driver.mech_driver [None req-cf42c44f-1e50-4af2-8b8a-4ffc3b6ba09f - - - - - -] OVN reports status down for port: 0f8e348f-fed8-431e-8173-0b251e51bf0b
2026-05-19 14:36:51.062 9 INFO neutron.api.wsgi [None req-642bd051-dec7-48b3-9220-50a278d15200 2effab8d8dcf4cbf8754c94a21cd7d66 ef244d8b1bb74d079fd29efa888c99a7 - - default default] 10.0.0.120 "PUT /v2.0/routers/23b6435f-0591-45c6-ba0a-db065fe2ccf0/remove_router_interface HTTP/1.1" status: 200 len: 503 time: 0.8500240 /var/lib/openstack/lib/python3.12/site-packages/pycadf/identifier.py:71: UserWarning: Invalid uuid: neutron. To ensure interoperability, identifiers should be a valid uuid. warnings.warn(('Invalid uuid: %s. To ensure interoperability, '
2026-05-19 14:36:51.253 9 INFO neutron.api.wsgi [None req-e8d492e9-7061-4e16-888f-540b88eaf7b2 2effab8d8dcf4cbf8754c94a21cd7d66 ef244d8b1bb74d079fd29efa888c99a7 - - default default] 10.0.0.120 "DELETE /v2.0/subnets/35ec4296-ac3d-457e-8df8-31d35f5733b0 HTTP/1.1" status: 204 len: 168 time: 0.1878524
2026-05-19 14:36:51.281 9 INFO neutron.db.ovn_revision_numbers_db [None req-cf42c44f-1e50-4af2-8b8a-4ffc3b6ba09f - - - - - -] Successfully bumped revision number for resource 0f8e348f-fed8-431e-8173-0b251e51bf0b (type: ports) to 6
2026-05-19 14:36:51.424 10 INFO neutron.notifiers.nova [-] Nova event matching ['req-2a80f419-16ca-4abf-90e3-d53b5d2745a4'] response: {'server_uuid': '287bb84c-5e89-4ecb-a1e0-96a2854896e6', 'name': 'network-vif-deleted', 'tag': 'b28e1bf1-e1ef-4988-b65e-45bfa62bf7db', 'status': 'completed', 'code': 200}
2026-05-19 14:36:51.516 10 INFO neutron.api.wsgi [req-319ebb31-2639-4ab6-8597-557dbfc016d1 req-41c589db-8cc6-4ca1-a493-e87bc4944528 18241851ce634ece8cc18dcbd48512dc aafebb9105e94d9996b4301f5ee22c47 - - default default] 10.0.0.9 "GET /v2.0/ports?device_id=287bb84c-5e89-4ecb-a1e0-96a2854896e6 HTTP/1.1" status: 200 len: 210 time: 0.0193520 /var/lib/openstack/lib/python3.12/site-packages/pycadf/identifier.py:71: UserWarning: Invalid uuid: neutron. To ensure interoperability, identifiers should be a valid uuid. warnings.warn(('Invalid uuid: %s. To ensure interoperability, '
2026-05-19 14:36:51.778 9 INFO neutron.api.wsgi [req-6b0b9130-3027-4be2-a4c1-d228f75b9c31 req-decb7c4c-69ad-4997-ba2f-5273aa2bb29f bb502a3d932b4eabbfa19196e0174f81 75c7509465e64d918261073e227ba6ce - - default default] 10.0.0.9 "GET /v2.0/ports?device_id=c36b8f4f-4f03-4fbe-8160-984f11c7b1fe HTTP/1.1" status: 200 len: 1172 time: 0.0846062
2026-05-19 14:36:51.826 9 INFO neutron.api.wsgi [req-6b0b9130-3027-4be2-a4c1-d228f75b9c31 req-ccd09ec5-4e06-46f7-87a0-b9ea94c69882 bb502a3d932b4eabbfa19196e0174f81 75c7509465e64d918261073e227ba6ce - - default default] 10.0.0.9 "GET /v2.0/security-groups?id=711b3858-e204-4fe8-8445-1156c7f83329&fields=id&fields=name HTTP/1.1" status: 200 len: 286 time: 0.0421610
2026-05-19 14:36:51.893 9 INFO neutron.notifiers.nova [-] Nova event matching ['req-995a34b9-6995-45ee-95c2-09e5cba2fa01'] response: {'server_uuid': 'c36b8f4f-4f03-4fbe-8160-984f11c7b1fe', 'name': 'network-vif-unplugged', 'status': 'completed', 'tag': '0f8e348f-fed8-431e-8173-0b251e51bf0b', 'code': 200}
2026-05-19 14:36:51.893 9 INFO neutron.notifiers.nova [-] Nova event matching ['req-995a34b9-6995-45ee-95c2-09e5cba2fa01'] response: {'server_uuid': 'c36b8f4f-4f03-4fbe-8160-984f11c7b1fe', 'name': 'network-vif-unplugged', 'status': 'completed', 'tag': '0f8e348f-fed8-431e-8173-0b251e51bf0b', 'code': 200}
2026-05-19 14:36:52.138 9 INFO neutron.api.wsgi [None req-c047fd7c-1d53-40e1-80f4-2f40e50a515b 2effab8d8dcf4cbf8754c94a21cd7d66 ef244d8b1bb74d079fd29efa888c99a7 - - default default] 10.0.0.120 "DELETE /v2.0/routers/23b6435f-0591-45c6-ba0a-db065fe2ccf0 HTTP/1.1" status: 204 len: 168 time: 0.8807702
2026-05-19 14:36:52.233 10 INFO neutron.api.wsgi [req-fc86be71-9fd3-43f8-ac8c-f20f52ad8564 req-1b646e4a-d132-4e1a-a125-b52fa5b18b64 bb502a3d932b4eabbfa19196e0174f81 75c7509465e64d918261073e227ba6ce - - default default] 199.204.45.132 "GET /v2.0/ports?device_id=c36b8f4f-4f03-4fbe-8160-984f11c7b1fe HTTP/1.1" status: 200 len: 1172 time: 0.0273817
2026-05-19 14:36:52.466 9 INFO neutron.services.segments.plugin [-] Segment 76592730-9d74-4938-95ef-37658dee4bde resource provider aggregate not found
2026-05-19 14:36:52.472 9 INFO neutron.services.segments.plugin [-] Segment 76592730-9d74-4938-95ef-37658dee4bde resource provider aggregate not found
2026-05-19 14:36:52.473 10 INFO neutron.api.wsgi [req-fc86be71-9fd3-43f8-ac8c-f20f52ad8564 req-5c82a2d7-b637-411e-a0fc-07060de74fe3 bb502a3d932b4eabbfa19196e0174f81 75c7509465e64d918261073e227ba6ce - - default default] 199.204.45.132 "DELETE /v2.0/ports/0f8e348f-fed8-431e-8173-0b251e51bf0b HTTP/1.1" status: 204 len: 173 time: 0.2357478
2026-05-19 14:36:52.484 9 INFO neutron.services.segments.plugin [-] Segment 76592730-9d74-4938-95ef-37658dee4bde resource provider not found; error: Placement Client Error (4xx): {"errors": [{"status": 404, "title": "Not Found", "detail": "The resource could not be found.\n\n No resource provider with uuid 76592730-9d74-4938-95ef-37658dee4bde found for delete ", "request_id": "req-be71b5a4-4d61-4014-aede-0453921bbb9f"}]}
2026-05-19 14:36:52.492 9 INFO neutron.services.segments.plugin [-] Segment 76592730-9d74-4938-95ef-37658dee4bde resource provider not found; error: Placement Client Error (4xx): {"errors": [{"status": 404, "title": "Not Found", "detail": "The resource could not be found.\n\n No resource provider with uuid 76592730-9d74-4938-95ef-37658dee4bde found for delete ", "request_id": "req-1ef652f1-4193-44b3-bd29-ca3b6aad4f90"}]}
2026-05-19 14:36:52.499 9 INFO neutron.api.wsgi [None req-9970f577-2183-4ad1-bf15-cfbf56fc162f 2effab8d8dcf4cbf8754c94a21cd7d66 ef244d8b1bb74d079fd29efa888c99a7 - - default default] 10.0.0.120 "DELETE /v2.0/networks/ea833d1d-9b2f-4416-a789-3b628f9ecb86 HTTP/1.1" status: 204 len: 168 time: 0.3562062
2026-05-19 14:36:52.600 9 INFO neutron.api.wsgi [req-0e1acff2-e242-4a42-a952-da46cbd0f61b req-0388cb00-bf59-481f-ae24-4392894b7e72 18241851ce634ece8cc18dcbd48512dc aafebb9105e94d9996b4301f5ee22c47 - - default default] 10.0.0.9 "GET /v2.0/ports?device_id=287bb84c-5e89-4ecb-a1e0-96a2854896e6 HTTP/1.1" status: 200 len: 210 time: 0.0176415
2026-05-19 14:36:52.907 10 INFO neutron.api.wsgi [req-e29a721b-62bf-4ab6-94ab-421efb912669 req-749bb022-c1cf-476c-b7d4-5dd9554845f1 bb502a3d932b4eabbfa19196e0174f81 75c7509465e64d918261073e227ba6ce - - default default] 10.0.0.9 "GET /v2.0/ports?device_id=c36b8f4f-4f03-4fbe-8160-984f11c7b1fe HTTP/1.1" status: 200 len: 210 time: 0.0245821
2026-05-19 14:36:53.195 9 INFO neutron.api.wsgi [None req-7d1aac60-9875-46bb-a1d4-fc28c49f7ac3 2dde46222f0c4d05a92e6dc79753c2dc 8cf13f659408417abb79369600a91022 - - default default] 10.0.0.120 "GET /v2.0/security-groups?tenant_id=ef244d8b1bb74d079fd29efa888c99a7&name=default HTTP/1.1" status: 200 len: 3120 time: 0.1051431
2026-05-19 14:36:53.401 9 INFO neutron.api.wsgi [None req-a5796794-8fdb-4178-8b00-217a7ed0a18e 2dde46222f0c4d05a92e6dc79753c2dc 8cf13f659408417abb79369600a91022 - - default default] 10.0.0.120 "DELETE /v2.0/security-groups/b41e961f-e6f8-4a05-8693-58e850cb912d HTTP/1.1" status: 204 len: 168 time: 0.2011425
2026-05-19 14:36:53.457 10 INFO neutron.notifiers.nova [-] Nova event matching ['req-48659866-3bfc-40b6-9dc4-b18e559956c5'] response: {'server_uuid': 'c36b8f4f-4f03-4fbe-8160-984f11c7b1fe', 'name': 'network-vif-deleted', 'tag': '0f8e348f-fed8-431e-8173-0b251e51bf0b', 'status': 'completed', 'code': 200}
2026-05-19 14:36:53.617 9 INFO neutron.db.ovn_revision_numbers_db [None req-16fc474c-6348-420a-92db-d7fca6941904 2dde46222f0c4d05a92e6dc79753c2dc 8cf13f659408417abb79369600a91022 - - default default] Successfully bumped revision number for resource ed720f77-b660-43a8-8638-0c39c159a6c9 (type: security_groups) to 1
2026-05-19 14:36:53.631 9 INFO neutron.db.ovn_revision_numbers_db [None req-16fc474c-6348-420a-92db-d7fca6941904 2dde46222f0c4d05a92e6dc79753c2dc 8cf13f659408417abb79369600a91022 - - default default] Successfully bumped revision number for resource 1cee90fc-1a3a-466f-a6ef-d5ef124d33e0 (type: security_group_rules) to 0
2026-05-19 14:36:53.643 9 INFO neutron.db.ovn_revision_numbers_db [None req-16fc474c-6348-420a-92db-d7fca6941904 2dde46222f0c4d05a92e6dc79753c2dc 8cf13f659408417abb79369600a91022 - - default default] Successfully bumped revision number for resource 3ccdaeeb-f5cb-4eb6-9228-7e721ae68a6c (type: security_group_rules) to 0
2026-05-19 14:36:53.657 9 INFO neutron.db.ovn_revision_numbers_db [None req-16fc474c-6348-420a-92db-d7fca6941904 2dde46222f0c4d05a92e6dc79753c2dc 8cf13f659408417abb79369600a91022 - - default default] Successfully bumped revision number for resource 831ee43b-e6a7-4f87-8a3e-af438a6edeca (type: security_group_rules) to 0
2026-05-19 14:36:53.671 9 INFO neutron.db.ovn_revision_numbers_db [None req-16fc474c-6348-420a-92db-d7fca6941904 2dde46222f0c4d05a92e6dc79753c2dc 8cf13f659408417abb79369600a91022 - - default default] Successfully bumped revision number for resource b9e20c02-29eb-435d-a98a-bb32a1551f96 (type: security_group_rules) to 0
2026-05-19 14:36:53.705 9 INFO neutron.api.wsgi [None req-16fc474c-6348-420a-92db-d7fca6941904 2dde46222f0c4d05a92e6dc79753c2dc 8cf13f659408417abb79369600a91022 - - default default] 10.0.0.120 "GET /v2.0/security-groups?tenant_id=22ab206e6a7b4aab98d85c90f8831502&name=default HTTP/1.1" status: 200 len: 3120 time: 0.2206967
2026-05-19 14:36:53.843 10 INFO neutron.api.wsgi [None req-975663a2-4062-4119-83dc-31876cdddb07 18241851ce634ece8cc18dcbd48512dc aafebb9105e94d9996b4301f5ee22c47 - - default default] 10.0.0.120 "DELETE /v2.0/security-groups/0795e5f3-3fad-4164-8ab6-6ef59261daf2 HTTP/1.1" status: 204 len: 168 time: 0.1159534
2026-05-19 14:36:53.855 10 INFO neutron.api.v2.resource [None req-047ebe59-6ba7-475a-8168-ab1188a38ad8 18241851ce634ece8cc18dcbd48512dc aafebb9105e94d9996b4301f5ee22c47 - - default default] show failed (client error): The resource could not be found.
2026-05-19 14:36:53.856 10 INFO neutron.api.wsgi [None req-047ebe59-6ba7-475a-8168-ab1188a38ad8 18241851ce634ece8cc18dcbd48512dc aafebb9105e94d9996b4301f5ee22c47 - - default default] 10.0.0.120 "GET /v2.0/security-groups/0795e5f3-3fad-4164-8ab6-6ef59261daf2 HTTP/1.1" status: 404 len: 347 time: 0.0086019
2026-05-19 14:36:53.943 9 INFO neutron.api.wsgi [None req-8aa6b1dc-9b05-4f86-8db0-1ea064e5c6d4 2dde46222f0c4d05a92e6dc79753c2dc 8cf13f659408417abb79369600a91022 - - default default] 10.0.0.120 "DELETE /v2.0/security-groups/ed720f77-b660-43a8-8638-0c39c159a6c9 HTTP/1.1" status: 204 len: 168 time: 0.2326472
2026-05-19 14:36:54.001 10 INFO neutron.api.wsgi [req-0e64c242-5cff-4fa3-b386-ff3c461482f9 req-f7879c55-21a2-4e8c-b6ee-88facf26ebe6 bb502a3d932b4eabbfa19196e0174f81 75c7509465e64d918261073e227ba6ce - - default default] 10.0.0.9 "GET /v2.0/ports?device_id=c36b8f4f-4f03-4fbe-8160-984f11c7b1fe HTTP/1.1" status: 200 len: 210 time: 0.0216205
2026-05-19 14:36:54.136 9 INFO neutron.api.wsgi [None req-2880b64e-2cec-4d6d-9cbb-e89edf579128 18241851ce634ece8cc18dcbd48512dc aafebb9105e94d9996b4301f5ee22c47 - - default default] 10.0.0.120 "DELETE /v2.0/floatingips/b535a82b-8e01-4343-a3f3-16ff47474965 HTTP/1.1" status: 204 len: 168 time: 0.2756169
2026-05-19 14:36:54.284 9 INFO neutron.api.wsgi [None req-0eb4913a-be31-442c-83aa-8a9f2dd2b73f 18241851ce634ece8cc18dcbd48512dc aafebb9105e94d9996b4301f5ee22c47 - - default default] 10.0.0.120 "DELETE /v2.0/security-groups/f260013b-5b64-4a0f-b7c4-5e46d31a3a81 HTTP/1.1" status: 204 len: 168 time: 0.1432979
2026-05-19 14:36:55.098 10 INFO neutron.api.wsgi [req-04a73d23-13ee-4df4-a97f-ce94a8a5371f req-40f60887-95b6-40cf-8d2e-b80fbc7c9645 bb502a3d932b4eabbfa19196e0174f81 75c7509465e64d918261073e227ba6ce - - default default] 10.0.0.9 "GET /v2.0/ports?device_id=c36b8f4f-4f03-4fbe-8160-984f11c7b1fe HTTP/1.1" status: 200 len: 210 time: 0.0266261
2026-05-19 14:36:55.449 10 INFO neutron.api.wsgi [None req-d53f02d0-27c4-46ef-8582-0b927862a167 2dde46222f0c4d05a92e6dc79753c2dc 8cf13f659408417abb79369600a91022 - - default default] 10.0.0.120 "PUT /v2.0/routers/47792d5a-eea9-4486-b7e4-f5555e7a39e1/remove_router_interface HTTP/1.1" status: 200 len: 503 time: 1.1210184 /var/lib/openstack/lib/python3.12/site-packages/pycadf/identifier.py:71: UserWarning: Invalid uuid: neutron. To ensure interoperability, identifiers should be a valid uuid. warnings.warn(('Invalid uuid: %s. To ensure interoperability, '
2026-05-19 14:36:56.062 10 INFO neutron.api.wsgi [None req-505ceae3-1db9-497c-a9b1-ecf238a42416 2dde46222f0c4d05a92e6dc79753c2dc 8cf13f659408417abb79369600a91022 - - default default] 10.0.0.120 "DELETE /v2.0/routers/47792d5a-eea9-4486-b7e4-f5555e7a39e1 HTTP/1.1" status: 204 len: 168 time: 0.6075907
2026-05-19 14:36:56.250 10 INFO neutron.api.wsgi [None req-195731c7-1f46-4dc7-8dc9-1a00cee23b13 2dde46222f0c4d05a92e6dc79753c2dc 8cf13f659408417abb79369600a91022 - - default default] 10.0.0.120 "DELETE /v2.0/subnets/d7ec3d14-6572-4444-b9cd-36794150a462 HTTP/1.1" status: 204 len: 168 time: 0.1832335
2026-05-19 14:36:56.578 9 INFO neutron.services.segments.plugin [-] Segment 5f4e0ea5-3736-49dd-b701-bfce078e82bb resource provider aggregate not found
2026-05-19 14:36:56.583 9 INFO neutron.services.segments.plugin [-] Segment 5f4e0ea5-3736-49dd-b701-bfce078e82bb resource provider aggregate not found
2026-05-19 14:36:56.594 9 INFO neutron.services.segments.plugin [-] Segment 5f4e0ea5-3736-49dd-b701-bfce078e82bb resource provider not found; error: Placement Client Error (4xx): {"errors": [{"status": 404, "title": "Not Found", "detail": "The resource could not be found.\n\n No resource provider with uuid 5f4e0ea5-3736-49dd-b701-bfce078e82bb found for delete ", "request_id": "req-6929a50e-4964-4e21-bcf0-e175e04f7028"}]}
2026-05-19 14:36:56.599 9 INFO neutron.services.segments.plugin [-] Segment 5f4e0ea5-3736-49dd-b701-bfce078e82bb resource provider not found; error: Placement Client Error (4xx): {"errors": [{"status": 404, "title": "Not Found", "detail": "The resource could not be found.\n\n No resource provider with uuid 5f4e0ea5-3736-49dd-b701-bfce078e82bb found for delete ", "request_id": "req-addeb590-94ce-476a-af24-9f6b01d48e4c"}]}
2026-05-19 14:36:56.625 9 INFO neutron.api.wsgi [None req-d671cf74-60cb-47ba-b613-ecaa39a0ed85 2dde46222f0c4d05a92e6dc79753c2dc 8cf13f659408417abb79369600a91022 - - default default] 10.0.0.120 "DELETE /v2.0/networks/8d7d4384-3bdd-41c6-a794-3cdfaf90ee34 HTTP/1.1" status: 204 len: 168 time: 0.3684580
2026-05-19 14:36:57.255 9 INFO neutron.api.wsgi [None req-f8d62955-f9d1-43c5-a7f3-d2fab579b9cd 2dde46222f0c4d05a92e6dc79753c2dc 8cf13f659408417abb79369600a91022 - - default default] 10.0.0.120 "PUT /v2.0/routers/fe511154-2473-4fa2-97a6-700384cdb8dc/remove_router_interface HTTP/1.1" status: 200 len: 503 time: 1.1095355
2026-05-19 14:36:57.701 9 INFO neutron.api.wsgi [None req-38e00283-ca0a-45f0-874f-4b6b47a177fc 2dde46222f0c4d05a92e6dc79753c2dc 8cf13f659408417abb79369600a91022 - - default default] 10.0.0.120 "PUT /v2.0/routers/c62bb513-73ce-4ef7-8efe-dda7d27c24d8/remove_router_interface HTTP/1.1" status: 200 len: 503 time: 1.0716226
2026-05-19 14:36:57.864 10 INFO neutron.api.wsgi [None req-7e7be0e8-5764-4b25-b7ca-cbffeb6b1c19 2dde46222f0c4d05a92e6dc79753c2dc 8cf13f659408417abb79369600a91022 - - default default] 10.0.0.120 "DELETE /v2.0/routers/fe511154-2473-4fa2-97a6-700384cdb8dc HTTP/1.1" status: 204 len: 168 time: 0.6043704 /var/lib/openstack/lib/python3.12/site-packages/pycadf/identifier.py:71: UserWarning: Invalid uuid: neutron. To ensure interoperability, identifiers should be a valid uuid. warnings.warn(('Invalid uuid: %s. To ensure interoperability, '
2026-05-19 14:36:58.025 9 INFO neutron.api.wsgi [None req-eb730ee8-d3b4-4445-8dd7-6c546bf0f197 2dde46222f0c4d05a92e6dc79753c2dc 8cf13f659408417abb79369600a91022 - - default default] 10.0.0.120 "DELETE /v2.0/subnets/8b768cbd-a492-4079-b0aa-00679eb5c5b6 HTTP/1.1" status: 204 len: 168 time: 0.1555026
2026-05-19 14:36:58.100 10 WARNING neutron_lib.context [None req-0a1a38fc-abb2-4723-b3b1-7d1b76440f00 5dae92b723864de8b6a282a7aac43cde 2812b05349d9485f9b198b260e9fd912 - - default default] Method 'is_advsvc' is deprecated since 2023.2 release (neutron-lib 3.8.0) and will be removed once support for the old RBAC API policies will be removed from Neutron. Please use method 'is_service_role' instead.
2026-05-19 14:36:58.356 9 INFO neutron.api.wsgi [None req-58c1f6fd-f668-4d30-9120-0c2e8ca90e93 2dde46222f0c4d05a92e6dc79753c2dc 8cf13f659408417abb79369600a91022 - - default default] 10.0.0.120 "DELETE /v2.0/networks/1bb96f5d-af04-4701-8f12-708e842023ba HTTP/1.1" status: 204 len: 168 time: 0.3253002
2026-05-19 14:36:58.373 10 WARNING neutron.scheduler.dhcp_agent_scheduler [None req-0a1a38fc-abb2-4723-b3b1-7d1b76440f00 5dae92b723864de8b6a282a7aac43cde 2812b05349d9485f9b198b260e9fd912 - - default default] No more DHCP agents
2026-05-19 14:36:58.374 10 WARNING neutron.api.rpc.agentnotifiers.dhcp_rpc_agent_api [None req-0a1a38fc-abb2-4723-b3b1-7d1b76440f00 5dae92b723864de8b6a282a7aac43cde 2812b05349d9485f9b198b260e9fd912 - - default default] Unable to schedule network 15e0633e-2665-4bde-9c99-e06e27860dcb: no agents available; will retry on subsequent port and subnet creation events.
2026-05-19 14:36:58.473 10 INFO neutron.api.wsgi [None req-35514e6c-7fb7-487f-b810-788a481a9975 2dde46222f0c4d05a92e6dc79753c2dc 8cf13f659408417abb79369600a91022 - - default default] 10.0.0.120 "DELETE /v2.0/routers/c62bb513-73ce-4ef7-8efe-dda7d27c24d8 HTTP/1.1" status: 204 len: 168 time: 0.7677665
2026-05-19 14:36:58.543 9 INFO neutron.api.wsgi [None req-b64c858d-b854-4603-b23b-c3d15b1c357f 2dde46222f0c4d05a92e6dc79753c2dc 8cf13f659408417abb79369600a91022 - - default default] 10.0.0.120 "GET /v2.0/security-groups?tenant_id=75c7509465e64d918261073e227ba6ce&name=default HTTP/1.1" status: 200 len: 3120 time: 0.0361757
2026-05-19 14:36:58.619 9 INFO neutron.services.segments.plugin [-] Segment 55241f3e-262a-471b-bb4c-5b78bb61bf0e resource provider aggregate not found
2026-05-19 14:36:58.624 9 INFO neutron.services.segments.plugin [-] Segment 55241f3e-262a-471b-bb4c-5b78bb61bf0e resource provider aggregate not found
2026-05-19 14:36:58.637 9 INFO neutron.services.segments.plugin [-] Segment 55241f3e-262a-471b-bb4c-5b78bb61bf0e resource provider not found; error: Placement Client Error (4xx): {"errors": [{"status": 404, "title": "Not Found", "detail": "The resource could not be found.\n\n No resource provider with uuid 55241f3e-262a-471b-bb4c-5b78bb61bf0e found for delete ", "request_id": "req-6dc9befb-2e4c-4c41-bc3a-7ae2b69d0345"}]}
2026-05-19 14:36:58.641 9 INFO neutron.services.segments.plugin [-] Segment 55241f3e-262a-471b-bb4c-5b78bb61bf0e resource provider not found; error: Placement Client Error (4xx): {"errors": [{"status": 404, "title": "Not Found", "detail": "The resource could not be found.\n\n No resource provider with uuid 55241f3e-262a-471b-bb4c-5b78bb61bf0e found for delete ", "request_id": "req-f6b546ec-bbb0-4814-b3f4-8eef960c0f48"}]}
2026-05-19 14:36:58.651 9 INFO neutron.api.wsgi [None req-a7cc8f8b-75c1-4d75-b93a-0951bc63a5a9 2dde46222f0c4d05a92e6dc79753c2dc 8cf13f659408417abb79369600a91022 - - default default] 10.0.0.120 "DELETE /v2.0/subnets/13012629-5c23-458b-8fb6-f528b73e5f23 HTTP/1.1" status: 204 len: 168 time: 0.1721570
2026-05-19 14:36:58.721 10 INFO neutron.api.wsgi [None req-0a1a38fc-abb2-4723-b3b1-7d1b76440f00 5dae92b723864de8b6a282a7aac43cde 2812b05349d9485f9b198b260e9fd912 - - default default] 10.0.0.120 "POST /v2.0/floatingips HTTP/1.1" status: 201 len: 751 time: 0.8207698
2026-05-19 14:36:58.732 9 WARNING neutron_lib.context [None req-4a832796-3f99-4baa-8880-0e64a66d3184 5dae92b723864de8b6a282a7aac43cde 2812b05349d9485f9b198b260e9fd912 - - default default] Method 'is_advsvc' is deprecated since 2023.2 release (neutron-lib 3.8.0) and will be removed once support for the old RBAC API policies will be removed from Neutron. Please use method 'is_service_role' instead.
2026-05-19 14:36:58.778 10 INFO neutron.api.wsgi [None req-2f8104ea-e779-42fc-9fb8-2d7fb5f3c739 2dde46222f0c4d05a92e6dc79753c2dc 8cf13f659408417abb79369600a91022 - - default default] 10.0.0.120 "DELETE /v2.0/security-groups/711b3858-e204-4fe8-8445-1156c7f83329 HTTP/1.1" status: 204 len: 168 time: 0.2305610
2026-05-19 14:36:58.974 9 WARNING neutron.scheduler.dhcp_agent_scheduler [None req-4a832796-3f99-4baa-8880-0e64a66d3184 5dae92b723864de8b6a282a7aac43cde 2812b05349d9485f9b198b260e9fd912 - - default default] No more DHCP agents
2026-05-19 14:36:58.975 9 WARNING neutron.api.rpc.agentnotifiers.dhcp_rpc_agent_api [None req-4a832796-3f99-4baa-8880-0e64a66d3184 5dae92b723864de8b6a282a7aac43cde 2812b05349d9485f9b198b260e9fd912 - - default default] Unable to schedule network 15e0633e-2665-4bde-9c99-e06e27860dcb: no agents available; will retry on subsequent port and subnet creation events.
2026-05-19 14:36:59.003 9 INFO neutron.api.wsgi [None req-3fd0ca7d-8a1e-4020-841f-af3e88b340ba 2dde46222f0c4d05a92e6dc79753c2dc 8cf13f659408417abb79369600a91022 - - default default] 10.0.0.120 "DELETE /v2.0/networks/2dd369c9-c86b-4daf-a94f-231febe15b43 HTTP/1.1" status: 204 len: 168 time: 0.3476419
2026-05-19 14:36:59.250 9 INFO neutron.api.wsgi [None req-4a832796-3f99-4baa-8880-0e64a66d3184 5dae92b723864de8b6a282a7aac43cde 2812b05349d9485f9b198b260e9fd912 - - default default] 10.0.0.120 "POST /v2.0/floatingips HTTP/1.1" status: 201 len: 751 time: 0.5237134
2026-05-19 14:36:59.257 9 WARNING neutron_lib.context [None req-2434e75e-a64a-4a9b-8a3c-3d466421771c 5dae92b723864de8b6a282a7aac43cde 2812b05349d9485f9b198b260e9fd912 - - default default] Method 'is_advsvc' is deprecated since 2023.2 release (neutron-lib 3.8.0) and will be removed once support for the old RBAC API policies will be removed from Neutron. Please use method 'is_service_role' instead.
2026-05-19 14:36:59.334 10 INFO neutron.api.wsgi [None req-79d26674-6b72-48fd-ad88-b4f26d831ccf 2dde46222f0c4d05a92e6dc79753c2dc 8cf13f659408417abb79369600a91022 - - default default] 10.0.0.120 "GET /v2.0/security-groups?tenant_id=aafebb9105e94d9996b4301f5ee22c47&name=default HTTP/1.1" status: 200 len: 3120 time: 0.0279584
2026-05-19 14:36:59.447 9 WARNING neutron.scheduler.dhcp_agent_scheduler [None req-2434e75e-a64a-4a9b-8a3c-3d466421771c 5dae92b723864de8b6a282a7aac43cde 2812b05349d9485f9b198b260e9fd912 - - default default] No more DHCP agents
2026-05-19 14:36:59.449 9 WARNING neutron.api.rpc.agentnotifiers.dhcp_rpc_agent_api [None req-2434e75e-a64a-4a9b-8a3c-3d466421771c 5dae92b723864de8b6a282a7aac43cde 2812b05349d9485f9b198b260e9fd912 - - default default] Unable to schedule network 15e0633e-2665-4bde-9c99-e06e27860dcb: no agents available; will retry on subsequent port and subnet creation events.
2026-05-19 14:36:59.491 10 INFO neutron.api.wsgi [None req-c8162aa2-0a9c-423b-a0b2-a46c0997ff69 2dde46222f0c4d05a92e6dc79753c2dc 8cf13f659408417abb79369600a91022 - - default default] 10.0.0.120 "DELETE /v2.0/security-groups/e82469f9-0d07-4622-ad08-0038edd638ee HTTP/1.1" status: 204 len: 168 time: 0.1532629
2026-05-19 14:36:59.631 10 INFO neutron.api.wsgi [None req-2eaabc74-0545-4880-bd84-c2f232756549 2dde46222f0c4d05a92e6dc79753c2dc 8cf13f659408417abb79369600a91022 - - default default] 10.0.0.120 "GET /v2.0/security-groups?tenant_id=41626bee1ff144c1b4069e0ff9ac1ea2&name=default HTTP/1.1" status: 200 len: 3120 time: 0.0304422
2026-05-19 14:36:59.707 9 INFO neutron.api.wsgi [None req-2434e75e-a64a-4a9b-8a3c-3d466421771c 5dae92b723864de8b6a282a7aac43cde 2812b05349d9485f9b198b260e9fd912 - - default default] 10.0.0.120 "POST /v2.0/floatingips HTTP/1.1" status: 201 len: 751 time: 0.4538162
2026-05-19 14:36:59.714 9 WARNING neutron_lib.context [None req-d845bd3d-df37-40b9-b4ab-888a6776f58a 5dae92b723864de8b6a282a7aac43cde 2812b05349d9485f9b198b260e9fd912 - - default default] Method 'is_advsvc' is deprecated since 2023.2 release (neutron-lib 3.8.0) and will be removed once support for the old RBAC API policies will be removed from Neutron. Please use method 'is_service_role' instead.
2026-05-19 14:36:59.824 10 INFO neutron.api.wsgi [None req-67799d33-4bc2-40c8-9672-40aadcfa5a97 2dde46222f0c4d05a92e6dc79753c2dc 8cf13f659408417abb79369600a91022 - - default default] 10.0.0.120 "DELETE /v2.0/security-groups/4052a5d7-a3ba-4493-b50b-31adec31f291 HTTP/1.1" status: 204 len: 168 time: 0.1875880
2026-05-19 14:36:59.916 9 WARNING neutron.scheduler.dhcp_agent_scheduler [None req-d845bd3d-df37-40b9-b4ab-888a6776f58a 5dae92b723864de8b6a282a7aac43cde 2812b05349d9485f9b198b260e9fd912 - - default default] No more DHCP agents
2026-05-19 14:36:59.917 9 WARNING neutron.api.rpc.agentnotifiers.dhcp_rpc_agent_api [None req-d845bd3d-df37-40b9-b4ab-888a6776f58a 5dae92b723864de8b6a282a7aac43cde 2812b05349d9485f9b198b260e9fd912 - - default default] Unable to schedule network 15e0633e-2665-4bde-9c99-e06e27860dcb: no agents available; will retry on subsequent port and subnet creation events.
2026-05-19 14:37:00.177 9 INFO neutron.api.wsgi [None req-d845bd3d-df37-40b9-b4ab-888a6776f58a 5dae92b723864de8b6a282a7aac43cde 2812b05349d9485f9b198b260e9fd912 - - default default] 10.0.0.120 "POST /v2.0/floatingips HTTP/1.1" status: 201 len: 751 time: 0.4666464
