2026-05-19 14:37:00.186 9 WARNING neutron_lib.context [None req-a8a18ac4-befd-4877-b9c0-b59f80e4e1b0 5dae92b723864de8b6a282a7aac43cde 2812b05349d9485f9b198b260e9fd912 - - default default] Method 'is_advsvc' is deprecated since 2023.2 release (neutron-lib 3.8.0) and will be removed once support for the old RBAC API policies will be removed from Neutron. Please use method 'is_service_role' instead.
2026-05-19 14:37:00.404 9 WARNING neutron.scheduler.dhcp_agent_scheduler [None req-a8a18ac4-befd-4877-b9c0-b59f80e4e1b0 5dae92b723864de8b6a282a7aac43cde 2812b05349d9485f9b198b260e9fd912 - - default default] No more DHCP agents
2026-05-19 14:37:00.406 9 WARNING neutron.api.rpc.agentnotifiers.dhcp_rpc_agent_api [None req-a8a18ac4-befd-4877-b9c0-b59f80e4e1b0 5dae92b723864de8b6a282a7aac43cde 2812b05349d9485f9b198b260e9fd912 - - default default] Unable to schedule network 15e0633e-2665-4bde-9c99-e06e27860dcb: no agents available; will retry on subsequent port and subnet creation events.
2026-05-19 14:37:00.657 9 INFO neutron.services.segments.plugin [-] Segment 69520d7b-b216-4dfe-84fa-21459279aeb3 resource provider aggregate not found
2026-05-19 14:37:00.661 9 INFO neutron.services.segments.plugin [-] Segment 69520d7b-b216-4dfe-84fa-21459279aeb3 resource provider aggregate not found
2026-05-19 14:37:00.678 9 INFO neutron.services.segments.plugin [-] Segment 69520d7b-b216-4dfe-84fa-21459279aeb3 resource provider not found; error: Placement Client Error (4xx): {"errors": [{"status": 404, "title": "Not Found", "detail": "The resource could not be found.\n\n No resource provider with uuid 69520d7b-b216-4dfe-84fa-21459279aeb3 found for delete ", "request_id": "req-91278782-c196-4bb4-a52e-1cffe8b7d527"}]}
2026-05-19 14:37:00.679 9 INFO neutron.services.segments.plugin [-] Segment 69520d7b-b216-4dfe-84fa-21459279aeb3 resource provider not found; error: Placement Client Error (4xx): {"errors": [{"status": 404, "title": "Not Found", "detail": "The resource could not be found.\n\n No resource provider with uuid 69520d7b-b216-4dfe-84fa-21459279aeb3 found for delete ", "request_id": "req-c736df84-b5bf-4114-a882-f3606bf3fdb4"}]}
2026-05-19 14:37:00.750 9 INFO neutron.api.wsgi [None req-a8a18ac4-befd-4877-b9c0-b59f80e4e1b0 5dae92b723864de8b6a282a7aac43cde 2812b05349d9485f9b198b260e9fd912 - - default default] 10.0.0.120 "POST /v2.0/floatingips HTTP/1.1" status: 201 len: 751 time: 0.5670569
2026-05-19 14:37:00.801 9 INFO neutron.api.wsgi [None req-0a0cdcd5-5135-40ec-b053-c1abbd005842 5dae92b723864de8b6a282a7aac43cde 2812b05349d9485f9b198b260e9fd912 - - default default] 10.0.0.120 "PUT /v2.0/floatingips/1115a07c-e2a1-4ab3-a970-b0a984db7222/tags HTTP/1.1" status: 200 len: 210 time: 0.0460546
2026-05-19 14:37:00.842 9 INFO neutron.api.wsgi [None req-4c111147-31f9-4b3d-bb3f-d99dbed2ec26 5dae92b723864de8b6a282a7aac43cde 2812b05349d9485f9b198b260e9fd912 - - default default] 10.0.0.120 "PUT /v2.0/floatingips/2b5bb037-79e3-4e05-a81f-2eca6c29d813/tags HTTP/1.1" status: 200 len: 218 time: 0.0367355
2026-05-19 14:37:00.878 9 INFO neutron.api.wsgi [None req-7dafe4ac-0696-4897-8180-551f6cc81899 5dae92b723864de8b6a282a7aac43cde 2812b05349d9485f9b198b260e9fd912 - - default default] 10.0.0.120 "PUT /v2.0/floatingips/184890d4-4534-48fd-8e9f-42ce30daf026/tags HTTP/1.1" status: 200 len: 227 time: 0.0320292
2026-05-19 14:37:00.912 9 INFO neutron.api.wsgi [None req-ae9861d0-ecba-4034-835c-591d67dc2490 5dae92b723864de8b6a282a7aac43cde 2812b05349d9485f9b198b260e9fd912 - - default default] 10.0.0.120 "PUT /v2.0/floatingips/7c5ece1c-bbd5-40b9-919a-f20dd3cde0f2/tags HTTP/1.1" status: 200 len: 212 time: 0.0286410
2026-05-19 14:37:00.960 9 INFO neutron.api.wsgi [None req-461cdaba-5244-4ad7-b474-b7058e318871 5dae92b723864de8b6a282a7aac43cde 2812b05349d9485f9b198b260e9fd912 - - default default] 10.0.0.120 "GET /v2.0/floatingips?tags=red HTTP/1.1" status: 200 len: 1866 time: 0.0445011
2026-05-19 14:37:01.013 9 INFO neutron.api.wsgi [None req-f9e23180-01a0-48ae-939d-6ab4c9a27771 5dae92b723864de8b6a282a7aac43cde 2812b05349d9485f9b198b260e9fd912 - - default default] 10.0.0.120 "GET /v2.0/floatingips?tags=red%2Cblue HTTP/1.1" status: 200 len: 1323 time: 0.0492368
2026-05-19 14:37:01.059 9 INFO neutron.api.wsgi [None req-325cab23-b0d0-4312-8efd-834a6b162f61 5dae92b723864de8b6a282a7aac43cde 2812b05349d9485f9b198b260e9fd912 - - default default] 10.0.0.120 "GET /v2.0/floatingips?tags-any=blue HTTP/1.1" status: 200 len: 1323 time: 0.0387604
2026-05-19 14:37:01.093 9 INFO neutron.api.wsgi [None req-1de3c90c-989d-4873-937a-885e6432cff9 5dae92b723864de8b6a282a7aac43cde 2812b05349d9485f9b198b260e9fd912 - - default default] 10.0.0.120 "GET /v2.0/floatingips?tags-any=red%2Cblue HTTP/1.1" status: 200 len: 1866 time: 0.0262456
2026-05-19 14:37:01.137 9 INFO neutron.api.wsgi [None req-9bcdb8b6-a4f2-4285-ae56-62e258784da2 5dae92b723864de8b6a282a7aac43cde 2812b05349d9485f9b198b260e9fd912 - - default default] 10.0.0.120 "GET /v2.0/floatingips?not-tags=red HTTP/1.1" status: 200 len: 1295 time: 0.0397711
2026-05-19 14:37:01.187 9 INFO neutron.api.wsgi [None req-deea840d-45be-4e0f-bfba-2f81f7eef454 5dae92b723864de8b6a282a7aac43cde 2812b05349d9485f9b198b260e9fd912 - - default default] 10.0.0.120 "GET /v2.0/floatingips?not-tags=red%2Cblue HTTP/1.1" status: 200 len: 1838 time: 0.0458217
2026-05-19 14:37:01.230 9 INFO neutron.api.wsgi [None req-ccf8ef6d-5930-430f-9f4e-d336c1ee2530 5dae92b723864de8b6a282a7aac43cde 2812b05349d9485f9b198b260e9fd912 - - default default] 10.0.0.120 "GET /v2.0/floatingips?not-tags-any=blue HTTP/1.1" status: 200 len: 1838 time: 0.0384774
2026-05-19 14:37:01.257 9 INFO neutron.api.wsgi [None req-a2233d54-2164-4731-a36b-418b97a85efc 5dae92b723864de8b6a282a7aac43cde 2812b05349d9485f9b198b260e9fd912 - - default default] 10.0.0.120 "GET /v2.0/floatingips?not-tags-any=red%2Cblue HTTP/1.1" status: 200 len: 1295 time: 0.0214944
2026-05-19 14:37:01.534 9 INFO neutron.api.wsgi [None req-911ad73e-a144-42d8-be75-031afc2f82e6 5dae92b723864de8b6a282a7aac43cde 2812b05349d9485f9b198b260e9fd912 - - default default] 10.0.0.120 "DELETE /v2.0/floatingips/1115a07c-e2a1-4ab3-a970-b0a984db7222 HTTP/1.1" status: 204 len: 168 time: 0.2709360
2026-05-19 14:37:01.830 10 INFO neutron.api.wsgi [None req-4f29850b-fdb5-4224-93bf-3799723fd094 5dae92b723864de8b6a282a7aac43cde 2812b05349d9485f9b198b260e9fd912 - - default default] 10.0.0.120 "DELETE /v2.0/floatingips/2b5bb037-79e3-4e05-a81f-2eca6c29d813 HTTP/1.1" status: 204 len: 168 time: 0.2900381
2026-05-19 14:37:02.086 10 INFO neutron.api.wsgi [None req-3529ba9c-eea9-4c5e-8be3-89633af2e0e5 5dae92b723864de8b6a282a7aac43cde 2812b05349d9485f9b198b260e9fd912 - - default default] 10.0.0.120 "DELETE /v2.0/floatingips/184890d4-4534-48fd-8e9f-42ce30daf026 HTTP/1.1" status: 204 len: 168 time: 0.2519214
2026-05-19 14:37:02.336 10 INFO neutron.api.wsgi [None req-efdc8393-0353-49c7-82bf-9e9ac4edaac1 5dae92b723864de8b6a282a7aac43cde 2812b05349d9485f9b198b260e9fd912 - - default default] 10.0.0.120 "DELETE /v2.0/floatingips/7c5ece1c-bbd5-40b9-919a-f20dd3cde0f2 HTTP/1.1" status: 204 len: 168 time: 0.2448027
2026-05-19 14:37:02.603 10 INFO neutron.api.wsgi [None req-47178338-05ef-4536-81c2-128fb88131bc 5dae92b723864de8b6a282a7aac43cde 2812b05349d9485f9b198b260e9fd912 - - default default] 10.0.0.120 "DELETE /v2.0/floatingips/73e770c5-0e3a-4d28-8896-0418f321a09a HTTP/1.1" status: 204 len: 168 time: 0.2610574
2026-05-19 14:37:03.307 9 INFO neutron.db.ovn_revision_numbers_db [None req-105fa927-7742-453b-bca8-9a731403ea84 2dde46222f0c4d05a92e6dc79753c2dc 8cf13f659408417abb79369600a91022 - - default default] Successfully bumped revision number for resource 4b896156-f3a0-4cc8-a3f8-806c44eb3498 (type: security_groups) to 1
2026-05-19 14:37:03.327 9 INFO neutron.db.ovn_revision_numbers_db [None req-105fa927-7742-453b-bca8-9a731403ea84 2dde46222f0c4d05a92e6dc79753c2dc 8cf13f659408417abb79369600a91022 - - default default] Successfully bumped revision number for resource 263fa24f-5b09-4501-8306-f64b94ea9b75 (type: security_group_rules) to 0
2026-05-19 14:37:03.351 9 INFO neutron.db.ovn_revision_numbers_db [None req-105fa927-7742-453b-bca8-9a731403ea84 2dde46222f0c4d05a92e6dc79753c2dc 8cf13f659408417abb79369600a91022 - - default default] Successfully bumped revision number for resource 2b69e5ea-d8ac-4759-aaca-32688d7fca66 (type: security_group_rules) to 0
2026-05-19 14:37:03.363 9 INFO neutron.db.ovn_revision_numbers_db [None req-105fa927-7742-453b-bca8-9a731403ea84 2dde46222f0c4d05a92e6dc79753c2dc 8cf13f659408417abb79369600a91022 - - default default] Successfully bumped revision number for resource 6824303c-b1b7-4cee-bfa8-2aee02d7397e (type: security_group_rules) to 0
2026-05-19 14:37:03.379 9 INFO neutron.db.ovn_revision_numbers_db [None req-105fa927-7742-453b-bca8-9a731403ea84 2dde46222f0c4d05a92e6dc79753c2dc 8cf13f659408417abb79369600a91022 - - default default] Successfully bumped revision number for resource e60ce208-20b1-435b-a0e0-568620f2a8df (type: security_group_rules) to 0
2026-05-19 14:37:03.421 9 INFO neutron.api.wsgi [None req-105fa927-7742-453b-bca8-9a731403ea84 2dde46222f0c4d05a92e6dc79753c2dc 8cf13f659408417abb79369600a91022 - - default default] 10.0.0.120 "GET /v2.0/security-groups?tenant_id=6c4484cf776045a89a8ad0db55f8fca8&name=default HTTP/1.1" status: 200 len: 3120 time: 0.3624666
2026-05-19 14:37:03.630 9 INFO neutron.api.wsgi [None req-481656f6-c2c3-41c5-a682-fb0f3e9a3dcd 2dde46222f0c4d05a92e6dc79753c2dc 8cf13f659408417abb79369600a91022 - - default default] 10.0.0.120 "DELETE /v2.0/security-groups/4b896156-f3a0-4cc8-a3f8-806c44eb3498 HTTP/1.1" status: 204 len: 168 time: 0.2029059
2026-05-19 14:37:03.830 10 INFO neutron.db.ovn_revision_numbers_db [None req-d96810fa-272e-46f5-bdae-d50e874328de 2dde46222f0c4d05a92e6dc79753c2dc 8cf13f659408417abb79369600a91022 - - default default] Successfully bumped revision number for resource e9292a36-2646-488e-8643-0292c6225bc6 (type: security_groups) to 1
2026-05-19 14:37:03.844 10 INFO neutron.db.ovn_revision_numbers_db [None req-d96810fa-272e-46f5-bdae-d50e874328de 2dde46222f0c4d05a92e6dc79753c2dc 8cf13f659408417abb79369600a91022 - - default default] Successfully bumped revision number for resource 0b334314-baed-4048-8572-5bbeb508895c (type: security_group_rules) to 0
2026-05-19 14:37:03.856 10 INFO neutron.db.ovn_revision_numbers_db [None req-d96810fa-272e-46f5-bdae-d50e874328de 2dde46222f0c4d05a92e6dc79753c2dc 8cf13f659408417abb79369600a91022 - - default default] Successfully bumped revision number for resource 3f1155bb-c0e7-41b3-aeaf-53beea4f18d3 (type: security_group_rules) to 0
2026-05-19 14:37:03.872 10 INFO neutron.db.ovn_revision_numbers_db [None req-d96810fa-272e-46f5-bdae-d50e874328de 2dde46222f0c4d05a92e6dc79753c2dc 8cf13f659408417abb79369600a91022 - - default default] Successfully bumped revision number for resource 7f1ad90a-3785-49eb-9d76-2f2b75795501 (type: security_group_rules) to 0
2026-05-19 14:37:03.886 10 INFO neutron.db.ovn_revision_numbers_db [None req-d96810fa-272e-46f5-bdae-d50e874328de 2dde46222f0c4d05a92e6dc79753c2dc 8cf13f659408417abb79369600a91022 - - default default] Successfully bumped revision number for resource d87a85e3-c90a-4759-a83d-cefbc497380e (type: security_group_rules) to 0
2026-05-19 14:37:03.917 10 INFO neutron.api.wsgi [None req-d96810fa-272e-46f5-bdae-d50e874328de 2dde46222f0c4d05a92e6dc79753c2dc 8cf13f659408417abb79369600a91022 - - default default] 10.0.0.120 "GET /v2.0/security-groups?tenant_id=2812b05349d9485f9b198b260e9fd912&name=default HTTP/1.1" status: 200 len: 3120 time: 0.3778658
2026-05-19 14:37:04.128 10 INFO neutron.api.wsgi [None req-1b26456f-43b3-4574-a399-3d383ce127f8 2dde46222f0c4d05a92e6dc79753c2dc 8cf13f659408417abb79369600a91022 - - default default] 10.0.0.120 "DELETE /v2.0/security-groups/e9292a36-2646-488e-8643-0292c6225bc6 HTTP/1.1" status: 204 len: 168 time: 0.2059259
2026-05-19 14:37:04.367 9 INFO neutron.db.ovn_revision_numbers_db [None req-cbdc9e75-7ba9-4268-8447-05ac674f82f2 2dde46222f0c4d05a92e6dc79753c2dc 8cf13f659408417abb79369600a91022 - - default default] Successfully bumped revision number for resource 64d62828-42a0-4398-9558-026368400b0a (type: security_groups) to 1
2026-05-19 14:37:04.377 9 INFO neutron.db.ovn_revision_numbers_db [None req-cbdc9e75-7ba9-4268-8447-05ac674f82f2 2dde46222f0c4d05a92e6dc79753c2dc 8cf13f659408417abb79369600a91022 - - default default] Successfully bumped revision number for resource 28ceddad-7a6a-4b71-b2d7-d4e275c89164 (type: security_group_rules) to 0
2026-05-19 14:37:04.378 10 WARNING neutron_lib.context [None req-c03882de-a4c6-4cb1-b23a-1e22a63089ac 1cb6dc39b6d44f6c82c7cfcfa7a8d976 0e006495f6a941dd93e20ef5639b4601 - - default default] Method 'is_advsvc' is deprecated since 2023.2 release (neutron-lib 3.8.0) and will be removed once support for the old RBAC API policies will be removed from Neutron. Please use method 'is_service_role' instead.
2026-05-19 14:37:04.392 9 INFO neutron.db.ovn_revision_numbers_db [None req-cbdc9e75-7ba9-4268-8447-05ac674f82f2 2dde46222f0c4d05a92e6dc79753c2dc 8cf13f659408417abb79369600a91022 - - default default] Successfully bumped revision number for resource 36d8ef96-7f3b-40cc-96a3-d216204c5e94 (type: security_group_rules) to 0
2026-05-19 14:37:04.405 9 INFO neutron.db.ovn_revision_numbers_db [None req-cbdc9e75-7ba9-4268-8447-05ac674f82f2 2dde46222f0c4d05a92e6dc79753c2dc 8cf13f659408417abb79369600a91022 - - default default] Successfully bumped revision number for resource 381f7c56-5317-4e97-874d-2b2d150bad36 (type: security_group_rules) to 0
2026-05-19 14:37:04.417 9 INFO neutron.db.ovn_revision_numbers_db [None req-cbdc9e75-7ba9-4268-8447-05ac674f82f2 2dde46222f0c4d05a92e6dc79753c2dc 8cf13f659408417abb79369600a91022 - - default default] Successfully bumped revision number for resource ce67dadb-1c4a-4816-9282-0c1a89d33034 (type: security_group_rules) to 0
2026-05-19 14:37:04.450 9 INFO neutron.api.wsgi [None req-cbdc9e75-7ba9-4268-8447-05ac674f82f2 2dde46222f0c4d05a92e6dc79753c2dc 8cf13f659408417abb79369600a91022 - - default default] 10.0.0.120 "GET /v2.0/security-groups?tenant_id=cfcfa4c92f7e4fc1be2244793c6d5753&name=default HTTP/1.1" status: 200 len: 3120 time: 0.1871440
2026-05-19 14:37:04.478 10 INFO neutron.db.ovn_revision_numbers_db [None req-c03882de-a4c6-4cb1-b23a-1e22a63089ac 1cb6dc39b6d44f6c82c7cfcfa7a8d976 0e006495f6a941dd93e20ef5639b4601 - - default default] Successfully bumped revision number for resource 768a8ce0-479b-4842-a9df-5b0419ccd49f (type: routers) to 1
2026-05-19 14:37:04.492 10 INFO neutron.api.wsgi [None req-c03882de-a4c6-4cb1-b23a-1e22a63089ac 1cb6dc39b6d44f6c82c7cfcfa7a8d976 0e006495f6a941dd93e20ef5639b4601 - - default default] 10.0.0.120 "POST /v2.0/routers HTTP/1.1" status: 201 len: 769 time: 0.2046041
2026-05-19 14:37:04.499 10 WARNING neutron_lib.context [None req-3a5b327e-5c5d-4430-9bfa-c06ecf8c9f3b 1cb6dc39b6d44f6c82c7cfcfa7a8d976 0e006495f6a941dd93e20ef5639b4601 - - default default] Method 'is_advsvc' is deprecated since 2023.2 release (neutron-lib 3.8.0) and will be removed once support for the old RBAC API policies will be removed from Neutron. Please use method 'is_service_role' instead.
2026-05-19 14:37:04.591 10 INFO neutron.db.ovn_revision_numbers_db [None req-3a5b327e-5c5d-4430-9bfa-c06ecf8c9f3b 1cb6dc39b6d44f6c82c7cfcfa7a8d976 0e006495f6a941dd93e20ef5639b4601 - - default default] Successfully bumped revision number for resource ac331023-9e94-45d2-9e6a-195b0994c4c5 (type: routers) to 1
2026-05-19 14:37:04.604 10 INFO neutron.api.wsgi [None req-3a5b327e-5c5d-4430-9bfa-c06ecf8c9f3b 1cb6dc39b6d44f6c82c7cfcfa7a8d976 0e006495f6a941dd93e20ef5639b4601 - - default default] 10.0.0.120 "POST /v2.0/routers HTTP/1.1" status: 201 len: 769 time: 0.1084156
2026-05-19 14:37:04.612 10 WARNING neutron_lib.context [None req-438314e1-9136-4d62-bf12-ddfcc65e3fa5 1cb6dc39b6d44f6c82c7cfcfa7a8d976 0e006495f6a941dd93e20ef5639b4601 - - default default] Method 'is_advsvc' is deprecated since 2023.2 release (neutron-lib 3.8.0) and will be removed once support for the old RBAC API policies will be removed from Neutron. Please use method 'is_service_role' instead.
2026-05-19 14:37:04.668 9 INFO neutron.db.ovn_revision_numbers_db [None req-c23a02b7-4594-43b8-bf34-c378921e837b 2dde46222f0c4d05a92e6dc79753c2dc 8cf13f659408417abb79369600a91022 - - default default] Successfully bumped revision number for resource 979c2d04-a45a-41e3-b6be-f4d3b9b00407 (type: security_groups) to 1
2026-05-19 14:37:04.675 9 INFO neutron.api.wsgi [None req-f85e93f3-79bc-4f01-8baa-c315837b3b94 2dde46222f0c4d05a92e6dc79753c2dc 8cf13f659408417abb79369600a91022 - - default default] 10.0.0.120 "DELETE /v2.0/security-groups/64d62828-42a0-4398-9558-026368400b0a HTTP/1.1" status: 204 len: 168 time: 0.2212882
2026-05-19 14:37:04.682 9 INFO neutron.db.ovn_revision_numbers_db [None req-c23a02b7-4594-43b8-bf34-c378921e837b 2dde46222f0c4d05a92e6dc79753c2dc 8cf13f659408417abb79369600a91022 - - default default] Successfully bumped revision number for resource 0bfdfc9f-8c61-4d38-a199-e4e02e41c988 (type: security_group_rules) to 0
2026-05-19 14:37:04.697 9 INFO neutron.db.ovn_revision_numbers_db [None req-c23a02b7-4594-43b8-bf34-c378921e837b 2dde46222f0c4d05a92e6dc79753c2dc 8cf13f659408417abb79369600a91022 - - default default] Successfully bumped revision number for resource 26ccd2db-752c-496e-93f5-326cee8251ab (type: security_group_rules) to 0
2026-05-19 14:37:04.703 10 INFO neutron.db.ovn_revision_numbers_db [None req-438314e1-9136-4d62-bf12-ddfcc65e3fa5 1cb6dc39b6d44f6c82c7cfcfa7a8d976 0e006495f6a941dd93e20ef5639b4601 - - default default] Successfully bumped revision number for resource d692c184-d7f9-43d8-9974-29d9cf1ec5be (type: routers) to 1
2026-05-19 14:37:04.713 9 INFO neutron.db.ovn_revision_numbers_db [None req-c23a02b7-4594-43b8-bf34-c378921e837b 2dde46222f0c4d05a92e6dc79753c2dc 8cf13f659408417abb79369600a91022 - - default default] Successfully bumped revision number for resource 9c56a872-e6d1-4bc6-b77f-e368cd5cf566 (type: security_group_rules) to 0
2026-05-19 14:37:04.720 10 INFO neutron.api.wsgi [None req-438314e1-9136-4d62-bf12-ddfcc65e3fa5 1cb6dc39b6d44f6c82c7cfcfa7a8d976 0e006495f6a941dd93e20ef5639b4601 - - default default] 10.0.0.120 "POST /v2.0/routers HTTP/1.1" status: 201 len: 769 time: 0.1114068
2026-05-19 14:37:04.726 9 INFO neutron.db.ovn_revision_numbers_db [None req-c23a02b7-4594-43b8-bf34-c378921e837b 2dde46222f0c4d05a92e6dc79753c2dc 8cf13f659408417abb79369600a91022 - - default default] Successfully bumped revision number for resource ee298d30-b9b1-4af2-a563-0959e643f2c5 (type: security_group_rules) to 0
2026-05-19 14:37:04.727 10 WARNING neutron_lib.context [None req-63ef3a31-9030-46c8-b853-e8897e2a9046 1cb6dc39b6d44f6c82c7cfcfa7a8d976 0e006495f6a941dd93e20ef5639b4601 - - default default] Method 'is_advsvc' is deprecated since 2023.2 release (neutron-lib 3.8.0) and will be removed once support for the old RBAC API policies will be removed from Neutron. Please use method 'is_service_role' instead.
2026-05-19 14:37:04.758 9 INFO neutron.api.wsgi [None req-c23a02b7-4594-43b8-bf34-c378921e837b 2dde46222f0c4d05a92e6dc79753c2dc 8cf13f659408417abb79369600a91022 - - default default] 10.0.0.120 "GET /v2.0/security-groups?tenant_id=0a93e1864d0b4bec821938d7722753a0&name=default HTTP/1.1" status: 200 len: 3120 time: 0.2428131
2026-05-19 14:37:04.834 10 INFO neutron.db.ovn_revision_numbers_db [None req-63ef3a31-9030-46c8-b853-e8897e2a9046 1cb6dc39b6d44f6c82c7cfcfa7a8d976 0e006495f6a941dd93e20ef5639b4601 - - default default] Successfully bumped revision number for resource 39cc26c2-0690-451d-8d64-912cad729942 (type: routers) to 1
2026-05-19 14:37:04.852 10 INFO neutron.api.wsgi [None req-63ef3a31-9030-46c8-b853-e8897e2a9046 1cb6dc39b6d44f6c82c7cfcfa7a8d976 0e006495f6a941dd93e20ef5639b4601 - - default default] 10.0.0.120 "POST /v2.0/routers HTTP/1.1" status: 201 len: 769 time: 0.1305473
2026-05-19 14:37:04.861 9 WARNING neutron_lib.context [None req-ed514d0b-ef94-4ac1-a916-a6b076ecfc71 1cb6dc39b6d44f6c82c7cfcfa7a8d976 0e006495f6a941dd93e20ef5639b4601 - - default default] Method 'is_advsvc' is deprecated since 2023.2 release (neutron-lib 3.8.0) and will be removed once support for the old RBAC API policies will be removed from Neutron. Please use method 'is_service_role' instead.
2026-05-19 14:37:05.010 10 INFO neutron.api.wsgi [None req-aee94c95-2a41-40ba-9a5c-3ba5e448b3b1 2dde46222f0c4d05a92e6dc79753c2dc 8cf13f659408417abb79369600a91022 - - default default] 10.0.0.120 "DELETE /v2.0/security-groups/979c2d04-a45a-41e3-b6be-f4d3b9b00407 HTTP/1.1" status: 204 len: 168 time: 0.2467570
2026-05-19 14:37:05.140 9 INFO neutron.db.ovn_revision_numbers_db [None req-d41567bd-b41a-4c7c-9368-fa9526493af1 2dde46222f0c4d05a92e6dc79753c2dc 8cf13f659408417abb79369600a91022 - - default default] Successfully bumped revision number for resource 6829ae3f-d1b2-4476-8a07-df8cdcc47380 (type: security_groups) to 1
2026-05-19 14:37:05.171 9 INFO neutron.db.ovn_revision_numbers_db [None req-d41567bd-b41a-4c7c-9368-fa9526493af1 2dde46222f0c4d05a92e6dc79753c2dc 8cf13f659408417abb79369600a91022 - - default default] Successfully bumped revision number for resource 1bcdf286-c218-4744-b8f5-34536d4f60b4 (type: security_group_rules) to 0
2026-05-19 14:37:05.184 9 INFO neutron.db.ovn_revision_numbers_db [None req-ed514d0b-ef94-4ac1-a916-a6b076ecfc71 1cb6dc39b6d44f6c82c7cfcfa7a8d976 0e006495f6a941dd93e20ef5639b4601 - - default default] Successfully bumped revision number for resource 3d553b51-63de-403f-b4fb-7b96be622d4f (type: routers) to 1
2026-05-19 14:37:05.193 9 INFO neutron.db.ovn_revision_numbers_db [None req-d41567bd-b41a-4c7c-9368-fa9526493af1 2dde46222f0c4d05a92e6dc79753c2dc 8cf13f659408417abb79369600a91022 - - default default] Successfully bumped revision number for resource a0a3cd32-2a79-4a92-b197-0c9ace945138 (type: security_group_rules) to 0
2026-05-19 14:37:05.201 9 INFO neutron.api.wsgi [None req-ed514d0b-ef94-4ac1-a916-a6b076ecfc71 1cb6dc39b6d44f6c82c7cfcfa7a8d976 0e006495f6a941dd93e20ef5639b4601 - - default default] 10.0.0.120 "POST /v2.0/routers HTTP/1.1" status: 201 len: 769 time: 0.3445132
2026-05-19 14:37:05.214 9 INFO neutron.db.ovn_revision_numbers_db [None req-d41567bd-b41a-4c7c-9368-fa9526493af1 2dde46222f0c4d05a92e6dc79753c2dc 8cf13f659408417abb79369600a91022 - - default default] Successfully bumped revision number for resource b1e3e9db-bcb6-48d1-97d0-e089dd5e20c1 (type: security_group_rules) to 0
2026-05-19 14:37:05.244 9 INFO neutron.db.ovn_revision_numbers_db [None req-d41567bd-b41a-4c7c-9368-fa9526493af1 2dde46222f0c4d05a92e6dc79753c2dc 8cf13f659408417abb79369600a91022 - - default default] Successfully bumped revision number for resource ba06e14b-eb92-47ac-9ffb-036829af656d (type: security_group_rules) to 0
2026-05-19 14:37:05.260 9 INFO neutron.api.wsgi [None req-9febb0e3-3729-44ac-b2fc-5433a6c1a033 1cb6dc39b6d44f6c82c7cfcfa7a8d976 0e006495f6a941dd93e20ef5639b4601 - - default default] 10.0.0.120 "PUT /v2.0/routers/768a8ce0-479b-4842-a9df-5b0419ccd49f/tags HTTP/1.1" status: 200 len: 210 time: 0.0533390
2026-05-19 14:37:05.286 9 INFO neutron.api.wsgi [None req-d41567bd-b41a-4c7c-9368-fa9526493af1 2dde46222f0c4d05a92e6dc79753c2dc 8cf13f659408417abb79369600a91022 - - default default] 10.0.0.120 "GET /v2.0/security-groups?tenant_id=9d1e566a10ec47888c9239affa83d361&name=default HTTP/1.1" status: 200 len: 3120 time: 0.4833288
2026-05-19 14:37:05.319 10 INFO neutron.api.wsgi [None req-a2f57750-adc0-4c24-bb8c-879508686eed 1cb6dc39b6d44f6c82c7cfcfa7a8d976 0e006495f6a941dd93e20ef5639b4601 - - default default] 10.0.0.120 "PUT /v2.0/routers/ac331023-9e94-45d2-9e6a-195b0994c4c5/tags HTTP/1.1" status: 200 len: 218 time: 0.0528905
2026-05-19 14:37:05.330 9 INFO neutron.db.ovn_revision_numbers_db [None req-114aea9c-18a6-409a-96cf-8eecbd56456f 2dde46222f0c4d05a92e6dc79753c2dc 8cf13f659408417abb79369600a91022 - - default default] Successfully bumped revision number for resource c7a7bc8c-02f9-4a59-8f1f-6f956d050293 (type: security_groups) to 1
2026-05-19 14:37:05.344 9 INFO neutron.db.ovn_revision_numbers_db [None req-114aea9c-18a6-409a-96cf-8eecbd56456f 2dde46222f0c4d05a92e6dc79753c2dc 8cf13f659408417abb79369600a91022 - - default default] Successfully bumped revision number for resource 32032711-f5ad-4c13-ae1c-1e6d9d4b2c43 (type: security_group_rules) to 0
2026-05-19 14:37:05.357 9 INFO neutron.db.ovn_revision_numbers_db [None req-114aea9c-18a6-409a-96cf-8eecbd56456f 2dde46222f0c4d05a92e6dc79753c2dc 8cf13f659408417abb79369600a91022 - - default default] Successfully bumped revision number for resource 59bf12f0-9a10-4cf8-8ea5-1d761c1e1591 (type: security_group_rules) to 0
2026-05-19 14:37:05.368 10 INFO neutron.api.wsgi [None req-dd394749-db07-4249-a1f4-e0a0bebe1b20 1cb6dc39b6d44f6c82c7cfcfa7a8d976 0e006495f6a941dd93e20ef5639b4601 - - default default] 10.0.0.120 "PUT /v2.0/routers/d692c184-d7f9-43d8-9974-29d9cf1ec5be/tags HTTP/1.1" status: 200 len: 227 time: 0.0440853
2026-05-19 14:37:05.372 9 INFO neutron.db.ovn_revision_numbers_db [None req-114aea9c-18a6-409a-96cf-8eecbd56456f 2dde46222f0c4d05a92e6dc79753c2dc 8cf13f659408417abb79369600a91022 - - default default] Successfully bumped revision number for resource 971f2f97-9996-4a23-b933-4a8305328ba3 (type: security_group_rules) to 0
2026-05-19 14:37:05.388 9 INFO neutron.db.ovn_revision_numbers_db [None req-114aea9c-18a6-409a-96cf-8eecbd56456f 2dde46222f0c4d05a92e6dc79753c2dc 8cf13f659408417abb79369600a91022 - - default default] Successfully bumped revision number for resource dcc1f39a-380b-4708-b521-a4d362d082bb (type: security_group_rules) to 0
2026-05-19 14:37:05.417 10 INFO neutron.api.wsgi [None req-0a414f30-614d-413d-aeb1-8fec3c18c67b 1cb6dc39b6d44f6c82c7cfcfa7a8d976 0e006495f6a941dd93e20ef5639b4601 - - default default] 10.0.0.120 "PUT /v2.0/routers/39cc26c2-0690-451d-8d64-912cad729942/tags HTTP/1.1" status: 200 len: 212 time: 0.0445390
2026-05-19 14:37:05.426 9 INFO neutron.api.wsgi [None req-114aea9c-18a6-409a-96cf-8eecbd56456f 2dde46222f0c4d05a92e6dc79753c2dc 8cf13f659408417abb79369600a91022 - - default default] 10.0.0.120 "GET /v2.0/security-groups?tenant_id=db3c3d235d0c4669941bc73bb22f3341&name=default HTTP/1.1" status: 200 len: 3120 time: 0.2906370
2026-05-19 14:37:05.481 10 INFO neutron.api.wsgi [None req-852e4031-9180-4ed7-a28e-3fbe504fa5ac 1cb6dc39b6d44f6c82c7cfcfa7a8d976 0e006495f6a941dd93e20ef5639b4601 - - default default] 10.0.0.120 "GET /v2.0/routers?tags=red HTTP/1.1" status: 200 len: 1946 time: 0.0559859
2026-05-19 14:37:05.531 9 INFO neutron.api.wsgi [None req-2aa62252-c668-4a00-a516-f7eee9862aae 2dde46222f0c4d05a92e6dc79753c2dc 8cf13f659408417abb79369600a91022 - - default default] 10.0.0.120 "DELETE /v2.0/security-groups/6829ae3f-d1b2-4476-8a07-df8cdcc47380 HTTP/1.1" status: 204 len: 168 time: 0.2383187
2026-05-19 14:37:05.616 9 INFO neutron.api.wsgi [None req-b7870e43-1c44-496f-934b-da0fba912862 2dde46222f0c4d05a92e6dc79753c2dc 8cf13f659408417abb79369600a91022 - - default default] 10.0.0.120 "DELETE /v2.0/security-groups/c7a7bc8c-02f9-4a59-8f1f-6f956d050293 HTTP/1.1" status: 204 len: 168 time: 0.1858425
2026-05-19 14:37:05.768 10 INFO neutron.api.wsgi [None req-77b808c6-6ece-4abc-b851-ffae13242d1f 1cb6dc39b6d44f6c82c7cfcfa7a8d976 0e006495f6a941dd93e20ef5639b4601 - - default default] 10.0.0.120 "GET /v2.0/routers?tags=red%2Cblue HTTP/1.1" status: 200 len: 1375 time: 0.2803614
2026-05-19 14:37:05.844 10 INFO neutron.api.wsgi [None req-e309d732-7ed8-4dfa-b32d-d154215e683b 1cb6dc39b6d44f6c82c7cfcfa7a8d976 0e006495f6a941dd93e20ef5639b4601 - - default default] 10.0.0.120 "GET /v2.0/routers?tags-any=blue HTTP/1.1" status: 200 len: 1375 time: 0.0636744
2026-05-19 14:37:05.883 10 INFO neutron.api.wsgi [None req-01af0f70-6432-4239-b6e2-745e24819293 1cb6dc39b6d44f6c82c7cfcfa7a8d976 0e006495f6a941dd93e20ef5639b4601 - - default default] 10.0.0.120 "GET /v2.0/routers?tags-any=red%2Cblue HTTP/1.1" status: 200 len: 1946 time: 0.0326736
2026-05-19 14:37:05.950 10 INFO neutron.api.wsgi [None req-930cfd04-2eba-4cdb-b9d1-4a7c725a222d 1cb6dc39b6d44f6c82c7cfcfa7a8d976 0e006495f6a941dd93e20ef5639b4601 - - default default] 10.0.0.120 "GET /v2.0/routers?not-tags=red HTTP/1.1" status: 200 len: 1347 time: 0.0599995
2026-05-19 14:37:05.976 9 INFO neutron.api.wsgi [-] 10.0.0.154 "GET / HTTP/1.1" status: 200 len: 245 time: 0.0025458
2026-05-19 14:37:05.980 9 INFO neutron.api.wsgi [-] 10.0.0.154 "GET / HTTP/1.1" status: 200 len: 245 time: 0.0025399
2026-05-19 14:37:06.011 10 INFO neutron.api.wsgi [None req-0f9c9d07-10e0-46c0-8b12-fb4075b7be4b 1cb6dc39b6d44f6c82c7cfcfa7a8d976 0e006495f6a941dd93e20ef5639b4601 - - default default] 10.0.0.120 "GET /v2.0/routers?not-tags=red%2Cblue HTTP/1.1" status: 200 len: 1918 time: 0.0573330
2026-05-19 14:37:06.070 9 INFO neutron.api.wsgi [None req-ab2e47c5-ad83-4b54-8e53-e4657b210367 1cb6dc39b6d44f6c82c7cfcfa7a8d976 0e006495f6a941dd93e20ef5639b4601 - - default default] 10.0.0.120 "GET /v2.0/routers?not-tags-any=blue HTTP/1.1" status: 200 len: 1918 time: 0.0537174
2026-05-19 14:37:06.115 9 INFO neutron.api.wsgi [None req-bf654f06-c4f5-4c05-8e39-a60696f1c990 1cb6dc39b6d44f6c82c7cfcfa7a8d976 0e006495f6a941dd93e20ef5639b4601 - - default default] 10.0.0.120 "GET /v2.0/routers?not-tags-any=red%2Cblue HTTP/1.1" status: 200 len: 1347 time: 0.0396812
2026-05-19 14:37:06.166 9 INFO neutron.api.wsgi [None req-c9c790b2-895c-4ae8-9bbf-4e524807a87d 1cb6dc39b6d44f6c82c7cfcfa7a8d976 0e006495f6a941dd93e20ef5639b4601 - - default default] 10.0.0.120 "GET /v2.0/routers/768a8ce0-479b-4842-a9df-5b0419ccd49f HTTP/1.1" status: 200 len: 775 time: 0.0454719
2026-05-19 14:37:06.479 10 INFO neutron.db.ovn_revision_numbers_db [None req-d22232d7-858c-4ef0-bf76-f7dded5000c7 1cb6dc39b6d44f6c82c7cfcfa7a8d976 0e006495f6a941dd93e20ef5639b4601 - - default default] Successfully bumped revision number for resource 768a8ce0-479b-4842-a9df-5b0419ccd49f (type: routers) to 2
2026-05-19 14:37:06.485 10 INFO neutron.api.wsgi [None req-d22232d7-858c-4ef0-bf76-f7dded5000c7 1cb6dc39b6d44f6c82c7cfcfa7a8d976 0e006495f6a941dd93e20ef5639b4601 - - default default] 10.0.0.120 "PUT /v2.0/routers/768a8ce0-479b-4842-a9df-5b0419ccd49f HTTP/1.1" status: 200 len: 775 time: 0.3078325
2026-05-19 14:37:06.507 10 INFO neutron.api.wsgi [None req-6bb34181-de5c-4b5c-9a5e-deb89686a096 1cb6dc39b6d44f6c82c7cfcfa7a8d976 0e006495f6a941dd93e20ef5639b4601 - - default default] 10.0.0.120 "GET /v2.0/ports?device_id=768a8ce0-479b-4842-a9df-5b0419ccd49f HTTP/1.1" status: 200 len: 205 time: 0.0166852
2026-05-19 14:37:06.667 10 INFO neutron.api.wsgi [None req-97eabf8c-1d12-415d-984c-a9cc8b866b5e 1cb6dc39b6d44f6c82c7cfcfa7a8d976 0e006495f6a941dd93e20ef5639b4601 - - default default] 10.0.0.120 "DELETE /v2.0/routers/768a8ce0-479b-4842-a9df-5b0419ccd49f HTTP/1.1" status: 204 len: 168 time: 0.1565504
2026-05-19 14:37:06.700 10 INFO neutron.api.wsgi [None req-ded7e361-bf7d-4926-a0c2-92905355deae 1cb6dc39b6d44f6c82c7cfcfa7a8d976 0e006495f6a941dd93e20ef5639b4601 - - default default] 10.0.0.120 "GET /v2.0/routers/ac331023-9e94-45d2-9e6a-195b0994c4c5 HTTP/1.1" status: 200 len: 783 time: 0.0281160
2026-05-19 14:37:06.949 10 INFO neutron.db.ovn_revision_numbers_db [None req-def24e87-3d44-4bb3-9f25-25a98c5aa41b 1cb6dc39b6d44f6c82c7cfcfa7a8d976 0e006495f6a941dd93e20ef5639b4601 - - default default] Successfully bumped revision number for resource ac331023-9e94-45d2-9e6a-195b0994c4c5 (type: routers) to 2
2026-05-19 14:37:06.954 10 INFO neutron.api.wsgi [None req-def24e87-3d44-4bb3-9f25-25a98c5aa41b 1cb6dc39b6d44f6c82c7cfcfa7a8d976 0e006495f6a941dd93e20ef5639b4601 - - default default] 10.0.0.120 "PUT /v2.0/routers/ac331023-9e94-45d2-9e6a-195b0994c4c5 HTTP/1.1" status: 200 len: 783 time: 0.2507045
2026-05-19 14:37:06.974 10 INFO neutron.api.wsgi [None req-e1b1c163-3dd7-425f-815a-cca9cc343a73 1cb6dc39b6d44f6c82c7cfcfa7a8d976 0e006495f6a941dd93e20ef5639b4601 - - default default] 10.0.0.120 "GET /v2.0/ports?device_id=ac331023-9e94-45d2-9e6a-195b0994c4c5 HTTP/1.1" status: 200 len: 205 time: 0.0149333
2026-05-19 14:37:07.133 10 INFO neutron.api.wsgi [None req-f8653439-aa6d-4624-bb72-60f8b6b0a3a2 1cb6dc39b6d44f6c82c7cfcfa7a8d976 0e006495f6a941dd93e20ef5639b4601 - - default default] 10.0.0.120 "DELETE /v2.0/routers/ac331023-9e94-45d2-9e6a-195b0994c4c5 HTTP/1.1" status: 204 len: 168 time: 0.1549516
2026-05-19 14:37:07.189 10 INFO neutron.api.wsgi [None req-8d14f971-20c3-4453-a8b2-ab9c1d2a8ff6 1cb6dc39b6d44f6c82c7cfcfa7a8d976 0e006495f6a941dd93e20ef5639b4601 - - default default] 10.0.0.120 "GET /v2.0/routers/d692c184-d7f9-43d8-9974-29d9cf1ec5be HTTP/1.1" status: 200 len: 792 time: 0.0516992
2026-05-19 14:37:07.455 10 INFO neutron.db.ovn_revision_numbers_db [None req-955adf40-816d-4ee1-bdb5-c5a9ab2bc673 1cb6dc39b6d44f6c82c7cfcfa7a8d976 0e006495f6a941dd93e20ef5639b4601 - - default default] Successfully bumped revision number for resource d692c184-d7f9-43d8-9974-29d9cf1ec5be (type: routers) to 2
2026-05-19 14:37:07.460 10 INFO neutron.api.wsgi [None req-955adf40-816d-4ee1-bdb5-c5a9ab2bc673 1cb6dc39b6d44f6c82c7cfcfa7a8d976 0e006495f6a941dd93e20ef5639b4601 - - default default] 10.0.0.120 "PUT /v2.0/routers/d692c184-d7f9-43d8-9974-29d9cf1ec5be HTTP/1.1" status: 200 len: 792 time: 0.2665169
2026-05-19 14:37:07.482 10 INFO neutron.api.wsgi [None req-65d87180-e3fe-4725-a6be-466748906a97 1cb6dc39b6d44f6c82c7cfcfa7a8d976 0e006495f6a941dd93e20ef5639b4601 - - default default] 10.0.0.120 "GET /v2.0/ports?device_id=d692c184-d7f9-43d8-9974-29d9cf1ec5be HTTP/1.1" status: 200 len: 205 time: 0.0180979
2026-05-19 14:37:07.641 10 INFO neutron.api.wsgi [None req-981fc622-69eb-46ee-a63e-c4a8e8fedf2c 1cb6dc39b6d44f6c82c7cfcfa7a8d976 0e006495f6a941dd93e20ef5639b4601 - - default default] 10.0.0.120 "DELETE /v2.0/routers/d692c184-d7f9-43d8-9974-29d9cf1ec5be HTTP/1.1" status: 204 len: 168 time: 0.1517401
2026-05-19 14:37:07.678 10 INFO neutron.api.wsgi [None req-6b9e9c98-b299-48e7-9861-b1aa84f548c0 1cb6dc39b6d44f6c82c7cfcfa7a8d976 0e006495f6a941dd93e20ef5639b4601 - - default default] 10.0.0.120 "GET /v2.0/routers/39cc26c2-0690-451d-8d64-912cad729942 HTTP/1.1" status: 200 len: 777 time: 0.0325673
2026-05-19 14:37:07.841 9 WARNING neutron_lib.context [None req-05b991e1-9cc4-4183-9342-94f219ee32c3 9b5b08b8ed3b4e51b833e9492c0ce730 7c583e06a3c94b5e87fe1efe9e991518 - - default default] Method 'is_advsvc' is deprecated since 2023.2 release (neutron-lib 3.8.0) and will be removed once support for the old RBAC API policies will be removed from Neutron. Please use method 'is_service_role' instead.
2026-05-19 14:37:07.956 9 INFO neutron.db.ovn_revision_numbers_db [None req-05b991e1-9cc4-4183-9342-94f219ee32c3 9b5b08b8ed3b4e51b833e9492c0ce730 7c583e06a3c94b5e87fe1efe9e991518 - - default default] Successfully bumped revision number for resource f4e9e118-ab94-4162-ab2c-ec61fdba5844 (type: security_groups) to 1
2026-05-19 14:37:07.972 9 INFO neutron.db.ovn_revision_numbers_db [None req-05b991e1-9cc4-4183-9342-94f219ee32c3 9b5b08b8ed3b4e51b833e9492c0ce730 7c583e06a3c94b5e87fe1efe9e991518 - - default default] Successfully bumped revision number for resource 0b914b7b-139f-487f-8f80-2b6251081cc1 (type: security_group_rules) to 0
2026-05-19 14:37:07.980 10 INFO neutron.db.ovn_revision_numbers_db [None req-bac537d1-396e-4312-a17e-4b968fbaa63f 1cb6dc39b6d44f6c82c7cfcfa7a8d976 0e006495f6a941dd93e20ef5639b4601 - - default default] Successfully bumped revision number for resource 39cc26c2-0690-451d-8d64-912cad729942 (type: routers) to 2
2026-05-19 14:37:07.986 9 INFO neutron.db.ovn_revision_numbers_db [None req-05b991e1-9cc4-4183-9342-94f219ee32c3 9b5b08b8ed3b4e51b833e9492c0ce730 7c583e06a3c94b5e87fe1efe9e991518 - - default default] Successfully bumped revision number for resource 17162e7e-6d25-473e-b749-a56eaf7adaf4 (type: security_group_rules) to 0
2026-05-19 14:37:07.987 10 INFO neutron.api.wsgi [None req-bac537d1-396e-4312-a17e-4b968fbaa63f 1cb6dc39b6d44f6c82c7cfcfa7a8d976 0e006495f6a941dd93e20ef5639b4601 - - default default] 10.0.0.120 "PUT /v2.0/routers/39cc26c2-0690-451d-8d64-912cad729942 HTTP/1.1" status: 200 len: 777 time: 0.3034351
2026-05-19 14:37:08.015 9 INFO neutron.db.ovn_revision_numbers_db [None req-05b991e1-9cc4-4183-9342-94f219ee32c3 9b5b08b8ed3b4e51b833e9492c0ce730 7c583e06a3c94b5e87fe1efe9e991518 - - default default] Successfully bumped revision number for resource 2465b372-93ce-4ef5-8a22-ff60a1f3ce7a (type: security_group_rules) to 0
2026-05-19 14:37:08.018 9 INFO neutron.api.wsgi [None req-add21978-09c3-4441-8991-55f80a0e1080 1cb6dc39b6d44f6c82c7cfcfa7a8d976 0e006495f6a941dd93e20ef5639b4601 - - default default] 10.0.0.120 "GET /v2.0/ports?device_id=39cc26c2-0690-451d-8d64-912cad729942 HTTP/1.1" status: 200 len: 205 time: 0.0207667
2026-05-19 14:37:08.030 9 INFO neutron.db.ovn_revision_numbers_db [None req-05b991e1-9cc4-4183-9342-94f219ee32c3 9b5b08b8ed3b4e51b833e9492c0ce730 7c583e06a3c94b5e87fe1efe9e991518 - - default default] Successfully bumped revision number for resource 58f1f0c9-ed5f-43b8-a78c-dbd9c642893b (type: security_group_rules) to 0
2026-05-19 14:37:08.108 9 INFO neutron.db.segments_db [None req-05b991e1-9cc4-4183-9342-94f219ee32c3 9b5b08b8ed3b4e51b833e9492c0ce730 7c583e06a3c94b5e87fe1efe9e991518 - - default default] Added segment bb9f3a8c-cafd-4a2f-a2d0-dfdc6dae70d1 of type geneve for network 6b52a4dd-8b76-47a3-9077-40b9e6b7f3ef
2026-05-19 14:37:08.179 10 INFO neutron.api.wsgi [None req-1a3da62f-1a1b-42b7-ae37-0665dd117514 1cb6dc39b6d44f6c82c7cfcfa7a8d976 0e006495f6a941dd93e20ef5639b4601 - - default default] 10.0.0.120 "DELETE /v2.0/routers/39cc26c2-0690-451d-8d64-912cad729942 HTTP/1.1" status: 204 len: 168 time: 0.1561699
2026-05-19 14:37:08.227 9 INFO neutron.api.wsgi [None req-020d478c-6aca-43fc-938c-86345f8f47f4 1cb6dc39b6d44f6c82c7cfcfa7a8d976 0e006495f6a941dd93e20ef5639b4601 - - default default] 10.0.0.120 "GET /v2.0/routers/3d553b51-63de-403f-b4fb-7b96be622d4f HTTP/1.1" status: 200 len: 770 time: 0.0414333
2026-05-19 14:37:08.241 9 INFO neutron.db.ovn_revision_numbers_db [None req-05b991e1-9cc4-4183-9342-94f219ee32c3 9b5b08b8ed3b4e51b833e9492c0ce730 7c583e06a3c94b5e87fe1efe9e991518 - - default default] Successfully bumped revision number for resource 6b52a4dd-8b76-47a3-9077-40b9e6b7f3ef (type: networks) to 1
2026-05-19 14:37:08.559 9 INFO neutron.api.wsgi [None req-c145aed4-93ea-4696-a31f-d2d436c4b584 1cb6dc39b6d44f6c82c7cfcfa7a8d976 0e006495f6a941dd93e20ef5639b4601 - - default default] 10.0.0.120 "PUT /v2.0/routers/3d553b51-63de-403f-b4fb-7b96be622d4f HTTP/1.1" status: 200 len: 770 time: 0.3263960
2026-05-19 14:37:08.566 9 WARNING neutron.scheduler.dhcp_agent_scheduler [None req-05b991e1-9cc4-4183-9342-94f219ee32c3 9b5b08b8ed3b4e51b833e9492c0ce730 7c583e06a3c94b5e87fe1efe9e991518 - - default default] No more DHCP agents
2026-05-19 14:37:08.567 9 WARNING neutron.api.rpc.agentnotifiers.dhcp_rpc_agent_api [None req-05b991e1-9cc4-4183-9342-94f219ee32c3 9b5b08b8ed3b4e51b833e9492c0ce730 7c583e06a3c94b5e87fe1efe9e991518 - - default default] Unable to schedule network 6b52a4dd-8b76-47a3-9077-40b9e6b7f3ef: no agents available; will retry on subsequent port and subnet creation events.
2026-05-19 14:37:08.582 10 INFO neutron.api.wsgi [None req-93757ad0-12bd-464f-8703-f9b984e728ce 1cb6dc39b6d44f6c82c7cfcfa7a8d976 0e006495f6a941dd93e20ef5639b4601 - - default default] 10.0.0.120 "GET /v2.0/ports?device_id=3d553b51-63de-403f-b4fb-7b96be622d4f HTTP/1.1" status: 200 len: 205 time: 0.0174429
2026-05-19 14:37:08.633 9 INFO neutron.db.ovn_revision_numbers_db [None req-05b991e1-9cc4-4183-9342-94f219ee32c3 9b5b08b8ed3b4e51b833e9492c0ce730 7c583e06a3c94b5e87fe1efe9e991518 - - default default] Successfully bumped revision number for resource 61050b5e-b14e-443d-bc67-b4023559d7ae (type: ports) to 1
2026-05-19 14:37:08.664 9 INFO neutron.api.wsgi [None req-05b991e1-9cc4-4183-9342-94f219ee32c3 9b5b08b8ed3b4e51b833e9492c0ce730 7c583e06a3c94b5e87fe1efe9e991518 - - default default] 10.0.0.120 "POST /v2.0/networks HTTP/1.1" status: 201 len: 830 time: 0.9904497
2026-05-19 14:37:08.684 9 WARNING neutron_lib.context [None req-f025a475-505a-46a9-b136-6b21431bfd1b 9b5b08b8ed3b4e51b833e9492c0ce730 7c583e06a3c94b5e87fe1efe9e991518 - - default default] Method 'is_advsvc' is deprecated since 2023.2 release (neutron-lib 3.8.0) and will be removed once support for the old RBAC API policies will be removed from Neutron. Please use method 'is_service_role' instead.
2026-05-19 14:37:08.752 10 INFO neutron.api.wsgi [None req-e1bad9e0-9b98-418f-8bd4-3974e6d613d2 1cb6dc39b6d44f6c82c7cfcfa7a8d976 0e006495f6a941dd93e20ef5639b4601 - - default default] 10.0.0.120 "DELETE /v2.0/routers/3d553b51-63de-403f-b4fb-7b96be622d4f HTTP/1.1" status: 204 len: 168 time: 0.1626804
2026-05-19 14:37:08.903 9 WARNING neutron.scheduler.dhcp_agent_scheduler [None req-f025a475-505a-46a9-b136-6b21431bfd1b 9b5b08b8ed3b4e51b833e9492c0ce730 7c583e06a3c94b5e87fe1efe9e991518 - - default default] No more DHCP agents
2026-05-19 14:37:08.907 9 WARNING neutron.api.rpc.agentnotifiers.dhcp_rpc_agent_api [None req-f025a475-505a-46a9-b136-6b21431bfd1b 9b5b08b8ed3b4e51b833e9492c0ce730 7c583e06a3c94b5e87fe1efe9e991518 - - default default] Unable to schedule network 6b52a4dd-8b76-47a3-9077-40b9e6b7f3ef: no agents available; will retry on subsequent port and subnet creation events.
2026-05-19 14:37:08.970 9 INFO neutron.db.ovn_revision_numbers_db [None req-f025a475-505a-46a9-b136-6b21431bfd1b 9b5b08b8ed3b4e51b833e9492c0ce730 7c583e06a3c94b5e87fe1efe9e991518 - - default default] Successfully bumped revision number for resource 1584239c-572d-4dd2-ac85-a9fc939b5011 (type: ports) to 1
2026-05-19 14:37:08.999 9 INFO neutron.api.wsgi [None req-f025a475-505a-46a9-b136-6b21431bfd1b 9b5b08b8ed3b4e51b833e9492c0ce730 7c583e06a3c94b5e87fe1efe9e991518 - - default default] 10.0.0.120 "POST /v2.0/ports HTTP/1.1" status: 201 len: 942 time: 0.3212667 /var/lib/openstack/lib/python3.12/site-packages/pycadf/identifier.py:71: UserWarning: Invalid uuid: neutron. To ensure interoperability, identifiers should be a valid uuid. warnings.warn(('Invalid uuid: %s. To ensure interoperability, '
2026-05-19 14:37:09.009 9 WARNING neutron_lib.context [None req-bd4a0bd3-2c77-4027-a58e-4e3992c4c2fe 9b5b08b8ed3b4e51b833e9492c0ce730 7c583e06a3c94b5e87fe1efe9e991518 - - default default] Method 'is_advsvc' is deprecated since 2023.2 release (neutron-lib 3.8.0) and will be removed once support for the old RBAC API policies will be removed from Neutron. Please use method 'is_service_role' instead.
2026-05-19 14:37:09.090 9 INFO neutron.db.segments_db [None req-bd4a0bd3-2c77-4027-a58e-4e3992c4c2fe 9b5b08b8ed3b4e51b833e9492c0ce730 7c583e06a3c94b5e87fe1efe9e991518 - - default default] Added segment be8cf446-b18c-4c38-acaf-f8d88aadf678 of type geneve for network f8dedb73-e011-4b0a-96c0-a5546d178845
2026-05-19 14:37:09.193 9 INFO neutron.db.ovn_revision_numbers_db [None req-bd4a0bd3-2c77-4027-a58e-4e3992c4c2fe 9b5b08b8ed3b4e51b833e9492c0ce730 7c583e06a3c94b5e87fe1efe9e991518 - - default default] Successfully bumped revision number for resource f8dedb73-e011-4b0a-96c0-a5546d178845 (type: networks) to 1
2026-05-19 14:37:09.343 9 WARNING neutron.scheduler.dhcp_agent_scheduler [None req-bd4a0bd3-2c77-4027-a58e-4e3992c4c2fe 9b5b08b8ed3b4e51b833e9492c0ce730 7c583e06a3c94b5e87fe1efe9e991518 - - default default] No more DHCP agents
2026-05-19 14:37:09.344 9 WARNING neutron.api.rpc.agentnotifiers.dhcp_rpc_agent_api [None req-bd4a0bd3-2c77-4027-a58e-4e3992c4c2fe 9b5b08b8ed3b4e51b833e9492c0ce730 7c583e06a3c94b5e87fe1efe9e991518 - - default default] Unable to schedule network f8dedb73-e011-4b0a-96c0-a5546d178845: no agents available; will retry on subsequent port and subnet creation events.
2026-05-19 14:37:09.405 9 INFO neutron.db.ovn_revision_numbers_db [None req-bd4a0bd3-2c77-4027-a58e-4e3992c4c2fe 9b5b08b8ed3b4e51b833e9492c0ce730 7c583e06a3c94b5e87fe1efe9e991518 - - default default] Successfully bumped revision number for resource eca0735b-2ca8-40c5-9983-81b4fe887011 (type: ports) to 1
2026-05-19 14:37:09.423 9 INFO neutron.api.wsgi [None req-bd4a0bd3-2c77-4027-a58e-4e3992c4c2fe 9b5b08b8ed3b4e51b833e9492c0ce730 7c583e06a3c94b5e87fe1efe9e991518 - - default default] 10.0.0.120 "POST /v2.0/networks HTTP/1.1" status: 201 len: 831 time: 0.4187319
2026-05-19 14:37:09.430 9 WARNING neutron_lib.context [None req-e714f024-00a5-4bdf-a16f-7aad151aabd2 9b5b08b8ed3b4e51b833e9492c0ce730 7c583e06a3c94b5e87fe1efe9e991518 - - default default] Method 'is_advsvc' is deprecated since 2023.2 release (neutron-lib 3.8.0) and will be removed once support for the old RBAC API policies will be removed from Neutron. Please use method 'is_service_role' instead.
2026-05-19 14:37:09.639 9 WARNING neutron.scheduler.dhcp_agent_scheduler [None req-e714f024-00a5-4bdf-a16f-7aad151aabd2 9b5b08b8ed3b4e51b833e9492c0ce730 7c583e06a3c94b5e87fe1efe9e991518 - - default default] No more DHCP agents
2026-05-19 14:37:09.640 9 WARNING neutron.api.rpc.agentnotifiers.dhcp_rpc_agent_api [None req-e714f024-00a5-4bdf-a16f-7aad151aabd2 9b5b08b8ed3b4e51b833e9492c0ce730 7c583e06a3c94b5e87fe1efe9e991518 - - default default] Unable to schedule network f8dedb73-e011-4b0a-96c0-a5546d178845: no agents available; will retry on subsequent port and subnet creation events.
2026-05-19 14:37:09.712 9 INFO neutron.db.ovn_revision_numbers_db [None req-e714f024-00a5-4bdf-a16f-7aad151aabd2 9b5b08b8ed3b4e51b833e9492c0ce730 7c583e06a3c94b5e87fe1efe9e991518 - - default default] Successfully bumped revision number for resource 70c1e46c-b0b5-46b1-9059-79a16d7bb74f (type: ports) to 1
2026-05-19 14:37:09.730 9 INFO neutron.api.wsgi [None req-e714f024-00a5-4bdf-a16f-7aad151aabd2 9b5b08b8ed3b4e51b833e9492c0ce730 7c583e06a3c94b5e87fe1efe9e991518 - - default default] 10.0.0.120 "POST /v2.0/ports HTTP/1.1" status: 201 len: 942 time: 0.3031144
2026-05-19 14:37:09.740 10 WARNING neutron_lib.context [None req-8db6a142-f8e2-41bb-a930-83bb72384b7b 9b5b08b8ed3b4e51b833e9492c0ce730 7c583e06a3c94b5e87fe1efe9e991518 - - default default] Method 'is_advsvc' is deprecated since 2023.2 release (neutron-lib 3.8.0) and will be removed once support for the old RBAC API policies will be removed from Neutron. Please use method 'is_service_role' instead.
2026-05-19 14:37:09.802 10 INFO neutron.db.ovn_revision_numbers_db [None req-1fbe5da3-620b-43a7-a44a-394b0f4ffeba 2dde46222f0c4d05a92e6dc79753c2dc 8cf13f659408417abb79369600a91022 - - default default] Successfully bumped revision number for resource 91cd11c8-505d-491e-8ece-14c1f9409b36 (type: security_groups) to 1
2026-05-19 14:37:09.816 10 INFO neutron.db.ovn_revision_numbers_db [None req-1fbe5da3-620b-43a7-a44a-394b0f4ffeba 2dde46222f0c4d05a92e6dc79753c2dc 8cf13f659408417abb79369600a91022 - - default default] Successfully bumped revision number for resource 344fee75-1b92-4bb0-a3a3-417a95535200 (type: security_group_rules) to 0
2026-05-19 14:37:09.828 10 INFO neutron.db.ovn_revision_numbers_db [None req-1fbe5da3-620b-43a7-a44a-394b0f4ffeba 2dde46222f0c4d05a92e6dc79753c2dc 8cf13f659408417abb79369600a91022 - - default default] Successfully bumped revision number for resource 5825c635-54a9-447f-be63-c6b2032cbfed (type: security_group_rules) to 0
2026-05-19 14:37:09.828 10 INFO neutron.db.segments_db [None req-8db6a142-f8e2-41bb-a930-83bb72384b7b 9b5b08b8ed3b4e51b833e9492c0ce730 7c583e06a3c94b5e87fe1efe9e991518 - - default default] Added segment e444c592-59d0-448f-9a8a-74bfd844c569 of type geneve for network f8ad113f-710f-4ee4-8670-e7a8339b8d69
2026-05-19 14:37:09.841 10 INFO neutron.db.ovn_revision_numbers_db [None req-1fbe5da3-620b-43a7-a44a-394b0f4ffeba 2dde46222f0c4d05a92e6dc79753c2dc 8cf13f659408417abb79369600a91022 - - default default] Successfully bumped revision number for resource bc990d7a-1ab2-47d5-9068-85e358e42be9 (type: security_group_rules) to 0
2026-05-19 14:37:09.857 10 INFO neutron.db.ovn_revision_numbers_db [None req-1fbe5da3-620b-43a7-a44a-394b0f4ffeba 2dde46222f0c4d05a92e6dc79753c2dc 8cf13f659408417abb79369600a91022 - - default default] Successfully bumped revision number for resource f054ec52-df11-4eff-a9c2-f6e9edd749c3 (type: security_group_rules) to 0
2026-05-19 14:37:09.895 10 INFO neutron.api.wsgi [None req-1fbe5da3-620b-43a7-a44a-394b0f4ffeba 2dde46222f0c4d05a92e6dc79753c2dc 8cf13f659408417abb79369600a91022 - - default default] 10.0.0.120 "GET /v2.0/security-groups?tenant_id=0e006495f6a941dd93e20ef5639b4601&name=default HTTP/1.1" status: 200 len: 3120 time: 0.3329117
2026-05-19 14:37:09.939 10 INFO neutron.db.ovn_revision_numbers_db [None req-8db6a142-f8e2-41bb-a930-83bb72384b7b 9b5b08b8ed3b4e51b833e9492c0ce730 7c583e06a3c94b5e87fe1efe9e991518 - - default default] Successfully bumped revision number for resource f8ad113f-710f-4ee4-8670-e7a8339b8d69 (type: networks) to 1 /var/lib/openstack/lib/python3.12/site-packages/pycadf/identifier.py:71: UserWarning: Invalid uuid: neutron. To ensure interoperability, identifiers should be a valid uuid. warnings.warn(('Invalid uuid: %s. To ensure interoperability, '
2026-05-19 14:37:10.080 9 WARNING neutron_lib.context [None req-a2b87272-cf51-4088-a718-6438ee614ca3 6ecc2753a5f048799709010e3fd07f8c bb52e5eae2fa4af5b2f78c521f7fae5c - - default default] Method 'is_advsvc' is deprecated since 2023.2 release (neutron-lib 3.8.0) and will be removed once support for the old RBAC API policies will be removed from Neutron. Please use method 'is_service_role' instead.
2026-05-19 14:37:10.085 10 WARNING neutron.scheduler.dhcp_agent_scheduler [None req-8db6a142-f8e2-41bb-a930-83bb72384b7b 9b5b08b8ed3b4e51b833e9492c0ce730 7c583e06a3c94b5e87fe1efe9e991518 - - default default] No more DHCP agents
2026-05-19 14:37:10.086 10 WARNING neutron.api.rpc.agentnotifiers.dhcp_rpc_agent_api [None req-8db6a142-f8e2-41bb-a930-83bb72384b7b 9b5b08b8ed3b4e51b833e9492c0ce730 7c583e06a3c94b5e87fe1efe9e991518 - - default default] Unable to schedule network f8ad113f-710f-4ee4-8670-e7a8339b8d69: no agents available; will retry on subsequent port and subnet creation events.
