2026-05-19 14:24:49.253 9 INFO neutron.api.wsgi [None req-b36d67a6-2d43-489d-a716-d6b450fa21cd 2dde46222f0c4d05a92e6dc79753c2dc 8cf13f659408417abb79369600a91022 - - default default] 10.0.0.186 "GET /v2.0/floatingips HTTP/1.1" status: 200 len: 193 time: 0.0121248
2026-05-19 14:24:49.293 9 INFO neutron.api.wsgi [None req-96f42ad5-df41-4238-a2e2-50971f86818a 2dde46222f0c4d05a92e6dc79753c2dc 8cf13f659408417abb79369600a91022 - - default default] 10.0.0.186 "GET /v2.0/ports HTTP/1.1" status: 200 len: 5351 time: 0.0394459
2026-05-19 14:24:49.305 9 INFO neutron.api.wsgi [None req-39d0db30-6b88-4ae4-93d3-6a84f9527fbb 2dde46222f0c4d05a92e6dc79753c2dc 8cf13f659408417abb79369600a91022 - - default default] 10.0.0.186 "GET /v2.0/agents HTTP/1.1" status: 200 len: 1390 time: 0.0084848
2026-05-19 14:24:49.315 9 INFO neutron.api.wsgi [None req-a05dcf1c-5fdd-494b-acef-01ae6d9c5994 2dde46222f0c4d05a92e6dc79753c2dc 8cf13f659408417abb79369600a91022 - - default default] 10.0.0.186 "GET /v2.0/network-ip-availabilities HTTP/1.1" status: 200 len: 1280 time: 0.0092022
2026-05-19 14:24:49.343 9 INFO neutron.api.wsgi [None req-29f2a653-7e16-49e6-ac09-017a60abd798 2dde46222f0c4d05a92e6dc79753c2dc 8cf13f659408417abb79369600a91022 - - default default] 10.0.0.186 "GET /v2.0/subnets HTTP/1.1" status: 200 len: 1484 time: 0.0262070
2026-05-19 14:24:49.381 9 INFO neutron.api.wsgi [None req-3e85238f-3ff1-42d3-9478-336ac03fb2c8 2dde46222f0c4d05a92e6dc79753c2dc 8cf13f659408417abb79369600a91022 - - default default] 10.0.0.186 "GET /v2.0/security-groups HTTP/1.1" status: 200 len: 17578 time: 0.0362325
2026-05-19 14:24:50.976 9 INFO neutron.api.wsgi [-] 10.0.0.154 "GET / HTTP/1.1" status: 200 len: 245 time: 0.0016563
2026-05-19 14:24:50.977 10 INFO neutron.api.wsgi [-] 10.0.0.154 "GET / HTTP/1.1" status: 200 len: 245 time: 0.0029221
2026-05-19 14:25:05.976 9 INFO neutron.api.wsgi [-] 10.0.0.154 "GET / HTTP/1.1" status: 200 len: 245 time: 0.0016828
2026-05-19 14:25:05.978 9 INFO neutron.api.wsgi [-] 10.0.0.154 "GET / HTTP/1.1" status: 200 len: 245 time: 0.0014145
2026-05-19 14:25:20.976 9 INFO neutron.api.wsgi [-] 10.0.0.154 "GET / HTTP/1.1" status: 200 len: 245 time: 0.0015979
2026-05-19 14:25:20.977 9 INFO neutron.api.wsgi [-] 10.0.0.154 "GET / HTTP/1.1" status: 200 len: 245 time: 0.0008986
2026-05-19 14:25:35.976 10 INFO neutron.api.wsgi [-] 10.0.0.154 "GET / HTTP/1.1" status: 200 len: 245 time: 0.0020878
2026-05-19 14:25:35.977 9 INFO neutron.api.wsgi [-] 10.0.0.154 "GET / HTTP/1.1" status: 200 len: 245 time: 0.0027175
2026-05-19 14:25:49.147 9 INFO neutron.api.wsgi [None req-3f159908-40fe-4f44-8dc9-af85d68597b2 2dde46222f0c4d05a92e6dc79753c2dc 8cf13f659408417abb79369600a91022 - - default default] 10.0.0.186 "GET /v2.0/subnets HTTP/1.1" status: 200 len: 1484 time: 0.0903413
2026-05-19 14:25:49.153 9 INFO neutron.api.wsgi [None req-d99a9d58-a77f-4a7c-88b4-94d22cd32e27 2dde46222f0c4d05a92e6dc79753c2dc 8cf13f659408417abb79369600a91022 - - default default] 10.0.0.186 "GET /v2.0/subnetpools HTTP/1.1" status: 200 len: 193 time: 0.0055189
2026-05-19 14:25:49.203 9 INFO neutron.api.wsgi [None req-26633795-84a7-415f-9b35-20f1dbf7d532 2dde46222f0c4d05a92e6dc79753c2dc 8cf13f659408417abb79369600a91022 - - default default] 10.0.0.186 "GET /v2.0/networks HTTP/1.1" status: 200 len: 2350 time: 0.0489540
2026-05-19 14:25:49.237 9 INFO neutron.api.wsgi [None req-1db9bdca-d744-4ff1-9876-8616377a66c9 2dde46222f0c4d05a92e6dc79753c2dc 8cf13f659408417abb79369600a91022 - - default default] 10.0.0.186 "GET /v2.0/security-groups HTTP/1.1" status: 200 len: 17578 time: 0.0326490
2026-05-19 14:25:49.286 9 INFO neutron.api.wsgi [None req-3b2383d4-050c-43e5-9c54-e37fe14af1ad 2dde46222f0c4d05a92e6dc79753c2dc 8cf13f659408417abb79369600a91022 - - default default] 10.0.0.186 "GET /v2.0/agents HTTP/1.1" status: 200 len: 1390 time: 0.0431511
2026-05-19 14:25:49.301 9 INFO neutron.api.wsgi [None req-2bd3d229-00a0-4fe3-a781-4d2c54759cde 2dde46222f0c4d05a92e6dc79753c2dc 8cf13f659408417abb79369600a91022 - - default default] 10.0.0.186 "GET /v2.0/floatingips HTTP/1.1" status: 200 len: 193 time: 0.0142379
2026-05-19 14:25:49.323 9 INFO neutron.api.wsgi [None req-b67922a6-c6e8-4f76-b082-36b197b6d7fc 2dde46222f0c4d05a92e6dc79753c2dc 8cf13f659408417abb79369600a91022 - - default default] 10.0.0.186 "GET /v2.0/subnets HTTP/1.1" status: 200 len: 1484 time: 0.0217776
2026-05-19 14:25:49.336 9 INFO neutron.api.wsgi [None req-0eed88bf-cbe9-4c56-88a9-2d5e09592a8a 2dde46222f0c4d05a92e6dc79753c2dc 8cf13f659408417abb79369600a91022 - - default default] 10.0.0.186 "GET /v2.0/routers HTTP/1.1" status: 200 len: 189 time: 0.0115848
2026-05-19 14:25:49.344 9 INFO neutron.api.wsgi [None req-308e96ae-d11a-4ee5-ba04-86c689c5f01c 2dde46222f0c4d05a92e6dc79753c2dc 8cf13f659408417abb79369600a91022 - - default default] 10.0.0.186 "GET /v2.0/agents?binary=ovn-controller HTTP/1.1" status: 200 len: 591 time: 0.0073202
2026-05-19 14:25:49.353 9 INFO neutron.api.wsgi [None req-811b8353-7d7c-4275-a9cd-08dd71886285 2dde46222f0c4d05a92e6dc79753c2dc 8cf13f659408417abb79369600a91022 - - default default] 10.0.0.186 "GET /v2.0/network-ip-availabilities HTTP/1.1" status: 200 len: 1280 time: 0.0082855
2026-05-19 14:25:49.388 9 INFO neutron.api.wsgi [None req-dde36390-69d6-429e-926b-b46621f4b3b0 2dde46222f0c4d05a92e6dc79753c2dc 8cf13f659408417abb79369600a91022 - - default default] 10.0.0.186 "GET /v2.0/ports HTTP/1.1" status: 200 len: 5351 time: 0.0338080
2026-05-19 14:25:50.975 10 INFO neutron.api.wsgi [-] 10.0.0.154 "GET / HTTP/1.1" status: 200 len: 245 time: 0.0014322
2026-05-19 14:25:50.978 9 INFO neutron.api.wsgi [-] 10.0.0.154 "GET / HTTP/1.1" status: 200 len: 245 time: 0.0048862
2026-05-19 14:26:05.977 10 INFO neutron.api.wsgi [-] 10.0.0.154 "GET / HTTP/1.1" status: 200 len: 245 time: 0.0023696
2026-05-19 14:26:05.977 9 INFO neutron.api.wsgi [-] 10.0.0.154 "GET / HTTP/1.1" status: 200 len: 245 time: 0.0024750
2026-05-19 14:26:20.976 10 INFO neutron.api.wsgi [-] 10.0.0.154 "GET / HTTP/1.1" status: 200 len: 245 time: 0.0020938
2026-05-19 14:26:20.977 10 INFO neutron.api.wsgi [-] 10.0.0.154 "GET / HTTP/1.1" status: 200 len: 245 time: 0.0011861
2026-05-19 14:26:35.977 10 INFO neutron.api.wsgi [-] 10.0.0.154 "GET / HTTP/1.1" status: 200 len: 245 time: 0.0024073
2026-05-19 14:26:35.977 9 INFO neutron.api.wsgi [-] 10.0.0.154 "GET / HTTP/1.1" status: 200 len: 245 time: 0.0025072
2026-05-19 14:26:49.110 9 INFO neutron.api.wsgi [None req-fbf151c2-0d0e-4dda-b4a3-9d1a88b80d7f 2dde46222f0c4d05a92e6dc79753c2dc 8cf13f659408417abb79369600a91022 - - default default] 10.0.0.186 "GET /v2.0/subnets HTTP/1.1" status: 200 len: 1484 time: 0.0715513
2026-05-19 14:26:49.117 9 INFO neutron.api.wsgi [None req-f5fc3a1d-827f-4ed5-9905-064e683c4317 2dde46222f0c4d05a92e6dc79753c2dc 8cf13f659408417abb79369600a91022 - - default default] 10.0.0.186 "GET /v2.0/subnetpools HTTP/1.1" status: 200 len: 193 time: 0.0055802
2026-05-19 14:26:49.126 9 INFO neutron.api.wsgi [None req-153c5bf5-33cb-4aea-89f3-417379ff170c 2dde46222f0c4d05a92e6dc79753c2dc 8cf13f659408417abb79369600a91022 - - default default] 10.0.0.186 "GET /v2.0/network-ip-availabilities HTTP/1.1" status: 200 len: 1280 time: 0.0084178
2026-05-19 14:26:49.151 9 INFO neutron.api.wsgi [None req-a2ba0bfd-4618-4bc7-a318-06f0be942a2a 2dde46222f0c4d05a92e6dc79753c2dc 8cf13f659408417abb79369600a91022 - - default default] 10.0.0.186 "GET /v2.0/subnets HTTP/1.1" status: 200 len: 1484 time: 0.0239296
2026-05-19 14:26:49.193 9 INFO neutron.api.wsgi [None req-95373f38-8394-4f88-a432-a61f57434961 2dde46222f0c4d05a92e6dc79753c2dc 8cf13f659408417abb79369600a91022 - - default default] 10.0.0.186 "GET /v2.0/ports HTTP/1.1" status: 200 len: 5351 time: 0.0409644
2026-05-19 14:26:49.286 9 INFO neutron.api.wsgi [None req-be9f17d8-9133-4f9b-8141-c93c342b30c3 2dde46222f0c4d05a92e6dc79753c2dc 8cf13f659408417abb79369600a91022 - - default default] 10.0.0.186 "GET /v2.0/security-groups HTTP/1.1" status: 200 len: 17578 time: 0.0890932
2026-05-19 14:26:49.304 9 INFO neutron.api.wsgi [None req-bba7aed7-960c-42e9-9daf-791bd6ce2575 2dde46222f0c4d05a92e6dc79753c2dc 8cf13f659408417abb79369600a91022 - - default default] 10.0.0.186 "GET /v2.0/routers HTTP/1.1" status: 200 len: 189 time: 0.0133433
2026-05-19 14:26:49.333 9 INFO neutron.api.wsgi [None req-659f18e5-628a-4d66-8238-dbab47c44152 2dde46222f0c4d05a92e6dc79753c2dc 8cf13f659408417abb79369600a91022 - - default default] 10.0.0.186 "GET /v2.0/agents?binary=ovn-controller HTTP/1.1" status: 200 len: 591 time: 0.0292070
2026-05-19 14:26:49.342 9 INFO neutron.api.wsgi [None req-21a79c86-1123-4511-83cd-3b5f50ccd657 2dde46222f0c4d05a92e6dc79753c2dc 8cf13f659408417abb79369600a91022 - - default default] 10.0.0.186 "GET /v2.0/agents HTTP/1.1" status: 200 len: 1390 time: 0.0072532
2026-05-19 14:26:49.355 9 INFO neutron.api.wsgi [None req-9cb55d89-24db-4e32-bd81-b5575f960b55 2dde46222f0c4d05a92e6dc79753c2dc 8cf13f659408417abb79369600a91022 - - default default] 10.0.0.186 "GET /v2.0/floatingips HTTP/1.1" status: 200 len: 193 time: 0.0126779
2026-05-19 14:26:49.398 9 INFO neutron.api.wsgi [None req-ad946fba-b7fe-4027-866e-1d345c8e4dec 2dde46222f0c4d05a92e6dc79753c2dc 8cf13f659408417abb79369600a91022 - - default default] 10.0.0.186 "GET /v2.0/networks HTTP/1.1" status: 200 len: 2350 time: 0.0425904
2026-05-19 14:26:50.976 10 INFO neutron.api.wsgi [-] 10.0.0.154 "GET / HTTP/1.1" status: 200 len: 245 time: 0.0024791
2026-05-19 14:26:50.976 9 INFO neutron.api.wsgi [-] 10.0.0.154 "GET / HTTP/1.1" status: 200 len: 245 time: 0.0026767
2026-05-19 14:27:05.976 10 INFO neutron.api.wsgi [-] 10.0.0.154 "GET / HTTP/1.1" status: 200 len: 245 time: 0.0023305
2026-05-19 14:27:05.977 9 INFO neutron.api.wsgi [-] 10.0.0.154 "GET / HTTP/1.1" status: 200 len: 245 time: 0.0025034
2026-05-19 14:27:20.977 9 INFO neutron.api.wsgi [-] 10.0.0.154 "GET / HTTP/1.1" status: 200 len: 245 time: 0.0030925
2026-05-19 14:27:20.980 9 INFO neutron.api.wsgi [-] 10.0.0.154 "GET / HTTP/1.1" status: 200 len: 245 time: 0.0019531
2026-05-19 14:27:35.753 15 INFO neutron.plugins.ml2.drivers.ovn.mech_driver.ovsdb.maintenance [None req-565b6784-ef3b-4ff1-bd8a-7ab017d766ee - - - - - -] OVN maintenance task check_for_inconsistencies finished in 0.019 seconds
2026-05-19 14:27:35.977 9 INFO neutron.api.wsgi [-] 10.0.0.154 "GET / HTTP/1.1" status: 200 len: 245 time: 0.0027931
2026-05-19 14:27:35.978 10 INFO neutron.api.wsgi [-] 10.0.0.154 "GET / HTTP/1.1" status: 200 len: 245 time: 0.0040460
2026-05-19 14:27:49.094 9 INFO neutron.api.wsgi [None req-cbf9119a-cfa7-477d-a94e-80173c7a91b4 2dde46222f0c4d05a92e6dc79753c2dc 8cf13f659408417abb79369600a91022 - - default default] 10.0.0.186 "GET /v2.0/subnets HTTP/1.1" status: 200 len: 1484 time: 0.0771494
2026-05-19 14:27:49.143 9 INFO neutron.api.wsgi [None req-deca2c87-9e71-4f8d-b364-6a0d5ec2414a 2dde46222f0c4d05a92e6dc79753c2dc 8cf13f659408417abb79369600a91022 - - default default] 10.0.0.186 "GET /v2.0/networks HTTP/1.1" status: 200 len: 2350 time: 0.0485811
2026-05-19 14:27:49.186 9 INFO neutron.api.wsgi [None req-8d841c7c-709a-4d31-bcd9-9e51fd81fe96 2dde46222f0c4d05a92e6dc79753c2dc 8cf13f659408417abb79369600a91022 - - default default] 10.0.0.186 "GET /v2.0/security-groups HTTP/1.1" status: 200 len: 17578 time: 0.0398796
2026-05-19 14:27:49.220 9 INFO neutron.api.wsgi [None req-e8c37968-778d-4814-97a0-b849ecb6824a 2dde46222f0c4d05a92e6dc79753c2dc 8cf13f659408417abb79369600a91022 - - default default] 10.0.0.186 "GET /v2.0/agents HTTP/1.1" status: 200 len: 1390 time: 0.0298126
2026-05-19 14:27:49.246 9 INFO neutron.api.wsgi [None req-68d33979-732c-445d-ab6a-d43e2bb03406 2dde46222f0c4d05a92e6dc79753c2dc 8cf13f659408417abb79369600a91022 - - default default] 10.0.0.186 "GET /v2.0/subnets HTTP/1.1" status: 200 len: 1484 time: 0.0258601
2026-05-19 14:27:49.254 9 INFO neutron.api.wsgi [None req-faee5b20-4c14-4ea7-ad1e-231918e9966e 2dde46222f0c4d05a92e6dc79753c2dc 8cf13f659408417abb79369600a91022 - - default default] 10.0.0.186 "GET /v2.0/subnetpools HTTP/1.1" status: 200 len: 193 time: 0.0060248
2026-05-19 14:27:49.265 9 INFO neutron.api.wsgi [None req-c5c126a2-c73e-4fc4-9e2d-1a152dada028 2dde46222f0c4d05a92e6dc79753c2dc 8cf13f659408417abb79369600a91022 - - default default] 10.0.0.186 "GET /v2.0/routers HTTP/1.1" status: 200 len: 189 time: 0.0104809
2026-05-19 14:27:49.274 9 INFO neutron.api.wsgi [None req-be00bd46-ba50-4d06-8d7c-2985d1f4118d 2dde46222f0c4d05a92e6dc79753c2dc 8cf13f659408417abb79369600a91022 - - default default] 10.0.0.186 "GET /v2.0/agents?binary=ovn-controller HTTP/1.1" status: 200 len: 591 time: 0.0087068
2026-05-19 14:27:49.313 9 INFO neutron.api.wsgi [None req-f300c47a-33a2-456c-9021-7fc1fa8ddf94 2dde46222f0c4d05a92e6dc79753c2dc 8cf13f659408417abb79369600a91022 - - default default] 10.0.0.186 "GET /v2.0/ports HTTP/1.1" status: 200 len: 5351 time: 0.0378799
2026-05-19 14:27:49.327 9 INFO neutron.api.wsgi [None req-0773456f-ea39-45df-8bfd-9917a1945f64 2dde46222f0c4d05a92e6dc79753c2dc 8cf13f659408417abb79369600a91022 - - default default] 10.0.0.186 "GET /v2.0/network-ip-availabilities HTTP/1.1" status: 200 len: 1280 time: 0.0100102
2026-05-19 14:27:49.340 9 INFO neutron.api.wsgi [None req-54b1456a-06bd-4472-9bbd-e8c42bf7e570 2dde46222f0c4d05a92e6dc79753c2dc 8cf13f659408417abb79369600a91022 - - default default] 10.0.0.186 "GET /v2.0/floatingips HTTP/1.1" status: 200 len: 193 time: 0.0119109
2026-05-19 14:27:50.976 9 INFO neutron.api.wsgi [-] 10.0.0.154 "GET / HTTP/1.1" status: 200 len: 245 time: 0.0016558
2026-05-19 14:27:50.977 10 INFO neutron.api.wsgi [-] 10.0.0.154 "GET / HTTP/1.1" status: 200 len: 245 time: 0.0023496
2026-05-19 14:28:05.976 10 INFO neutron.api.wsgi [-] 10.0.0.154 "GET / HTTP/1.1" status: 200 len: 245 time: 0.0017495
2026-05-19 14:28:05.976 9 INFO neutron.api.wsgi [-] 10.0.0.154 "GET / HTTP/1.1" status: 200 len: 245 time: 0.0022352
2026-05-19 14:28:20.976 10 INFO neutron.api.wsgi [-] 10.0.0.154 "GET / HTTP/1.1" status: 200 len: 245 time: 0.0025947
2026-05-19 14:28:20.976 9 INFO neutron.api.wsgi [-] 10.0.0.154 "GET / HTTP/1.1" status: 200 len: 245 time: 0.0029826
2026-05-19 14:28:35.977 9 INFO neutron.api.wsgi [-] 10.0.0.154 "GET / HTTP/1.1" status: 200 len: 245 time: 0.0027561
2026-05-19 14:28:35.977 10 INFO neutron.api.wsgi [-] 10.0.0.154 "GET / HTTP/1.1" status: 200 len: 245 time: 0.0026085
2026-05-19 14:28:49.155 9 INFO neutron.api.wsgi [None req-507986f9-5c57-4c9b-a5be-5c3c482ea78a 2dde46222f0c4d05a92e6dc79753c2dc 8cf13f659408417abb79369600a91022 - - default default] 10.0.0.186 "GET /v2.0/security-groups HTTP/1.1" status: 200 len: 17578 time: 0.1407716
2026-05-19 14:28:49.180 9 INFO neutron.api.wsgi [None req-48c0efae-1f03-4e18-bee2-ca42e62fcef5 2dde46222f0c4d05a92e6dc79753c2dc 8cf13f659408417abb79369600a91022 - - default default] 10.0.0.186 "GET /v2.0/routers HTTP/1.1" status: 200 len: 189 time: 0.0157139
2026-05-19 14:28:49.209 9 INFO neutron.api.wsgi [None req-8de0c106-b9f8-4451-ae80-9a85a3a5507b 2dde46222f0c4d05a92e6dc79753c2dc 8cf13f659408417abb79369600a91022 - - default default] 10.0.0.186 "GET /v2.0/agents?binary=ovn-controller HTTP/1.1" status: 200 len: 591 time: 0.0280242
2026-05-19 14:28:49.232 9 INFO neutron.api.wsgi [None req-ecc51a38-f333-4dd7-aeba-a64d3155bfae 2dde46222f0c4d05a92e6dc79753c2dc 8cf13f659408417abb79369600a91022 - - default default] 10.0.0.186 "GET /v2.0/subnets HTTP/1.1" status: 200 len: 1484 time: 0.0223503
2026-05-19 14:28:49.238 9 INFO neutron.api.wsgi [None req-e18445b7-97b1-436e-8a9a-33cd7432ba6e 2dde46222f0c4d05a92e6dc79753c2dc 8cf13f659408417abb79369600a91022 - - default default] 10.0.0.186 "GET /v2.0/subnetpools HTTP/1.1" status: 200 len: 193 time: 0.0054257
2026-05-19 14:28:49.280 9 INFO neutron.api.wsgi [None req-94bda512-23e3-4d4f-9f40-e9d8f854d034 2dde46222f0c4d05a92e6dc79753c2dc 8cf13f659408417abb79369600a91022 - - default default] 10.0.0.186 "GET /v2.0/networks HTTP/1.1" status: 200 len: 2350 time: 0.0412400
2026-05-19 14:28:49.290 9 INFO neutron.api.wsgi [None req-43daacde-07e9-40a2-9d64-f5465756606d 2dde46222f0c4d05a92e6dc79753c2dc 8cf13f659408417abb79369600a91022 - - default default] 10.0.0.186 "GET /v2.0/agents HTTP/1.1" status: 200 len: 1390 time: 0.0075932
2026-05-19 14:28:49.302 9 INFO neutron.api.wsgi [None req-ec4246c0-7b90-4f5e-8bef-690e89f8d264 2dde46222f0c4d05a92e6dc79753c2dc 8cf13f659408417abb79369600a91022 - - default default] 10.0.0.186 "GET /v2.0/floatingips HTTP/1.1" status: 200 len: 193 time: 0.0112588
2026-05-19 14:28:49.325 9 INFO neutron.api.wsgi [None req-02ba00a5-9726-4166-8cd8-70066dcba0c4 2dde46222f0c4d05a92e6dc79753c2dc 8cf13f659408417abb79369600a91022 - - default default] 10.0.0.186 "GET /v2.0/subnets HTTP/1.1" status: 200 len: 1484 time: 0.0224297
2026-05-19 14:28:49.362 9 INFO neutron.api.wsgi [None req-4d52df03-f99e-4762-a9b4-9f9f1fa0fcaa 2dde46222f0c4d05a92e6dc79753c2dc 8cf13f659408417abb79369600a91022 - - default default] 10.0.0.186 "GET /v2.0/ports HTTP/1.1" status: 200 len: 5351 time: 0.0358036
2026-05-19 14:28:49.382 9 INFO neutron.api.wsgi [None req-3e82bdc4-ec3c-4f36-84cf-6a6605645284 2dde46222f0c4d05a92e6dc79753c2dc 8cf13f659408417abb79369600a91022 - - default default] 10.0.0.186 "GET /v2.0/network-ip-availabilities HTTP/1.1" status: 200 len: 1280 time: 0.0110004
2026-05-19 14:28:50.976 9 INFO neutron.api.wsgi [-] 10.0.0.154 "GET / HTTP/1.1" status: 200 len: 245 time: 0.0017180
2026-05-19 14:28:50.977 10 INFO neutron.api.wsgi [-] 10.0.0.154 "GET / HTTP/1.1" status: 200 len: 245 time: 0.0030749
2026-05-19 14:29:05.977 9 INFO neutron.api.wsgi [-] 10.0.0.154 "GET / HTTP/1.1" status: 200 len: 245 time: 0.0027473
2026-05-19 14:29:05.981 9 INFO neutron.api.wsgi [-] 10.0.0.154 "GET / HTTP/1.1" status: 200 len: 245 time: 0.0025976
2026-05-19 14:29:20.977 10 INFO neutron.api.wsgi [-] 10.0.0.154 "GET / HTTP/1.1" status: 200 len: 245 time: 0.0028310
2026-05-19 14:29:20.979 10 INFO neutron.api.wsgi [-] 10.0.0.154 "GET / HTTP/1.1" status: 200 len: 245 time: 0.0013535
2026-05-19 14:29:35.976 10 INFO neutron.api.wsgi [-] 10.0.0.154 "GET / HTTP/1.1" status: 200 len: 245 time: 0.0019581
2026-05-19 14:29:35.993 10 INFO neutron.api.wsgi [-] 10.0.0.154 "GET / HTTP/1.1" status: 200 len: 245 time: 0.0023546
2026-05-19 14:29:49.081 9 INFO neutron.api.wsgi [None req-c1331fa8-46cd-4f76-8778-6ce2865199be 2dde46222f0c4d05a92e6dc79753c2dc 8cf13f659408417abb79369600a91022 - - default default] 10.0.0.186 "GET /v2.0/subnets HTTP/1.1" status: 200 len: 1484 time: 0.0766728
2026-05-19 14:29:49.089 9 INFO neutron.api.wsgi [None req-f250f861-04b3-4644-a1c3-c5fd515b4513 2dde46222f0c4d05a92e6dc79753c2dc 8cf13f659408417abb79369600a91022 - - default default] 10.0.0.186 "GET /v2.0/subnetpools HTTP/1.1" status: 200 len: 193 time: 0.0067847
2026-05-19 14:29:49.104 9 INFO neutron.api.wsgi [None req-9fad25cb-d269-470d-8748-a04e1d6f0e05 2dde46222f0c4d05a92e6dc79753c2dc 8cf13f659408417abb79369600a91022 - - default default] 10.0.0.186 "GET /v2.0/routers HTTP/1.1" status: 200 len: 189 time: 0.0134578
2026-05-19 14:29:49.131 9 INFO neutron.api.wsgi [None req-2f043359-4958-40ca-bc80-44fee5e1c017 2dde46222f0c4d05a92e6dc79753c2dc 8cf13f659408417abb79369600a91022 - - default default] 10.0.0.186 "GET /v2.0/agents?binary=ovn-controller HTTP/1.1" status: 200 len: 591 time: 0.0272944
2026-05-19 14:29:49.174 9 INFO neutron.api.wsgi [None req-815b4a14-1bd5-4309-ab04-1258a34057ab 2dde46222f0c4d05a92e6dc79753c2dc 8cf13f659408417abb79369600a91022 - - default default] 10.0.0.186 "GET /v2.0/ports HTTP/1.1" status: 200 len: 5351 time: 0.0418985
2026-05-19 14:29:49.190 9 INFO neutron.api.wsgi [None req-cd199e87-4064-47f7-a8e1-55b40c9eec0b 2dde46222f0c4d05a92e6dc79753c2dc 8cf13f659408417abb79369600a91022 - - default default] 10.0.0.186 "GET /v2.0/agents HTTP/1.1" status: 200 len: 1390 time: 0.0115876
2026-05-19 14:29:49.216 9 INFO neutron.api.wsgi [None req-32dd99b0-38d6-477c-afcb-4fbdb74391b0 2dde46222f0c4d05a92e6dc79753c2dc 8cf13f659408417abb79369600a91022 - - default default] 10.0.0.186 "GET /v2.0/subnets HTTP/1.1" status: 200 len: 1484 time: 0.0249751
2026-05-19 14:29:49.228 9 INFO neutron.api.wsgi [None req-4b5fc440-6949-472e-9a1f-0075c13863ee 2dde46222f0c4d05a92e6dc79753c2dc 8cf13f659408417abb79369600a91022 - - default default] 10.0.0.186 "GET /v2.0/network-ip-availabilities HTTP/1.1" status: 200 len: 1280 time: 0.0108924
2026-05-19 14:29:49.267 9 INFO neutron.api.wsgi [None req-0d13f2ea-31dd-43d1-b103-879d375399ce 2dde46222f0c4d05a92e6dc79753c2dc 8cf13f659408417abb79369600a91022 - - default default] 10.0.0.186 "GET /v2.0/security-groups HTTP/1.1" status: 200 len: 17578 time: 0.0379570
2026-05-19 14:29:49.286 9 INFO neutron.api.wsgi [None req-48f2df44-d83f-4bc9-9288-429a5050df1a 2dde46222f0c4d05a92e6dc79753c2dc 8cf13f659408417abb79369600a91022 - - default default] 10.0.0.186 "GET /v2.0/floatingips HTTP/1.1" status: 200 len: 193 time: 0.0134003
2026-05-19 14:29:49.333 9 INFO neutron.api.wsgi [None req-6dd6f9ad-d485-4c08-b984-6ae6d99d0df0 2dde46222f0c4d05a92e6dc79753c2dc 8cf13f659408417abb79369600a91022 - - default default] 10.0.0.186 "GET /v2.0/networks HTTP/1.1" status: 200 len: 2350 time: 0.0462995
2026-05-19 14:29:50.977 9 INFO neutron.api.wsgi [-] 10.0.0.154 "GET / HTTP/1.1" status: 200 len: 245 time: 0.0022645
2026-05-19 14:29:50.977 10 INFO neutron.api.wsgi [-] 10.0.0.154 "GET / HTTP/1.1" status: 200 len: 245 time: 0.0027134
2026-05-19 14:30:05.977 10 INFO neutron.api.wsgi [-] 10.0.0.154 "GET / HTTP/1.1" status: 200 len: 245 time: 0.0027280
2026-05-19 14:30:06.002 10 INFO neutron.api.wsgi [-] 10.0.0.154 "GET / HTTP/1.1" status: 200 len: 245 time: 0.0068200
2026-05-19 14:30:09.537 9 INFO neutron.pecan_wsgi.hooks.translation [None req-c06fa14c-e72e-44d7-825b-334bc435c9a1 2dde46222f0c4d05a92e6dc79753c2dc 8cf13f659408417abb79369600a91022 - - default default] GET failed (client error): The resource could not be found.
2026-05-19 14:30:09.539 9 INFO neutron.api.wsgi [None req-c06fa14c-e72e-44d7-825b-334bc435c9a1 2dde46222f0c4d05a92e6dc79753c2dc 8cf13f659408417abb79369600a91022 - - default default] 199.204.45.132,10.0.0.154 "GET /v2.0/networks/public HTTP/1.1" status: 404 len: 290 time: 0.0455875
2026-05-19 14:30:09.578 9 INFO neutron.api.wsgi [None req-10a25a9d-6531-4d30-a333-3068c720fba9 2dde46222f0c4d05a92e6dc79753c2dc 8cf13f659408417abb79369600a91022 - - default default] 199.204.45.132,10.0.0.154 "GET /v2.0/networks?name=public HTTP/1.1" status: 200 len: 928 time: 0.0362144
2026-05-19 14:30:10.681 9 INFO neutron.pecan_wsgi.hooks.translation [None req-646702e9-b7c9-4eff-86ff-1d5a2d6fc03e 2dde46222f0c4d05a92e6dc79753c2dc 8cf13f659408417abb79369600a91022 - - default default] GET failed (client error): The resource could not be found.
2026-05-19 14:30:10.683 9 INFO neutron.api.wsgi [None req-646702e9-b7c9-4eff-86ff-1d5a2d6fc03e 2dde46222f0c4d05a92e6dc79753c2dc 8cf13f659408417abb79369600a91022 - - default default] 199.204.45.132,10.0.0.154 "GET /v2.0/networks/public HTTP/1.1" status: 404 len: 290 time: 0.0410354
2026-05-19 14:30:10.724 9 INFO neutron.api.wsgi [None req-09c6a9f9-f9cb-4677-b9e2-59162224c0dc 2dde46222f0c4d05a92e6dc79753c2dc 8cf13f659408417abb79369600a91022 - - default default] 199.204.45.132,10.0.0.154 "GET /v2.0/networks?name=public HTTP/1.1" status: 200 len: 928 time: 0.0373399
2026-05-19 14:30:10.743 9 INFO neutron.pecan_wsgi.hooks.translation [None req-b04fa4af-a734-48e4-a5ab-eac53ecf8ca3 2dde46222f0c4d05a92e6dc79753c2dc 8cf13f659408417abb79369600a91022 - - default default] GET failed (client error): The resource could not be found.
2026-05-19 14:30:10.745 9 INFO neutron.api.wsgi [None req-b04fa4af-a734-48e4-a5ab-eac53ecf8ca3 2dde46222f0c4d05a92e6dc79753c2dc 8cf13f659408417abb79369600a91022 - - default default] 199.204.45.132,10.0.0.154 "GET /v2.0/subnets/public-subnet?network_id=15e0633e-2665-4bde-9c99-e06e27860dcb HTTP/1.1" status: 404 len: 295 time: 0.0127957
2026-05-19 14:30:10.771 9 INFO neutron.api.wsgi [None req-4296f758-6c50-4578-b18d-f27a62816ffd 2dde46222f0c4d05a92e6dc79753c2dc 8cf13f659408417abb79369600a91022 - - default default] 199.204.45.132,10.0.0.154 "GET /v2.0/subnets?name=public-subnet&network_id=15e0633e-2665-4bde-9c99-e06e27860dcb HTTP/1.1" status: 200 len: 842 time: 0.0226901
2026-05-19 14:30:20.976 10 INFO neutron.api.wsgi [-] 10.0.0.154 "GET / HTTP/1.1" status: 200 len: 245 time: 0.0020475
2026-05-19 14:30:20.977 9 INFO neutron.api.wsgi [-] 10.0.0.154 "GET / HTTP/1.1" status: 200 len: 245 time: 0.0023091
2026-05-19 14:30:35.977 9 INFO neutron.api.wsgi [-] 10.0.0.154 "GET / HTTP/1.1" status: 200 len: 245 time: 0.0023634
2026-05-19 14:30:35.977 10 INFO neutron.api.wsgi [-] 10.0.0.154 "GET / HTTP/1.1" status: 200 len: 245 time: 0.0024815
2026-05-19 14:30:38.125 9 INFO neutron.pecan_wsgi.hooks.translation [None req-76cc8c6d-05ba-4910-9296-d915651ac5f9 2dde46222f0c4d05a92e6dc79753c2dc 8cf13f659408417abb79369600a91022 - - default default] GET failed (client error): The resource could not be found.
2026-05-19 14:30:38.126 9 INFO neutron.api.wsgi [None req-76cc8c6d-05ba-4910-9296-d915651ac5f9 2dde46222f0c4d05a92e6dc79753c2dc 8cf13f659408417abb79369600a91022 - - default default] 199.204.45.132,10.0.0.154 "GET /v2.0/networks/lb-mgmt-net HTTP/1.1" status: 404 len: 295 time: 0.0452397
2026-05-19 14:30:38.174 9 INFO neutron.api.wsgi [None req-4adfe91a-ee00-4ac8-af0d-ce6c0b1dc733 2dde46222f0c4d05a92e6dc79753c2dc 8cf13f659408417abb79369600a91022 - - default default] 199.204.45.132,10.0.0.154 "GET /v2.0/networks?name=lb-mgmt-net HTTP/1.1" status: 200 len: 913 time: 0.0438416
2026-05-19 14:30:39.069 9 INFO neutron.pecan_wsgi.hooks.translation [None req-30da960b-e9cc-486a-a0af-08af0728892b 2dde46222f0c4d05a92e6dc79753c2dc 8cf13f659408417abb79369600a91022 - - default default] GET failed (client error): The resource could not be found.
2026-05-19 14:30:39.070 9 INFO neutron.api.wsgi [None req-30da960b-e9cc-486a-a0af-08af0728892b 2dde46222f0c4d05a92e6dc79753c2dc 8cf13f659408417abb79369600a91022 - - default default] 199.204.45.132,10.0.0.154 "GET /v2.0/networks/lb-mgmt-net HTTP/1.1" status: 404 len: 295 time: 0.0401096
2026-05-19 14:30:39.119 9 INFO neutron.api.wsgi [None req-1272902c-420c-48bc-9444-8787e901eb02 2dde46222f0c4d05a92e6dc79753c2dc 8cf13f659408417abb79369600a91022 - - default default] 199.204.45.132,10.0.0.154 "GET /v2.0/networks?name=lb-mgmt-net HTTP/1.1" status: 200 len: 913 time: 0.0448444
2026-05-19 14:30:39.140 9 INFO neutron.pecan_wsgi.hooks.translation [None req-39e0b856-e63f-4c12-84c6-a875d92b0d8b 2dde46222f0c4d05a92e6dc79753c2dc 8cf13f659408417abb79369600a91022 - - default default] GET failed (client error): The resource could not be found.
2026-05-19 14:30:39.141 9 INFO neutron.api.wsgi [None req-39e0b856-e63f-4c12-84c6-a875d92b0d8b 2dde46222f0c4d05a92e6dc79753c2dc 8cf13f659408417abb79369600a91022 - - default default] 199.204.45.132,10.0.0.154 "GET /v2.0/subnets/lb-mgmt-subnet?network_id=e5b772d4-38f3-4b97-a6c5-a176d976e903 HTTP/1.1" status: 404 len: 296 time: 0.0111566
2026-05-19 14:30:39.164 9 INFO neutron.api.wsgi [None req-d091d1a4-f5d8-4d9d-9dfc-4dd3d0c9bb09 2dde46222f0c4d05a92e6dc79753c2dc 8cf13f659408417abb79369600a91022 - - default default] 199.204.45.132,10.0.0.154 "GET /v2.0/subnets?name=lb-mgmt-subnet&network_id=e5b772d4-38f3-4b97-a6c5-a176d976e903 HTTP/1.1" status: 200 len: 829 time: 0.0196447
2026-05-19 14:30:40.271 9 INFO neutron.api.v2.resource [None req-b111e724-ce6d-4733-8a4a-d1d3968f0baa 2dde46222f0c4d05a92e6dc79753c2dc 8cf13f659408417abb79369600a91022 - - default default] show failed (client error): The resource could not be found.
2026-05-19 14:30:40.272 9 INFO neutron.api.wsgi [None req-b111e724-ce6d-4733-8a4a-d1d3968f0baa 2dde46222f0c4d05a92e6dc79753c2dc 8cf13f659408417abb79369600a91022 - - default default] 199.204.45.132,10.0.0.154 "GET /v2.0/security-groups/lb-health-mgr-sec-grp HTTP/1.1" status: 404 len: 313 time: 0.0413096
2026-05-19 14:30:40.302 9 INFO neutron.api.wsgi [None req-992caf42-b689-4ffe-a460-e7d84fc884e2 2dde46222f0c4d05a92e6dc79753c2dc 8cf13f659408417abb79369600a91022 - - default default] 199.204.45.132,10.0.0.154 "GET /v2.0/security-groups?name=lb-health-mgr-sec-grp HTTP/1.1" status: 200 len: 4866 time: 0.0265088
2026-05-19 14:30:41.457 9 INFO neutron.api.wsgi [None req-bb390cea-8c95-4d7f-b802-e01d1c0e15c5 2dde46222f0c4d05a92e6dc79753c2dc 8cf13f659408417abb79369600a91022 - - default default] 199.204.45.132,10.0.0.154 "GET /v2.0/security-groups/221c5260-1cfc-4d95-a8cc-4a17a51c70d6 HTTP/1.1" status: 200 len: 4870 time: 0.0567427
2026-05-19 14:30:41.494 9 INFO neutron.api.wsgi [None req-a56d18f5-5bd1-46ce-b0ce-d2560110a7ca 2dde46222f0c4d05a92e6dc79753c2dc 8cf13f659408417abb79369600a91022 - - default default] 199.204.45.132,10.0.0.154 "GET /v2.0/security-groups/221c5260-1cfc-4d95-a8cc-4a17a51c70d6 HTTP/1.1" status: 200 len: 4870 time: 0.0289187
2026-05-19 14:30:41.514 9 INFO neutron.api.wsgi [None req-62abb11d-d33d-4921-962b-aaa9a867675e 2dde46222f0c4d05a92e6dc79753c2dc 8cf13f659408417abb79369600a91022 - - default default] 199.204.45.132,10.0.0.154 "GET /v2.0/security-group-rules/e66ea75e-a967-4cc7-b787-9e46868adaa0 HTTP/1.1" status: 200 len: 776 time: 0.0132558
2026-05-19 14:30:42.361 9 INFO neutron.api.wsgi [None req-15ba31f4-05ec-4601-8616-9a3fc4ece741 2dde46222f0c4d05a92e6dc79753c2dc 8cf13f659408417abb79369600a91022 - - default default] 199.204.45.132,10.0.0.154 "GET /v2.0/security-groups/221c5260-1cfc-4d95-a8cc-4a17a51c70d6 HTTP/1.1" status: 200 len: 4870 time: 0.0602958
2026-05-19 14:30:42.404 9 INFO neutron.api.wsgi [None req-85e9085a-3c84-4499-97bf-844de0c16d47 2dde46222f0c4d05a92e6dc79753c2dc 8cf13f659408417abb79369600a91022 - - default default] 199.204.45.132,10.0.0.154 "GET /v2.0/security-groups/221c5260-1cfc-4d95-a8cc-4a17a51c70d6 HTTP/1.1" status: 200 len: 4870 time: 0.0348456
2026-05-19 14:30:42.429 9 INFO neutron.api.wsgi [None req-5e1992e0-50a3-4cd3-933a-7c78b188b787 2dde46222f0c4d05a92e6dc79753c2dc 8cf13f659408417abb79369600a91022 - - default default] 199.204.45.132,10.0.0.154 "GET /v2.0/security-group-rules/7417ae66-bfe1-4e25-a3eb-6fbb618a0040 HTTP/1.1" status: 200 len: 778 time: 0.0168238
2026-05-19 14:30:43.351 9 INFO neutron.api.wsgi [None req-a3e9fd54-db2c-4459-ad9f-bb265f8adda8 2dde46222f0c4d05a92e6dc79753c2dc 8cf13f659408417abb79369600a91022 - - default default] 199.204.45.132,10.0.0.154 "GET /v2.0/security-groups/221c5260-1cfc-4d95-a8cc-4a17a51c70d6 HTTP/1.1" status: 200 len: 4870 time: 0.0601041
2026-05-19 14:30:43.382 9 INFO neutron.api.wsgi [None req-5a741f5e-7b5b-45c7-a47e-7ec89ffc7c3e 2dde46222f0c4d05a92e6dc79753c2dc 8cf13f659408417abb79369600a91022 - - default default] 199.204.45.132,10.0.0.154 "GET /v2.0/security-groups/221c5260-1cfc-4d95-a8cc-4a17a51c70d6 HTTP/1.1" status: 200 len: 4870 time: 0.0239575
2026-05-19 14:30:43.407 9 INFO neutron.api.wsgi [None req-dd58c872-aa74-4aa5-8049-2fa6e6eab9c7 2dde46222f0c4d05a92e6dc79753c2dc 8cf13f659408417abb79369600a91022 - - default default] 199.204.45.132,10.0.0.154 "GET /v2.0/security-group-rules/dc26c2ff-d3a0-4f3c-bdd3-1229581306da HTTP/1.1" status: 200 len: 778 time: 0.0186198
2026-05-19 14:30:44.240 9 INFO neutron.api.wsgi [None req-e6714801-e17e-42ae-a559-ba6b43040d22 2dde46222f0c4d05a92e6dc79753c2dc 8cf13f659408417abb79369600a91022 - - default default] 199.204.45.132,10.0.0.154 "GET /v2.0/security-groups/221c5260-1cfc-4d95-a8cc-4a17a51c70d6 HTTP/1.1" status: 200 len: 4870 time: 0.0613468
2026-05-19 14:30:44.279 9 INFO neutron.api.wsgi [None req-9f9a8613-b861-46f3-ae18-ca4f9da5daad 2dde46222f0c4d05a92e6dc79753c2dc 8cf13f659408417abb79369600a91022 - - default default] 199.204.45.132,10.0.0.154 "GET /v2.0/security-groups/221c5260-1cfc-4d95-a8cc-4a17a51c70d6 HTTP/1.1" status: 200 len: 4870 time: 0.0320771
2026-05-19 14:30:44.301 9 INFO neutron.api.wsgi [None req-a0b2c969-04eb-4cd3-a116-665746230d4a 2dde46222f0c4d05a92e6dc79753c2dc 8cf13f659408417abb79369600a91022 - - default default] 199.204.45.132,10.0.0.154 "GET /v2.0/security-group-rules/6424e70a-cd2c-4c69-a324-8c048a7c981f HTTP/1.1" status: 200 len: 778 time: 0.0143263
2026-05-19 14:30:45.169 9 INFO neutron.api.wsgi [None req-b2bc5fb0-dff8-4a8e-ad65-8310ee4f39e1 2dde46222f0c4d05a92e6dc79753c2dc 8cf13f659408417abb79369600a91022 - - default default] 199.204.45.132,10.0.0.154 "GET /v2.0/security-groups/221c5260-1cfc-4d95-a8cc-4a17a51c70d6 HTTP/1.1" status: 200 len: 4870 time: 0.0613246
2026-05-19 14:30:45.209 9 INFO neutron.api.wsgi [None req-07b846ce-219c-4f20-a81d-72bbedcdad97 2dde46222f0c4d05a92e6dc79753c2dc 8cf13f659408417abb79369600a91022 - - default default] 199.204.45.132,10.0.0.154 "GET /v2.0/security-groups/221c5260-1cfc-4d95-a8cc-4a17a51c70d6 HTTP/1.1" status: 200 len: 4870 time: 0.0316808
2026-05-19 14:30:45.233 9 INFO neutron.api.wsgi [None req-641e08de-c044-4d3c-b501-47a9a5361efc 2dde46222f0c4d05a92e6dc79753c2dc 8cf13f659408417abb79369600a91022 - - default default] 199.204.45.132,10.0.0.154 "GET /v2.0/security-group-rules/3c99a411-3af9-499f-a49f-7c9ce0e5b3f2 HTTP/1.1" status: 200 len: 778 time: 0.0147951
2026-05-19 14:30:46.431 9 INFO neutron.api.wsgi [None req-956cfbb1-d9b1-41bc-b8db-517428179079 2dde46222f0c4d05a92e6dc79753c2dc 8cf13f659408417abb79369600a91022 - - default default] 199.204.45.132,10.0.0.154 "GET /v2.0/networks/e5b772d4-38f3-4b97-a6c5-a176d976e903 HTTP/1.1" status: 200 len: 910 time: 0.0636041
2026-05-19 14:30:46.453 9 INFO neutron.pecan_wsgi.hooks.translation [None req-bc9ae206-a769-4759-afc4-59423a7f9961 2dde46222f0c4d05a92e6dc79753c2dc 8cf13f659408417abb79369600a91022 - - default default] GET failed (client error): The resource could not be found.
2026-05-19 14:30:46.454 9 INFO neutron.api.wsgi [None req-bc9ae206-a769-4759-afc4-59423a7f9961 2dde46222f0c4d05a92e6dc79753c2dc 8cf13f659408417abb79369600a91022 - - default default] 199.204.45.132,10.0.0.154 "GET /v2.0/ports/octavia-health-manager-port-instance?network_id=e5b772d4-38f3-4b97-a6c5-a176d976e903 HTTP/1.1" status: 404 len: 314 time: 0.0141602
2026-05-19 14:30:46.497 9 INFO neutron.api.wsgi [None req-7fe67f56-0c30-4e35-8c07-89308e9ef459 2dde46222f0c4d05a92e6dc79753c2dc 8cf13f659408417abb79369600a91022 - - default default] 199.204.45.132,10.0.0.154 "GET /v2.0/ports?name=octavia-health-manager-port-instance&network_id=e5b772d4-38f3-4b97-a6c5-a176d976e903 HTTP/1.1" status: 200 len: 1399 time: 0.0390155
2026-05-19 14:30:46.534 9 INFO neutron.api.wsgi [None req-0bee9057-c1e2-475b-90af-3921f36436cb 2dde46222f0c4d05a92e6dc79753c2dc 8cf13f659408417abb79369600a91022 - - default default] 199.204.45.132,10.0.0.154 "GET /v2.0/security-groups/221c5260-1cfc-4d95-a8cc-4a17a51c70d6 HTTP/1.1" status: 200 len: 4870 time: 0.0288205
2026-05-19 14:30:49.057 9 INFO neutron.api.wsgi [None req-ddc8eebd-0373-4d82-9b90-65586ee34b74 2dde46222f0c4d05a92e6dc79753c2dc 8cf13f659408417abb79369600a91022 - - default default] 10.0.0.186 "GET /v2.0/routers HTTP/1.1" status: 200 len: 189 time: 0.0479407
2026-05-19 14:30:49.091 9 INFO neutron.api.wsgi [None req-b21e9909-a225-4fbc-a0ba-b21a26ef7686 2dde46222f0c4d05a92e6dc79753c2dc 8cf13f659408417abb79369600a91022 - - default default] 10.0.0.186 "GET /v2.0/agents?binary=ovn-controller HTTP/1.1" status: 200 len: 591 time: 0.0332186
2026-05-19 14:30:49.101 9 INFO neutron.api.wsgi [None req-e0bfaa57-b237-483c-b8de-0ad402af4c7f 2dde46222f0c4d05a92e6dc79753c2dc 8cf13f659408417abb79369600a91022 - - default default] 10.0.0.186 "GET /v2.0/network-ip-availabilities HTTP/1.1" status: 200 len: 1280 time: 0.0093350
2026-05-19 14:30:49.126 9 INFO neutron.api.wsgi [None req-3de75170-944e-44de-a67f-1fb47967a036 2dde46222f0c4d05a92e6dc79753c2dc 8cf13f659408417abb79369600a91022 - - default default] 10.0.0.186 "GET /v2.0/subnets HTTP/1.1" status: 200 len: 1484 time: 0.0240829
2026-05-19 14:30:49.142 9 INFO neutron.api.wsgi [None req-fd2b045b-0d9d-4b74-a290-b9d05818b1d5 2dde46222f0c4d05a92e6dc79753c2dc 8cf13f659408417abb79369600a91022 - - default default] 10.0.0.186 "GET /v2.0/subnetpools HTTP/1.1" status: 200 len: 193 time: 0.0150950
2026-05-19 14:30:49.175 9 INFO neutron.api.wsgi [None req-34d3c139-31c7-47c3-94c7-8aeaa814cc08 2dde46222f0c4d05a92e6dc79753c2dc 8cf13f659408417abb79369600a91022 - - default default] 10.0.0.186 "GET /v2.0/subnets HTTP/1.1" status: 200 len: 1484 time: 0.0330994
2026-05-19 14:30:49.184 9 INFO neutron.api.wsgi [None req-3b72157e-a5a3-48ab-906b-592a51e1ae2d 2dde46222f0c4d05a92e6dc79753c2dc 8cf13f659408417abb79369600a91022 - - default default] 10.0.0.186 "GET /v2.0/agents HTTP/1.1" status: 200 len: 1390 time: 0.0075498
2026-05-19 14:30:49.233 9 INFO neutron.api.wsgi [None req-0544e6b7-376d-4bf5-ab58-7dada70f04a7 2dde46222f0c4d05a92e6dc79753c2dc 8cf13f659408417abb79369600a91022 - - default default] 10.0.0.186 "GET /v2.0/networks HTTP/1.1" status: 200 len: 2350 time: 0.0478165
2026-05-19 14:30:49.252 9 INFO neutron.api.wsgi [None req-3c050ad0-e728-44a4-b8b6-e472230a4dfd 2dde46222f0c4d05a92e6dc79753c2dc 8cf13f659408417abb79369600a91022 - - default default] 10.0.0.186 "GET /v2.0/floatingips HTTP/1.1" status: 200 len: 193 time: 0.0177062
2026-05-19 14:30:49.281 9 INFO neutron.api.wsgi [None req-f65413be-2725-4864-b18a-3b7fcc0a4644 2dde46222f0c4d05a92e6dc79753c2dc 8cf13f659408417abb79369600a91022 - - default default] 10.0.0.186 "GET /v2.0/security-groups HTTP/1.1" status: 200 len: 17578 time: 0.0280609
2026-05-19 14:30:49.324 9 INFO neutron.api.wsgi [None req-f7ce3bd9-1544-44cd-956d-5910e7ccf834 2dde46222f0c4d05a92e6dc79753c2dc 8cf13f659408417abb79369600a91022 - - default default] 10.0.0.186 "GET /v2.0/ports HTTP/1.1" status: 200 len: 5351 time: 0.0363936
2026-05-19 14:30:50.976 10 INFO neutron.api.wsgi [-] 10.0.0.154 "GET / HTTP/1.1" status: 200 len: 245 time: 0.0027232
2026-05-19 14:30:50.979 10 INFO neutron.api.wsgi [-] 10.0.0.154 "GET / HTTP/1.1" status: 200 len: 245 time: 0.0013785
2026-05-19 14:30:52.937 9 INFO neutron.pecan_wsgi.hooks.translation [None req-4bcabbf9-378f-4f0e-9a6a-61b19cb83144 2dde46222f0c4d05a92e6dc79753c2dc 8cf13f659408417abb79369600a91022 - - default default] GET failed (client error): The resource could not be found.
2026-05-19 14:30:52.938 9 INFO neutron.api.wsgi [None req-4bcabbf9-378f-4f0e-9a6a-61b19cb83144 2dde46222f0c4d05a92e6dc79753c2dc 8cf13f659408417abb79369600a91022 - - default default] 199.204.45.132,10.0.0.154 "GET /v2.0/ports/octavia-health-manager-port-instance HTTP/1.1" status: 404 len: 314 time: 0.0480518
2026-05-19 14:30:52.969 9 INFO neutron.api.wsgi [None req-85c360ad-0083-4398-970a-1d141b0c1e4c 2dde46222f0c4d05a92e6dc79753c2dc 8cf13f659408417abb79369600a91022 - - default default] 199.204.45.132,10.0.0.154 "GET /v2.0/ports?name=octavia-health-manager-port-instance HTTP/1.1" status: 200 len: 1399 time: 0.0261040
2026-05-19 14:30:54.296 9 INFO neutron.api.wsgi [None req-ab6f0587-b0aa-419b-ad7e-b00f90474b14 2dde46222f0c4d05a92e6dc79753c2dc 8cf13f659408417abb79369600a91022 - - default default] 199.204.45.132,10.0.0.154 "GET /v2.0/ports HTTP/1.1" status: 200 len: 5351 time: 0.0684588
2026-05-19 14:30:55.298 9 INFO neutron.api.v2.resource [None req-4551f8b3-16d7-49da-9ac3-446b3b5a69ac 2dde46222f0c4d05a92e6dc79753c2dc 8cf13f659408417abb79369600a91022 - - default default] show failed (client error): The resource could not be found.
2026-05-19 14:30:55.299 9 INFO neutron.api.wsgi [None req-4551f8b3-16d7-49da-9ac3-446b3b5a69ac 2dde46222f0c4d05a92e6dc79753c2dc 8cf13f659408417abb79369600a91022 - - default default] 199.204.45.132,10.0.0.154 "GET /v2.0/security-groups/lb-mgmt-sec-grp HTTP/1.1" status: 404 len: 307 time: 0.0419056
2026-05-19 14:30:55.336 9 INFO neutron.api.wsgi [None req-b1fd1703-5e12-4e1b-9683-6e5fb682b809 2dde46222f0c4d05a92e6dc79753c2dc 8cf13f659408417abb79369600a91022 - - default default] 199.204.45.132,10.0.0.154 "GET /v2.0/security-groups?name=lb-mgmt-sec-grp HTTP/1.1" status: 200 len: 3061 time: 0.0323117
2026-05-19 14:30:56.290 9 INFO neutron.api.wsgi [None req-8c5883f3-c84c-4ccf-aa78-858baa44e1ae 2dde46222f0c4d05a92e6dc79753c2dc 8cf13f659408417abb79369600a91022 - - default default] 199.204.45.132,10.0.0.154 "GET /v2.0/security-groups/be2da5a9-4f09-4165-a299-3613240a28fd HTTP/1.1" status: 200 len: 3062 time: 0.0487030
2026-05-19 14:30:56.321 9 INFO neutron.api.wsgi [None req-a479c852-2928-47d6-aa19-404b8338c61a 2dde46222f0c4d05a92e6dc79753c2dc 8cf13f659408417abb79369600a91022 - - default default] 199.204.45.132,10.0.0.154 "GET /v2.0/security-groups/be2da5a9-4f09-4165-a299-3613240a28fd HTTP/1.1" status: 200 len: 3062 time: 0.0236230
2026-05-19 14:30:56.340 9 INFO neutron.api.wsgi [None req-ec50277d-0143-4ec2-8375-e013a349391e 2dde46222f0c4d05a92e6dc79753c2dc 8cf13f659408417abb79369600a91022 - - default default] 199.204.45.132,10.0.0.154 "GET /v2.0/security-group-rules/9f935744-d331-402f-a855-892073dadd56 HTTP/1.1" status: 200 len: 798 time: 0.0136311
2026-05-19 14:30:57.185 9 INFO neutron.api.wsgi [None req-72a39110-f07e-494b-854c-4bd8b64f1b0e 2dde46222f0c4d05a92e6dc79753c2dc 8cf13f659408417abb79369600a91022 - - default default] 199.204.45.132,10.0.0.154 "GET /v2.0/security-groups/be2da5a9-4f09-4165-a299-3613240a28fd HTTP/1.1" status: 200 len: 3062 time: 0.0547287
2026-05-19 14:30:57.226 9 INFO neutron.api.wsgi [None req-c6f1b60f-9a11-4137-b848-7913baa3e1df 2dde46222f0c4d05a92e6dc79753c2dc 8cf13f659408417abb79369600a91022 - - default default] 199.204.45.132,10.0.0.154 "GET /v2.0/security-groups/be2da5a9-4f09-4165-a299-3613240a28fd HTTP/1.1" status: 200 len: 3062 time: 0.0324643
2026-05-19 14:30:57.241 9 INFO neutron.api.wsgi [None req-d6135a42-9da1-413f-ba1a-d3de05bdc91f 2dde46222f0c4d05a92e6dc79753c2dc 8cf13f659408417abb79369600a91022 - - default default] 199.204.45.132,10.0.0.154 "GET /v2.0/security-group-rules/1650238d-22a7-4ca1-a8e0-d2ce4dc2b87d HTTP/1.1" status: 200 len: 802 time: 0.0102873
2026-05-19 14:31:05.978 10 INFO neutron.api.wsgi [-] 10.0.0.154 "GET / HTTP/1.1" status: 200 len: 245 time: 0.0026798
2026-05-19 14:31:05.979 9 INFO neutron.api.wsgi [-] 10.0.0.154 "GET / HTTP/1.1" status: 200 len: 245 time: 0.0033481
2026-05-19 14:31:08.066 9 INFO neutron.api.wsgi [None req-71307675-7fc5-42cc-a348-0f403526a75a 2dde46222f0c4d05a92e6dc79753c2dc 8cf13f659408417abb79369600a91022 - - default default] 199.204.45.132,10.0.0.154 "GET /v2.0/quotas/8cf13f659408417abb79369600a91022 HTTP/1.1" status: 200 len: 466 time: 0.0130458
2026-05-19 14:31:20.976 10 INFO neutron.api.wsgi [-] 10.0.0.154 "GET / HTTP/1.1" status: 200 len: 245 time: 0.0020120
2026-05-19 14:31:20.978 9 INFO neutron.api.wsgi [-] 10.0.0.154 "GET / HTTP/1.1" status: 200 len: 245 time: 0.0032010
2026-05-19 14:31:35.977 9 INFO neutron.api.wsgi [-] 10.0.0.154 "GET / HTTP/1.1" status: 200 len: 245 time: 0.0029402
2026-05-19 14:31:35.977 10 INFO neutron.api.wsgi [-] 10.0.0.154 "GET / HTTP/1.1" status: 200 len: 245 time: 0.0029213
2026-05-19 14:31:49.089 9 INFO neutron.api.wsgi [None req-080c0b0c-756a-4423-b006-7d753090f888 2dde46222f0c4d05a92e6dc79753c2dc 8cf13f659408417abb79369600a91022 - - default default] 10.0.0.186 "GET /v2.0/ports HTTP/1.1" status: 200 len: 5351 time: 0.0788300
2026-05-19 14:31:49.142 9 INFO neutron.api.wsgi [None req-b37085e9-933c-4770-8805-f095b01408dd 2dde46222f0c4d05a92e6dc79753c2dc 8cf13f659408417abb79369600a91022 - - default default] 10.0.0.186 "GET /v2.0/networks HTTP/1.1" status: 200 len: 2350 time: 0.0486410
2026-05-19 14:31:49.159 9 INFO neutron.api.wsgi [None req-72c7d05d-147a-42f2-a5d0-b7dbac1c5fe1 2dde46222f0c4d05a92e6dc79753c2dc 8cf13f659408417abb79369600a91022 - - default default] 10.0.0.186 "GET /v2.0/routers HTTP/1.1" status: 200 len: 189 time: 0.0137594
2026-05-19 14:31:49.193 9 INFO neutron.api.wsgi [None req-52b9d5ab-4c8b-4396-a82d-6e41b02baf8a 2dde46222f0c4d05a92e6dc79753c2dc 8cf13f659408417abb79369600a91022 - - default default] 10.0.0.186 "GET /v2.0/agents?binary=ovn-controller HTTP/1.1" status: 200 len: 591 time: 0.0336885
2026-05-19 14:31:49.204 9 INFO neutron.api.wsgi [None req-52a1f411-39d7-43f8-bbb3-1cc86cac89ce 2dde46222f0c4d05a92e6dc79753c2dc 8cf13f659408417abb79369600a91022 - - default default] 10.0.0.186 "GET /v2.0/agents HTTP/1.1" status: 200 len: 1390 time: 0.0094659
2026-05-19 14:31:49.231 9 INFO neutron.api.wsgi [None req-850529ea-f829-4b89-b9b7-fe081107066c 2dde46222f0c4d05a92e6dc79753c2dc 8cf13f659408417abb79369600a91022 - - default default] 10.0.0.186 "GET /v2.0/subnets HTTP/1.1" status: 200 len: 1484 time: 0.0265982
2026-05-19 14:31:49.238 9 INFO neutron.api.wsgi [None req-0f1a0a45-5fa4-45bc-b37b-af50b7ced583 2dde46222f0c4d05a92e6dc79753c2dc 8cf13f659408417abb79369600a91022 - - default default] 10.0.0.186 "GET /v2.0/subnetpools HTTP/1.1" status: 200 len: 193 time: 0.0055389
2026-05-19 14:31:49.271 9 INFO neutron.api.wsgi [None req-41f13689-6da5-45d7-9625-16d02ab2a5fb 2dde46222f0c4d05a92e6dc79753c2dc 8cf13f659408417abb79369600a91022 - - default default] 10.0.0.186 "GET /v2.0/security-groups HTTP/1.1" status: 200 len: 17578 time: 0.0321505
2026-05-19 14:31:49.307 9 INFO neutron.api.wsgi [None req-b3ffacd6-ad27-4a5a-b02b-08c0be06e1db 2dde46222f0c4d05a92e6dc79753c2dc 8cf13f659408417abb79369600a91022 - - default default] 10.0.0.186 "GET /v2.0/subnets HTTP/1.1" status: 200 len: 1484 time: 0.0286717
2026-05-19 14:31:49.317 9 INFO neutron.api.wsgi [None req-1e4c53bc-12dd-4ee0-b98b-2e46f5306e70 2dde46222f0c4d05a92e6dc79753c2dc 8cf13f659408417abb79369600a91022 - - default default] 10.0.0.186 "GET /v2.0/network-ip-availabilities HTTP/1.1" status: 200 len: 1280 time: 0.0084035
2026-05-19 14:31:49.329 9 INFO neutron.api.wsgi [None req-e1a43adc-9259-4f03-935d-a4b236cbb8dd 2dde46222f0c4d05a92e6dc79753c2dc 8cf13f659408417abb79369600a91022 - - default default] 10.0.0.186 "GET /v2.0/floatingips HTTP/1.1" status: 200 len: 193 time: 0.0115981
2026-05-19 14:31:50.977 10 INFO neutron.api.wsgi [-] 10.0.0.154 "GET / HTTP/1.1" status: 200 len: 245 time: 0.0028734
2026-05-19 14:31:50.979 10 INFO neutron.api.wsgi [-] 10.0.0.154 "GET / HTTP/1.1" status: 200 len: 245 time: 0.0013192
2026-05-19 14:31:57.257 10 INFO neutron.api.v2.resource [None req-45749575-4117-402e-a51e-1da68b9d25d7 2dde46222f0c4d05a92e6dc79753c2dc 8cf13f659408417abb79369600a91022 - - default default] show failed (client error): The resource could not be found.
2026-05-19 14:31:57.258 10 INFO neutron.api.wsgi [None req-45749575-4117-402e-a51e-1da68b9d25d7 2dde46222f0c4d05a92e6dc79753c2dc 8cf13f659408417abb79369600a91022 - - default default] 199.204.45.132,10.0.0.154 "GET /v2.0/security-groups/manila-service-security-group?project_id=1043303fd47849d2986738a43751a16d HTTP/1.1" status: 404 len: 321 time: 0.0579948
2026-05-19 14:31:57.305 10 INFO neutron.api.wsgi [None req-a323b4c5-afe9-42d6-86e7-6d214a2fc2a9 2dde46222f0c4d05a92e6dc79753c2dc 8cf13f659408417abb79369600a91022 - - default default] 199.204.45.132,10.0.0.154 "GET /v2.0/security-groups?name=manila-service-security-group&project_id=1043303fd47849d2986738a43751a16d HTTP/1.1" status: 200 len: 4248 time: 0.0420740
2026-05-19 14:31:58.324 10 INFO neutron.api.wsgi [None req-75b91741-781f-4ce5-afaf-32575d091c2d 2dde46222f0c4d05a92e6dc79753c2dc 8cf13f659408417abb79369600a91022 - - default default] 199.204.45.132,10.0.0.154 "GET /v2.0/security-groups/ba335186-878d-4424-a51d-dbd26b022ec0?project_id=1043303fd47849d2986738a43751a16d HTTP/1.1" status: 200 len: 4251 time: 0.0564685
2026-05-19 14:31:58.359 10 INFO neutron.api.wsgi [None req-681b5b03-604a-42a1-ba05-6be0397aca8e 2dde46222f0c4d05a92e6dc79753c2dc 8cf13f659408417abb79369600a91022 - - default default] 199.204.45.132,10.0.0.154 "GET /v2.0/security-groups/ba335186-878d-4424-a51d-dbd26b022ec0 HTTP/1.1" status: 200 len: 4251 time: 0.0272388
2026-05-19 14:31:58.380 10 INFO neutron.api.wsgi [None req-58e69863-1811-4bea-bdc4-5ff32216f1cd 2dde46222f0c4d05a92e6dc79753c2dc 8cf13f659408417abb79369600a91022 - - default default] 199.204.45.132,10.0.0.154 "GET /v2.0/security-group-rules/e0680f60-3728-43f7-b0f1-e1f67cc3087a HTTP/1.1" status: 200 len: 772 time: 0.0129662
2026-05-19 14:31:59.304 9 INFO neutron.api.wsgi [None req-e7e9042b-9f50-490b-bfcc-7851996d3c64 2dde46222f0c4d05a92e6dc79753c2dc 8cf13f659408417abb79369600a91022 - - default default] 199.204.45.132,10.0.0.154 "GET /v2.0/security-groups/ba335186-878d-4424-a51d-dbd26b022ec0?project_id=1043303fd47849d2986738a43751a16d HTTP/1.1" status: 200 len: 4251 time: 0.0601830
2026-05-19 14:31:59.336 9 INFO neutron.api.wsgi [None req-4a04238a-314d-40c1-8cbd-bdcbdc644947 2dde46222f0c4d05a92e6dc79753c2dc 8cf13f659408417abb79369600a91022 - - default default] 199.204.45.132,10.0.0.154 "GET /v2.0/security-groups/ba335186-878d-4424-a51d-dbd26b022ec0 HTTP/1.1" status: 200 len: 4251 time: 0.0270731
2026-05-19 14:31:59.358 9 INFO neutron.api.wsgi [None req-dc134c18-566e-42b6-a96e-7a1b01f120ce 2dde46222f0c4d05a92e6dc79753c2dc 8cf13f659408417abb79369600a91022 - - default default] 199.204.45.132,10.0.0.154 "GET /v2.0/security-group-rules/15a40b7d-f51b-4e5e-a299-3fb44a379f0a HTTP/1.1" status: 200 len: 774 time: 0.0148277
2026-05-19 14:32:00.306 9 INFO neutron.api.wsgi [None req-50bae631-229e-40bd-acce-07167cfb4509 2dde46222f0c4d05a92e6dc79753c2dc 8cf13f659408417abb79369600a91022 - - default default] 199.204.45.132,10.0.0.154 "GET /v2.0/security-groups/ba335186-878d-4424-a51d-dbd26b022ec0?project_id=1043303fd47849d2986738a43751a16d HTTP/1.1" status: 200 len: 4251 time: 0.0539663
2026-05-19 14:32:00.342 9 INFO neutron.api.wsgi [None req-027093be-fa43-4961-a53c-bcd334fb026e 2dde46222f0c4d05a92e6dc79753c2dc 8cf13f659408417abb79369600a91022 - - default default] 199.204.45.132,10.0.0.154 "GET /v2.0/security-groups/ba335186-878d-4424-a51d-dbd26b022ec0 HTTP/1.1" status: 200 len: 4251 time: 0.0280354
2026-05-19 14:32:00.362 9 INFO neutron.api.wsgi [None req-690167a5-1dbc-4424-a9de-bc81df42ed13 2dde46222f0c4d05a92e6dc79753c2dc 8cf13f659408417abb79369600a91022 - - default default] 199.204.45.132,10.0.0.154 "GET /v2.0/security-group-rules/2d915f87-a785-4f83-bc22-bbdc93521b88 HTTP/1.1" status: 200 len: 776 time: 0.0133295
