2026-05-19 14:34:48.513 10 INFO neutron.db.l3_db [req-6030dadf-9a09-44f7-a361-65c8f838c6b9 req-9de9e117-8e3f-47ba-90f5-17c5ce73ebf3 32561e3e617641d6a6dd89518b4fa0cc 6d54762da74a4266bec9c4094dc3fde0 - - default default] Floating IP 3ba2d955-6679-47c5-80fb-7c3fe7920bed disassociated. External IP: 10.96.250.210, port: 2873964c-9018-4300-a7dd-b308791e64e1.
2026-05-19 14:34:48.528 10 INFO neutron.api.wsgi [req-fbeb930b-34d2-4b4f-adc6-1b9fce1a9586 req-a6d7ca57-5ea0-494e-acef-33e5139f3c07 32561e3e617641d6a6dd89518b4fa0cc 6d54762da74a4266bec9c4094dc3fde0 - - default default] 10.0.0.9 "GET /v2.0/ports?device_id=e035cca1-62f5-4fc6-a924-0d1e8668f8a5 HTTP/1.1" status: 200 len: 1172 time: 0.0544519
2026-05-19 14:34:48.538 10 INFO neutron.db.ovn_revision_numbers_db [None req-c008a7f3-a600-44ed-a8e1-6fb09724ca93 34eaca83697442fe88cd4b2f5f1aaf57 52bf06edde694e30944824390587a589 - - default default] Successfully bumped revision number for resource 30040a09-a891-4215-a953-a5f06f8e3f07 (type: floatingips) to 2
2026-05-19 14:34:48.538 10 INFO neutron.db.l3_db [None req-c008a7f3-a600-44ed-a8e1-6fb09724ca93 34eaca83697442fe88cd4b2f5f1aaf57 52bf06edde694e30944824390587a589 - - default default] Floating IP 30040a09-a891-4215-a953-a5f06f8e3f07 associated. External IP: 10.96.250.215, port: 0b31e661-4b02-43b0-bcbd-b0d889107746.
2026-05-19 14:34:48.579 10 INFO neutron.api.wsgi [None req-c008a7f3-a600-44ed-a8e1-6fb09724ca93 34eaca83697442fe88cd4b2f5f1aaf57 52bf06edde694e30944824390587a589 - - default default] 10.0.0.120 "PUT /v2.0/floatingips/30040a09-a891-4215-a953-a5f06f8e3f07 HTTP/1.1" status: 200 len: 1050 time: 1.1011782
2026-05-19 14:34:48.583 10 INFO neutron.api.wsgi [req-fbeb930b-34d2-4b4f-adc6-1b9fce1a9586 req-92d65364-d60a-44ff-b693-7cf70a912d5e 32561e3e617641d6a6dd89518b4fa0cc 6d54762da74a4266bec9c4094dc3fde0 - - default default] 10.0.0.9 "GET /v2.0/security-groups?id=90c3183c-c13f-4aaf-9b60-9d05d40045f0&fields=id&fields=name HTTP/1.1" status: 200 len: 313 time: 0.0456150
2026-05-19 14:34:48.655 10 INFO neutron.api.wsgi [req-6030dadf-9a09-44f7-a361-65c8f838c6b9 req-9de9e117-8e3f-47ba-90f5-17c5ce73ebf3 32561e3e617641d6a6dd89518b4fa0cc 6d54762da74a4266bec9c4094dc3fde0 - - default default] 199.204.45.132 "DELETE /v2.0/ports/2873964c-9018-4300-a7dd-b308791e64e1 HTTP/1.1" status: 204 len: 173 time: 0.7991712
2026-05-19 14:34:48.675 10 INFO neutron.api.wsgi [req-1fa8fa2e-1ae1-45e9-8733-d054948dde3a req-2a8535cc-45c2-4f8c-b9b6-43db5f70f3b9 f6baec8987554a46a0c04386237faf87 1043303fd47849d2986738a43751a16d - - d5e82ed9ece74ce6a818325b5dba6f15 d5e82ed9ece74ce6a818325b5dba6f15] 199.204.45.132 "GET /v2.0/ports?tenant_id=6d54762da74a4266bec9c4094dc3fde0&device_id=e035cca1-62f5-4fc6-a924-0d1e8668f8a5 HTTP/1.1" status: 200 len: 210 time: 0.0251367
2026-05-19 14:34:48.685 9 INFO neutron.api.wsgi [req-e70f2266-06a0-4eb5-a00a-6323d89f7741 req-690b8786-631a-46df-92fc-ae5896a5c1a6 34eaca83697442fe88cd4b2f5f1aaf57 52bf06edde694e30944824390587a589 - - default default] 10.0.0.9 "GET /v2.0/ports?device_id=abee0f96-41ca-4bf3-8e41-94a99d0750f2 HTTP/1.1" status: 200 len: 1174 time: 0.0367205
2026-05-19 14:34:48.729 9 INFO neutron.api.wsgi [req-e70f2266-06a0-4eb5-a00a-6323d89f7741 req-ac804d8f-485d-4361-9a1f-fcc15b597b73 34eaca83697442fe88cd4b2f5f1aaf57 52bf06edde694e30944824390587a589 - - default default] 10.0.0.9 "GET /v2.0/security-groups?id=174ea223-b2da-4ee6-b8b0-2943a3421d2b&fields=id&fields=name HTTP/1.1" status: 200 len: 312 time: 0.0399055
2026-05-19 14:34:48.822 9 INFO neutron.api.wsgi [None req-1034d442-8fdd-4441-97b9-ad125399e5b6 a98eccec3b0148159eb5a3f156e68d58 d3c479030a804d1e9f36c53bb7e17b54 - - default default] 10.0.0.120 "DELETE /v2.0/ports/1f1870fe-8c45-4227-96ed-81afbb8939f7 HTTP/1.1" status: 204 len: 168 time: 0.4699523
2026-05-19 14:34:48.839 9 INFO neutron.pecan_wsgi.hooks.translation [None req-3310257f-4ed7-43ba-bda4-b4402b4739c0 a98eccec3b0148159eb5a3f156e68d58 d3c479030a804d1e9f36c53bb7e17b54 - - default default] DELETE failed (client error): The resource could not be found.
2026-05-19 14:34:48.842 9 INFO neutron.api.wsgi [None req-3310257f-4ed7-43ba-bda4-b4402b4739c0 a98eccec3b0148159eb5a3f156e68d58 d3c479030a804d1e9f36c53bb7e17b54 - - default default] 10.0.0.120 "DELETE /v2.0/ports/1f1870fe-8c45-4227-96ed-81afbb8939f7 HTTP/1.1" status: 404 len: 333 time: 0.0151978
2026-05-19 14:34:48.856 9 INFO neutron.pecan_wsgi.hooks.translation [None req-4865cb6a-1455-4bf6-9285-a505378fd5e4 a98eccec3b0148159eb5a3f156e68d58 d3c479030a804d1e9f36c53bb7e17b54 - - default default] GET failed (client error): The resource could not be found.
2026-05-19 14:34:48.857 9 INFO neutron.api.wsgi [None req-4865cb6a-1455-4bf6-9285-a505378fd5e4 a98eccec3b0148159eb5a3f156e68d58 d3c479030a804d1e9f36c53bb7e17b54 - - default default] 10.0.0.120 "GET /v2.0/ports/1f1870fe-8c45-4227-96ed-81afbb8939f7 HTTP/1.1" status: 404 len: 333 time: 0.0117671
2026-05-19 14:34:48.992 9 INFO neutron.api.wsgi [None req-fe0c0bc9-f8ee-4608-9f7b-ffd2b73ae0d6 a98eccec3b0148159eb5a3f156e68d58 d3c479030a804d1e9f36c53bb7e17b54 - - default default] 10.0.0.120 "DELETE /v2.0/subnets/88d90885-7b12-4cac-8e8a-992d3489ae62 HTTP/1.1" status: 204 len: 168 time: 0.1298060
2026-05-19 14:34:49.026 10 INFO neutron.notifiers.nova [-] Nova event matching ['req-b34270e5-b4d6-4ff5-934a-75d4aa37bc39'] response: {'name': 'network-changed', 'server_uuid': 'abee0f96-41ca-4bf3-8e41-94a99d0750f2', 'tag': '0b31e661-4b02-43b0-bcbd-b0d889107746', 'status': 'completed', 'code': 200}
2026-05-19 14:34:49.027 10 INFO neutron.notifiers.nova [-] Nova event matching ['req-b34270e5-b4d6-4ff5-934a-75d4aa37bc39'] response: {'server_uuid': 'e035cca1-62f5-4fc6-a924-0d1e8668f8a5', 'name': 'network-vif-deleted', 'tag': '2873964c-9018-4300-a7dd-b308791e64e1', 'status': 'completed', 'code': 200}
2026-05-19 14:34:49.197 9 INFO neutron.api.wsgi [None req-d8e3b209-78f3-40dd-850e-16b44b453232 2dde46222f0c4d05a92e6dc79753c2dc 8cf13f659408417abb79369600a91022 - - default default] 10.0.0.186 "GET /v2.0/subnets HTTP/1.1" status: 200 len: 2856 time: 0.1244016
2026-05-19 14:34:49.259 9 INFO neutron.api.wsgi [None req-cb40ccf2-9843-489d-83c0-18cf1ca8ba8b 2dde46222f0c4d05a92e6dc79753c2dc 8cf13f659408417abb79369600a91022 - - default default] 10.0.0.186 "GET /v2.0/ports HTTP/1.1" status: 200 len: 16759 time: 0.0607119
2026-05-19 14:34:49.288 9 INFO neutron.services.segments.plugin [-] Segment ac0a4c48-2fd3-48da-997f-a317753fedee resource provider aggregate not found
2026-05-19 14:34:49.301 9 INFO neutron.services.segments.plugin [-] Segment ac0a4c48-2fd3-48da-997f-a317753fedee resource provider aggregate not found
2026-05-19 14:34:49.308 9 INFO neutron.services.segments.plugin [-] Segment ac0a4c48-2fd3-48da-997f-a317753fedee resource provider not found; error: Placement Client Error (4xx): {"errors": [{"status": 404, "title": "Not Found", "detail": "The resource could not be found.\n\n No resource provider with uuid ac0a4c48-2fd3-48da-997f-a317753fedee found for delete ", "request_id": "req-3bdc3ef5-0afc-41de-966f-e1c8ea18779c"}]}
2026-05-19 14:34:49.318 9 INFO neutron.services.segments.plugin [-] Segment ac0a4c48-2fd3-48da-997f-a317753fedee resource provider not found; error: Placement Client Error (4xx): {"errors": [{"status": 404, "title": "Not Found", "detail": "The resource could not be found.\n\n No resource provider with uuid ac0a4c48-2fd3-48da-997f-a317753fedee found for delete ", "request_id": "req-662368ec-3975-4dee-aaa0-3a94baba3475"}]}
2026-05-19 14:34:49.323 9 INFO neutron.api.wsgi [None req-3d02d4ed-37aa-4706-bf20-2f98427a1a87 2dde46222f0c4d05a92e6dc79753c2dc 8cf13f659408417abb79369600a91022 - - default default] 10.0.0.186 "GET /v2.0/floatingips HTTP/1.1" status: 200 len: 1575 time: 0.0515211
2026-05-19 14:34:49.343 9 INFO neutron.api.wsgi [None req-bb589ef7-47a3-4afe-9376-50ead08dfca8 2dde46222f0c4d05a92e6dc79753c2dc 8cf13f659408417abb79369600a91022 - - default default] 10.0.0.186 "GET /v2.0/network-ip-availabilities HTTP/1.1" status: 200 len: 2541 time: 0.0188291
2026-05-19 14:34:49.353 9 INFO neutron.api.wsgi [None req-0dfd6a51-2cd8-4c30-99b9-c3e46a3559f0 a98eccec3b0148159eb5a3f156e68d58 d3c479030a804d1e9f36c53bb7e17b54 - - default default] 10.0.0.120 "DELETE /v2.0/networks/eaa812ad-90fb-42ca-bf9a-74e34cfe2b96 HTTP/1.1" status: 204 len: 168 time: 0.3566010
2026-05-19 14:34:49.365 10 WARNING neutron_lib.context [None req-afba8c61-54e5-47fd-871a-ed98d0af12af a98eccec3b0148159eb5a3f156e68d58 d3c479030a804d1e9f36c53bb7e17b54 - - default default] Method 'is_advsvc' is deprecated since 2023.2 release (neutron-lib 3.8.0) and will be removed once support for the old RBAC API policies will be removed from Neutron. Please use method 'is_service_role' instead.
2026-05-19 14:34:49.395 9 INFO neutron.api.wsgi [None req-f372011a-9d57-4b89-ba9d-968c56ed68d4 2dde46222f0c4d05a92e6dc79753c2dc 8cf13f659408417abb79369600a91022 - - default default] 10.0.0.186 "GET /v2.0/networks HTTP/1.1" status: 200 len: 4606 time: 0.0507224
2026-05-19 14:34:49.451 10 INFO neutron.db.segments_db [None req-afba8c61-54e5-47fd-871a-ed98d0af12af a98eccec3b0148159eb5a3f156e68d58 d3c479030a804d1e9f36c53bb7e17b54 - - default default] Added segment c7d27a9e-7698-4b24-9637-8c921f8269af of type geneve for network c6dc5c8d-9e9f-4ce5-946a-5d49d17dff9f
2026-05-19 14:34:49.463 9 INFO neutron.api.wsgi [None req-408fa426-1e22-4059-a20e-08787db4bef4 2dde46222f0c4d05a92e6dc79753c2dc 8cf13f659408417abb79369600a91022 - - default default] 10.0.0.186 "GET /v2.0/routers HTTP/1.1" status: 200 len: 2129 time: 0.0641875
2026-05-19 14:34:49.493 9 INFO neutron.api.wsgi [None req-ef708b35-d6cd-444b-8344-6a435a0767f3 2dde46222f0c4d05a92e6dc79753c2dc 8cf13f659408417abb79369600a91022 - - default default] 10.0.0.186 "GET /v2.0/agents?binary=ovn-controller HTTP/1.1" status: 200 len: 591 time: 0.0289083
2026-05-19 14:34:49.503 9 INFO neutron.api.wsgi [None req-79fd1120-f9cb-45c9-b4a7-f1bb8ace0e61 2dde46222f0c4d05a92e6dc79753c2dc 8cf13f659408417abb79369600a91022 - - default default] 10.0.0.186 "GET /v2.0/agents HTTP/1.1" status: 200 len: 1390 time: 0.0082891
2026-05-19 14:34:49.561 9 INFO neutron.api.wsgi [None req-083b1f07-ffec-4e64-b768-273bd03c9c54 2dde46222f0c4d05a92e6dc79753c2dc 8cf13f659408417abb79369600a91022 - - default default] 10.0.0.186 "GET /v2.0/subnets HTTP/1.1" status: 200 len: 2856 time: 0.0571611
2026-05-19 14:34:49.569 9 INFO neutron.api.wsgi [None req-6bdb9622-4fb6-439d-afd7-6b3530735848 2dde46222f0c4d05a92e6dc79753c2dc 8cf13f659408417abb79369600a91022 - - default default] 10.0.0.186 "GET /v2.0/subnetpools HTTP/1.1" status: 200 len: 193 time: 0.0067921
2026-05-19 14:34:49.570 10 INFO neutron.api.wsgi [req-882ed93a-9d6f-441b-b85e-2a3ee85a1739 req-bee4e347-d9d0-4bac-83b7-a5ce85c83b7e f6baec8987554a46a0c04386237faf87 1043303fd47849d2986738a43751a16d - - d5e82ed9ece74ce6a818325b5dba6f15 d5e82ed9ece74ce6a818325b5dba6f15] 199.204.45.132 "GET /v2.0/ports?tenant_id=52bf06edde694e30944824390587a589&device_id=abee0f96-41ca-4bf3-8e41-94a99d0750f2 HTTP/1.1" status: 200 len: 1413 time: 0.0351379
2026-05-19 14:34:49.613 9 INFO neutron.api.wsgi [None req-7b9ebea0-d5b5-4380-9c4f-331d9994bfd6 2dde46222f0c4d05a92e6dc79753c2dc 8cf13f659408417abb79369600a91022 - - default default] 10.0.0.186 "GET /v2.0/security-groups HTTP/1.1" status: 200 len: 32016 time: 0.0431957
2026-05-19 14:34:49.632 10 INFO neutron.db.ovn_revision_numbers_db [None req-afba8c61-54e5-47fd-871a-ed98d0af12af a98eccec3b0148159eb5a3f156e68d58 d3c479030a804d1e9f36c53bb7e17b54 - - default default] Successfully bumped revision number for resource c6dc5c8d-9e9f-4ce5-946a-5d49d17dff9f (type: networks) to 1
2026-05-19 14:34:49.646 10 INFO neutron.api.wsgi [req-882ed93a-9d6f-441b-b85e-2a3ee85a1739 req-f457d1c2-c1e1-4b1f-866d-f9c3f006276a f6baec8987554a46a0c04386237faf87 1043303fd47849d2986738a43751a16d - - d5e82ed9ece74ce6a818325b5dba6f15 d5e82ed9ece74ce6a818325b5dba6f15] 199.204.45.132 "GET /v2.0/networks?id=8db21d3e-9f98-4e8e-8a44-f78372612630 HTTP/1.1" status: 200 len: 981 time: 0.0711741
2026-05-19 14:34:49.661 9 INFO neutron.api.wsgi [req-5712e6d4-9791-46bf-b326-d30cf2d7f35e req-f364b9dd-4919-409e-9b55-27e4222e306e 32561e3e617641d6a6dd89518b4fa0cc 6d54762da74a4266bec9c4094dc3fde0 - - default default] 10.0.0.9 "GET /v2.0/ports?device_id=e035cca1-62f5-4fc6-a924-0d1e8668f8a5 HTTP/1.1" status: 200 len: 210 time: 0.0250638
2026-05-19 14:34:49.706 10 INFO neutron.api.wsgi [req-882ed93a-9d6f-441b-b85e-2a3ee85a1739 req-9af3d051-11b2-4d35-809c-795785dcc609 f6baec8987554a46a0c04386237faf87 1043303fd47849d2986738a43751a16d - - d5e82ed9ece74ce6a818325b5dba6f15 d5e82ed9ece74ce6a818325b5dba6f15] 199.204.45.132 "GET /v2.0/floatingips?fixed_ip_address=10.100.0.12&port_id=0b31e661-4b02-43b0-bcbd-b0d889107746 HTTP/1.1" status: 200 len: 1060 time: 0.0537622
2026-05-19 14:34:49.737 10 INFO neutron.api.wsgi [req-882ed93a-9d6f-441b-b85e-2a3ee85a1739 req-719d2827-6bc6-43e8-96d2-01df4b94fc3d f6baec8987554a46a0c04386237faf87 1043303fd47849d2986738a43751a16d - - d5e82ed9ece74ce6a818325b5dba6f15 d5e82ed9ece74ce6a818325b5dba6f15] 199.204.45.132 "GET /v2.0/subnets?id=437a74de-83ea-484a-b19e-4dfd690d8287 HTTP/1.1" status: 200 len: 900 time: 0.0251200
2026-05-19 14:34:49.761 10 INFO neutron.api.wsgi [req-882ed93a-9d6f-441b-b85e-2a3ee85a1739 req-3eb32d77-9905-4ec9-80a3-bdbe882b264c f6baec8987554a46a0c04386237faf87 1043303fd47849d2986738a43751a16d - - d5e82ed9ece74ce6a818325b5dba6f15 d5e82ed9ece74ce6a818325b5dba6f15] 199.204.45.132 "GET /v2.0/ports?network_id=8db21d3e-9f98-4e8e-8a44-f78372612630&device_owner=network%3Adhcp HTTP/1.1" status: 200 len: 210 time: 0.0164797
2026-05-19 14:34:49.812 10 INFO neutron.api.wsgi [req-882ed93a-9d6f-441b-b85e-2a3ee85a1739 req-b3c5aac5-78d6-4bf9-930c-fd6e93609cd7 f6baec8987554a46a0c04386237faf87 1043303fd47849d2986738a43751a16d - - d5e82ed9ece74ce6a818325b5dba6f15 d5e82ed9ece74ce6a818325b5dba6f15] 199.204.45.132 "GET /v2.0/networks/8db21d3e-9f98-4e8e-8a44-f78372612630?fields=segments HTTP/1.1" status: 200 len: 212 time: 0.0459983
2026-05-19 14:34:49.852 10 WARNING neutron.scheduler.dhcp_agent_scheduler [None req-afba8c61-54e5-47fd-871a-ed98d0af12af a98eccec3b0148159eb5a3f156e68d58 d3c479030a804d1e9f36c53bb7e17b54 - - default default] No more DHCP agents
2026-05-19 14:34:49.853 10 WARNING neutron.api.rpc.agentnotifiers.dhcp_rpc_agent_api [None req-afba8c61-54e5-47fd-871a-ed98d0af12af a98eccec3b0148159eb5a3f156e68d58 d3c479030a804d1e9f36c53bb7e17b54 - - default default] Unable to schedule network c6dc5c8d-9e9f-4ce5-946a-5d49d17dff9f: no agents available; will retry on subsequent port and subnet creation events.
2026-05-19 14:34:49.860 10 INFO neutron.api.wsgi [req-882ed93a-9d6f-441b-b85e-2a3ee85a1739 req-9f4c4649-0dc2-45c2-842a-780588d5f105 f6baec8987554a46a0c04386237faf87 1043303fd47849d2986738a43751a16d - - d5e82ed9ece74ce6a818325b5dba6f15 d5e82ed9ece74ce6a818325b5dba6f15] 199.204.45.132 "GET /v2.0/networks/8db21d3e-9f98-4e8e-8a44-f78372612630?fields=provider%3Aphysical_network&fields=provider%3Anetwork_type HTTP/1.1" status: 200 len: 277 time: 0.0436606
2026-05-19 14:34:49.922 10 INFO neutron.db.ovn_revision_numbers_db [None req-afba8c61-54e5-47fd-871a-ed98d0af12af a98eccec3b0148159eb5a3f156e68d58 d3c479030a804d1e9f36c53bb7e17b54 - - default default] Successfully bumped revision number for resource b4c54ce1-3202-4da8-b962-1e909545083c (type: ports) to 1
2026-05-19 14:34:49.944 10 INFO neutron.api.wsgi [None req-afba8c61-54e5-47fd-871a-ed98d0af12af a98eccec3b0148159eb5a3f156e68d58 d3c479030a804d1e9f36c53bb7e17b54 - - default default] 10.0.0.120 "POST /v2.0/networks HTTP/1.1" status: 201 len: 834 time: 0.5845270
2026-05-19 14:34:49.953 10 WARNING neutron_lib.context [None req-33377b19-e1ad-4f04-aa57-6908a9c57fed a98eccec3b0148159eb5a3f156e68d58 d3c479030a804d1e9f36c53bb7e17b54 - - default default] Method 'is_advsvc' is deprecated since 2023.2 release (neutron-lib 3.8.0) and will be removed once support for the old RBAC API policies will be removed from Neutron. Please use method 'is_service_role' instead.
2026-05-19 14:34:50.126 10 WARNING neutron.scheduler.dhcp_agent_scheduler [None req-33377b19-e1ad-4f04-aa57-6908a9c57fed a98eccec3b0148159eb5a3f156e68d58 d3c479030a804d1e9f36c53bb7e17b54 - - default default] No more DHCP agents
2026-05-19 14:34:50.127 10 WARNING neutron.api.rpc.agentnotifiers.dhcp_rpc_agent_api [None req-33377b19-e1ad-4f04-aa57-6908a9c57fed a98eccec3b0148159eb5a3f156e68d58 d3c479030a804d1e9f36c53bb7e17b54 - - default default] Unable to schedule network c6dc5c8d-9e9f-4ce5-946a-5d49d17dff9f: no agents available; will retry on subsequent port and subnet creation events.
2026-05-19 14:34:50.155 10 INFO neutron.db.ovn_revision_numbers_db [None req-33377b19-e1ad-4f04-aa57-6908a9c57fed a98eccec3b0148159eb5a3f156e68d58 d3c479030a804d1e9f36c53bb7e17b54 - - default default] Successfully bumped revision number for resource 3c96ec7e-27b7-4875-a35c-14907edde0f4 (type: subnets) to 0
2026-05-19 14:34:50.169 10 INFO neutron.api.wsgi [None req-33377b19-e1ad-4f04-aa57-6908a9c57fed a98eccec3b0148159eb5a3f156e68d58 d3c479030a804d1e9f36c53bb7e17b54 - - default default] 10.0.0.120 "POST /v2.0/subnets HTTP/1.1" status: 201 len: 845 time: 0.2205191
2026-05-19 14:34:50.178 10 WARNING neutron_lib.context [None req-588fef97-8541-4fe6-97cc-639ed8d1856c a98eccec3b0148159eb5a3f156e68d58 d3c479030a804d1e9f36c53bb7e17b54 - - default default] Method 'is_advsvc' is deprecated since 2023.2 release (neutron-lib 3.8.0) and will be removed once support for the old RBAC API policies will be removed from Neutron. Please use method 'is_service_role' instead.
2026-05-19 14:34:50.412 10 WARNING neutron.scheduler.dhcp_agent_scheduler [None req-588fef97-8541-4fe6-97cc-639ed8d1856c a98eccec3b0148159eb5a3f156e68d58 d3c479030a804d1e9f36c53bb7e17b54 - - default default] No more DHCP agents
2026-05-19 14:34:50.413 10 WARNING neutron.api.rpc.agentnotifiers.dhcp_rpc_agent_api [None req-588fef97-8541-4fe6-97cc-639ed8d1856c a98eccec3b0148159eb5a3f156e68d58 d3c479030a804d1e9f36c53bb7e17b54 - - default default] Unable to schedule network c6dc5c8d-9e9f-4ce5-946a-5d49d17dff9f: no agents available; will retry on subsequent port and subnet creation events.
2026-05-19 14:34:50.494 10 INFO neutron.db.ovn_revision_numbers_db [None req-588fef97-8541-4fe6-97cc-639ed8d1856c a98eccec3b0148159eb5a3f156e68d58 d3c479030a804d1e9f36c53bb7e17b54 - - default default] Successfully bumped revision number for resource 712f31fa-3028-46bf-8af2-c16bb60085ef (type: ports) to 1
2026-05-19 14:34:50.520 10 INFO neutron.api.wsgi [None req-588fef97-8541-4fe6-97cc-639ed8d1856c a98eccec3b0148159eb5a3f156e68d58 d3c479030a804d1e9f36c53bb7e17b54 - - default default] 10.0.0.120 "POST /v2.0/ports HTTP/1.1" status: 201 len: 1122 time: 0.3463924
2026-05-19 14:34:50.741 10 INFO neutron.api.wsgi [req-4d915808-2b2d-422d-865c-770a8f507119 req-0a725c70-e1c5-4429-863c-cfc72ac11487 32561e3e617641d6a6dd89518b4fa0cc 6d54762da74a4266bec9c4094dc3fde0 - - default default] 10.0.0.9 "GET /v2.0/ports?device_id=e035cca1-62f5-4fc6-a924-0d1e8668f8a5 HTTP/1.1" status: 200 len: 210 time: 0.0187395
2026-05-19 14:34:50.751 10 INFO neutron.api.wsgi [None req-717ea1d7-c7e3-4b2d-a458-95bcb622915d a98eccec3b0148159eb5a3f156e68d58 d3c479030a804d1e9f36c53bb7e17b54 - - default default] 10.0.0.120 "DELETE /v2.0/ports/712f31fa-3028-46bf-8af2-c16bb60085ef HTTP/1.1" status: 204 len: 168 time: 0.2246711
2026-05-19 14:34:50.771 10 INFO neutron.pecan_wsgi.hooks.translation [None req-80d736f9-64e9-425c-91f8-f2036df03fbe a98eccec3b0148159eb5a3f156e68d58 d3c479030a804d1e9f36c53bb7e17b54 - - default default] GET failed (client error): The resource could not be found.
2026-05-19 14:34:50.773 10 INFO neutron.api.wsgi [None req-80d736f9-64e9-425c-91f8-f2036df03fbe a98eccec3b0148159eb5a3f156e68d58 d3c479030a804d1e9f36c53bb7e17b54 - - default default] 10.0.0.120 "GET /v2.0/ports/712f31fa-3028-46bf-8af2-c16bb60085ef HTTP/1.1" status: 404 len: 333 time: 0.0163705
2026-05-19 14:34:50.924 10 INFO neutron.api.wsgi [None req-ed133508-5c55-44f5-89be-f24f5c3fbd0a a98eccec3b0148159eb5a3f156e68d58 d3c479030a804d1e9f36c53bb7e17b54 - - default default] 10.0.0.120 "DELETE /v2.0/subnets/3c96ec7e-27b7-4875-a35c-14907edde0f4 HTTP/1.1" status: 204 len: 168 time: 0.1468618
2026-05-19 14:34:50.976 9 INFO neutron.api.wsgi [-] 10.0.0.154 "GET / HTTP/1.1" status: 200 len: 245 time: 0.0026057
2026-05-19 14:34:50.981 9 INFO neutron.api.wsgi [-] 10.0.0.154 "GET / HTTP/1.1" status: 200 len: 245 time: 0.0033436
2026-05-19 14:34:51.193 10 INFO neutron.services.segments.plugin [-] Segment c7d27a9e-7698-4b24-9637-8c921f8269af resource provider aggregate not found
2026-05-19 14:34:51.196 10 INFO neutron.services.segments.plugin [-] Segment c7d27a9e-7698-4b24-9637-8c921f8269af resource provider aggregate not found
2026-05-19 14:34:51.210 10 INFO neutron.services.segments.plugin [-] Segment c7d27a9e-7698-4b24-9637-8c921f8269af resource provider not found; error: Placement Client Error (4xx): {"errors": [{"status": 404, "title": "Not Found", "detail": "The resource could not be found.\n\n No resource provider with uuid c7d27a9e-7698-4b24-9637-8c921f8269af found for delete ", "request_id": "req-f3c65441-2323-44c9-af99-402eeb197bd9"}]}
2026-05-19 14:34:51.213 10 INFO neutron.services.segments.plugin [-] Segment c7d27a9e-7698-4b24-9637-8c921f8269af resource provider not found; error: Placement Client Error (4xx): {"errors": [{"status": 404, "title": "Not Found", "detail": "The resource could not be found.\n\n No resource provider with uuid c7d27a9e-7698-4b24-9637-8c921f8269af found for delete ", "request_id": "req-ea58d76f-e267-4307-b3ea-f2c0c84c170c"}]}
2026-05-19 14:34:51.227 10 INFO neutron.api.wsgi [None req-198064f3-4ad1-47df-a086-482dde89195f a98eccec3b0148159eb5a3f156e68d58 d3c479030a804d1e9f36c53bb7e17b54 - - default default] 10.0.0.120 "DELETE /v2.0/networks/c6dc5c8d-9e9f-4ce5-946a-5d49d17dff9f HTTP/1.1" status: 204 len: 168 time: 0.2959561
2026-05-19 14:34:51.236 10 WARNING neutron_lib.context [None req-b48ba81f-0bb8-4543-9bec-2c851d78aeab a98eccec3b0148159eb5a3f156e68d58 d3c479030a804d1e9f36c53bb7e17b54 - - default default] Method 'is_advsvc' is deprecated since 2023.2 release (neutron-lib 3.8.0) and will be removed once support for the old RBAC API policies will be removed from Neutron. Please use method 'is_service_role' instead.
2026-05-19 14:34:51.437 10 WARNING neutron.scheduler.dhcp_agent_scheduler [None req-b48ba81f-0bb8-4543-9bec-2c851d78aeab a98eccec3b0148159eb5a3f156e68d58 d3c479030a804d1e9f36c53bb7e17b54 - - default default] No more DHCP agents
2026-05-19 14:34:51.439 10 WARNING neutron.api.rpc.agentnotifiers.dhcp_rpc_agent_api [None req-b48ba81f-0bb8-4543-9bec-2c851d78aeab a98eccec3b0148159eb5a3f156e68d58 d3c479030a804d1e9f36c53bb7e17b54 - - default default] Unable to schedule network 95104ed1-79f9-4bc1-a7c5-8efcb07f24ec: no agents available; will retry on subsequent port and subnet creation events.
2026-05-19 14:34:51.498 10 INFO neutron.db.ovn_revision_numbers_db [None req-b48ba81f-0bb8-4543-9bec-2c851d78aeab a98eccec3b0148159eb5a3f156e68d58 d3c479030a804d1e9f36c53bb7e17b54 - - default default] Successfully bumped revision number for resource 0689046b-0732-4327-b7e6-0cfa88026569 (type: ports) to 1
2026-05-19 14:34:51.521 10 INFO neutron.api.wsgi [None req-b48ba81f-0bb8-4543-9bec-2c851d78aeab a98eccec3b0148159eb5a3f156e68d58 d3c479030a804d1e9f36c53bb7e17b54 - - default default] 10.0.0.120 "POST /v2.0/ports HTTP/1.1" status: 201 len: 978 time: 0.2883048 /var/lib/openstack/lib/python3.12/site-packages/pycadf/identifier.py:71: UserWarning: Invalid uuid: neutron. To ensure interoperability, identifiers should be a valid uuid. warnings.warn(('Invalid uuid: %s. To ensure interoperability, '
2026-05-19 14:34:51.717 9 INFO neutron.plugins.ml2.drivers.ovn.mech_driver.mech_driver [None req-a0377237-5738-4fd3-bafb-c7c1c41ec94d - - - - - -] OVN reports status down for port: 0689046b-0732-4327-b7e6-0cfa88026569
2026-05-19 14:34:51.734 9 INFO neutron.db.ovn_revision_numbers_db [None req-6d143d21-cbbc-42d3-9c7c-090fcfbb0ab9 2dde46222f0c4d05a92e6dc79753c2dc 8cf13f659408417abb79369600a91022 - - default default] Successfully bumped revision number for resource 08719d77-2a6a-49d0-a338-859b6caee45f (type: security_groups) to 1
2026-05-19 14:34:51.740 10 INFO neutron.db.ovn_revision_numbers_db [None req-d6d55d91-e6b1-4e2a-a5e4-7af0b89fe31f a98eccec3b0148159eb5a3f156e68d58 d3c479030a804d1e9f36c53bb7e17b54 - - default default] Successfully bumped revision number for resource 0689046b-0732-4327-b7e6-0cfa88026569 (type: ports) to 2
2026-05-19 14:34:51.747 9 INFO neutron.db.ovn_revision_numbers_db [None req-6d143d21-cbbc-42d3-9c7c-090fcfbb0ab9 2dde46222f0c4d05a92e6dc79753c2dc 8cf13f659408417abb79369600a91022 - - default default] Successfully bumped revision number for resource 8c983cdd-3fc9-4aa3-945c-32a97956261d (type: security_group_rules) to 0
2026-05-19 14:34:51.752 10 INFO neutron.api.wsgi [None req-d6d55d91-e6b1-4e2a-a5e4-7af0b89fe31f a98eccec3b0148159eb5a3f156e68d58 d3c479030a804d1e9f36c53bb7e17b54 - - default default] 10.0.0.120 "PUT /v2.0/ports/0689046b-0732-4327-b7e6-0cfa88026569 HTTP/1.1" status: 200 len: 946 time: 0.2253642 /var/lib/openstack/lib/python3.12/site-packages/pycadf/identifier.py:71: UserWarning: Invalid uuid: neutron. To ensure interoperability, identifiers should be a valid uuid. warnings.warn(('Invalid uuid: %s. To ensure interoperability, '
2026-05-19 14:34:51.767 9 INFO neutron.db.ovn_revision_numbers_db [None req-6d143d21-cbbc-42d3-9c7c-090fcfbb0ab9 2dde46222f0c4d05a92e6dc79753c2dc 8cf13f659408417abb79369600a91022 - - default default] Successfully bumped revision number for resource a1f7ee37-6f41-4620-8e87-8668ba528d21 (type: security_group_rules) to 0
2026-05-19 14:34:51.783 9 INFO neutron.db.ovn_revision_numbers_db [None req-6d143d21-cbbc-42d3-9c7c-090fcfbb0ab9 2dde46222f0c4d05a92e6dc79753c2dc 8cf13f659408417abb79369600a91022 - - default default] Successfully bumped revision number for resource c5fc60d1-5576-4e4a-a5bc-bdfa68430db6 (type: security_group_rules) to 0
2026-05-19 14:34:51.795 9 INFO neutron.db.ovn_revision_numbers_db [None req-6d143d21-cbbc-42d3-9c7c-090fcfbb0ab9 2dde46222f0c4d05a92e6dc79753c2dc 8cf13f659408417abb79369600a91022 - - default default] Successfully bumped revision number for resource da9290e4-6525-4dda-9390-b29a5bfaf05e (type: security_group_rules) to 0
2026-05-19 14:34:51.826 9 INFO neutron.api.wsgi [req-f48dc86d-5e50-49e3-a460-2cdf30a030c9 req-35f650d1-5a4a-4e0d-87b5-105a54b8f3e7 32561e3e617641d6a6dd89518b4fa0cc 6d54762da74a4266bec9c4094dc3fde0 - - default default] 10.0.0.9 "GET /v2.0/ports?device_id=e035cca1-62f5-4fc6-a924-0d1e8668f8a5 HTTP/1.1" status: 200 len: 210 time: 0.0185225
2026-05-19 14:34:51.838 9 INFO neutron.api.wsgi [None req-6d143d21-cbbc-42d3-9c7c-090fcfbb0ab9 2dde46222f0c4d05a92e6dc79753c2dc 8cf13f659408417abb79369600a91022 - - default default] 10.0.0.120 "GET /v2.0/security-groups?tenant_id=fa14d166691d4f148df943c5339053ac&name=default HTTP/1.1" status: 200 len: 3120 time: 0.2883961
2026-05-19 14:34:51.962 10 INFO neutron.api.wsgi [None req-cf1cd455-6f79-4f7c-ab70-472ccebe76cd a98eccec3b0148159eb5a3f156e68d58 d3c479030a804d1e9f36c53bb7e17b54 - - default default] 10.0.0.120 "DELETE /v2.0/ports/0689046b-0732-4327-b7e6-0cfa88026569 HTTP/1.1" status: 204 len: 168 time: 0.2072892
2026-05-19 14:34:52.041 9 INFO neutron.api.wsgi [None req-b5982e33-0c67-4d07-9db1-98efdd67c2bf a98eccec3b0148159eb5a3f156e68d58 d3c479030a804d1e9f36c53bb7e17b54 - - default default] 10.0.0.120 "GET /v2.0/ports HTTP/1.1" status: 200 len: 1733 time: 0.0738757
2026-05-19 14:34:52.060 10 INFO neutron.pecan_wsgi.hooks.translation [None req-adebf96d-22ed-4d0a-a33b-697736f9b013 a98eccec3b0148159eb5a3f156e68d58 d3c479030a804d1e9f36c53bb7e17b54 - - default default] GET failed (client error): The resource could not be found.
2026-05-19 14:34:52.061 10 INFO neutron.api.wsgi [None req-adebf96d-22ed-4d0a-a33b-697736f9b013 a98eccec3b0148159eb5a3f156e68d58 d3c479030a804d1e9f36c53bb7e17b54 - - default default] 10.0.0.120 "GET /v2.0/ports/0689046b-0732-4327-b7e6-0cfa88026569 HTTP/1.1" status: 404 len: 333 time: 0.0164671
2026-05-19 14:34:52.071 9 INFO neutron.api.wsgi [None req-fa8166de-41f9-4747-8115-b39e673aab5c 2dde46222f0c4d05a92e6dc79753c2dc 8cf13f659408417abb79369600a91022 - - default default] 10.0.0.120 "DELETE /v2.0/security-groups/08719d77-2a6a-49d0-a338-859b6caee45f HTTP/1.1" status: 204 len: 168 time: 0.2273409
2026-05-19 14:34:52.105 9 INFO neutron.api.wsgi [None req-697fdeba-ece9-49c6-b017-6f9371929780 a98eccec3b0148159eb5a3f156e68d58 d3c479030a804d1e9f36c53bb7e17b54 - - default default] 10.0.0.120 "GET /v2.0/ports HTTP/1.1" status: 200 len: 1733 time: 0.0382490
2026-05-19 14:34:52.141 9 INFO neutron.api.wsgi [None req-77a95df1-15b3-47d8-91fa-e038cdec1b93 a98eccec3b0148159eb5a3f156e68d58 d3c479030a804d1e9f36c53bb7e17b54 - - default default] 10.0.0.120 "GET /v2.0/ports/2e5106b5-6936-4467-994b-279725779c99 HTTP/1.1" status: 200 len: 973 time: 0.0305350
2026-05-19 14:34:52.161 9 INFO neutron.pecan_wsgi.hooks.translation [None req-e8f0cd15-863b-4357-83d0-4c1742ba5da1 a98eccec3b0148159eb5a3f156e68d58 d3c479030a804d1e9f36c53bb7e17b54 - - default default] DELETE failed (client error): The resource could not be found.
2026-05-19 14:34:52.164 9 INFO neutron.api.wsgi [None req-e8f0cd15-863b-4357-83d0-4c1742ba5da1 a98eccec3b0148159eb5a3f156e68d58 d3c479030a804d1e9f36c53bb7e17b54 - - default default] 10.0.0.120 "DELETE /v2.0/ports/712f31fa-3028-46bf-8af2-c16bb60085ef HTTP/1.1" status: 404 len: 333 time: 0.0168908
2026-05-19 14:34:52.179 9 INFO neutron.pecan_wsgi.hooks.translation [None req-12a41a5a-59d5-4ee2-a192-73572e0538e4 a98eccec3b0148159eb5a3f156e68d58 d3c479030a804d1e9f36c53bb7e17b54 - - default default] DELETE failed (client error): The resource could not be found.
2026-05-19 14:34:52.181 9 INFO neutron.api.wsgi [None req-12a41a5a-59d5-4ee2-a192-73572e0538e4 a98eccec3b0148159eb5a3f156e68d58 d3c479030a804d1e9f36c53bb7e17b54 - - default default] 10.0.0.120 "DELETE /v2.0/subnets/3c96ec7e-27b7-4875-a35c-14907edde0f4 HTTP/1.1" status: 404 len: 337 time: 0.0132113
2026-05-19 14:34:52.195 9 INFO neutron.pecan_wsgi.hooks.translation [None req-dca92167-6c94-42cf-b4c8-c5110d2bafe6 a98eccec3b0148159eb5a3f156e68d58 d3c479030a804d1e9f36c53bb7e17b54 - - default default] DELETE failed (client error): The resource could not be found.
2026-05-19 14:34:52.197 9 INFO neutron.api.wsgi [None req-dca92167-6c94-42cf-b4c8-c5110d2bafe6 a98eccec3b0148159eb5a3f156e68d58 d3c479030a804d1e9f36c53bb7e17b54 - - default default] 10.0.0.120 "DELETE /v2.0/subnets/88d90885-7b12-4cac-8e8a-992d3489ae62 HTTP/1.1" status: 404 len: 337 time: 0.0112288
2026-05-19 14:34:52.413 9 INFO neutron.api.wsgi [None req-e8602f35-c36e-4f42-9c60-84c324bfe399 a98eccec3b0148159eb5a3f156e68d58 d3c479030a804d1e9f36c53bb7e17b54 - - default default] 10.0.0.120 "DELETE /v2.0/ports/2e5106b5-6936-4467-994b-279725779c99 HTTP/1.1" status: 204 len: 168 time: 0.2124825
2026-05-19 14:34:52.708 9 INFO neutron.services.segments.plugin [-] Segment 5a208bc9-8274-4ac8-a6f2-428b62389a81 resource provider aggregate not found
2026-05-19 14:34:52.714 9 INFO neutron.services.segments.plugin [-] Segment 5a208bc9-8274-4ac8-a6f2-428b62389a81 resource provider aggregate not found
2026-05-19 14:34:52.721 9 INFO neutron.services.segments.plugin [-] Segment 5a208bc9-8274-4ac8-a6f2-428b62389a81 resource provider not found; error: Placement Client Error (4xx): {"errors": [{"status": 404, "title": "Not Found", "detail": "The resource could not be found.\n\n No resource provider with uuid 5a208bc9-8274-4ac8-a6f2-428b62389a81 found for delete ", "request_id": "req-23d1ec2b-eea4-4d49-8e64-106e5fff35ff"}]}
2026-05-19 14:34:52.725 9 INFO neutron.services.segments.plugin [-] Segment 5a208bc9-8274-4ac8-a6f2-428b62389a81 resource provider not found; error: Placement Client Error (4xx): {"errors": [{"status": 404, "title": "Not Found", "detail": "The resource could not be found.\n\n No resource provider with uuid 5a208bc9-8274-4ac8-a6f2-428b62389a81 found for delete ", "request_id": "req-d088a1ac-4ebe-4dc0-bfeb-0f856bc1409a"}]}
2026-05-19 14:34:52.754 9 INFO neutron.api.wsgi [None req-28f83a95-0f8f-4bb9-a589-5ca987dd1969 a98eccec3b0148159eb5a3f156e68d58 d3c479030a804d1e9f36c53bb7e17b54 - - default default] 10.0.0.120 "DELETE /v2.0/networks/95104ed1-79f9-4bc1-a7c5-8efcb07f24ec HTTP/1.1" status: 204 len: 168 time: 0.3352914
2026-05-19 14:34:53.025 9 INFO neutron.api.wsgi [None req-2f297fc5-8b9d-47ce-b23a-fe8e67795a3d 32561e3e617641d6a6dd89518b4fa0cc 6d54762da74a4266bec9c4094dc3fde0 - - default default] 10.0.0.120 "DELETE /v2.0/security-groups/90c3183c-c13f-4aaf-9b60-9d05d40045f0 HTTP/1.1" status: 204 len: 168 time: 0.1203613
2026-05-19 14:34:53.039 9 INFO neutron.api.v2.resource [None req-d3b8d3a5-b5ec-4511-a94f-6719e32687de 32561e3e617641d6a6dd89518b4fa0cc 6d54762da74a4266bec9c4094dc3fde0 - - default default] show failed (client error): The resource could not be found.
2026-05-19 14:34:53.040 9 INFO neutron.api.wsgi [None req-d3b8d3a5-b5ec-4511-a94f-6719e32687de 32561e3e617641d6a6dd89518b4fa0cc 6d54762da74a4266bec9c4094dc3fde0 - - default default] 10.0.0.120 "GET /v2.0/security-groups/90c3183c-c13f-4aaf-9b60-9d05d40045f0 HTTP/1.1" status: 404 len: 347 time: 0.0112383
2026-05-19 14:34:53.340 10 INFO neutron.api.wsgi [None req-07768e44-9283-44d2-8a76-5beac6f128df 2dde46222f0c4d05a92e6dc79753c2dc 8cf13f659408417abb79369600a91022 - - default default] 10.0.0.120 "GET /v2.0/security-groups?tenant_id=d3c479030a804d1e9f36c53bb7e17b54&name=default HTTP/1.1" status: 200 len: 3120 time: 0.1959128
2026-05-19 14:34:53.382 9 INFO neutron.api.wsgi [None req-fd631751-3b5b-44e1-93a2-a7aaca0bca3b 32561e3e617641d6a6dd89518b4fa0cc 6d54762da74a4266bec9c4094dc3fde0 - - default default] 10.0.0.120 "DELETE /v2.0/floatingips/3ba2d955-6679-47c5-80fb-7c3fe7920bed HTTP/1.1" status: 204 len: 168 time: 0.3387322
2026-05-19 14:34:53.578 10 INFO neutron.api.wsgi [None req-b8049c71-718d-4741-b2f6-b7aab92f97bc 2dde46222f0c4d05a92e6dc79753c2dc 8cf13f659408417abb79369600a91022 - - default default] 10.0.0.120 "DELETE /v2.0/security-groups/bd16ffb0-0f66-42be-bc44-f8d4cdb7092a HTTP/1.1" status: 204 len: 168 time: 0.2344334
2026-05-19 14:34:53.978 9 WARNING neutron_lib.context [None req-3537c5ff-c4ff-4625-abfe-e271896990e2 372b05425e8b47ff977d6473a4768bf6 dd369a8cf71a4f6ba257193f0a1c7cae - - default default] Method 'is_advsvc' is deprecated since 2023.2 release (neutron-lib 3.8.0) and will be removed once support for the old RBAC API policies will be removed from Neutron. Please use method 'is_service_role' instead.
2026-05-19 14:34:54.103 9 INFO neutron.db.ovn_revision_numbers_db [None req-3537c5ff-c4ff-4625-abfe-e271896990e2 372b05425e8b47ff977d6473a4768bf6 dd369a8cf71a4f6ba257193f0a1c7cae - - default default] Successfully bumped revision number for resource b3d294ba-bc71-4266-8658-6ab3c9cfdc37 (type: security_groups) to 1
2026-05-19 14:34:54.116 9 INFO neutron.db.ovn_revision_numbers_db [None req-3537c5ff-c4ff-4625-abfe-e271896990e2 372b05425e8b47ff977d6473a4768bf6 dd369a8cf71a4f6ba257193f0a1c7cae - - default default] Successfully bumped revision number for resource 03adc912-9c51-46c0-8443-68f3ea96368b (type: security_group_rules) to 0
2026-05-19 14:34:54.131 9 INFO neutron.db.ovn_revision_numbers_db [None req-3537c5ff-c4ff-4625-abfe-e271896990e2 372b05425e8b47ff977d6473a4768bf6 dd369a8cf71a4f6ba257193f0a1c7cae - - default default] Successfully bumped revision number for resource a90226f9-d02a-4990-a214-53fef8b69f6a (type: security_group_rules) to 0
2026-05-19 14:34:54.146 9 INFO neutron.db.ovn_revision_numbers_db [None req-3537c5ff-c4ff-4625-abfe-e271896990e2 372b05425e8b47ff977d6473a4768bf6 dd369a8cf71a4f6ba257193f0a1c7cae - - default default] Successfully bumped revision number for resource af5e1292-e435-4183-be9c-d65b7aa6f815 (type: security_group_rules) to 0
2026-05-19 14:34:54.156 9 INFO neutron.db.ovn_revision_numbers_db [None req-3537c5ff-c4ff-4625-abfe-e271896990e2 372b05425e8b47ff977d6473a4768bf6 dd369a8cf71a4f6ba257193f0a1c7cae - - default default] Successfully bumped revision number for resource cf0475e0-0404-45e1-ab30-c73616ddece6 (type: security_group_rules) to 0
2026-05-19 14:34:54.220 9 INFO neutron.db.segments_db [None req-3537c5ff-c4ff-4625-abfe-e271896990e2 372b05425e8b47ff977d6473a4768bf6 dd369a8cf71a4f6ba257193f0a1c7cae - - default default] Added segment 22088a94-fc85-460e-973d-3e9bc04c2eb0 of type geneve for network 018b020c-4da0-4638-a677-b5f5835a5775
2026-05-19 14:34:54.294 10 INFO neutron.api.wsgi [None req-8965ceb8-67cf-49f1-b8b7-91e27e3f1be0 2dde46222f0c4d05a92e6dc79753c2dc 8cf13f659408417abb79369600a91022 - - default default] 10.0.0.120 "PUT /v2.0/routers/e70218fe-2389-4322-8787-30dc1874cf78/remove_router_interface HTTP/1.1" status: 200 len: 503 time: 0.9068844 /var/lib/openstack/lib/python3.12/site-packages/pycadf/identifier.py:71: UserWarning: Invalid uuid: neutron. To ensure interoperability, identifiers should be a valid uuid. warnings.warn(('Invalid uuid: %s. To ensure interoperability, '
2026-05-19 14:34:54.339 9 INFO neutron.db.ovn_revision_numbers_db [None req-3537c5ff-c4ff-4625-abfe-e271896990e2 372b05425e8b47ff977d6473a4768bf6 dd369a8cf71a4f6ba257193f0a1c7cae - - default default] Successfully bumped revision number for resource 018b020c-4da0-4638-a677-b5f5835a5775 (type: networks) to 1
2026-05-19 14:34:54.489 9 WARNING neutron.scheduler.dhcp_agent_scheduler [None req-3537c5ff-c4ff-4625-abfe-e271896990e2 372b05425e8b47ff977d6473a4768bf6 dd369a8cf71a4f6ba257193f0a1c7cae - - default default] No more DHCP agents
2026-05-19 14:34:54.490 9 WARNING neutron.api.rpc.agentnotifiers.dhcp_rpc_agent_api [None req-3537c5ff-c4ff-4625-abfe-e271896990e2 372b05425e8b47ff977d6473a4768bf6 dd369a8cf71a4f6ba257193f0a1c7cae - - default default] Unable to schedule network 018b020c-4da0-4638-a677-b5f5835a5775: no agents available; will retry on subsequent port and subnet creation events.
2026-05-19 14:34:54.556 9 INFO neutron.db.ovn_revision_numbers_db [None req-3537c5ff-c4ff-4625-abfe-e271896990e2 372b05425e8b47ff977d6473a4768bf6 dd369a8cf71a4f6ba257193f0a1c7cae - - default default] Successfully bumped revision number for resource 308ec769-60ab-40a5-bff0-41aa6ec33d12 (type: ports) to 1
2026-05-19 14:34:54.585 9 INFO neutron.api.wsgi [None req-3537c5ff-c4ff-4625-abfe-e271896990e2 372b05425e8b47ff977d6473a4768bf6 dd369a8cf71a4f6ba257193f0a1c7cae - - default default] 10.0.0.120 "POST /v2.0/networks HTTP/1.1" status: 201 len: 842 time: 0.7493560
2026-05-19 14:34:54.624 9 WARNING neutron_lib.context [None req-684434d5-0ba0-4a0f-8576-86e3b5de29a5 372b05425e8b47ff977d6473a4768bf6 dd369a8cf71a4f6ba257193f0a1c7cae - - default default] Method 'is_advsvc' is deprecated since 2023.2 release (neutron-lib 3.8.0) and will be removed once support for the old RBAC API policies will be removed from Neutron. Please use method 'is_service_role' instead.
2026-05-19 14:34:54.800 9 WARNING neutron.scheduler.dhcp_agent_scheduler [None req-684434d5-0ba0-4a0f-8576-86e3b5de29a5 372b05425e8b47ff977d6473a4768bf6 dd369a8cf71a4f6ba257193f0a1c7cae - - default default] No more DHCP agents
2026-05-19 14:34:54.802 9 WARNING neutron.api.rpc.agentnotifiers.dhcp_rpc_agent_api [None req-684434d5-0ba0-4a0f-8576-86e3b5de29a5 372b05425e8b47ff977d6473a4768bf6 dd369a8cf71a4f6ba257193f0a1c7cae - - default default] Unable to schedule network 018b020c-4da0-4638-a677-b5f5835a5775: no agents available; will retry on subsequent port and subnet creation events.
2026-05-19 14:34:54.868 10 INFO neutron.api.wsgi [None req-e81d14fb-d411-420e-8ac0-f0f3971c1ca4 2dde46222f0c4d05a92e6dc79753c2dc 8cf13f659408417abb79369600a91022 - - default default] 10.0.0.120 "DELETE /v2.0/routers/e70218fe-2389-4322-8787-30dc1874cf78 HTTP/1.1" status: 204 len: 168 time: 0.5696838
2026-05-19 14:34:55.010 10 INFO neutron.api.wsgi [None req-911de509-22d6-46cb-9d79-71d3163a4327 2dde46222f0c4d05a92e6dc79753c2dc 8cf13f659408417abb79369600a91022 - - default default] 10.0.0.120 "DELETE /v2.0/subnets/72db8291-58ad-4605-ad5d-70a71afd2a70 HTTP/1.1" status: 204 len: 168 time: 0.1383505
2026-05-19 14:34:55.256 9 INFO neutron.db.ovn_revision_numbers_db [None req-c14ba80d-dd53-4dba-9823-acf8fa63bdfa - - - - - -] Successfully bumped revision number for resource 308ec769-60ab-40a5-bff0-41aa6ec33d12 (type: ports) to 2
2026-05-19 14:34:55.306 9 INFO neutron.db.ovn_revision_numbers_db [None req-c14ba80d-dd53-4dba-9823-acf8fa63bdfa - - - - - -] Successfully bumped revision number for resource f8e22c55-d7cf-4b68-9c4d-83d5f7d7419f (type: subnets) to 0
2026-05-19 14:34:55.322 9 INFO neutron.api.wsgi [None req-684434d5-0ba0-4a0f-8576-86e3b5de29a5 372b05425e8b47ff977d6473a4768bf6 dd369a8cf71a4f6ba257193f0a1c7cae - - default default] 10.0.0.120 "POST /v2.0/subnets HTTP/1.1" status: 201 len: 840 time: 0.7041614
2026-05-19 14:34:55.333 9 WARNING neutron_lib.context [None req-77803848-0138-4497-95f3-229738573dd1 372b05425e8b47ff977d6473a4768bf6 dd369a8cf71a4f6ba257193f0a1c7cae - - default default] Method 'is_advsvc' is deprecated since 2023.2 release (neutron-lib 3.8.0) and will be removed once support for the old RBAC API policies will be removed from Neutron. Please use method 'is_service_role' instead.
2026-05-19 14:34:55.372 10 INFO neutron.services.segments.plugin [-] Segment 2770962b-78e6-4864-b3c8-9b4e855fa264 resource provider aggregate not found
2026-05-19 14:34:55.377 10 INFO neutron.services.segments.plugin [-] Segment 2770962b-78e6-4864-b3c8-9b4e855fa264 resource provider aggregate not found
2026-05-19 14:34:55.389 10 INFO neutron.services.segments.plugin [-] Segment 2770962b-78e6-4864-b3c8-9b4e855fa264 resource provider not found; error: Placement Client Error (4xx): {"errors": [{"status": 404, "title": "Not Found", "detail": "The resource could not be found.\n\n No resource provider with uuid 2770962b-78e6-4864-b3c8-9b4e855fa264 found for delete ", "request_id": "req-edb752b1-3cee-4ca0-b82e-caba626c6590"}]}
2026-05-19 14:34:55.390 10 INFO neutron.services.segments.plugin [-] Segment 2770962b-78e6-4864-b3c8-9b4e855fa264 resource provider not found; error: Placement Client Error (4xx): {"errors": [{"status": 404, "title": "Not Found", "detail": "The resource could not be found.\n\n No resource provider with uuid 2770962b-78e6-4864-b3c8-9b4e855fa264 found for delete ", "request_id": "req-f7c4adc8-b6f8-49cc-998f-d0d1fa2ec923"}]}
2026-05-19 14:34:55.401 10 INFO neutron.api.wsgi [None req-54141f9f-1db0-4f17-9ab0-ce2d4fc75dc3 2dde46222f0c4d05a92e6dc79753c2dc 8cf13f659408417abb79369600a91022 - - default default] 10.0.0.120 "DELETE /v2.0/networks/d60f8537-8e85-488f-98ff-e77148787e84 HTTP/1.1" status: 204 len: 168 time: 0.3862736
2026-05-19 14:34:55.412 10 WARNING neutron_lib.context [None req-e460b7f5-098c-444a-87a0-a965f9da6919 1fd234e5b3bc40ed848164bacc1be0c4 4b1d21b1790149dda0768916ddf479ba - - default default] Method 'is_advsvc' is deprecated since 2023.2 release (neutron-lib 3.8.0) and will be removed once support for the old RBAC API policies will be removed from Neutron. Please use method 'is_service_role' instead.
2026-05-19 14:34:55.425 9 INFO neutron.db.segments_db [None req-77803848-0138-4497-95f3-229738573dd1 372b05425e8b47ff977d6473a4768bf6 dd369a8cf71a4f6ba257193f0a1c7cae - - default default] Added segment d1e2bff6-c783-4684-9230-fc1b3d68d025 of type geneve for network 7049ef93-b56e-4935-bc61-50cde9c3aef2
2026-05-19 14:34:55.545 9 INFO neutron.db.ovn_revision_numbers_db [None req-77803848-0138-4497-95f3-229738573dd1 372b05425e8b47ff977d6473a4768bf6 dd369a8cf71a4f6ba257193f0a1c7cae - - default default] Successfully bumped revision number for resource 7049ef93-b56e-4935-bc61-50cde9c3aef2 (type: networks) to 1
2026-05-19 14:34:55.552 10 INFO neutron.db.ovn_revision_numbers_db [None req-e460b7f5-098c-444a-87a0-a965f9da6919 1fd234e5b3bc40ed848164bacc1be0c4 4b1d21b1790149dda0768916ddf479ba - - default default] Successfully bumped revision number for resource f742ae75-1ee4-4f0d-a525-610b98be9745 (type: security_groups) to 1
2026-05-19 14:34:55.564 10 INFO neutron.api.wsgi [None req-57ec85bf-fd94-4aab-acb2-66cb5c1ac64a 2dde46222f0c4d05a92e6dc79753c2dc 8cf13f659408417abb79369600a91022 - - default default] 10.0.0.120 "GET /v2.0/security-groups?tenant_id=6d54762da74a4266bec9c4094dc3fde0&name=default HTTP/1.1" status: 200 len: 3116 time: 0.0353127
2026-05-19 14:34:55.568 10 INFO neutron.db.ovn_revision_numbers_db [None req-e460b7f5-098c-444a-87a0-a965f9da6919 1fd234e5b3bc40ed848164bacc1be0c4 4b1d21b1790149dda0768916ddf479ba - - default default] Successfully bumped revision number for resource 30524a70-5894-4df8-a8b3-61965786d8a6 (type: security_group_rules) to 0
2026-05-19 14:34:55.589 10 INFO neutron.db.ovn_revision_numbers_db [None req-e460b7f5-098c-444a-87a0-a965f9da6919 1fd234e5b3bc40ed848164bacc1be0c4 4b1d21b1790149dda0768916ddf479ba - - default default] Successfully bumped revision number for resource 60531a50-adc8-4e30-bd31-2faab0d5841b (type: security_group_rules) to 0
2026-05-19 14:34:55.606 10 INFO neutron.db.ovn_revision_numbers_db [None req-e460b7f5-098c-444a-87a0-a965f9da6919 1fd234e5b3bc40ed848164bacc1be0c4 4b1d21b1790149dda0768916ddf479ba - - default default] Successfully bumped revision number for resource 8bcbda94-fd3e-4d7c-8d65-91c43e2e63ea (type: security_group_rules) to 0
2026-05-19 14:34:55.622 10 INFO neutron.db.ovn_revision_numbers_db [None req-e460b7f5-098c-444a-87a0-a965f9da6919 1fd234e5b3bc40ed848164bacc1be0c4 4b1d21b1790149dda0768916ddf479ba - - default default] Successfully bumped revision number for resource 8d01dac9-0ae9-4657-bdaa-5e8ce7967ddd (type: security_group_rules) to 0
2026-05-19 14:34:55.678 9 WARNING neutron.scheduler.dhcp_agent_scheduler [None req-77803848-0138-4497-95f3-229738573dd1 372b05425e8b47ff977d6473a4768bf6 dd369a8cf71a4f6ba257193f0a1c7cae - - default default] No more DHCP agents
2026-05-19 14:34:55.680 9 WARNING neutron.api.rpc.agentnotifiers.dhcp_rpc_agent_api [None req-77803848-0138-4497-95f3-229738573dd1 372b05425e8b47ff977d6473a4768bf6 dd369a8cf71a4f6ba257193f0a1c7cae - - default default] Unable to schedule network 7049ef93-b56e-4935-bc61-50cde9c3aef2: no agents available; will retry on subsequent port and subnet creation events.
2026-05-19 14:34:55.701 10 INFO neutron.db.segments_db [None req-e460b7f5-098c-444a-87a0-a965f9da6919 1fd234e5b3bc40ed848164bacc1be0c4 4b1d21b1790149dda0768916ddf479ba - - default default] Added segment 444cf228-9011-4eb4-8dd4-2f949c1512ff of type geneve for network 85ed3099-c02a-4f21-a6e1-29cf20bf007a
2026-05-19 14:34:55.730 9 INFO neutron.db.ovn_revision_numbers_db [None req-77803848-0138-4497-95f3-229738573dd1 372b05425e8b47ff977d6473a4768bf6 dd369a8cf71a4f6ba257193f0a1c7cae - - default default] Successfully bumped revision number for resource 6891d4ff-643b-4943-a919-0e9987c01dcc (type: ports) to 1
2026-05-19 14:34:55.748 9 INFO neutron.api.wsgi [None req-77803848-0138-4497-95f3-229738573dd1 372b05425e8b47ff977d6473a4768bf6 dd369a8cf71a4f6ba257193f0a1c7cae - - default default] 10.0.0.120 "POST /v2.0/networks HTTP/1.1" status: 201 len: 843 time: 0.4191618
2026-05-19 14:34:55.783 10 INFO neutron.api.wsgi [None req-bbb6e373-e570-4dd3-b078-5a90df4a5470 2dde46222f0c4d05a92e6dc79753c2dc 8cf13f659408417abb79369600a91022 - - default default] 10.0.0.120 "DELETE /v2.0/security-groups/773c6958-fdf2-447b-9f41-57c4deefae2b HTTP/1.1" status: 204 len: 168 time: 0.2145953
2026-05-19 14:34:55.800 10 INFO neutron.db.ovn_revision_numbers_db [None req-e460b7f5-098c-444a-87a0-a965f9da6919 1fd234e5b3bc40ed848164bacc1be0c4 4b1d21b1790149dda0768916ddf479ba - - default default] Successfully bumped revision number for resource 85ed3099-c02a-4f21-a6e1-29cf20bf007a (type: networks) to 1
2026-05-19 14:34:55.875 9 INFO neutron.db.ovn_revision_numbers_db [None req-ce67a0fe-9bbb-4ba4-a9eb-4c150105e046 372b05425e8b47ff977d6473a4768bf6 dd369a8cf71a4f6ba257193f0a1c7cae - - default default] Successfully bumped revision number for resource 7049ef93-b56e-4935-bc61-50cde9c3aef2 (type: networks) to 2
2026-05-19 14:34:55.878 9 INFO neutron.api.wsgi [None req-ce67a0fe-9bbb-4ba4-a9eb-4c150105e046 372b05425e8b47ff977d6473a4768bf6 dd369a8cf71a4f6ba257193f0a1c7cae - - default default] 10.0.0.120 "PUT /v2.0/networks/7049ef93-b56e-4935-bc61-50cde9c3aef2 HTTP/1.1" status: 200 len: 792 time: 0.1257579
2026-05-19 14:34:55.887 9 WARNING neutron_lib.context [None req-3d1542d5-d46a-4d9b-8653-a3a2754827bf 372b05425e8b47ff977d6473a4768bf6 dd369a8cf71a4f6ba257193f0a1c7cae - - default default] Method 'is_advsvc' is deprecated since 2023.2 release (neutron-lib 3.8.0) and will be removed once support for the old RBAC API policies will be removed from Neutron. Please use method 'is_service_role' instead.
2026-05-19 14:34:55.940 10 WARNING neutron.scheduler.dhcp_agent_scheduler [None req-e460b7f5-098c-444a-87a0-a965f9da6919 1fd234e5b3bc40ed848164bacc1be0c4 4b1d21b1790149dda0768916ddf479ba - - default default] No more DHCP agents
2026-05-19 14:34:55.941 10 WARNING neutron.api.rpc.agentnotifiers.dhcp_rpc_agent_api [None req-e460b7f5-098c-444a-87a0-a965f9da6919 1fd234e5b3bc40ed848164bacc1be0c4 4b1d21b1790149dda0768916ddf479ba - - default default] Unable to schedule network 85ed3099-c02a-4f21-a6e1-29cf20bf007a: no agents available; will retry on subsequent port and subnet creation events.
2026-05-19 14:34:55.999 10 INFO neutron.db.ovn_revision_numbers_db [None req-e460b7f5-098c-444a-87a0-a965f9da6919 1fd234e5b3bc40ed848164bacc1be0c4 4b1d21b1790149dda0768916ddf479ba - - default default] Successfully bumped revision number for resource 63a176bb-0e71-4785-9af3-67b3045392c9 (type: ports) to 1
2026-05-19 14:34:56.017 10 INFO neutron.api.wsgi [None req-e460b7f5-098c-444a-87a0-a965f9da6919 1fd234e5b3bc40ed848164bacc1be0c4 4b1d21b1790149dda0768916ddf479ba - - default default] 10.0.0.120 "POST /v2.0/networks HTTP/1.1" status: 201 len: 832 time: 0.7831321
