2026-05-19 14:36:05.001 10 INFO neutron.db.ovn_revision_numbers_db [None req-4893ae59-5769-48dd-99c1-c5dad05f55d9 2dde46222f0c4d05a92e6dc79753c2dc 8cf13f659408417abb79369600a91022 - - default default] Successfully bumped revision number for resource b40a9fdd-4d07-40c3-bb7c-8a1cefb14fd4 (type: router_ports) to 1
2026-05-19 14:36:05.005 10 INFO neutron.api.wsgi [None req-4893ae59-5769-48dd-99c1-c5dad05f55d9 2dde46222f0c4d05a92e6dc79753c2dc 8cf13f659408417abb79369600a91022 - - default default] 10.0.0.120 "PUT /v2.0/routers/47792d5a-eea9-4486-b7e4-f5555e7a39e1/add_router_interface HTTP/1.1" status: 200 len: 503 time: 2.0829010
2026-05-19 14:36:05.097 10 INFO neutron.api.wsgi [None req-2cf21f92-5efe-463d-a137-4e06a954325d a902ca3cf4fe4383a277516a66c8ec2e e05e5209892e48f19db9804daadb2818 - - default default] 10.0.0.120 "POST /v2.0/floatingips HTTP/1.1" status: 201 len: 751 time: 0.5730221
2026-05-19 14:36:05.462 10 INFO neutron.api.wsgi [req-3898ee70-aefe-4ba8-9919-e062ea96192a req-22686c24-1594-4666-ba31-ed6ed94520c9 e268f250a80f4e08bac63abcb643933f 05604eb34c1146fc8731574f19598ed8 - - default default] 199.204.45.132 "GET /v2.0/ports?device_id=1d5bc08f-bb27-4dda-84ce-f56e9d81e397 HTTP/1.1" status: 200 len: 1174 time: 0.0749676
2026-05-19 14:36:05.518 9 INFO neutron.api.wsgi [req-dab1351c-216c-4c2a-b046-d9fe7b0e86eb req-053761bc-f541-4c62-8f06-e6424280d0dd a902ca3cf4fe4383a277516a66c8ec2e e05e5209892e48f19db9804daadb2818 - - default default] 10.0.0.9 "GET /v2.0/security-groups?name=tempest-securitygroup--1517725495&fields=id&tenant_id=e05e5209892e48f19db9804daadb2818 HTTP/1.1" status: 200 len: 267 time: 0.0310001
2026-05-19 14:36:05.561 9 INFO neutron.api.wsgi [req-dab1351c-216c-4c2a-b046-d9fe7b0e86eb req-c7c438d9-7d38-4489-b582-08870eb2b048 a902ca3cf4fe4383a277516a66c8ec2e e05e5209892e48f19db9804daadb2818 - - default default] 10.0.0.9 "GET /v2.0/networks?id=70091ce8-4f32-4e25-9307-5284f9d80efb HTTP/1.1" status: 200 len: 875 time: 0.0363786
2026-05-19 14:36:05.579 9 INFO neutron.api.wsgi [req-dab1351c-216c-4c2a-b046-d9fe7b0e86eb req-21aed1ce-43ba-4e65-b6d9-6b6b327e4b96 a902ca3cf4fe4383a277516a66c8ec2e e05e5209892e48f19db9804daadb2818 - - default default] 10.0.0.9 "GET /v2.0/quotas/e05e5209892e48f19db9804daadb2818 HTTP/1.1" status: 200 len: 491 time: 0.0090289
2026-05-19 14:36:05.656 9 INFO neutron.api.wsgi [req-dab1351c-216c-4c2a-b046-d9fe7b0e86eb req-5f9ea2c3-f934-463f-af3d-e9b02bb01ffe a902ca3cf4fe4383a277516a66c8ec2e e05e5209892e48f19db9804daadb2818 - - default default] 10.0.0.9 "GET /v2.0/ports?tenant_id=e05e5209892e48f19db9804daadb2818&fields=id HTTP/1.1" status: 200 len: 302 time: 0.0703504
2026-05-19 14:36:05.709 9 INFO neutron.api.wsgi [req-dab1351c-216c-4c2a-b046-d9fe7b0e86eb req-8df0d47f-8296-47de-9302-dc7b45574833 f6baec8987554a46a0c04386237faf87 1043303fd47849d2986738a43751a16d - - d5e82ed9ece74ce6a818325b5dba6f15 d5e82ed9ece74ce6a818325b5dba6f15] 10.0.0.9 "GET /v2.0/networks/70091ce8-4f32-4e25-9307-5284f9d80efb?fields=segments HTTP/1.1" status: 200 len: 212 time: 0.0416903
2026-05-19 14:36:05.727 10 INFO neutron.db.l3_db [req-3898ee70-aefe-4ba8-9919-e062ea96192a req-50055f73-19de-4db5-b4f9-6a8f1d431f3a e268f250a80f4e08bac63abcb643933f 05604eb34c1146fc8731574f19598ed8 - - default default] Floating IP c2c6ef0f-ee4a-4ae8-b9ba-21b73d523629 disassociated. External IP: 10.96.250.213, port: 6db64804-b7c8-479f-b4ea-79fa402cd434.
2026-05-19 14:36:05.757 9 INFO neutron.api.wsgi [req-dab1351c-216c-4c2a-b046-d9fe7b0e86eb req-9be9e3ea-a138-4e93-8e67-f93ac4618543 f6baec8987554a46a0c04386237faf87 1043303fd47849d2986738a43751a16d - - d5e82ed9ece74ce6a818325b5dba6f15 d5e82ed9ece74ce6a818325b5dba6f15] 10.0.0.9 "GET /v2.0/networks/70091ce8-4f32-4e25-9307-5284f9d80efb?fields=provider%3Aphysical_network&fields=provider%3Anetwork_type HTTP/1.1" status: 200 len: 277 time: 0.0410669
2026-05-19 14:36:05.823 10 INFO neutron.api.wsgi [req-3898ee70-aefe-4ba8-9919-e062ea96192a req-50055f73-19de-4db5-b4f9-6a8f1d431f3a e268f250a80f4e08bac63abcb643933f 05604eb34c1146fc8731574f19598ed8 - - default default] 199.204.45.132 "DELETE /v2.0/ports/6db64804-b7c8-479f-b4ea-79fa402cd434 HTTP/1.1" status: 204 len: 173 time: 0.3573620
2026-05-19 14:36:05.876 10 INFO neutron.notifiers.nova [-] Nova event matching ['req-24b1e64a-38df-4e59-b5f0-8d4b29a98714'] response: {'server_uuid': '1d5bc08f-bb27-4dda-84ce-f56e9d81e397', 'name': 'network-vif-deleted', 'tag': '6db64804-b7c8-479f-b4ea-79fa402cd434', 'status': 'completed', 'code': 200}
2026-05-19 14:36:05.889 9 INFO neutron.api.wsgi [req-856a276b-c2cb-468a-9087-36ba4df0a857 req-b6eb6279-7e27-484e-95ba-7188d8a05ac4 a902ca3cf4fe4383a277516a66c8ec2e e05e5209892e48f19db9804daadb2818 - - default default] 10.0.0.9 "GET /v2.0/ports?device_id=382a9b24-fe59-46bf-8e49-42f9d7f6b6b1 HTTP/1.1" status: 200 len: 210 time: 0.0177574
2026-05-19 14:36:05.926 10 INFO neutron.api.wsgi [req-48696bbd-5f3c-4660-b7d0-59016d3a20f9 req-1396c18d-65aa-4a7f-979e-9a678634f66b e268f250a80f4e08bac63abcb643933f 05604eb34c1146fc8731574f19598ed8 - - default default] 10.0.0.9 "GET /v2.0/ports?device_id=1d5bc08f-bb27-4dda-84ce-f56e9d81e397 HTTP/1.1" status: 200 len: 210 time: 0.0181084
2026-05-19 14:36:05.977 9 INFO neutron.api.wsgi [-] 10.0.0.154 "GET / HTTP/1.1" status: 200 len: 245 time: 0.0023785
2026-05-19 14:36:05.980 9 INFO neutron.api.wsgi [-] 10.0.0.154 "GET / HTTP/1.1" status: 200 len: 245 time: 0.0020440
2026-05-19 14:36:06.084 9 INFO neutron.api.wsgi [req-c98f7057-5581-4a76-99ab-f5cf2f8d64cc req-70f04784-abf2-42a5-8191-326e0972176d f6baec8987554a46a0c04386237faf87 1043303fd47849d2986738a43751a16d - - d5e82ed9ece74ce6a818325b5dba6f15 d5e82ed9ece74ce6a818325b5dba6f15] 10.0.0.166 "GET /v2.0/ports?device_id=8dc9f3c1-2707-4bcc-9e49-67b142abeddd HTTP/1.1" status: 200 len: 1413 time: 0.0292106
2026-05-19 14:36:06.097 10 INFO neutron.db.ovn_revision_numbers_db [None req-7ad6d015-199b-47b2-9656-8bf78b171960 2dde46222f0c4d05a92e6dc79753c2dc 8cf13f659408417abb79369600a91022 - - default default] Successfully bumped revision number for resource 4052a5d7-a3ba-4493-b50b-31adec31f291 (type: security_groups) to 1
2026-05-19 14:36:06.110 10 INFO neutron.db.ovn_revision_numbers_db [None req-7ad6d015-199b-47b2-9656-8bf78b171960 2dde46222f0c4d05a92e6dc79753c2dc 8cf13f659408417abb79369600a91022 - - default default] Successfully bumped revision number for resource 03fbe1d1-a454-457d-8f54-df346ec6044e (type: security_group_rules) to 0
2026-05-19 14:36:06.115 9 INFO neutron.api.wsgi [req-c98f7057-5581-4a76-99ab-f5cf2f8d64cc req-d2601a48-6882-44d3-81b6-4ce357e3afe8 f6baec8987554a46a0c04386237faf87 1043303fd47849d2986738a43751a16d - - d5e82ed9ece74ce6a818325b5dba6f15 d5e82ed9ece74ce6a818325b5dba6f15] 10.0.0.166 "GET /v2.0/security-groups?id=7851f7df-c944-4d4c-89ca-6d696bc87029&fields=id&fields=name HTTP/1.1" status: 200 len: 313 time: 0.0261507
2026-05-19 14:36:06.123 10 INFO neutron.db.ovn_revision_numbers_db [None req-7ad6d015-199b-47b2-9656-8bf78b171960 2dde46222f0c4d05a92e6dc79753c2dc 8cf13f659408417abb79369600a91022 - - default default] Successfully bumped revision number for resource 266c157c-a0ac-4223-b586-f642ab68a14f (type: security_group_rules) to 0
2026-05-19 14:36:06.134 10 INFO neutron.db.ovn_revision_numbers_db [None req-7ad6d015-199b-47b2-9656-8bf78b171960 2dde46222f0c4d05a92e6dc79753c2dc 8cf13f659408417abb79369600a91022 - - default default] Successfully bumped revision number for resource 4fbc4b54-66cd-4a6c-aad0-1dd2ea37f866 (type: security_group_rules) to 0
2026-05-19 14:36:06.145 10 INFO neutron.db.ovn_revision_numbers_db [None req-7ad6d015-199b-47b2-9656-8bf78b171960 2dde46222f0c4d05a92e6dc79753c2dc 8cf13f659408417abb79369600a91022 - - default default] Successfully bumped revision number for resource e8d3c8b8-06a5-43b8-9084-276450278153 (type: security_group_rules) to 0
2026-05-19 14:36:06.208 10 INFO neutron.db.segments_db [None req-7ad6d015-199b-47b2-9656-8bf78b171960 2dde46222f0c4d05a92e6dc79753c2dc 8cf13f659408417abb79369600a91022 - - default default] Added segment 69520d7b-b216-4dfe-84fa-21459279aeb3 of type geneve for network 2dd369c9-c86b-4daf-a94f-231febe15b43
2026-05-19 14:36:06.328 10 INFO neutron.db.ovn_revision_numbers_db [None req-7ad6d015-199b-47b2-9656-8bf78b171960 2dde46222f0c4d05a92e6dc79753c2dc 8cf13f659408417abb79369600a91022 - - default default] Successfully bumped revision number for resource 2dd369c9-c86b-4daf-a94f-231febe15b43 (type: networks) to 1
2026-05-19 14:36:06.474 10 WARNING neutron.scheduler.dhcp_agent_scheduler [None req-7ad6d015-199b-47b2-9656-8bf78b171960 2dde46222f0c4d05a92e6dc79753c2dc 8cf13f659408417abb79369600a91022 - - default default] No more DHCP agents
2026-05-19 14:36:06.476 10 WARNING neutron.api.rpc.agentnotifiers.dhcp_rpc_agent_api [None req-7ad6d015-199b-47b2-9656-8bf78b171960 2dde46222f0c4d05a92e6dc79753c2dc 8cf13f659408417abb79369600a91022 - - default default] Unable to schedule network 2dd369c9-c86b-4daf-a94f-231febe15b43: no agents available; will retry on subsequent port and subnet creation events.
2026-05-19 14:36:06.546 10 INFO neutron.db.ovn_revision_numbers_db [None req-7ad6d015-199b-47b2-9656-8bf78b171960 2dde46222f0c4d05a92e6dc79753c2dc 8cf13f659408417abb79369600a91022 - - default default] Successfully bumped revision number for resource 6fac43b2-1aad-4fba-8de7-6236ab94ef87 (type: ports) to 1
2026-05-19 14:36:06.568 10 INFO neutron.api.wsgi [None req-7ad6d015-199b-47b2-9656-8bf78b171960 2dde46222f0c4d05a92e6dc79753c2dc 8cf13f659408417abb79369600a91022 - - default default] 10.0.0.120 "POST /v2.0/networks HTTP/1.1" status: 201 len: 941 time: 0.6173756
2026-05-19 14:36:06.697 10 WARNING neutron.scheduler.dhcp_agent_scheduler [None req-47f69b7c-75db-4357-946c-62fd7bba6cde 2dde46222f0c4d05a92e6dc79753c2dc 8cf13f659408417abb79369600a91022 - - default default] No more DHCP agents
2026-05-19 14:36:06.698 10 WARNING neutron.api.rpc.agentnotifiers.dhcp_rpc_agent_api [None req-47f69b7c-75db-4357-946c-62fd7bba6cde 2dde46222f0c4d05a92e6dc79753c2dc 8cf13f659408417abb79369600a91022 - - default default] Unable to schedule network 2dd369c9-c86b-4daf-a94f-231febe15b43: no agents available; will retry on subsequent port and subnet creation events.
2026-05-19 14:36:06.969 9 INFO neutron.api.wsgi [req-73b0859a-f890-4506-a7b6-6ce9d0fc9e48 req-5a32f56f-6868-4ad2-aada-5592c70870fb a902ca3cf4fe4383a277516a66c8ec2e e05e5209892e48f19db9804daadb2818 - - default default] 10.0.0.9 "GET /v2.0/ports?device_id=382a9b24-fe59-46bf-8e49-42f9d7f6b6b1 HTTP/1.1" status: 200 len: 210 time: 0.0217483
2026-05-19 14:36:07.016 10 INFO neutron.api.wsgi [req-aaa90610-415a-41ea-9954-c227c988a589 req-38290266-9217-4722-a9d1-e42bdb6a9bbc e268f250a80f4e08bac63abcb643933f 05604eb34c1146fc8731574f19598ed8 - - default default] 10.0.0.9 "GET /v2.0/ports?device_id=1d5bc08f-bb27-4dda-84ce-f56e9d81e397 HTTP/1.1" status: 200 len: 210 time: 0.0189664
2026-05-19 14:36:07.144 10 INFO neutron.db.ovn_revision_numbers_db [None req-e35d90d2-ad22-487d-8a0c-8714fb0628f7 - - - - - -] Successfully bumped revision number for resource 6fac43b2-1aad-4fba-8de7-6236ab94ef87 (type: ports) to 2
2026-05-19 14:36:07.172 10 INFO neutron.db.ovn_revision_numbers_db [None req-e35d90d2-ad22-487d-8a0c-8714fb0628f7 - - - - - -] Successfully bumped revision number for resource 13012629-5c23-458b-8fb6-f528b73e5f23 (type: subnets) to 0
2026-05-19 14:36:07.188 10 INFO neutron.api.wsgi [None req-47f69b7c-75db-4357-946c-62fd7bba6cde 2dde46222f0c4d05a92e6dc79753c2dc 8cf13f659408417abb79369600a91022 - - default default] 10.0.0.120 "POST /v2.0/subnets HTTP/1.1" status: 201 len: 885 time: 0.6143250
2026-05-19 14:36:07.580 10 WARNING neutron.scheduler.dhcp_agent_scheduler [None req-397b1e13-ac14-4df2-8b37-913faaf29863 2dde46222f0c4d05a92e6dc79753c2dc 8cf13f659408417abb79369600a91022 - - default default] No more DHCP agents
2026-05-19 14:36:07.582 10 WARNING neutron.api.rpc.agentnotifiers.dhcp_rpc_agent_api [None req-397b1e13-ac14-4df2-8b37-913faaf29863 2dde46222f0c4d05a92e6dc79753c2dc 8cf13f659408417abb79369600a91022 - - default default] Unable to schedule network 15e0633e-2665-4bde-9c99-e06e27860dcb: no agents available; will retry on subsequent port and subnet creation events.
2026-05-19 14:36:07.703 10 INFO neutron.db.ovn_revision_numbers_db [None req-397b1e13-ac14-4df2-8b37-913faaf29863 2dde46222f0c4d05a92e6dc79753c2dc 8cf13f659408417abb79369600a91022 - - default default] Successfully bumped revision number for resource bf2ce79c-ea37-4b23-90e8-78c5646e0229 (type: ports) to 1
2026-05-19 14:36:07.980 10 WARNING neutron.plugins.ml2.drivers.ovn.mech_driver.ovsdb.ovn_client [None req-6cdb227f-f67c-4e15-93bb-a518f9be73a0 - - - - - -] No hosting information found for port 2f27a638-d9fa-484a-b08b-5ade3e3f56f5: RuntimeError: No hosting information found for port 2f27a638-d9fa-484a-b08b-5ade3e3f56f5
2026-05-19 14:36:08.053 10 INFO neutron.api.wsgi [req-6e5fef77-938a-4d3d-aecb-f42c3f4e4ce0 req-6f49c0c7-0732-484a-8df9-0e9a3c72024d a902ca3cf4fe4383a277516a66c8ec2e e05e5209892e48f19db9804daadb2818 - - default default] 10.0.0.9 "GET /v2.0/ports?device_id=382a9b24-fe59-46bf-8e49-42f9d7f6b6b1 HTTP/1.1" status: 200 len: 210 time: 0.0199621
2026-05-19 14:36:08.079 10 INFO neutron.db.ovn_revision_numbers_db [None req-6cdb227f-f67c-4e15-93bb-a518f9be73a0 - - - - - -] Successfully bumped revision number for resource 2f27a638-d9fa-484a-b08b-5ade3e3f56f5 (type: router_ports) to 2
2026-05-19 14:36:08.104 9 INFO neutron.api.wsgi [req-6244e5db-6e83-4262-ae68-e30b0203c444 req-9c4d79d5-d1a1-4aea-82fe-bdce5e21a277 e268f250a80f4e08bac63abcb643933f 05604eb34c1146fc8731574f19598ed8 - - default default] 10.0.0.9 "GET /v2.0/ports?device_id=1d5bc08f-bb27-4dda-84ce-f56e9d81e397 HTTP/1.1" status: 200 len: 210 time: 0.0191607
2026-05-19 14:36:08.255 10 INFO neutron.plugins.ml2.drivers.ovn.mech_driver.ovsdb.commands [None req-7d7a1fea-edaa-4ad3-b66c-16c9e757f989 - - - - - -] Schedule LRP lrp-bf2ce79c-ea37-4b23-90e8-78c5646e0229 on gateway 4a668c97-cb49-4e5f-9d57-893f65022510 with priority 1
2026-05-19 14:36:08.273 10 INFO neutron.plugins.ml2.drivers.ovn.mech_driver.mech_driver [None req-6cdb227f-f67c-4e15-93bb-a518f9be73a0 - - - - - -] OVN reports status up for port: bf2ce79c-ea37-4b23-90e8-78c5646e0229
2026-05-19 14:36:08.287 9 INFO neutron.plugins.ml2.drivers.ovn.mech_driver.ovsdb.ovsdb_monitor [None req-d4fc47ce-dad4-4242-aaab-fa8c84b29aef - - - - - -] Router c62bb513-73ce-4ef7-8efe-dda7d27c24d8 is bound to host instance
2026-05-19 14:36:08.291 10 INFO neutron.plugins.ml2.plugin [None req-6cdb227f-f67c-4e15-93bb-a518f9be73a0 - - - - - -] Attempt 1 to provision port bf2ce79c-ea37-4b23-90e8-78c5646e0229
2026-05-19 14:36:08.309 10 INFO neutron.db.ovn_revision_numbers_db [None req-397b1e13-ac14-4df2-8b37-913faaf29863 2dde46222f0c4d05a92e6dc79753c2dc 8cf13f659408417abb79369600a91022 - - default default] Successfully bumped revision number for resource bf2ce79c-ea37-4b23-90e8-78c5646e0229 (type: router_ports) to 1
2026-05-19 14:36:08.376 10 INFO neutron.db.ovn_revision_numbers_db [None req-397b1e13-ac14-4df2-8b37-913faaf29863 2dde46222f0c4d05a92e6dc79753c2dc 8cf13f659408417abb79369600a91022 - - default default] Successfully bumped revision number for resource c62bb513-73ce-4ef7-8efe-dda7d27c24d8 (type: routers) to 2
2026-05-19 14:36:08.392 10 INFO neutron.api.wsgi [None req-397b1e13-ac14-4df2-8b37-913faaf29863 2dde46222f0c4d05a92e6dc79753c2dc 8cf13f659408417abb79369600a91022 - - default default] 10.0.0.120 "POST /v2.0/routers HTTP/1.1" status: 201 len: 1163 time: 1.1996400
2026-05-19 14:36:08.526 10 INFO neutron.api.wsgi [None req-0f051c12-23d7-456c-95cd-39bc7cc56e00 921f433b1a714f3db08586cf067c7be5 22ab206e6a7b4aab98d85c90f8831502 - - default default] 10.0.0.120 "GET /v2.0/ports?project_id=ef244d8b1bb74d079fd29efa888c99a7&network_id=ea833d1d-9b2f-4416-a789-3b628f9ecb86 HTTP/1.1" status: 200 len: 3514 time: 0.0584991
2026-05-19 14:36:08.693 9 INFO neutron.db.ovn_revision_numbers_db [None req-5b0c8a0b-b198-4ccc-91a3-037d0546acb4 - - - - - -] Successfully bumped revision number for resource bf2ce79c-ea37-4b23-90e8-78c5646e0229 (type: ports) to 1
2026-05-19 14:36:08.803 9 INFO neutron.api.wsgi [None req-83aab3e4-e3f5-4112-a303-1b9d21fbaabb 921f433b1a714f3db08586cf067c7be5 22ab206e6a7b4aab98d85c90f8831502 - - default default] 10.0.0.120 "GET /v2.0/subnets?network_id=15e0633e-2665-4bde-9c99-e06e27860dcb HTTP/1.1" status: 200 len: 861 time: 0.0328603
2026-05-19 14:36:08.832 10 WARNING neutron.scheduler.dhcp_agent_scheduler [None req-c88565d5-0727-4b57-8c19-9917f30ad55e 2dde46222f0c4d05a92e6dc79753c2dc 8cf13f659408417abb79369600a91022 - - default default] No more DHCP agents
2026-05-19 14:36:08.833 10 WARNING neutron.api.rpc.agentnotifiers.dhcp_rpc_agent_api [None req-c88565d5-0727-4b57-8c19-9917f30ad55e 2dde46222f0c4d05a92e6dc79753c2dc 8cf13f659408417abb79369600a91022 - - default default] Unable to schedule network 2dd369c9-c86b-4daf-a94f-231febe15b43: no agents available; will retry on subsequent port and subnet creation events.
2026-05-19 14:36:08.970 10 INFO neutron.db.ovn_revision_numbers_db [None req-c88565d5-0727-4b57-8c19-9917f30ad55e 2dde46222f0c4d05a92e6dc79753c2dc 8cf13f659408417abb79369600a91022 - - default default] Successfully bumped revision number for resource 59aafd33-7643-405e-94c8-5729d11ac4df (type: ports) to 1
2026-05-19 14:36:08.976 9 INFO neutron.db.ovn_revision_numbers_db [None req-5b0c8a0b-b198-4ccc-91a3-037d0546acb4 - - - - - -] Successfully bumped revision number for resource bf2ce79c-ea37-4b23-90e8-78c5646e0229 (type: ports) to 4
2026-05-19 14:36:09.159 9 INFO neutron.db.ovn_revision_numbers_db [None req-9fb72318-1935-4d73-be2b-d02bd2a949d0 2effab8d8dcf4cbf8754c94a21cd7d66 ef244d8b1bb74d079fd29efa888c99a7 - - default default] Successfully bumped revision number for resource 0512d214-b61d-496f-81aa-be9dc1815bbb (type: floatingips) to 2
2026-05-19 14:36:09.165 10 INFO neutron.api.wsgi [req-7a292819-0aee-4fca-8947-aba6593cac3c req-27ed5846-d2b0-4cec-b570-cefcc5acb8ba a902ca3cf4fe4383a277516a66c8ec2e e05e5209892e48f19db9804daadb2818 - - default default] 10.0.0.9 "GET /v2.0/ports?device_id=382a9b24-fe59-46bf-8e49-42f9d7f6b6b1 HTTP/1.1" status: 200 len: 210 time: 0.0222697
2026-05-19 14:36:09.229 9 INFO neutron.db.l3_db [None req-9fb72318-1935-4d73-be2b-d02bd2a949d0 2effab8d8dcf4cbf8754c94a21cd7d66 ef244d8b1bb74d079fd29efa888c99a7 - - default default] Floating IP 0512d214-b61d-496f-81aa-be9dc1815bbb disassociated. External IP: 10.96.250.210, port: d68de866-57ca-471d-99a9-6335e54bcad2.
2026-05-19 14:36:09.265 9 INFO neutron.api.wsgi [None req-9fb72318-1935-4d73-be2b-d02bd2a949d0 2effab8d8dcf4cbf8754c94a21cd7d66 ef244d8b1bb74d079fd29efa888c99a7 - - default default] 10.0.0.120 "PUT /v2.0/floatingips/0512d214-b61d-496f-81aa-be9dc1815bbb HTTP/1.1" status: 200 len: 748 time: 0.2794504
2026-05-19 14:36:09.298 10 INFO neutron.api.wsgi [None req-77eff7b8-66c9-4e48-a20e-63c704fee126 2effab8d8dcf4cbf8754c94a21cd7d66 ef244d8b1bb74d079fd29efa888c99a7 - - default default] 10.0.0.120 "GET /v2.0/floatingips/0512d214-b61d-496f-81aa-be9dc1815bbb HTTP/1.1" status: 200 len: 746 time: 0.0248671
2026-05-19 14:36:09.324 9 INFO neutron.notifiers.nova [-] Nova event matching ['req-62ede4a0-d2bd-4759-8359-29104c6044e1'] response: {'name': 'network-changed', 'server_uuid': '8dc9f3c1-2707-4bcc-9e49-67b142abeddd', 'tag': 'd68de866-57ca-471d-99a9-6335e54bcad2', 'status': 'completed', 'code': 200}
2026-05-19 14:36:09.365 9 INFO neutron.api.wsgi [None req-1f695584-af53-4509-b845-fa5a47dea8d1 e268f250a80f4e08bac63abcb643933f 05604eb34c1146fc8731574f19598ed8 - - default default] 10.0.0.120 "DELETE /v2.0/security-groups/0694bafa-b30e-48c9-ad7e-5cd343ba9ee5 HTTP/1.1" status: 204 len: 168 time: 0.1718404
2026-05-19 14:36:09.379 9 INFO neutron.api.v2.resource [None req-badb8b91-9e09-415a-a4cd-3c9fa0ee3445 e268f250a80f4e08bac63abcb643933f 05604eb34c1146fc8731574f19598ed8 - - default default] show failed (client error): The resource could not be found.
2026-05-19 14:36:09.381 9 INFO neutron.api.wsgi [None req-badb8b91-9e09-415a-a4cd-3c9fa0ee3445 e268f250a80f4e08bac63abcb643933f 05604eb34c1146fc8731574f19598ed8 - - default default] 10.0.0.120 "GET /v2.0/security-groups/0694bafa-b30e-48c9-ad7e-5cd343ba9ee5 HTTP/1.1" status: 404 len: 347 time: 0.0103099
2026-05-19 14:36:09.381 9 INFO neutron.db.ovn_revision_numbers_db [None req-5b0c8a0b-b198-4ccc-91a3-037d0546acb4 - - - - - -] Successfully bumped revision number for resource bf2ce79c-ea37-4b23-90e8-78c5646e0229 (type: ports) to 5
2026-05-19 14:36:09.542 10 INFO neutron.db.ovn_revision_numbers_db [None req-c88565d5-0727-4b57-8c19-9917f30ad55e 2dde46222f0c4d05a92e6dc79753c2dc 8cf13f659408417abb79369600a91022 - - default default] Successfully bumped revision number for resource 59aafd33-7643-405e-94c8-5729d11ac4df (type: ports) to 1
2026-05-19 14:36:09.604 10 WARNING neutron.scheduler.dhcp_agent_scheduler [None req-c88565d5-0727-4b57-8c19-9917f30ad55e 2dde46222f0c4d05a92e6dc79753c2dc 8cf13f659408417abb79369600a91022 - - default default] No more DHCP agents
2026-05-19 14:36:09.607 10 WARNING neutron.api.rpc.agentnotifiers.dhcp_rpc_agent_api [None req-c88565d5-0727-4b57-8c19-9917f30ad55e 2dde46222f0c4d05a92e6dc79753c2dc 8cf13f659408417abb79369600a91022 - - default default] Unable to schedule network 2dd369c9-c86b-4daf-a94f-231febe15b43: no agents available; will retry on subsequent port and subnet creation events.
2026-05-19 14:36:09.655 9 WARNING neutron.plugins.ml2.drivers.ovn.mech_driver.ovsdb.ovn_client [None req-8a7e4b4f-4671-485e-9862-015201c04011 - - - - - -] No hosting information found for port b40a9fdd-4d07-40c3-bb7c-8a1cefb14fd4: RuntimeError: No hosting information found for port b40a9fdd-4d07-40c3-bb7c-8a1cefb14fd4
2026-05-19 14:36:09.656 9 INFO neutron.plugins.ml2.drivers.ovn.mech_driver.mech_driver [None req-8a7e4b4f-4671-485e-9862-015201c04011 - - - - - -] OVN reports status down for port: 6db64804-b7c8-479f-b4ea-79fa402cd434
2026-05-19 14:36:09.693 10 INFO neutron.api.wsgi [None req-6e483386-80c2-416b-a71a-440d3ada15cf e268f250a80f4e08bac63abcb643933f 05604eb34c1146fc8731574f19598ed8 - - default default] 10.0.0.120 "DELETE /v2.0/floatingips/c2c6ef0f-ee4a-4ae8-b9ba-21b73d523629 HTTP/1.1" status: 204 len: 168 time: 0.3076484
2026-05-19 14:36:09.720 9 INFO neutron.db.ovn_revision_numbers_db [None req-8a7e4b4f-4671-485e-9862-015201c04011 - - - - - -] Successfully bumped revision number for resource b40a9fdd-4d07-40c3-bb7c-8a1cefb14fd4 (type: router_ports) to 2
2026-05-19 14:36:09.742 9 INFO neutron.plugins.ml2.drivers.ovn.mech_driver.mech_driver [None req-8a7e4b4f-4671-485e-9862-015201c04011 - - - - - -] OVN reports status up for port: 59aafd33-7643-405e-94c8-5729d11ac4df
2026-05-19 14:36:09.751 9 INFO neutron.plugins.ml2.plugin [None req-8a7e4b4f-4671-485e-9862-015201c04011 - - - - - -] Attempt 1 to provision port 59aafd33-7643-405e-94c8-5729d11ac4df
2026-05-19 14:36:09.893 10 INFO neutron.api.wsgi [req-53b8941e-2c68-4644-9ece-6c8971595289 req-0152e6e3-9fde-4b35-b7e8-5e53a49ea569 f6baec8987554a46a0c04386237faf87 1043303fd47849d2986738a43751a16d - - d5e82ed9ece74ce6a818325b5dba6f15 d5e82ed9ece74ce6a818325b5dba6f15] 199.204.45.132 "GET /v2.0/ports?tenant_id=ef244d8b1bb74d079fd29efa888c99a7&device_id=8dc9f3c1-2707-4bcc-9e49-67b142abeddd HTTP/1.1" status: 200 len: 1413 time: 0.0556796
2026-05-19 14:36:10.020 9 INFO neutron.db.ovn_revision_numbers_db [None req-8a7e4b4f-4671-485e-9862-015201c04011 - - - - - -] Successfully bumped revision number for resource 59aafd33-7643-405e-94c8-5729d11ac4df (type: ports) to 2
2026-05-19 14:36:10.202 10 INFO neutron.api.wsgi [req-53b8941e-2c68-4644-9ece-6c8971595289 req-10b3bb66-d4d3-4654-8f1a-6856d39a8e96 f6baec8987554a46a0c04386237faf87 1043303fd47849d2986738a43751a16d - - d5e82ed9ece74ce6a818325b5dba6f15 d5e82ed9ece74ce6a818325b5dba6f15] 199.204.45.132 "GET /v2.0/networks?id=ea833d1d-9b2f-4416-a789-3b628f9ecb86 HTTP/1.1" status: 200 len: 958 time: 0.3021674 /var/lib/openstack/lib/python3.12/site-packages/pycadf/identifier.py:71: UserWarning: Invalid uuid: neutron. To ensure interoperability, identifiers should be a valid uuid. warnings.warn(('Invalid uuid: %s. To ensure interoperability, '
2026-05-19 14:36:10.233 10 INFO neutron.api.wsgi [req-53b8941e-2c68-4644-9ece-6c8971595289 req-7467ebf3-c0e1-46aa-bb2f-c941d85c42ce f6baec8987554a46a0c04386237faf87 1043303fd47849d2986738a43751a16d - - d5e82ed9ece74ce6a818325b5dba6f15 d5e82ed9ece74ce6a818325b5dba6f15] 199.204.45.132 "GET /v2.0/floatingips?fixed_ip_address=10.100.0.11&port_id=d68de866-57ca-471d-99a9-6335e54bcad2 HTTP/1.1" status: 200 len: 217 time: 0.0226595
2026-05-19 14:36:10.245 9 INFO neutron.api.wsgi [req-97b7a83c-a5df-4cd4-899c-375c306b2dd9 req-22674e95-3e1d-497d-b14c-21260a0c291e a902ca3cf4fe4383a277516a66c8ec2e e05e5209892e48f19db9804daadb2818 - - default default] 10.0.0.9 "GET /v2.0/ports?device_id=382a9b24-fe59-46bf-8e49-42f9d7f6b6b1 HTTP/1.1" status: 200 len: 210 time: 0.0210657
2026-05-19 14:36:10.286 10 INFO neutron.api.wsgi [req-53b8941e-2c68-4644-9ece-6c8971595289 req-0f8813cb-945d-47a6-b939-0e1e5edd3beb f6baec8987554a46a0c04386237faf87 1043303fd47849d2986738a43751a16d - - d5e82ed9ece74ce6a818325b5dba6f15 d5e82ed9ece74ce6a818325b5dba6f15] 199.204.45.132 "GET /v2.0/subnets?id=35ec4296-ac3d-457e-8df8-31d35f5733b0 HTTP/1.1" status: 200 len: 876 time: 0.0471306
2026-05-19 14:36:10.319 10 INFO neutron.api.wsgi [req-53b8941e-2c68-4644-9ece-6c8971595289 req-a754aa00-a437-4164-9a61-4e1eafc71a75 f6baec8987554a46a0c04386237faf87 1043303fd47849d2986738a43751a16d - - d5e82ed9ece74ce6a818325b5dba6f15 d5e82ed9ece74ce6a818325b5dba6f15] 199.204.45.132 "GET /v2.0/ports?network_id=ea833d1d-9b2f-4416-a789-3b628f9ecb86&device_owner=network%3Adhcp HTTP/1.1" status: 200 len: 210 time: 0.0225382
2026-05-19 14:36:10.358 9 WARNING neutron_lib.context [None req-42b73b2f-2805-4292-83fa-cec3675545f0 2effab8d8dcf4cbf8754c94a21cd7d66 ef244d8b1bb74d079fd29efa888c99a7 - - default default] Method 'is_advsvc' is deprecated since 2023.2 release (neutron-lib 3.8.0) and will be removed once support for the old RBAC API policies will be removed from Neutron. Please use method 'is_service_role' instead.
2026-05-19 14:36:10.400 10 INFO neutron.api.wsgi [req-53b8941e-2c68-4644-9ece-6c8971595289 req-4791f0c8-758d-45a1-9d64-2ee67bb7ba4f f6baec8987554a46a0c04386237faf87 1043303fd47849d2986738a43751a16d - - d5e82ed9ece74ce6a818325b5dba6f15 d5e82ed9ece74ce6a818325b5dba6f15] 199.204.45.132 "GET /v2.0/networks/ea833d1d-9b2f-4416-a789-3b628f9ecb86?fields=segments HTTP/1.1" status: 200 len: 212 time: 0.0743692
2026-05-19 14:36:10.479 9 INFO neutron.db.ovn_revision_numbers_db [None req-42b73b2f-2805-4292-83fa-cec3675545f0 2effab8d8dcf4cbf8754c94a21cd7d66 ef244d8b1bb74d079fd29efa888c99a7 - - default default] Successfully bumped revision number for resource 6a537dbc-05fe-4431-9a01-cc43bbd31a84 (type: security_groups) to 1
2026-05-19 14:36:10.490 9 INFO neutron.db.ovn_revision_numbers_db [None req-42b73b2f-2805-4292-83fa-cec3675545f0 2effab8d8dcf4cbf8754c94a21cd7d66 ef244d8b1bb74d079fd29efa888c99a7 - - default default] Successfully bumped revision number for resource 93cab648-af56-4de5-bb04-4f649b751112 (type: security_group_rules) to 0
2026-05-19 14:36:10.496 10 INFO neutron.api.wsgi [req-53b8941e-2c68-4644-9ece-6c8971595289 req-0f1b2931-4ea4-4079-b60e-374349e81e9e f6baec8987554a46a0c04386237faf87 1043303fd47849d2986738a43751a16d - - d5e82ed9ece74ce6a818325b5dba6f15 d5e82ed9ece74ce6a818325b5dba6f15] 199.204.45.132 "GET /v2.0/networks/ea833d1d-9b2f-4416-a789-3b628f9ecb86?fields=provider%3Aphysical_network&fields=provider%3Anetwork_type HTTP/1.1" status: 200 len: 277 time: 0.0850332
2026-05-19 14:36:10.504 9 INFO neutron.db.ovn_revision_numbers_db [None req-42b73b2f-2805-4292-83fa-cec3675545f0 2effab8d8dcf4cbf8754c94a21cd7d66 ef244d8b1bb74d079fd29efa888c99a7 - - default default] Successfully bumped revision number for resource df20d135-86d4-4904-9eb1-eec65c1ff449 (type: security_group_rules) to 0
2026-05-19 14:36:10.540 9 INFO neutron.api.wsgi [None req-42b73b2f-2805-4292-83fa-cec3675545f0 2effab8d8dcf4cbf8754c94a21cd7d66 ef244d8b1bb74d079fd29efa888c99a7 - - default default] 10.0.0.120 "POST /v2.0/security-groups HTTP/1.1" status: 201 len: 1875 time: 0.1912239
2026-05-19 14:36:10.549 9 WARNING neutron_lib.context [None req-b3fc7e9b-4afc-4bc4-811c-d8914cf9de5d 2effab8d8dcf4cbf8754c94a21cd7d66 ef244d8b1bb74d079fd29efa888c99a7 - - default default] Method 'is_advsvc' is deprecated since 2023.2 release (neutron-lib 3.8.0) and will be removed once support for the old RBAC API policies will be removed from Neutron. Please use method 'is_service_role' instead.
2026-05-19 14:36:10.674 9 INFO neutron.db.ovn_revision_numbers_db [None req-b3fc7e9b-4afc-4bc4-811c-d8914cf9de5d 2effab8d8dcf4cbf8754c94a21cd7d66 ef244d8b1bb74d079fd29efa888c99a7 - - default default] Successfully bumped revision number for resource ef98d67d-7767-4319-9fc6-933b3b196f6f (type: security_group_rules) to 0
2026-05-19 14:36:10.705 9 INFO neutron.api.wsgi [None req-b3fc7e9b-4afc-4bc4-811c-d8914cf9de5d 2effab8d8dcf4cbf8754c94a21cd7d66 ef244d8b1bb74d079fd29efa888c99a7 - - default default] 10.0.0.120 "POST /v2.0/security-group-rules HTTP/1.1" status: 201 len: 796 time: 0.1609728
2026-05-19 14:36:10.716 9 WARNING neutron_lib.context [None req-77da2d1a-1197-4fc9-84b2-22cc00213fd8 2effab8d8dcf4cbf8754c94a21cd7d66 ef244d8b1bb74d079fd29efa888c99a7 - - default default] Method 'is_advsvc' is deprecated since 2023.2 release (neutron-lib 3.8.0) and will be removed once support for the old RBAC API policies will be removed from Neutron. Please use method 'is_service_role' instead.
2026-05-19 14:36:10.850 9 INFO neutron.db.ovn_revision_numbers_db [None req-77da2d1a-1197-4fc9-84b2-22cc00213fd8 2effab8d8dcf4cbf8754c94a21cd7d66 ef244d8b1bb74d079fd29efa888c99a7 - - default default] Successfully bumped revision number for resource a7a9b31c-dc50-4a56-8bd7-c1f8a9983230 (type: security_group_rules) to 0
2026-05-19 14:36:10.893 9 INFO neutron.api.wsgi [None req-77da2d1a-1197-4fc9-84b2-22cc00213fd8 2effab8d8dcf4cbf8754c94a21cd7d66 ef244d8b1bb74d079fd29efa888c99a7 - - default default] 10.0.0.120 "POST /v2.0/security-group-rules HTTP/1.1" status: 201 len: 795 time: 0.1819370
2026-05-19 14:36:10.903 9 WARNING neutron_lib.context [None req-8ac04110-437e-47b2-9978-a4d7bfd03539 2effab8d8dcf4cbf8754c94a21cd7d66 ef244d8b1bb74d079fd29efa888c99a7 - - default default] Method 'is_advsvc' is deprecated since 2023.2 release (neutron-lib 3.8.0) and will be removed once support for the old RBAC API policies will be removed from Neutron. Please use method 'is_service_role' instead.
2026-05-19 14:36:10.963 10 INFO neutron.db.ovn_revision_numbers_db [None req-c88565d5-0727-4b57-8c19-9917f30ad55e 2dde46222f0c4d05a92e6dc79753c2dc 8cf13f659408417abb79369600a91022 - - default default] Successfully bumped revision number for resource 59aafd33-7643-405e-94c8-5729d11ac4df (type: router_ports) to 1
2026-05-19 14:36:10.968 10 INFO neutron.api.wsgi [None req-c88565d5-0727-4b57-8c19-9917f30ad55e 2dde46222f0c4d05a92e6dc79753c2dc 8cf13f659408417abb79369600a91022 - - default default] 10.0.0.120 "PUT /v2.0/routers/c62bb513-73ce-4ef7-8efe-dda7d27c24d8/add_router_interface HTTP/1.1" status: 200 len: 503 time: 2.5688436
2026-05-19 14:36:11.037 9 INFO neutron.db.ovn_revision_numbers_db [None req-8ac04110-437e-47b2-9978-a4d7bfd03539 2effab8d8dcf4cbf8754c94a21cd7d66 ef244d8b1bb74d079fd29efa888c99a7 - - default default] Successfully bumped revision number for resource 2fee61b5-ef39-40a1-aa6e-b0819d976c20 (type: security_group_rules) to 0
2026-05-19 14:36:11.077 9 INFO neutron.api.wsgi [None req-8ac04110-437e-47b2-9978-a4d7bfd03539 2effab8d8dcf4cbf8754c94a21cd7d66 ef244d8b1bb74d079fd29efa888c99a7 - - default default] 10.0.0.120 "POST /v2.0/security-group-rules HTTP/1.1" status: 201 len: 801 time: 0.1783073
2026-05-19 14:36:11.088 9 WARNING neutron_lib.context [None req-8845da6e-f895-4188-9e7d-5393d9cb23f1 2effab8d8dcf4cbf8754c94a21cd7d66 ef244d8b1bb74d079fd29efa888c99a7 - - default default] Method 'is_advsvc' is deprecated since 2023.2 release (neutron-lib 3.8.0) and will be removed once support for the old RBAC API policies will be removed from Neutron. Please use method 'is_service_role' instead.
2026-05-19 14:36:11.150 10 INFO neutron.api.wsgi [req-dab1351c-216c-4c2a-b046-d9fe7b0e86eb req-000a0625-3a12-43ad-ac2e-137b29d1a0ef a902ca3cf4fe4383a277516a66c8ec2e e05e5209892e48f19db9804daadb2818 - - default default] 199.204.45.132 "GET /v2.0/networks?id=70091ce8-4f32-4e25-9307-5284f9d80efb HTTP/1.1" status: 200 len: 875 time: 0.0891140 /var/lib/openstack/lib/python3.12/site-packages/pycadf/identifier.py:71: UserWarning: Invalid uuid: neutron. To ensure interoperability, identifiers should be a valid uuid. warnings.warn(('Invalid uuid: %s. To ensure interoperability, '
2026-05-19 14:36:11.194 10 INFO neutron.api.wsgi [req-dab1351c-216c-4c2a-b046-d9fe7b0e86eb req-47e7eed9-b73c-4b9b-a002-9ea24bfe7914 a902ca3cf4fe4383a277516a66c8ec2e e05e5209892e48f19db9804daadb2818 - - default default] 199.204.45.132 "GET /v2.0/security-groups?fields=id&fields=name&tenant_id=e05e5209892e48f19db9804daadb2818 HTTP/1.1" status: 200 len: 380 time: 0.0396910
2026-05-19 14:36:11.208 10 WARNING neutron_lib.context [req-dab1351c-216c-4c2a-b046-d9fe7b0e86eb req-8138b079-25bb-485a-be8b-4d0c836121ca a902ca3cf4fe4383a277516a66c8ec2e e05e5209892e48f19db9804daadb2818 - - default default] Method 'is_advsvc' is deprecated since 2023.2 release (neutron-lib 3.8.0) and will be removed once support for the old RBAC API policies will be removed from Neutron. Please use method 'is_service_role' instead.
2026-05-19 14:36:11.236 9 INFO neutron.db.ovn_revision_numbers_db [None req-8845da6e-f895-4188-9e7d-5393d9cb23f1 2effab8d8dcf4cbf8754c94a21cd7d66 ef244d8b1bb74d079fd29efa888c99a7 - - default default] Successfully bumped revision number for resource cc0dff4c-6458-4cdb-9330-e7872e21e9e1 (type: security_group_rules) to 0
2026-05-19 14:36:11.262 9 INFO neutron.api.wsgi [None req-8845da6e-f895-4188-9e7d-5393d9cb23f1 2effab8d8dcf4cbf8754c94a21cd7d66 ef244d8b1bb74d079fd29efa888c99a7 - - default default] 10.0.0.120 "POST /v2.0/security-group-rules HTTP/1.1" status: 201 len: 800 time: 0.1811137
2026-05-19 14:36:11.280 10 WARNING neutron_lib.context [None req-4c210a74-00d2-4c1d-a38e-e51d1a96c7f5 2effab8d8dcf4cbf8754c94a21cd7d66 ef244d8b1bb74d079fd29efa888c99a7 - - default default] Method 'is_advsvc' is deprecated since 2023.2 release (neutron-lib 3.8.0) and will be removed once support for the old RBAC API policies will be removed from Neutron. Please use method 'is_service_role' instead.
2026-05-19 14:36:11.316 9 INFO neutron.api.wsgi [req-28edcc92-5f00-404b-9c20-b8233f5b3480 req-168a13f7-b067-42ea-a73a-e1b08c303f0d a902ca3cf4fe4383a277516a66c8ec2e e05e5209892e48f19db9804daadb2818 - - default default] 10.0.0.9 "GET /v2.0/ports?device_id=382a9b24-fe59-46bf-8e49-42f9d7f6b6b1 HTTP/1.1" status: 200 len: 210 time: 0.0181110
2026-05-19 14:36:11.360 10 INFO neutron.db.securitygroups_db [None req-4c210a74-00d2-4c1d-a38e-e51d1a96c7f5 2effab8d8dcf4cbf8754c94a21cd7d66 ef244d8b1bb74d079fd29efa888c99a7 - - default default] Project ef244d8b1bb74d079fd29efa888c99a7 added a security group rule with legacy IPv6 ICMP protocol name icmp, ipv6-icmp should be used instead. It was automatically converted.
2026-05-19 14:36:11.573 10 INFO neutron.db.ovn_revision_numbers_db [None req-4c210a74-00d2-4c1d-a38e-e51d1a96c7f5 2effab8d8dcf4cbf8754c94a21cd7d66 ef244d8b1bb74d079fd29efa888c99a7 - - default default] Successfully bumped revision number for resource 989f5895-af4c-4449-aa89-d71575f9b72f (type: security_group_rules) to 0
2026-05-19 14:36:11.593 9 WARNING neutron_lib.context [None req-3b908a18-d28f-44e9-9530-87eb4e09f41a 18241851ce634ece8cc18dcbd48512dc aafebb9105e94d9996b4301f5ee22c47 - - default default] Method 'is_advsvc' is deprecated since 2023.2 release (neutron-lib 3.8.0) and will be removed once support for the old RBAC API policies will be removed from Neutron. Please use method 'is_service_role' instead.
2026-05-19 14:36:11.635 10 INFO neutron.api.wsgi [None req-4c210a74-00d2-4c1d-a38e-e51d1a96c7f5 2effab8d8dcf4cbf8754c94a21cd7d66 ef244d8b1bb74d079fd29efa888c99a7 - - default default] 10.0.0.120 "POST /v2.0/security-group-rules HTTP/1.1" status: 201 len: 806 time: 0.3648255
2026-05-19 14:36:11.653 9 WARNING neutron_lib.context [None req-6cab1be4-8887-4ba5-9359-442cd75b1865 2effab8d8dcf4cbf8754c94a21cd7d66 ef244d8b1bb74d079fd29efa888c99a7 - - default default] Method 'is_advsvc' is deprecated since 2023.2 release (neutron-lib 3.8.0) and will be removed once support for the old RBAC API policies will be removed from Neutron. Please use method 'is_service_role' instead.
2026-05-19 14:36:11.681 10 WARNING neutron.scheduler.dhcp_agent_scheduler [req-dab1351c-216c-4c2a-b046-d9fe7b0e86eb req-8138b079-25bb-485a-be8b-4d0c836121ca a902ca3cf4fe4383a277516a66c8ec2e e05e5209892e48f19db9804daadb2818 - - default default] No more DHCP agents
2026-05-19 14:36:11.683 10 WARNING neutron.api.rpc.agentnotifiers.dhcp_rpc_agent_api [req-dab1351c-216c-4c2a-b046-d9fe7b0e86eb req-8138b079-25bb-485a-be8b-4d0c836121ca a902ca3cf4fe4383a277516a66c8ec2e e05e5209892e48f19db9804daadb2818 - - default default] Unable to schedule network 70091ce8-4f32-4e25-9307-5284f9d80efb: no agents available; will retry on subsequent port and subnet creation events.
2026-05-19 14:36:11.688 9 INFO neutron.db.securitygroups_db [None req-6cab1be4-8887-4ba5-9359-442cd75b1865 2effab8d8dcf4cbf8754c94a21cd7d66 ef244d8b1bb74d079fd29efa888c99a7 - - default default] Project ef244d8b1bb74d079fd29efa888c99a7 added a security group rule with legacy IPv6 ICMP protocol name icmp, ipv6-icmp should be used instead. It was automatically converted.
2026-05-19 14:36:11.698 9 INFO neutron.db.ovn_revision_numbers_db [None req-3b908a18-d28f-44e9-9530-87eb4e09f41a 18241851ce634ece8cc18dcbd48512dc aafebb9105e94d9996b4301f5ee22c47 - - default default] Successfully bumped revision number for resource f260013b-5b64-4a0f-b7c4-5e46d31a3a81 (type: security_groups) to 1
2026-05-19 14:36:11.712 9 INFO neutron.db.ovn_revision_numbers_db [None req-3b908a18-d28f-44e9-9530-87eb4e09f41a 18241851ce634ece8cc18dcbd48512dc aafebb9105e94d9996b4301f5ee22c47 - - default default] Successfully bumped revision number for resource 1d03624d-cc87-4bdb-8583-a90d7f2c4ab8 (type: security_group_rules) to 0
2026-05-19 14:36:11.727 9 INFO neutron.db.ovn_revision_numbers_db [None req-3b908a18-d28f-44e9-9530-87eb4e09f41a 18241851ce634ece8cc18dcbd48512dc aafebb9105e94d9996b4301f5ee22c47 - - default default] Successfully bumped revision number for resource 8de20999-4c74-4336-9e2a-c1dd2c7e823e (type: security_group_rules) to 0
2026-05-19 14:36:11.764 9 INFO neutron.api.wsgi [None req-3b908a18-d28f-44e9-9530-87eb4e09f41a 18241851ce634ece8cc18dcbd48512dc aafebb9105e94d9996b4301f5ee22c47 - - default default] 10.0.0.120 "POST /v2.0/security-groups HTTP/1.1" status: 201 len: 1875 time: 0.1800265
2026-05-19 14:36:11.774 9 WARNING neutron_lib.context [None req-e1e94b86-cac8-49b9-ae0f-2c5889658290 18241851ce634ece8cc18dcbd48512dc aafebb9105e94d9996b4301f5ee22c47 - - default default] Method 'is_advsvc' is deprecated since 2023.2 release (neutron-lib 3.8.0) and will be removed once support for the old RBAC API policies will be removed from Neutron. Please use method 'is_service_role' instead.
2026-05-19 14:36:11.779 9 INFO neutron.db.ovn_revision_numbers_db [None req-6cab1be4-8887-4ba5-9359-442cd75b1865 2effab8d8dcf4cbf8754c94a21cd7d66 ef244d8b1bb74d079fd29efa888c99a7 - - default default] Successfully bumped revision number for resource 60e39edf-0bd6-4819-b307-d1f58dbf46f6 (type: security_group_rules) to 0
2026-05-19 14:36:11.794 10 INFO neutron.api.wsgi [None req-73a9a36a-1a2b-42d7-91fc-5c419cc582ac 2dde46222f0c4d05a92e6dc79753c2dc 8cf13f659408417abb79369600a91022 - - default default] 10.0.0.120 "PUT /v2.0/routers/d1d81431-ec50-408b-8ba3-1ba1c5cdd99c/remove_router_interface HTTP/1.1" status: 200 len: 503 time: 2.0951064
2026-05-19 14:36:11.823 9 INFO neutron.api.wsgi [None req-6cab1be4-8887-4ba5-9359-442cd75b1865 2effab8d8dcf4cbf8754c94a21cd7d66 ef244d8b1bb74d079fd29efa888c99a7 - - default default] 10.0.0.120 "POST /v2.0/security-group-rules HTTP/1.1" status: 201 len: 805 time: 0.1809700
2026-05-19 14:36:11.845 10 INFO neutron.db.ovn_revision_numbers_db [req-dab1351c-216c-4c2a-b046-d9fe7b0e86eb req-8138b079-25bb-485a-be8b-4d0c836121ca a902ca3cf4fe4383a277516a66c8ec2e e05e5209892e48f19db9804daadb2818 - - default default] Successfully bumped revision number for resource 140ede77-0178-421b-a057-5d15924aadca (type: ports) to 1
2026-05-19 14:36:11.863 10 INFO neutron.api.wsgi [req-dab1351c-216c-4c2a-b046-d9fe7b0e86eb req-8138b079-25bb-485a-be8b-4d0c836121ca a902ca3cf4fe4383a277516a66c8ec2e e05e5209892e48f19db9804daadb2818 - - default default] 199.204.45.132 "POST /v2.0/ports HTTP/1.1" status: 201 len: 1162 time: 0.6653235 /var/lib/openstack/lib/python3.12/site-packages/pycadf/identifier.py:71: UserWarning: Invalid uuid: neutron. To ensure interoperability, identifiers should be a valid uuid. warnings.warn(('Invalid uuid: %s. To ensure interoperability, '
2026-05-19 14:36:11.931 9 INFO neutron.db.ovn_revision_numbers_db [None req-e1e94b86-cac8-49b9-ae0f-2c5889658290 18241851ce634ece8cc18dcbd48512dc aafebb9105e94d9996b4301f5ee22c47 - - default default] Successfully bumped revision number for resource ab67b5aa-a3e3-4eb7-bb8b-0017da54d30a (type: security_group_rules) to 0
2026-05-19 14:36:11.970 9 INFO neutron.api.wsgi [None req-e1e94b86-cac8-49b9-ae0f-2c5889658290 18241851ce634ece8cc18dcbd48512dc aafebb9105e94d9996b4301f5ee22c47 - - default default] 10.0.0.120 "POST /v2.0/security-group-rules HTTP/1.1" status: 201 len: 796 time: 0.1998806
2026-05-19 14:36:11.982 10 WARNING neutron_lib.context [None req-196df1be-4b26-4ff5-9947-88ec5cc8ba91 18241851ce634ece8cc18dcbd48512dc aafebb9105e94d9996b4301f5ee22c47 - - default default] Method 'is_advsvc' is deprecated since 2023.2 release (neutron-lib 3.8.0) and will be removed once support for the old RBAC API policies will be removed from Neutron. Please use method 'is_service_role' instead.
2026-05-19 14:36:12.126 10 INFO neutron.db.ovn_revision_numbers_db [None req-196df1be-4b26-4ff5-9947-88ec5cc8ba91 18241851ce634ece8cc18dcbd48512dc aafebb9105e94d9996b4301f5ee22c47 - - default default] Successfully bumped revision number for resource 9e2d9f5e-6d6d-4d65-bcf9-7cdadb6d1cf2 (type: security_group_rules) to 0
2026-05-19 14:36:12.162 10 INFO neutron.api.wsgi [None req-196df1be-4b26-4ff5-9947-88ec5cc8ba91 18241851ce634ece8cc18dcbd48512dc aafebb9105e94d9996b4301f5ee22c47 - - default default] 10.0.0.120 "POST /v2.0/security-group-rules HTTP/1.1" status: 201 len: 795 time: 0.1857755 /var/lib/openstack/lib/python3.12/site-packages/pycadf/identifier.py:71: UserWarning: Invalid uuid: neutron. To ensure interoperability, identifiers should be a valid uuid. warnings.warn(('Invalid uuid: %s. To ensure interoperability, '
2026-05-19 14:36:12.174 10 WARNING neutron_lib.context [None req-85e3762d-200e-4971-9485-48e622921ea6 18241851ce634ece8cc18dcbd48512dc aafebb9105e94d9996b4301f5ee22c47 - - default default] Method 'is_advsvc' is deprecated since 2023.2 release (neutron-lib 3.8.0) and will be removed once support for the old RBAC API policies will be removed from Neutron. Please use method 'is_service_role' instead.
2026-05-19 14:36:12.253 10 INFO neutron.db.ovn_revision_numbers_db [req-dab1351c-216c-4c2a-b046-d9fe7b0e86eb req-09c20d5a-6a55-4e5b-a681-58840aa1be51 f6baec8987554a46a0c04386237faf87 1043303fd47849d2986738a43751a16d - - d5e82ed9ece74ce6a818325b5dba6f15 d5e82ed9ece74ce6a818325b5dba6f15] Successfully bumped revision number for resource 140ede77-0178-421b-a057-5d15924aadca (type: ports) to 2
2026-05-19 14:36:12.311 10 INFO neutron.db.ovn_revision_numbers_db [None req-85e3762d-200e-4971-9485-48e622921ea6 18241851ce634ece8cc18dcbd48512dc aafebb9105e94d9996b4301f5ee22c47 - - default default] Successfully bumped revision number for resource 3e5dbeeb-2786-4c93-9977-6b202b03046d (type: security_group_rules) to 0
2026-05-19 14:36:12.348 10 INFO neutron.api.wsgi [None req-85e3762d-200e-4971-9485-48e622921ea6 18241851ce634ece8cc18dcbd48512dc aafebb9105e94d9996b4301f5ee22c47 - - default default] 10.0.0.120 "POST /v2.0/security-group-rules HTTP/1.1" status: 201 len: 801 time: 0.1790679
2026-05-19 14:36:12.362 9 WARNING neutron_lib.context [None req-6e1ab276-a345-4f79-b721-36d5b5a4bc0f 18241851ce634ece8cc18dcbd48512dc aafebb9105e94d9996b4301f5ee22c47 - - default default] Method 'is_advsvc' is deprecated since 2023.2 release (neutron-lib 3.8.0) and will be removed once support for the old RBAC API policies will be removed from Neutron. Please use method 'is_service_role' instead.
2026-05-19 14:36:12.367 9 INFO neutron.api.wsgi [None req-ed00929b-34f2-4ecb-bbc6-1ca8563d4f3b 2effab8d8dcf4cbf8754c94a21cd7d66 ef244d8b1bb74d079fd29efa888c99a7 - - default default] 10.0.0.120 "GET /v2.0/networks HTTP/1.1" status: 200 len: 1492 time: 0.1801238 /var/lib/openstack/lib/python3.12/site-packages/pycadf/identifier.py:71: UserWarning: Invalid uuid: neutron. To ensure interoperability, identifiers should be a valid uuid. warnings.warn(('Invalid uuid: %s. To ensure interoperability, '
2026-05-19 14:36:12.473 10 INFO neutron.api.wsgi [req-eb43bcc2-8e3a-41b0-a790-b7b6eefdf4fb req-54f0e357-5dd8-4118-9c3e-3f94e90568e2 2effab8d8dcf4cbf8754c94a21cd7d66 ef244d8b1bb74d079fd29efa888c99a7 - - default default] 10.0.0.9 "GET /v2.0/security-groups?name=tempest-secgroup-smoke-1009886915&fields=id&tenant_id=ef244d8b1bb74d079fd29efa888c99a7 HTTP/1.1" status: 200 len: 267 time: 0.0379262
2026-05-19 14:36:12.499 10 INFO neutron.db.ovn_revision_numbers_db [req-dab1351c-216c-4c2a-b046-d9fe7b0e86eb req-09c20d5a-6a55-4e5b-a681-58840aa1be51 f6baec8987554a46a0c04386237faf87 1043303fd47849d2986738a43751a16d - - d5e82ed9ece74ce6a818325b5dba6f15 d5e82ed9ece74ce6a818325b5dba6f15] Successfully bumped revision number for resource 140ede77-0178-421b-a057-5d15924aadca (type: ports) to 4
2026-05-19 14:36:12.515 9 INFO neutron.api.wsgi [req-37d4cd4c-4972-4878-9ca1-b86700b956fd req-83330be6-becb-4537-8b22-c2c0524331bd a902ca3cf4fe4383a277516a66c8ec2e e05e5209892e48f19db9804daadb2818 - - default default] 10.0.0.9 "GET /v2.0/ports?device_id=382a9b24-fe59-46bf-8e49-42f9d7f6b6b1 HTTP/1.1" status: 200 len: 1172 time: 0.1344862
2026-05-19 14:36:12.518 10 INFO neutron.api.wsgi [req-dab1351c-216c-4c2a-b046-d9fe7b0e86eb req-09c20d5a-6a55-4e5b-a681-58840aa1be51 f6baec8987554a46a0c04386237faf87 1043303fd47849d2986738a43751a16d - - d5e82ed9ece74ce6a818325b5dba6f15 d5e82ed9ece74ce6a818325b5dba6f15] 199.204.45.132 "PUT /v2.0/ports/140ede77-0178-421b-a057-5d15924aadca HTTP/1.1" status: 200 len: 1408 time: 0.6491992
2026-05-19 14:36:12.524 9 INFO neutron.api.wsgi [None req-a04fc66d-5bd8-45eb-a752-37ba3f6efbdb 2dde46222f0c4d05a92e6dc79753c2dc 8cf13f659408417abb79369600a91022 - - default default] 10.0.0.120 "DELETE /v2.0/routers/d1d81431-ec50-408b-8ba3-1ba1c5cdd99c HTTP/1.1" status: 204 len: 168 time: 0.7240350
2026-05-19 14:36:12.529 10 INFO neutron.api.wsgi [req-eb43bcc2-8e3a-41b0-a790-b7b6eefdf4fb req-e4cdb09a-59f8-45c2-a634-c0f8d38d58b8 2effab8d8dcf4cbf8754c94a21cd7d66 ef244d8b1bb74d079fd29efa888c99a7 - - default default] 10.0.0.9 "GET /v2.0/networks?id=ea833d1d-9b2f-4416-a789-3b628f9ecb86 HTTP/1.1" status: 200 len: 859 time: 0.0513582
2026-05-19 14:36:12.543 10 INFO neutron.api.wsgi [req-eb43bcc2-8e3a-41b0-a790-b7b6eefdf4fb req-fd89997e-2a02-4d44-950b-a1c25ac46403 2effab8d8dcf4cbf8754c94a21cd7d66 ef244d8b1bb74d079fd29efa888c99a7 - - default default] 10.0.0.9 "GET /v2.0/quotas/ef244d8b1bb74d079fd29efa888c99a7 HTTP/1.1" status: 200 len: 491 time: 0.0085242
2026-05-19 14:36:12.572 9 INFO neutron.api.wsgi [req-37d4cd4c-4972-4878-9ca1-b86700b956fd req-f7f8c685-aad4-4caa-b69a-018da6a1c610 a902ca3cf4fe4383a277516a66c8ec2e e05e5209892e48f19db9804daadb2818 - - default default] 10.0.0.9 "GET /v2.0/security-groups?id=3b69961c-58c4-4c2f-8f94-7592a6fe53af&fields=id&fields=name HTTP/1.1" status: 200 len: 313 time: 0.0521660
2026-05-19 14:36:12.605 10 INFO neutron.notifiers.nova [-] Nova event matching ['req-9029dee0-81dc-41c2-8e77-79b7c135d5e5'] response: {'name': 'network-changed', 'server_uuid': '382a9b24-fe59-46bf-8e49-42f9d7f6b6b1', 'tag': '140ede77-0178-421b-a057-5d15924aadca', 'status': 'completed', 'code': 200}
2026-05-19 14:36:12.620 9 INFO neutron.db.ovn_revision_numbers_db [None req-6e1ab276-a345-4f79-b721-36d5b5a4bc0f 18241851ce634ece8cc18dcbd48512dc aafebb9105e94d9996b4301f5ee22c47 - - default default] Successfully bumped revision number for resource 7e4e3c97-8c16-46b4-b050-6abe13c5be3b (type: security_group_rules) to 0
2026-05-19 14:36:12.623 10 INFO neutron.api.wsgi [req-eb43bcc2-8e3a-41b0-a790-b7b6eefdf4fb req-05adc5dd-4a70-4812-8114-9de780a4f63c 2effab8d8dcf4cbf8754c94a21cd7d66 ef244d8b1bb74d079fd29efa888c99a7 - - default default] 10.0.0.9 "GET /v2.0/ports?tenant_id=ef244d8b1bb74d079fd29efa888c99a7&fields=id HTTP/1.1" status: 200 len: 348 time: 0.0741296
2026-05-19 14:36:12.655 9 INFO neutron.api.wsgi [None req-6e1ab276-a345-4f79-b721-36d5b5a4bc0f 18241851ce634ece8cc18dcbd48512dc aafebb9105e94d9996b4301f5ee22c47 - - default default] 10.0.0.120 "POST /v2.0/security-group-rules HTTP/1.1" status: 201 len: 800 time: 0.3023984
2026-05-19 14:36:12.669 9 WARNING neutron_lib.context [None req-aa6f56bf-51ea-4580-b4d8-0bb8b3865c65 18241851ce634ece8cc18dcbd48512dc aafebb9105e94d9996b4301f5ee22c47 - - default default] Method 'is_advsvc' is deprecated since 2023.2 release (neutron-lib 3.8.0) and will be removed once support for the old RBAC API policies will be removed from Neutron. Please use method 'is_service_role' instead.
