2026-05-19 14:34:27.944 9 INFO neutron.db.ovn_revision_numbers_db [None req-aaf29ec9-82e7-4f96-9edc-37893d329472 2dde46222f0c4d05a92e6dc79753c2dc 8cf13f659408417abb79369600a91022 - - default default] Successfully bumped revision number for resource 238e75aa-9f86-4d85-9d59-1b10a9910422 (type: security_groups) to 1
2026-05-19 14:34:27.950 9 INFO neutron.db.ovn_revision_numbers_db [None req-a84e9ecb-5a43-4050-a685-9ce633144a72 - - - - - -] Successfully bumped revision number for resource 437a74de-83ea-484a-b19e-4dfd690d8287 (type: subnets) to 0
2026-05-19 14:34:27.963 9 INFO neutron.db.ovn_revision_numbers_db [None req-aaf29ec9-82e7-4f96-9edc-37893d329472 2dde46222f0c4d05a92e6dc79753c2dc 8cf13f659408417abb79369600a91022 - - default default] Successfully bumped revision number for resource 65805f92-5229-48e3-a727-f33c6da98e55 (type: security_group_rules) to 0
2026-05-19 14:34:27.967 9 INFO neutron.api.wsgi [None req-f2fc813e-6982-438e-87ee-39811bdb6a26 2dde46222f0c4d05a92e6dc79753c2dc 8cf13f659408417abb79369600a91022 - - default default] 10.0.0.120 "POST /v2.0/subnets HTTP/1.1" status: 201 len: 897 time: 0.6211421
2026-05-19 14:34:27.979 9 INFO neutron.db.ovn_revision_numbers_db [None req-aaf29ec9-82e7-4f96-9edc-37893d329472 2dde46222f0c4d05a92e6dc79753c2dc 8cf13f659408417abb79369600a91022 - - default default] Successfully bumped revision number for resource 7d8445af-6eca-47c8-8378-1b5f4f94015b (type: security_group_rules) to 0
2026-05-19 14:34:27.994 9 INFO neutron.db.ovn_revision_numbers_db [None req-aaf29ec9-82e7-4f96-9edc-37893d329472 2dde46222f0c4d05a92e6dc79753c2dc 8cf13f659408417abb79369600a91022 - - default default] Successfully bumped revision number for resource 802c6c76-14f8-4e9e-868d-42b0f19c0513 (type: security_group_rules) to 0
2026-05-19 14:34:28.006 9 INFO neutron.db.ovn_revision_numbers_db [None req-aaf29ec9-82e7-4f96-9edc-37893d329472 2dde46222f0c4d05a92e6dc79753c2dc 8cf13f659408417abb79369600a91022 - - default default] Successfully bumped revision number for resource a6178ab6-b70d-4ba9-9383-fc5191bdaa30 (type: security_group_rules) to 0
2026-05-19 14:34:28.037 9 INFO neutron.api.wsgi [None req-aaf29ec9-82e7-4f96-9edc-37893d329472 2dde46222f0c4d05a92e6dc79753c2dc 8cf13f659408417abb79369600a91022 - - default default] 10.0.0.120 "GET /v2.0/security-groups?tenant_id=b3777f6e0f7d411fad7823db1387b440&name=default HTTP/1.1" status: 200 len: 3120 time: 0.2925029
2026-05-19 14:34:28.236 9 INFO neutron.api.wsgi [None req-329129c8-6d15-4d44-ae21-dc940b7866bb 2dde46222f0c4d05a92e6dc79753c2dc 8cf13f659408417abb79369600a91022 - - default default] 10.0.0.120 "DELETE /v2.0/security-groups/238e75aa-9f86-4d85-9d59-1b10a9910422 HTTP/1.1" status: 204 len: 168 time: 0.1932094
2026-05-19 14:34:28.346 10 WARNING neutron.scheduler.dhcp_agent_scheduler [None req-61e42656-c3e8-47b6-b48d-4cacd467e079 2dde46222f0c4d05a92e6dc79753c2dc 8cf13f659408417abb79369600a91022 - - default default] No more DHCP agents
2026-05-19 14:34:28.348 10 WARNING neutron.api.rpc.agentnotifiers.dhcp_rpc_agent_api [None req-61e42656-c3e8-47b6-b48d-4cacd467e079 2dde46222f0c4d05a92e6dc79753c2dc 8cf13f659408417abb79369600a91022 - - default default] Unable to schedule network 15e0633e-2665-4bde-9c99-e06e27860dcb: no agents available; will retry on subsequent port and subnet creation events.
2026-05-19 14:34:28.464 10 INFO neutron.db.ovn_revision_numbers_db [None req-61e42656-c3e8-47b6-b48d-4cacd467e079 2dde46222f0c4d05a92e6dc79753c2dc 8cf13f659408417abb79369600a91022 - - default default] Successfully bumped revision number for resource 02fe459c-d0ff-46d3-a425-e3d180d8ee84 (type: ports) to 1
2026-05-19 14:34:28.653 10 INFO neutron.api.wsgi [req-2667219c-8715-485f-96d4-691ed3be19ce req-4e9c0b6f-782b-415a-8f63-9bb9722cb91e 32561e3e617641d6a6dd89518b4fa0cc 6d54762da74a4266bec9c4094dc3fde0 - - default default] 10.0.0.9 "GET /v2.0/ports?device_id=e035cca1-62f5-4fc6-a924-0d1e8668f8a5 HTTP/1.1" status: 200 len: 210 time: 0.0322759
2026-05-19 14:34:29.137 10 INFO neutron.plugins.ml2.drivers.ovn.mech_driver.ovsdb.commands [None req-7d7a1fea-edaa-4ad3-b66c-16c9e757f989 - - - - - -] Schedule LRP lrp-02fe459c-d0ff-46d3-a425-e3d180d8ee84 on gateway 4a668c97-cb49-4e5f-9d57-893f65022510 with priority 1
2026-05-19 14:34:29.160 10 INFO neutron.plugins.ml2.drivers.ovn.mech_driver.ovsdb.ovsdb_monitor [None req-713e7b30-3fa5-477c-8f6b-8966cca09703 - - - - - -] Router 393d043c-73a3-457b-a22e-8ce07c79fc83 is bound to host instance
2026-05-19 14:34:29.180 10 INFO neutron.db.ovn_revision_numbers_db [None req-61e42656-c3e8-47b6-b48d-4cacd467e079 2dde46222f0c4d05a92e6dc79753c2dc 8cf13f659408417abb79369600a91022 - - default default] Successfully bumped revision number for resource 02fe459c-d0ff-46d3-a425-e3d180d8ee84 (type: router_ports) to 1
2026-05-19 14:34:29.243 10 INFO neutron.db.ovn_revision_numbers_db [None req-61e42656-c3e8-47b6-b48d-4cacd467e079 2dde46222f0c4d05a92e6dc79753c2dc 8cf13f659408417abb79369600a91022 - - default default] Successfully bumped revision number for resource 393d043c-73a3-457b-a22e-8ce07c79fc83 (type: routers) to 2
2026-05-19 14:34:29.264 10 INFO neutron.api.wsgi [None req-61e42656-c3e8-47b6-b48d-4cacd467e079 2dde46222f0c4d05a92e6dc79753c2dc 8cf13f659408417abb79369600a91022 - - default default] 10.0.0.120 "POST /v2.0/routers HTTP/1.1" status: 201 len: 1175 time: 1.2934647
2026-05-19 14:34:29.589 10 INFO neutron.db.ovn_revision_numbers_db [None req-3bf19f64-9a35-4a4f-a203-505ca62bb149 - - - - - -] Successfully bumped revision number for resource 02fe459c-d0ff-46d3-a425-e3d180d8ee84 (type: ports) to 1
2026-05-19 14:34:29.752 9 WARNING neutron.scheduler.dhcp_agent_scheduler [None req-b1d24fcf-4cd1-4312-902c-0bcdb351af35 2dde46222f0c4d05a92e6dc79753c2dc 8cf13f659408417abb79369600a91022 - - default default] No more DHCP agents
2026-05-19 14:34:29.758 9 WARNING neutron.api.rpc.agentnotifiers.dhcp_rpc_agent_api [None req-b1d24fcf-4cd1-4312-902c-0bcdb351af35 2dde46222f0c4d05a92e6dc79753c2dc 8cf13f659408417abb79369600a91022 - - default default] Unable to schedule network 8db21d3e-9f98-4e8e-8a44-f78372612630: no agents available; will retry on subsequent port and subnet creation events.
2026-05-19 14:34:29.767 9 INFO neutron.api.wsgi [req-6559525b-336b-4f91-8a26-4d7092e5130a req-623843b2-bb7e-4cdc-8a08-1bfbfea00115 32561e3e617641d6a6dd89518b4fa0cc 6d54762da74a4266bec9c4094dc3fde0 - - default default] 10.0.0.9 "GET /v2.0/ports?device_id=e035cca1-62f5-4fc6-a924-0d1e8668f8a5 HTTP/1.1" status: 200 len: 210 time: 0.0167818
2026-05-19 14:34:29.879 10 INFO neutron.db.ovn_revision_numbers_db [None req-3bf19f64-9a35-4a4f-a203-505ca62bb149 - - - - - -] Successfully bumped revision number for resource 02fe459c-d0ff-46d3-a425-e3d180d8ee84 (type: ports) to 4
2026-05-19 14:34:29.882 9 INFO neutron.db.ovn_revision_numbers_db [None req-b1d24fcf-4cd1-4312-902c-0bcdb351af35 2dde46222f0c4d05a92e6dc79753c2dc 8cf13f659408417abb79369600a91022 - - default default] Successfully bumped revision number for resource 3ca1ae43-86c3-46e1-aba6-1f941dc041fe (type: ports) to 1
2026-05-19 14:34:30.125 10 INFO neutron.db.ovn_revision_numbers_db [None req-3bf19f64-9a35-4a4f-a203-505ca62bb149 - - - - - -] Successfully bumped revision number for resource 02fe459c-d0ff-46d3-a425-e3d180d8ee84 (type: ports) to 5
2026-05-19 14:34:30.201 9 INFO neutron.api.wsgi [None req-463fffdc-d3c2-4d76-b176-8edb0b4a5406 fd86ab05fb3544018a4bd5703345cd33 0594e60af30d46ad8a9979fe321e6cb1 - - default default] 10.0.0.120 "GET /v2.0/extensions HTTP/1.1" status: 200 len: 19293 time: 0.0385015
2026-05-19 14:34:30.209 9 INFO neutron.api.wsgi [None req-11c2372c-bd86-400e-968f-bc3822768fa5 fd86ab05fb3544018a4bd5703345cd33 0594e60af30d46ad8a9979fe321e6cb1 - - default default] 10.0.0.120 "GET /v2.0/extensions/address-group HTTP/1.1" status: 200 len: 353 time: 0.0032599
2026-05-19 14:34:30.229 10 INFO neutron.api.wsgi [None req-16305133-186a-45ae-9613-7ca083036ae2 fd86ab05fb3544018a4bd5703345cd33 0594e60af30d46ad8a9979fe321e6cb1 - - default default] 10.0.0.120 "GET /v2.0/extensions/address-scope HTTP/1.1" status: 200 len: 357 time: 0.0038319
2026-05-19 14:34:30.238 10 INFO neutron.api.wsgi [None req-33b0b2d8-7dcc-4394-a34d-3fae9719be2c fd86ab05fb3544018a4bd5703345cd33 0594e60af30d46ad8a9979fe321e6cb1 - - default default] 10.0.0.120 "GET /v2.0/extensions/agent HTTP/1.1" status: 200 len: 347 time: 0.0044231
2026-05-19 14:34:30.246 10 INFO neutron.api.wsgi [None req-98e13d3d-f6d6-4c03-aed3-f1c807d542b6 fd86ab05fb3544018a4bd5703345cd33 0594e60af30d46ad8a9979fe321e6cb1 - - default default] 10.0.0.120 "GET /v2.0/extensions/allowed-address-pairs HTTP/1.1" status: 200 len: 378 time: 0.0049300
2026-05-19 14:34:30.255 10 INFO neutron.api.wsgi [None req-14bd975c-8028-4e3d-811f-93e03992a34f fd86ab05fb3544018a4bd5703345cd33 0594e60af30d46ad8a9979fe321e6cb1 - - default default] 10.0.0.120 "GET /v2.0/extensions/auto-allocated-topology HTTP/1.1" status: 200 len: 394 time: 0.0049031
2026-05-19 14:34:30.267 10 INFO neutron.api.wsgi [None req-a8eb2902-4431-46d1-b335-7483d3e54999 fd86ab05fb3544018a4bd5703345cd33 0594e60af30d46ad8a9979fe321e6cb1 - - default default] 10.0.0.120 "GET /v2.0/extensions/availability_zone HTTP/1.1" status: 200 len: 372 time: 0.0070884
2026-05-19 14:34:30.275 10 INFO neutron.api.wsgi [None req-e03b739f-b2ef-41c9-aa68-4f6c475e0a09 fd86ab05fb3544018a4bd5703345cd33 0594e60af30d46ad8a9979fe321e6cb1 - - default default] 10.0.0.120 "GET /v2.0/extensions/default-subnetpools HTTP/1.1" status: 200 len: 405 time: 0.0061610
2026-05-19 14:34:30.284 10 INFO neutron.api.wsgi [None req-89604642-2156-47c7-9d3d-3bb06b4ad5a5 fd86ab05fb3544018a4bd5703345cd33 0594e60af30d46ad8a9979fe321e6cb1 - - default default] 10.0.0.120 "GET /v2.0/extensions/dhcp_agent_scheduler HTTP/1.1" status: 200 len: 381 time: 0.0048125
2026-05-19 14:34:30.292 10 INFO neutron.api.wsgi [None req-c3285ec8-0407-4515-81a8-f89372f6f7a0 fd86ab05fb3544018a4bd5703345cd33 0594e60af30d46ad8a9979fe321e6cb1 - - default default] 10.0.0.120 "GET /v2.0/extensions/dns-integration HTTP/1.1" status: 200 len: 366 time: 0.0035884
2026-05-19 14:34:30.297 10 INFO neutron.api.wsgi [None req-b38a554d-4ee4-472c-aa1b-37c2fd602a2a fd86ab05fb3544018a4bd5703345cd33 0594e60af30d46ad8a9979fe321e6cb1 - - default default] 10.0.0.120 "GET /v2.0/extensions/dns-domain-ports HTTP/1.1" status: 200 len: 399 time: 0.0025191
2026-05-19 14:34:30.304 10 INFO neutron.api.wsgi [None req-11d2679b-bdea-499b-b40a-7002224160bf fd86ab05fb3544018a4bd5703345cd33 0594e60af30d46ad8a9979fe321e6cb1 - - default default] 10.0.0.120 "GET /v2.0/extensions/dns-integration-domain-keywords HTTP/1.1" status: 200 len: 477 time: 0.0025544
2026-05-19 14:34:30.310 9 INFO neutron.db.ovn_revision_numbers_db [None req-1e273848-b6d5-4d59-a12f-68b388658aed 2dde46222f0c4d05a92e6dc79753c2dc 8cf13f659408417abb79369600a91022 - - default default] Successfully bumped revision number for resource 4a23add9-a04f-4179-9188-5b925ea82bb2 (type: security_groups) to 1
2026-05-19 14:34:30.310 10 INFO neutron.api.wsgi [None req-72a7a030-042b-42e6-ab15-583f08b64948 fd86ab05fb3544018a4bd5703345cd33 0594e60af30d46ad8a9979fe321e6cb1 - - default default] 10.0.0.120 "GET /v2.0/extensions/empty-string-filtering HTTP/1.1" status: 200 len: 413 time: 0.0035739
2026-05-19 14:34:30.317 10 INFO neutron.api.wsgi [None req-c9087325-8cb4-4fdc-aeff-9fe00c20e097 fd86ab05fb3544018a4bd5703345cd33 0594e60af30d46ad8a9979fe321e6cb1 - - default default] 10.0.0.120 "GET /v2.0/extensions/external-net HTTP/1.1" status: 200 len: 394 time: 0.0035808
2026-05-19 14:34:30.328 10 INFO neutron.api.wsgi [None req-5981f706-fb30-4f99-bfae-2ccd3da5556e fd86ab05fb3544018a4bd5703345cd33 0594e60af30d46ad8a9979fe321e6cb1 - - default default] 10.0.0.120 "GET /v2.0/extensions/extra_dhcp_opt HTTP/1.1" status: 200 len: 498 time: 0.0040839
2026-05-19 14:34:30.328 9 INFO neutron.db.ovn_revision_numbers_db [None req-1e273848-b6d5-4d59-a12f-68b388658aed 2dde46222f0c4d05a92e6dc79753c2dc 8cf13f659408417abb79369600a91022 - - default default] Successfully bumped revision number for resource 2d5ec905-d039-41d5-8a9f-5978925fdb31 (type: security_group_rules) to 0
2026-05-19 14:34:30.335 10 INFO neutron.api.wsgi [None req-75732766-b894-4fb4-8be8-a6c06a9efdce fd86ab05fb3544018a4bd5703345cd33 0594e60af30d46ad8a9979fe321e6cb1 - - default default] 10.0.0.120 "GET /v2.0/extensions/extraroute HTTP/1.1" status: 200 len: 375 time: 0.0040092
2026-05-19 14:34:30.343 10 INFO neutron.api.wsgi [None req-a60edd52-89e4-4eff-a061-4c191c4e15d5 fd86ab05fb3544018a4bd5703345cd33 0594e60af30d46ad8a9979fe321e6cb1 - - default default] 10.0.0.120 "GET /v2.0/extensions/floating-ip-port-forwarding-detail HTTP/1.1" status: 200 len: 465 time: 0.0039287
2026-05-19 14:34:30.347 9 INFO neutron.db.ovn_revision_numbers_db [None req-1e273848-b6d5-4d59-a12f-68b388658aed 2dde46222f0c4d05a92e6dc79753c2dc 8cf13f659408417abb79369600a91022 - - default default] Successfully bumped revision number for resource 7951d476-c144-40d3-a0d6-d471a0c98eae (type: security_group_rules) to 0
2026-05-19 14:34:30.353 10 INFO neutron.api.wsgi [None req-f5c54071-d26a-4aff-bbf7-67926747d403 fd86ab05fb3544018a4bd5703345cd33 0594e60af30d46ad8a9979fe321e6cb1 - - default default] 10.0.0.120 "GET /v2.0/extensions/fip-port-details HTTP/1.1" status: 200 len: 406 time: 0.0066299
2026-05-19 14:34:30.360 10 INFO neutron.api.wsgi [None req-58c432ce-93cb-4ccc-a69a-5181a8f28036 fd86ab05fb3544018a4bd5703345cd33 0594e60af30d46ad8a9979fe321e6cb1 - - default default] 10.0.0.120 "GET /v2.0/extensions/flavors HTTP/1.1" status: 200 len: 387 time: 0.0036180
2026-05-19 14:34:30.370 10 INFO neutron.api.wsgi [None req-c3e5bc7d-7025-4a7f-a19f-91449cada70e fd86ab05fb3544018a4bd5703345cd33 0594e60af30d46ad8a9979fe321e6cb1 - - default default] 10.0.0.120 "GET /v2.0/extensions/floatingip-pools HTTP/1.1" status: 200 len: 382 time: 0.0039253
2026-05-19 14:34:30.371 9 INFO neutron.db.ovn_revision_numbers_db [None req-1e273848-b6d5-4d59-a12f-68b388658aed 2dde46222f0c4d05a92e6dc79753c2dc 8cf13f659408417abb79369600a91022 - - default default] Successfully bumped revision number for resource a95d7c8e-c5e2-488d-8f1c-57507c581901 (type: security_group_rules) to 0
2026-05-19 14:34:30.379 10 INFO neutron.api.wsgi [None req-debf20e1-2277-4c3a-8b41-4eb9e939ba23 fd86ab05fb3544018a4bd5703345cd33 0594e60af30d46ad8a9979fe321e6cb1 - - default default] 10.0.0.120 "GET /v2.0/extensions/ip_allocation HTTP/1.1" status: 200 len: 356 time: 0.0043206
2026-05-19 14:34:30.387 10 INFO neutron.api.wsgi [None req-fe61eefa-d7ae-495f-8624-c4d4c450e53a fd86ab05fb3544018a4bd5703345cd33 0594e60af30d46ad8a9979fe321e6cb1 - - default default] 10.0.0.120 "GET /v2.0/extensions/l2_adjacency HTTP/1.1" status: 200 len: 372 time: 0.0040259
2026-05-19 14:34:30.394 10 INFO neutron.api.wsgi [None req-2e14c92a-a487-4c76-b514-66071af7dd98 fd86ab05fb3544018a4bd5703345cd33 0594e60af30d46ad8a9979fe321e6cb1 - - default default] 10.0.0.120 "GET /v2.0/extensions/router HTTP/1.1" status: 200 len: 450 time: 0.0034771
2026-05-19 14:34:30.396 9 INFO neutron.db.ovn_revision_numbers_db [None req-1e273848-b6d5-4d59-a12f-68b388658aed 2dde46222f0c4d05a92e6dc79753c2dc 8cf13f659408417abb79369600a91022 - - default default] Successfully bumped revision number for resource fadbac1e-fd8a-42bd-a180-8a6e3e938073 (type: security_group_rules) to 0
2026-05-19 14:34:30.402 10 INFO neutron.api.wsgi [None req-961f6917-0acd-4a31-a88b-49342f7aaef3 fd86ab05fb3544018a4bd5703345cd33 0594e60af30d46ad8a9979fe321e6cb1 - - default default] 10.0.0.120 "GET /v2.0/extensions/enable-default-route-bfd HTTP/1.1" status: 200 len: 406 time: 0.0048413
2026-05-19 14:34:30.409 10 INFO neutron.api.wsgi [None req-272af4cc-d7b3-4535-b810-1c06f7bdc561 fd86ab05fb3544018a4bd5703345cd33 0594e60af30d46ad8a9979fe321e6cb1 - - default default] 10.0.0.120 "GET /v2.0/extensions/enable-default-route-ecmp HTTP/1.1" status: 200 len: 409 time: 0.0038290
2026-05-19 14:34:30.416 10 INFO neutron.api.wsgi [None req-172d4f0c-57fb-49cf-bb25-38baf508227c fd86ab05fb3544018a4bd5703345cd33 0594e60af30d46ad8a9979fe321e6cb1 - - default default] 10.0.0.120 "GET /v2.0/extensions/ext-gw-mode HTTP/1.1" status: 200 len: 462 time: 0.0039670
2026-05-19 14:34:30.425 10 INFO neutron.api.wsgi [None req-fbb4cdc4-a8a5-45ec-a447-3cce6d5105d3 fd86ab05fb3544018a4bd5703345cd33 0594e60af30d46ad8a9979fe321e6cb1 - - default default] 10.0.0.120 "GET /v2.0/extensions/l3-ha HTTP/1.1" status: 200 len: 360 time: 0.0038998
2026-05-19 14:34:30.433 10 INFO neutron.api.wsgi [None req-a379efa1-7dc8-430f-80bb-db1d6838d9a1 fd86ab05fb3544018a4bd5703345cd33 0594e60af30d46ad8a9979fe321e6cb1 - - default default] 10.0.0.120 "GET /v2.0/extensions/external-gateway-multihoming HTTP/1.1" status: 200 len: 421 time: 0.0044947
2026-05-19 14:34:30.436 9 INFO neutron.api.wsgi [None req-1e273848-b6d5-4d59-a12f-68b388658aed 2dde46222f0c4d05a92e6dc79753c2dc 8cf13f659408417abb79369600a91022 - - default default] 10.0.0.120 "GET /v2.0/security-groups?tenant_id=f630e47b383e4bd7ac191f8dded66391&name=default HTTP/1.1" status: 200 len: 3120 time: 0.4133391
2026-05-19 14:34:30.444 10 INFO neutron.api.wsgi [None req-4e6b3390-e107-40f3-b408-3da5e9c36f37 fd86ab05fb3544018a4bd5703345cd33 0594e60af30d46ad8a9979fe321e6cb1 - - default default] 10.0.0.120 "GET /v2.0/extensions/l3-flavors HTTP/1.1" status: 200 len: 366 time: 0.0076377
2026-05-19 14:34:30.452 9 INFO neutron.plugins.ml2.drivers.ovn.mech_driver.mech_driver [None req-cb78a041-0fa5-4e26-b183-ccc6b9aed05f - - - - - -] OVN reports status up for port: 3ca1ae43-86c3-46e1-aba6-1f941dc041fe
2026-05-19 14:34:30.456 10 INFO neutron.api.wsgi [None req-5034c0d2-9dd8-47d5-bd94-b2c0e0e9bb89 fd86ab05fb3544018a4bd5703345cd33 0594e60af30d46ad8a9979fe321e6cb1 - - default default] 10.0.0.120 "GET /v2.0/extensions/logging HTTP/1.1" status: 200 len: 407 time: 0.0054052
2026-05-19 14:34:30.468 10 INFO neutron.api.wsgi [None req-d6820a4c-8e28-4987-83d2-ae0da33f74c2 fd86ab05fb3544018a4bd5703345cd33 0594e60af30d46ad8a9979fe321e6cb1 - - default default] 10.0.0.120 "GET /v2.0/extensions/multi-provider HTTP/1.1" status: 200 len: 406 time: 0.0040841
2026-05-19 14:34:30.470 9 INFO neutron.plugins.ml2.plugin [None req-cb78a041-0fa5-4e26-b183-ccc6b9aed05f - - - - - -] Attempt 1 to provision port 3ca1ae43-86c3-46e1-aba6-1f941dc041fe
2026-05-19 14:34:30.484 10 INFO neutron.api.wsgi [None req-59049a7e-78e7-4123-b24c-672a64b21911 fd86ab05fb3544018a4bd5703345cd33 0594e60af30d46ad8a9979fe321e6cb1 - - default default] 10.0.0.120 "GET /v2.0/extensions/net-mtu HTTP/1.1" status: 200 len: 370 time: 0.0111902
2026-05-19 14:34:30.487 9 INFO neutron.db.ovn_revision_numbers_db [None req-b1d24fcf-4cd1-4312-902c-0bcdb351af35 2dde46222f0c4d05a92e6dc79753c2dc 8cf13f659408417abb79369600a91022 - - default default] Successfully bumped revision number for resource 3ca1ae43-86c3-46e1-aba6-1f941dc041fe (type: ports) to 1
2026-05-19 14:34:30.491 10 INFO neutron.api.wsgi [None req-c65c31b6-242d-4e19-8515-9590adfdca56 fd86ab05fb3544018a4bd5703345cd33 0594e60af30d46ad8a9979fe321e6cb1 - - default default] 10.0.0.120 "GET /v2.0/extensions/net-mtu-writable HTTP/1.1" status: 200 len: 401 time: 0.0037134
2026-05-19 14:34:30.502 10 INFO neutron.api.wsgi [None req-f224b311-d4d7-465b-9b09-5383eb75e98b fd86ab05fb3544018a4bd5703345cd33 0594e60af30d46ad8a9979fe321e6cb1 - - default default] 10.0.0.120 "GET /v2.0/extensions/network_availability_zone HTTP/1.1" status: 200 len: 394 time: 0.0058465
2026-05-19 14:34:30.515 10 INFO neutron.api.wsgi [None req-540c2d94-3fd9-4086-b76a-d4a3289ceb41 fd86ab05fb3544018a4bd5703345cd33 0594e60af30d46ad8a9979fe321e6cb1 - - default default] 10.0.0.120 "GET /v2.0/extensions/network-ip-availability HTTP/1.1" status: 200 len: 410 time: 0.0068223
2026-05-19 14:34:30.526 10 INFO neutron.api.wsgi [None req-205bb776-eba9-4042-b412-df3dbe2d90d7 fd86ab05fb3544018a4bd5703345cd33 0594e60af30d46ad8a9979fe321e6cb1 - - default default] 10.0.0.120 "GET /v2.0/extensions/pagination HTTP/1.1" status: 200 len: 386 time: 0.0044215
2026-05-19 14:34:30.535 10 INFO neutron.api.wsgi [None req-4e858878-d46a-4b84-ac01-5a29a3a4c53c fd86ab05fb3544018a4bd5703345cd33 0594e60af30d46ad8a9979fe321e6cb1 - - default default] 10.0.0.120 "GET /v2.0/extensions/port-device-profile HTTP/1.1" status: 200 len: 383 time: 0.0047565
2026-05-19 14:34:30.541 10 INFO neutron.api.wsgi [None req-f6f6258f-3fb1-4407-a7f1-b1aeb5fd2342 fd86ab05fb3544018a4bd5703345cd33 0594e60af30d46ad8a9979fe321e6cb1 - - default default] 10.0.0.120 "GET /v2.0/extensions/port-mac-address-regenerate HTTP/1.1" status: 200 len: 403 time: 0.0035729
2026-05-19 14:34:30.549 10 INFO neutron.api.wsgi [None req-d022d89c-6209-4a37-bb7e-e57a91029d93 fd86ab05fb3544018a4bd5703345cd33 0594e60af30d46ad8a9979fe321e6cb1 - - default default] 10.0.0.120 "GET /v2.0/extensions/port-numa-affinity-policy HTTP/1.1" status: 200 len: 392 time: 0.0041656
2026-05-19 14:34:30.557 10 INFO neutron.api.wsgi [None req-36ee8956-a261-419b-897e-acfe7a97d988 fd86ab05fb3544018a4bd5703345cd33 0594e60af30d46ad8a9979fe321e6cb1 - - default default] 10.0.0.120 "GET /v2.0/extensions/port-numa-affinity-policy-socket HTTP/1.1" status: 200 len: 434 time: 0.0044353
2026-05-19 14:34:30.566 10 INFO neutron.api.wsgi [None req-e51c7abb-cd4e-4f90-bdda-94cb4f092392 fd86ab05fb3544018a4bd5703345cd33 0594e60af30d46ad8a9979fe321e6cb1 - - default default] 10.0.0.120 "GET /v2.0/extensions/port-resource-request HTTP/1.1" status: 200 len: 379 time: 0.0035403
2026-05-19 14:34:30.578 10 INFO neutron.api.wsgi [None req-fd53519c-3114-4761-a0c4-1b1965555d36 fd86ab05fb3544018a4bd5703345cd33 0594e60af30d46ad8a9979fe321e6cb1 - - default default] 10.0.0.120 "GET /v2.0/extensions/port-resource-request-groups HTTP/1.1" status: 200 len: 465 time: 0.0082724
2026-05-19 14:34:30.585 10 INFO neutron.api.wsgi [None req-ed36fd63-4a90-4929-a75f-9729565c30f5 fd86ab05fb3544018a4bd5703345cd33 0594e60af30d46ad8a9979fe321e6cb1 - - default default] 10.0.0.120 "GET /v2.0/extensions/binding HTTP/1.1" status: 200 len: 387 time: 0.0034189
2026-05-19 14:34:30.586 9 WARNING neutron.scheduler.dhcp_agent_scheduler [None req-b1d24fcf-4cd1-4312-902c-0bcdb351af35 2dde46222f0c4d05a92e6dc79753c2dc 8cf13f659408417abb79369600a91022 - - default default] No more DHCP agents
2026-05-19 14:34:30.590 9 WARNING neutron.api.rpc.agentnotifiers.dhcp_rpc_agent_api [None req-b1d24fcf-4cd1-4312-902c-0bcdb351af35 2dde46222f0c4d05a92e6dc79753c2dc 8cf13f659408417abb79369600a91022 - - default default] Unable to schedule network 8db21d3e-9f98-4e8e-8a44-f78372612630: no agents available; will retry on subsequent port and subnet creation events.
2026-05-19 14:34:30.596 10 INFO neutron.api.wsgi [None req-7d4ff5ce-82ec-425b-824a-5bee08969fee fd86ab05fb3544018a4bd5703345cd33 0594e60af30d46ad8a9979fe321e6cb1 - - default default] 10.0.0.120 "GET /v2.0/extensions/binding-extended HTTP/1.1" status: 200 len: 406 time: 0.0056581
2026-05-19 14:34:30.602 10 INFO neutron.api.wsgi [None req-34f619ab-9be3-4791-847a-dffb8e3c6662 fd86ab05fb3544018a4bd5703345cd33 0594e60af30d46ad8a9979fe321e6cb1 - - default default] 10.0.0.120 "GET /v2.0/extensions/port-security HTTP/1.1" status: 200 len: 354 time: 0.0026402
2026-05-19 14:34:30.611 10 INFO neutron.api.wsgi [None req-d5b95627-0ea4-4791-93b4-538f072fbec1 fd86ab05fb3544018a4bd5703345cd33 0594e60af30d46ad8a9979fe321e6cb1 - - default default] 10.0.0.120 "GET /v2.0/extensions/project-id HTTP/1.1" status: 200 len: 398 time: 0.0038309
2026-05-19 14:34:30.617 10 INFO neutron.api.wsgi [None req-6eade9dd-b70c-42b6-bee7-bc8a1f264f4f fd86ab05fb3544018a4bd5703345cd33 0594e60af30d46ad8a9979fe321e6cb1 - - default default] 10.0.0.120 "GET /v2.0/extensions/provider HTTP/1.1" status: 200 len: 385 time: 0.0025423
2026-05-19 14:34:30.629 10 INFO neutron.api.wsgi [None req-bc7c233f-ca9c-4423-b62f-032d5db8cc95 fd86ab05fb3544018a4bd5703345cd33 0594e60af30d46ad8a9979fe321e6cb1 - - default default] 10.0.0.120 "GET /v2.0/extensions/qos HTTP/1.1" status: 200 len: 360 time: 0.0061080
2026-05-19 14:34:30.636 10 INFO neutron.api.wsgi [None req-ca4b126e-8b6a-46a1-9552-3846cfda231f fd86ab05fb3544018a4bd5703345cd33 0594e60af30d46ad8a9979fe321e6cb1 - - default default] 10.0.0.120 "GET /v2.0/extensions/qos-bw-limit-direction HTTP/1.1" status: 200 len: 452 time: 0.0036585
2026-05-19 14:34:30.643 10 INFO neutron.api.wsgi [None req-030a88f1-6320-423f-822f-a6a04782c967 fd86ab05fb3544018a4bd5703345cd33 0594e60af30d46ad8a9979fe321e6cb1 - - default default] 10.0.0.120 "GET /v2.0/extensions/qos-bw-minimum-ingress HTTP/1.1" status: 200 len: 445 time: 0.0037296
2026-05-19 14:34:30.650 10 INFO neutron.api.wsgi [None req-694e1078-d156-4115-9151-5081d2213114 fd86ab05fb3544018a4bd5703345cd33 0594e60af30d46ad8a9979fe321e6cb1 - - default default] 10.0.0.120 "GET /v2.0/extensions/qos-default HTTP/1.1" status: 200 len: 377 time: 0.0033739
2026-05-19 14:34:30.656 10 INFO neutron.api.wsgi [None req-2e1be46e-bf49-4cf7-bd0f-50973749f6d2 fd86ab05fb3544018a4bd5703345cd33 0594e60af30d46ad8a9979fe321e6cb1 - - default default] 10.0.0.120 "GET /v2.0/extensions/qos-fip HTTP/1.1" status: 200 len: 372 time: 0.0034649
2026-05-19 14:34:30.663 10 INFO neutron.api.wsgi [None req-e50dff04-3e72-42f6-a294-9bc2860a4b44 fd86ab05fb3544018a4bd5703345cd33 0594e60af30d46ad8a9979fe321e6cb1 - - default default] 10.0.0.120 "GET /v2.0/extensions/qos-gateway-ip HTTP/1.1" status: 200 len: 391 time: 0.0034266
2026-05-19 14:34:30.670 10 INFO neutron.api.wsgi [None req-7403508d-d4f0-46b5-bde2-1e423e9826da fd86ab05fb3544018a4bd5703345cd33 0594e60af30d46ad8a9979fe321e6cb1 - - default default] 10.0.0.120 "GET /v2.0/extensions/qos-port-network-policy HTTP/1.1" status: 200 len: 403 time: 0.0039687
2026-05-19 14:34:30.678 10 INFO neutron.api.wsgi [None req-9618fb1f-1dd5-4acb-b591-e4fd323fc129 fd86ab05fb3544018a4bd5703345cd33 0594e60af30d46ad8a9979fe321e6cb1 - - default default] 10.0.0.120 "GET /v2.0/extensions/qos-pps-minimum HTTP/1.1" status: 200 len: 397 time: 0.0036068
2026-05-19 14:34:30.685 10 INFO neutron.api.wsgi [None req-8bf1bfa6-68fd-4041-a754-67d997b7e6aa fd86ab05fb3544018a4bd5703345cd33 0594e60af30d46ad8a9979fe321e6cb1 - - default default] 10.0.0.120 "GET /v2.0/extensions/qos-pps-minimum-rule-alias HTTP/1.1" status: 200 len: 471 time: 0.0039401
2026-05-19 14:34:30.692 10 INFO neutron.api.wsgi [None req-9a4a56d7-3bee-435e-b22d-5766c32dd9b0 fd86ab05fb3544018a4bd5703345cd33 0594e60af30d46ad8a9979fe321e6cb1 - - default default] 10.0.0.120 "GET /v2.0/extensions/qos-pps HTTP/1.1" status: 200 len: 389 time: 0.0035708
2026-05-19 14:34:30.699 10 INFO neutron.api.wsgi [None req-0365127e-9239-4133-a2a6-fb3c662b3d91 fd86ab05fb3544018a4bd5703345cd33 0594e60af30d46ad8a9979fe321e6cb1 - - default default] 10.0.0.120 "GET /v2.0/extensions/qos-rule-type-details HTTP/1.1" status: 200 len: 423 time: 0.0037532
2026-05-19 14:34:30.706 10 INFO neutron.api.wsgi [None req-e18de88e-999e-4a97-97ae-525c649d4d0d fd86ab05fb3544018a4bd5703345cd33 0594e60af30d46ad8a9979fe321e6cb1 - - default default] 10.0.0.120 "GET /v2.0/extensions/qos-rule-type-filter HTTP/1.1" status: 200 len: 567 time: 0.0034406
2026-05-19 14:34:30.713 10 INFO neutron.api.wsgi [None req-910ec1e1-0b23-401d-97f6-abcc100899bf fd86ab05fb3544018a4bd5703345cd33 0594e60af30d46ad8a9979fe321e6cb1 - - default default] 10.0.0.120 "GET /v2.0/extensions/qos-rules-alias HTTP/1.1" status: 200 len: 448 time: 0.0033708
2026-05-19 14:34:30.720 10 INFO neutron.api.wsgi [None req-7723c29a-ab25-490e-a882-3624323e1a14 fd86ab05fb3544018a4bd5703345cd33 0594e60af30d46ad8a9979fe321e6cb1 - - default default] 10.0.0.120 "GET /v2.0/extensions/quota-check-limit HTTP/1.1" status: 200 len: 420 time: 0.0035679
2026-05-19 14:34:30.727 10 INFO neutron.api.wsgi [None req-034dc21e-fffc-4561-8438-7ebf07aa9589 fd86ab05fb3544018a4bd5703345cd33 0594e60af30d46ad8a9979fe321e6cb1 - - default default] 10.0.0.120 "GET /v2.0/extensions/quotas HTTP/1.1" status: 200 len: 386 time: 0.0038698
2026-05-19 14:34:30.734 10 INFO neutron.api.wsgi [None req-6ca6412f-b2f5-4a16-89c4-b6a268a03c85 fd86ab05fb3544018a4bd5703345cd33 0594e60af30d46ad8a9979fe321e6cb1 - - default default] 10.0.0.120 "GET /v2.0/extensions/quota_details HTTP/1.1" status: 200 len: 407 time: 0.0034704
2026-05-19 14:34:30.742 10 INFO neutron.api.wsgi [None req-50e536d9-d692-492a-baab-4dbd699f5adf fd86ab05fb3544018a4bd5703345cd33 0594e60af30d46ad8a9979fe321e6cb1 - - default default] 10.0.0.120 "GET /v2.0/extensions/rbac-policies HTTP/1.1" status: 200 len: 417 time: 0.0034475
2026-05-19 14:34:30.749 10 INFO neutron.api.wsgi [None req-bd3f5b16-37da-40be-a2a4-f25e2a0a6d70 fd86ab05fb3544018a4bd5703345cd33 0594e60af30d46ad8a9979fe321e6cb1 - - default default] 10.0.0.120 "GET /v2.0/extensions/rbac-address-scope HTTP/1.1" status: 200 len: 384 time: 0.0033927
2026-05-19 14:34:30.755 10 INFO neutron.api.wsgi [None req-c066446c-7507-4fcb-8844-0c89ca136dcf fd86ab05fb3544018a4bd5703345cd33 0594e60af30d46ad8a9979fe321e6cb1 - - default default] 10.0.0.120 "GET /v2.0/extensions/rbac-security-groups HTTP/1.1" status: 200 len: 404 time: 0.0033672
2026-05-19 14:34:30.763 10 INFO neutron.api.wsgi [None req-1e484f37-b76f-4a35-910b-5b6cd212f99a fd86ab05fb3544018a4bd5703345cd33 0594e60af30d46ad8a9979fe321e6cb1 - - default default] 10.0.0.120 "GET /v2.0/extensions/revision-if-match HTTP/1.1" status: 200 len: 441 time: 0.0046260
2026-05-19 14:34:30.769 10 INFO neutron.api.wsgi [None req-a466a60a-6b6d-471b-8060-7e0580f748c6 fd86ab05fb3544018a4bd5703345cd33 0594e60af30d46ad8a9979fe321e6cb1 - - default default] 10.0.0.120 "GET /v2.0/extensions/standard-attr-revisions HTTP/1.1" status: 200 len: 423 time: 0.0033665
2026-05-19 14:34:30.772 9 INFO neutron.api.wsgi [None req-ae1a7f62-dfc4-4ef3-acb2-0a617ab1a30c 2dde46222f0c4d05a92e6dc79753c2dc 8cf13f659408417abb79369600a91022 - - default default] 10.0.0.120 "DELETE /v2.0/security-groups/4a23add9-a04f-4179-9188-5b925ea82bb2 HTTP/1.1" status: 204 len: 168 time: 0.3294849
2026-05-19 14:34:30.776 10 INFO neutron.api.wsgi [None req-c2f8c4d2-cb0b-4349-a9f4-194b0924c394 fd86ab05fb3544018a4bd5703345cd33 0594e60af30d46ad8a9979fe321e6cb1 - - default default] 10.0.0.120 "GET /v2.0/extensions/router_availability_zone HTTP/1.1" status: 200 len: 391 time: 0.0035839
2026-05-19 14:34:30.782 10 INFO neutron.api.wsgi [None req-609b1767-f87f-42ba-b655-73a940e25db0 fd86ab05fb3544018a4bd5703345cd33 0594e60af30d46ad8a9979fe321e6cb1 - - default default] 10.0.0.120 "GET /v2.0/extensions/security-groups-default-rules HTTP/1.1" status: 200 len: 456 time: 0.0033934
2026-05-19 14:34:30.789 10 INFO neutron.api.wsgi [None req-1e769c74-f274-419c-846c-1680e9a35e54 fd86ab05fb3544018a4bd5703345cd33 0594e60af30d46ad8a9979fe321e6cb1 - - default default] 10.0.0.120 "GET /v2.0/extensions/security-groups-normalized-cidr HTTP/1.1" status: 200 len: 445 time: 0.0036385
2026-05-19 14:34:30.798 10 INFO neutron.api.wsgi [None req-57e9a6b4-8d4f-4170-89e9-30dd83247d58 fd86ab05fb3544018a4bd5703345cd33 0594e60af30d46ad8a9979fe321e6cb1 - - default default] 10.0.0.120 "GET /v2.0/extensions/security-groups-remote-address-group HTTP/1.1" status: 200 len: 448 time: 0.0034490
2026-05-19 14:34:30.806 10 INFO neutron.api.wsgi [None req-80f1dfa9-d90d-42d1-809b-3a55daf6a4d2 fd86ab05fb3544018a4bd5703345cd33 0594e60af30d46ad8a9979fe321e6cb1 - - default default] 10.0.0.120 "GET /v2.0/extensions/security-groups-rules-belongs-to-default-sg HTTP/1.1" status: 200 len: 508 time: 0.0034165
2026-05-19 14:34:30.813 10 INFO neutron.api.wsgi [None req-ae58b600-48b5-46e6-9c62-e9abd55f0e2e fd86ab05fb3544018a4bd5703345cd33 0594e60af30d46ad8a9979fe321e6cb1 - - default default] 10.0.0.120 "GET /v2.0/extensions/security-groups-shared-filtering HTTP/1.1" status: 200 len: 435 time: 0.0033596
2026-05-19 14:34:30.820 10 INFO neutron.api.wsgi [None req-ebfd3e46-307a-4ea2-8735-fc7cfed04590 fd86ab05fb3544018a4bd5703345cd33 0594e60af30d46ad8a9979fe321e6cb1 - - default default] 10.0.0.120 "GET /v2.0/extensions/security-group HTTP/1.1" status: 200 len: 364 time: 0.0036108
2026-05-19 14:34:30.827 10 INFO neutron.api.wsgi [None req-5fa7d4f1-1c69-494d-ba6e-001cd5c1bdf0 fd86ab05fb3544018a4bd5703345cd33 0594e60af30d46ad8a9979fe321e6cb1 - - default default] 10.0.0.120 "GET /v2.0/extensions/segment HTTP/1.1" status: 200 len: 339 time: 0.0037119
2026-05-19 14:34:30.837 10 INFO neutron.api.wsgi [None req-86f12410-d3ce-43ac-b438-8b943094a3de fd86ab05fb3544018a4bd5703345cd33 0594e60af30d46ad8a9979fe321e6cb1 - - default default] 10.0.0.120 "GET /v2.0/extensions/segments-peer-subnet-host-routes HTTP/1.1" status: 200 len: 427 time: 0.0030077
2026-05-19 14:34:30.842 10 INFO neutron.api.wsgi [req-fd230913-1dab-4d81-bb4b-5d331502d056 req-62a0b1c2-a6e3-4fcb-84d6-1c760a129037 32561e3e617641d6a6dd89518b4fa0cc 6d54762da74a4266bec9c4094dc3fde0 - - default default] 10.0.0.9 "GET /v2.0/ports?device_id=e035cca1-62f5-4fc6-a924-0d1e8668f8a5 HTTP/1.1" status: 200 len: 210 time: 0.0145121
2026-05-19 14:34:30.956 10 INFO neutron.db.ovn_revision_numbers_db [None req-541da406-8c65-4a60-ac45-33d60b1aba86 2dde46222f0c4d05a92e6dc79753c2dc 8cf13f659408417abb79369600a91022 - - default default] Successfully bumped revision number for resource 5fb5c391-1f3c-4f43-9098-2f8b44e95217 (type: security_groups) to 1
2026-05-19 14:34:30.968 10 INFO neutron.db.ovn_revision_numbers_db [None req-541da406-8c65-4a60-ac45-33d60b1aba86 2dde46222f0c4d05a92e6dc79753c2dc 8cf13f659408417abb79369600a91022 - - default default] Successfully bumped revision number for resource 370917b0-8a7e-4f66-b7e8-252b87cda275 (type: security_group_rules) to 0
2026-05-19 14:34:30.990 10 INFO neutron.db.ovn_revision_numbers_db [None req-541da406-8c65-4a60-ac45-33d60b1aba86 2dde46222f0c4d05a92e6dc79753c2dc 8cf13f659408417abb79369600a91022 - - default default] Successfully bumped revision number for resource 45aef753-85d1-4efd-aa5f-14f01d43e62c (type: security_group_rules) to 0
2026-05-19 14:34:31.005 10 INFO neutron.db.ovn_revision_numbers_db [None req-541da406-8c65-4a60-ac45-33d60b1aba86 2dde46222f0c4d05a92e6dc79753c2dc 8cf13f659408417abb79369600a91022 - - default default] Successfully bumped revision number for resource 7535164c-ebf3-4ccc-af29-0d2cce744f9d (type: security_group_rules) to 0
2026-05-19 14:34:31.016 10 INFO neutron.db.ovn_revision_numbers_db [None req-541da406-8c65-4a60-ac45-33d60b1aba86 2dde46222f0c4d05a92e6dc79753c2dc 8cf13f659408417abb79369600a91022 - - default default] Successfully bumped revision number for resource c6bfda60-c876-4ac9-ab86-69b1e8df5817 (type: security_group_rules) to 0
2026-05-19 14:34:31.055 10 INFO neutron.api.wsgi [None req-541da406-8c65-4a60-ac45-33d60b1aba86 2dde46222f0c4d05a92e6dc79753c2dc 8cf13f659408417abb79369600a91022 - - default default] 10.0.0.120 "GET /v2.0/security-groups?tenant_id=c2ddccdf0d484b9ca6b7a973e07a01ad&name=default HTTP/1.1" status: 200 len: 3120 time: 0.1978502
2026-05-19 14:34:31.131 9 INFO neutron.api.wsgi [None req-b7fae32f-9f91-4100-b7cf-80aebe6dc37c fd86ab05fb3544018a4bd5703345cd33 0594e60af30d46ad8a9979fe321e6cb1 - - default default] 10.0.0.120 "GET /v2.0/extensions/service-type HTTP/1.1" status: 200 len: 415 time: 0.2901516
2026-05-19 14:34:31.140 9 INFO neutron.api.wsgi [None req-6afd4cb7-bb4d-4848-b53b-a27ea97fefcd fd86ab05fb3544018a4bd5703345cd33 0594e60af30d46ad8a9979fe321e6cb1 - - default default] 10.0.0.120 "GET /v2.0/extensions/sorting HTTP/1.1" status: 200 len: 377 time: 0.0033817
2026-05-19 14:34:31.150 10 INFO neutron.api.wsgi [None req-1692817a-d5da-4230-9f8e-6fdeaf9102e3 fd86ab05fb3544018a4bd5703345cd33 0594e60af30d46ad8a9979fe321e6cb1 - - default default] 10.0.0.120 "GET /v2.0/extensions/standard-attr-segment HTTP/1.1" status: 200 len: 406 time: 0.0052450
2026-05-19 14:34:31.159 10 INFO neutron.api.wsgi [None req-52e83aef-5ce2-4d0f-941d-671fd6f2a44a fd86ab05fb3544018a4bd5703345cd33 0594e60af30d46ad8a9979fe321e6cb1 - - default default] 10.0.0.120 "GET /v2.0/extensions/standard-attr-description HTTP/1.1" status: 200 len: 408 time: 0.0041444
2026-05-19 14:34:31.174 10 INFO neutron.api.wsgi [None req-28fff577-2c11-4ea5-ada7-4322bb289a94 fd86ab05fb3544018a4bd5703345cd33 0594e60af30d46ad8a9979fe321e6cb1 - - default default] 10.0.0.120 "GET /v2.0/extensions/stateful-security-group HTTP/1.1" status: 200 len: 402 time: 0.0065601
2026-05-19 14:34:31.181 10 INFO neutron.api.wsgi [None req-d1fdbc07-5609-404f-9fd5-299111d3ec12 fd86ab05fb3544018a4bd5703345cd33 0594e60af30d46ad8a9979fe321e6cb1 - - default default] 10.0.0.120 "GET /v2.0/extensions/subnet-dns-publish-fixed-ip HTTP/1.1" status: 200 len: 421 time: 0.0034792
2026-05-19 14:34:31.187 10 INFO neutron.api.wsgi [None req-7abe9490-d892-43f5-9110-eae9d037836a fd86ab05fb3544018a4bd5703345cd33 0594e60af30d46ad8a9979fe321e6cb1 - - default default] 10.0.0.120 "GET /v2.0/extensions/subnet-external-network HTTP/1.1" status: 200 len: 418 time: 0.0029516
2026-05-19 14:34:31.195 10 INFO neutron.api.wsgi [None req-7d340f2d-cf58-496a-9ee7-9ebba13c8ee5 fd86ab05fb3544018a4bd5703345cd33 0594e60af30d46ad8a9979fe321e6cb1 - - default default] 10.0.0.120 "GET /v2.0/extensions/subnet-segmentid-writable HTTP/1.1" status: 200 len: 421 time: 0.0041294
2026-05-19 14:34:31.201 10 INFO neutron.api.wsgi [None req-7c545998-92ce-4372-bc30-1c8d61cdb880 fd86ab05fb3544018a4bd5703345cd33 0594e60af30d46ad8a9979fe321e6cb1 - - default default] 10.0.0.120 "GET /v2.0/extensions/subnet-service-types HTTP/1.1" status: 200 len: 400 time: 0.0030417
2026-05-19 14:34:31.211 10 INFO neutron.api.wsgi [None req-c85a9d8f-f310-4922-9578-307a353bf1cc fd86ab05fb3544018a4bd5703345cd33 0594e60af30d46ad8a9979fe321e6cb1 - - default default] 10.0.0.120 "GET /v2.0/extensions/subnet_allocation HTTP/1.1" status: 200 len: 388 time: 0.0070407
2026-05-19 14:34:31.220 10 INFO neutron.api.wsgi [None req-c9e8d6d5-a2b3-4434-b5cb-193dcd41093f fd86ab05fb3544018a4bd5703345cd33 0594e60af30d46ad8a9979fe321e6cb1 - - default default] 10.0.0.120 "GET /v2.0/extensions/subnetpool-prefix-ops HTTP/1.1" status: 200 len: 418 time: 0.0050576
2026-05-19 14:34:31.220 9 INFO neutron.db.ovn_revision_numbers_db [None req-cb78a041-0fa5-4e26-b183-ccc6b9aed05f - - - - - -] Successfully bumped revision number for resource 3ca1ae43-86c3-46e1-aba6-1f941dc041fe (type: ports) to 2
2026-05-19 14:34:31.227 10 INFO neutron.api.wsgi [None req-4e122340-3264-431c-98cb-a060b3f74940 fd86ab05fb3544018a4bd5703345cd33 0594e60af30d46ad8a9979fe321e6cb1 - - default default] 10.0.0.120 "GET /v2.0/extensions/tag-creation HTTP/1.1" status: 200 len: 384 time: 0.0032916
2026-05-19 14:34:31.242 10 INFO neutron.api.wsgi [None req-9043691d-a790-4f19-bc4b-4b31428721d9 fd86ab05fb3544018a4bd5703345cd33 0594e60af30d46ad8a9979fe321e6cb1 - - default default] 10.0.0.120 "GET /v2.0/extensions/standard-attr-tag HTTP/1.1" status: 200 len: 537 time: 0.0104177
2026-05-19 14:34:31.253 10 INFO neutron.api.wsgi [None req-44a82959-6f1d-4289-82e2-fcca40a102a9 fd86ab05fb3544018a4bd5703345cd33 0594e60af30d46ad8a9979fe321e6cb1 - - default default] 10.0.0.120 "GET /v2.0/extensions/standard-attr-timestamp HTTP/1.1" status: 200 len: 449 time: 0.0053139
2026-05-19 14:34:31.261 10 INFO neutron.api.wsgi [None req-9443eec0-22bc-4f3b-b5ba-71caa38962f6 fd86ab05fb3544018a4bd5703345cd33 0594e60af30d46ad8a9979fe321e6cb1 - - default default] 10.0.0.120 "GET /v2.0/extensions/trunk HTTP/1.1" status: 200 len: 358 time: 0.0045879
2026-05-19 14:34:31.274 10 INFO neutron.api.wsgi [None req-f78112f6-7393-4ce4-8646-a3d42059842a fd86ab05fb3544018a4bd5703345cd33 0594e60af30d46ad8a9979fe321e6cb1 - - default default] 10.0.0.120 "GET /v2.0/extensions/trunk-details HTTP/1.1" status: 200 len: 362 time: 0.0059619
2026-05-19 14:34:31.281 9 INFO neutron.api.wsgi [None req-c1001ee9-3112-48bd-8ee4-cda58aaa1e27 fd86ab05fb3544018a4bd5703345cd33 0594e60af30d46ad8a9979fe321e6cb1 - - default default] 10.0.0.120 "GET /v2.0/extensions/vpn-agent-scheduler HTTP/1.1" status: 200 len: 393 time: 0.0035188
2026-05-19 14:34:31.292 10 INFO neutron.api.wsgi [None req-563ea7ef-9bf9-4d8a-b267-653b044e1f30 fd86ab05fb3544018a4bd5703345cd33 0594e60af30d46ad8a9979fe321e6cb1 - - default default] 10.0.0.120 "GET /v2.0/extensions/vpn-endpoint-groups HTTP/1.1" status: 200 len: 371 time: 0.0071161
2026-05-19 14:34:31.300 10 INFO neutron.api.wsgi [None req-4f94adbe-fe31-4add-afde-3a7397d71fc9 fd86ab05fb3544018a4bd5703345cd33 0594e60af30d46ad8a9979fe321e6cb1 - - default default] 10.0.0.120 "GET /v2.0/extensions/vpn-flavors HTTP/1.1" status: 200 len: 376 time: 0.0040731
2026-05-19 14:34:31.307 10 INFO neutron.api.wsgi [None req-d0525c4a-0747-471a-8b9d-2ebf9f78f594 fd86ab05fb3544018a4bd5703345cd33 0594e60af30d46ad8a9979fe321e6cb1 - - default default] 10.0.0.120 "GET /v2.0/extensions/vpnaas HTTP/1.1" status: 200 len: 348 time: 0.0035686
2026-05-19 14:34:31.342 10 INFO neutron.api.wsgi [None req-9b5c03b4-c9e2-4fad-9607-561d94b90005 2dde46222f0c4d05a92e6dc79753c2dc 8cf13f659408417abb79369600a91022 - - default default] 10.0.0.120 "DELETE /v2.0/security-groups/5fb5c391-1f3c-4f43-9098-2f8b44e95217 HTTP/1.1" status: 204 len: 168 time: 0.2821119
2026-05-19 14:34:31.491 9 INFO neutron.db.ovn_revision_numbers_db [None req-b1d24fcf-4cd1-4312-902c-0bcdb351af35 2dde46222f0c4d05a92e6dc79753c2dc 8cf13f659408417abb79369600a91022 - - default default] Successfully bumped revision number for resource 3ca1ae43-86c3-46e1-aba6-1f941dc041fe (type: router_ports) to 1
2026-05-19 14:34:31.498 9 INFO neutron.api.wsgi [None req-b1d24fcf-4cd1-4312-902c-0bcdb351af35 2dde46222f0c4d05a92e6dc79753c2dc 8cf13f659408417abb79369600a91022 - - default default] 10.0.0.120 "PUT /v2.0/routers/393d043c-73a3-457b-a22e-8ce07c79fc83/add_router_interface HTTP/1.1" status: 200 len: 503 time: 2.2273152
2026-05-19 14:34:31.928 10 INFO neutron.api.wsgi [req-d8cef50f-403e-400b-8c5c-2254fdfb900f req-9d430b4a-7643-477f-b083-8fa5486e3aa3 32561e3e617641d6a6dd89518b4fa0cc 6d54762da74a4266bec9c4094dc3fde0 - - default default] 10.0.0.9 "GET /v2.0/ports?device_id=e035cca1-62f5-4fc6-a924-0d1e8668f8a5 HTTP/1.1" status: 200 len: 210 time: 0.0186958
2026-05-19 14:34:31.979 10 WARNING neutron.plugins.ml2.drivers.ovn.mech_driver.ovsdb.ovn_client [None req-b39bf37d-b4e9-4d04-bb7a-1c9a7d2db4b4 - - - - - -] No hosting information found for port 07924a08-2ab3-4c1d-a293-891d7d7d6226: RuntimeError: No hosting information found for port 07924a08-2ab3-4c1d-a293-891d7d7d6226
2026-05-19 14:34:32.020 9 WARNING neutron_lib.context [None req-3ae20e09-c934-4122-8fa2-04713e216867 34eaca83697442fe88cd4b2f5f1aaf57 52bf06edde694e30944824390587a589 - - default default] Method 'is_advsvc' is deprecated since 2023.2 release (neutron-lib 3.8.0) and will be removed once support for the old RBAC API policies will be removed from Neutron. Please use method 'is_service_role' instead.
2026-05-19 14:34:32.033 10 INFO neutron.db.ovn_revision_numbers_db [None req-b7d10a96-b110-475a-a93e-2ec8405a5958 2dde46222f0c4d05a92e6dc79753c2dc 8cf13f659408417abb79369600a91022 - - default default] Successfully bumped revision number for resource be66dd8b-ed34-4af6-be26-e7364360f5ff (type: security_groups) to 1
2026-05-19 14:34:32.048 10 INFO neutron.db.ovn_revision_numbers_db [None req-b7d10a96-b110-475a-a93e-2ec8405a5958 2dde46222f0c4d05a92e6dc79753c2dc 8cf13f659408417abb79369600a91022 - - default default] Successfully bumped revision number for resource 24083e8f-6bba-45c9-8ed2-330598524ac1 (type: security_group_rules) to 0
2026-05-19 14:34:32.050 10 INFO neutron.db.ovn_revision_numbers_db [None req-b39bf37d-b4e9-4d04-bb7a-1c9a7d2db4b4 - - - - - -] Successfully bumped revision number for resource 07924a08-2ab3-4c1d-a293-891d7d7d6226 (type: router_ports) to 2
2026-05-19 14:34:32.064 10 INFO neutron.db.ovn_revision_numbers_db [None req-b7d10a96-b110-475a-a93e-2ec8405a5958 2dde46222f0c4d05a92e6dc79753c2dc 8cf13f659408417abb79369600a91022 - - default default] Successfully bumped revision number for resource 2ad0423f-d2a6-42b1-8885-0bd4028f9371 (type: security_group_rules) to 0
2026-05-19 14:34:32.078 10 INFO neutron.db.ovn_revision_numbers_db [None req-b7d10a96-b110-475a-a93e-2ec8405a5958 2dde46222f0c4d05a92e6dc79753c2dc 8cf13f659408417abb79369600a91022 - - default default] Successfully bumped revision number for resource 88ef49f1-8732-4896-a12a-27be570bf124 (type: security_group_rules) to 0
2026-05-19 14:34:32.094 10 INFO neutron.db.ovn_revision_numbers_db [None req-b7d10a96-b110-475a-a93e-2ec8405a5958 2dde46222f0c4d05a92e6dc79753c2dc 8cf13f659408417abb79369600a91022 - - default default] Successfully bumped revision number for resource b67bd29e-8dcc-44d4-a43d-d8141fcba54e (type: security_group_rules) to 0
2026-05-19 14:34:32.102 10 INFO neutron.plugins.ml2.drivers.ovn.mech_driver.mech_driver [None req-b39bf37d-b4e9-4d04-bb7a-1c9a7d2db4b4 - - - - - -] OVN reports status up for port: 02fe459c-d0ff-46d3-a425-e3d180d8ee84
2026-05-19 14:34:32.118 10 INFO neutron.plugins.ml2.plugin [None req-b39bf37d-b4e9-4d04-bb7a-1c9a7d2db4b4 - - - - - -] Attempt 1 to provision port 02fe459c-d0ff-46d3-a425-e3d180d8ee84
2026-05-19 14:34:32.130 9 INFO neutron.db.ovn_revision_numbers_db [None req-3ae20e09-c934-4122-8fa2-04713e216867 34eaca83697442fe88cd4b2f5f1aaf57 52bf06edde694e30944824390587a589 - - default default] Successfully bumped revision number for resource 174ea223-b2da-4ee6-b8b0-2943a3421d2b (type: security_groups) to 1
2026-05-19 14:34:32.137 10 INFO neutron.api.wsgi [None req-b7d10a96-b110-475a-a93e-2ec8405a5958 2dde46222f0c4d05a92e6dc79753c2dc 8cf13f659408417abb79369600a91022 - - default default] 10.0.0.120 "GET /v2.0/security-groups?tenant_id=0594e60af30d46ad8a9979fe321e6cb1&name=default HTTP/1.1" status: 200 len: 3120 time: 0.3436790
2026-05-19 14:34:32.162 9 INFO neutron.db.ovn_revision_numbers_db [None req-3ae20e09-c934-4122-8fa2-04713e216867 34eaca83697442fe88cd4b2f5f1aaf57 52bf06edde694e30944824390587a589 - - default default] Successfully bumped revision number for resource 42aa2b6e-577d-45c3-a3dc-4680473e20ea (type: security_group_rules) to 0
2026-05-19 14:34:32.196 9 INFO neutron.db.ovn_revision_numbers_db [None req-3ae20e09-c934-4122-8fa2-04713e216867 34eaca83697442fe88cd4b2f5f1aaf57 52bf06edde694e30944824390587a589 - - default default] Successfully bumped revision number for resource 8b2e88e8-73b4-4d70-b265-f45ade190676 (type: security_group_rules) to 0
2026-05-19 14:34:32.230 9 INFO neutron.api.wsgi [None req-3ae20e09-c934-4122-8fa2-04713e216867 34eaca83697442fe88cd4b2f5f1aaf57 52bf06edde694e30944824390587a589 - - default default] 10.0.0.120 "POST /v2.0/security-groups HTTP/1.1" status: 201 len: 1859 time: 0.2145543
2026-05-19 14:34:32.246 9 WARNING neutron_lib.context [None req-c9aadda6-423e-48a5-b829-1718041c056f 34eaca83697442fe88cd4b2f5f1aaf57 52bf06edde694e30944824390587a589 - - default default] Method 'is_advsvc' is deprecated since 2023.2 release (neutron-lib 3.8.0) and will be removed once support for the old RBAC API policies will be removed from Neutron. Please use method 'is_service_role' instead.
2026-05-19 14:34:32.366 9 INFO neutron.db.ovn_revision_numbers_db [None req-c9aadda6-423e-48a5-b829-1718041c056f 34eaca83697442fe88cd4b2f5f1aaf57 52bf06edde694e30944824390587a589 - - default default] Successfully bumped revision number for resource 1ffd0b8b-f5e9-4a97-8581-90cd15539b1d (type: security_group_rules) to 0
2026-05-19 14:34:32.371 9 INFO neutron.api.wsgi [None req-6b8088ad-4db5-46c7-bfe0-d90f9236d192 2dde46222f0c4d05a92e6dc79753c2dc 8cf13f659408417abb79369600a91022 - - default default] 10.0.0.120 "DELETE /v2.0/security-groups/be66dd8b-ed34-4af6-be26-e7364360f5ff HTTP/1.1" status: 204 len: 168 time: 0.2267821
2026-05-19 14:34:32.417 9 INFO neutron.api.wsgi [None req-c9aadda6-423e-48a5-b829-1718041c056f 34eaca83697442fe88cd4b2f5f1aaf57 52bf06edde694e30944824390587a589 - - default default] 10.0.0.120 "POST /v2.0/security-group-rules HTTP/1.1" status: 201 len: 796 time: 0.1754365
2026-05-19 14:34:32.431 10 INFO neutron.api.wsgi [req-44389821-08ec-43ae-b70e-d738be849f70 req-d59f0acb-6baa-4318-9c72-c89cda346b11 32561e3e617641d6a6dd89518b4fa0cc 6d54762da74a4266bec9c4094dc3fde0 - - default default] 199.204.45.132 "GET /v2.0/networks?id=d60f8537-8e85-488f-98ff-e77148787e84 HTTP/1.1" status: 200 len: 878 time: 0.1116800
2026-05-19 14:34:32.434 9 WARNING neutron_lib.context [None req-223636b3-befa-4f75-933f-04e1dd7cc2ef 34eaca83697442fe88cd4b2f5f1aaf57 52bf06edde694e30944824390587a589 - - default default] Method 'is_advsvc' is deprecated since 2023.2 release (neutron-lib 3.8.0) and will be removed once support for the old RBAC API policies will be removed from Neutron. Please use method 'is_service_role' instead.
2026-05-19 14:34:32.490 10 INFO neutron.api.wsgi [req-44389821-08ec-43ae-b70e-d738be849f70 req-c600e845-6858-4da7-a0ae-c312d1686b92 32561e3e617641d6a6dd89518b4fa0cc 6d54762da74a4266bec9c4094dc3fde0 - - default default] 199.204.45.132 "GET /v2.0/security-groups?fields=id&fields=name&tenant_id=6d54762da74a4266bec9c4094dc3fde0 HTTP/1.1" status: 200 len: 380 time: 0.0381114
2026-05-19 14:34:32.498 10 WARNING neutron_lib.context [req-44389821-08ec-43ae-b70e-d738be849f70 req-297122fc-8b50-46d8-86fb-f195b3bae3d1 32561e3e617641d6a6dd89518b4fa0cc 6d54762da74a4266bec9c4094dc3fde0 - - default default] Method 'is_advsvc' is deprecated since 2023.2 release (neutron-lib 3.8.0) and will be removed once support for the old RBAC API policies will be removed from Neutron. Please use method 'is_service_role' instead.
2026-05-19 14:34:32.546 9 INFO neutron.db.ovn_revision_numbers_db [None req-223636b3-befa-4f75-933f-04e1dd7cc2ef 34eaca83697442fe88cd4b2f5f1aaf57 52bf06edde694e30944824390587a589 - - default default] Successfully bumped revision number for resource c41a4ee1-fa1a-4f09-af83-2f286869c788 (type: security_group_rules) to 0
2026-05-19 14:34:32.575 9 INFO neutron.api.wsgi [None req-223636b3-befa-4f75-933f-04e1dd7cc2ef 34eaca83697442fe88cd4b2f5f1aaf57 52bf06edde694e30944824390587a589 - - default default] 10.0.0.120 "POST /v2.0/security-group-rules HTTP/1.1" status: 201 len: 801 time: 0.1469955
