2026-05-19 14:35:15.061 10 INFO neutron.api.wsgi [req-13ee3617-b709-4848-9398-d8270a78c9d9 req-1455d1ef-fbc1-441f-9b8a-d1b51bea8ff2 e268f250a80f4e08bac63abcb643933f 05604eb34c1146fc8731574f19598ed8 - - default default] 10.0.0.9 "GET /v2.0/security-groups?id=0694bafa-b30e-48c9-ad7e-5cd343ba9ee5&fields=id&fields=name HTTP/1.1" status: 200 len: 312 time: 0.0329988
2026-05-19 14:35:15.158 9 INFO neutron.api.wsgi [None req-5cdd2251-7dc2-44de-ac6d-b0a2e7b18577 1fd234e5b3bc40ed848164bacc1be0c4 4b1d21b1790149dda0768916ddf479ba - - default default] 10.0.0.120 "DELETE /v2.0/routers/517e90fc-d8a7-4566-91c6-636563d8d6a4 HTTP/1.1" status: 204 len: 168 time: 0.6136410
2026-05-19 14:35:15.181 9 INFO neutron.api.wsgi [None req-0ecdfb0c-45d8-49a7-9b31-49e3d59445f2 1fd234e5b3bc40ed848164bacc1be0c4 4b1d21b1790149dda0768916ddf479ba - - default default] 10.0.0.120 "GET /v2.0/ports?device_id=517e90fc-d8a7-4566-91c6-636563d8d6a4 HTTP/1.1" status: 200 len: 205 time: 0.0171473
2026-05-19 14:35:15.201 9 INFO neutron.api.v2.resource [None req-651238e8-2e0c-4489-8968-dd98cdce98d0 1fd234e5b3bc40ed848164bacc1be0c4 4b1d21b1790149dda0768916ddf479ba - - default default] delete failed (client error): The resource could not be found.
2026-05-19 14:35:15.202 9 INFO neutron.api.wsgi [None req-651238e8-2e0c-4489-8968-dd98cdce98d0 1fd234e5b3bc40ed848164bacc1be0c4 4b1d21b1790149dda0768916ddf479ba - - default default] 10.0.0.120 "DELETE /v2.0/routers/517e90fc-d8a7-4566-91c6-636563d8d6a4 HTTP/1.1" status: 404 len: 336 time: 0.0165935
2026-05-19 14:35:15.219 10 INFO neutron.api.wsgi [None req-75d27184-0299-4f86-9aeb-2d39760417a4 1fd234e5b3bc40ed848164bacc1be0c4 4b1d21b1790149dda0768916ddf479ba - - default default] 10.0.0.120 "GET /v2.0/ports?device_id=32f00a1e-d073-41ee-b492-d60fe8b73ae1 HTTP/1.1" status: 200 len: 205 time: 0.0125892
2026-05-19 14:35:15.235 10 INFO neutron.api.v2.resource [None req-7ca9739c-a830-4f5e-86d2-b3c68b3d7d6e 1fd234e5b3bc40ed848164bacc1be0c4 4b1d21b1790149dda0768916ddf479ba - - default default] delete failed (client error): The resource could not be found.
2026-05-19 14:35:15.236 10 INFO neutron.api.wsgi [None req-7ca9739c-a830-4f5e-86d2-b3c68b3d7d6e 1fd234e5b3bc40ed848164bacc1be0c4 4b1d21b1790149dda0768916ddf479ba - - default default] 10.0.0.120 "DELETE /v2.0/routers/32f00a1e-d073-41ee-b492-d60fe8b73ae1 HTTP/1.1" status: 404 len: 336 time: 0.0118301
2026-05-19 14:35:15.249 10 INFO neutron.pecan_wsgi.hooks.translation [None req-db132cf9-58a0-42b6-b750-5334b512d3f2 1fd234e5b3bc40ed848164bacc1be0c4 4b1d21b1790149dda0768916ddf479ba - - default default] DELETE failed (client error): The resource could not be found.
2026-05-19 14:35:15.251 10 INFO neutron.api.wsgi [None req-db132cf9-58a0-42b6-b750-5334b512d3f2 1fd234e5b3bc40ed848164bacc1be0c4 4b1d21b1790149dda0768916ddf479ba - - default default] 10.0.0.120 "DELETE /v2.0/subnets/956a6df7-d877-4dc9-8ddb-ae99f1000ab9 HTTP/1.1" status: 404 len: 337 time: 0.0113783
2026-05-19 14:35:15.273 10 INFO neutron.api.wsgi [None req-cc8851b7-8eec-4163-a09d-eaf8d63d739a 1fd234e5b3bc40ed848164bacc1be0c4 4b1d21b1790149dda0768916ddf479ba - - default default] 10.0.0.120 "GET /v2.0/ports?device_id=60fa553f-3691-4823-bfa6-e585eb781e0d HTTP/1.1" status: 200 len: 205 time: 0.0182869
2026-05-19 14:35:15.290 10 INFO neutron.api.v2.resource [None req-41d04aed-26cf-4226-ae6d-ef3d74b56736 1fd234e5b3bc40ed848164bacc1be0c4 4b1d21b1790149dda0768916ddf479ba - - default default] delete failed (client error): The resource could not be found.
2026-05-19 14:35:15.291 10 INFO neutron.api.wsgi [None req-41d04aed-26cf-4226-ae6d-ef3d74b56736 1fd234e5b3bc40ed848164bacc1be0c4 4b1d21b1790149dda0768916ddf479ba - - default default] 10.0.0.120 "DELETE /v2.0/routers/60fa553f-3691-4823-bfa6-e585eb781e0d HTTP/1.1" status: 404 len: 336 time: 0.0144525
2026-05-19 14:35:15.307 10 INFO neutron.pecan_wsgi.hooks.translation [None req-52095e8e-24f3-495f-8e78-a090c8e867af 1fd234e5b3bc40ed848164bacc1be0c4 4b1d21b1790149dda0768916ddf479ba - - default default] DELETE failed (client error): The resource could not be found.
2026-05-19 14:35:15.311 10 INFO neutron.api.wsgi [None req-52095e8e-24f3-495f-8e78-a090c8e867af 1fd234e5b3bc40ed848164bacc1be0c4 4b1d21b1790149dda0768916ddf479ba - - default default] 10.0.0.120 "DELETE /v2.0/subnets/350a359c-57b5-43a1-8b04-ccd0401418af HTTP/1.1" status: 404 len: 337 time: 0.0165765
2026-05-19 14:35:15.331 9 INFO neutron.api.wsgi [None req-bf5da366-c8c2-4b82-b181-b2108d9dde67 1fd234e5b3bc40ed848164bacc1be0c4 4b1d21b1790149dda0768916ddf479ba - - default default] 10.0.0.120 "GET /v2.0/ports?device_id=85b7a2e0-4f27-4345-b07e-9b8550e248b4 HTTP/1.1" status: 200 len: 205 time: 0.0168719
2026-05-19 14:35:15.350 9 INFO neutron.api.v2.resource [None req-a9f823d7-fae6-470d-b129-e673099c5fb8 1fd234e5b3bc40ed848164bacc1be0c4 4b1d21b1790149dda0768916ddf479ba - - default default] delete failed (client error): The resource could not be found.
2026-05-19 14:35:15.351 9 INFO neutron.api.wsgi [None req-a9f823d7-fae6-470d-b129-e673099c5fb8 1fd234e5b3bc40ed848164bacc1be0c4 4b1d21b1790149dda0768916ddf479ba - - default default] 10.0.0.120 "DELETE /v2.0/routers/85b7a2e0-4f27-4345-b07e-9b8550e248b4 HTTP/1.1" status: 404 len: 336 time: 0.0149884
2026-05-19 14:35:15.365 9 INFO neutron.pecan_wsgi.hooks.translation [None req-29737d09-d436-42f3-a3a7-23e32ba60ec6 1fd234e5b3bc40ed848164bacc1be0c4 4b1d21b1790149dda0768916ddf479ba - - default default] DELETE failed (client error): The resource could not be found.
2026-05-19 14:35:15.368 9 INFO neutron.api.wsgi [None req-29737d09-d436-42f3-a3a7-23e32ba60ec6 1fd234e5b3bc40ed848164bacc1be0c4 4b1d21b1790149dda0768916ddf479ba - - default default] 10.0.0.120 "DELETE /v2.0/subnets/c0646d11-a6ed-4c3c-8dc2-50ca7f7604fa HTTP/1.1" status: 404 len: 337 time: 0.0122952
2026-05-19 14:35:15.381 9 INFO neutron.pecan_wsgi.hooks.translation [None req-6e050227-4c76-4f9e-966d-ef2b6d0277ea 1fd234e5b3bc40ed848164bacc1be0c4 4b1d21b1790149dda0768916ddf479ba - - default default] DELETE failed (client error): The resource could not be found.
2026-05-19 14:35:15.384 9 INFO neutron.api.wsgi [None req-6e050227-4c76-4f9e-966d-ef2b6d0277ea 1fd234e5b3bc40ed848164bacc1be0c4 4b1d21b1790149dda0768916ddf479ba - - default default] 10.0.0.120 "DELETE /v2.0/subnets/72edabb6-a3df-4eac-9953-0cec81196707 HTTP/1.1" status: 404 len: 337 time: 0.0115097
2026-05-19 14:35:15.911 9 INFO neutron.api.wsgi [req-23c11ed7-fd3e-4b91-a61f-51337b0daad6 req-15a8221d-9f25-4abf-a932-39b20d72ab4e 34eaca83697442fe88cd4b2f5f1aaf57 52bf06edde694e30944824390587a589 - - default default] 10.0.0.9 "GET /v2.0/ports?device_id=abee0f96-41ca-4bf3-8e41-94a99d0750f2 HTTP/1.1" status: 200 len: 210 time: 0.0205739
2026-05-19 14:35:16.080 10 INFO neutron.api.wsgi [None req-08a65275-5023-4dad-bbe4-6511d919d632 2dde46222f0c4d05a92e6dc79753c2dc 8cf13f659408417abb79369600a91022 - - default default] 10.0.0.120 "GET /v2.0/security-groups?tenant_id=4b1d21b1790149dda0768916ddf479ba&name=default HTTP/1.1" status: 200 len: 3120 time: 0.2068148
2026-05-19 14:35:16.157 10 INFO neutron.api.wsgi [req-3faa98f1-5d2c-4cf7-bf00-72d4edf3386b req-354173f4-a0c0-4873-9e5c-6fb58c51d9ca e268f250a80f4e08bac63abcb643933f 05604eb34c1146fc8731574f19598ed8 - - default default] 10.0.0.9 "GET /v2.0/ports?device_id=1d5bc08f-bb27-4dda-84ce-f56e9d81e397 HTTP/1.1" status: 200 len: 1172 time: 0.0384119
2026-05-19 14:35:16.195 10 INFO neutron.api.wsgi [req-3faa98f1-5d2c-4cf7-bf00-72d4edf3386b req-596ad94d-2f83-4eac-952a-5e34dc3addda e268f250a80f4e08bac63abcb643933f 05604eb34c1146fc8731574f19598ed8 - - default default] 10.0.0.9 "GET /v2.0/security-groups?id=0694bafa-b30e-48c9-ad7e-5cd343ba9ee5&fields=id&fields=name HTTP/1.1" status: 200 len: 312 time: 0.0344310
2026-05-19 14:35:16.311 10 INFO neutron.api.wsgi [None req-c1ea95cf-bd21-4632-98b5-9de6e4dbc6cb 2dde46222f0c4d05a92e6dc79753c2dc 8cf13f659408417abb79369600a91022 - - default default] 10.0.0.120 "DELETE /v2.0/security-groups/f742ae75-1ee4-4f0d-a525-610b98be9745 HTTP/1.1" status: 204 len: 168 time: 0.2267506
2026-05-19 14:35:16.797 10 WARNING neutron.plugins.ml2.drivers.ovn.mech_driver.ovsdb.ovn_client [None req-fbbba721-06c8-45e4-a441-8e21a0dc1c34 - - - - - -] No port found with ID b5bf5f5a-667b-4f03-9912-e9a3bfa71b3d: RuntimeError: No port found with ID b5bf5f5a-667b-4f03-9912-e9a3bfa71b3d
2026-05-19 14:35:17.129 9 INFO neutron.api.wsgi [None req-15cd6c21-e14b-4f7e-a8ee-7f86c8087cc6 34eaca83697442fe88cd4b2f5f1aaf57 52bf06edde694e30944824390587a589 - - default default] 10.0.0.120 "DELETE /v2.0/security-groups/174ea223-b2da-4ee6-b8b0-2943a3421d2b HTTP/1.1" status: 204 len: 168 time: 0.1340668
2026-05-19 14:35:17.143 9 INFO neutron.api.v2.resource [None req-030dd2cd-822f-4062-b10a-f4be534a3697 34eaca83697442fe88cd4b2f5f1aaf57 52bf06edde694e30944824390587a589 - - default default] show failed (client error): The resource could not be found.
2026-05-19 14:35:17.144 9 INFO neutron.api.wsgi [None req-030dd2cd-822f-4062-b10a-f4be534a3697 34eaca83697442fe88cd4b2f5f1aaf57 52bf06edde694e30944824390587a589 - - default default] 10.0.0.120 "GET /v2.0/security-groups/174ea223-b2da-4ee6-b8b0-2943a3421d2b HTTP/1.1" status: 404 len: 347 time: 0.0099857
2026-05-19 14:35:17.356 9 INFO neutron.api.wsgi [req-1c0a778d-165b-4315-984c-3a5a2d777775 req-ee33c69f-e315-4149-930d-420c47a65dd8 e268f250a80f4e08bac63abcb643933f 05604eb34c1146fc8731574f19598ed8 - - default default] 10.0.0.9 "GET /v2.0/ports?device_id=1d5bc08f-bb27-4dda-84ce-f56e9d81e397 HTTP/1.1" status: 200 len: 1172 time: 0.1003199
2026-05-19 14:35:17.411 9 INFO neutron.api.wsgi [req-1c0a778d-165b-4315-984c-3a5a2d777775 req-7b515f3d-cc5d-4c6f-8bde-5b95d0fbdd37 e268f250a80f4e08bac63abcb643933f 05604eb34c1146fc8731574f19598ed8 - - default default] 10.0.0.9 "GET /v2.0/security-groups?id=0694bafa-b30e-48c9-ad7e-5cd343ba9ee5&fields=id&fields=name HTTP/1.1" status: 200 len: 312 time: 0.0429432
2026-05-19 14:35:17.470 9 INFO neutron.api.wsgi [None req-2a220716-463a-4bb8-88d9-c39e97ec9130 34eaca83697442fe88cd4b2f5f1aaf57 52bf06edde694e30944824390587a589 - - default default] 10.0.0.120 "DELETE /v2.0/floatingips/30040a09-a891-4215-a953-a5f06f8e3f07 HTTP/1.1" status: 204 len: 168 time: 0.3211019 /var/lib/openstack/lib/python3.12/site-packages/pycadf/identifier.py:71: UserWarning: Invalid uuid: neutron. To ensure interoperability, identifiers should be a valid uuid. warnings.warn(('Invalid uuid: %s. To ensure interoperability, '
2026-05-19 14:35:18.156 10 WARNING neutron_lib.context [None req-3b734336-4805-4a49-9444-8ecf8b86f68d 64a647ceba9b44ae99a1705b5948974d 20589f31c475433f99cbf2fcafad27f9 - - default default] Method 'is_advsvc' is deprecated since 2023.2 release (neutron-lib 3.8.0) and will be removed once support for the old RBAC API policies will be removed from Neutron. Please use method 'is_service_role' instead.
2026-05-19 14:35:18.289 10 INFO neutron.db.ovn_revision_numbers_db [None req-3b734336-4805-4a49-9444-8ecf8b86f68d 64a647ceba9b44ae99a1705b5948974d 20589f31c475433f99cbf2fcafad27f9 - - default default] Successfully bumped revision number for resource a13e49ba-1e91-4173-b796-918a134c66d0 (type: security_groups) to 1
2026-05-19 14:35:18.304 10 INFO neutron.db.ovn_revision_numbers_db [None req-3b734336-4805-4a49-9444-8ecf8b86f68d 64a647ceba9b44ae99a1705b5948974d 20589f31c475433f99cbf2fcafad27f9 - - default default] Successfully bumped revision number for resource 8d71aef4-de15-42b4-a293-cf2631f2a02d (type: security_group_rules) to 0
2026-05-19 14:35:18.319 10 INFO neutron.db.ovn_revision_numbers_db [None req-3b734336-4805-4a49-9444-8ecf8b86f68d 64a647ceba9b44ae99a1705b5948974d 20589f31c475433f99cbf2fcafad27f9 - - default default] Successfully bumped revision number for resource 98bf13eb-71f0-4b25-aa86-79fa0404d282 (type: security_group_rules) to 0
2026-05-19 14:35:18.331 10 INFO neutron.db.ovn_revision_numbers_db [None req-3b734336-4805-4a49-9444-8ecf8b86f68d 64a647ceba9b44ae99a1705b5948974d 20589f31c475433f99cbf2fcafad27f9 - - default default] Successfully bumped revision number for resource a927961e-284c-4194-802f-3afa748e8936 (type: security_group_rules) to 0
2026-05-19 14:35:18.345 10 INFO neutron.db.ovn_revision_numbers_db [None req-3b734336-4805-4a49-9444-8ecf8b86f68d 64a647ceba9b44ae99a1705b5948974d 20589f31c475433f99cbf2fcafad27f9 - - default default] Successfully bumped revision number for resource b17bfc83-b53f-4179-90d3-d15a27f054cd (type: security_group_rules) to 0
2026-05-19 14:35:18.419 10 INFO neutron.db.segments_db [None req-3b734336-4805-4a49-9444-8ecf8b86f68d 64a647ceba9b44ae99a1705b5948974d 20589f31c475433f99cbf2fcafad27f9 - - default default] Added segment 3cf906b2-281f-4346-a6b1-6146c4df6f1e of type geneve for network 0fa879d4-09ed-485c-8760-6a4b898da0e2
2026-05-19 14:35:18.452 9 INFO neutron.api.wsgi [None req-b4ca9861-d8f8-441e-9489-a79bfc92220b 2dde46222f0c4d05a92e6dc79753c2dc 8cf13f659408417abb79369600a91022 - - default default] 10.0.0.120 "PUT /v2.0/routers/393d043c-73a3-457b-a22e-8ce07c79fc83/remove_router_interface HTTP/1.1" status: 200 len: 503 time: 0.9081497 /var/lib/openstack/lib/python3.12/site-packages/pycadf/identifier.py:71: UserWarning: Invalid uuid: neutron. To ensure interoperability, identifiers should be a valid uuid. warnings.warn(('Invalid uuid: %s. To ensure interoperability, '
2026-05-19 14:35:18.547 9 INFO neutron.api.wsgi [req-49aeef5f-b457-4686-93d6-2c73f4f66b52 req-d563c9ed-a359-43e2-8058-ce88ef7b700f e268f250a80f4e08bac63abcb643933f 05604eb34c1146fc8731574f19598ed8 - - default default] 10.0.0.9 "GET /v2.0/ports?device_id=1d5bc08f-bb27-4dda-84ce-f56e9d81e397 HTTP/1.1" status: 200 len: 1172 time: 0.0664368
2026-05-19 14:35:18.581 10 INFO neutron.db.ovn_revision_numbers_db [None req-3b734336-4805-4a49-9444-8ecf8b86f68d 64a647ceba9b44ae99a1705b5948974d 20589f31c475433f99cbf2fcafad27f9 - - default default] Successfully bumped revision number for resource 0fa879d4-09ed-485c-8760-6a4b898da0e2 (type: networks) to 1
2026-05-19 14:35:18.595 9 INFO neutron.api.wsgi [req-49aeef5f-b457-4686-93d6-2c73f4f66b52 req-31049655-daca-4d26-9c5d-b7d828b75fc8 e268f250a80f4e08bac63abcb643933f 05604eb34c1146fc8731574f19598ed8 - - default default] 10.0.0.9 "GET /v2.0/security-groups?id=0694bafa-b30e-48c9-ad7e-5cd343ba9ee5&fields=id&fields=name HTTP/1.1" status: 200 len: 312 time: 0.0344071
2026-05-19 14:35:18.777 10 WARNING neutron.scheduler.dhcp_agent_scheduler [None req-3b734336-4805-4a49-9444-8ecf8b86f68d 64a647ceba9b44ae99a1705b5948974d 20589f31c475433f99cbf2fcafad27f9 - - default default] No more DHCP agents
2026-05-19 14:35:18.778 10 WARNING neutron.api.rpc.agentnotifiers.dhcp_rpc_agent_api [None req-3b734336-4805-4a49-9444-8ecf8b86f68d 64a647ceba9b44ae99a1705b5948974d 20589f31c475433f99cbf2fcafad27f9 - - default default] Unable to schedule network 0fa879d4-09ed-485c-8760-6a4b898da0e2: no agents available; will retry on subsequent port and subnet creation events.
2026-05-19 14:35:18.851 10 INFO neutron.db.ovn_revision_numbers_db [None req-3b734336-4805-4a49-9444-8ecf8b86f68d 64a647ceba9b44ae99a1705b5948974d 20589f31c475433f99cbf2fcafad27f9 - - default default] Successfully bumped revision number for resource 12b2bb8f-18cc-42b6-8cd1-5ac003aff6be (type: ports) to 1
2026-05-19 14:35:18.875 10 INFO neutron.api.wsgi [None req-3b734336-4805-4a49-9444-8ecf8b86f68d 64a647ceba9b44ae99a1705b5948974d 20589f31c475433f99cbf2fcafad27f9 - - default default] 10.0.0.120 "POST /v2.0/networks HTTP/1.1" status: 201 len: 828 time: 0.8789299
2026-05-19 14:35:18.884 10 WARNING neutron_lib.context [None req-dd90aa73-cc72-4a20-af3a-34db127ccff0 64a647ceba9b44ae99a1705b5948974d 20589f31c475433f99cbf2fcafad27f9 - - default default] Method 'is_advsvc' is deprecated since 2023.2 release (neutron-lib 3.8.0) and will be removed once support for the old RBAC API policies will be removed from Neutron. Please use method 'is_service_role' instead.
2026-05-19 14:35:18.977 10 INFO neutron.db.segments_db [None req-dd90aa73-cc72-4a20-af3a-34db127ccff0 64a647ceba9b44ae99a1705b5948974d 20589f31c475433f99cbf2fcafad27f9 - - default default] Added segment 3b8ff193-910d-4afe-b9fd-fdc20e463754 of type geneve for network 7871652f-351e-4564-88a8-fd908a7a64c9
2026-05-19 14:35:19.132 10 INFO neutron.db.ovn_revision_numbers_db [None req-dd90aa73-cc72-4a20-af3a-34db127ccff0 64a647ceba9b44ae99a1705b5948974d 20589f31c475433f99cbf2fcafad27f9 - - default default] Successfully bumped revision number for resource 7871652f-351e-4564-88a8-fd908a7a64c9 (type: networks) to 1
2026-05-19 14:35:19.229 10 INFO neutron.api.wsgi [None req-c5c791e6-c7c0-43b4-a4a8-ed0fad845bd2 2dde46222f0c4d05a92e6dc79753c2dc 8cf13f659408417abb79369600a91022 - - default default] 10.0.0.120 "DELETE /v2.0/routers/393d043c-73a3-457b-a22e-8ce07c79fc83 HTTP/1.1" status: 204 len: 168 time: 0.7727993
2026-05-19 14:35:19.319 10 WARNING neutron.scheduler.dhcp_agent_scheduler [None req-dd90aa73-cc72-4a20-af3a-34db127ccff0 64a647ceba9b44ae99a1705b5948974d 20589f31c475433f99cbf2fcafad27f9 - - default default] No more DHCP agents
2026-05-19 14:35:19.321 10 WARNING neutron.api.rpc.agentnotifiers.dhcp_rpc_agent_api [None req-dd90aa73-cc72-4a20-af3a-34db127ccff0 64a647ceba9b44ae99a1705b5948974d 20589f31c475433f99cbf2fcafad27f9 - - default default] Unable to schedule network 7871652f-351e-4564-88a8-fd908a7a64c9: no agents available; will retry on subsequent port and subnet creation events.
2026-05-19 14:35:19.386 10 INFO neutron.db.ovn_revision_numbers_db [None req-dd90aa73-cc72-4a20-af3a-34db127ccff0 64a647ceba9b44ae99a1705b5948974d 20589f31c475433f99cbf2fcafad27f9 - - default default] Successfully bumped revision number for resource d2c40117-d1f3-4116-8137-e2094786f3ab (type: ports) to 1
2026-05-19 14:35:19.397 9 INFO neutron.api.wsgi [None req-e94acc5b-514c-4b7c-a6ea-bee4b51215e0 2dde46222f0c4d05a92e6dc79753c2dc 8cf13f659408417abb79369600a91022 - - default default] 10.0.0.120 "DELETE /v2.0/subnets/437a74de-83ea-484a-b19e-4dfd690d8287 HTTP/1.1" status: 204 len: 168 time: 0.1618993
2026-05-19 14:35:19.408 10 INFO neutron.api.wsgi [None req-dd90aa73-cc72-4a20-af3a-34db127ccff0 64a647ceba9b44ae99a1705b5948974d 20589f31c475433f99cbf2fcafad27f9 - - default default] 10.0.0.120 "POST /v2.0/networks HTTP/1.1" status: 201 len: 828 time: 0.5278938
2026-05-19 14:35:19.418 9 WARNING neutron_lib.context [None req-f04b19c2-8c92-46b5-a7aa-cfce012b6c20 64a647ceba9b44ae99a1705b5948974d 20589f31c475433f99cbf2fcafad27f9 - - default default] Method 'is_advsvc' is deprecated since 2023.2 release (neutron-lib 3.8.0) and will be removed once support for the old RBAC API policies will be removed from Neutron. Please use method 'is_service_role' instead.
2026-05-19 14:35:19.638 9 WARNING neutron.scheduler.dhcp_agent_scheduler [None req-f04b19c2-8c92-46b5-a7aa-cfce012b6c20 64a647ceba9b44ae99a1705b5948974d 20589f31c475433f99cbf2fcafad27f9 - - default default] No more DHCP agents
2026-05-19 14:35:19.639 9 WARNING neutron.api.rpc.agentnotifiers.dhcp_rpc_agent_api [None req-f04b19c2-8c92-46b5-a7aa-cfce012b6c20 64a647ceba9b44ae99a1705b5948974d 20589f31c475433f99cbf2fcafad27f9 - - default default] Unable to schedule network 0fa879d4-09ed-485c-8760-6a4b898da0e2: no agents available; will retry on subsequent port and subnet creation events.
2026-05-19 14:35:19.697 10 INFO neutron.api.wsgi [req-4b968d24-f5b0-46e0-b0b9-418efd1934ec req-3461503e-bbdb-4484-99ed-c4b7a03c099a e268f250a80f4e08bac63abcb643933f 05604eb34c1146fc8731574f19598ed8 - - default default] 10.0.0.9 "GET /v2.0/ports?device_id=1d5bc08f-bb27-4dda-84ce-f56e9d81e397 HTTP/1.1" status: 200 len: 1172 time: 0.0405965
2026-05-19 14:35:19.736 10 INFO neutron.api.wsgi [req-4b968d24-f5b0-46e0-b0b9-418efd1934ec req-48b2516c-e880-4532-856e-1c3a152e1964 e268f250a80f4e08bac63abcb643933f 05604eb34c1146fc8731574f19598ed8 - - default default] 10.0.0.9 "GET /v2.0/security-groups?id=0694bafa-b30e-48c9-ad7e-5cd343ba9ee5&fields=id&fields=name HTTP/1.1" status: 200 len: 312 time: 0.0335867
2026-05-19 14:35:19.774 9 INFO neutron.services.segments.plugin [-] Segment da2e4e66-e65b-478c-8daa-563cbaf5e11c resource provider aggregate not found
2026-05-19 14:35:19.777 9 INFO neutron.services.segments.plugin [-] Segment da2e4e66-e65b-478c-8daa-563cbaf5e11c resource provider aggregate not found
2026-05-19 14:35:19.786 9 INFO neutron.services.segments.plugin [-] Segment da2e4e66-e65b-478c-8daa-563cbaf5e11c resource provider not found; error: Placement Client Error (4xx): {"errors": [{"status": 404, "title": "Not Found", "detail": "The resource could not be found.\n\n No resource provider with uuid da2e4e66-e65b-478c-8daa-563cbaf5e11c found for delete ", "request_id": "req-841c64a2-7535-483c-ad43-9f3243544b8c"}]}
2026-05-19 14:35:19.792 9 INFO neutron.services.segments.plugin [-] Segment da2e4e66-e65b-478c-8daa-563cbaf5e11c resource provider not found; error: Placement Client Error (4xx): {"errors": [{"status": 404, "title": "Not Found", "detail": "The resource could not be found.\n\n No resource provider with uuid da2e4e66-e65b-478c-8daa-563cbaf5e11c found for delete ", "request_id": "req-221c632a-f172-4ee7-a811-01a51ccc3d1c"}]}
2026-05-19 14:35:19.822 9 INFO neutron.api.wsgi [None req-a3951fca-10a1-45ed-a180-3dea746c068c 2dde46222f0c4d05a92e6dc79753c2dc 8cf13f659408417abb79369600a91022 - - default default] 10.0.0.120 "DELETE /v2.0/networks/8db21d3e-9f98-4e8e-8a44-f78372612630 HTTP/1.1" status: 204 len: 168 time: 0.4200652
2026-05-19 14:35:19.837 9 WARNING neutron.plugins.ml2.drivers.ovn.mech_driver.ovsdb.ovn_client [None req-bace3c63-d4d7-4a3c-ab5f-8ae0d8a23d8d - - - - - -] No port found with ID 75001f3f-d3c6-4b2d-80c3-4f001ca8178f: RuntimeError: No port found with ID 75001f3f-d3c6-4b2d-80c3-4f001ca8178f
2026-05-19 14:35:19.837 9 INFO neutron.plugins.ml2.drivers.ovn.mech_driver.mech_driver [None req-bace3c63-d4d7-4a3c-ab5f-8ae0d8a23d8d - - - - - -] OVN reports status up for port: 6db64804-b7c8-479f-b4ea-79fa402cd434
2026-05-19 14:35:19.850 9 INFO neutron.plugins.ml2.plugin [None req-bace3c63-d4d7-4a3c-ab5f-8ae0d8a23d8d - - - - - -] Attempt 1 to provision port 6db64804-b7c8-479f-b4ea-79fa402cd434
2026-05-19 14:35:19.966 9 INFO neutron.notifiers.nova [-] Nova event matching ['req-f6a088b2-7602-42c9-9922-f9254bb13ee2'] response: {'server_uuid': '1d5bc08f-bb27-4dda-84ce-f56e9d81e397', 'name': 'network-vif-plugged', 'status': 'completed', 'tag': '6db64804-b7c8-479f-b4ea-79fa402cd434', 'code': 200}
2026-05-19 14:35:20.025 10 INFO neutron.api.wsgi [None req-0e32e6df-003f-43a7-aedc-59a45fb81240 2dde46222f0c4d05a92e6dc79753c2dc 8cf13f659408417abb79369600a91022 - - default default] 10.0.0.120 "GET /v2.0/security-groups?tenant_id=52bf06edde694e30944824390587a589&name=default HTTP/1.1" status: 200 len: 3120 time: 0.0401142
2026-05-19 14:35:20.115 9 INFO neutron.db.ovn_revision_numbers_db [None req-bace3c63-d4d7-4a3c-ab5f-8ae0d8a23d8d - - - - - -] Successfully bumped revision number for resource 6db64804-b7c8-479f-b4ea-79fa402cd434 (type: ports) to 5
2026-05-19 14:35:20.147 9 INFO neutron.db.ovn_revision_numbers_db [None req-4553ab57-1cfd-4267-b445-f1e4f2aafcf5 - - - - - -] Successfully bumped revision number for resource 12b2bb8f-18cc-42b6-8cd1-5ac003aff6be (type: ports) to 2
2026-05-19 14:35:20.188 9 INFO neutron.db.ovn_revision_numbers_db [None req-4553ab57-1cfd-4267-b445-f1e4f2aafcf5 - - - - - -] Successfully bumped revision number for resource f8a2172d-32d3-4be3-9ed9-39a134b19401 (type: subnets) to 0
2026-05-19 14:35:20.208 9 INFO neutron.api.wsgi [None req-f04b19c2-8c92-46b5-a7aa-cfce012b6c20 64a647ceba9b44ae99a1705b5948974d 20589f31c475433f99cbf2fcafad27f9 - - default default] 10.0.0.120 "POST /v2.0/subnets HTTP/1.1" status: 201 len: 825 time: 0.7952259
2026-05-19 14:35:20.217 10 WARNING neutron_lib.context [None req-8af0e5f9-6b39-4261-ae4b-7c53313b448d 64a647ceba9b44ae99a1705b5948974d 20589f31c475433f99cbf2fcafad27f9 - - default default] Method 'is_advsvc' is deprecated since 2023.2 release (neutron-lib 3.8.0) and will be removed once support for the old RBAC API policies will be removed from Neutron. Please use method 'is_service_role' instead.
2026-05-19 14:35:20.285 9 INFO neutron.api.wsgi [None req-4cee631d-58cf-4831-9123-95f9cc4d7e7f 2dde46222f0c4d05a92e6dc79753c2dc 8cf13f659408417abb79369600a91022 - - default default] 10.0.0.120 "DELETE /v2.0/security-groups/8cb087a4-b48d-4c45-8219-4ad7be3e5c7a HTTP/1.1" status: 204 len: 168 time: 0.2554650
2026-05-19 14:35:20.435 10 WARNING neutron.scheduler.dhcp_agent_scheduler [None req-8af0e5f9-6b39-4261-ae4b-7c53313b448d 64a647ceba9b44ae99a1705b5948974d 20589f31c475433f99cbf2fcafad27f9 - - default default] No more DHCP agents
2026-05-19 14:35:20.437 10 WARNING neutron.api.rpc.agentnotifiers.dhcp_rpc_agent_api [None req-8af0e5f9-6b39-4261-ae4b-7c53313b448d 64a647ceba9b44ae99a1705b5948974d 20589f31c475433f99cbf2fcafad27f9 - - default default] Unable to schedule network 7871652f-351e-4564-88a8-fd908a7a64c9: no agents available; will retry on subsequent port and subnet creation events.
2026-05-19 14:35:20.895 10 INFO neutron.api.wsgi [req-0d694188-82b1-4b23-8c5a-6b7428f3b074 req-731dbd5f-651d-461d-8259-85f19e4b76e3 e268f250a80f4e08bac63abcb643933f 05604eb34c1146fc8731574f19598ed8 - - default default] 10.0.0.9 "GET /v2.0/ports?device_id=1d5bc08f-bb27-4dda-84ce-f56e9d81e397 HTTP/1.1" status: 200 len: 1174 time: 0.1019533
2026-05-19 14:35:20.906 10 INFO neutron.db.ovn_revision_numbers_db [None req-33eea2a8-e0d1-4406-99cb-bc5c6dd870e6 - - - - - -] Successfully bumped revision number for resource d2c40117-d1f3-4116-8137-e2094786f3ab (type: ports) to 2
2026-05-19 14:35:20.948 10 INFO neutron.api.wsgi [req-0d694188-82b1-4b23-8c5a-6b7428f3b074 req-7a43baa5-d167-49af-8f20-904f03289705 e268f250a80f4e08bac63abcb643933f 05604eb34c1146fc8731574f19598ed8 - - default default] 10.0.0.9 "GET /v2.0/security-groups?id=0694bafa-b30e-48c9-ad7e-5cd343ba9ee5&fields=id&fields=name HTTP/1.1" status: 200 len: 312 time: 0.0460396
2026-05-19 14:35:20.951 10 INFO neutron.db.ovn_revision_numbers_db [None req-33eea2a8-e0d1-4406-99cb-bc5c6dd870e6 - - - - - -] Successfully bumped revision number for resource d0bca40b-2b12-40f0-b022-bbd920f6b3c3 (type: subnets) to 0
2026-05-19 14:35:20.975 10 INFO neutron.api.wsgi [-] 10.0.0.154 "GET / HTTP/1.1" status: 200 len: 245 time: 0.0019174
2026-05-19 14:35:20.977 10 INFO neutron.api.wsgi [-] 10.0.0.154 "GET / HTTP/1.1" status: 200 len: 245 time: 0.0014319
2026-05-19 14:35:20.981 10 INFO neutron.api.wsgi [None req-8af0e5f9-6b39-4261-ae4b-7c53313b448d 64a647ceba9b44ae99a1705b5948974d 20589f31c475433f99cbf2fcafad27f9 - - default default] 10.0.0.120 "POST /v2.0/subnets HTTP/1.1" status: 201 len: 825 time: 0.7687473
2026-05-19 14:35:20.991 10 WARNING neutron_lib.context [None req-fc2390ef-8717-4e09-847f-c03a4390f740 64a647ceba9b44ae99a1705b5948974d 20589f31c475433f99cbf2fcafad27f9 - - default default] Method 'is_advsvc' is deprecated since 2023.2 release (neutron-lib 3.8.0) and will be removed once support for the old RBAC API policies will be removed from Neutron. Please use method 'is_service_role' instead.
2026-05-19 14:35:21.095 10 INFO neutron.db.ovn_revision_numbers_db [None req-fc2390ef-8717-4e09-847f-c03a4390f740 64a647ceba9b44ae99a1705b5948974d 20589f31c475433f99cbf2fcafad27f9 - - default default] Successfully bumped revision number for resource edbbd87e-6f13-48e9-87d5-1f75523c75f9 (type: routers) to 1
2026-05-19 14:35:21.111 10 INFO neutron.api.wsgi [None req-fc2390ef-8717-4e09-847f-c03a4390f740 64a647ceba9b44ae99a1705b5948974d 20589f31c475433f99cbf2fcafad27f9 - - default default] 10.0.0.120 "POST /v2.0/routers HTTP/1.1" status: 201 len: 802 time: 0.1254518
2026-05-19 14:35:21.491 10 WARNING neutron.scheduler.dhcp_agent_scheduler [None req-a23f9f02-afbf-47dd-ae32-18c8397da9e6 64a647ceba9b44ae99a1705b5948974d 20589f31c475433f99cbf2fcafad27f9 - - default default] No more DHCP agents
2026-05-19 14:35:21.493 10 WARNING neutron.api.rpc.agentnotifiers.dhcp_rpc_agent_api [None req-a23f9f02-afbf-47dd-ae32-18c8397da9e6 64a647ceba9b44ae99a1705b5948974d 20589f31c475433f99cbf2fcafad27f9 - - default default] Unable to schedule network 0fa879d4-09ed-485c-8760-6a4b898da0e2: no agents available; will retry on subsequent port and subnet creation events.
2026-05-19 14:35:21.628 10 INFO neutron.db.ovn_revision_numbers_db [None req-a23f9f02-afbf-47dd-ae32-18c8397da9e6 64a647ceba9b44ae99a1705b5948974d 20589f31c475433f99cbf2fcafad27f9 - - default default] Successfully bumped revision number for resource 6fb6cb38-7ca2-41a8-9f2f-791ec5de08c6 (type: ports) to 1
2026-05-19 14:35:22.007 9 INFO neutron.notifiers.nova [-] Nova event matching ['req-6e0608bc-eefb-4e45-8639-d3350ab6acbb'] response: {'server_uuid': '1d5bc08f-bb27-4dda-84ce-f56e9d81e397', 'name': 'network-vif-plugged', 'status': 'completed', 'tag': '6db64804-b7c8-479f-b4ea-79fa402cd434', 'code': 200}
2026-05-19 14:35:22.051 10 INFO neutron.api.wsgi [req-056862ff-9b62-4e6c-a972-b51e967523a7 req-21dc876a-d85c-4b66-99fa-5830d6aab65c e268f250a80f4e08bac63abcb643933f 05604eb34c1146fc8731574f19598ed8 - - default default] 10.0.0.9 "GET /v2.0/ports?device_id=1d5bc08f-bb27-4dda-84ce-f56e9d81e397 HTTP/1.1" status: 200 len: 1174 time: 0.0357370
2026-05-19 14:35:22.108 10 INFO neutron.api.wsgi [req-056862ff-9b62-4e6c-a972-b51e967523a7 req-e0933280-b1ff-4161-a5bc-fd264f5b94a4 e268f250a80f4e08bac63abcb643933f 05604eb34c1146fc8731574f19598ed8 - - default default] 10.0.0.9 "GET /v2.0/security-groups?id=0694bafa-b30e-48c9-ad7e-5cd343ba9ee5&fields=id&fields=name HTTP/1.1" status: 200 len: 312 time: 0.0495121
2026-05-19 14:35:22.159 9 INFO neutron.plugins.ml2.drivers.ovn.mech_driver.mech_driver [None req-0a231b00-a4ac-44c9-8941-f360dadb2fca - - - - - -] OVN reports status up for port: 6fb6cb38-7ca2-41a8-9f2f-791ec5de08c6
2026-05-19 14:35:22.168 9 INFO neutron.plugins.ml2.plugin [None req-0a231b00-a4ac-44c9-8941-f360dadb2fca - - - - - -] Attempt 1 to provision port 6fb6cb38-7ca2-41a8-9f2f-791ec5de08c6
2026-05-19 14:35:22.185 10 INFO neutron.db.ovn_revision_numbers_db [None req-a23f9f02-afbf-47dd-ae32-18c8397da9e6 64a647ceba9b44ae99a1705b5948974d 20589f31c475433f99cbf2fcafad27f9 - - default default] Successfully bumped revision number for resource 6fb6cb38-7ca2-41a8-9f2f-791ec5de08c6 (type: ports) to 1 /var/lib/openstack/lib/python3.12/site-packages/pycadf/identifier.py:71: UserWarning: Invalid uuid: neutron. To ensure interoperability, identifiers should be a valid uuid. warnings.warn(('Invalid uuid: %s. To ensure interoperability, '
2026-05-19 14:35:22.243 9 INFO neutron.api.wsgi [req-50c2af81-25e4-4cbe-912c-3dbf1000d0d3 req-74adcaaf-2323-4c1e-a20f-d93fd7daa09f e268f250a80f4e08bac63abcb643933f 05604eb34c1146fc8731574f19598ed8 - - default default] 10.0.0.9 "GET /v2.0/ports?device_id=1d5bc08f-bb27-4dda-84ce-f56e9d81e397 HTTP/1.1" status: 200 len: 1174 time: 0.0591438
2026-05-19 14:35:22.262 10 WARNING neutron.scheduler.dhcp_agent_scheduler [None req-a23f9f02-afbf-47dd-ae32-18c8397da9e6 64a647ceba9b44ae99a1705b5948974d 20589f31c475433f99cbf2fcafad27f9 - - default default] No more DHCP agents
2026-05-19 14:35:22.264 10 WARNING neutron.api.rpc.agentnotifiers.dhcp_rpc_agent_api [None req-a23f9f02-afbf-47dd-ae32-18c8397da9e6 64a647ceba9b44ae99a1705b5948974d 20589f31c475433f99cbf2fcafad27f9 - - default default] Unable to schedule network 0fa879d4-09ed-485c-8760-6a4b898da0e2: no agents available; will retry on subsequent port and subnet creation events.
2026-05-19 14:35:22.430 10 INFO neutron.db.ovn_revision_numbers_db [None req-a23f9f02-afbf-47dd-ae32-18c8397da9e6 64a647ceba9b44ae99a1705b5948974d 20589f31c475433f99cbf2fcafad27f9 - - default default] Successfully bumped revision number for resource 6fb6cb38-7ca2-41a8-9f2f-791ec5de08c6 (type: router_ports) to 1
2026-05-19 14:35:22.435 10 INFO neutron.api.wsgi [None req-a23f9f02-afbf-47dd-ae32-18c8397da9e6 64a647ceba9b44ae99a1705b5948974d 20589f31c475433f99cbf2fcafad27f9 - - default default] 10.0.0.120 "PUT /v2.0/routers/edbbd87e-6f13-48e9-87d5-1f75523c75f9/add_router_interface HTTP/1.1" status: 200 len: 503 time: 1.3186276
2026-05-19 14:35:22.518 10 INFO neutron.api.wsgi [None req-5a303527-d35a-4f9d-b553-224eb2c55182 64a647ceba9b44ae99a1705b5948974d 20589f31c475433f99cbf2fcafad27f9 - - default default] 10.0.0.120 "GET /v2.0/ports/6fb6cb38-7ca2-41a8-9f2f-791ec5de08c6 HTTP/1.1" status: 200 len: 1135 time: 0.0757825
2026-05-19 14:35:22.839 9 INFO neutron.db.ovn_revision_numbers_db [None req-761d6b23-dd9f-44d9-9e5d-7a4a18368ffc 2dde46222f0c4d05a92e6dc79753c2dc 8cf13f659408417abb79369600a91022 - - default default] Successfully bumped revision number for resource afcf3d01-62c2-448e-991d-d87013f5c054 (type: security_groups) to 1
2026-05-19 14:35:22.871 9 INFO neutron.db.ovn_revision_numbers_db [None req-761d6b23-dd9f-44d9-9e5d-7a4a18368ffc 2dde46222f0c4d05a92e6dc79753c2dc 8cf13f659408417abb79369600a91022 - - default default] Successfully bumped revision number for resource 18b9a5bb-6305-49eb-94f5-6815400fa658 (type: security_group_rules) to 0
2026-05-19 14:35:22.913 9 INFO neutron.db.ovn_revision_numbers_db [None req-761d6b23-dd9f-44d9-9e5d-7a4a18368ffc 2dde46222f0c4d05a92e6dc79753c2dc 8cf13f659408417abb79369600a91022 - - default default] Successfully bumped revision number for resource 246e90ac-6307-4428-8c25-42fb557e0ea5 (type: security_group_rules) to 0
2026-05-19 14:35:22.938 9 INFO neutron.db.ovn_revision_numbers_db [None req-761d6b23-dd9f-44d9-9e5d-7a4a18368ffc 2dde46222f0c4d05a92e6dc79753c2dc 8cf13f659408417abb79369600a91022 - - default default] Successfully bumped revision number for resource 6c5c8a3e-bbb2-4b52-a7d4-13f1cd276344 (type: security_group_rules) to 0
2026-05-19 14:35:22.951 10 WARNING neutron.scheduler.dhcp_agent_scheduler [None req-46e40e44-dae4-4920-b068-83147a24637d 64a647ceba9b44ae99a1705b5948974d 20589f31c475433f99cbf2fcafad27f9 - - default default] No more DHCP agents
2026-05-19 14:35:22.953 10 WARNING neutron.api.rpc.agentnotifiers.dhcp_rpc_agent_api [None req-46e40e44-dae4-4920-b068-83147a24637d 64a647ceba9b44ae99a1705b5948974d 20589f31c475433f99cbf2fcafad27f9 - - default default] Unable to schedule network 7871652f-351e-4564-88a8-fd908a7a64c9: no agents available; will retry on subsequent port and subnet creation events.
2026-05-19 14:35:22.968 9 INFO neutron.db.ovn_revision_numbers_db [None req-761d6b23-dd9f-44d9-9e5d-7a4a18368ffc 2dde46222f0c4d05a92e6dc79753c2dc 8cf13f659408417abb79369600a91022 - - default default] Successfully bumped revision number for resource d7158428-0a30-403c-bdb5-2255b51f6dca (type: security_group_rules) to 0
2026-05-19 14:35:23.027 9 INFO neutron.db.ovn_revision_numbers_db [None req-0a231b00-a4ac-44c9-8941-f360dadb2fca - - - - - -] Successfully bumped revision number for resource 6fb6cb38-7ca2-41a8-9f2f-791ec5de08c6 (type: ports) to 2
2026-05-19 14:35:23.066 9 INFO neutron.db.segments_db [None req-761d6b23-dd9f-44d9-9e5d-7a4a18368ffc 2dde46222f0c4d05a92e6dc79753c2dc 8cf13f659408417abb79369600a91022 - - default default] Added segment 7ce12b30-7d01-4ef1-9f74-152c7197e5fe of type geneve for network a8407397-49a0-4241-826e-836af0360334
2026-05-19 14:35:23.085 10 INFO neutron.db.ovn_revision_numbers_db [None req-46e40e44-dae4-4920-b068-83147a24637d 64a647ceba9b44ae99a1705b5948974d 20589f31c475433f99cbf2fcafad27f9 - - default default] Successfully bumped revision number for resource 00a03178-4e24-4aca-a784-748dccd6d315 (type: ports) to 1
2026-05-19 14:35:23.191 9 INFO neutron.db.ovn_revision_numbers_db [None req-8e470e0c-3e78-43e0-baf9-2deb4341fd07 e268f250a80f4e08bac63abcb643933f 05604eb34c1146fc8731574f19598ed8 - - default default] Successfully bumped revision number for resource c2c6ef0f-ee4a-4ae8-b9ba-21b73d523629 (type: floatingips) to 1
2026-05-19 14:35:23.257 9 INFO neutron.db.ovn_revision_numbers_db [None req-761d6b23-dd9f-44d9-9e5d-7a4a18368ffc 2dde46222f0c4d05a92e6dc79753c2dc 8cf13f659408417abb79369600a91022 - - default default] Successfully bumped revision number for resource a8407397-49a0-4241-826e-836af0360334 (type: networks) to 1
2026-05-19 14:35:23.312 9 INFO neutron.db.ovn_revision_numbers_db [None req-8e470e0c-3e78-43e0-baf9-2deb4341fd07 e268f250a80f4e08bac63abcb643933f 05604eb34c1146fc8731574f19598ed8 - - default default] Successfully bumped revision number for resource c2c6ef0f-ee4a-4ae8-b9ba-21b73d523629 (type: floatingips) to 2
2026-05-19 14:35:23.312 9 INFO neutron.db.l3_db [None req-8e470e0c-3e78-43e0-baf9-2deb4341fd07 e268f250a80f4e08bac63abcb643933f 05604eb34c1146fc8731574f19598ed8 - - default default] Floating IP c2c6ef0f-ee4a-4ae8-b9ba-21b73d523629 associated. External IP: 10.96.250.213, port: 6db64804-b7c8-479f-b4ea-79fa402cd434.
2026-05-19 14:35:23.341 9 INFO neutron.api.wsgi [None req-8e470e0c-3e78-43e0-baf9-2deb4341fd07 e268f250a80f4e08bac63abcb643933f 05604eb34c1146fc8731574f19598ed8 - - default default] 10.0.0.120 "PUT /v2.0/floatingips/c2c6ef0f-ee4a-4ae8-b9ba-21b73d523629 HTTP/1.1" status: 200 len: 1050 time: 1.0787883
2026-05-19 14:35:23.421 9 WARNING neutron.scheduler.dhcp_agent_scheduler [None req-761d6b23-dd9f-44d9-9e5d-7a4a18368ffc 2dde46222f0c4d05a92e6dc79753c2dc 8cf13f659408417abb79369600a91022 - - default default] No more DHCP agents
2026-05-19 14:35:23.423 9 WARNING neutron.api.rpc.agentnotifiers.dhcp_rpc_agent_api [None req-761d6b23-dd9f-44d9-9e5d-7a4a18368ffc 2dde46222f0c4d05a92e6dc79753c2dc 8cf13f659408417abb79369600a91022 - - default default] Unable to schedule network a8407397-49a0-4241-826e-836af0360334: no agents available; will retry on subsequent port and subnet creation events.
2026-05-19 14:35:23.485 9 INFO neutron.db.ovn_revision_numbers_db [None req-761d6b23-dd9f-44d9-9e5d-7a4a18368ffc 2dde46222f0c4d05a92e6dc79753c2dc 8cf13f659408417abb79369600a91022 - - default default] Successfully bumped revision number for resource 45a526d4-b266-4132-a64a-e888eb8b2075 (type: ports) to 1
2026-05-19 14:35:23.507 9 INFO neutron.api.wsgi [None req-761d6b23-dd9f-44d9-9e5d-7a4a18368ffc 2dde46222f0c4d05a92e6dc79753c2dc 8cf13f659408417abb79369600a91022 - - default default] 10.0.0.120 "POST /v2.0/networks HTTP/1.1" status: 201 len: 939 time: 1.4814157
2026-05-19 14:35:23.714 10 WARNING neutron.scheduler.dhcp_agent_scheduler [None req-08dc06d4-1e60-42bf-a855-1ca3b5f62e7b 2dde46222f0c4d05a92e6dc79753c2dc 8cf13f659408417abb79369600a91022 - - default default] No more DHCP agents
2026-05-19 14:35:23.715 10 WARNING neutron.api.rpc.agentnotifiers.dhcp_rpc_agent_api [None req-08dc06d4-1e60-42bf-a855-1ca3b5f62e7b 2dde46222f0c4d05a92e6dc79753c2dc 8cf13f659408417abb79369600a91022 - - default default] Unable to schedule network a8407397-49a0-4241-826e-836af0360334: no agents available; will retry on subsequent port and subnet creation events.
2026-05-19 14:35:23.955 10 INFO neutron.plugins.ml2.drivers.ovn.mech_driver.mech_driver [None req-fbbba721-06c8-45e4-a441-8e21a0dc1c34 - - - - - -] OVN reports status up for port: 00a03178-4e24-4aca-a784-748dccd6d315
2026-05-19 14:35:23.982 10 INFO neutron.plugins.ml2.plugin [None req-fbbba721-06c8-45e4-a441-8e21a0dc1c34 - - - - - -] Attempt 1 to provision port 00a03178-4e24-4aca-a784-748dccd6d315
2026-05-19 14:35:24.039 9 INFO neutron.notifiers.nova [-] Nova event matching ['req-c79ae364-fd53-4280-ae54-e55c432b96a0'] response: {'name': 'network-changed', 'server_uuid': '1d5bc08f-bb27-4dda-84ce-f56e9d81e397', 'tag': '6db64804-b7c8-479f-b4ea-79fa402cd434', 'status': 'completed', 'code': 200}
2026-05-19 14:35:24.042 10 INFO neutron.db.ovn_revision_numbers_db [None req-46e40e44-dae4-4920-b068-83147a24637d 64a647ceba9b44ae99a1705b5948974d 20589f31c475433f99cbf2fcafad27f9 - - default default] Successfully bumped revision number for resource 00a03178-4e24-4aca-a784-748dccd6d315 (type: ports) to 1
2026-05-19 14:35:24.063 10 INFO neutron.db.ovn_revision_numbers_db [None req-2042a911-ef96-4984-8978-bed81630767e 2dde46222f0c4d05a92e6dc79753c2dc 8cf13f659408417abb79369600a91022 - - default default] Successfully bumped revision number for resource 8c78c371-358f-4085-8d02-4db920fb4804 (type: security_groups) to 1
2026-05-19 14:35:24.091 10 INFO neutron.db.ovn_revision_numbers_db [None req-2042a911-ef96-4984-8978-bed81630767e 2dde46222f0c4d05a92e6dc79753c2dc 8cf13f659408417abb79369600a91022 - - default default] Successfully bumped revision number for resource 4be10cb6-9893-4519-ac2e-0952d21748e9 (type: security_group_rules) to 0
2026-05-19 14:35:24.118 10 INFO neutron.db.ovn_revision_numbers_db [None req-2042a911-ef96-4984-8978-bed81630767e 2dde46222f0c4d05a92e6dc79753c2dc 8cf13f659408417abb79369600a91022 - - default default] Successfully bumped revision number for resource 549d3902-5fbf-4d5d-85dd-1cf6fb936a53 (type: security_group_rules) to 0
2026-05-19 14:35:24.147 10 INFO neutron.db.ovn_revision_numbers_db [None req-2042a911-ef96-4984-8978-bed81630767e 2dde46222f0c4d05a92e6dc79753c2dc 8cf13f659408417abb79369600a91022 - - default default] Successfully bumped revision number for resource 7482567d-2cfc-4b64-90ed-f92b595ee579 (type: security_group_rules) to 0
2026-05-19 14:35:24.175 10 WARNING neutron.scheduler.dhcp_agent_scheduler [None req-46e40e44-dae4-4920-b068-83147a24637d 64a647ceba9b44ae99a1705b5948974d 20589f31c475433f99cbf2fcafad27f9 - - default default] No more DHCP agents
2026-05-19 14:35:24.176 10 INFO neutron.db.ovn_revision_numbers_db [None req-2042a911-ef96-4984-8978-bed81630767e 2dde46222f0c4d05a92e6dc79753c2dc 8cf13f659408417abb79369600a91022 - - default default] Successfully bumped revision number for resource f303b7f7-ad92-4eb7-8057-8747e738e665 (type: security_group_rules) to 0
2026-05-19 14:35:24.181 10 WARNING neutron.api.rpc.agentnotifiers.dhcp_rpc_agent_api [None req-46e40e44-dae4-4920-b068-83147a24637d 64a647ceba9b44ae99a1705b5948974d 20589f31c475433f99cbf2fcafad27f9 - - default default] Unable to schedule network 7871652f-351e-4564-88a8-fd908a7a64c9: no agents available; will retry on subsequent port and subnet creation events.
2026-05-19 14:35:24.269 10 INFO neutron.api.wsgi [None req-2042a911-ef96-4984-8978-bed81630767e 2dde46222f0c4d05a92e6dc79753c2dc 8cf13f659408417abb79369600a91022 - - default default] 10.0.0.120 "GET /v2.0/security-groups?tenant_id=4f9f92f8a9ff4ec38ef938fc85f051a6&name=default HTTP/1.1" status: 200 len: 3120 time: 0.5297015
2026-05-19 14:35:24.490 9 INFO neutron.api.wsgi [None req-afb2c72e-07db-4205-87d9-d84023bb8b81 2dde46222f0c4d05a92e6dc79753c2dc 8cf13f659408417abb79369600a91022 - - default default] 10.0.0.120 "DELETE /v2.0/security-groups/8c78c371-358f-4085-8d02-4db920fb4804 HTTP/1.1" status: 204 len: 168 time: 0.2158484
2026-05-19 14:35:24.500 10 INFO neutron.db.ovn_revision_numbers_db [None req-a6a01530-0bc5-48eb-ad4d-6f312061cd3b - - - - - -] Successfully bumped revision number for resource 45a526d4-b266-4132-a64a-e888eb8b2075 (type: ports) to 2
2026-05-19 14:35:24.561 10 INFO neutron.db.ovn_revision_numbers_db [None req-a6a01530-0bc5-48eb-ad4d-6f312061cd3b - - - - - -] Successfully bumped revision number for resource 5f38f495-3772-48b5-857a-1500f774c7f8 (type: subnets) to 0
2026-05-19 14:35:24.563 10 INFO neutron.db.ovn_revision_numbers_db [None req-46e40e44-dae4-4920-b068-83147a24637d 64a647ceba9b44ae99a1705b5948974d 20589f31c475433f99cbf2fcafad27f9 - - default default] Successfully bumped revision number for resource 00a03178-4e24-4aca-a784-748dccd6d315 (type: router_ports) to 1
2026-05-19 14:35:24.571 10 INFO neutron.api.wsgi [None req-46e40e44-dae4-4920-b068-83147a24637d 64a647ceba9b44ae99a1705b5948974d 20589f31c475433f99cbf2fcafad27f9 - - default default] 10.0.0.120 "PUT /v2.0/routers/edbbd87e-6f13-48e9-87d5-1f75523c75f9/add_router_interface HTTP/1.1" status: 200 len: 503 time: 2.0477414
2026-05-19 14:35:24.586 10 INFO neutron.api.wsgi [None req-08dc06d4-1e60-42bf-a855-1ca3b5f62e7b 2dde46222f0c4d05a92e6dc79753c2dc 8cf13f659408417abb79369600a91022 - - default default] 10.0.0.120 "POST /v2.0/subnets HTTP/1.1" status: 201 len: 883 time: 1.0729535
2026-05-19 14:35:24.603 10 INFO neutron.api.wsgi [req-ca9f42c5-ee07-4cb4-97a6-58398d08aeb2 req-b71f9fa0-a4a3-4370-a87b-981b4d278c19 f6baec8987554a46a0c04386237faf87 1043303fd47849d2986738a43751a16d - - d5e82ed9ece74ce6a818325b5dba6f15 d5e82ed9ece74ce6a818325b5dba6f15] 199.204.45.132 "GET /v2.0/ports?tenant_id=05604eb34c1146fc8731574f19598ed8&device_id=1d5bc08f-bb27-4dda-84ce-f56e9d81e397 HTTP/1.1" status: 200 len: 1413 time: 0.0522451
2026-05-19 14:35:24.648 9 INFO neutron.api.wsgi [None req-44b75c98-2c55-428f-b0c7-22afa4c6ca6b 64a647ceba9b44ae99a1705b5948974d 20589f31c475433f99cbf2fcafad27f9 - - default default] 10.0.0.120 "GET /v2.0/ports/00a03178-4e24-4aca-a784-748dccd6d315 HTTP/1.1" status: 200 len: 1137 time: 0.0716300
2026-05-19 14:35:24.687 9 INFO neutron.api.wsgi [None req-fb38e5d8-b498-42fb-98d4-3fbf25ce442d 64a647ceba9b44ae99a1705b5948974d 20589f31c475433f99cbf2fcafad27f9 - - default default] 10.0.0.120 "GET /v2.0/ports/00a03178-4e24-4aca-a784-748dccd6d315 HTTP/1.1" status: 200 len: 1137 time: 0.0326555
2026-05-19 14:35:24.697 10 INFO neutron.api.wsgi [req-ca9f42c5-ee07-4cb4-97a6-58398d08aeb2 req-296c718e-acaa-43b8-b167-dffbef57b9c0 f6baec8987554a46a0c04386237faf87 1043303fd47849d2986738a43751a16d - - d5e82ed9ece74ce6a818325b5dba6f15 d5e82ed9ece74ce6a818325b5dba6f15] 199.204.45.132 "GET /v2.0/networks?id=7b7f2794-e872-4e0d-bf76-433be98766b3 HTTP/1.1" status: 200 len: 973 time: 0.0776074
2026-05-19 14:35:24.737 10 INFO neutron.db.ovn_revision_numbers_db [None req-fbbba721-06c8-45e4-a441-8e21a0dc1c34 - - - - - -] Successfully bumped revision number for resource 00a03178-4e24-4aca-a784-748dccd6d315 (type: ports) to 2
2026-05-19 14:35:24.767 10 INFO neutron.api.wsgi [req-ca9f42c5-ee07-4cb4-97a6-58398d08aeb2 req-dd99f90d-6efb-4417-a219-2e93bcd784dd f6baec8987554a46a0c04386237faf87 1043303fd47849d2986738a43751a16d - - d5e82ed9ece74ce6a818325b5dba6f15 d5e82ed9ece74ce6a818325b5dba6f15] 199.204.45.132 "GET /v2.0/floatingips?fixed_ip_address=10.100.0.10&port_id=6db64804-b7c8-479f-b4ea-79fa402cd434 HTTP/1.1" status: 200 len: 1060 time: 0.0570459
2026-05-19 14:35:24.803 10 INFO neutron.api.wsgi [req-ca9f42c5-ee07-4cb4-97a6-58398d08aeb2 req-089ef708-e51e-4e69-a9f4-b4a049c526ab f6baec8987554a46a0c04386237faf87 1043303fd47849d2986738a43751a16d - - d5e82ed9ece74ce6a818325b5dba6f15 d5e82ed9ece74ce6a818325b5dba6f15] 199.204.45.132 "GET /v2.0/subnets?id=ddb488e1-5847-40ef-9306-d9dc3eb4bce5 HTTP/1.1" status: 200 len: 892 time: 0.0290103
2026-05-19 14:35:24.836 10 INFO neutron.api.wsgi [req-ca9f42c5-ee07-4cb4-97a6-58398d08aeb2 req-99bb3c02-0a0a-448a-84df-92e760897a49 f6baec8987554a46a0c04386237faf87 1043303fd47849d2986738a43751a16d - - d5e82ed9ece74ce6a818325b5dba6f15 d5e82ed9ece74ce6a818325b5dba6f15] 199.204.45.132 "GET /v2.0/ports?network_id=7b7f2794-e872-4e0d-bf76-433be98766b3&device_owner=network%3Adhcp HTTP/1.1" status: 200 len: 210 time: 0.0207031
2026-05-19 14:35:24.910 10 INFO neutron.api.wsgi [req-ca9f42c5-ee07-4cb4-97a6-58398d08aeb2 req-9442774a-8ed1-4bc1-bc8b-2cc776fc513f f6baec8987554a46a0c04386237faf87 1043303fd47849d2986738a43751a16d - - d5e82ed9ece74ce6a818325b5dba6f15 d5e82ed9ece74ce6a818325b5dba6f15] 199.204.45.132 "GET /v2.0/networks/7b7f2794-e872-4e0d-bf76-433be98766b3?fields=segments HTTP/1.1" status: 200 len: 212 time: 0.0665638
2026-05-19 14:35:24.967 10 INFO neutron.api.wsgi [req-ca9f42c5-ee07-4cb4-97a6-58398d08aeb2 req-9b460b1b-a1b3-4996-88f6-e33e62457ec5 f6baec8987554a46a0c04386237faf87 1043303fd47849d2986738a43751a16d - - d5e82ed9ece74ce6a818325b5dba6f15 d5e82ed9ece74ce6a818325b5dba6f15] 199.204.45.132 "GET /v2.0/networks/7b7f2794-e872-4e0d-bf76-433be98766b3?fields=provider%3Aphysical_network&fields=provider%3Anetwork_type HTTP/1.1" status: 200 len: 277 time: 0.0498359
2026-05-19 14:35:25.064 10 WARNING neutron.scheduler.dhcp_agent_scheduler [None req-c20e7629-1346-4557-bf8e-e5e85f2f784c 2dde46222f0c4d05a92e6dc79753c2dc 8cf13f659408417abb79369600a91022 - - default default] No more DHCP agents
2026-05-19 14:35:25.065 10 WARNING neutron.api.rpc.agentnotifiers.dhcp_rpc_agent_api [None req-c20e7629-1346-4557-bf8e-e5e85f2f784c 2dde46222f0c4d05a92e6dc79753c2dc 8cf13f659408417abb79369600a91022 - - default default] Unable to schedule network 15e0633e-2665-4bde-9c99-e06e27860dcb: no agents available; will retry on subsequent port and subnet creation events.
2026-05-19 14:35:25.166 10 INFO neutron.db.ovn_revision_numbers_db [None req-c20e7629-1346-4557-bf8e-e5e85f2f784c 2dde46222f0c4d05a92e6dc79753c2dc 8cf13f659408417abb79369600a91022 - - default default] Successfully bumped revision number for resource f78323aa-a478-48f8-9345-cb26103c92f4 (type: ports) to 1
2026-05-19 14:35:25.289 9 INFO neutron.api.wsgi [None req-d3b2b96f-599d-439d-8d3a-6eef48d5b8c0 64a647ceba9b44ae99a1705b5948974d 20589f31c475433f99cbf2fcafad27f9 - - default default] 10.0.0.120 "PUT /v2.0/routers/edbbd87e-6f13-48e9-87d5-1f75523c75f9/remove_router_interface HTTP/1.1" status: 200 len: 503 time: 0.5961745 /var/lib/openstack/lib/python3.12/site-packages/pycadf/identifier.py:71: UserWarning: Invalid uuid: neutron. To ensure interoperability, identifiers should be a valid uuid. warnings.warn(('Invalid uuid: %s. To ensure interoperability, '
2026-05-19 14:35:25.372 9 INFO neutron.api.wsgi [None req-0cf6e083-755d-41e5-972d-d7c008c1f253 64a647ceba9b44ae99a1705b5948974d 20589f31c475433f99cbf2fcafad27f9 - - default default] 10.0.0.120 "GET /v2.0/ports/6fb6cb38-7ca2-41a8-9f2f-791ec5de08c6 HTTP/1.1" status: 200 len: 1137 time: 0.0784206
2026-05-19 14:35:25.870 10 INFO neutron.plugins.ml2.drivers.ovn.mech_driver.ovsdb.commands [None req-7d7a1fea-edaa-4ad3-b66c-16c9e757f989 - - - - - -] Schedule LRP lrp-f78323aa-a478-48f8-9345-cb26103c92f4 on gateway 4a668c97-cb49-4e5f-9d57-893f65022510 with priority 1
2026-05-19 14:35:25.906 10 INFO neutron.plugins.ml2.drivers.ovn.mech_driver.ovsdb.ovsdb_monitor [None req-256d3895-5c2c-424e-b0b7-819eac894c2e - - - - - -] Router db74336e-862e-4940-916b-c982f72e3b33 is bound to host instance
