2026-05-19 14:35:53.545 10 INFO neutron.api.wsgi [None req-f505f96f-d78d-43ac-be34-38d326ee8eee ecd7ca9ea3334ffdb9b84ec34f3ff04b 266806b31e074858be1088601761d098 - - default default] 10.0.0.120 "DELETE /v2.0/floatingips/60da0592-4dd9-4e3a-98ec-57f553960aea HTTP/1.1" status: 204 len: 168 time: 0.3018067
2026-05-19 14:35:53.591 10 INFO neutron.notifiers.nova [-] Nova event matching ['req-70ab7e2b-258c-4273-b788-4ad2ea520c6e'] response: {'server_uuid': '8dc9f3c1-2707-4bcc-9e49-67b142abeddd', 'name': 'network-vif-plugged', 'status': 'completed', 'tag': 'd68de866-57ca-471d-99a9-6335e54bcad2', 'code': 200}
2026-05-19 14:35:53.593 9 INFO neutron.api.wsgi [None req-607e2160-fea9-42a4-91ff-daf773bdad27 2dde46222f0c4d05a92e6dc79753c2dc 8cf13f659408417abb79369600a91022 - - default default] 10.0.0.120 "DELETE /v2.0/security-groups/b35bfd6d-baa1-45d8-83a3-d09647edff36 HTTP/1.1" status: 204 len: 168 time: 0.2494228
2026-05-19 14:35:53.604 10 INFO neutron.api.wsgi [req-0676383c-9622-4020-af83-d5834958c4ab req-85631ab3-7e06-4dcd-a13e-bf13c48397a1 f6baec8987554a46a0c04386237faf87 1043303fd47849d2986738a43751a16d - - d5e82ed9ece74ce6a818325b5dba6f15 d5e82ed9ece74ce6a818325b5dba6f15] 199.204.45.132 "GET /v2.0/ports?tenant_id=05604eb34c1146fc8731574f19598ed8&device_id=1d5bc08f-bb27-4dda-84ce-f56e9d81e397 HTTP/1.1" status: 200 len: 1413 time: 0.0392010
2026-05-19 14:35:53.718 10 INFO neutron.db.ovn_revision_numbers_db [None req-55b9938d-1c49-435a-bc22-fc2d0275fd0b - - - - - -] Successfully bumped revision number for resource d68de866-57ca-471d-99a9-6335e54bcad2 (type: ports) to 5
2026-05-19 14:35:53.796 10 INFO neutron.db.ovn_revision_numbers_db [None req-dae3e5c2-34f9-46af-a0c6-5af1727f657f 2dde46222f0c4d05a92e6dc79753c2dc 8cf13f659408417abb79369600a91022 - - default default] Successfully bumped revision number for resource 02c6ec8d-efc7-47e4-b8c1-6c1d9829b016 (type: security_groups) to 1
2026-05-19 14:35:53.808 10 INFO neutron.db.ovn_revision_numbers_db [None req-dae3e5c2-34f9-46af-a0c6-5af1727f657f 2dde46222f0c4d05a92e6dc79753c2dc 8cf13f659408417abb79369600a91022 - - default default] Successfully bumped revision number for resource 1a108390-142b-4098-ba12-682009292d55 (type: security_group_rules) to 0
2026-05-19 14:35:53.820 10 INFO neutron.db.ovn_revision_numbers_db [None req-dae3e5c2-34f9-46af-a0c6-5af1727f657f 2dde46222f0c4d05a92e6dc79753c2dc 8cf13f659408417abb79369600a91022 - - default default] Successfully bumped revision number for resource 3a943b6b-3681-442c-a452-868182e554ab (type: security_group_rules) to 0
2026-05-19 14:35:53.832 10 INFO neutron.db.ovn_revision_numbers_db [None req-dae3e5c2-34f9-46af-a0c6-5af1727f657f 2dde46222f0c4d05a92e6dc79753c2dc 8cf13f659408417abb79369600a91022 - - default default] Successfully bumped revision number for resource 86eb9051-fa9f-4a97-b82e-4070b54788c8 (type: security_group_rules) to 0
2026-05-19 14:35:53.844 10 INFO neutron.db.ovn_revision_numbers_db [None req-dae3e5c2-34f9-46af-a0c6-5af1727f657f 2dde46222f0c4d05a92e6dc79753c2dc 8cf13f659408417abb79369600a91022 - - default default] Successfully bumped revision number for resource a586cd46-3fa7-48ae-916a-a935a16e473f (type: security_group_rules) to 0
2026-05-19 14:35:53.883 10 INFO neutron.api.wsgi [None req-dae3e5c2-34f9-46af-a0c6-5af1727f657f 2dde46222f0c4d05a92e6dc79753c2dc 8cf13f659408417abb79369600a91022 - - default default] 10.0.0.120 "GET /v2.0/security-groups?tenant_id=b47ef213c6cd472dbd11cf0fac3e2d40&name=default HTTP/1.1" status: 200 len: 3120 time: 0.1891084 /var/lib/openstack/lib/python3.12/site-packages/pycadf/identifier.py:71: UserWarning: Invalid uuid: neutron. To ensure interoperability, identifiers should be a valid uuid. warnings.warn(('Invalid uuid: %s. To ensure interoperability, '
2026-05-19 14:35:54.103 10 INFO neutron.api.wsgi [None req-7c84e4df-dd7c-4ab8-bb85-8a2880223647 2dde46222f0c4d05a92e6dc79753c2dc 8cf13f659408417abb79369600a91022 - - default default] 10.0.0.120 "DELETE /v2.0/security-groups/02c6ec8d-efc7-47e4-b8c1-6c1d9829b016 HTTP/1.1" status: 204 len: 168 time: 0.2144375
2026-05-19 14:35:54.157 10 INFO neutron.api.wsgi [req-0676383c-9622-4020-af83-d5834958c4ab req-dfbdc6b8-e739-4557-909d-47fbee380408 f6baec8987554a46a0c04386237faf87 1043303fd47849d2986738a43751a16d - - d5e82ed9ece74ce6a818325b5dba6f15 d5e82ed9ece74ce6a818325b5dba6f15] 199.204.45.132 "GET /v2.0/networks?id=7b7f2794-e872-4e0d-bf76-433be98766b3 HTTP/1.1" status: 200 len: 973 time: 0.0446599
2026-05-19 14:35:54.201 10 INFO neutron.api.wsgi [req-0676383c-9622-4020-af83-d5834958c4ab req-3a095e21-236b-418e-9518-424037dc9582 f6baec8987554a46a0c04386237faf87 1043303fd47849d2986738a43751a16d - - d5e82ed9ece74ce6a818325b5dba6f15 d5e82ed9ece74ce6a818325b5dba6f15] 199.204.45.132 "GET /v2.0/floatingips?fixed_ip_address=10.100.0.10&port_id=6db64804-b7c8-479f-b4ea-79fa402cd434 HTTP/1.1" status: 200 len: 1060 time: 0.0397997
2026-05-19 14:35:54.236 10 INFO neutron.api.wsgi [req-0676383c-9622-4020-af83-d5834958c4ab req-441144ed-6e1e-409a-8406-c6d7e756e376 f6baec8987554a46a0c04386237faf87 1043303fd47849d2986738a43751a16d - - d5e82ed9ece74ce6a818325b5dba6f15 d5e82ed9ece74ce6a818325b5dba6f15] 199.204.45.132 "GET /v2.0/subnets?id=ddb488e1-5847-40ef-9306-d9dc3eb4bce5 HTTP/1.1" status: 200 len: 892 time: 0.0304389
2026-05-19 14:35:54.264 10 INFO neutron.api.wsgi [req-0676383c-9622-4020-af83-d5834958c4ab req-ea80eff1-2c46-44bd-8a7e-e4fa9794583b f6baec8987554a46a0c04386237faf87 1043303fd47849d2986738a43751a16d - - d5e82ed9ece74ce6a818325b5dba6f15 d5e82ed9ece74ce6a818325b5dba6f15] 199.204.45.132 "GET /v2.0/ports?network_id=7b7f2794-e872-4e0d-bf76-433be98766b3&device_owner=network%3Adhcp HTTP/1.1" status: 200 len: 210 time: 0.0226049
2026-05-19 14:35:54.316 10 INFO neutron.api.wsgi [req-0676383c-9622-4020-af83-d5834958c4ab req-21468c7a-5696-48df-982a-4b26952c2ad1 f6baec8987554a46a0c04386237faf87 1043303fd47849d2986738a43751a16d - - d5e82ed9ece74ce6a818325b5dba6f15 d5e82ed9ece74ce6a818325b5dba6f15] 199.204.45.132 "GET /v2.0/networks/7b7f2794-e872-4e0d-bf76-433be98766b3?fields=segments HTTP/1.1" status: 200 len: 212 time: 0.0454373
2026-05-19 14:35:54.368 10 INFO neutron.api.wsgi [req-0676383c-9622-4020-af83-d5834958c4ab req-d2c8b2fe-a162-408b-93d8-d58a9c2fc1d8 f6baec8987554a46a0c04386237faf87 1043303fd47849d2986738a43751a16d - - d5e82ed9ece74ce6a818325b5dba6f15 d5e82ed9ece74ce6a818325b5dba6f15] 199.204.45.132 "GET /v2.0/networks/7b7f2794-e872-4e0d-bf76-433be98766b3?fields=provider%3Aphysical_network&fields=provider%3Anetwork_type HTTP/1.1" status: 200 len: 277 time: 0.0455308
2026-05-19 14:35:54.570 9 INFO neutron.api.wsgi [req-7f774948-d985-46f8-a782-05ff5d4ccda7 req-97c1571b-d7f4-461b-aa4f-2ef61ce6b1c3 2effab8d8dcf4cbf8754c94a21cd7d66 ef244d8b1bb74d079fd29efa888c99a7 - - default default] 10.0.0.9 "GET /v2.0/ports?device_id=8dc9f3c1-2707-4bcc-9e49-67b142abeddd HTTP/1.1" status: 200 len: 1174 time: 0.0418293
2026-05-19 14:35:54.626 9 INFO neutron.api.wsgi [req-7f774948-d985-46f8-a782-05ff5d4ccda7 req-1514981c-87b2-450d-be1e-7ad797502d0d 2effab8d8dcf4cbf8754c94a21cd7d66 ef244d8b1bb74d079fd29efa888c99a7 - - default default] 10.0.0.9 "GET /v2.0/security-groups?id=7851f7df-c944-4d4c-89ca-6d696bc87029&fields=id&fields=name HTTP/1.1" status: 200 len: 313 time: 0.0492451
2026-05-19 14:35:54.808 9 INFO neutron.api.wsgi [None req-f5611586-4df2-4822-8dea-818891958b89 2dde46222f0c4d05a92e6dc79753c2dc 8cf13f659408417abb79369600a91022 - - default default] 10.0.0.120 "PUT /v2.0/routers/db74336e-862e-4940-916b-c982f72e3b33/remove_router_interface HTTP/1.1" status: 200 len: 503 time: 1.2558260
2026-05-19 14:35:55.428 10 INFO neutron.api.wsgi [None req-9461cb5c-c968-424a-8697-01277d70b655 2dde46222f0c4d05a92e6dc79753c2dc 8cf13f659408417abb79369600a91022 - - default default] 10.0.0.120 "DELETE /v2.0/routers/db74336e-862e-4940-916b-c982f72e3b33 HTTP/1.1" status: 204 len: 168 time: 0.6153047
2026-05-19 14:35:55.589 10 INFO neutron.api.wsgi [None req-d13cdd9a-7262-426e-a6b8-ba691c9bb736 2dde46222f0c4d05a92e6dc79753c2dc 8cf13f659408417abb79369600a91022 - - default default] 10.0.0.120 "DELETE /v2.0/subnets/5f38f495-3772-48b5-857a-1500f774c7f8 HTTP/1.1" status: 204 len: 168 time: 0.1545377 /var/lib/openstack/lib/python3.12/site-packages/pycadf/identifier.py:71: UserWarning: Invalid uuid: neutron. To ensure interoperability, identifiers should be a valid uuid. warnings.warn(('Invalid uuid: %s. To ensure interoperability, '
2026-05-19 14:35:55.630 10 INFO neutron.notifiers.nova [-] Nova event matching ['req-7c71b4b3-8637-4b7c-9ab6-1a765737cb4a'] response: {'server_uuid': '8dc9f3c1-2707-4bcc-9e49-67b142abeddd', 'name': 'network-vif-plugged', 'status': 'completed', 'tag': 'd68de866-57ca-471d-99a9-6335e54bcad2', 'code': 200}
2026-05-19 14:35:55.760 9 INFO neutron.api.wsgi [req-c70ec5fd-05fa-4fd7-8fca-a5e83432fb68 req-249a9357-11a9-438f-bf7f-3468f44018dd 2effab8d8dcf4cbf8754c94a21cd7d66 ef244d8b1bb74d079fd29efa888c99a7 - - default default] 10.0.0.9 "GET /v2.0/ports?device_id=8dc9f3c1-2707-4bcc-9e49-67b142abeddd HTTP/1.1" status: 200 len: 1174 time: 0.0764561
2026-05-19 14:35:55.815 9 INFO neutron.api.wsgi [req-c70ec5fd-05fa-4fd7-8fca-a5e83432fb68 req-4eebb3d6-91b1-426b-9f49-ad0f878594e4 2effab8d8dcf4cbf8754c94a21cd7d66 ef244d8b1bb74d079fd29efa888c99a7 - - default default] 10.0.0.9 "GET /v2.0/security-groups?id=7851f7df-c944-4d4c-89ca-6d696bc87029&fields=id&fields=name HTTP/1.1" status: 200 len: 313 time: 0.0482705
2026-05-19 14:35:55.947 9 INFO neutron.services.segments.plugin [-] Segment 7ce12b30-7d01-4ef1-9f74-152c7197e5fe resource provider aggregate not found
2026-05-19 14:35:55.949 9 INFO neutron.services.segments.plugin [-] Segment 7ce12b30-7d01-4ef1-9f74-152c7197e5fe resource provider aggregate not found
2026-05-19 14:35:55.952 10 INFO neutron.api.wsgi [req-25211fe0-1432-427c-b184-1341c439dc27 req-5693c1eb-5131-47b7-9bc9-48393eed8b5b 2effab8d8dcf4cbf8754c94a21cd7d66 ef244d8b1bb74d079fd29efa888c99a7 - - default default] 10.0.0.9 "GET /v2.0/ports?device_id=8dc9f3c1-2707-4bcc-9e49-67b142abeddd HTTP/1.1" status: 200 len: 1174 time: 0.0804560
2026-05-19 14:35:55.964 9 INFO neutron.services.segments.plugin [-] Segment 7ce12b30-7d01-4ef1-9f74-152c7197e5fe resource provider not found; error: Placement Client Error (4xx): {"errors": [{"status": 404, "title": "Not Found", "detail": "The resource could not be found.\n\n No resource provider with uuid 7ce12b30-7d01-4ef1-9f74-152c7197e5fe found for delete ", "request_id": "req-fe4e3c97-c64f-4f63-b250-1fe38aadddd5"}]}
2026-05-19 14:35:55.965 9 INFO neutron.services.segments.plugin [-] Segment 7ce12b30-7d01-4ef1-9f74-152c7197e5fe resource provider not found; error: Placement Client Error (4xx): {"errors": [{"status": 404, "title": "Not Found", "detail": "The resource could not be found.\n\n No resource provider with uuid 7ce12b30-7d01-4ef1-9f74-152c7197e5fe found for delete ", "request_id": "req-fb7179fe-8b15-44ff-9773-15ca90366e4c"}]}
2026-05-19 14:35:55.989 9 INFO neutron.api.wsgi [None req-a01470b5-d123-4093-b613-860053d5b801 2dde46222f0c4d05a92e6dc79753c2dc 8cf13f659408417abb79369600a91022 - - default default] 10.0.0.120 "DELETE /v2.0/networks/a8407397-49a0-4241-826e-836af0360334 HTTP/1.1" status: 204 len: 168 time: 0.3946917
2026-05-19 14:35:56.005 10 INFO neutron.api.wsgi [req-25211fe0-1432-427c-b184-1341c439dc27 req-5a9caa78-76c6-4498-a3f5-4bc30b7eef68 2effab8d8dcf4cbf8754c94a21cd7d66 ef244d8b1bb74d079fd29efa888c99a7 - - default default] 10.0.0.9 "GET /v2.0/security-groups?id=7851f7df-c944-4d4c-89ca-6d696bc87029&fields=id&fields=name HTTP/1.1" status: 200 len: 313 time: 0.0422301
2026-05-19 14:35:56.074 10 INFO neutron.api.wsgi [None req-1f7f4f36-ce75-438b-a329-510197a6c3c2 921f433b1a714f3db08586cf067c7be5 22ab206e6a7b4aab98d85c90f8831502 - - default default] 10.0.0.120 "GET /v2.0/ports?device_id=8dc9f3c1-2707-4bcc-9e49-67b142abeddd HTTP/1.1" status: 200 len: 1408 time: 0.0388727
2026-05-19 14:35:56.085 10 WARNING neutron_lib.context [None req-1700b074-2fe8-411e-be91-3bce1a902b71 2effab8d8dcf4cbf8754c94a21cd7d66 ef244d8b1bb74d079fd29efa888c99a7 - - default default] Method 'is_advsvc' is deprecated since 2023.2 release (neutron-lib 3.8.0) and will be removed once support for the old RBAC API policies will be removed from Neutron. Please use method 'is_service_role' instead.
2026-05-19 14:35:56.202 10 INFO neutron.api.wsgi [None req-10eb22a1-1614-4ab8-bb92-81b35599afa0 2dde46222f0c4d05a92e6dc79753c2dc 8cf13f659408417abb79369600a91022 - - default default] 10.0.0.120 "GET /v2.0/security-groups?tenant_id=266806b31e074858be1088601761d098&name=default HTTP/1.1" status: 200 len: 3120 time: 0.0389681
2026-05-19 14:35:56.341 10 WARNING neutron.scheduler.dhcp_agent_scheduler [None req-1700b074-2fe8-411e-be91-3bce1a902b71 2effab8d8dcf4cbf8754c94a21cd7d66 ef244d8b1bb74d079fd29efa888c99a7 - - default default] No more DHCP agents
2026-05-19 14:35:56.343 10 WARNING neutron.api.rpc.agentnotifiers.dhcp_rpc_agent_api [None req-1700b074-2fe8-411e-be91-3bce1a902b71 2effab8d8dcf4cbf8754c94a21cd7d66 ef244d8b1bb74d079fd29efa888c99a7 - - default default] Unable to schedule network 15e0633e-2665-4bde-9c99-e06e27860dcb: no agents available; will retry on subsequent port and subnet creation events.
2026-05-19 14:35:56.454 10 INFO neutron.api.wsgi [None req-27fbfa98-819c-46ec-96c0-31a18458d825 2dde46222f0c4d05a92e6dc79753c2dc 8cf13f659408417abb79369600a91022 - - default default] 10.0.0.120 "DELETE /v2.0/security-groups/afcf3d01-62c2-448e-991d-d87013f5c054 HTTP/1.1" status: 204 len: 168 time: 0.2480414
2026-05-19 14:35:57.067 10 INFO neutron.db.ovn_revision_numbers_db [None req-1700b074-2fe8-411e-be91-3bce1a902b71 2effab8d8dcf4cbf8754c94a21cd7d66 ef244d8b1bb74d079fd29efa888c99a7 - - default default] Successfully bumped revision number for resource 0512d214-b61d-496f-81aa-be9dc1815bbb (type: floatingips) to -1
2026-05-19 14:35:57.175 10 INFO neutron.db.ovn_revision_numbers_db [None req-1700b074-2fe8-411e-be91-3bce1a902b71 2effab8d8dcf4cbf8754c94a21cd7d66 ef244d8b1bb74d079fd29efa888c99a7 - - default default] Successfully bumped revision number for resource 0512d214-b61d-496f-81aa-be9dc1815bbb (type: floatingips) to 1
2026-05-19 14:35:57.176 10 INFO neutron.db.l3_db [None req-1700b074-2fe8-411e-be91-3bce1a902b71 2effab8d8dcf4cbf8754c94a21cd7d66 ef244d8b1bb74d079fd29efa888c99a7 - - default default] Floating IP 0512d214-b61d-496f-81aa-be9dc1815bbb associated. External IP: 10.96.250.210, port: d68de866-57ca-471d-99a9-6335e54bcad2.
2026-05-19 14:35:57.216 10 INFO neutron.api.wsgi [None req-1700b074-2fe8-411e-be91-3bce1a902b71 2effab8d8dcf4cbf8754c94a21cd7d66 ef244d8b1bb74d079fd29efa888c99a7 - - default default] 10.0.0.120 "POST /v2.0/floatingips HTTP/1.1" status: 201 len: 1055 time: 1.1367531 /var/lib/openstack/lib/python3.12/site-packages/pycadf/identifier.py:71: UserWarning: Invalid uuid: neutron. To ensure interoperability, identifiers should be a valid uuid. warnings.warn(('Invalid uuid: %s. To ensure interoperability, '
2026-05-19 14:35:57.256 10 INFO neutron.api.wsgi [None req-8203b2ff-3d88-4b54-89af-f23fae61d15c 2effab8d8dcf4cbf8754c94a21cd7d66 ef244d8b1bb74d079fd29efa888c99a7 - - default default] 10.0.0.120 "GET /v2.0/floatingips/0512d214-b61d-496f-81aa-be9dc1815bbb HTTP/1.1" status: 200 len: 1052 time: 0.0359337
2026-05-19 14:35:57.668 10 INFO neutron.notifiers.nova [-] Nova event matching ['req-de30c705-bc2a-478b-b851-1bdf6e100a27'] response: {'name': 'network-changed', 'server_uuid': '8dc9f3c1-2707-4bcc-9e49-67b142abeddd', 'tag': 'd68de866-57ca-471d-99a9-6335e54bcad2', 'status': 'completed', 'code': 200}
2026-05-19 14:35:57.854 9 INFO neutron.db.ovn_revision_numbers_db [None req-f34f8e43-ffc0-4466-8967-1a83fb71b3ee 2dde46222f0c4d05a92e6dc79753c2dc 8cf13f659408417abb79369600a91022 - - default default] Successfully bumped revision number for resource d719ff4b-1504-4f46-8ec2-9637eac74a75 (type: security_groups) to 1
2026-05-19 14:35:57.869 9 INFO neutron.db.ovn_revision_numbers_db [None req-f34f8e43-ffc0-4466-8967-1a83fb71b3ee 2dde46222f0c4d05a92e6dc79753c2dc 8cf13f659408417abb79369600a91022 - - default default] Successfully bumped revision number for resource 51935a49-bec8-43b9-a4b7-4cf5b96b8cd0 (type: security_group_rules) to 0
2026-05-19 14:35:57.885 9 INFO neutron.db.ovn_revision_numbers_db [None req-f34f8e43-ffc0-4466-8967-1a83fb71b3ee 2dde46222f0c4d05a92e6dc79753c2dc 8cf13f659408417abb79369600a91022 - - default default] Successfully bumped revision number for resource 6a779fca-fe0d-48b3-b261-7c74c9b59248 (type: security_group_rules) to 0
2026-05-19 14:35:57.900 9 INFO neutron.db.ovn_revision_numbers_db [None req-f34f8e43-ffc0-4466-8967-1a83fb71b3ee 2dde46222f0c4d05a92e6dc79753c2dc 8cf13f659408417abb79369600a91022 - - default default] Successfully bumped revision number for resource a34a609e-540f-4bec-9186-37c88d4eaa1b (type: security_group_rules) to 0
2026-05-19 14:35:57.915 9 INFO neutron.db.ovn_revision_numbers_db [None req-f34f8e43-ffc0-4466-8967-1a83fb71b3ee 2dde46222f0c4d05a92e6dc79753c2dc 8cf13f659408417abb79369600a91022 - - default default] Successfully bumped revision number for resource abf69038-aaf5-4978-9b7e-72f4b73e88cc (type: security_group_rules) to 0
2026-05-19 14:35:57.944 9 INFO neutron.api.wsgi [None req-f34f8e43-ffc0-4466-8967-1a83fb71b3ee 2dde46222f0c4d05a92e6dc79753c2dc 8cf13f659408417abb79369600a91022 - - default default] 10.0.0.120 "GET /v2.0/security-groups?tenant_id=3b83a4257fc241f786537a633606bb98&name=default HTTP/1.1" status: 200 len: 3120 time: 0.3602102
2026-05-19 14:35:58.124 9 INFO neutron.api.wsgi [None req-935e1423-b535-4195-babd-2bc2d70c7678 2dde46222f0c4d05a92e6dc79753c2dc 8cf13f659408417abb79369600a91022 - - default default] 10.0.0.120 "DELETE /v2.0/security-groups/d719ff4b-1504-4f46-8ec2-9637eac74a75 HTTP/1.1" status: 204 len: 168 time: 0.1749856
2026-05-19 14:35:58.214 10 INFO neutron.api.wsgi [req-d8e90e38-2e94-4835-a693-f7d557a548c0 req-6b1e0676-f94d-4e18-997f-1ffcb65b81e3 f6baec8987554a46a0c04386237faf87 1043303fd47849d2986738a43751a16d - - d5e82ed9ece74ce6a818325b5dba6f15 d5e82ed9ece74ce6a818325b5dba6f15] 199.204.45.132 "GET /v2.0/ports?tenant_id=ef244d8b1bb74d079fd29efa888c99a7&device_id=8dc9f3c1-2707-4bcc-9e49-67b142abeddd HTTP/1.1" status: 200 len: 1413 time: 0.0348725
2026-05-19 14:35:58.265 10 INFO neutron.api.wsgi [req-d8e90e38-2e94-4835-a693-f7d557a548c0 req-71b4821a-16c9-4872-9701-cfd5b3fe5eee f6baec8987554a46a0c04386237faf87 1043303fd47849d2986738a43751a16d - - d5e82ed9ece74ce6a818325b5dba6f15 d5e82ed9ece74ce6a818325b5dba6f15] 199.204.45.132 "GET /v2.0/networks?id=ea833d1d-9b2f-4416-a789-3b628f9ecb86 HTTP/1.1" status: 200 len: 958 time: 0.0460529
2026-05-19 14:35:58.306 10 INFO neutron.api.wsgi [req-d8e90e38-2e94-4835-a693-f7d557a548c0 req-e8f4b327-7880-4a70-a1cb-46f6826ed8e0 f6baec8987554a46a0c04386237faf87 1043303fd47849d2986738a43751a16d - - d5e82ed9ece74ce6a818325b5dba6f15 d5e82ed9ece74ce6a818325b5dba6f15] 199.204.45.132 "GET /v2.0/floatingips?fixed_ip_address=10.100.0.11&port_id=d68de866-57ca-471d-99a9-6335e54bcad2 HTTP/1.1" status: 200 len: 1060 time: 0.0346370
2026-05-19 14:35:58.334 10 INFO neutron.api.wsgi [req-d8e90e38-2e94-4835-a693-f7d557a548c0 req-1ac19ec8-b168-496f-869c-3cfce73b6cea f6baec8987554a46a0c04386237faf87 1043303fd47849d2986738a43751a16d - - d5e82ed9ece74ce6a818325b5dba6f15 d5e82ed9ece74ce6a818325b5dba6f15] 199.204.45.132 "GET /v2.0/subnets?id=35ec4296-ac3d-457e-8df8-31d35f5733b0 HTTP/1.1" status: 200 len: 876 time: 0.0233939
2026-05-19 14:35:58.354 10 INFO neutron.api.wsgi [req-d8e90e38-2e94-4835-a693-f7d557a548c0 req-a33f7d24-d48b-4033-8d76-225fe7326f49 f6baec8987554a46a0c04386237faf87 1043303fd47849d2986738a43751a16d - - d5e82ed9ece74ce6a818325b5dba6f15 d5e82ed9ece74ce6a818325b5dba6f15] 199.204.45.132 "GET /v2.0/ports?network_id=ea833d1d-9b2f-4416-a789-3b628f9ecb86&device_owner=network%3Adhcp HTTP/1.1" status: 200 len: 210 time: 0.0141363
2026-05-19 14:35:58.401 10 INFO neutron.api.wsgi [req-d8e90e38-2e94-4835-a693-f7d557a548c0 req-3858c5e6-c6ba-4751-a055-37082cff0180 f6baec8987554a46a0c04386237faf87 1043303fd47849d2986738a43751a16d - - d5e82ed9ece74ce6a818325b5dba6f15 d5e82ed9ece74ce6a818325b5dba6f15] 199.204.45.132 "GET /v2.0/networks/ea833d1d-9b2f-4416-a789-3b628f9ecb86?fields=segments HTTP/1.1" status: 200 len: 212 time: 0.0411754
2026-05-19 14:35:58.444 10 INFO neutron.api.wsgi [req-d8e90e38-2e94-4835-a693-f7d557a548c0 req-34c56684-f3ec-4ef9-bb7e-a07c16d70205 f6baec8987554a46a0c04386237faf87 1043303fd47849d2986738a43751a16d - - d5e82ed9ece74ce6a818325b5dba6f15 d5e82ed9ece74ce6a818325b5dba6f15] 199.204.45.132 "GET /v2.0/networks/ea833d1d-9b2f-4416-a789-3b628f9ecb86?fields=provider%3Aphysical_network&fields=provider%3Anetwork_type HTTP/1.1" status: 200 len: 277 time: 0.0368009
2026-05-19 14:35:58.516 9 INFO neutron.db.ovn_revision_numbers_db [None req-e2b823d4-7de8-47ee-80b5-a3a88d474d24 2dde46222f0c4d05a92e6dc79753c2dc 8cf13f659408417abb79369600a91022 - - default default] Successfully bumped revision number for resource 434317dd-960f-4284-a90f-4bab46473cae (type: security_groups) to 1
2026-05-19 14:35:58.529 9 INFO neutron.db.ovn_revision_numbers_db [None req-e2b823d4-7de8-47ee-80b5-a3a88d474d24 2dde46222f0c4d05a92e6dc79753c2dc 8cf13f659408417abb79369600a91022 - - default default] Successfully bumped revision number for resource 37747dbe-e54e-4350-8ee7-66acda804aad (type: security_group_rules) to 0
2026-05-19 14:35:58.546 9 INFO neutron.db.ovn_revision_numbers_db [None req-e2b823d4-7de8-47ee-80b5-a3a88d474d24 2dde46222f0c4d05a92e6dc79753c2dc 8cf13f659408417abb79369600a91022 - - default default] Successfully bumped revision number for resource 8039483a-121f-4dcc-b226-5830ab514616 (type: security_group_rules) to 0
2026-05-19 14:35:58.565 9 INFO neutron.db.ovn_revision_numbers_db [None req-e2b823d4-7de8-47ee-80b5-a3a88d474d24 2dde46222f0c4d05a92e6dc79753c2dc 8cf13f659408417abb79369600a91022 - - default default] Successfully bumped revision number for resource 92fb644e-9882-4e77-a623-e3d2a45a010b (type: security_group_rules) to 0
2026-05-19 14:35:58.579 9 INFO neutron.db.ovn_revision_numbers_db [None req-e2b823d4-7de8-47ee-80b5-a3a88d474d24 2dde46222f0c4d05a92e6dc79753c2dc 8cf13f659408417abb79369600a91022 - - default default] Successfully bumped revision number for resource c5aa8cb8-d416-4266-a8d2-5224c2b79de5 (type: security_group_rules) to 0
2026-05-19 14:35:58.651 9 INFO neutron.db.segments_db [None req-e2b823d4-7de8-47ee-80b5-a3a88d474d24 2dde46222f0c4d05a92e6dc79753c2dc 8cf13f659408417abb79369600a91022 - - default default] Added segment 89d8a514-233f-483a-827d-f776351a902f of type geneve for network 70091ce8-4f32-4e25-9307-5284f9d80efb
2026-05-19 14:35:58.764 9 INFO neutron.db.ovn_revision_numbers_db [None req-e2b823d4-7de8-47ee-80b5-a3a88d474d24 2dde46222f0c4d05a92e6dc79753c2dc 8cf13f659408417abb79369600a91022 - - default default] Successfully bumped revision number for resource 70091ce8-4f32-4e25-9307-5284f9d80efb (type: networks) to 1
2026-05-19 14:35:58.933 9 WARNING neutron.scheduler.dhcp_agent_scheduler [None req-e2b823d4-7de8-47ee-80b5-a3a88d474d24 2dde46222f0c4d05a92e6dc79753c2dc 8cf13f659408417abb79369600a91022 - - default default] No more DHCP agents
2026-05-19 14:35:58.944 9 WARNING neutron.api.rpc.agentnotifiers.dhcp_rpc_agent_api [None req-e2b823d4-7de8-47ee-80b5-a3a88d474d24 2dde46222f0c4d05a92e6dc79753c2dc 8cf13f659408417abb79369600a91022 - - default default] Unable to schedule network 70091ce8-4f32-4e25-9307-5284f9d80efb: no agents available; will retry on subsequent port and subnet creation events.
2026-05-19 14:35:58.973 9 INFO neutron.api.wsgi [req-d6276be9-2271-42e9-be8f-f1cca4eeef7e req-9e7b82cc-ae7c-4ffa-8afc-92c7cc661d61 f6baec8987554a46a0c04386237faf87 1043303fd47849d2986738a43751a16d - - d5e82ed9ece74ce6a818325b5dba6f15 d5e82ed9ece74ce6a818325b5dba6f15] 10.0.0.166 "GET /v2.0/ports?device_id=1d5bc08f-bb27-4dda-84ce-f56e9d81e397 HTTP/1.1" status: 200 len: 1413 time: 0.0411088
2026-05-19 14:35:59.020 9 INFO neutron.api.wsgi [req-d6276be9-2271-42e9-be8f-f1cca4eeef7e req-addce2fc-6acf-44be-934e-b6b37aa07eeb f6baec8987554a46a0c04386237faf87 1043303fd47849d2986738a43751a16d - - d5e82ed9ece74ce6a818325b5dba6f15 d5e82ed9ece74ce6a818325b5dba6f15] 10.0.0.166 "GET /v2.0/security-groups?id=0694bafa-b30e-48c9-ad7e-5cd343ba9ee5&fields=id&fields=name HTTP/1.1" status: 200 len: 312 time: 0.0393758
2026-05-19 14:35:59.024 9 INFO neutron.db.ovn_revision_numbers_db [None req-e2b823d4-7de8-47ee-80b5-a3a88d474d24 2dde46222f0c4d05a92e6dc79753c2dc 8cf13f659408417abb79369600a91022 - - default default] Successfully bumped revision number for resource 66780105-daac-4699-8985-2b5a4b173c0a (type: ports) to 1
2026-05-19 14:35:59.046 9 INFO neutron.api.wsgi [None req-e2b823d4-7de8-47ee-80b5-a3a88d474d24 2dde46222f0c4d05a92e6dc79753c2dc 8cf13f659408417abb79369600a91022 - - default default] 10.0.0.120 "POST /v2.0/networks HTTP/1.1" status: 201 len: 946 time: 0.8209667
2026-05-19 14:35:59.185 9 WARNING neutron.scheduler.dhcp_agent_scheduler [None req-b98e9f01-73ea-423c-ab23-11ff0baa8575 2dde46222f0c4d05a92e6dc79753c2dc 8cf13f659408417abb79369600a91022 - - default default] No more DHCP agents
2026-05-19 14:35:59.186 9 WARNING neutron.api.rpc.agentnotifiers.dhcp_rpc_agent_api [None req-b98e9f01-73ea-423c-ab23-11ff0baa8575 2dde46222f0c4d05a92e6dc79753c2dc 8cf13f659408417abb79369600a91022 - - default default] Unable to schedule network 70091ce8-4f32-4e25-9307-5284f9d80efb: no agents available; will retry on subsequent port and subnet creation events.
2026-05-19 14:35:59.594 9 INFO neutron.db.ovn_revision_numbers_db [None req-6827d9d8-50cb-4cb7-baf0-8316971492db - - - - - -] Successfully bumped revision number for resource 66780105-daac-4699-8985-2b5a4b173c0a (type: ports) to 2
2026-05-19 14:35:59.619 9 INFO neutron.db.ovn_revision_numbers_db [None req-6827d9d8-50cb-4cb7-baf0-8316971492db - - - - - -] Successfully bumped revision number for resource 7a3dcd58-9dd1-4c33-a6b4-052612fd01d8 (type: subnets) to 0
2026-05-19 14:35:59.630 9 INFO neutron.api.wsgi [None req-b98e9f01-73ea-423c-ab23-11ff0baa8575 2dde46222f0c4d05a92e6dc79753c2dc 8cf13f659408417abb79369600a91022 - - default default] 10.0.0.120 "POST /v2.0/subnets HTTP/1.1" status: 201 len: 890 time: 0.5771532
2026-05-19 14:36:00.001 10 INFO neutron.db.ovn_revision_numbers_db [None req-5250d779-a156-4f40-9bee-2b5d6624518b 2dde46222f0c4d05a92e6dc79753c2dc 8cf13f659408417abb79369600a91022 - - default default] Successfully bumped revision number for resource e82469f9-0d07-4622-ad08-0038edd638ee (type: security_groups) to 1
2026-05-19 14:36:00.009 9 WARNING neutron.scheduler.dhcp_agent_scheduler [None req-58830ec4-3385-46ea-8764-de29cb6245e8 2dde46222f0c4d05a92e6dc79753c2dc 8cf13f659408417abb79369600a91022 - - default default] No more DHCP agents
2026-05-19 14:36:00.010 9 WARNING neutron.api.rpc.agentnotifiers.dhcp_rpc_agent_api [None req-58830ec4-3385-46ea-8764-de29cb6245e8 2dde46222f0c4d05a92e6dc79753c2dc 8cf13f659408417abb79369600a91022 - - default default] Unable to schedule network 15e0633e-2665-4bde-9c99-e06e27860dcb: no agents available; will retry on subsequent port and subnet creation events.
2026-05-19 14:36:00.018 10 INFO neutron.db.ovn_revision_numbers_db [None req-5250d779-a156-4f40-9bee-2b5d6624518b 2dde46222f0c4d05a92e6dc79753c2dc 8cf13f659408417abb79369600a91022 - - default default] Successfully bumped revision number for resource 15d6ab6a-3d06-49a3-b52d-e4f1cd8ff9d4 (type: security_group_rules) to 0
2026-05-19 14:36:00.032 10 INFO neutron.db.ovn_revision_numbers_db [None req-5250d779-a156-4f40-9bee-2b5d6624518b 2dde46222f0c4d05a92e6dc79753c2dc 8cf13f659408417abb79369600a91022 - - default default] Successfully bumped revision number for resource 2f9aa3e9-f9ae-4fb8-8068-5deb80efd85d (type: security_group_rules) to 0
2026-05-19 14:36:00.045 10 INFO neutron.db.ovn_revision_numbers_db [None req-5250d779-a156-4f40-9bee-2b5d6624518b 2dde46222f0c4d05a92e6dc79753c2dc 8cf13f659408417abb79369600a91022 - - default default] Successfully bumped revision number for resource 9bf17946-68a7-4a37-b8af-0f05d8aba598 (type: security_group_rules) to 0
2026-05-19 14:36:00.060 10 INFO neutron.db.ovn_revision_numbers_db [None req-5250d779-a156-4f40-9bee-2b5d6624518b 2dde46222f0c4d05a92e6dc79753c2dc 8cf13f659408417abb79369600a91022 - - default default] Successfully bumped revision number for resource fce497af-dd27-4650-b8ee-09860b3886c4 (type: security_group_rules) to 0
2026-05-19 14:36:00.125 9 INFO neutron.db.ovn_revision_numbers_db [None req-58830ec4-3385-46ea-8764-de29cb6245e8 2dde46222f0c4d05a92e6dc79753c2dc 8cf13f659408417abb79369600a91022 - - default default] Successfully bumped revision number for resource e9cf5118-5739-4199-8705-5122e830a491 (type: ports) to 1
2026-05-19 14:36:00.135 10 INFO neutron.db.segments_db [None req-5250d779-a156-4f40-9bee-2b5d6624518b 2dde46222f0c4d05a92e6dc79753c2dc 8cf13f659408417abb79369600a91022 - - default default] Added segment 5f4e0ea5-3736-49dd-b701-bfce078e82bb of type geneve for network 8d7d4384-3bdd-41c6-a794-3cdfaf90ee34
2026-05-19 14:36:00.235 10 INFO neutron.db.ovn_revision_numbers_db [None req-5250d779-a156-4f40-9bee-2b5d6624518b 2dde46222f0c4d05a92e6dc79753c2dc 8cf13f659408417abb79369600a91022 - - default default] Successfully bumped revision number for resource 8d7d4384-3bdd-41c6-a794-3cdfaf90ee34 (type: networks) to 1
2026-05-19 14:36:00.387 10 WARNING neutron.scheduler.dhcp_agent_scheduler [None req-5250d779-a156-4f40-9bee-2b5d6624518b 2dde46222f0c4d05a92e6dc79753c2dc 8cf13f659408417abb79369600a91022 - - default default] No more DHCP agents
2026-05-19 14:36:00.389 10 WARNING neutron.api.rpc.agentnotifiers.dhcp_rpc_agent_api [None req-5250d779-a156-4f40-9bee-2b5d6624518b 2dde46222f0c4d05a92e6dc79753c2dc 8cf13f659408417abb79369600a91022 - - default default] Unable to schedule network 8d7d4384-3bdd-41c6-a794-3cdfaf90ee34: no agents available; will retry on subsequent port and subnet creation events.
2026-05-19 14:36:00.450 10 INFO neutron.db.ovn_revision_numbers_db [None req-5250d779-a156-4f40-9bee-2b5d6624518b 2dde46222f0c4d05a92e6dc79753c2dc 8cf13f659408417abb79369600a91022 - - default default] Successfully bumped revision number for resource 0667129a-4933-4dcc-abb1-687da00806a3 (type: ports) to 1
2026-05-19 14:36:00.472 10 INFO neutron.api.wsgi [None req-5250d779-a156-4f40-9bee-2b5d6624518b 2dde46222f0c4d05a92e6dc79753c2dc 8cf13f659408417abb79369600a91022 - - default default] 10.0.0.120 "POST /v2.0/networks HTTP/1.1" status: 201 len: 942 time: 0.7543013
2026-05-19 14:36:00.702 9 WARNING neutron.scheduler.dhcp_agent_scheduler [None req-66f13cc2-2d6e-4651-9547-c21edf5b5de2 2dde46222f0c4d05a92e6dc79753c2dc 8cf13f659408417abb79369600a91022 - - default default] No more DHCP agents
2026-05-19 14:36:00.705 9 WARNING neutron.api.rpc.agentnotifiers.dhcp_rpc_agent_api [None req-66f13cc2-2d6e-4651-9547-c21edf5b5de2 2dde46222f0c4d05a92e6dc79753c2dc 8cf13f659408417abb79369600a91022 - - default default] Unable to schedule network 8d7d4384-3bdd-41c6-a794-3cdfaf90ee34: no agents available; will retry on subsequent port and subnet creation events.
2026-05-19 14:36:00.760 9 INFO neutron.plugins.ml2.drivers.ovn.mech_driver.ovsdb.commands [None req-06e414cf-ce95-4889-87f9-b6eb6a2b3ed1 - - - - - -] Schedule LRP lrp-e9cf5118-5739-4199-8705-5122e830a491 on gateway 4a668c97-cb49-4e5f-9d57-893f65022510 with priority 1
2026-05-19 14:36:00.775 9 INFO neutron.plugins.ml2.drivers.ovn.mech_driver.mech_driver [None req-214aeb0a-f7bf-4bd1-803f-5d0ac00f26bb - - - - - -] OVN reports status up for port: e9cf5118-5739-4199-8705-5122e830a491
2026-05-19 14:36:00.794 9 INFO neutron.plugins.ml2.drivers.ovn.mech_driver.ovsdb.ovsdb_monitor [-] Router 0d85dadb-3770-4288-ba2b-781f448ee4f5 is bound to host instance
2026-05-19 14:36:00.811 9 INFO neutron.plugins.ml2.plugin [None req-214aeb0a-f7bf-4bd1-803f-5d0ac00f26bb - - - - - -] Attempt 1 to provision port e9cf5118-5739-4199-8705-5122e830a491
2026-05-19 14:36:00.856 9 INFO neutron.db.ovn_revision_numbers_db [None req-58830ec4-3385-46ea-8764-de29cb6245e8 2dde46222f0c4d05a92e6dc79753c2dc 8cf13f659408417abb79369600a91022 - - default default] Successfully bumped revision number for resource e9cf5118-5739-4199-8705-5122e830a491 (type: router_ports) to 1
2026-05-19 14:36:00.976 9 INFO neutron.db.ovn_revision_numbers_db [None req-58830ec4-3385-46ea-8764-de29cb6245e8 2dde46222f0c4d05a92e6dc79753c2dc 8cf13f659408417abb79369600a91022 - - default default] Successfully bumped revision number for resource 0d85dadb-3770-4288-ba2b-781f448ee4f5 (type: routers) to 2
2026-05-19 14:36:01.002 9 INFO neutron.api.wsgi [None req-58830ec4-3385-46ea-8764-de29cb6245e8 2dde46222f0c4d05a92e6dc79753c2dc 8cf13f659408417abb79369600a91022 - - default default] 10.0.0.120 "POST /v2.0/routers HTTP/1.1" status: 201 len: 1168 time: 1.3683963
2026-05-19 14:36:01.284 9 INFO neutron.db.ovn_revision_numbers_db [None req-195b019b-40c8-436b-b0d8-22865a808fa0 - - - - - -] Successfully bumped revision number for resource 0667129a-4933-4dcc-abb1-687da00806a3 (type: ports) to 2
2026-05-19 14:36:01.326 9 INFO neutron.db.ovn_revision_numbers_db [None req-195b019b-40c8-436b-b0d8-22865a808fa0 - - - - - -] Successfully bumped revision number for resource d7ec3d14-6572-4444-b9cd-36794150a462 (type: subnets) to 0
2026-05-19 14:36:01.340 9 INFO neutron.api.wsgi [None req-66f13cc2-2d6e-4651-9547-c21edf5b5de2 2dde46222f0c4d05a92e6dc79753c2dc 8cf13f659408417abb79369600a91022 - - default default] 10.0.0.120 "POST /v2.0/subnets HTTP/1.1" status: 201 len: 887 time: 0.8588862
2026-05-19 14:36:01.375 9 INFO neutron.db.ovn_revision_numbers_db [None req-cc2f394d-c77f-448e-8f27-156d3a1fb2a6 - - - - - -] Successfully bumped revision number for resource e9cf5118-5739-4199-8705-5122e830a491 (type: ports) to 1
2026-05-19 14:36:01.432 10 WARNING neutron.scheduler.dhcp_agent_scheduler [None req-15592356-098d-44c2-ac9c-d175408a39c2 2dde46222f0c4d05a92e6dc79753c2dc 8cf13f659408417abb79369600a91022 - - default default] No more DHCP agents
2026-05-19 14:36:01.433 10 WARNING neutron.api.rpc.agentnotifiers.dhcp_rpc_agent_api [None req-15592356-098d-44c2-ac9c-d175408a39c2 2dde46222f0c4d05a92e6dc79753c2dc 8cf13f659408417abb79369600a91022 - - default default] Unable to schedule network 70091ce8-4f32-4e25-9307-5284f9d80efb: no agents available; will retry on subsequent port and subnet creation events.
2026-05-19 14:36:01.561 10 INFO neutron.db.ovn_revision_numbers_db [None req-15592356-098d-44c2-ac9c-d175408a39c2 2dde46222f0c4d05a92e6dc79753c2dc 8cf13f659408417abb79369600a91022 - - default default] Successfully bumped revision number for resource 2f27a638-d9fa-484a-b08b-5ade3e3f56f5 (type: ports) to 1
2026-05-19 14:36:01.798 9 INFO neutron.db.ovn_revision_numbers_db [None req-cc2f394d-c77f-448e-8f27-156d3a1fb2a6 - - - - - -] Successfully bumped revision number for resource e9cf5118-5739-4199-8705-5122e830a491 (type: ports) to 4
2026-05-19 14:36:01.802 9 WARNING neutron.scheduler.dhcp_agent_scheduler [None req-b797ba77-142f-44ea-a096-0b40624e0ecc 2dde46222f0c4d05a92e6dc79753c2dc 8cf13f659408417abb79369600a91022 - - default default] No more DHCP agents
2026-05-19 14:36:01.803 9 WARNING neutron.api.rpc.agentnotifiers.dhcp_rpc_agent_api [None req-b797ba77-142f-44ea-a096-0b40624e0ecc 2dde46222f0c4d05a92e6dc79753c2dc 8cf13f659408417abb79369600a91022 - - default default] Unable to schedule network 15e0633e-2665-4bde-9c99-e06e27860dcb: no agents available; will retry on subsequent port and subnet creation events.
2026-05-19 14:36:01.946 9 INFO neutron.db.ovn_revision_numbers_db [None req-b797ba77-142f-44ea-a096-0b40624e0ecc 2dde46222f0c4d05a92e6dc79753c2dc 8cf13f659408417abb79369600a91022 - - default default] Successfully bumped revision number for resource 9a3c51e8-5c11-4eb6-9586-d6007843ea7d (type: ports) to 1
2026-05-19 14:36:02.086 10 INFO neutron.plugins.ml2.drivers.ovn.mech_driver.mech_driver [None req-d3f33f41-5152-4787-a2fa-32136960bdc2 - - - - - -] OVN reports status up for port: 2f27a638-d9fa-484a-b08b-5ade3e3f56f5
2026-05-19 14:36:02.096 10 INFO neutron.plugins.ml2.plugin [None req-d3f33f41-5152-4787-a2fa-32136960bdc2 - - - - - -] Attempt 1 to provision port 2f27a638-d9fa-484a-b08b-5ade3e3f56f5
2026-05-19 14:36:02.110 10 INFO neutron.db.ovn_revision_numbers_db [None req-15592356-098d-44c2-ac9c-d175408a39c2 2dde46222f0c4d05a92e6dc79753c2dc 8cf13f659408417abb79369600a91022 - - default default] Successfully bumped revision number for resource 2f27a638-d9fa-484a-b08b-5ade3e3f56f5 (type: ports) to 1
2026-05-19 14:36:02.178 9 INFO neutron.db.ovn_revision_numbers_db [None req-cc2f394d-c77f-448e-8f27-156d3a1fb2a6 - - - - - -] Successfully bumped revision number for resource e9cf5118-5739-4199-8705-5122e830a491 (type: ports) to 5
2026-05-19 14:36:02.182 10 WARNING neutron.scheduler.dhcp_agent_scheduler [None req-15592356-098d-44c2-ac9c-d175408a39c2 2dde46222f0c4d05a92e6dc79753c2dc 8cf13f659408417abb79369600a91022 - - default default] No more DHCP agents
2026-05-19 14:36:02.183 10 WARNING neutron.api.rpc.agentnotifiers.dhcp_rpc_agent_api [None req-15592356-098d-44c2-ac9c-d175408a39c2 2dde46222f0c4d05a92e6dc79753c2dc 8cf13f659408417abb79369600a91022 - - default default] Unable to schedule network 70091ce8-4f32-4e25-9307-5284f9d80efb: no agents available; will retry on subsequent port and subnet creation events.
2026-05-19 14:36:02.521 10 INFO neutron.db.ovn_revision_numbers_db [None req-d3f33f41-5152-4787-a2fa-32136960bdc2 - - - - - -] Successfully bumped revision number for resource 2f27a638-d9fa-484a-b08b-5ade3e3f56f5 (type: ports) to 2
2026-05-19 14:36:02.554 9 INFO neutron.plugins.ml2.drivers.ovn.mech_driver.ovsdb.commands [None req-06e414cf-ce95-4889-87f9-b6eb6a2b3ed1 - - - - - -] Schedule LRP lrp-9a3c51e8-5c11-4eb6-9586-d6007843ea7d on gateway 4a668c97-cb49-4e5f-9d57-893f65022510 with priority 1
2026-05-19 14:36:02.585 9 INFO neutron.plugins.ml2.drivers.ovn.mech_driver.ovsdb.ovsdb_monitor [None req-cc2f394d-c77f-448e-8f27-156d3a1fb2a6 - - - - - -] Router 47792d5a-eea9-4486-b7e4-f5555e7a39e1 is bound to host instance
2026-05-19 14:36:02.822 9 INFO neutron.db.ovn_revision_numbers_db [None req-b797ba77-142f-44ea-a096-0b40624e0ecc 2dde46222f0c4d05a92e6dc79753c2dc 8cf13f659408417abb79369600a91022 - - default default] Successfully bumped revision number for resource 9a3c51e8-5c11-4eb6-9586-d6007843ea7d (type: router_ports) to 1
2026-05-19 14:36:02.895 9 INFO neutron.db.ovn_revision_numbers_db [None req-b797ba77-142f-44ea-a096-0b40624e0ecc 2dde46222f0c4d05a92e6dc79753c2dc 8cf13f659408417abb79369600a91022 - - default default] Successfully bumped revision number for resource 47792d5a-eea9-4486-b7e4-f5555e7a39e1 (type: routers) to 2
2026-05-19 14:36:02.914 9 INFO neutron.api.wsgi [None req-b797ba77-142f-44ea-a096-0b40624e0ecc 2dde46222f0c4d05a92e6dc79753c2dc 8cf13f659408417abb79369600a91022 - - default default] 10.0.0.120 "POST /v2.0/routers HTTP/1.1" status: 201 len: 1165 time: 1.5678127
2026-05-19 14:36:03.187 9 INFO neutron.db.ovn_revision_numbers_db [None req-d4fc47ce-dad4-4242-aaab-fa8c84b29aef - - - - - -] Successfully bumped revision number for resource 9a3c51e8-5c11-4eb6-9586-d6007843ea7d (type: ports) to 1
2026-05-19 14:36:03.378 10 INFO neutron.db.ovn_revision_numbers_db [None req-15592356-098d-44c2-ac9c-d175408a39c2 2dde46222f0c4d05a92e6dc79753c2dc 8cf13f659408417abb79369600a91022 - - default default] Successfully bumped revision number for resource 2f27a638-d9fa-484a-b08b-5ade3e3f56f5 (type: router_ports) to 1
2026-05-19 14:36:03.384 10 INFO neutron.api.wsgi [None req-15592356-098d-44c2-ac9c-d175408a39c2 2dde46222f0c4d05a92e6dc79753c2dc 8cf13f659408417abb79369600a91022 - - default default] 10.0.0.120 "PUT /v2.0/routers/0d85dadb-3770-4288-ba2b-781f448ee4f5/add_router_interface HTTP/1.1" status: 200 len: 503 time: 2.3770809
2026-05-19 14:36:03.415 9 INFO neutron.api.wsgi [req-d3b3ba6e-c37b-4924-819e-179e32321495 req-f02da63d-c0e3-4564-ab53-5be40bb61d91 e268f250a80f4e08bac63abcb643933f 05604eb34c1146fc8731574f19598ed8 - - default default] 10.0.0.9 "GET /v2.0/ports?device_id=1d5bc08f-bb27-4dda-84ce-f56e9d81e397 HTTP/1.1" status: 200 len: 1174 time: 0.0984387
2026-05-19 14:36:03.465 9 INFO neutron.api.wsgi [req-d3b3ba6e-c37b-4924-819e-179e32321495 req-9e228c37-8f68-4520-a67c-619cbc697c3d e268f250a80f4e08bac63abcb643933f 05604eb34c1146fc8731574f19598ed8 - - default default] 10.0.0.9 "GET /v2.0/security-groups?id=0694bafa-b30e-48c9-ad7e-5cd343ba9ee5&fields=id&fields=name HTTP/1.1" status: 200 len: 312 time: 0.0435719
2026-05-19 14:36:03.485 10 WARNING neutron.scheduler.dhcp_agent_scheduler [None req-4893ae59-5769-48dd-99c1-c5dad05f55d9 2dde46222f0c4d05a92e6dc79753c2dc 8cf13f659408417abb79369600a91022 - - default default] No more DHCP agents
2026-05-19 14:36:03.487 10 WARNING neutron.api.rpc.agentnotifiers.dhcp_rpc_agent_api [None req-4893ae59-5769-48dd-99c1-c5dad05f55d9 2dde46222f0c4d05a92e6dc79753c2dc 8cf13f659408417abb79369600a91022 - - default default] Unable to schedule network 8d7d4384-3bdd-41c6-a794-3cdfaf90ee34: no agents available; will retry on subsequent port and subnet creation events.
2026-05-19 14:36:03.570 9 INFO neutron.db.ovn_revision_numbers_db [None req-d4fc47ce-dad4-4242-aaab-fa8c84b29aef - - - - - -] Successfully bumped revision number for resource 9a3c51e8-5c11-4eb6-9586-d6007843ea7d (type: ports) to 4
2026-05-19 14:36:03.610 10 INFO neutron.db.ovn_revision_numbers_db [None req-4893ae59-5769-48dd-99c1-c5dad05f55d9 2dde46222f0c4d05a92e6dc79753c2dc 8cf13f659408417abb79369600a91022 - - default default] Successfully bumped revision number for resource b40a9fdd-4d07-40c3-bb7c-8a1cefb14fd4 (type: ports) to 1
2026-05-19 14:36:03.675 9 INFO neutron.api.wsgi [req-d1f1f153-1dd9-41a1-8598-a94c4b6ff5bd req-c5e22e51-b9d6-49e0-bee0-ec571801bf44 e268f250a80f4e08bac63abcb643933f 05604eb34c1146fc8731574f19598ed8 - - default default] 10.0.0.9 "GET /v2.0/ports?device_id=1d5bc08f-bb27-4dda-84ce-f56e9d81e397 HTTP/1.1" status: 200 len: 1174 time: 0.0437288
2026-05-19 14:36:03.713 9 INFO neutron.api.wsgi [req-d1f1f153-1dd9-41a1-8598-a94c4b6ff5bd req-c58fc927-8dc6-4291-b453-7c81e45787e7 e268f250a80f4e08bac63abcb643933f 05604eb34c1146fc8731574f19598ed8 - - default default] 10.0.0.9 "GET /v2.0/security-groups?id=0694bafa-b30e-48c9-ad7e-5cd343ba9ee5&fields=id&fields=name HTTP/1.1" status: 200 len: 312 time: 0.0327663
2026-05-19 14:36:03.823 9 INFO neutron.plugins.ml2.drivers.ovn.mech_driver.mech_driver [None req-214aeb0a-f7bf-4bd1-803f-5d0ac00f26bb - - - - - -] OVN reports status up for port: 9a3c51e8-5c11-4eb6-9586-d6007843ea7d
2026-05-19 14:36:03.838 9 INFO neutron.plugins.ml2.plugin [None req-214aeb0a-f7bf-4bd1-803f-5d0ac00f26bb - - - - - -] Attempt 1 to provision port 9a3c51e8-5c11-4eb6-9586-d6007843ea7d
2026-05-19 14:36:03.867 9 INFO neutron.db.ovn_revision_numbers_db [None req-d4fc47ce-dad4-4242-aaab-fa8c84b29aef - - - - - -] Successfully bumped revision number for resource 9a3c51e8-5c11-4eb6-9586-d6007843ea7d (type: ports) to 5
2026-05-19 14:36:03.916 10 WARNING neutron_lib.context [None req-f7a646f9-94a9-4c17-82ed-fdaae8481b0d a902ca3cf4fe4383a277516a66c8ec2e e05e5209892e48f19db9804daadb2818 - - default default] Method 'is_advsvc' is deprecated since 2023.2 release (neutron-lib 3.8.0) and will be removed once support for the old RBAC API policies will be removed from Neutron. Please use method 'is_service_role' instead.
2026-05-19 14:36:04.037 10 INFO neutron.db.ovn_revision_numbers_db [None req-f7a646f9-94a9-4c17-82ed-fdaae8481b0d a902ca3cf4fe4383a277516a66c8ec2e e05e5209892e48f19db9804daadb2818 - - default default] Successfully bumped revision number for resource 3b69961c-58c4-4c2f-8f94-7592a6fe53af (type: security_groups) to 1
2026-05-19 14:36:04.051 10 INFO neutron.db.ovn_revision_numbers_db [None req-f7a646f9-94a9-4c17-82ed-fdaae8481b0d a902ca3cf4fe4383a277516a66c8ec2e e05e5209892e48f19db9804daadb2818 - - default default] Successfully bumped revision number for resource 0547ce9a-00d3-4f77-9a54-3451a8a560c4 (type: security_group_rules) to 0
2026-05-19 14:36:04.068 10 INFO neutron.db.ovn_revision_numbers_db [None req-f7a646f9-94a9-4c17-82ed-fdaae8481b0d a902ca3cf4fe4383a277516a66c8ec2e e05e5209892e48f19db9804daadb2818 - - default default] Successfully bumped revision number for resource 91d775a8-81fb-437b-bdf0-0708607c8468 (type: security_group_rules) to 0
2026-05-19 14:36:04.107 10 INFO neutron.api.wsgi [None req-f7a646f9-94a9-4c17-82ed-fdaae8481b0d a902ca3cf4fe4383a277516a66c8ec2e e05e5209892e48f19db9804daadb2818 - - default default] 10.0.0.120 "POST /v2.0/security-groups HTTP/1.1" status: 201 len: 1860 time: 0.1943955
2026-05-19 14:36:04.117 9 INFO neutron.plugins.ml2.drivers.ovn.mech_driver.mech_driver [None req-214aeb0a-f7bf-4bd1-803f-5d0ac00f26bb - - - - - -] OVN reports status up for port: b40a9fdd-4d07-40c3-bb7c-8a1cefb14fd4
2026-05-19 14:36:04.120 10 WARNING neutron_lib.context [None req-fb55a754-d371-4983-a945-ee1d0b05bc2b a902ca3cf4fe4383a277516a66c8ec2e e05e5209892e48f19db9804daadb2818 - - default default] Method 'is_advsvc' is deprecated since 2023.2 release (neutron-lib 3.8.0) and will be removed once support for the old RBAC API policies will be removed from Neutron. Please use method 'is_service_role' instead.
2026-05-19 14:36:04.123 9 INFO neutron.plugins.ml2.plugin [None req-214aeb0a-f7bf-4bd1-803f-5d0ac00f26bb - - - - - -] Attempt 1 to provision port b40a9fdd-4d07-40c3-bb7c-8a1cefb14fd4
2026-05-19 14:36:04.143 10 INFO neutron.db.ovn_revision_numbers_db [None req-4893ae59-5769-48dd-99c1-c5dad05f55d9 2dde46222f0c4d05a92e6dc79753c2dc 8cf13f659408417abb79369600a91022 - - default default] Successfully bumped revision number for resource b40a9fdd-4d07-40c3-bb7c-8a1cefb14fd4 (type: ports) to 1
2026-05-19 14:36:04.226 10 WARNING neutron.scheduler.dhcp_agent_scheduler [None req-4893ae59-5769-48dd-99c1-c5dad05f55d9 2dde46222f0c4d05a92e6dc79753c2dc 8cf13f659408417abb79369600a91022 - - default default] No more DHCP agents
2026-05-19 14:36:04.229 10 WARNING neutron.api.rpc.agentnotifiers.dhcp_rpc_agent_api [None req-4893ae59-5769-48dd-99c1-c5dad05f55d9 2dde46222f0c4d05a92e6dc79753c2dc 8cf13f659408417abb79369600a91022 - - default default] Unable to schedule network 8d7d4384-3bdd-41c6-a794-3cdfaf90ee34: no agents available; will retry on subsequent port and subnet creation events.
2026-05-19 14:36:04.308 10 INFO neutron.db.ovn_revision_numbers_db [None req-fb55a754-d371-4983-a945-ee1d0b05bc2b a902ca3cf4fe4383a277516a66c8ec2e e05e5209892e48f19db9804daadb2818 - - default default] Successfully bumped revision number for resource 5fba21c0-c20a-4402-8c7d-36154a30e6bb (type: security_group_rules) to 0
2026-05-19 14:36:04.343 10 INFO neutron.api.wsgi [None req-fb55a754-d371-4983-a945-ee1d0b05bc2b a902ca3cf4fe4383a277516a66c8ec2e e05e5209892e48f19db9804daadb2818 - - default default] 10.0.0.120 "POST /v2.0/security-group-rules HTTP/1.1" status: 201 len: 796 time: 0.2295911
2026-05-19 14:36:04.352 10 WARNING neutron_lib.context [None req-193ad12a-8cb4-43b8-a8fd-fac7889ffb20 a902ca3cf4fe4383a277516a66c8ec2e e05e5209892e48f19db9804daadb2818 - - default default] Method 'is_advsvc' is deprecated since 2023.2 release (neutron-lib 3.8.0) and will be removed once support for the old RBAC API policies will be removed from Neutron. Please use method 'is_service_role' instead.
2026-05-19 14:36:04.454 9 INFO neutron.db.ovn_revision_numbers_db [None req-214aeb0a-f7bf-4bd1-803f-5d0ac00f26bb - - - - - -] Successfully bumped revision number for resource b40a9fdd-4d07-40c3-bb7c-8a1cefb14fd4 (type: ports) to 2
2026-05-19 14:36:04.484 10 INFO neutron.db.ovn_revision_numbers_db [None req-193ad12a-8cb4-43b8-a8fd-fac7889ffb20 a902ca3cf4fe4383a277516a66c8ec2e e05e5209892e48f19db9804daadb2818 - - default default] Successfully bumped revision number for resource 827d845a-ec24-4583-937a-62533ef71445 (type: security_group_rules) to 0
2026-05-19 14:36:04.520 10 INFO neutron.api.wsgi [None req-193ad12a-8cb4-43b8-a8fd-fac7889ffb20 a902ca3cf4fe4383a277516a66c8ec2e e05e5209892e48f19db9804daadb2818 - - default default] 10.0.0.120 "POST /v2.0/security-group-rules HTTP/1.1" status: 201 len: 801 time: 0.1731699
2026-05-19 14:36:04.529 10 WARNING neutron_lib.context [None req-2cf21f92-5efe-463d-a137-4e06a954325d a902ca3cf4fe4383a277516a66c8ec2e e05e5209892e48f19db9804daadb2818 - - default default] Method 'is_advsvc' is deprecated since 2023.2 release (neutron-lib 3.8.0) and will be removed once support for the old RBAC API policies will be removed from Neutron. Please use method 'is_service_role' instead.
2026-05-19 14:36:04.793 10 WARNING neutron.scheduler.dhcp_agent_scheduler [None req-2cf21f92-5efe-463d-a137-4e06a954325d a902ca3cf4fe4383a277516a66c8ec2e e05e5209892e48f19db9804daadb2818 - - default default] No more DHCP agents
2026-05-19 14:36:04.794 10 WARNING neutron.api.rpc.agentnotifiers.dhcp_rpc_agent_api [None req-2cf21f92-5efe-463d-a137-4e06a954325d a902ca3cf4fe4383a277516a66c8ec2e e05e5209892e48f19db9804daadb2818 - - default default] Unable to schedule network 15e0633e-2665-4bde-9c99-e06e27860dcb: no agents available; will retry on subsequent port and subnet creation events.
2026-05-19 14:36:04.802 9 INFO neutron.api.wsgi [req-b343f4a8-b162-4a77-8af3-efad49b6dfbc req-35caad73-e3c5-4c85-9e88-188706f553f4 e268f250a80f4e08bac63abcb643933f 05604eb34c1146fc8731574f19598ed8 - - default default] 10.0.0.9 "GET /v2.0/ports?device_id=1d5bc08f-bb27-4dda-84ce-f56e9d81e397 HTTP/1.1" status: 200 len: 1174 time: 0.0310729
2026-05-19 14:36:04.837 9 INFO neutron.api.wsgi [req-b343f4a8-b162-4a77-8af3-efad49b6dfbc req-32772b69-35d3-407b-baa4-f2dceb270db8 e268f250a80f4e08bac63abcb643933f 05604eb34c1146fc8731574f19598ed8 - - default default] 10.0.0.9 "GET /v2.0/security-groups?id=0694bafa-b30e-48c9-ad7e-5cd343ba9ee5&fields=id&fields=name HTTP/1.1" status: 200 len: 312 time: 0.0289133
