2026-05-19 14:37:48.192 10 INFO neutron.db.ovn_revision_numbers_db [None req-bd221772-acba-4ad2-8f8c-73f4c90b7b7c 6f215e54046443cb9dcc46c0e842d80c 7dafd24083934598ac40d2728d2dd2d6 - - default default] Successfully bumped revision number for resource 445370cc-1cd3-4531-a790-6f52fbafa838 (type: security_groups) to 1
2026-05-19 14:37:48.204 10 INFO neutron.db.ovn_revision_numbers_db [None req-bd221772-acba-4ad2-8f8c-73f4c90b7b7c 6f215e54046443cb9dcc46c0e842d80c 7dafd24083934598ac40d2728d2dd2d6 - - default default] Successfully bumped revision number for resource 509d5542-0516-4b1d-9047-9b2a79213f7b (type: security_group_rules) to 0
2026-05-19 14:37:48.215 10 INFO neutron.db.ovn_revision_numbers_db [None req-bd221772-acba-4ad2-8f8c-73f4c90b7b7c 6f215e54046443cb9dcc46c0e842d80c 7dafd24083934598ac40d2728d2dd2d6 - - default default] Successfully bumped revision number for resource 7469f01e-c691-4728-a18b-ee5edad7e15e (type: security_group_rules) to 0
2026-05-19 14:37:48.247 10 INFO neutron.api.wsgi [None req-bd221772-acba-4ad2-8f8c-73f4c90b7b7c 6f215e54046443cb9dcc46c0e842d80c 7dafd24083934598ac40d2728d2dd2d6 - - default default] 10.0.0.120 "POST /v2.0/security-groups HTTP/1.1" status: 201 len: 1827 time: 0.5213237
2026-05-19 14:37:48.280 10 INFO neutron.api.wsgi [None req-4f5b8e28-8a91-40da-af54-9856b8af2599 6f215e54046443cb9dcc46c0e842d80c 7dafd24083934598ac40d2728d2dd2d6 - - default default] 10.0.0.120 "GET /v2.0/security-groups HTTP/1.1" status: 200 len: 4731 time: 0.0284402
2026-05-19 14:37:48.347 10 INFO neutron.db.ovn_revision_numbers_db [None req-b5960072-4ef5-4a6c-a3d3-5053ddfbaeb4 6f215e54046443cb9dcc46c0e842d80c 7dafd24083934598ac40d2728d2dd2d6 - - default default] Successfully bumped revision number for resource 445370cc-1cd3-4531-a790-6f52fbafa838 (type: security_groups) to 2
2026-05-19 14:37:48.370 10 INFO neutron.api.wsgi [None req-b5960072-4ef5-4a6c-a3d3-5053ddfbaeb4 6f215e54046443cb9dcc46c0e842d80c 7dafd24083934598ac40d2728d2dd2d6 - - default default] 10.0.0.120 "PUT /v2.0/security-groups/445370cc-1cd3-4531-a790-6f52fbafa838 HTTP/1.1" status: 200 len: 1859 time: 0.0853350
2026-05-19 14:37:48.395 10 INFO neutron.api.wsgi [None req-b145d380-350f-4e48-bfb5-1f6d58edabeb 6f215e54046443cb9dcc46c0e842d80c 7dafd24083934598ac40d2728d2dd2d6 - - default default] 10.0.0.120 "GET /v2.0/security-groups/445370cc-1cd3-4531-a790-6f52fbafa838 HTTP/1.1" status: 200 len: 1859 time: 0.0209396
2026-05-19 14:37:48.487 10 INFO neutron.api.wsgi [None req-752795a0-9f97-4354-9753-c80315ef4ca4 6f215e54046443cb9dcc46c0e842d80c 7dafd24083934598ac40d2728d2dd2d6 - - default default] 10.0.0.120 "DELETE /v2.0/security-groups/445370cc-1cd3-4531-a790-6f52fbafa838 HTTP/1.1" status: 204 len: 168 time: 0.0875742
2026-05-19 14:37:48.524 10 INFO neutron.api.wsgi [None req-77542e50-c345-4af8-9206-686a3d6d5fba 6f215e54046443cb9dcc46c0e842d80c 7dafd24083934598ac40d2728d2dd2d6 - - default default] 10.0.0.120 "GET /v2.0/security-groups HTTP/1.1" status: 200 len: 3124 time: 0.0300906
2026-05-19 14:37:48.547 10 INFO neutron.api.v2.resource [None req-91a8c594-6a11-413d-9b71-a3e91505a837 6f215e54046443cb9dcc46c0e842d80c 7dafd24083934598ac40d2728d2dd2d6 - - default default] delete failed (client error): The resource could not be found.
2026-05-19 14:37:48.553 10 INFO neutron.api.wsgi [None req-91a8c594-6a11-413d-9b71-a3e91505a837 6f215e54046443cb9dcc46c0e842d80c 7dafd24083934598ac40d2728d2dd2d6 - - default default] 10.0.0.120 "DELETE /v2.0/security-groups/445370cc-1cd3-4531-a790-6f52fbafa838 HTTP/1.1" status: 404 len: 347 time: 0.0246105
2026-05-19 14:37:48.560 10 WARNING neutron_lib.context [None req-151cd09f-7876-489f-8aaa-c46b6cd3fd6e 6f215e54046443cb9dcc46c0e842d80c 7dafd24083934598ac40d2728d2dd2d6 - - default default] Method 'is_advsvc' is deprecated since 2023.2 release (neutron-lib 3.8.0) and will be removed once support for the old RBAC API policies will be removed from Neutron. Please use method 'is_service_role' instead.
2026-05-19 14:37:48.644 10 INFO neutron.db.ovn_revision_numbers_db [None req-151cd09f-7876-489f-8aaa-c46b6cd3fd6e 6f215e54046443cb9dcc46c0e842d80c 7dafd24083934598ac40d2728d2dd2d6 - - default default] Successfully bumped revision number for resource db423678-e16e-480e-a42d-268354f7f900 (type: security_groups) to 1
2026-05-19 14:37:48.658 10 INFO neutron.db.ovn_revision_numbers_db [None req-151cd09f-7876-489f-8aaa-c46b6cd3fd6e 6f215e54046443cb9dcc46c0e842d80c 7dafd24083934598ac40d2728d2dd2d6 - - default default] Successfully bumped revision number for resource 2fbd63c5-cd41-4b97-bcb5-345aae8d2725 (type: security_group_rules) to 0
2026-05-19 14:37:48.682 10 INFO neutron.db.ovn_revision_numbers_db [None req-151cd09f-7876-489f-8aaa-c46b6cd3fd6e 6f215e54046443cb9dcc46c0e842d80c 7dafd24083934598ac40d2728d2dd2d6 - - default default] Successfully bumped revision number for resource 8b81303f-98c2-4407-bc9a-66a306df05b0 (type: security_group_rules) to 0
2026-05-19 14:37:48.723 10 INFO neutron.api.wsgi [None req-151cd09f-7876-489f-8aaa-c46b6cd3fd6e 6f215e54046443cb9dcc46c0e842d80c 7dafd24083934598ac40d2728d2dd2d6 - - default default] 10.0.0.120 "POST /v2.0/security-groups HTTP/1.1" status: 201 len: 1827 time: 0.1669586
2026-05-19 14:37:48.735 9 WARNING neutron_lib.context [None req-1f6f1e94-4bf9-4837-8a05-00e726fd0124 6f215e54046443cb9dcc46c0e842d80c 7dafd24083934598ac40d2728d2dd2d6 - - default default] Method 'is_advsvc' is deprecated since 2023.2 release (neutron-lib 3.8.0) and will be removed once support for the old RBAC API policies will be removed from Neutron. Please use method 'is_service_role' instead.
2026-05-19 14:37:48.814 9 INFO neutron.db.ovn_revision_numbers_db [None req-605ec50c-58fe-4e0c-a606-d75a0f2e541c 2dde46222f0c4d05a92e6dc79753c2dc 8cf13f659408417abb79369600a91022 - - default default] Successfully bumped revision number for resource d0997886-400b-4e2b-9037-b4b3ed8ba4b1 (type: security_groups) to 1
2026-05-19 14:37:48.835 9 INFO neutron.db.ovn_revision_numbers_db [None req-605ec50c-58fe-4e0c-a606-d75a0f2e541c 2dde46222f0c4d05a92e6dc79753c2dc 8cf13f659408417abb79369600a91022 - - default default] Successfully bumped revision number for resource 2f6ed1af-c1d7-46ea-bee0-0fa33cbcfd13 (type: security_group_rules) to 0
2026-05-19 14:37:48.850 9 INFO neutron.db.ovn_revision_numbers_db [None req-605ec50c-58fe-4e0c-a606-d75a0f2e541c 2dde46222f0c4d05a92e6dc79753c2dc 8cf13f659408417abb79369600a91022 - - default default] Successfully bumped revision number for resource ad81d05a-3b80-47c6-bec8-0e61306990b6 (type: security_group_rules) to 0
2026-05-19 14:37:48.870 9 INFO neutron.db.ovn_revision_numbers_db [None req-605ec50c-58fe-4e0c-a606-d75a0f2e541c 2dde46222f0c4d05a92e6dc79753c2dc 8cf13f659408417abb79369600a91022 - - default default] Successfully bumped revision number for resource b0a734e4-5fbd-48a1-ba90-01d7e153cde4 (type: security_group_rules) to 0
2026-05-19 14:37:48.888 9 INFO neutron.db.ovn_revision_numbers_db [None req-605ec50c-58fe-4e0c-a606-d75a0f2e541c 2dde46222f0c4d05a92e6dc79753c2dc 8cf13f659408417abb79369600a91022 - - default default] Successfully bumped revision number for resource b6adb7ab-deb6-4bb7-a662-dd3e9b78958e (type: security_group_rules) to 0
2026-05-19 14:37:48.894 9 INFO neutron.db.ovn_revision_numbers_db [None req-1f6f1e94-4bf9-4837-8a05-00e726fd0124 6f215e54046443cb9dcc46c0e842d80c 7dafd24083934598ac40d2728d2dd2d6 - - default default] Successfully bumped revision number for resource 70560642-1757-42ad-9613-1fe03dcb2bb3 (type: security_group_rules) to 0
2026-05-19 14:37:48.927 9 INFO neutron.api.wsgi [None req-605ec50c-58fe-4e0c-a606-d75a0f2e541c 2dde46222f0c4d05a92e6dc79753c2dc 8cf13f659408417abb79369600a91022 - - default default] 10.0.0.120 "GET /v2.0/security-groups?tenant_id=79d7aecbe3b94f58baa1f1e51b5dbbc0&name=default HTTP/1.1" status: 200 len: 3124 time: 0.4458635
2026-05-19 14:37:48.932 9 INFO neutron.api.wsgi [None req-1f6f1e94-4bf9-4837-8a05-00e726fd0124 6f215e54046443cb9dcc46c0e842d80c 7dafd24083934598ac40d2728d2dd2d6 - - default default] 10.0.0.120 "POST /v2.0/security-group-rules HTTP/1.1" status: 201 len: 800 time: 0.2044532
2026-05-19 14:37:48.958 9 INFO neutron.api.wsgi [None req-128c9bd8-a8e2-4031-888c-f04885357cec 6f215e54046443cb9dcc46c0e842d80c 7dafd24083934598ac40d2728d2dd2d6 - - default default] 10.0.0.120 "GET /v2.0/security-group-rules/70560642-1757-42ad-9613-1fe03dcb2bb3 HTTP/1.1" status: 200 len: 795 time: 0.0163565
2026-05-19 14:37:49.032 9 INFO neutron.api.wsgi [None req-08cf0c93-5e39-4b2d-8158-9fbe5a7c3763 6f215e54046443cb9dcc46c0e842d80c 7dafd24083934598ac40d2728d2dd2d6 - - default default] 10.0.0.120 "GET /v2.0/security-group-rules HTTP/1.1" status: 200 len: 4333 time: 0.0678134
2026-05-19 14:37:49.163 9 INFO neutron.api.wsgi [None req-bfc41d04-e5c9-4363-9531-6b3b50aa7437 6f215e54046443cb9dcc46c0e842d80c 7dafd24083934598ac40d2728d2dd2d6 - - default default] 10.0.0.120 "DELETE /v2.0/security-group-rules/70560642-1757-42ad-9613-1fe03dcb2bb3 HTTP/1.1" status: 204 len: 168 time: 0.1272278
2026-05-19 14:37:49.171 10 INFO neutron.api.wsgi [None req-1b85a14a-6969-4882-a10b-7c25587ae917 2dde46222f0c4d05a92e6dc79753c2dc 8cf13f659408417abb79369600a91022 - - default default] 10.0.0.120 "DELETE /v2.0/security-groups/d0997886-400b-4e2b-9037-b4b3ed8ba4b1 HTTP/1.1" status: 204 len: 168 time: 0.2387133
2026-05-19 14:37:49.231 9 INFO neutron.api.wsgi [None req-3784265f-b32b-404a-a375-a4f91575f1ea 6f215e54046443cb9dcc46c0e842d80c 7dafd24083934598ac40d2728d2dd2d6 - - default default] 10.0.0.120 "GET /v2.0/security-group-rules HTTP/1.1" status: 200 len: 3755 time: 0.0624337
2026-05-19 14:37:49.238 9 WARNING neutron_lib.context [None req-a8b6e2dc-5458-4a1f-9a3f-e6e20bba2100 6f215e54046443cb9dcc46c0e842d80c 7dafd24083934598ac40d2728d2dd2d6 - - default default] Method 'is_advsvc' is deprecated since 2023.2 release (neutron-lib 3.8.0) and will be removed once support for the old RBAC API policies will be removed from Neutron. Please use method 'is_service_role' instead.
2026-05-19 14:37:49.272 9 INFO neutron.api.wsgi [None req-96ef8bc2-6d89-42ad-908c-9c9b9f3253af 2dde46222f0c4d05a92e6dc79753c2dc 8cf13f659408417abb79369600a91022 - - default default] 10.0.0.186 "GET /v2.0/security-groups HTTP/1.1" status: 200 len: 24997 time: 0.1766520
2026-05-19 14:37:49.303 10 INFO neutron.api.wsgi [None req-cab8a34d-9d89-48e1-80b8-20dfe6b3504f 2dde46222f0c4d05a92e6dc79753c2dc 8cf13f659408417abb79369600a91022 - - default default] 10.0.0.120 "GET /v2.0/security-groups?tenant_id=433fdfe2c8bd4437b319cd3d61718b00&name=default HTTP/1.1" status: 200 len: 3120 time: 0.0305474
2026-05-19 14:37:49.311 9 INFO neutron.api.wsgi [None req-5660c36d-5008-411b-84f3-60a0e790e53e 2dde46222f0c4d05a92e6dc79753c2dc 8cf13f659408417abb79369600a91022 - - default default] 10.0.0.186 "GET /v2.0/subnets HTTP/1.1" status: 200 len: 1484 time: 0.0227215
2026-05-19 14:37:49.320 9 INFO neutron.api.wsgi [None req-75724eab-4bda-4b25-87bb-4955fef5254e 2dde46222f0c4d05a92e6dc79753c2dc 8cf13f659408417abb79369600a91022 - - default default] 10.0.0.186 "GET /v2.0/subnetpools HTTP/1.1" status: 200 len: 193 time: 0.0072286
2026-05-19 14:37:49.331 9 INFO neutron.api.wsgi [None req-05de456c-f222-40e0-999f-5d9c0b50768e 2dde46222f0c4d05a92e6dc79753c2dc 8cf13f659408417abb79369600a91022 - - default default] 10.0.0.186 "GET /v2.0/agents HTTP/1.1" status: 200 len: 1390 time: 0.0097127
2026-05-19 14:37:49.371 9 INFO neutron.db.ovn_revision_numbers_db [None req-a8b6e2dc-5458-4a1f-9a3f-e6e20bba2100 6f215e54046443cb9dcc46c0e842d80c 7dafd24083934598ac40d2728d2dd2d6 - - default default] Successfully bumped revision number for resource e2694a19-6e2e-4669-86a9-017c0ab1d2e6 (type: security_group_rules) to 0
2026-05-19 14:37:49.391 9 INFO neutron.api.wsgi [None req-6dca5381-2571-442d-9626-2e993a9fbec3 2dde46222f0c4d05a92e6dc79753c2dc 8cf13f659408417abb79369600a91022 - - default default] 10.0.0.186 "GET /v2.0/networks HTTP/1.1" status: 200 len: 2350 time: 0.0576501
2026-05-19 14:37:49.409 9 INFO neutron.api.wsgi [None req-a8b6e2dc-5458-4a1f-9a3f-e6e20bba2100 6f215e54046443cb9dcc46c0e842d80c 7dafd24083934598ac40d2728d2dd2d6 - - default default] 10.0.0.120 "POST /v2.0/security-group-rules HTTP/1.1" status: 201 len: 800 time: 0.1743927
2026-05-19 14:37:49.430 9 INFO neutron.api.wsgi [None req-177a995b-59db-409e-acbf-e9023779bfb8 2dde46222f0c4d05a92e6dc79753c2dc 8cf13f659408417abb79369600a91022 - - default default] 10.0.0.186 "GET /v2.0/ports HTTP/1.1" status: 200 len: 5351 time: 0.0358586
2026-05-19 14:37:49.444 9 INFO neutron.api.wsgi [None req-45e6d6ba-f507-4566-8543-0b17e54efefb 2dde46222f0c4d05a92e6dc79753c2dc 8cf13f659408417abb79369600a91022 - - default default] 10.0.0.186 "GET /v2.0/network-ip-availabilities HTTP/1.1" status: 200 len: 1280 time: 0.0088432
2026-05-19 14:37:49.444 10 INFO neutron.api.wsgi [None req-00966b91-d331-4df3-98d2-f1be010123e7 6f215e54046443cb9dcc46c0e842d80c 7dafd24083934598ac40d2728d2dd2d6 - - default default] 10.0.0.120 "GET /v2.0/security-group-rules/e2694a19-6e2e-4669-86a9-017c0ab1d2e6 HTTP/1.1" status: 200 len: 795 time: 0.0295420
2026-05-19 14:37:49.457 9 INFO neutron.api.wsgi [None req-140a4f55-8b4c-4d44-af5b-1a617b2499d5 2dde46222f0c4d05a92e6dc79753c2dc 8cf13f659408417abb79369600a91022 - - default default] 10.0.0.186 "GET /v2.0/floatingips HTTP/1.1" status: 200 len: 193 time: 0.0126207
2026-05-19 14:37:49.481 9 INFO neutron.api.wsgi [None req-0a9d333b-dd71-4611-8577-b77c3f7b0050 2dde46222f0c4d05a92e6dc79753c2dc 8cf13f659408417abb79369600a91022 - - default default] 10.0.0.186 "GET /v2.0/subnets HTTP/1.1" status: 200 len: 1484 time: 0.0220249
2026-05-19 14:37:49.498 9 INFO neutron.api.wsgi [None req-537775c4-966f-4ee0-8a38-799e7c83075b 2dde46222f0c4d05a92e6dc79753c2dc 8cf13f659408417abb79369600a91022 - - default default] 10.0.0.186 "GET /v2.0/routers HTTP/1.1" status: 200 len: 189 time: 0.0150862
2026-05-19 14:37:49.509 9 INFO neutron.api.wsgi [None req-ab869275-6115-43ce-93f0-b63d47d3da86 2dde46222f0c4d05a92e6dc79753c2dc 8cf13f659408417abb79369600a91022 - - default default] 10.0.0.186 "GET /v2.0/agents?binary=ovn-controller HTTP/1.1" status: 200 len: 591 time: 0.0101264
2026-05-19 14:37:49.530 9 INFO neutron.api.wsgi [None req-90ad7078-cece-4dfb-937c-70fffa52c12c 6f215e54046443cb9dcc46c0e842d80c 7dafd24083934598ac40d2728d2dd2d6 - - default default] 10.0.0.120 "GET /v2.0/security-group-rules HTTP/1.1" status: 200 len: 4333 time: 0.0823097
2026-05-19 14:37:49.546 10 INFO neutron.api.wsgi [None req-1052a6a2-1f77-4fc7-9ae6-defc74ef69a6 2dde46222f0c4d05a92e6dc79753c2dc 8cf13f659408417abb79369600a91022 - - default default] 10.0.0.120 "DELETE /v2.0/security-groups/5ee3fa8e-968d-4283-9030-06e0cdb808c9 HTTP/1.1" status: 204 len: 168 time: 0.2365685
2026-05-19 14:37:49.549 9 INFO neutron.services.segments.plugin [-] Segment 03d6d656-fffa-4113-aa6c-2bb8dfc1c486 resource provider aggregate not found
2026-05-19 14:37:49.552 9 INFO neutron.services.segments.plugin [-] Segment 03d6d656-fffa-4113-aa6c-2bb8dfc1c486 resource provider aggregate not found
2026-05-19 14:37:49.562 9 INFO neutron.services.segments.plugin [-] Segment 03d6d656-fffa-4113-aa6c-2bb8dfc1c486 resource provider not found; error: Placement Client Error (4xx): {"errors": [{"status": 404, "title": "Not Found", "detail": "The resource could not be found.\n\n No resource provider with uuid 03d6d656-fffa-4113-aa6c-2bb8dfc1c486 found for delete ", "request_id": "req-11f3ffbf-2823-49ec-aaae-7fcb7c4f1d6b"}]}
2026-05-19 14:37:49.567 9 INFO neutron.services.segments.plugin [-] Segment 03d6d656-fffa-4113-aa6c-2bb8dfc1c486 resource provider not found; error: Placement Client Error (4xx): {"errors": [{"status": 404, "title": "Not Found", "detail": "The resource could not be found.\n\n No resource provider with uuid 03d6d656-fffa-4113-aa6c-2bb8dfc1c486 found for delete ", "request_id": "req-b638b1cd-9310-4407-a230-533ee5228f74"}]}
2026-05-19 14:37:49.591 10 WARNING neutron_lib.context [None req-0c7903b5-80d8-4edb-9507-d06d78208afe 4dfcc221f54c4d7f94deb37e10555775 90e5acae86894554b0bc3c366b24b8c6 - - default default] Method 'is_advsvc' is deprecated since 2023.2 release (neutron-lib 3.8.0) and will be removed once support for the old RBAC API policies will be removed from Neutron. Please use method 'is_service_role' instead.
2026-05-19 14:37:49.629 9 INFO neutron.api.wsgi [None req-25aeada8-c9be-4e43-9a7b-c94dd03b178f 6f215e54046443cb9dcc46c0e842d80c 7dafd24083934598ac40d2728d2dd2d6 - - default default] 10.0.0.120 "DELETE /v2.0/security-group-rules/e2694a19-6e2e-4669-86a9-017c0ab1d2e6 HTTP/1.1" status: 204 len: 168 time: 0.0921113
2026-05-19 14:37:49.687 9 INFO neutron.api.wsgi [None req-21944ece-a2e4-47d9-853d-7cdb547f3c4e 6f215e54046443cb9dcc46c0e842d80c 7dafd24083934598ac40d2728d2dd2d6 - - default default] 10.0.0.120 "GET /v2.0/security-group-rules HTTP/1.1" status: 200 len: 3755 time: 0.0519469
2026-05-19 14:37:49.698 10 WARNING neutron_lib.context [None req-bc7e3aad-5ed6-4a50-bb69-e8a42b5dd3f5 6f215e54046443cb9dcc46c0e842d80c 7dafd24083934598ac40d2728d2dd2d6 - - default default] Method 'is_advsvc' is deprecated since 2023.2 release (neutron-lib 3.8.0) and will be removed once support for the old RBAC API policies will be removed from Neutron. Please use method 'is_service_role' instead.
2026-05-19 14:37:49.722 10 INFO neutron.db.ovn_revision_numbers_db [None req-0c7903b5-80d8-4edb-9507-d06d78208afe 4dfcc221f54c4d7f94deb37e10555775 90e5acae86894554b0bc3c366b24b8c6 - - default default] Successfully bumped revision number for resource 82bcaeaa-bb11-46b4-93cd-25a07dce52dd (type: security_groups) to 1
2026-05-19 14:37:49.733 10 INFO neutron.db.ovn_revision_numbers_db [None req-0c7903b5-80d8-4edb-9507-d06d78208afe 4dfcc221f54c4d7f94deb37e10555775 90e5acae86894554b0bc3c366b24b8c6 - - default default] Successfully bumped revision number for resource 028a3e73-6334-4844-954e-44c31114a7be (type: security_group_rules) to 0
2026-05-19 14:37:49.747 10 INFO neutron.db.ovn_revision_numbers_db [None req-0c7903b5-80d8-4edb-9507-d06d78208afe 4dfcc221f54c4d7f94deb37e10555775 90e5acae86894554b0bc3c366b24b8c6 - - default default] Successfully bumped revision number for resource 11c50783-b164-40cf-8720-e066482f7133 (type: security_group_rules) to 0
2026-05-19 14:37:49.760 10 INFO neutron.db.ovn_revision_numbers_db [None req-0c7903b5-80d8-4edb-9507-d06d78208afe 4dfcc221f54c4d7f94deb37e10555775 90e5acae86894554b0bc3c366b24b8c6 - - default default] Successfully bumped revision number for resource 7dcf990e-e7f9-4670-b49f-8a2171b20f85 (type: security_group_rules) to 0
2026-05-19 14:37:49.773 10 INFO neutron.db.ovn_revision_numbers_db [None req-0c7903b5-80d8-4edb-9507-d06d78208afe 4dfcc221f54c4d7f94deb37e10555775 90e5acae86894554b0bc3c366b24b8c6 - - default default] Successfully bumped revision number for resource d9b5532f-d894-4def-ad46-c995825fd7ec (type: security_group_rules) to 0
2026-05-19 14:37:49.805 10 INFO neutron.db.ovn_revision_numbers_db [None req-bc7e3aad-5ed6-4a50-bb69-e8a42b5dd3f5 6f215e54046443cb9dcc46c0e842d80c 7dafd24083934598ac40d2728d2dd2d6 - - default default] Successfully bumped revision number for resource 00017a4a-56a4-4f1f-be66-fecbe3fb2e23 (type: security_group_rules) to 0
2026-05-19 14:37:49.834 10 INFO neutron.api.wsgi [None req-bc7e3aad-5ed6-4a50-bb69-e8a42b5dd3f5 6f215e54046443cb9dcc46c0e842d80c 7dafd24083934598ac40d2728d2dd2d6 - - default default] 10.0.0.120 "POST /v2.0/security-group-rules HTTP/1.1" status: 201 len: 801 time: 0.1405709
2026-05-19 14:37:49.846 10 INFO neutron.db.segments_db [None req-0c7903b5-80d8-4edb-9507-d06d78208afe 4dfcc221f54c4d7f94deb37e10555775 90e5acae86894554b0bc3c366b24b8c6 - - default default] Added segment 3389a730-f819-4bee-b6b6-d00edfcdc507 of type geneve for network 8ee133c7-cc10-4aa8-9247-a046eedf7882
2026-05-19 14:37:49.852 10 INFO neutron.api.wsgi [None req-4c4c4ef8-740c-4cde-a8b7-afe547c9b58c 6f215e54046443cb9dcc46c0e842d80c 7dafd24083934598ac40d2728d2dd2d6 - - default default] 10.0.0.120 "GET /v2.0/security-group-rules/00017a4a-56a4-4f1f-be66-fecbe3fb2e23 HTTP/1.1" status: 200 len: 796 time: 0.0139589
2026-05-19 14:37:49.908 9 INFO neutron.api.wsgi [None req-487553f8-95f1-4db6-b1a2-60cce9d098c2 6f215e54046443cb9dcc46c0e842d80c 7dafd24083934598ac40d2728d2dd2d6 - - default default] 10.0.0.120 "GET /v2.0/security-group-rules HTTP/1.1" status: 200 len: 4334 time: 0.0493925
2026-05-19 14:37:49.981 10 INFO neutron.db.ovn_revision_numbers_db [None req-0c7903b5-80d8-4edb-9507-d06d78208afe 4dfcc221f54c4d7f94deb37e10555775 90e5acae86894554b0bc3c366b24b8c6 - - default default] Successfully bumped revision number for resource 8ee133c7-cc10-4aa8-9247-a046eedf7882 (type: networks) to 1
2026-05-19 14:37:50.018 9 INFO neutron.api.wsgi [None req-163b097a-2b3d-4fd4-a946-6f0e02a142e9 6f215e54046443cb9dcc46c0e842d80c 7dafd24083934598ac40d2728d2dd2d6 - - default default] 10.0.0.120 "DELETE /v2.0/security-group-rules/00017a4a-56a4-4f1f-be66-fecbe3fb2e23 HTTP/1.1" status: 204 len: 168 time: 0.1045377
2026-05-19 14:37:50.070 9 INFO neutron.api.wsgi [None req-75247ccf-c937-4d02-9122-e219e31c43e1 6f215e54046443cb9dcc46c0e842d80c 7dafd24083934598ac40d2728d2dd2d6 - - default default] 10.0.0.120 "GET /v2.0/security-group-rules HTTP/1.1" status: 200 len: 3755 time: 0.0481842
2026-05-19 14:37:50.152 10 WARNING neutron.scheduler.dhcp_agent_scheduler [None req-0c7903b5-80d8-4edb-9507-d06d78208afe 4dfcc221f54c4d7f94deb37e10555775 90e5acae86894554b0bc3c366b24b8c6 - - default default] No more DHCP agents
2026-05-19 14:37:50.153 10 WARNING neutron.api.rpc.agentnotifiers.dhcp_rpc_agent_api [None req-0c7903b5-80d8-4edb-9507-d06d78208afe 4dfcc221f54c4d7f94deb37e10555775 90e5acae86894554b0bc3c366b24b8c6 - - default default] Unable to schedule network 8ee133c7-cc10-4aa8-9247-a046eedf7882: no agents available; will retry on subsequent port and subnet creation events.
2026-05-19 14:37:50.171 9 INFO neutron.api.wsgi [None req-fe047d2b-749d-4e2e-8114-31ba5e572d6f 6f215e54046443cb9dcc46c0e842d80c 7dafd24083934598ac40d2728d2dd2d6 - - default default] 10.0.0.120 "DELETE /v2.0/security-groups/db423678-e16e-480e-a42d-268354f7f900 HTTP/1.1" status: 204 len: 168 time: 0.0967233
2026-05-19 14:37:50.209 9 INFO neutron.api.wsgi [None req-0234350b-1cea-4d3e-8448-7d797ec6c1ca 6f215e54046443cb9dcc46c0e842d80c 7dafd24083934598ac40d2728d2dd2d6 - - default default] 10.0.0.120 "GET /v2.0/security-groups HTTP/1.1" status: 200 len: 3124 time: 0.0338502
2026-05-19 14:37:50.214 10 INFO neutron.db.ovn_revision_numbers_db [None req-0c7903b5-80d8-4edb-9507-d06d78208afe 4dfcc221f54c4d7f94deb37e10555775 90e5acae86894554b0bc3c366b24b8c6 - - default default] Successfully bumped revision number for resource 8b1e151e-d007-42f1-97d4-0c97dc44f61d (type: ports) to 1
2026-05-19 14:37:50.233 10 INFO neutron.api.wsgi [None req-0c7903b5-80d8-4edb-9507-d06d78208afe 4dfcc221f54c4d7f94deb37e10555775 90e5acae86894554b0bc3c366b24b8c6 - - default default] 10.0.0.120 "POST /v2.0/networks HTTP/1.1" status: 201 len: 825 time: 0.7584026
2026-05-19 14:37:50.244 10 WARNING neutron_lib.context [None req-81ca5f63-a02f-4bf0-acab-46387a2ee632 4dfcc221f54c4d7f94deb37e10555775 90e5acae86894554b0bc3c366b24b8c6 - - default default] Method 'is_advsvc' is deprecated since 2023.2 release (neutron-lib 3.8.0) and will be removed once support for the old RBAC API policies will be removed from Neutron. Please use method 'is_service_role' instead.
2026-05-19 14:37:50.245 9 INFO neutron.api.wsgi [None req-5b5895ec-3064-405d-9ae4-00dc18a7176c 6f215e54046443cb9dcc46c0e842d80c 7dafd24083934598ac40d2728d2dd2d6 - - default default] 10.0.0.120 "GET /v2.0/security-groups HTTP/1.1" status: 200 len: 3124 time: 0.0305231
2026-05-19 14:37:50.416 10 WARNING neutron.scheduler.dhcp_agent_scheduler [None req-81ca5f63-a02f-4bf0-acab-46387a2ee632 4dfcc221f54c4d7f94deb37e10555775 90e5acae86894554b0bc3c366b24b8c6 - - default default] No more DHCP agents
2026-05-19 14:37:50.417 10 WARNING neutron.api.rpc.agentnotifiers.dhcp_rpc_agent_api [None req-81ca5f63-a02f-4bf0-acab-46387a2ee632 4dfcc221f54c4d7f94deb37e10555775 90e5acae86894554b0bc3c366b24b8c6 - - default default] Unable to schedule network 8ee133c7-cc10-4aa8-9247-a046eedf7882: no agents available; will retry on subsequent port and subnet creation events.
2026-05-19 14:37:50.748 10 INFO neutron.db.ovn_revision_numbers_db [None req-51c694b7-3e80-47cf-9269-173fd0be34ef - - - - - -] Successfully bumped revision number for resource 8b1e151e-d007-42f1-97d4-0c97dc44f61d (type: ports) to 2
2026-05-19 14:37:50.772 10 INFO neutron.db.ovn_revision_numbers_db [None req-51c694b7-3e80-47cf-9269-173fd0be34ef - - - - - -] Successfully bumped revision number for resource be725243-4972-4e31-92ed-038a6074df24 (type: subnets) to 0
2026-05-19 14:37:50.784 10 INFO neutron.api.wsgi [None req-81ca5f63-a02f-4bf0-acab-46387a2ee632 4dfcc221f54c4d7f94deb37e10555775 90e5acae86894554b0bc3c366b24b8c6 - - default default] 10.0.0.120 "POST /v2.0/subnets HTTP/1.1" status: 201 len: 825 time: 0.5453892
2026-05-19 14:37:50.792 10 WARNING neutron_lib.context [None req-5836df7c-ae94-4a49-80f9-1541b724f78c 4dfcc221f54c4d7f94deb37e10555775 90e5acae86894554b0bc3c366b24b8c6 - - default default] Method 'is_advsvc' is deprecated since 2023.2 release (neutron-lib 3.8.0) and will be removed once support for the old RBAC API policies will be removed from Neutron. Please use method 'is_service_role' instead.
2026-05-19 14:37:50.859 9 INFO neutron.api.wsgi [None req-3c2bd6d3-7149-47c5-8530-14855d2eafe0 2dde46222f0c4d05a92e6dc79753c2dc 8cf13f659408417abb79369600a91022 - - default default] 10.0.0.120 "GET /v2.0/security-groups?tenant_id=7dafd24083934598ac40d2728d2dd2d6&name=default HTTP/1.1" status: 200 len: 3124 time: 0.1751330
2026-05-19 14:37:50.976 10 INFO neutron.api.wsgi [-] 10.0.0.154 "GET / HTTP/1.1" status: 200 len: 245 time: 0.0018678
2026-05-19 14:37:50.978 10 INFO neutron.api.wsgi [-] 10.0.0.154 "GET / HTTP/1.1" status: 200 len: 245 time: 0.0012295
2026-05-19 14:37:51.052 9 INFO neutron.api.wsgi [None req-0ba500e8-170c-4402-b73a-b138fc721775 2dde46222f0c4d05a92e6dc79753c2dc 8cf13f659408417abb79369600a91022 - - default default] 10.0.0.120 "DELETE /v2.0/security-groups/719d50fb-1f4e-402c-807b-700c960e8471 HTTP/1.1" status: 204 len: 168 time: 0.1888158
2026-05-19 14:37:51.144 10 WARNING neutron.scheduler.dhcp_agent_scheduler [None req-5836df7c-ae94-4a49-80f9-1541b724f78c 4dfcc221f54c4d7f94deb37e10555775 90e5acae86894554b0bc3c366b24b8c6 - - default default] No more DHCP agents
2026-05-19 14:37:51.145 10 WARNING neutron.api.rpc.agentnotifiers.dhcp_rpc_agent_api [None req-5836df7c-ae94-4a49-80f9-1541b724f78c 4dfcc221f54c4d7f94deb37e10555775 90e5acae86894554b0bc3c366b24b8c6 - - default default] Unable to schedule network 15e0633e-2665-4bde-9c99-e06e27860dcb: no agents available; will retry on subsequent port and subnet creation events.
2026-05-19 14:37:51.253 10 INFO neutron.db.ovn_revision_numbers_db [None req-5836df7c-ae94-4a49-80f9-1541b724f78c 4dfcc221f54c4d7f94deb37e10555775 90e5acae86894554b0bc3c366b24b8c6 - - default default] Successfully bumped revision number for resource fd43f3d2-6059-4b6c-af6d-fcefec4a0f64 (type: ports) to 1
2026-05-19 14:37:51.791 10 INFO neutron.plugins.ml2.drivers.ovn.mech_driver.ovsdb.commands [None req-7d7a1fea-edaa-4ad3-b66c-16c9e757f989 - - - - - -] Schedule LRP lrp-fd43f3d2-6059-4b6c-af6d-fcefec4a0f64 on gateway 4a668c97-cb49-4e5f-9d57-893f65022510 with priority 1
2026-05-19 14:37:51.798 10 INFO neutron.plugins.ml2.drivers.ovn.mech_driver.mech_driver [None req-19f4583b-8ed6-42e2-a5a0-e3b476e3b806 - - - - - -] OVN reports status up for port: fd43f3d2-6059-4b6c-af6d-fcefec4a0f64
2026-05-19 14:37:51.810 10 INFO neutron.plugins.ml2.plugin [None req-19f4583b-8ed6-42e2-a5a0-e3b476e3b806 - - - - - -] Attempt 1 to provision port fd43f3d2-6059-4b6c-af6d-fcefec4a0f64
2026-05-19 14:37:51.832 10 INFO neutron.db.ovn_revision_numbers_db [None req-5836df7c-ae94-4a49-80f9-1541b724f78c 4dfcc221f54c4d7f94deb37e10555775 90e5acae86894554b0bc3c366b24b8c6 - - default default] Successfully bumped revision number for resource fd43f3d2-6059-4b6c-af6d-fcefec4a0f64 (type: router_ports) to 1
2026-05-19 14:37:51.891 10 INFO neutron.db.ovn_revision_numbers_db [None req-5836df7c-ae94-4a49-80f9-1541b724f78c 4dfcc221f54c4d7f94deb37e10555775 90e5acae86894554b0bc3c366b24b8c6 - - default default] Successfully bumped revision number for resource 47d6457b-cad6-4f12-9f8f-c03b888a6912 (type: routers) to 2
2026-05-19 14:37:51.905 10 INFO neutron.api.wsgi [None req-5836df7c-ae94-4a49-80f9-1541b724f78c 4dfcc221f54c4d7f94deb37e10555775 90e5acae86894554b0bc3c366b24b8c6 - - default default] 10.0.0.120 "POST /v2.0/routers HTTP/1.1" status: 201 len: 1134 time: 1.1159956
2026-05-19 14:37:52.402 10 WARNING neutron.scheduler.dhcp_agent_scheduler [None req-efa4a363-34d6-4f9c-9c0f-a17c97fedc2b 4dfcc221f54c4d7f94deb37e10555775 90e5acae86894554b0bc3c366b24b8c6 - - default default] No more DHCP agents
2026-05-19 14:37:52.404 10 WARNING neutron.api.rpc.agentnotifiers.dhcp_rpc_agent_api [None req-efa4a363-34d6-4f9c-9c0f-a17c97fedc2b 4dfcc221f54c4d7f94deb37e10555775 90e5acae86894554b0bc3c366b24b8c6 - - default default] Unable to schedule network 8ee133c7-cc10-4aa8-9247-a046eedf7882: no agents available; will retry on subsequent port and subnet creation events.
2026-05-19 14:37:52.527 10 INFO neutron.db.ovn_revision_numbers_db [None req-efa4a363-34d6-4f9c-9c0f-a17c97fedc2b 4dfcc221f54c4d7f94deb37e10555775 90e5acae86894554b0bc3c366b24b8c6 - - default default] Successfully bumped revision number for resource 5ebeaee3-9774-4724-9d6e-560937fb726e (type: ports) to 1
2026-05-19 14:37:52.932 9 INFO neutron.db.ovn_revision_numbers_db [None req-4004cfdd-15da-43c1-9bbc-051cf0965259 2dde46222f0c4d05a92e6dc79753c2dc 8cf13f659408417abb79369600a91022 - - default default] Successfully bumped revision number for resource f23838f1-9ccb-496d-af57-e360019d05de (type: security_groups) to 1
2026-05-19 14:37:52.946 9 INFO neutron.db.ovn_revision_numbers_db [None req-4004cfdd-15da-43c1-9bbc-051cf0965259 2dde46222f0c4d05a92e6dc79753c2dc 8cf13f659408417abb79369600a91022 - - default default] Successfully bumped revision number for resource 1783ca20-01d4-40c7-8fd8-3f04f6f99fbc (type: security_group_rules) to 0
2026-05-19 14:37:52.956 9 INFO neutron.db.ovn_revision_numbers_db [None req-4004cfdd-15da-43c1-9bbc-051cf0965259 2dde46222f0c4d05a92e6dc79753c2dc 8cf13f659408417abb79369600a91022 - - default default] Successfully bumped revision number for resource a00d68b1-8d09-4d5f-be72-7548efe3a3f8 (type: security_group_rules) to 0
2026-05-19 14:37:52.967 9 INFO neutron.db.ovn_revision_numbers_db [None req-4004cfdd-15da-43c1-9bbc-051cf0965259 2dde46222f0c4d05a92e6dc79753c2dc 8cf13f659408417abb79369600a91022 - - default default] Successfully bumped revision number for resource a5dad2c4-f7c9-494f-a930-6b89cbf1aee6 (type: security_group_rules) to 0
2026-05-19 14:37:52.978 9 INFO neutron.db.ovn_revision_numbers_db [None req-4004cfdd-15da-43c1-9bbc-051cf0965259 2dde46222f0c4d05a92e6dc79753c2dc 8cf13f659408417abb79369600a91022 - - default default] Successfully bumped revision number for resource d6cff57f-ddfa-415e-a339-2d372ef6acef (type: security_group_rules) to 0
2026-05-19 14:37:53.051 9 INFO neutron.db.segments_db [None req-4004cfdd-15da-43c1-9bbc-051cf0965259 2dde46222f0c4d05a92e6dc79753c2dc 8cf13f659408417abb79369600a91022 - - default default] Added segment 4304f73f-71fe-4236-bf60-c41f07d9a64f of type geneve for network 8d215ba3-d5d7-43b8-92ad-a526c6078703
2026-05-19 14:37:53.069 10 INFO neutron.db.ovn_revision_numbers_db [None req-efa4a363-34d6-4f9c-9c0f-a17c97fedc2b 4dfcc221f54c4d7f94deb37e10555775 90e5acae86894554b0bc3c366b24b8c6 - - default default] Successfully bumped revision number for resource 5ebeaee3-9774-4724-9d6e-560937fb726e (type: ports) to 1
2026-05-19 14:37:53.115 10 WARNING neutron.scheduler.dhcp_agent_scheduler [None req-efa4a363-34d6-4f9c-9c0f-a17c97fedc2b 4dfcc221f54c4d7f94deb37e10555775 90e5acae86894554b0bc3c366b24b8c6 - - default default] No more DHCP agents
2026-05-19 14:37:53.117 10 WARNING neutron.api.rpc.agentnotifiers.dhcp_rpc_agent_api [None req-efa4a363-34d6-4f9c-9c0f-a17c97fedc2b 4dfcc221f54c4d7f94deb37e10555775 90e5acae86894554b0bc3c366b24b8c6 - - default default] Unable to schedule network 8ee133c7-cc10-4aa8-9247-a046eedf7882: no agents available; will retry on subsequent port and subnet creation events.
2026-05-19 14:37:53.147 9 INFO neutron.db.ovn_revision_numbers_db [None req-4004cfdd-15da-43c1-9bbc-051cf0965259 2dde46222f0c4d05a92e6dc79753c2dc 8cf13f659408417abb79369600a91022 - - default default] Successfully bumped revision number for resource 8d215ba3-d5d7-43b8-92ad-a526c6078703 (type: networks) to 1
2026-05-19 14:37:53.282 9 WARNING neutron.scheduler.dhcp_agent_scheduler [None req-4004cfdd-15da-43c1-9bbc-051cf0965259 2dde46222f0c4d05a92e6dc79753c2dc 8cf13f659408417abb79369600a91022 - - default default] No more DHCP agents
2026-05-19 14:37:53.283 9 WARNING neutron.api.rpc.agentnotifiers.dhcp_rpc_agent_api [None req-4004cfdd-15da-43c1-9bbc-051cf0965259 2dde46222f0c4d05a92e6dc79753c2dc 8cf13f659408417abb79369600a91022 - - default default] Unable to schedule network 8d215ba3-d5d7-43b8-92ad-a526c6078703: no agents available; will retry on subsequent port and subnet creation events.
2026-05-19 14:37:53.345 9 INFO neutron.db.ovn_revision_numbers_db [None req-4004cfdd-15da-43c1-9bbc-051cf0965259 2dde46222f0c4d05a92e6dc79753c2dc 8cf13f659408417abb79369600a91022 - - default default] Successfully bumped revision number for resource eb18d310-14ca-4b2c-bdd8-1395c5b06386 (type: ports) to 1
2026-05-19 14:37:53.363 9 INFO neutron.api.wsgi [None req-4004cfdd-15da-43c1-9bbc-051cf0965259 2dde46222f0c4d05a92e6dc79753c2dc 8cf13f659408417abb79369600a91022 - - default default] 10.0.0.120 "POST /v2.0/networks HTTP/1.1" status: 201 len: 943 time: 0.7203534
2026-05-19 14:37:53.460 10 INFO neutron.db.ovn_revision_numbers_db [None req-efa4a363-34d6-4f9c-9c0f-a17c97fedc2b 4dfcc221f54c4d7f94deb37e10555775 90e5acae86894554b0bc3c366b24b8c6 - - default default] Successfully bumped revision number for resource 5ebeaee3-9774-4724-9d6e-560937fb726e (type: router_ports) to 1
2026-05-19 14:37:53.464 10 INFO neutron.api.wsgi [None req-efa4a363-34d6-4f9c-9c0f-a17c97fedc2b 4dfcc221f54c4d7f94deb37e10555775 90e5acae86894554b0bc3c366b24b8c6 - - default default] 10.0.0.120 "PUT /v2.0/routers/47d6457b-cad6-4f12-9f8f-c03b888a6912/add_router_interface HTTP/1.1" status: 200 len: 503 time: 1.5544970
2026-05-19 14:37:53.474 9 WARNING neutron_lib.context [None req-e0f17692-d4c6-46ab-85e3-1c25df70682d 4dfcc221f54c4d7f94deb37e10555775 90e5acae86894554b0bc3c366b24b8c6 - - default default] Method 'is_advsvc' is deprecated since 2023.2 release (neutron-lib 3.8.0) and will be removed once support for the old RBAC API policies will be removed from Neutron. Please use method 'is_service_role' instead.
2026-05-19 14:37:53.503 10 WARNING neutron.scheduler.dhcp_agent_scheduler [None req-32ed7cd2-0fd8-427d-9a0f-2a06eb5ca53d 2dde46222f0c4d05a92e6dc79753c2dc 8cf13f659408417abb79369600a91022 - - default default] No more DHCP agents
2026-05-19 14:37:53.504 10 WARNING neutron.api.rpc.agentnotifiers.dhcp_rpc_agent_api [None req-32ed7cd2-0fd8-427d-9a0f-2a06eb5ca53d 2dde46222f0c4d05a92e6dc79753c2dc 8cf13f659408417abb79369600a91022 - - default default] Unable to schedule network 8d215ba3-d5d7-43b8-92ad-a526c6078703: no agents available; will retry on subsequent port and subnet creation events.
2026-05-19 14:37:53.896 10 INFO neutron.db.ovn_revision_numbers_db [None req-7d8f2281-6bb2-4722-b99b-717e25aa476e - - - - - -] Successfully bumped revision number for resource eb18d310-14ca-4b2c-bdd8-1395c5b06386 (type: ports) to 2
2026-05-19 14:37:53.925 10 INFO neutron.db.ovn_revision_numbers_db [None req-7d8f2281-6bb2-4722-b99b-717e25aa476e - - - - - -] Successfully bumped revision number for resource 40ec6b82-8b39-4178-89bc-1fe82dcdd505 (type: subnets) to 0
2026-05-19 14:37:53.939 10 INFO neutron.api.wsgi [None req-32ed7cd2-0fd8-427d-9a0f-2a06eb5ca53d 2dde46222f0c4d05a92e6dc79753c2dc 8cf13f659408417abb79369600a91022 - - default default] 10.0.0.120 "POST /v2.0/subnets HTTP/1.1" status: 201 len: 887 time: 0.5714309
2026-05-19 14:37:54.240 9 WARNING neutron.scheduler.dhcp_agent_scheduler [None req-b5b4a5f1-91e7-40be-a7f7-32e70b4775d8 - - - - - -] No more DHCP agents
2026-05-19 14:37:54.241 9 WARNING neutron.api.rpc.agentnotifiers.dhcp_rpc_agent_api [None req-b5b4a5f1-91e7-40be-a7f7-32e70b4775d8 - - - - - -] Unable to schedule network 15e0633e-2665-4bde-9c99-e06e27860dcb: no agents available; will retry on subsequent port and subnet creation events.
2026-05-19 14:37:54.318 10 WARNING neutron.scheduler.dhcp_agent_scheduler [None req-851f1283-931a-4a3f-9445-1303be473066 2dde46222f0c4d05a92e6dc79753c2dc 8cf13f659408417abb79369600a91022 - - default default] No more DHCP agents
2026-05-19 14:37:54.320 10 WARNING neutron.api.rpc.agentnotifiers.dhcp_rpc_agent_api [None req-851f1283-931a-4a3f-9445-1303be473066 2dde46222f0c4d05a92e6dc79753c2dc 8cf13f659408417abb79369600a91022 - - default default] Unable to schedule network 15e0633e-2665-4bde-9c99-e06e27860dcb: no agents available; will retry on subsequent port and subnet creation events.
2026-05-19 14:37:54.354 9 INFO neutron.db.ovn_revision_numbers_db [None req-b5b4a5f1-91e7-40be-a7f7-32e70b4775d8 - - - - - -] Successfully bumped revision number for resource f0f2ce3f-0313-498b-9784-5a8bc40d2f0e (type: ports) to 1
2026-05-19 14:37:54.436 10 INFO neutron.db.ovn_revision_numbers_db [None req-851f1283-931a-4a3f-9445-1303be473066 2dde46222f0c4d05a92e6dc79753c2dc 8cf13f659408417abb79369600a91022 - - default default] Successfully bumped revision number for resource 9fee37c1-11d7-495a-a2fe-72ee133be181 (type: ports) to 1
2026-05-19 14:37:54.557 9 INFO neutron.db.ovn_revision_numbers_db [None req-b5b4a5f1-91e7-40be-a7f7-32e70b4775d8 - - - - - -] Successfully bumped revision number for resource f0f2ce3f-0313-498b-9784-5a8bc40d2f0e (type: ports) to 3
2026-05-19 14:37:54.611 9 INFO neutron.db.segments_db [None req-b5b4a5f1-91e7-40be-a7f7-32e70b4775d8 - - - - - -] Added segment e9ea2658-0920-41a5-9717-0b9d8f8f340f of type geneve for network 1f3ef696-afa8-455d-9438-de2ec1c9e3af
2026-05-19 14:37:54.715 9 INFO neutron.db.ovn_revision_numbers_db [None req-e30215fd-c48f-4b5d-9314-c6acde6055ba - - - - - -] Successfully bumped revision number for resource 1f3ef696-afa8-455d-9438-de2ec1c9e3af (type: networks) to 1
2026-05-19 14:37:54.840 9 WARNING neutron.scheduler.dhcp_agent_scheduler [None req-e30215fd-c48f-4b5d-9314-c6acde6055ba - - - - - -] No more DHCP agents
2026-05-19 14:37:54.841 9 WARNING neutron.api.rpc.agentnotifiers.dhcp_rpc_agent_api [None req-e30215fd-c48f-4b5d-9314-c6acde6055ba - - - - - -] Unable to schedule network 1f3ef696-afa8-455d-9438-de2ec1c9e3af: no agents available; will retry on subsequent port and subnet creation events.
2026-05-19 14:37:54.901 9 INFO neutron.db.ovn_revision_numbers_db [None req-e30215fd-c48f-4b5d-9314-c6acde6055ba - - - - - -] Successfully bumped revision number for resource cf192b9e-44ba-42d6-abef-37640298d499 (type: ports) to 1
2026-05-19 14:37:54.967 10 INFO neutron.plugins.ml2.drivers.ovn.mech_driver.ovsdb.commands [None req-7d7a1fea-edaa-4ad3-b66c-16c9e757f989 - - - - - -] Schedule LRP lrp-9fee37c1-11d7-495a-a2fe-72ee133be181 on gateway 4a668c97-cb49-4e5f-9d57-893f65022510 with priority 1
2026-05-19 14:37:54.978 9 INFO neutron.plugins.ml2.drivers.ovn.mech_driver.mech_driver [None req-ceb9671f-620c-4d2e-937d-fb7aade87d63 - - - - - -] OVN reports status up for port: 9fee37c1-11d7-495a-a2fe-72ee133be181
2026-05-19 14:37:54.992 9 INFO neutron.plugins.ml2.plugin [None req-ceb9671f-620c-4d2e-937d-fb7aade87d63 - - - - - -] Attempt 1 to provision port 9fee37c1-11d7-495a-a2fe-72ee133be181
2026-05-19 14:37:54.995 10 INFO neutron.plugins.ml2.drivers.ovn.mech_driver.ovsdb.ovsdb_monitor [None req-c35c97c7-d34a-4d43-9507-7f9273392d1f - - - - - -] Router e52fbeed-1dcc-4682-98d9-e86765531ee4 is bound to host instance
2026-05-19 14:37:55.015 10 INFO neutron.db.ovn_revision_numbers_db [None req-851f1283-931a-4a3f-9445-1303be473066 2dde46222f0c4d05a92e6dc79753c2dc 8cf13f659408417abb79369600a91022 - - default default] Successfully bumped revision number for resource 9fee37c1-11d7-495a-a2fe-72ee133be181 (type: router_ports) to 1
2026-05-19 14:37:55.029 9 WARNING neutron.scheduler.dhcp_agent_scheduler [None req-e30215fd-c48f-4b5d-9314-c6acde6055ba - - - - - -] No more DHCP agents
2026-05-19 14:37:55.029 9 WARNING neutron.api.rpc.agentnotifiers.dhcp_rpc_agent_api [None req-e30215fd-c48f-4b5d-9314-c6acde6055ba - - - - - -] Unable to schedule network 1f3ef696-afa8-455d-9438-de2ec1c9e3af: no agents available; will retry on subsequent port and subnet creation events.
2026-05-19 14:37:55.052 9 INFO neutron.db.ovn_revision_numbers_db [None req-e30215fd-c48f-4b5d-9314-c6acde6055ba - - - - - -] Successfully bumped revision number for resource 82988baf-7ce4-44dd-810f-59f443d03a4f (type: subnets) to 0
2026-05-19 14:37:55.091 10 INFO neutron.db.ovn_revision_numbers_db [None req-851f1283-931a-4a3f-9445-1303be473066 2dde46222f0c4d05a92e6dc79753c2dc 8cf13f659408417abb79369600a91022 - - default default] Successfully bumped revision number for resource e52fbeed-1dcc-4682-98d9-e86765531ee4 (type: routers) to 2
2026-05-19 14:37:55.107 10 INFO neutron.api.wsgi [None req-851f1283-931a-4a3f-9445-1303be473066 2dde46222f0c4d05a92e6dc79753c2dc 8cf13f659408417abb79369600a91022 - - default default] 10.0.0.120 "POST /v2.0/routers HTTP/1.1" status: 201 len: 1165 time: 1.1644411
2026-05-19 14:37:55.416 9 WARNING neutron.scheduler.dhcp_agent_scheduler [None req-e30215fd-c48f-4b5d-9314-c6acde6055ba - - - - - -] No more DHCP agents
2026-05-19 14:37:55.417 9 WARNING neutron.api.rpc.agentnotifiers.dhcp_rpc_agent_api [None req-e30215fd-c48f-4b5d-9314-c6acde6055ba - - - - - -] Unable to schedule network 1f3ef696-afa8-455d-9438-de2ec1c9e3af: no agents available; will retry on subsequent port and subnet creation events.
2026-05-19 14:37:55.519 9 INFO neutron.db.ovn_revision_numbers_db [None req-e30215fd-c48f-4b5d-9314-c6acde6055ba - - - - - -] Successfully bumped revision number for resource 51c888e7-fda1-469b-944c-d3862b065cd9 (type: ports) to 1
2026-05-19 14:37:55.525 10 INFO neutron.db.ovn_revision_numbers_db [None req-a4f8a274-aaba-4d30-87a8-7c46b1961cab - - - - - -] Successfully bumped revision number for resource 9fee37c1-11d7-495a-a2fe-72ee133be181 (type: ports) to 1
2026-05-19 14:37:55.622 10 WARNING neutron.scheduler.dhcp_agent_scheduler [None req-56828ea4-2907-411b-ac5b-f499831a84d7 2dde46222f0c4d05a92e6dc79753c2dc 8cf13f659408417abb79369600a91022 - - default default] No more DHCP agents
2026-05-19 14:37:55.623 10 WARNING neutron.api.rpc.agentnotifiers.dhcp_rpc_agent_api [None req-56828ea4-2907-411b-ac5b-f499831a84d7 2dde46222f0c4d05a92e6dc79753c2dc 8cf13f659408417abb79369600a91022 - - default default] Unable to schedule network 8d215ba3-d5d7-43b8-92ad-a526c6078703: no agents available; will retry on subsequent port and subnet creation events.
2026-05-19 14:37:55.741 10 INFO neutron.db.ovn_revision_numbers_db [None req-56828ea4-2907-411b-ac5b-f499831a84d7 2dde46222f0c4d05a92e6dc79753c2dc 8cf13f659408417abb79369600a91022 - - default default] Successfully bumped revision number for resource dcd2fa08-d8ed-462f-bce0-2e655bd6738b (type: ports) to 1
2026-05-19 14:37:55.869 10 INFO neutron.db.ovn_revision_numbers_db [None req-a4f8a274-aaba-4d30-87a8-7c46b1961cab - - - - - -] Successfully bumped revision number for resource 9fee37c1-11d7-495a-a2fe-72ee133be181 (type: ports) to 4
2026-05-19 14:37:56.076 9 INFO neutron.db.ovn_revision_numbers_db [None req-e30215fd-c48f-4b5d-9314-c6acde6055ba - - - - - -] Successfully bumped revision number for resource 51c888e7-fda1-469b-944c-d3862b065cd9 (type: ports) to 1
2026-05-19 14:37:56.127 9 WARNING neutron.scheduler.dhcp_agent_scheduler [None req-e30215fd-c48f-4b5d-9314-c6acde6055ba - - - - - -] No more DHCP agents
2026-05-19 14:37:56.128 9 WARNING neutron.api.rpc.agentnotifiers.dhcp_rpc_agent_api [None req-e30215fd-c48f-4b5d-9314-c6acde6055ba - - - - - -] Unable to schedule network 1f3ef696-afa8-455d-9438-de2ec1c9e3af: no agents available; will retry on subsequent port and subnet creation events.
2026-05-19 14:37:56.172 10 INFO neutron.db.ovn_revision_numbers_db [None req-a4f8a274-aaba-4d30-87a8-7c46b1961cab - - - - - -] Successfully bumped revision number for resource 9fee37c1-11d7-495a-a2fe-72ee133be181 (type: ports) to 5
2026-05-19 14:37:56.289 10 INFO neutron.db.ovn_revision_numbers_db [None req-56828ea4-2907-411b-ac5b-f499831a84d7 2dde46222f0c4d05a92e6dc79753c2dc 8cf13f659408417abb79369600a91022 - - default default] Successfully bumped revision number for resource dcd2fa08-d8ed-462f-bce0-2e655bd6738b (type: ports) to 1
2026-05-19 14:37:56.340 10 WARNING neutron.scheduler.dhcp_agent_scheduler [None req-56828ea4-2907-411b-ac5b-f499831a84d7 2dde46222f0c4d05a92e6dc79753c2dc 8cf13f659408417abb79369600a91022 - - default default] No more DHCP agents
2026-05-19 14:37:56.341 10 WARNING neutron.api.rpc.agentnotifiers.dhcp_rpc_agent_api [None req-56828ea4-2907-411b-ac5b-f499831a84d7 2dde46222f0c4d05a92e6dc79753c2dc 8cf13f659408417abb79369600a91022 - - default default] Unable to schedule network 8d215ba3-d5d7-43b8-92ad-a526c6078703: no agents available; will retry on subsequent port and subnet creation events.
2026-05-19 14:37:56.546 10 WARNING neutron.plugins.ml2.drivers.ovn.mech_driver.ovsdb.ovn_client [None req-19f4583b-8ed6-42e2-a5a0-e3b476e3b806 - - - - - -] No hosting information found for port fd43f3d2-6059-4b6c-af6d-fcefec4a0f64: RuntimeError: No hosting information found for port fd43f3d2-6059-4b6c-af6d-fcefec4a0f64
2026-05-19 14:37:56.546 10 INFO neutron.plugins.ml2.drivers.ovn.mech_driver.mech_driver [None req-19f4583b-8ed6-42e2-a5a0-e3b476e3b806 - - - - - -] OVN reports status up for port: 5ebeaee3-9774-4724-9d6e-560937fb726e
2026-05-19 14:37:56.558 10 INFO neutron.plugins.ml2.plugin [None req-19f4583b-8ed6-42e2-a5a0-e3b476e3b806 - - - - - -] Attempt 1 to provision port 5ebeaee3-9774-4724-9d6e-560937fb726e
2026-05-19 14:37:56.625 9 INFO neutron.db.ovn_revision_numbers_db [None req-e30215fd-c48f-4b5d-9314-c6acde6055ba - - - - - -] Successfully bumped revision number for resource 51c888e7-fda1-469b-944c-d3862b065cd9 (type: router_ports) to 1
2026-05-19 14:37:56.821 9 WARNING neutron.scheduler.dhcp_agent_scheduler [None req-e30215fd-c48f-4b5d-9314-c6acde6055ba - - - - - -] No more DHCP agents
2026-05-19 14:37:56.822 9 WARNING neutron.api.rpc.agentnotifiers.dhcp_rpc_agent_api [None req-e30215fd-c48f-4b5d-9314-c6acde6055ba - - - - - -] Unable to schedule network 1f3ef696-afa8-455d-9438-de2ec1c9e3af: no agents available; will retry on subsequent port and subnet creation events.
2026-05-19 14:37:56.913 9 INFO neutron.db.ovn_revision_numbers_db [None req-e30215fd-c48f-4b5d-9314-c6acde6055ba - - - - - -] Successfully bumped revision number for resource a39bbc2b-bb88-4d80-988a-f2b0d2892d99 (type: ports) to 1
2026-05-19 14:37:57.112 9 INFO neutron.db.ovn_revision_numbers_db [None req-e30215fd-c48f-4b5d-9314-c6acde6055ba - - - - - -] Successfully bumped revision number for resource a39bbc2b-bb88-4d80-988a-f2b0d2892d99 (type: ports) to 3
2026-05-19 14:37:57.182 10 INFO neutron.db.ovn_revision_numbers_db [None req-56828ea4-2907-411b-ac5b-f499831a84d7 2dde46222f0c4d05a92e6dc79753c2dc 8cf13f659408417abb79369600a91022 - - default default] Successfully bumped revision number for resource dcd2fa08-d8ed-462f-bce0-2e655bd6738b (type: router_ports) to 1
2026-05-19 14:37:57.188 10 INFO neutron.api.wsgi [None req-56828ea4-2907-411b-ac5b-f499831a84d7 2dde46222f0c4d05a92e6dc79753c2dc 8cf13f659408417abb79369600a91022 - - default default] 10.0.0.120 "PUT /v2.0/routers/e52fbeed-1dcc-4682-98d9-e86765531ee4/add_router_interface HTTP/1.1" status: 200 len: 503 time: 2.0764203
2026-05-19 14:37:57.284 10 INFO neutron.db.ovn_revision_numbers_db [None req-19f4583b-8ed6-42e2-a5a0-e3b476e3b806 - - - - - -] Successfully bumped revision number for resource 5ebeaee3-9774-4724-9d6e-560937fb726e (type: ports) to 2
2026-05-19 14:37:57.335 9 INFO neutron.api.wsgi [None req-e0f17692-d4c6-46ab-85e3-1c25df70682d 4dfcc221f54c4d7f94deb37e10555775 90e5acae86894554b0bc3c366b24b8c6 - - default default] 10.0.0.120 "POST /v2.0/vpn/vpnservices HTTP/1.1" status: 201 len: 657 time: 3.8668392
2026-05-19 14:37:57.344 9 WARNING neutron_lib.context [None req-f24cad64-00f2-44a3-a252-1a4eb26bf939 4dfcc221f54c4d7f94deb37e10555775 90e5acae86894554b0bc3c366b24b8c6 - - default default] Method 'is_advsvc' is deprecated since 2023.2 release (neutron-lib 3.8.0) and will be removed once support for the old RBAC API policies will be removed from Neutron. Please use method 'is_service_role' instead.
2026-05-19 14:37:57.664 9 INFO neutron.api.wsgi [None req-f24cad64-00f2-44a3-a252-1a4eb26bf939 4dfcc221f54c4d7f94deb37e10555775 90e5acae86894554b0bc3c366b24b8c6 - - default default] 10.0.0.120 "POST /v2.0/vpn/vpnservices HTTP/1.1" status: 201 len: 622 time: 0.3238981
2026-05-19 14:37:57.673 9 WARNING neutron_lib.context [None req-5fcf0956-9f5e-4930-807b-9b3805c5c2af 4dfcc221f54c4d7f94deb37e10555775 90e5acae86894554b0bc3c366b24b8c6 - - default default] Method 'is_advsvc' is deprecated since 2023.2 release (neutron-lib 3.8.0) and will be removed once support for the old RBAC API policies will be removed from Neutron. Please use method 'is_service_role' instead.
2026-05-19 14:37:57.705 9 INFO neutron.api.wsgi [None req-5fcf0956-9f5e-4930-807b-9b3805c5c2af 4dfcc221f54c4d7f94deb37e10555775 90e5acae86894554b0bc3c366b24b8c6 - - default default] 10.0.0.120 "POST /v2.0/vpn/ikepolicies HTTP/1.1" status: 201 len: 602 time: 0.0362000
