2026-05-19 14:36:12.690 10 INFO neutron.api.wsgi [req-eb43bcc2-8e3a-41b0-a790-b7b6eefdf4fb req-be91adb5-677e-40b7-b2d1-f6aa21c36ddf f6baec8987554a46a0c04386237faf87 1043303fd47849d2986738a43751a16d - - d5e82ed9ece74ce6a818325b5dba6f15 d5e82ed9ece74ce6a818325b5dba6f15] 10.0.0.9 "GET /v2.0/networks/ea833d1d-9b2f-4416-a789-3b628f9ecb86?fields=segments HTTP/1.1" status: 200 len: 212 time: 0.0563095
2026-05-19 14:36:12.711 9 INFO neutron.db.securitygroups_db [None req-aa6f56bf-51ea-4580-b4d8-0bb8b3865c65 18241851ce634ece8cc18dcbd48512dc aafebb9105e94d9996b4301f5ee22c47 - - default default] Project aafebb9105e94d9996b4301f5ee22c47 added a security group rule with legacy IPv6 ICMP protocol name icmp, ipv6-icmp should be used instead. It was automatically converted.
2026-05-19 14:36:12.719 9 INFO neutron.api.wsgi [None req-7f715751-82fa-4e98-b9ae-246a8b584cde 2dde46222f0c4d05a92e6dc79753c2dc 8cf13f659408417abb79369600a91022 - - default default] 10.0.0.120 "DELETE /v2.0/subnets/ddb488e1-5847-40ef-9306-d9dc3eb4bce5 HTTP/1.1" status: 204 len: 168 time: 0.1889317
2026-05-19 14:36:12.738 10 INFO neutron.api.wsgi [req-eb43bcc2-8e3a-41b0-a790-b7b6eefdf4fb req-99bc53a0-b9ab-4cf6-9eee-f91d30dae68c f6baec8987554a46a0c04386237faf87 1043303fd47849d2986738a43751a16d - - d5e82ed9ece74ce6a818325b5dba6f15 d5e82ed9ece74ce6a818325b5dba6f15] 10.0.0.9 "GET /v2.0/networks/ea833d1d-9b2f-4416-a789-3b628f9ecb86?fields=provider%3Aphysical_network&fields=provider%3Anetwork_type HTTP/1.1" status: 200 len: 277 time: 0.0421500
2026-05-19 14:36:12.809 9 INFO neutron.db.ovn_revision_numbers_db [None req-aa6f56bf-51ea-4580-b4d8-0bb8b3865c65 18241851ce634ece8cc18dcbd48512dc aafebb9105e94d9996b4301f5ee22c47 - - default default] Successfully bumped revision number for resource 39f84e75-2e5a-4fe0-b355-4deea9b4d8cf (type: security_group_rules) to 0
2026-05-19 14:36:12.853 9 INFO neutron.api.wsgi [None req-aa6f56bf-51ea-4580-b4d8-0bb8b3865c65 18241851ce634ece8cc18dcbd48512dc aafebb9105e94d9996b4301f5ee22c47 - - default default] 10.0.0.120 "POST /v2.0/security-group-rules HTTP/1.1" status: 201 len: 806 time: 0.1890886
2026-05-19 14:36:12.862 10 WARNING neutron_lib.context [None req-8970287e-6129-4c2c-b996-9172e6e625a6 18241851ce634ece8cc18dcbd48512dc aafebb9105e94d9996b4301f5ee22c47 - - default default] Method 'is_advsvc' is deprecated since 2023.2 release (neutron-lib 3.8.0) and will be removed once support for the old RBAC API policies will be removed from Neutron. Please use method 'is_service_role' instead.
2026-05-19 14:36:12.866 9 INFO neutron.api.wsgi [req-11da9ecb-222d-4893-8788-cebaa842a89d req-037aeaca-a30e-4bae-b380-8add28c1c1d9 2effab8d8dcf4cbf8754c94a21cd7d66 ef244d8b1bb74d079fd29efa888c99a7 - - default default] 10.0.0.9 "GET /v2.0/ports?device_id=612976fa-e267-453a-9de3-64fc1244229c HTTP/1.1" status: 200 len: 210 time: 0.0172491
2026-05-19 14:36:12.896 10 INFO neutron.db.securitygroups_db [None req-8970287e-6129-4c2c-b996-9172e6e625a6 18241851ce634ece8cc18dcbd48512dc aafebb9105e94d9996b4301f5ee22c47 - - default default] Project aafebb9105e94d9996b4301f5ee22c47 added a security group rule with legacy IPv6 ICMP protocol name icmp, ipv6-icmp should be used instead. It was automatically converted.
2026-05-19 14:36:12.989 10 INFO neutron.db.ovn_revision_numbers_db [None req-8970287e-6129-4c2c-b996-9172e6e625a6 18241851ce634ece8cc18dcbd48512dc aafebb9105e94d9996b4301f5ee22c47 - - default default] Successfully bumped revision number for resource d3a4187d-10cb-4f51-b2c3-134c47c243ea (type: security_group_rules) to 0
2026-05-19 14:36:13.019 10 INFO neutron.api.wsgi [None req-8970287e-6129-4c2c-b996-9172e6e625a6 18241851ce634ece8cc18dcbd48512dc aafebb9105e94d9996b4301f5ee22c47 - - default default] 10.0.0.120 "POST /v2.0/security-group-rules HTTP/1.1" status: 201 len: 805 time: 0.1609540
2026-05-19 14:36:13.049 9 INFO neutron.services.segments.plugin [-] Segment 03f9590d-fcb7-48e4-8253-6e55f2a08ff2 resource provider aggregate not found
2026-05-19 14:36:13.057 9 INFO neutron.services.segments.plugin [-] Segment 03f9590d-fcb7-48e4-8253-6e55f2a08ff2 resource provider aggregate not found
2026-05-19 14:36:13.061 9 INFO neutron.services.segments.plugin [-] Segment 03f9590d-fcb7-48e4-8253-6e55f2a08ff2 resource provider not found; error: Placement Client Error (4xx): {"errors": [{"status": 404, "title": "Not Found", "detail": "The resource could not be found.\n\n No resource provider with uuid 03f9590d-fcb7-48e4-8253-6e55f2a08ff2 found for delete ", "request_id": "req-80340228-8459-4127-9503-2f0bb56c8cdb"}]}
2026-05-19 14:36:13.072 9 INFO neutron.api.wsgi [None req-76800d8b-e3e0-4641-a17c-383d8ecaf6ed 2dde46222f0c4d05a92e6dc79753c2dc 8cf13f659408417abb79369600a91022 - - default default] 10.0.0.120 "DELETE /v2.0/networks/7b7f2794-e872-4e0d-bf76-433be98766b3 HTTP/1.1" status: 204 len: 168 time: 0.3471329
2026-05-19 14:36:13.074 9 INFO neutron.services.segments.plugin [-] Segment 03f9590d-fcb7-48e4-8253-6e55f2a08ff2 resource provider not found; error: Placement Client Error (4xx): {"errors": [{"status": 404, "title": "Not Found", "detail": "The resource could not be found.\n\n No resource provider with uuid 03f9590d-fcb7-48e4-8253-6e55f2a08ff2 found for delete ", "request_id": "req-f578ce87-33c9-4b21-9e2e-829260a93186"}]}
2026-05-19 14:36:13.156 10 INFO neutron.api.wsgi [req-52e977e8-f0f4-41cc-bd18-726b17745723 req-20bfe984-3706-4e8e-947b-94fd55be1164 f6baec8987554a46a0c04386237faf87 1043303fd47849d2986738a43751a16d - - d5e82ed9ece74ce6a818325b5dba6f15 d5e82ed9ece74ce6a818325b5dba6f15] 199.204.45.132 "GET /v2.0/ports?tenant_id=e05e5209892e48f19db9804daadb2818&device_id=382a9b24-fe59-46bf-8e49-42f9d7f6b6b1 HTTP/1.1" status: 200 len: 1411 time: 0.0368490
2026-05-19 14:36:13.218 10 INFO neutron.api.wsgi [req-52e977e8-f0f4-41cc-bd18-726b17745723 req-6dfbec51-f9ee-418a-9fa0-f0749b6f60f6 f6baec8987554a46a0c04386237faf87 1043303fd47849d2986738a43751a16d - - d5e82ed9ece74ce6a818325b5dba6f15 d5e82ed9ece74ce6a818325b5dba6f15] 199.204.45.132 "GET /v2.0/networks?tenant_id=e05e5209892e48f19db9804daadb2818&shared=False HTTP/1.1" status: 200 len: 974 time: 0.0528972
2026-05-19 14:36:13.251 9 INFO neutron.api.wsgi [None req-3ca974c1-659a-431d-b880-559df2c98391 2dde46222f0c4d05a92e6dc79753c2dc 8cf13f659408417abb79369600a91022 - - default default] 10.0.0.120 "GET /v2.0/security-groups?tenant_id=05604eb34c1146fc8731574f19598ed8&name=default HTTP/1.1" status: 200 len: 3120 time: 0.0351000
2026-05-19 14:36:13.271 10 INFO neutron.api.wsgi [req-52e977e8-f0f4-41cc-bd18-726b17745723 req-51794963-2179-442f-b3b2-3322e31161ad f6baec8987554a46a0c04386237faf87 1043303fd47849d2986738a43751a16d - - d5e82ed9ece74ce6a818325b5dba6f15 d5e82ed9ece74ce6a818325b5dba6f15] 199.204.45.132 "GET /v2.0/networks?shared=True HTTP/1.1" status: 200 len: 952 time: 0.0445476
2026-05-19 14:36:13.425 9 WARNING neutron_lib.context [None req-e15102b2-93e0-40a7-8603-9d4b5c861301 18241851ce634ece8cc18dcbd48512dc aafebb9105e94d9996b4301f5ee22c47 - - default default] Method 'is_advsvc' is deprecated since 2023.2 release (neutron-lib 3.8.0) and will be removed once support for the old RBAC API policies will be removed from Neutron. Please use method 'is_service_role' instead.
2026-05-19 14:36:13.452 9 INFO neutron.api.wsgi [None req-fd7ad3a2-ba3d-4a7d-8e68-b9b538f6071b 2dde46222f0c4d05a92e6dc79753c2dc 8cf13f659408417abb79369600a91022 - - default default] 10.0.0.120 "DELETE /v2.0/security-groups/5236f06c-55ff-4163-be21-be7411338007 HTTP/1.1" status: 204 len: 168 time: 0.1955636
2026-05-19 14:36:13.530 9 INFO neutron.db.ovn_revision_numbers_db [None req-e15102b2-93e0-40a7-8603-9d4b5c861301 18241851ce634ece8cc18dcbd48512dc aafebb9105e94d9996b4301f5ee22c47 - - default default] Successfully bumped revision number for resource 0795e5f3-3fad-4164-8ab6-6ef59261daf2 (type: security_groups) to 1
2026-05-19 14:36:13.549 9 INFO neutron.db.ovn_revision_numbers_db [None req-e15102b2-93e0-40a7-8603-9d4b5c861301 18241851ce634ece8cc18dcbd48512dc aafebb9105e94d9996b4301f5ee22c47 - - default default] Successfully bumped revision number for resource 2835ff6d-5d45-4aca-a6ae-c6d31948d3c9 (type: security_group_rules) to 0
2026-05-19 14:36:13.560 9 INFO neutron.db.ovn_revision_numbers_db [None req-e15102b2-93e0-40a7-8603-9d4b5c861301 18241851ce634ece8cc18dcbd48512dc aafebb9105e94d9996b4301f5ee22c47 - - default default] Successfully bumped revision number for resource f25c4deb-3b37-4484-b92c-0f26cf921186 (type: security_group_rules) to 0
2026-05-19 14:36:13.594 9 INFO neutron.api.wsgi [None req-e15102b2-93e0-40a7-8603-9d4b5c861301 18241851ce634ece8cc18dcbd48512dc aafebb9105e94d9996b4301f5ee22c47 - - default default] 10.0.0.120 "POST /v2.0/security-groups HTTP/1.1" status: 201 len: 1860 time: 0.1763084
2026-05-19 14:36:13.604 10 WARNING neutron_lib.context [None req-c2ae1cee-f88b-4d57-a2d5-75026b4674b0 18241851ce634ece8cc18dcbd48512dc aafebb9105e94d9996b4301f5ee22c47 - - default default] Method 'is_advsvc' is deprecated since 2023.2 release (neutron-lib 3.8.0) and will be removed once support for the old RBAC API policies will be removed from Neutron. Please use method 'is_service_role' instead.
2026-05-19 14:36:13.666 9 INFO neutron.api.wsgi [req-28311e39-8ee6-4ad3-bf31-04bf7a6fb964 req-7e601a1a-00b0-4252-8020-c1e0bbd2800f a902ca3cf4fe4383a277516a66c8ec2e e05e5209892e48f19db9804daadb2818 - - default default] 10.0.0.9 "GET /v2.0/ports?device_id=382a9b24-fe59-46bf-8e49-42f9d7f6b6b1 HTTP/1.1" status: 200 len: 1172 time: 0.0374374
2026-05-19 14:36:13.708 9 INFO neutron.api.wsgi [req-28311e39-8ee6-4ad3-bf31-04bf7a6fb964 req-721ecaf2-ee03-4fb5-97ae-74cdfec192ea a902ca3cf4fe4383a277516a66c8ec2e e05e5209892e48f19db9804daadb2818 - - default default] 10.0.0.9 "GET /v2.0/security-groups?id=3b69961c-58c4-4c2f-8f94-7592a6fe53af&fields=id&fields=name HTTP/1.1" status: 200 len: 313 time: 0.0354140
2026-05-19 14:36:13.728 10 INFO neutron.db.ovn_revision_numbers_db [None req-c2ae1cee-f88b-4d57-a2d5-75026b4674b0 18241851ce634ece8cc18dcbd48512dc aafebb9105e94d9996b4301f5ee22c47 - - default default] Successfully bumped revision number for resource 3a6261e0-826e-4097-90fb-caeacee14d85 (type: security_group_rules) to 0
2026-05-19 14:36:13.755 10 INFO neutron.api.wsgi [None req-c2ae1cee-f88b-4d57-a2d5-75026b4674b0 18241851ce634ece8cc18dcbd48512dc aafebb9105e94d9996b4301f5ee22c47 - - default default] 10.0.0.120 "POST /v2.0/security-group-rules HTTP/1.1" status: 201 len: 796 time: 0.1573308
2026-05-19 14:36:13.764 10 WARNING neutron_lib.context [None req-775f5311-6bba-4348-9e12-bb71a461471e 18241851ce634ece8cc18dcbd48512dc aafebb9105e94d9996b4301f5ee22c47 - - default default] Method 'is_advsvc' is deprecated since 2023.2 release (neutron-lib 3.8.0) and will be removed once support for the old RBAC API policies will be removed from Neutron. Please use method 'is_service_role' instead.
2026-05-19 14:36:13.876 10 INFO neutron.db.ovn_revision_numbers_db [None req-775f5311-6bba-4348-9e12-bb71a461471e 18241851ce634ece8cc18dcbd48512dc aafebb9105e94d9996b4301f5ee22c47 - - default default] Successfully bumped revision number for resource 436caaf2-d08f-4e60-b83b-1abd53aeb26c (type: security_group_rules) to 0
2026-05-19 14:36:13.906 10 INFO neutron.api.wsgi [None req-775f5311-6bba-4348-9e12-bb71a461471e 18241851ce634ece8cc18dcbd48512dc aafebb9105e94d9996b4301f5ee22c47 - - default default] 10.0.0.120 "POST /v2.0/security-group-rules HTTP/1.1" status: 201 len: 801 time: 0.1465316
2026-05-19 14:36:13.916 9 WARNING neutron_lib.context [None req-918025fa-ff96-4c31-94d3-a3194a713fda 18241851ce634ece8cc18dcbd48512dc aafebb9105e94d9996b4301f5ee22c47 - - default default] Method 'is_advsvc' is deprecated since 2023.2 release (neutron-lib 3.8.0) and will be removed once support for the old RBAC API policies will be removed from Neutron. Please use method 'is_service_role' instead.
2026-05-19 14:36:13.942 10 INFO neutron.api.wsgi [req-05283f70-4a3e-45bf-bfdf-27b63ed83de6 req-d8faf9e1-bcf4-49e4-aa16-c834d48d84e3 2effab8d8dcf4cbf8754c94a21cd7d66 ef244d8b1bb74d079fd29efa888c99a7 - - default default] 10.0.0.9 "GET /v2.0/ports?device_id=612976fa-e267-453a-9de3-64fc1244229c HTTP/1.1" status: 200 len: 210 time: 0.0197334
2026-05-19 14:36:14.124 9 WARNING neutron.scheduler.dhcp_agent_scheduler [None req-918025fa-ff96-4c31-94d3-a3194a713fda 18241851ce634ece8cc18dcbd48512dc aafebb9105e94d9996b4301f5ee22c47 - - default default] No more DHCP agents
2026-05-19 14:36:14.125 9 WARNING neutron.api.rpc.agentnotifiers.dhcp_rpc_agent_api [None req-918025fa-ff96-4c31-94d3-a3194a713fda 18241851ce634ece8cc18dcbd48512dc aafebb9105e94d9996b4301f5ee22c47 - - default default] Unable to schedule network 15e0633e-2665-4bde-9c99-e06e27860dcb: no agents available; will retry on subsequent port and subnet creation events.
2026-05-19 14:36:14.313 10 INFO neutron.api.wsgi [req-dab1351c-216c-4c2a-b046-d9fe7b0e86eb req-2f4421b1-8d1f-4497-bd4d-98f3ea0ccba4 f6baec8987554a46a0c04386237faf87 1043303fd47849d2986738a43751a16d - - d5e82ed9ece74ce6a818325b5dba6f15 d5e82ed9ece74ce6a818325b5dba6f15] 199.204.45.132 "GET /v2.0/ports?tenant_id=e05e5209892e48f19db9804daadb2818&device_id=382a9b24-fe59-46bf-8e49-42f9d7f6b6b1 HTTP/1.1" status: 200 len: 1411 time: 0.0301991
2026-05-19 14:36:14.339 10 INFO neutron.api.wsgi [req-dab1351c-216c-4c2a-b046-d9fe7b0e86eb req-d176f852-9151-4241-8a8a-633b135efd8e f6baec8987554a46a0c04386237faf87 1043303fd47849d2986738a43751a16d - - d5e82ed9ece74ce6a818325b5dba6f15 d5e82ed9ece74ce6a818325b5dba6f15] 199.204.45.132 "GET /v2.0/floatingips?fixed_ip_address=10.100.0.10&port_id=140ede77-0178-421b-a057-5d15924aadca HTTP/1.1" status: 200 len: 217 time: 0.0189855
2026-05-19 14:36:14.376 10 INFO neutron.api.wsgi [req-dab1351c-216c-4c2a-b046-d9fe7b0e86eb req-0d864a9e-9f64-4541-a50b-d176d85d473e f6baec8987554a46a0c04386237faf87 1043303fd47849d2986738a43751a16d - - d5e82ed9ece74ce6a818325b5dba6f15 d5e82ed9ece74ce6a818325b5dba6f15] 199.204.45.132 "GET /v2.0/subnets?id=7a3dcd58-9dd1-4c33-a6b4-052612fd01d8 HTTP/1.1" status: 200 len: 893 time: 0.0305068
2026-05-19 14:36:14.385 9 INFO neutron.api.wsgi [None req-918025fa-ff96-4c31-94d3-a3194a713fda 18241851ce634ece8cc18dcbd48512dc aafebb9105e94d9996b4301f5ee22c47 - - default default] 10.0.0.120 "POST /v2.0/floatingips HTTP/1.1" status: 201 len: 751 time: 0.4747610
2026-05-19 14:36:14.396 10 INFO neutron.api.wsgi [req-dab1351c-216c-4c2a-b046-d9fe7b0e86eb req-8f5f3f31-d2af-4b88-ae30-06ca7f39000d f6baec8987554a46a0c04386237faf87 1043303fd47849d2986738a43751a16d - - d5e82ed9ece74ce6a818325b5dba6f15 d5e82ed9ece74ce6a818325b5dba6f15] 199.204.45.132 "GET /v2.0/ports?network_id=70091ce8-4f32-4e25-9307-5284f9d80efb&device_owner=network%3Adhcp HTTP/1.1" status: 200 len: 210 time: 0.0152681
2026-05-19 14:36:14.442 10 INFO neutron.api.wsgi [req-dab1351c-216c-4c2a-b046-d9fe7b0e86eb req-de4dab27-8d9c-4c81-9bbe-1c9e4a4f6920 f6baec8987554a46a0c04386237faf87 1043303fd47849d2986738a43751a16d - - d5e82ed9ece74ce6a818325b5dba6f15 d5e82ed9ece74ce6a818325b5dba6f15] 199.204.45.132 "GET /v2.0/networks/70091ce8-4f32-4e25-9307-5284f9d80efb?fields=segments HTTP/1.1" status: 200 len: 212 time: 0.0395648
2026-05-19 14:36:14.489 10 INFO neutron.api.wsgi [req-dab1351c-216c-4c2a-b046-d9fe7b0e86eb req-5bf4e094-7038-4955-b26c-7b3d6c65be7d f6baec8987554a46a0c04386237faf87 1043303fd47849d2986738a43751a16d - - d5e82ed9ece74ce6a818325b5dba6f15 d5e82ed9ece74ce6a818325b5dba6f15] 199.204.45.132 "GET /v2.0/networks/70091ce8-4f32-4e25-9307-5284f9d80efb?fields=provider%3Aphysical_network&fields=provider%3Anetwork_type HTTP/1.1" status: 200 len: 277 time: 0.0416689
2026-05-19 14:36:14.492 9 INFO neutron.api.wsgi [req-823c04c9-fe3c-4a50-b40f-b2879caf39d3 req-6883bb5c-7c16-4458-81f4-0cbdc581ae65 18241851ce634ece8cc18dcbd48512dc aafebb9105e94d9996b4301f5ee22c47 - - default default] 10.0.0.9 "GET /v2.0/security-groups?name=tempest-secgroup-smoke-1454965181&fields=id&tenant_id=aafebb9105e94d9996b4301f5ee22c47 HTTP/1.1" status: 200 len: 267 time: 0.0387502
2026-05-19 14:36:14.528 9 INFO neutron.api.wsgi [req-823c04c9-fe3c-4a50-b40f-b2879caf39d3 req-f7aa6b9d-a2ba-448f-a894-0338176453b5 18241851ce634ece8cc18dcbd48512dc aafebb9105e94d9996b4301f5ee22c47 - - default default] 10.0.0.9 "GET /v2.0/security-groups?name=tempest-securitygroup--1797283186&fields=id&tenant_id=aafebb9105e94d9996b4301f5ee22c47 HTTP/1.1" status: 200 len: 267 time: 0.0290520
2026-05-19 14:36:14.577 9 INFO neutron.api.wsgi [req-823c04c9-fe3c-4a50-b40f-b2879caf39d3 req-b7f93564-3f52-446a-803c-7696f8c7f407 18241851ce634ece8cc18dcbd48512dc aafebb9105e94d9996b4301f5ee22c47 - - default default] 10.0.0.9 "GET /v2.0/networks?id=8d7d4384-3bdd-41c6-a794-3cdfaf90ee34 HTTP/1.1" status: 200 len: 872 time: 0.0400412
2026-05-19 14:36:14.596 9 INFO neutron.api.wsgi [req-823c04c9-fe3c-4a50-b40f-b2879caf39d3 req-7ed21db9-60ff-42d7-8d26-5cf546e8beed 18241851ce634ece8cc18dcbd48512dc aafebb9105e94d9996b4301f5ee22c47 - - default default] 10.0.0.9 "GET /v2.0/quotas/aafebb9105e94d9996b4301f5ee22c47 HTTP/1.1" status: 200 len: 491 time: 0.0102460
2026-05-19 14:36:14.664 9 INFO neutron.api.wsgi [req-823c04c9-fe3c-4a50-b40f-b2879caf39d3 req-9f0ffcbc-910c-4fc0-8efc-6df0412a0371 18241851ce634ece8cc18dcbd48512dc aafebb9105e94d9996b4301f5ee22c47 - - default default] 10.0.0.9 "GET /v2.0/ports?tenant_id=aafebb9105e94d9996b4301f5ee22c47&fields=id HTTP/1.1" status: 200 len: 302 time: 0.0604618
2026-05-19 14:36:14.713 9 INFO neutron.api.wsgi [req-823c04c9-fe3c-4a50-b40f-b2879caf39d3 req-42dedc46-b22e-4310-8142-15a13458ff55 f6baec8987554a46a0c04386237faf87 1043303fd47849d2986738a43751a16d - - d5e82ed9ece74ce6a818325b5dba6f15 d5e82ed9ece74ce6a818325b5dba6f15] 10.0.0.9 "GET /v2.0/networks/8d7d4384-3bdd-41c6-a794-3cdfaf90ee34?fields=segments HTTP/1.1" status: 200 len: 212 time: 0.0391881
2026-05-19 14:36:14.779 9 INFO neutron.api.wsgi [req-823c04c9-fe3c-4a50-b40f-b2879caf39d3 req-2dd831dd-9ea1-4440-b3b4-e1dc3394e335 f6baec8987554a46a0c04386237faf87 1043303fd47849d2986738a43751a16d - - d5e82ed9ece74ce6a818325b5dba6f15 d5e82ed9ece74ce6a818325b5dba6f15] 10.0.0.9 "GET /v2.0/networks/8d7d4384-3bdd-41c6-a794-3cdfaf90ee34?fields=provider%3Aphysical_network&fields=provider%3Anetwork_type HTTP/1.1" status: 200 len: 277 time: 0.0530951
2026-05-19 14:36:14.834 10 INFO neutron.api.wsgi [req-8ca61994-743c-4417-9abf-6f1d08bbc365 req-cc2b7613-d76e-465b-97f2-0da5db53789e a902ca3cf4fe4383a277516a66c8ec2e e05e5209892e48f19db9804daadb2818 - - default default] 10.0.0.9 "GET /v2.0/ports?device_id=382a9b24-fe59-46bf-8e49-42f9d7f6b6b1 HTTP/1.1" status: 200 len: 1172 time: 0.0622106
2026-05-19 14:36:14.879 10 INFO neutron.api.wsgi [req-8ca61994-743c-4417-9abf-6f1d08bbc365 req-9a592d66-63d0-4439-8f1c-e1ab77db6371 a902ca3cf4fe4383a277516a66c8ec2e e05e5209892e48f19db9804daadb2818 - - default default] 10.0.0.9 "GET /v2.0/security-groups?id=3b69961c-58c4-4c2f-8f94-7592a6fe53af&fields=id&fields=name HTTP/1.1" status: 200 len: 313 time: 0.0412500
2026-05-19 14:36:14.949 10 INFO neutron.api.wsgi [req-6b5ce4ec-f4e8-44ed-858a-f853c748b33b req-fd619899-f007-4ed5-b504-149c55baef67 18241851ce634ece8cc18dcbd48512dc aafebb9105e94d9996b4301f5ee22c47 - - default default] 10.0.0.9 "GET /v2.0/ports?device_id=287bb84c-5e89-4ecb-a1e0-96a2854896e6 HTTP/1.1" status: 200 len: 210 time: 0.0220878
2026-05-19 14:36:15.027 9 INFO neutron.api.wsgi [req-2da0ceea-cd76-46d9-9482-adb3063b9237 req-ef84c0f3-66fb-424b-969d-26632403b0ec 2effab8d8dcf4cbf8754c94a21cd7d66 ef244d8b1bb74d079fd29efa888c99a7 - - default default] 10.0.0.9 "GET /v2.0/ports?device_id=612976fa-e267-453a-9de3-64fc1244229c HTTP/1.1" status: 200 len: 210 time: 0.0192072
2026-05-19 14:36:15.585 9 WARNING neutron.plugins.ml2.drivers.ovn.mech_driver.ovsdb.ovn_client [None req-5a6ccdae-6a71-4caa-a9e1-448621008785 - - - - - -] No hosting information found for port 59aafd33-7643-405e-94c8-5729d11ac4df: RuntimeError: No hosting information found for port 59aafd33-7643-405e-94c8-5729d11ac4df
2026-05-19 14:36:15.643 9 INFO neutron.db.ovn_revision_numbers_db [None req-5a6ccdae-6a71-4caa-a9e1-448621008785 - - - - - -] Successfully bumped revision number for resource 59aafd33-7643-405e-94c8-5729d11ac4df (type: router_ports) to 2
2026-05-19 14:36:15.978 10 INFO neutron.api.wsgi [req-3ee75059-3b9e-4448-8687-2a69d367791e req-fd2c41da-cf20-4d43-af0c-86792cd13bee a902ca3cf4fe4383a277516a66c8ec2e e05e5209892e48f19db9804daadb2818 - - default default] 10.0.0.9 "GET /v2.0/ports?device_id=382a9b24-fe59-46bf-8e49-42f9d7f6b6b1 HTTP/1.1" status: 200 len: 1172 time: 0.0436540
2026-05-19 14:36:16.020 10 INFO neutron.api.wsgi [req-3ee75059-3b9e-4448-8687-2a69d367791e req-0558bf1d-7c84-4bab-9af3-12f153e1d9c8 a902ca3cf4fe4383a277516a66c8ec2e e05e5209892e48f19db9804daadb2818 - - default default] 10.0.0.9 "GET /v2.0/security-groups?id=3b69961c-58c4-4c2f-8f94-7592a6fe53af&fields=id&fields=name HTTP/1.1" status: 200 len: 313 time: 0.0325320
2026-05-19 14:36:16.028 9 INFO neutron.api.wsgi [req-a26716f8-ce11-4a9f-8097-4ffc911f3d28 req-cda0e06f-b82c-41f5-bb39-da204b60cfba 18241851ce634ece8cc18dcbd48512dc aafebb9105e94d9996b4301f5ee22c47 - - default default] 10.0.0.9 "GET /v2.0/ports?device_id=287bb84c-5e89-4ecb-a1e0-96a2854896e6 HTTP/1.1" status: 200 len: 210 time: 0.0167422
2026-05-19 14:36:16.115 10 INFO neutron.api.wsgi [req-a98a320d-8ba9-4513-98a0-dd4243700f1c req-907528c9-44dd-4f8c-b302-66ae91e94168 2effab8d8dcf4cbf8754c94a21cd7d66 ef244d8b1bb74d079fd29efa888c99a7 - - default default] 10.0.0.9 "GET /v2.0/ports?device_id=612976fa-e267-453a-9de3-64fc1244229c HTTP/1.1" status: 200 len: 210 time: 0.0196445
2026-05-19 14:36:16.372 9 INFO neutron.db.ovn_revision_numbers_db [None req-885c54f6-02e4-4110-8154-bfec4b8a51f5 2dde46222f0c4d05a92e6dc79753c2dc 8cf13f659408417abb79369600a91022 - - default default] Successfully bumped revision number for resource 7157af96-129a-40cf-9fa5-b1193a093395 (type: security_groups) to 1
2026-05-19 14:36:16.386 9 INFO neutron.db.ovn_revision_numbers_db [None req-885c54f6-02e4-4110-8154-bfec4b8a51f5 2dde46222f0c4d05a92e6dc79753c2dc 8cf13f659408417abb79369600a91022 - - default default] Successfully bumped revision number for resource 0e824d47-4dc3-4241-97b1-23dac396847a (type: security_group_rules) to 0
2026-05-19 14:36:16.405 9 INFO neutron.db.ovn_revision_numbers_db [None req-885c54f6-02e4-4110-8154-bfec4b8a51f5 2dde46222f0c4d05a92e6dc79753c2dc 8cf13f659408417abb79369600a91022 - - default default] Successfully bumped revision number for resource 2d6731b5-e709-44c3-abe9-c2e932581dd7 (type: security_group_rules) to 0
2026-05-19 14:36:16.425 9 INFO neutron.db.ovn_revision_numbers_db [None req-885c54f6-02e4-4110-8154-bfec4b8a51f5 2dde46222f0c4d05a92e6dc79753c2dc 8cf13f659408417abb79369600a91022 - - default default] Successfully bumped revision number for resource 533dab7c-98a2-4652-9fb2-e2f5b031a975 (type: security_group_rules) to 0
2026-05-19 14:36:16.446 9 INFO neutron.db.ovn_revision_numbers_db [None req-885c54f6-02e4-4110-8154-bfec4b8a51f5 2dde46222f0c4d05a92e6dc79753c2dc 8cf13f659408417abb79369600a91022 - - default default] Successfully bumped revision number for resource d11c5be2-9de8-4fe8-a1a8-f5413729cc3c (type: security_group_rules) to 0
2026-05-19 14:36:16.494 9 INFO neutron.api.wsgi [None req-885c54f6-02e4-4110-8154-bfec4b8a51f5 2dde46222f0c4d05a92e6dc79753c2dc 8cf13f659408417abb79369600a91022 - - default default] 10.0.0.120 "GET /v2.0/security-groups?tenant_id=442ca37781cc499cb717c78b011e2fa6&name=default HTTP/1.1" status: 200 len: 3120 time: 0.4226041
2026-05-19 14:36:16.652 9 INFO neutron.plugins.ml2.drivers.ovn.mech_driver.mech_driver [None req-5a6ccdae-6a71-4caa-a9e1-448621008785 - - - - - -] OVN reports status up for port: 140ede77-0178-421b-a057-5d15924aadca
2026-05-19 14:36:16.663 9 INFO neutron.plugins.ml2.plugin [None req-5a6ccdae-6a71-4caa-a9e1-448621008785 - - - - - -] Attempt 1 to provision port 140ede77-0178-421b-a057-5d15924aadca
2026-05-19 14:36:16.733 9 INFO neutron.api.wsgi [None req-509b9958-b2c1-44c0-9cd0-8cb79d23b767 2dde46222f0c4d05a92e6dc79753c2dc 8cf13f659408417abb79369600a91022 - - default default] 10.0.0.120 "DELETE /v2.0/security-groups/7157af96-129a-40cf-9fa5-b1193a093395 HTTP/1.1" status: 204 len: 168 time: 0.2331831
2026-05-19 14:36:16.779 9 INFO neutron.notifiers.nova [-] Nova event matching ['req-c901d593-5e0b-4c4b-a8eb-2c18be671f77'] response: {'server_uuid': '382a9b24-fe59-46bf-8e49-42f9d7f6b6b1', 'name': 'network-vif-plugged', 'status': 'completed', 'tag': '140ede77-0178-421b-a057-5d15924aadca', 'code': 200}
2026-05-19 14:36:16.885 9 INFO neutron.db.ovn_revision_numbers_db [None req-5a6ccdae-6a71-4caa-a9e1-448621008785 - - - - - -] Successfully bumped revision number for resource 140ede77-0178-421b-a057-5d15924aadca (type: ports) to 5 /var/lib/openstack/lib/python3.12/site-packages/pycadf/identifier.py:71: UserWarning: Invalid uuid: neutron. To ensure interoperability, identifiers should be a valid uuid. warnings.warn(('Invalid uuid: %s. To ensure interoperability, '
2026-05-19 14:36:17.109 9 INFO neutron.api.wsgi [req-6dea3f20-4269-4f78-8216-84f88a5852f8 req-2bccaff7-c8c6-4ba8-b749-df81e7b0cc15 18241851ce634ece8cc18dcbd48512dc aafebb9105e94d9996b4301f5ee22c47 - - default default] 10.0.0.9 "GET /v2.0/ports?device_id=287bb84c-5e89-4ecb-a1e0-96a2854896e6 HTTP/1.1" status: 200 len: 210 time: 0.0182388
2026-05-19 14:36:17.136 10 INFO neutron.api.wsgi [req-5115cb6c-192d-4817-9325-4d55581966bd req-db919516-a8ce-4523-b1dd-83a176868af8 a902ca3cf4fe4383a277516a66c8ec2e e05e5209892e48f19db9804daadb2818 - - default default] 10.0.0.9 "GET /v2.0/ports?device_id=382a9b24-fe59-46bf-8e49-42f9d7f6b6b1 HTTP/1.1" status: 200 len: 1174 time: 0.0446448
2026-05-19 14:36:17.209 10 INFO neutron.api.wsgi [req-5115cb6c-192d-4817-9325-4d55581966bd req-03325d71-89cc-4187-a75b-e76a67643089 a902ca3cf4fe4383a277516a66c8ec2e e05e5209892e48f19db9804daadb2818 - - default default] 10.0.0.9 "GET /v2.0/security-groups?id=3b69961c-58c4-4c2f-8f94-7592a6fe53af&fields=id&fields=name HTTP/1.1" status: 200 len: 313 time: 0.0650377
2026-05-19 14:36:17.212 9 INFO neutron.api.wsgi [req-8073323d-d575-4ef2-b6c1-779f57e38bc7 req-8133e709-e93a-4f3c-8856-28e95428d54b 2effab8d8dcf4cbf8754c94a21cd7d66 ef244d8b1bb74d079fd29efa888c99a7 - - default default] 10.0.0.9 "GET /v2.0/ports?device_id=612976fa-e267-453a-9de3-64fc1244229c HTTP/1.1" status: 200 len: 210 time: 0.0225465
2026-05-19 14:36:17.219 10 INFO neutron.api.wsgi [req-eb43bcc2-8e3a-41b0-a790-b7b6eefdf4fb req-b174ba83-4d76-4b69-8109-a089c1cb0d2e 2effab8d8dcf4cbf8754c94a21cd7d66 ef244d8b1bb74d079fd29efa888c99a7 - - default default] 199.204.45.132 "GET /v2.0/networks?id=ea833d1d-9b2f-4416-a789-3b628f9ecb86 HTTP/1.1" status: 200 len: 859 time: 0.0680437
2026-05-19 14:36:17.266 10 INFO neutron.api.wsgi [req-eb43bcc2-8e3a-41b0-a790-b7b6eefdf4fb req-59cf4f5f-8794-409b-bd2d-485c92f3ff7b 2effab8d8dcf4cbf8754c94a21cd7d66 ef244d8b1bb74d079fd29efa888c99a7 - - default default] 199.204.45.132 "GET /v2.0/security-groups?fields=id&fields=name&tenant_id=ef244d8b1bb74d079fd29efa888c99a7 HTTP/1.1" status: 200 len: 473 time: 0.0426788
2026-05-19 14:36:17.272 10 WARNING neutron_lib.context [req-eb43bcc2-8e3a-41b0-a790-b7b6eefdf4fb req-8e0fa9af-fd42-4006-9bb6-73f357f53994 2effab8d8dcf4cbf8754c94a21cd7d66 ef244d8b1bb74d079fd29efa888c99a7 - - default default] Method 'is_advsvc' is deprecated since 2023.2 release (neutron-lib 3.8.0) and will be removed once support for the old RBAC API policies will be removed from Neutron. Please use method 'is_service_role' instead.
2026-05-19 14:36:17.551 10 WARNING neutron.scheduler.dhcp_agent_scheduler [req-eb43bcc2-8e3a-41b0-a790-b7b6eefdf4fb req-8e0fa9af-fd42-4006-9bb6-73f357f53994 2effab8d8dcf4cbf8754c94a21cd7d66 ef244d8b1bb74d079fd29efa888c99a7 - - default default] No more DHCP agents
2026-05-19 14:36:17.552 10 WARNING neutron.api.rpc.agentnotifiers.dhcp_rpc_agent_api [req-eb43bcc2-8e3a-41b0-a790-b7b6eefdf4fb req-8e0fa9af-fd42-4006-9bb6-73f357f53994 2effab8d8dcf4cbf8754c94a21cd7d66 ef244d8b1bb74d079fd29efa888c99a7 - - default default] Unable to schedule network ea833d1d-9b2f-4416-a789-3b628f9ecb86: no agents available; will retry on subsequent port and subnet creation events.
2026-05-19 14:36:17.695 10 INFO neutron.db.ovn_revision_numbers_db [req-eb43bcc2-8e3a-41b0-a790-b7b6eefdf4fb req-8e0fa9af-fd42-4006-9bb6-73f357f53994 2effab8d8dcf4cbf8754c94a21cd7d66 ef244d8b1bb74d079fd29efa888c99a7 - - default default] Successfully bumped revision number for resource 45ca75e0-accf-4afd-8f28-b0677b9c7d1f (type: ports) to 1
2026-05-19 14:36:17.717 10 INFO neutron.api.wsgi [req-eb43bcc2-8e3a-41b0-a790-b7b6eefdf4fb req-8e0fa9af-fd42-4006-9bb6-73f357f53994 2effab8d8dcf4cbf8754c94a21cd7d66 ef244d8b1bb74d079fd29efa888c99a7 - - default default] 199.204.45.132 "POST /v2.0/ports HTTP/1.1" status: 201 len: 1158 time: 0.4486008 /var/lib/openstack/lib/python3.12/site-packages/pycadf/identifier.py:71: UserWarning: Invalid uuid: neutron. To ensure interoperability, identifiers should be a valid uuid. warnings.warn(('Invalid uuid: %s. To ensure interoperability, '
2026-05-19 14:36:18.102 10 INFO neutron.db.ovn_revision_numbers_db [req-eb43bcc2-8e3a-41b0-a790-b7b6eefdf4fb req-466beb89-6959-474f-8721-766df37dead5 f6baec8987554a46a0c04386237faf87 1043303fd47849d2986738a43751a16d - - d5e82ed9ece74ce6a818325b5dba6f15 d5e82ed9ece74ce6a818325b5dba6f15] Successfully bumped revision number for resource 45ca75e0-accf-4afd-8f28-b0677b9c7d1f (type: ports) to 2
2026-05-19 14:36:18.193 9 INFO neutron.api.wsgi [req-fc968324-f938-4af8-8f72-53b7f16237b2 req-db34d290-e22a-4908-8c41-8e7d22281a16 18241851ce634ece8cc18dcbd48512dc aafebb9105e94d9996b4301f5ee22c47 - - default default] 10.0.0.9 "GET /v2.0/ports?device_id=287bb84c-5e89-4ecb-a1e0-96a2854896e6 HTTP/1.1" status: 200 len: 210 time: 0.0248301 /var/lib/openstack/lib/python3.12/site-packages/pycadf/identifier.py:71: UserWarning: Invalid uuid: neutron. To ensure interoperability, identifiers should be a valid uuid. warnings.warn(('Invalid uuid: %s. To ensure interoperability, '
2026-05-19 14:36:18.322 10 INFO neutron.api.wsgi [req-2a9390b2-df2a-4b94-8a0f-e0eb223b88bd req-aa15b53a-f9ff-45fa-88ef-63cffae905fb a902ca3cf4fe4383a277516a66c8ec2e e05e5209892e48f19db9804daadb2818 - - default default] 10.0.0.9 "GET /v2.0/ports?device_id=382a9b24-fe59-46bf-8e49-42f9d7f6b6b1 HTTP/1.1" status: 200 len: 1174 time: 0.0445359
2026-05-19 14:36:18.353 10 INFO neutron.db.ovn_revision_numbers_db [req-eb43bcc2-8e3a-41b0-a790-b7b6eefdf4fb req-466beb89-6959-474f-8721-766df37dead5 f6baec8987554a46a0c04386237faf87 1043303fd47849d2986738a43751a16d - - d5e82ed9ece74ce6a818325b5dba6f15 d5e82ed9ece74ce6a818325b5dba6f15] Successfully bumped revision number for resource 45ca75e0-accf-4afd-8f28-b0677b9c7d1f (type: ports) to 4
2026-05-19 14:36:18.369 9 INFO neutron.api.wsgi [req-8f96c2d6-5a42-4815-ab77-7d39dd3087ee req-f5574d97-89a8-4d24-b9b4-15afb41a07ce 2effab8d8dcf4cbf8754c94a21cd7d66 ef244d8b1bb74d079fd29efa888c99a7 - - default default] 10.0.0.9 "GET /v2.0/ports?device_id=612976fa-e267-453a-9de3-64fc1244229c HTTP/1.1" status: 200 len: 1168 time: 0.0955834
2026-05-19 14:36:18.370 10 INFO neutron.api.wsgi [req-2a9390b2-df2a-4b94-8a0f-e0eb223b88bd req-524acfea-0904-49d8-ac53-ff32364f6cf8 a902ca3cf4fe4383a277516a66c8ec2e e05e5209892e48f19db9804daadb2818 - - default default] 10.0.0.9 "GET /v2.0/security-groups?id=3b69961c-58c4-4c2f-8f94-7592a6fe53af&fields=id&fields=name HTTP/1.1" status: 200 len: 313 time: 0.0392101
2026-05-19 14:36:18.375 10 INFO neutron.api.wsgi [req-eb43bcc2-8e3a-41b0-a790-b7b6eefdf4fb req-466beb89-6959-474f-8721-766df37dead5 f6baec8987554a46a0c04386237faf87 1043303fd47849d2986738a43751a16d - - d5e82ed9ece74ce6a818325b5dba6f15 d5e82ed9ece74ce6a818325b5dba6f15] 199.204.45.132 "PUT /v2.0/ports/45ca75e0-accf-4afd-8f28-b0677b9c7d1f HTTP/1.1" status: 200 len: 1404 time: 0.6537399
2026-05-19 14:36:18.413 10 INFO neutron.notifiers.nova [-] Nova event matching ['req-9839da1e-fbbc-4409-98f7-d4921fb42326'] response: {'name': 'network-changed', 'server_uuid': '612976fa-e267-453a-9de3-64fc1244229c', 'tag': '45ca75e0-accf-4afd-8f28-b0677b9c7d1f', 'status': 'completed', 'code': 200}
2026-05-19 14:36:18.438 9 INFO neutron.api.wsgi [req-8f96c2d6-5a42-4815-ab77-7d39dd3087ee req-930a7898-4ff4-4ae0-bb74-ecd7482a15af 2effab8d8dcf4cbf8754c94a21cd7d66 ef244d8b1bb74d079fd29efa888c99a7 - - default default] 10.0.0.9 "GET /v2.0/security-groups?id=6a537dbc-05fe-4431-9a01-cc43bbd31a84&fields=id&fields=name HTTP/1.1" status: 200 len: 313 time: 0.0615053
2026-05-19 14:36:18.818 9 INFO neutron.notifiers.nova [-] Nova event matching ['req-685541b2-d7db-4fe0-9ba6-b15fbe0ece8f'] response: {'server_uuid': '382a9b24-fe59-46bf-8e49-42f9d7f6b6b1', 'name': 'network-vif-plugged', 'status': 'completed', 'tag': '140ede77-0178-421b-a057-5d15924aadca', 'code': 200}
2026-05-19 14:36:18.953 10 INFO neutron.api.wsgi [req-7b2cf13c-4d73-46d2-ad58-8fc2cb1a2c8c req-360a6ef7-1302-483e-805a-26d72e58288a f6baec8987554a46a0c04386237faf87 1043303fd47849d2986738a43751a16d - - d5e82ed9ece74ce6a818325b5dba6f15 d5e82ed9ece74ce6a818325b5dba6f15] 199.204.45.132 "GET /v2.0/ports?tenant_id=ef244d8b1bb74d079fd29efa888c99a7&device_id=612976fa-e267-453a-9de3-64fc1244229c HTTP/1.1" status: 200 len: 1407 time: 0.0330646
2026-05-19 14:36:19.010 10 INFO neutron.api.wsgi [req-7b2cf13c-4d73-46d2-ad58-8fc2cb1a2c8c req-353f38ea-2757-4113-b084-f4df3f6c742f f6baec8987554a46a0c04386237faf87 1043303fd47849d2986738a43751a16d - - d5e82ed9ece74ce6a818325b5dba6f15 d5e82ed9ece74ce6a818325b5dba6f15] 199.204.45.132 "GET /v2.0/networks?tenant_id=ef244d8b1bb74d079fd29efa888c99a7&shared=False HTTP/1.1" status: 200 len: 958 time: 0.0526125
2026-05-19 14:36:19.058 10 INFO neutron.api.wsgi [req-7b2cf13c-4d73-46d2-ad58-8fc2cb1a2c8c req-bdfffe86-7f05-4e72-81bd-d844c2ae4b98 f6baec8987554a46a0c04386237faf87 1043303fd47849d2986738a43751a16d - - d5e82ed9ece74ce6a818325b5dba6f15 d5e82ed9ece74ce6a818325b5dba6f15] 199.204.45.132 "GET /v2.0/networks?shared=True HTTP/1.1" status: 200 len: 952 time: 0.0408530
2026-05-19 14:36:19.290 9 INFO neutron.api.wsgi [req-6064f3b9-f3a8-47da-9c30-ec006a02ef50 req-e9966b28-89d8-453d-a40d-a86cf1da4a4e 18241851ce634ece8cc18dcbd48512dc aafebb9105e94d9996b4301f5ee22c47 - - default default] 10.0.0.9 "GET /v2.0/ports?device_id=287bb84c-5e89-4ecb-a1e0-96a2854896e6 HTTP/1.1" status: 200 len: 210 time: 0.0273690
2026-05-19 14:36:19.415 10 INFO neutron.api.wsgi [req-823c04c9-fe3c-4a50-b40f-b2879caf39d3 req-2271f26f-c963-473d-958c-542954cefdb2 18241851ce634ece8cc18dcbd48512dc aafebb9105e94d9996b4301f5ee22c47 - - default default] 199.204.45.132 "GET /v2.0/networks?id=8d7d4384-3bdd-41c6-a794-3cdfaf90ee34 HTTP/1.1" status: 200 len: 872 time: 0.0484755
2026-05-19 14:36:19.467 10 INFO neutron.api.wsgi [req-823c04c9-fe3c-4a50-b40f-b2879caf39d3 req-7f11eadf-9f92-41ff-be1e-f6634aa5d525 18241851ce634ece8cc18dcbd48512dc aafebb9105e94d9996b4301f5ee22c47 - - default default] 199.204.45.132 "GET /v2.0/security-groups?fields=id&fields=name&tenant_id=aafebb9105e94d9996b4301f5ee22c47 HTTP/1.1" status: 200 len: 473 time: 0.0464139
2026-05-19 14:36:19.473 10 INFO neutron.api.wsgi [req-7eff9dbf-a5dc-4467-a2f4-c2a9e8357320 req-eb445a5c-5837-4a5d-95c9-0ef35f0baba0 a902ca3cf4fe4383a277516a66c8ec2e e05e5209892e48f19db9804daadb2818 - - default default] 10.0.0.9 "GET /v2.0/ports?device_id=382a9b24-fe59-46bf-8e49-42f9d7f6b6b1 HTTP/1.1" status: 200 len: 1174 time: 0.0391669
2026-05-19 14:36:19.478 10 WARNING neutron_lib.context [req-823c04c9-fe3c-4a50-b40f-b2879caf39d3 req-cd22fe8b-f667-4a5e-bbad-6cfed95c6cd6 18241851ce634ece8cc18dcbd48512dc aafebb9105e94d9996b4301f5ee22c47 - - default default] Method 'is_advsvc' is deprecated since 2023.2 release (neutron-lib 3.8.0) and will be removed once support for the old RBAC API policies will be removed from Neutron. Please use method 'is_service_role' instead.
2026-05-19 14:36:19.523 10 INFO neutron.api.wsgi [req-7eff9dbf-a5dc-4467-a2f4-c2a9e8357320 req-2b181533-3657-40e9-942e-1909a3f89bd4 a902ca3cf4fe4383a277516a66c8ec2e e05e5209892e48f19db9804daadb2818 - - default default] 10.0.0.9 "GET /v2.0/security-groups?id=3b69961c-58c4-4c2f-8f94-7592a6fe53af&fields=id&fields=name HTTP/1.1" status: 200 len: 313 time: 0.0434549
2026-05-19 14:36:19.541 9 INFO neutron.api.wsgi [req-8fbb8ae7-d46e-4aca-94dc-9c13dfbdd499 req-426d4992-6772-4b2e-a8e5-0b31620cd420 2effab8d8dcf4cbf8754c94a21cd7d66 ef244d8b1bb74d079fd29efa888c99a7 - - default default] 10.0.0.9 "GET /v2.0/ports?device_id=612976fa-e267-453a-9de3-64fc1244229c HTTP/1.1" status: 200 len: 1168 time: 0.0327308
2026-05-19 14:36:19.580 9 INFO neutron.api.wsgi [req-8fbb8ae7-d46e-4aca-94dc-9c13dfbdd499 req-007cf05f-2515-4eff-a13d-e0652154e69d 2effab8d8dcf4cbf8754c94a21cd7d66 ef244d8b1bb74d079fd29efa888c99a7 - - default default] 10.0.0.9 "GET /v2.0/security-groups?id=6a537dbc-05fe-4431-9a01-cc43bbd31a84&fields=id&fields=name HTTP/1.1" status: 200 len: 313 time: 0.0336564
2026-05-19 14:36:19.628 10 INFO neutron.api.wsgi [req-387a5487-c631-48bc-8c4a-38c6f9e80062 req-c4ab15b7-1c7d-47c9-99b0-83caad69631c a902ca3cf4fe4383a277516a66c8ec2e e05e5209892e48f19db9804daadb2818 - - default default] 10.0.0.9 "GET /v2.0/ports?device_id=382a9b24-fe59-46bf-8e49-42f9d7f6b6b1 HTTP/1.1" status: 200 len: 1174 time: 0.0367129
2026-05-19 14:36:19.829 10 WARNING neutron.scheduler.dhcp_agent_scheduler [req-823c04c9-fe3c-4a50-b40f-b2879caf39d3 req-cd22fe8b-f667-4a5e-bbad-6cfed95c6cd6 18241851ce634ece8cc18dcbd48512dc aafebb9105e94d9996b4301f5ee22c47 - - default default] No more DHCP agents
2026-05-19 14:36:19.830 10 WARNING neutron.api.rpc.agentnotifiers.dhcp_rpc_agent_api [req-823c04c9-fe3c-4a50-b40f-b2879caf39d3 req-cd22fe8b-f667-4a5e-bbad-6cfed95c6cd6 18241851ce634ece8cc18dcbd48512dc aafebb9105e94d9996b4301f5ee22c47 - - default default] Unable to schedule network 8d7d4384-3bdd-41c6-a794-3cdfaf90ee34: no agents available; will retry on subsequent port and subnet creation events.
2026-05-19 14:36:19.977 10 INFO neutron.db.ovn_revision_numbers_db [req-823c04c9-fe3c-4a50-b40f-b2879caf39d3 req-cd22fe8b-f667-4a5e-bbad-6cfed95c6cd6 18241851ce634ece8cc18dcbd48512dc aafebb9105e94d9996b4301f5ee22c47 - - default default] Successfully bumped revision number for resource b28e1bf1-e1ef-4988-b65e-45bfa62bf7db (type: ports) to 1
2026-05-19 14:36:19.999 10 INFO neutron.api.wsgi [req-823c04c9-fe3c-4a50-b40f-b2879caf39d3 req-cd22fe8b-f667-4a5e-bbad-6cfed95c6cd6 18241851ce634ece8cc18dcbd48512dc aafebb9105e94d9996b4301f5ee22c47 - - default default] 199.204.45.132 "POST /v2.0/ports HTTP/1.1" status: 201 len: 1197 time: 0.5253954 /var/lib/openstack/lib/python3.12/site-packages/pycadf/identifier.py:71: UserWarning: Invalid uuid: neutron. To ensure interoperability, identifiers should be a valid uuid. warnings.warn(('Invalid uuid: %s. To ensure interoperability, ' /var/lib/openstack/lib/python3.12/site-packages/pycadf/identifier.py:71: UserWarning: Invalid uuid: neutron. To ensure interoperability, identifiers should be a valid uuid. warnings.warn(('Invalid uuid: %s. To ensure interoperability, '
2026-05-19 14:36:20.091 9 INFO neutron.db.ovn_revision_numbers_db [None req-7bf1e434-ecbd-443c-8846-2338f88c1bee a902ca3cf4fe4383a277516a66c8ec2e e05e5209892e48f19db9804daadb2818 - - default default] Successfully bumped revision number for resource f0d70910-0236-473d-be06-f26a813dd9d9 (type: floatingips) to 1
2026-05-19 14:36:20.113 10 INFO neutron.api.wsgi [req-eb43bcc2-8e3a-41b0-a790-b7b6eefdf4fb req-43c9ab15-d67a-40b7-9617-071931822dc5 f6baec8987554a46a0c04386237faf87 1043303fd47849d2986738a43751a16d - - d5e82ed9ece74ce6a818325b5dba6f15 d5e82ed9ece74ce6a818325b5dba6f15] 199.204.45.132 "GET /v2.0/ports?tenant_id=ef244d8b1bb74d079fd29efa888c99a7&device_id=612976fa-e267-453a-9de3-64fc1244229c HTTP/1.1" status: 200 len: 1407 time: 0.0425119
2026-05-19 14:36:20.136 10 INFO neutron.api.wsgi [req-eb43bcc2-8e3a-41b0-a790-b7b6eefdf4fb req-885fa006-7b18-493e-b305-4255226b9b5f f6baec8987554a46a0c04386237faf87 1043303fd47849d2986738a43751a16d - - d5e82ed9ece74ce6a818325b5dba6f15 d5e82ed9ece74ce6a818325b5dba6f15] 199.204.45.132 "GET /v2.0/floatingips?fixed_ip_address=10.100.0.3&port_id=45ca75e0-accf-4afd-8f28-b0677b9c7d1f HTTP/1.1" status: 200 len: 217 time: 0.0179350
2026-05-19 14:36:20.173 10 INFO neutron.api.wsgi [req-eb43bcc2-8e3a-41b0-a790-b7b6eefdf4fb req-6f9bcf77-984a-41aa-81bc-8353c2759a18 f6baec8987554a46a0c04386237faf87 1043303fd47849d2986738a43751a16d - - d5e82ed9ece74ce6a818325b5dba6f15 d5e82ed9ece74ce6a818325b5dba6f15] 199.204.45.132 "GET /v2.0/subnets?id=35ec4296-ac3d-457e-8df8-31d35f5733b0 HTTP/1.1" status: 200 len: 876 time: 0.0325530
2026-05-19 14:36:20.198 10 INFO neutron.api.wsgi [req-eb43bcc2-8e3a-41b0-a790-b7b6eefdf4fb req-93b824dc-114c-40b8-9030-6a99101702e7 f6baec8987554a46a0c04386237faf87 1043303fd47849d2986738a43751a16d - - d5e82ed9ece74ce6a818325b5dba6f15 d5e82ed9ece74ce6a818325b5dba6f15] 199.204.45.132 "GET /v2.0/ports?network_id=ea833d1d-9b2f-4416-a789-3b628f9ecb86&device_owner=network%3Adhcp HTTP/1.1" status: 200 len: 210 time: 0.0179381
2026-05-19 14:36:20.220 9 INFO neutron.db.ovn_revision_numbers_db [None req-7bf1e434-ecbd-443c-8846-2338f88c1bee a902ca3cf4fe4383a277516a66c8ec2e e05e5209892e48f19db9804daadb2818 - - default default] Successfully bumped revision number for resource f0d70910-0236-473d-be06-f26a813dd9d9 (type: floatingips) to 2
2026-05-19 14:36:20.220 9 INFO neutron.db.l3_db [None req-7bf1e434-ecbd-443c-8846-2338f88c1bee a902ca3cf4fe4383a277516a66c8ec2e e05e5209892e48f19db9804daadb2818 - - default default] Floating IP f0d70910-0236-473d-be06-f26a813dd9d9 associated. External IP: 10.96.250.218, port: 140ede77-0178-421b-a057-5d15924aadca.
2026-05-19 14:36:20.248 9 INFO neutron.api.wsgi [None req-7bf1e434-ecbd-443c-8846-2338f88c1bee a902ca3cf4fe4383a277516a66c8ec2e e05e5209892e48f19db9804daadb2818 - - default default] 10.0.0.120 "PUT /v2.0/floatingips/f0d70910-0236-473d-be06-f26a813dd9d9 HTTP/1.1" status: 200 len: 1050 time: 0.6077447
2026-05-19 14:36:20.251 10 INFO neutron.api.wsgi [req-eb43bcc2-8e3a-41b0-a790-b7b6eefdf4fb req-1fbc4198-9835-4dce-aeeb-fce0f3716930 f6baec8987554a46a0c04386237faf87 1043303fd47849d2986738a43751a16d - - d5e82ed9ece74ce6a818325b5dba6f15 d5e82ed9ece74ce6a818325b5dba6f15] 199.204.45.132 "GET /v2.0/networks/ea833d1d-9b2f-4416-a789-3b628f9ecb86?fields=segments HTTP/1.1" status: 200 len: 212 time: 0.0470641
2026-05-19 14:36:20.318 10 INFO neutron.api.wsgi [req-eb43bcc2-8e3a-41b0-a790-b7b6eefdf4fb req-cb14dc54-f00c-47c1-85a0-4d14df6753d5 f6baec8987554a46a0c04386237faf87 1043303fd47849d2986738a43751a16d - - d5e82ed9ece74ce6a818325b5dba6f15 d5e82ed9ece74ce6a818325b5dba6f15] 199.204.45.132 "GET /v2.0/networks/ea833d1d-9b2f-4416-a789-3b628f9ecb86?fields=provider%3Aphysical_network&fields=provider%3Anetwork_type HTTP/1.1" status: 200 len: 277 time: 0.0628147 /var/lib/openstack/lib/python3.12/site-packages/pycadf/identifier.py:71: UserWarning: Invalid uuid: neutron. To ensure interoperability, identifiers should be a valid uuid. warnings.warn(('Invalid uuid: %s. To ensure interoperability, '
2026-05-19 14:36:20.369 9 INFO neutron.api.wsgi [req-895ad82c-2022-40ea-ae17-6a4fc3fd10ee req-18c72fe5-44ec-46c4-a2d6-0495f913a87d a902ca3cf4fe4383a277516a66c8ec2e e05e5209892e48f19db9804daadb2818 - - default default] 10.0.0.9 "GET /v2.0/ports?device_id=382a9b24-fe59-46bf-8e49-42f9d7f6b6b1 HTTP/1.1" status: 200 len: 1174 time: 0.0723994
2026-05-19 14:36:20.405 9 INFO neutron.api.wsgi [req-895ad82c-2022-40ea-ae17-6a4fc3fd10ee req-6adf156f-a52e-422e-a04c-871bf045f0d9 a902ca3cf4fe4383a277516a66c8ec2e e05e5209892e48f19db9804daadb2818 - - default default] 10.0.0.9 "GET /v2.0/security-groups?id=3b69961c-58c4-4c2f-8f94-7592a6fe53af&fields=id&fields=name HTTP/1.1" status: 200 len: 313 time: 0.0318813
2026-05-19 14:36:20.447 10 INFO neutron.api.wsgi [req-dc2cf366-ac08-4733-a543-4f6f23a4dca4 req-09123de7-4b8d-40c0-86ab-b39f64d13044 18241851ce634ece8cc18dcbd48512dc aafebb9105e94d9996b4301f5ee22c47 - - default default] 10.0.0.9 "GET /v2.0/ports?device_id=287bb84c-5e89-4ecb-a1e0-96a2854896e6 HTTP/1.1" status: 200 len: 1208 time: 0.0962961
2026-05-19 14:36:20.499 10 INFO neutron.api.wsgi [req-dc2cf366-ac08-4733-a543-4f6f23a4dca4 req-b5491975-5439-4bd4-bc2d-423cb500598e 18241851ce634ece8cc18dcbd48512dc aafebb9105e94d9996b4301f5ee22c47 - - default default] 10.0.0.9 "GET /v2.0/security-groups?id=f260013b-5b64-4a0f-b7c4-5e46d31a3a81&id=0795e5f3-3fad-4164-8ab6-6ef59261daf2&fields=id&fields=name HTTP/1.1" status: 200 len: 406 time: 0.0443511
2026-05-19 14:36:20.542 10 INFO neutron.db.ovn_revision_numbers_db [req-823c04c9-fe3c-4a50-b40f-b2879caf39d3 req-3d3d9fd3-0182-42a1-90d6-9d0f174f5ed5 f6baec8987554a46a0c04386237faf87 1043303fd47849d2986738a43751a16d - - d5e82ed9ece74ce6a818325b5dba6f15 d5e82ed9ece74ce6a818325b5dba6f15] Successfully bumped revision number for resource b28e1bf1-e1ef-4988-b65e-45bfa62bf7db (type: ports) to 2
2026-05-19 14:36:20.693 9 INFO neutron.api.wsgi [req-1a8b26d6-d012-4303-9319-6c1dc1bffcc8 req-68efa40f-2dba-4a27-8ef1-1a3cf68c9e1f 2effab8d8dcf4cbf8754c94a21cd7d66 ef244d8b1bb74d079fd29efa888c99a7 - - default default] 10.0.0.9 "GET /v2.0/ports?device_id=612976fa-e267-453a-9de3-64fc1244229c HTTP/1.1" status: 200 len: 1168 time: 0.0455141
2026-05-19 14:36:20.711 10 INFO neutron.api.wsgi [req-c24905c5-ae36-4653-b776-168dde50895b req-5c73f439-0651-4105-b88e-b3c8766177ba a902ca3cf4fe4383a277516a66c8ec2e e05e5209892e48f19db9804daadb2818 - - default default] 10.0.0.9 "GET /v2.0/ports?device_id=382a9b24-fe59-46bf-8e49-42f9d7f6b6b1 HTTP/1.1" status: 200 len: 1174 time: 0.0880623 /var/lib/openstack/lib/python3.12/site-packages/pycadf/identifier.py:71: UserWarning: Invalid uuid: neutron. To ensure interoperability, identifiers should be a valid uuid. warnings.warn(('Invalid uuid: %s. To ensure interoperability, '
2026-05-19 14:36:20.737 9 INFO neutron.api.wsgi [req-1a8b26d6-d012-4303-9319-6c1dc1bffcc8 req-9f737c8b-0227-4370-a1d2-faffbd9fc45f 2effab8d8dcf4cbf8754c94a21cd7d66 ef244d8b1bb74d079fd29efa888c99a7 - - default default] 10.0.0.9 "GET /v2.0/security-groups?id=6a537dbc-05fe-4431-9a01-cc43bbd31a84&fields=id&fields=name HTTP/1.1" status: 200 len: 313 time: 0.0398071
2026-05-19 14:36:20.765 10 INFO neutron.api.wsgi [req-c24905c5-ae36-4653-b776-168dde50895b req-e8c5b266-52f3-43fe-b5b1-b114f0bad718 a902ca3cf4fe4383a277516a66c8ec2e e05e5209892e48f19db9804daadb2818 - - default default] 10.0.0.9 "GET /v2.0/security-groups?id=3b69961c-58c4-4c2f-8f94-7592a6fe53af&fields=id&fields=name HTTP/1.1" status: 200 len: 313 time: 0.0476081
2026-05-19 14:36:20.780 10 INFO neutron.db.ovn_revision_numbers_db [req-823c04c9-fe3c-4a50-b40f-b2879caf39d3 req-3d3d9fd3-0182-42a1-90d6-9d0f174f5ed5 f6baec8987554a46a0c04386237faf87 1043303fd47849d2986738a43751a16d - - d5e82ed9ece74ce6a818325b5dba6f15 d5e82ed9ece74ce6a818325b5dba6f15] Successfully bumped revision number for resource b28e1bf1-e1ef-4988-b65e-45bfa62bf7db (type: ports) to 4
2026-05-19 14:36:20.798 10 INFO neutron.api.wsgi [req-823c04c9-fe3c-4a50-b40f-b2879caf39d3 req-3d3d9fd3-0182-42a1-90d6-9d0f174f5ed5 f6baec8987554a46a0c04386237faf87 1043303fd47849d2986738a43751a16d - - d5e82ed9ece74ce6a818325b5dba6f15 d5e82ed9ece74ce6a818325b5dba6f15] 199.204.45.132 "PUT /v2.0/ports/b28e1bf1-e1ef-4988-b65e-45bfa62bf7db HTTP/1.1" status: 200 len: 1443 time: 0.7931292
2026-05-19 14:36:20.831 10 INFO neutron.notifiers.nova [-] Nova event matching ['req-ac06030a-e639-41e3-a034-91d071f60832'] response: {'name': 'network-changed', 'server_uuid': '287bb84c-5e89-4ecb-a1e0-96a2854896e6', 'tag': 'b28e1bf1-e1ef-4988-b65e-45bfa62bf7db', 'status': 'completed', 'code': 200}
2026-05-19 14:36:20.852 9 INFO neutron.notifiers.nova [-] Nova event matching ['req-591cb701-96b7-4f7f-a0df-921cda8f88ce'] response: {'name': 'network-changed', 'server_uuid': '382a9b24-fe59-46bf-8e49-42f9d7f6b6b1', 'tag': '140ede77-0178-421b-a057-5d15924aadca', 'status': 'completed', 'code': 200}
2026-05-19 14:36:20.976 9 INFO neutron.api.wsgi [-] 10.0.0.154 "GET / HTTP/1.1" status: 200 len: 245 time: 0.0016465
2026-05-19 14:36:20.977 10 INFO neutron.api.wsgi [-] 10.0.0.154 "GET / HTTP/1.1" status: 200 len: 245 time: 0.0021710
2026-05-19 14:36:21.181 9 INFO neutron.plugins.ml2.drivers.ovn.mech_driver.mech_driver [None req-87ad0ace-6e7a-4cd0-833a-398755ef58d3 - - - - - -] OVN reports status down for port: 140ede77-0178-421b-a057-5d15924aadca
2026-05-19 14:36:21.357 9 INFO neutron.db.ovn_revision_numbers_db [None req-4e4a5a37-8975-498e-a4d0-82f05e604282 2dde46222f0c4d05a92e6dc79753c2dc 8cf13f659408417abb79369600a91022 - - default default] Successfully bumped revision number for resource 7af81154-1481-49af-a557-0531cf26e2f1 (type: security_groups) to 1
2026-05-19 14:36:21.373 9 INFO neutron.db.ovn_revision_numbers_db [None req-4e4a5a37-8975-498e-a4d0-82f05e604282 2dde46222f0c4d05a92e6dc79753c2dc 8cf13f659408417abb79369600a91022 - - default default] Successfully bumped revision number for resource 8d30f59b-9faa-4b0a-90f0-d296752bf373 (type: security_group_rules) to 0
2026-05-19 14:36:21.379 10 INFO neutron.api.wsgi [req-a7f7fb51-7704-4189-999d-6475cbab2a30 req-756f4564-4ccc-4537-b600-1b40f3c84329 f6baec8987554a46a0c04386237faf87 1043303fd47849d2986738a43751a16d - - d5e82ed9ece74ce6a818325b5dba6f15 d5e82ed9ece74ce6a818325b5dba6f15] 199.204.45.132 "GET /v2.0/ports?tenant_id=aafebb9105e94d9996b4301f5ee22c47&device_id=287bb84c-5e89-4ecb-a1e0-96a2854896e6 HTTP/1.1" status: 200 len: 1446 time: 0.0402000
2026-05-19 14:36:21.388 9 INFO neutron.db.ovn_revision_numbers_db [None req-4e4a5a37-8975-498e-a4d0-82f05e604282 2dde46222f0c4d05a92e6dc79753c2dc 8cf13f659408417abb79369600a91022 - - default default] Successfully bumped revision number for resource ce40260d-6e44-4096-91c8-bdc7a1364efa (type: security_group_rules) to 0
2026-05-19 14:36:21.409 9 INFO neutron.db.ovn_revision_numbers_db [None req-4e4a5a37-8975-498e-a4d0-82f05e604282 2dde46222f0c4d05a92e6dc79753c2dc 8cf13f659408417abb79369600a91022 - - default default] Successfully bumped revision number for resource d1279204-bd98-4287-bd89-3d9468a5b6fa (type: security_group_rules) to 0
