Jul 14 01:29:35.025577 np0000185071 devstack@neutron-api.service[102463]: DEBUG neutron.pecan_wsgi.hooks.policy_enforcement [None req-4637b92e-89ab-4ca2-9f09-1f240b6af5a7 service neutron] Attributes excluded by policy engine: ['standard_attr_id'] {{(pid=102463) _exclude_attributes_by_policy /opt/stack/neutron/neutron/pecan_wsgi/hooks/policy_enforcement.py:259}}
Jul 14 01:29:35.026927 np0000185071 devstack@neutron-api.service[102463]: [pid: 102463|app: 0|req: 28/106] 199.204.45.156 () {64 vars in 1369 bytes} [Tue Jul 14 01:29:34 2026] GET /networking/v2.0/ports?device_id=manila-admin-share&binding%3Ahost_id=np0000185071 => generated 931 bytes in 40 msecs (HTTP/1.1 200) 4 headers in 157 bytes (1 switches on core 0)
Jul 14 01:29:35.285331 np0000185071 devstack@neutron-api.service[102466]: DEBUG neutron.pecan_wsgi.hooks.policy_enforcement [None req-ecf0c9a7-9097-4310-998e-39a6e9b0db75 service neutron] Attributes excluded by policy engine: ['standard_attr_id', 'shared'] {{(pid=102466) _exclude_attributes_by_policy /opt/stack/neutron/neutron/pecan_wsgi/hooks/policy_enforcement.py:259}}
Jul 14 01:29:35.286546 np0000185071 devstack@neutron-api.service[102466]: [pid: 102466|app: 0|req: 27/107] 199.204.45.156 () {64 vars in 1367 bytes} [Tue Jul 14 01:29:35 2026] GET /networking/v2.0/subnets/c467f9e2-43b4-4029-a049-83c21436accc => generated 625 bytes in 21 msecs (HTTP/1.1 200) 4 headers in 157 bytes (1 switches on core 0)
Jul 14 01:29:36.696219 np0000185071 devstack@neutron-api.service[102463]: DEBUG futurist.periodics [-] Submitting periodic callback 'neutron.plugins.ml2.drivers.ovn.mech_driver.ovsdb.maintenance.HashRingHealthCheckPeriodics.touch_hash_ring_node' {{(pid=102463) _process_scheduled /opt/stack/data/venv/lib/python3.12/site-packages/futurist/periodics.py:784}}
Jul 14 01:29:36.696676 np0000185071 devstack@neutron-api.service[102463]: DEBUG neutron.plugins.ml2.drivers.ovn.mech_driver.ovsdb.maintenance [-] Touching Hash Ring node "cfb665b3f59b5c3a959ed2573961c7ad" from periodic health check thread {{(pid=102463) touch_hash_ring_node /opt/stack/neutron/neutron/plugins/ml2/drivers/ovn/mech_driver/ovsdb/maintenance.py:1417}}
Jul 14 01:29:36.923036 np0000185071 devstack@neutron-api.service[102463]: DEBUG neutron.plugins.ml2.drivers.ovn.mech_driver.ovsdb.ovsdb_monitor [None req-6fb02c6f-5ee4-4b62-a4fa-bc8e44281ed0 None None] ChassisOVNAgentWriteEvent : Matched Chassis_Private, update, None None {{(pid=102463) matches /opt/stack/neutron/neutron/plugins/ml2/drivers/ovn/mech_driver/ovsdb/ovsdb_monitor.py:65}}
Jul 14 01:29:36.924035 np0000185071 devstack@neutron-api.service[102466]: DEBUG neutron.plugins.ml2.drivers.ovn.mech_driver.ovsdb.ovsdb_monitor [None req-49e10d53-0027-4989-867d-34a97eb21f33 None None] ChassisOVNAgentWriteEvent : Matched Chassis_Private, update, None None {{(pid=102466) matches /opt/stack/neutron/neutron/plugins/ml2/drivers/ovn/mech_driver/ovsdb/ovsdb_monitor.py:65}}
Jul 14 01:29:36.924607 np0000185071 devstack@neutron-api.service[102464]: DEBUG neutron.plugins.ml2.drivers.ovn.mech_driver.ovsdb.ovsdb_monitor [None req-119aea94-bac0-4664-9dd0-2547bc457391 None None] ChassisOVNAgentWriteEvent : Matched Chassis_Private, update, None None {{(pid=102464) matches /opt/stack/neutron/neutron/plugins/ml2/drivers/ovn/mech_driver/ovsdb/ovsdb_monitor.py:65}}
Jul 14 01:29:36.925610 np0000185071 devstack@neutron-api.service[102465]: DEBUG neutron.plugins.ml2.drivers.ovn.mech_driver.ovsdb.ovsdb_monitor [None req-9be0d391-be34-4fd6-ac8a-49b2516fd05b None None] ChassisOVNAgentWriteEvent : Matched Chassis_Private, update, None None {{(pid=102465) matches /opt/stack/neutron/neutron/plugins/ml2/drivers/ovn/mech_driver/ovsdb/ovsdb_monitor.py:65}}
Jul 14 01:29:36.925610 np0000185071 devstack@neutron-api.service[102465]: DEBUG neutron.plugins.ml2.drivers.ovn.mech_driver.ovsdb.ovsdb_monitor [None req-9be0d391-be34-4fd6-ac8a-49b2516fd05b None None] Hash Ring: Node e36b5af089985e26a745f42e3b90e157 (host: np0000185071) handling event "update" for row 181940de-c137-4ef0-9d75-e814637776d3 (table: Chassis_Private) {{(pid=102465) notify /opt/stack/neutron/neutron/plugins/ml2/drivers/ovn/mech_driver/ovsdb/ovsdb_monitor.py:1031}}
Jul 14 01:29:37.582100 np0000185071 devstack@neutron-api.service[102466]: DEBUG futurist.periodics [-] Submitting periodic callback 'neutron.plugins.ml2.drivers.ovn.mech_driver.ovsdb.maintenance.HashRingHealthCheckPeriodics.touch_hash_ring_node' {{(pid=102466) _process_scheduled /opt/stack/data/venv/lib/python3.12/site-packages/futurist/periodics.py:784}}
Jul 14 01:29:37.582995 np0000185071 devstack@neutron-api.service[102466]: DEBUG neutron.plugins.ml2.drivers.ovn.mech_driver.ovsdb.maintenance [-] Touching Hash Ring node "beb42dd6e9255547bac1da2de1eddeb8" from periodic health check thread {{(pid=102466) touch_hash_ring_node /opt/stack/neutron/neutron/plugins/ml2/drivers/ovn/mech_driver/ovsdb/maintenance.py:1417}}
Jul 14 01:29:37.605861 np0000185071 devstack@neutron-api.service[102465]: DEBUG futurist.periodics [-] Submitting periodic callback 'neutron.plugins.ml2.drivers.ovn.mech_driver.ovsdb.maintenance.HashRingHealthCheckPeriodics.touch_hash_ring_node' {{(pid=102465) _process_scheduled /opt/stack/data/venv/lib/python3.12/site-packages/futurist/periodics.py:784}}
Jul 14 01:29:37.606445 np0000185071 devstack@neutron-api.service[102465]: DEBUG neutron.plugins.ml2.drivers.ovn.mech_driver.ovsdb.maintenance [-] Touching Hash Ring node "e36b5af089985e26a745f42e3b90e157" from periodic health check thread {{(pid=102465) touch_hash_ring_node /opt/stack/neutron/neutron/plugins/ml2/drivers/ovn/mech_driver/ovsdb/maintenance.py:1417}}
Jul 14 01:29:37.675173 np0000185071 devstack@neutron-api.service[102464]: DEBUG futurist.periodics [-] Submitting periodic callback 'neutron.plugins.ml2.drivers.ovn.mech_driver.ovsdb.maintenance.HashRingHealthCheckPeriodics.touch_hash_ring_node' {{(pid=102464) _process_scheduled /opt/stack/data/venv/lib/python3.12/site-packages/futurist/periodics.py:784}}
Jul 14 01:29:37.675911 np0000185071 devstack@neutron-api.service[102464]: DEBUG neutron.plugins.ml2.drivers.ovn.mech_driver.ovsdb.maintenance [-] Touching Hash Ring node "9c3037497bc35c70bfe9dd2e36452abb" from periodic health check thread {{(pid=102464) touch_hash_ring_node /opt/stack/neutron/neutron/plugins/ml2/drivers/ovn/mech_driver/ovsdb/maintenance.py:1417}}
Jul 14 01:29:46.706176 np0000185071 devstack@neutron-api.service[102463]: DEBUG dbcounter [-] [102463] Writing DB stats neutron:UPDATE=14,neutron:SELECT=60,neutron:INSERT=1 {{(pid=102463) stat_writer /opt/stack/data/venv/lib/python3.12/site-packages/dbcounter.py:115}}
Jul 14 01:29:47.594215 np0000185071 devstack@neutron-api.service[102466]: DEBUG dbcounter [-] [102466] Writing DB stats neutron:UPDATE=9,neutron:SELECT=259,neutron:INSERT=11,neutron:DELETE=2 {{(pid=102466) stat_writer /opt/stack/data/venv/lib/python3.12/site-packages/dbcounter.py:115}}
Jul 14 01:29:47.617097 np0000185071 devstack@neutron-api.service[102465]: DEBUG dbcounter [-] [102465] Writing DB stats neutron:UPDATE=14,neutron:SELECT=191,neutron:INSERT=12,neutron:DELETE=2 {{(pid=102465) stat_writer /opt/stack/data/venv/lib/python3.12/site-packages/dbcounter.py:115}}
Jul 14 01:29:47.686650 np0000185071 devstack@neutron-api.service[102464]: DEBUG dbcounter [-] [102464] Writing DB stats neutron:UPDATE=32,neutron:SELECT=332,neutron:INSERT=30,neutron:DELETE=3 {{(pid=102464) stat_writer /opt/stack/data/venv/lib/python3.12/site-packages/dbcounter.py:115}}
Jul 14 01:29:49.712431 np0000185071 devstack@neutron-api.service[102465]: [pid: 102465|app: 0|req: 27/108] 199.204.45.156 () {62 vars in 1059 bytes} [Tue Jul 14 01:29:49 2026] GET /networking => generated 130 bytes in 3 msecs (HTTP/1.1 200) 3 headers in 91 bytes (1 switches on core 0)
Jul 14 01:29:49.802880 np0000185071 devstack@neutron-api.service[102464]: DEBUG neutron.pecan_wsgi.hooks.policy_enforcement [None req-90cd0371-67ac-428f-a13f-225f22588ba5 demo demo] Attributes excluded by policy engine: ['standard_attr_id', 'provider:network_type', 'provider:physical_network', 'provider:segmentation_id'] {{(pid=102464) _exclude_attributes_by_policy /opt/stack/neutron/neutron/pecan_wsgi/hooks/policy_enforcement.py:259}}
Jul 14 01:29:49.804231 np0000185071 devstack@neutron-api.service[102464]: [pid: 102464|app: 0|req: 27/109] 199.204.45.156 () {64 vars in 1348 bytes} [Tue Jul 14 01:29:49 2026] GET /networking/v2.0/networks?router%3Aexternal=True => generated 659 bytes in 56 msecs (HTTP/1.1 200) 4 headers in 157 bytes (1 switches on core 0)
Jul 14 01:29:51.697250 np0000185071 devstack@neutron-api.service[102463]: DEBUG futurist.periodics [-] Submitting periodic callback 'neutron.plugins.ml2.drivers.ovn.mech_driver.ovsdb.maintenance.HashRingHealthCheckPeriodics.touch_hash_ring_node' {{(pid=102463) _process_scheduled /opt/stack/data/venv/lib/python3.12/site-packages/futurist/periodics.py:784}}
Jul 14 01:29:51.698038 np0000185071 devstack@neutron-api.service[102463]: DEBUG neutron.plugins.ml2.drivers.ovn.mech_driver.ovsdb.maintenance [-] Touching Hash Ring node "cfb665b3f59b5c3a959ed2573961c7ad" from periodic health check thread {{(pid=102463) touch_hash_ring_node /opt/stack/neutron/neutron/plugins/ml2/drivers/ovn/mech_driver/ovsdb/maintenance.py:1417}}
Jul 14 01:29:52.582885 np0000185071 devstack@neutron-api.service[102466]: DEBUG futurist.periodics [-] Submitting periodic callback 'neutron.plugins.ml2.drivers.ovn.mech_driver.ovsdb.maintenance.HashRingHealthCheckPeriodics.touch_hash_ring_node' {{(pid=102466) _process_scheduled /opt/stack/data/venv/lib/python3.12/site-packages/futurist/periodics.py:784}}
Jul 14 01:29:52.583333 np0000185071 devstack@neutron-api.service[102466]: DEBUG neutron.plugins.ml2.drivers.ovn.mech_driver.ovsdb.maintenance [-] Touching Hash Ring node "beb42dd6e9255547bac1da2de1eddeb8" from periodic health check thread {{(pid=102466) touch_hash_ring_node /opt/stack/neutron/neutron/plugins/ml2/drivers/ovn/mech_driver/ovsdb/maintenance.py:1417}}
Jul 14 01:29:52.606635 np0000185071 devstack@neutron-api.service[102465]: DEBUG futurist.periodics [-] Submitting periodic callback 'neutron.plugins.ml2.drivers.ovn.mech_driver.ovsdb.maintenance.HashRingHealthCheckPeriodics.touch_hash_ring_node' {{(pid=102465) _process_scheduled /opt/stack/data/venv/lib/python3.12/site-packages/futurist/periodics.py:784}}
Jul 14 01:29:52.607136 np0000185071 devstack@neutron-api.service[102465]: DEBUG neutron.plugins.ml2.drivers.ovn.mech_driver.ovsdb.maintenance [-] Touching Hash Ring node "e36b5af089985e26a745f42e3b90e157" from periodic health check thread {{(pid=102465) touch_hash_ring_node /opt/stack/neutron/neutron/plugins/ml2/drivers/ovn/mech_driver/ovsdb/maintenance.py:1417}}
Jul 14 01:29:52.675765 np0000185071 devstack@neutron-api.service[102464]: DEBUG futurist.periodics [-] Submitting periodic callback 'neutron.plugins.ml2.drivers.ovn.mech_driver.ovsdb.maintenance.HashRingHealthCheckPeriodics.touch_hash_ring_node' {{(pid=102464) _process_scheduled /opt/stack/data/venv/lib/python3.12/site-packages/futurist/periodics.py:784}}
Jul 14 01:29:52.676821 np0000185071 devstack@neutron-api.service[102464]: DEBUG neutron.plugins.ml2.drivers.ovn.mech_driver.ovsdb.maintenance [-] Touching Hash Ring node "9c3037497bc35c70bfe9dd2e36452abb" from periodic health check thread {{(pid=102464) touch_hash_ring_node /opt/stack/neutron/neutron/plugins/ml2/drivers/ovn/mech_driver/ovsdb/maintenance.py:1417}}
Jul 14 01:29:55.018861 np0000185071 devstack@neutron-api.service[102463]: [pid: 102463|app: 0|req: 29/110] 199.204.45.156 () {62 vars in 1059 bytes} [Tue Jul 14 01:29:55 2026] GET /networking => generated 130 bytes in 3 msecs (HTTP/1.1 200) 3 headers in 91 bytes (1 switches on core 0)
Jul 14 01:29:55.102965 np0000185071 devstack@neutron-api.service[102466]: DEBUG neutron.pecan_wsgi.hooks.policy_enforcement [None req-6d32db83-6904-46bb-a09e-bd7bf3df33e2 demo demo] Attributes excluded by policy engine: ['standard_attr_id', 'provider:network_type', 'provider:physical_network', 'provider:segmentation_id'] {{(pid=102466) _exclude_attributes_by_policy /opt/stack/neutron/neutron/pecan_wsgi/hooks/policy_enforcement.py:259}}
Jul 14 01:29:55.104316 np0000185071 devstack@neutron-api.service[102466]: [pid: 102466|app: 0|req: 28/111] 199.204.45.156 () {64 vars in 1348 bytes} [Tue Jul 14 01:29:55 2026] GET /networking/v2.0/networks?router%3Aexternal=True => generated 659 bytes in 51 msecs (HTTP/1.1 200) 4 headers in 157 bytes (1 switches on core 0)
Jul 14 01:30:01.709087 np0000185071 devstack@neutron-api.service[102463]: DEBUG dbcounter [-] [102463] Writing DB stats neutron:UPDATE=1,neutron:SELECT=1 {{(pid=102463) stat_writer /opt/stack/data/venv/lib/python3.12/site-packages/dbcounter.py:115}}
Jul 14 01:30:02.615400 np0000185071 devstack@neutron-api.service[102465]: DEBUG dbcounter [-] [102465] Writing DB stats neutron:UPDATE=1,neutron:SELECT=1 {{(pid=102465) stat_writer /opt/stack/data/venv/lib/python3.12/site-packages/dbcounter.py:115}}
Jul 14 01:30:02.686591 np0000185071 devstack@neutron-api.service[102464]: DEBUG dbcounter [-] [102464] Writing DB stats neutron:SELECT=18,neutron:UPDATE=1 {{(pid=102464) stat_writer /opt/stack/data/venv/lib/python3.12/site-packages/dbcounter.py:115}}
Jul 14 01:30:03.132750 np0000185071 devstack@neutron-api.service[102465]: [pid: 102465|app: 0|req: 28/112] 199.204.45.156 () {62 vars in 1070 bytes} [Tue Jul 14 01:30:03 2026] GET /networking => generated 130 bytes in 3 msecs (HTTP/1.1 200) 3 headers in 91 bytes (1 switches on core 0)
Jul 14 01:30:03.217692 np0000185071 devstack@neutron-api.service[102464]: DEBUG neutron.pecan_wsgi.hooks.policy_enforcement [None req-47de1317-bcac-4f83-b32a-09fff4b95abd demo demo] Attributes excluded by policy engine: ['standard_attr_id', 'provider:network_type', 'provider:physical_network', 'provider:segmentation_id'] {{(pid=102464) _exclude_attributes_by_policy /opt/stack/neutron/neutron/pecan_wsgi/hooks/policy_enforcement.py:259}}
Jul 14 01:30:03.219148 np0000185071 devstack@neutron-api.service[102464]: [pid: 102464|app: 0|req: 28/113] 199.204.45.156 () {64 vars in 1383 bytes} [Tue Jul 14 01:30:03 2026] GET /networking/v2.0/networks?name=public&router%3Aexternal=True => generated 659 bytes in 54 msecs (HTTP/1.1 200) 4 headers in 157 bytes (1 switches on core 0)
Jul 14 01:30:05.099228 np0000185071 devstack@neutron-api.service[102466]: DEBUG dbcounter [-] [102466] Writing DB stats neutron:UPDATE=1,neutron:SELECT=18 {{(pid=102466) stat_writer /opt/stack/data/venv/lib/python3.12/site-packages/dbcounter.py:115}}
Jul 14 01:30:05.443441 np0000185071 devstack@neutron-api.service[102463]: [pid: 102463|app: 0|req: 30/114] 199.204.45.156 () {64 vars in 1267 bytes} [Tue Jul 14 01:30:05 2026] GET /networking/ => generated 130 bytes in 2 msecs (HTTP/1.1 200) 3 headers in 91 bytes (1 switches on core 0)
Jul 14 01:30:05.595191 np0000185071 devstack@neutron-api.service[102466]: DEBUG neutron.pecan_wsgi.hooks.policy_enforcement [None req-d19ef49d-69a2-479c-a590-0ca1e0b6c198 demo demo] Attributes excluded by policy engine: ['standard_attr_id', 'provider:network_type', 'provider:physical_network', 'provider:segmentation_id'] {{(pid=102466) _exclude_attributes_by_policy /opt/stack/neutron/neutron/pecan_wsgi/hooks/policy_enforcement.py:259}}
Jul 14 01:30:05.597298 np0000185071 devstack@neutron-api.service[102466]: [pid: 102466|app: 0|req: 29/115] 199.204.45.156 () {64 vars in 1416 bytes} [Tue Jul 14 01:30:05 2026] GET /networking/v2.0/networks/0a67c7a7-09f1-4b3b-aa5d-d12f97c0d1b4 => generated 656 bytes in 147 msecs (HTTP/1.1 200) 4 headers in 157 bytes (1 switches on core 0)
Jul 14 01:30:05.628838 np0000185071 devstack@neutron-api.service[102465]: [pid: 102465|app: 0|req: 29/116] 199.204.45.156 () {64 vars in 1410 bytes} [Tue Jul 14 01:30:05 2026] GET /networking/v2.0/networks?name=k8s-clusterapi-cluster-magnum-system-kube-sxcw4 => generated 15 bytes in 24 msecs (HTTP/1.1 200) 4 headers in 156 bytes (1 switches on core 0)
Jul 14 01:30:05.640305 np0000185071 devstack@neutron-api.service[102464]: DEBUG neutron.api.v2.base [None req-08c08182-c1c1-43ed-97c4-ff2381413aab demo demo] Request body: {'network': {'admin_state_up': True, 'name': 'k8s-clusterapi-cluster-magnum-system-kube-sxcw4'}} {{(pid=102464) prepare_request_body /opt/stack/neutron/neutron/api/v2/base.py:727}}
Jul 14 01:30:05.661439 np0000185071 devstack@neutron-api.service[102464]: DEBUG neutron.pecan_wsgi.hooks.quota_enforcement [None req-08c08182-c1c1-43ed-97c4-ff2381413aab demo demo] Made reservation on behalf of e3e01a9a3a3f48b3b8da7f2107733143 for: {'network': 1} {{(pid=102464) before /opt/stack/neutron/neutron/pecan_wsgi/hooks/quota_enforcement.py:66}}
Jul 14 01:30:05.667047 np0000185071 devstack@neutron-api.service[102464]: DEBUG neutron_lib.callbacks.manager [None req-08c08182-c1c1-43ed-97c4-ff2381413aab demo demo] Publish callbacks ['neutron.plugins.ml2.plugin.SecurityGroupDbMixin._ensure_default_security_group_handler-3152914'] for network (None), before_create {{(pid=102464) _notify_loop /opt/stack/data/venv/lib/python3.12/site-packages/neutron_lib/callbacks/manager.py:184}}
Jul 14 01:30:05.670904 np0000185071 devstack@neutron-api.service[102464]: DEBUG neutron_lib.callbacks.manager [None req-08c08182-c1c1-43ed-97c4-ff2381413aab demo demo] Publish callbacks [] for security_group (None), before_create {{(pid=102464) _notify_loop /opt/stack/data/venv/lib/python3.12/site-packages/neutron_lib/callbacks/manager.py:184}}
Jul 14 01:30:05.734741 np0000185071 devstack@neutron-api.service[102464]: DEBUG neutron_lib.callbacks.manager [None req-08c08182-c1c1-43ed-97c4-ff2381413aab demo demo] Publish callbacks ['neutron.plugins.ml2.drivers.ovn.mech_driver.mech_driver.OVNMechanismDriver._create_security_group_precommit-449299'] for security_group (d627f0a8-dc95-4eaf-8350-bfec1a436531), precommit_create {{(pid=102464) _notify_loop /opt/stack/data/venv/lib/python3.12/site-packages/neutron_lib/callbacks/manager.py:184}}
Jul 14 01:30:05.734926 np0000185071 devstack@neutron-api.service[102464]: DEBUG neutron.db.ovn_revision_numbers_db [None req-08c08182-c1c1-43ed-97c4-ff2381413aab demo demo] create_initial_revision uuid=d627f0a8-dc95-4eaf-8350-bfec1a436531, type=security_groups, rev=-1 {{(pid=102464) create_initial_revision /opt/stack/neutron/neutron/db/ovn_revision_numbers_db.py:98}}
Jul 14 01:30:05.736212 np0000185071 devstack@neutron-api.service[102464]: DEBUG neutron.db.ovn_revision_numbers_db [None req-08c08182-c1c1-43ed-97c4-ff2381413aab demo demo] create_initial_revision uuid=160439e0-e686-404c-9ad8-225b9c682c2e, type=security_group_rules, rev=-1 {{(pid=102464) create_initial_revision /opt/stack/neutron/neutron/db/ovn_revision_numbers_db.py:98}}
Jul 14 01:30:05.737327 np0000185071 devstack@neutron-api.service[102464]: DEBUG neutron.db.ovn_revision_numbers_db [None req-08c08182-c1c1-43ed-97c4-ff2381413aab demo demo] create_initial_revision uuid=4a50b64d-309a-4983-b166-7579bb1985c0, type=security_group_rules, rev=-1 {{(pid=102464) create_initial_revision /opt/stack/neutron/neutron/db/ovn_revision_numbers_db.py:98}}
Jul 14 01:30:05.738444 np0000185071 devstack@neutron-api.service[102464]: DEBUG neutron.db.ovn_revision_numbers_db [None req-08c08182-c1c1-43ed-97c4-ff2381413aab demo demo] create_initial_revision uuid=5c51e94b-c2b3-4d55-8f94-54751eae8287, type=security_group_rules, rev=-1 {{(pid=102464) create_initial_revision /opt/stack/neutron/neutron/db/ovn_revision_numbers_db.py:98}}
Jul 14 01:30:05.739601 np0000185071 devstack@neutron-api.service[102464]: DEBUG neutron.db.ovn_revision_numbers_db [None req-08c08182-c1c1-43ed-97c4-ff2381413aab demo demo] create_initial_revision uuid=b9fff9e4-8553-48f6-b60d-e744c556fc2a, type=security_group_rules, rev=-1 {{(pid=102464) create_initial_revision /opt/stack/neutron/neutron/db/ovn_revision_numbers_db.py:98}}
Jul 14 01:30:05.745949 np0000185071 devstack@neutron-api.service[102464]: DEBUG neutron_lib.callbacks.manager [None req-08c08182-c1c1-43ed-97c4-ff2381413aab demo demo] Publish callbacks ['neutron.plugins.ml2.drivers.ovn.mech_driver.mech_driver.OVNMechanismDriver._create_security_group-449305', 'neutron.plugins.ml2.ovo_rpc._ObjectChangeHandler.handle_event-6919638'] for security_group (d627f0a8-dc95-4eaf-8350-bfec1a436531), after_create {{(pid=102464) _notify_loop /opt/stack/data/venv/lib/python3.12/site-packages/neutron_lib/callbacks/manager.py:184}}
Jul 14 01:30:05.747188 np0000185071 devstack@neutron-api.service[102464]: DEBUG ovsdbapp.backend.ovs_idl.transaction [None req-1c885c39-f427-4b62-9670-9f1cdaf2fc4f None None] Running txn n=1 command(idx=0): PgAddCommand(_result=None, name=pg_d627f0a8_dc95_4eaf_8350_bfec1a436531, may_exist=False, columns={'acls': [], 'external_ids': {'neutron:security_group_id': 'd627f0a8-dc95-4eaf-8350-bfec1a436531'}}) {{(pid=102464) do_commit /opt/stack/data/venv/lib/python3.12/site-packages/ovsdbapp/backend/ovs_idl/transaction.py:89}}
Jul 14 01:30:05.747647 np0000185071 devstack@neutron-api.service[102464]: DEBUG ovsdbapp.backend.ovs_idl.transaction [None req-1c885c39-f427-4b62-9670-9f1cdaf2fc4f None None] Running txn n=1 command(idx=1): PgAclAddCommand(_result=None, entity=pg_d627f0a8_dc95_4eaf_8350_bfec1a436531, direction=from-lport, priority=1002, match=inport == @pg_d627f0a8_dc95_4eaf_8350_bfec1a436531 && ip6, action=allow-related, log=False, may_exist=True, severity=[], name=[], meter=[], external_ids={'neutron:security_group_rule_id': '160439e0-e686-404c-9ad8-225b9c682c2e'}) {{(pid=102464) do_commit /opt/stack/data/venv/lib/python3.12/site-packages/ovsdbapp/backend/ovs_idl/transaction.py:89}}
Jul 14 01:30:05.748117 np0000185071 devstack@neutron-api.service[102464]: DEBUG ovsdbapp.backend.ovs_idl.transaction [None req-1c885c39-f427-4b62-9670-9f1cdaf2fc4f None None] Running txn n=1 command(idx=2): PgAclAddCommand(_result=None, entity=pg_d627f0a8_dc95_4eaf_8350_bfec1a436531, direction=to-lport, priority=1002, match=outport == @pg_d627f0a8_dc95_4eaf_8350_bfec1a436531 && ip6 && ip6.src == $pg_d627f0a8_dc95_4eaf_8350_bfec1a436531_ip6, action=allow-related, log=False, may_exist=True, severity=[], name=[], meter=[], external_ids={'neutron:security_group_rule_id': '4a50b64d-309a-4983-b166-7579bb1985c0'}) {{(pid=102464) do_commit /opt/stack/data/venv/lib/python3.12/site-packages/ovsdbapp/backend/ovs_idl/transaction.py:89}}
Jul 14 01:30:05.748452 np0000185071 devstack@neutron-api.service[102464]: DEBUG ovsdbapp.backend.ovs_idl.transaction [None req-1c885c39-f427-4b62-9670-9f1cdaf2fc4f None None] Running txn n=1 command(idx=3): PgAclAddCommand(_result=None, entity=pg_d627f0a8_dc95_4eaf_8350_bfec1a436531, direction=from-lport, priority=1002, match=inport == @pg_d627f0a8_dc95_4eaf_8350_bfec1a436531 && ip4, action=allow-related, log=False, may_exist=True, severity=[], name=[], meter=[], external_ids={'neutron:security_group_rule_id': '5c51e94b-c2b3-4d55-8f94-54751eae8287'}) {{(pid=102464) do_commit /opt/stack/data/venv/lib/python3.12/site-packages/ovsdbapp/backend/ovs_idl/transaction.py:89}}
Jul 14 01:30:05.748777 np0000185071 devstack@neutron-api.service[102464]: DEBUG ovsdbapp.backend.ovs_idl.transaction [None req-1c885c39-f427-4b62-9670-9f1cdaf2fc4f None None] Running txn n=1 command(idx=4): PgAclAddCommand(_result=None, entity=pg_d627f0a8_dc95_4eaf_8350_bfec1a436531, direction=to-lport, priority=1002, match=outport == @pg_d627f0a8_dc95_4eaf_8350_bfec1a436531 && ip4 && ip4.src == $pg_d627f0a8_dc95_4eaf_8350_bfec1a436531_ip4, action=allow-related, log=False, may_exist=True, severity=[], name=[], meter=[], external_ids={'neutron:security_group_rule_id': 'b9fff9e4-8553-48f6-b60d-e744c556fc2a'}) {{(pid=102464) do_commit /opt/stack/data/venv/lib/python3.12/site-packages/ovsdbapp/backend/ovs_idl/transaction.py:89}}
Jul 14 01:30:05.761768 np0000185071 devstack@neutron-api.service[102464]: DEBUG neutron.plugins.ml2.drivers.ovn.mech_driver.ovsdb.ovsdb_monitor [None req-1c885c39-f427-4b62-9670-9f1cdaf2fc4f None None] Touching Hash Ring node "9c3037497bc35c70bfe9dd2e36452abb" from IDL notify handler {{(pid=102464) notify /opt/stack/neutron/neutron/plugins/ml2/drivers/ovn/mech_driver/ovsdb/ovsdb_monitor.py:1023}}
Jul 14 01:30:05.762370 np0000185071 devstack@neutron-api.service[102463]: DEBUG neutron.plugins.ml2.drivers.ovn.mech_driver.ovsdb.ovsdb_monitor [None req-63f6b9e3-bbd4-4155-afb3-753acb15e533 None None] Touching Hash Ring node "cfb665b3f59b5c3a959ed2573961c7ad" from IDL notify handler {{(pid=102463) notify /opt/stack/neutron/neutron/plugins/ml2/drivers/ovn/mech_driver/ovsdb/ovsdb_monitor.py:1023}}
Jul 14 01:30:05.766449 np0000185071 devstack@neutron-api.service[102466]: DEBUG neutron.plugins.ml2.drivers.ovn.mech_driver.ovsdb.ovsdb_monitor [None req-48ed508c-639f-47ee-9b10-6d01bbdf08cc None None] Touching Hash Ring node "beb42dd6e9255547bac1da2de1eddeb8" from IDL notify handler {{(pid=102466) notify /opt/stack/neutron/neutron/plugins/ml2/drivers/ovn/mech_driver/ovsdb/ovsdb_monitor.py:1023}}
Jul 14 01:30:05.771821 np0000185071 devstack@neutron-api.service[102464]: DEBUG neutron.plugins.ml2.drivers.ovn.mech_driver.ovsdb.ovsdb_monitor [None req-1c885c39-f427-4b62-9670-9f1cdaf2fc4f None None] Hash Ring: Node 9c3037497bc35c70bfe9dd2e36452abb (host: np0000185071) handling event "create" for row 33b6b9dd-9b8b-4088-9978-4305f74a70e3 (table: ACL) {{(pid=102464) notify /opt/stack/neutron/neutron/plugins/ml2/drivers/ovn/mech_driver/ovsdb/ovsdb_monitor.py:1031}}
Jul 14 01:30:05.773315 np0000185071 devstack@neutron-api.service[102463]: DEBUG neutron.plugins.ml2.drivers.ovn.mech_driver.ovsdb.ovsdb_monitor [None req-63f6b9e3-bbd4-4155-afb3-753acb15e533 None None] Hash Ring: Node cfb665b3f59b5c3a959ed2573961c7ad (host: np0000185071) handling event "create" for row 1df5cfd8-c7ad-4e83-9268-86125bce6122 (table: ACL) {{(pid=102463) notify /opt/stack/neutron/neutron/plugins/ml2/drivers/ovn/mech_driver/ovsdb/ovsdb_monitor.py:1031}}
Jul 14 01:30:05.774005 np0000185071 devstack@neutron-api.service[102466]: DEBUG neutron.plugins.ml2.drivers.ovn.mech_driver.ovsdb.ovsdb_monitor [None req-48ed508c-639f-47ee-9b10-6d01bbdf08cc None None] Hash Ring: Node beb42dd6e9255547bac1da2de1eddeb8 (host: np0000185071) handling event "create" for row 01257716-73b4-4e8f-85d4-fc1911e3c1be (table: ACL) {{(pid=102466) notify /opt/stack/neutron/neutron/plugins/ml2/drivers/ovn/mech_driver/ovsdb/ovsdb_monitor.py:1031}}
Jul 14 01:30:05.777099 np0000185071 devstack@neutron-api.service[102466]: DEBUG neutron.plugins.ml2.drivers.ovn.mech_driver.ovsdb.ovsdb_monitor [None req-48ed508c-639f-47ee-9b10-6d01bbdf08cc None None] Touching Hash Ring node "beb42dd6e9255547bac1da2de1eddeb8" from IDL notify handler {{(pid=102466) notify /opt/stack/neutron/neutron/plugins/ml2/drivers/ovn/mech_driver/ovsdb/ovsdb_monitor.py:1023}}
Jul 14 01:30:05.783645 np0000185071 devstack@neutron-api.service[102466]: DEBUG neutron.plugins.ml2.drivers.ovn.mech_driver.ovsdb.ovsdb_monitor [None req-48ed508c-639f-47ee-9b10-6d01bbdf08cc None None] Hash Ring: Node beb42dd6e9255547bac1da2de1eddeb8 (host: np0000185071) handling event "create" for row c7689d59-c4f3-4440-adc7-c03c27880149 (table: ACL) {{(pid=102466) notify /opt/stack/neutron/neutron/plugins/ml2/drivers/ovn/mech_driver/ovsdb/ovsdb_monitor.py:1031}}
Jul 14 01:30:05.783645 np0000185071 devstack@neutron-api.service[102466]: DEBUG neutron.plugins.ml2.drivers.ovn.mech_driver.ovsdb.ovsdb_monitor [None req-48ed508c-639f-47ee-9b10-6d01bbdf08cc None None] Touching Hash Ring node "beb42dd6e9255547bac1da2de1eddeb8" from IDL notify handler {{(pid=102466) notify /opt/stack/neutron/neutron/plugins/ml2/drivers/ovn/mech_driver/ovsdb/ovsdb_monitor.py:1023}}
Jul 14 01:30:05.786522 np0000185071 devstack@neutron-api.service[102466]: DEBUG neutron.plugins.ml2.drivers.ovn.mech_driver.ovsdb.ovsdb_monitor [None req-48ed508c-639f-47ee-9b10-6d01bbdf08cc None None] Hash Ring: Node beb42dd6e9255547bac1da2de1eddeb8 (host: np0000185071) handling event "create" for row c777390f-1e47-49c9-97ad-2dfdc6bb61bb (table: Port_Group) {{(pid=102466) notify /opt/stack/neutron/neutron/plugins/ml2/drivers/ovn/mech_driver/ovsdb/ovsdb_monitor.py:1031}}
Jul 14 01:30:05.796782 np0000185071 devstack@neutron-api.service[102464]: INFO neutron.db.ovn_revision_numbers_db [None req-08c08182-c1c1-43ed-97c4-ff2381413aab demo demo] Successfully bumped revision number for resource d627f0a8-dc95-4eaf-8350-bfec1a436531 (type: security_groups) to 1
Jul 14 01:30:05.814399 np0000185071 devstack@neutron-api.service[102464]: INFO neutron.db.ovn_revision_numbers_db [None req-08c08182-c1c1-43ed-97c4-ff2381413aab demo demo] Successfully bumped revision number for resource 160439e0-e686-404c-9ad8-225b9c682c2e (type: security_group_rules) to 0
Jul 14 01:30:05.829714 np0000185071 devstack@neutron-api.service[102464]: INFO neutron.db.ovn_revision_numbers_db [None req-08c08182-c1c1-43ed-97c4-ff2381413aab demo demo] Successfully bumped revision number for resource 4a50b64d-309a-4983-b166-7579bb1985c0 (type: security_group_rules) to 0
Jul 14 01:30:05.842152 np0000185071 devstack@neutron-api.service[102464]: INFO neutron.db.ovn_revision_numbers_db [None req-08c08182-c1c1-43ed-97c4-ff2381413aab demo demo] Successfully bumped revision number for resource 5c51e94b-c2b3-4d55-8f94-54751eae8287 (type: security_group_rules) to 0
Jul 14 01:30:05.854789 np0000185071 devstack@neutron-api.service[102464]: INFO neutron.db.ovn_revision_numbers_db [None req-08c08182-c1c1-43ed-97c4-ff2381413aab demo demo] Successfully bumped revision number for resource b9fff9e4-8553-48f6-b60d-e744c556fc2a (type: security_group_rules) to 0
Jul 14 01:30:05.889193 np0000185071 devstack@neutron-api.service[102464]: DEBUG neutron.api.rpc.handlers.resources_rpc [None req-08c08182-c1c1-43ed-97c4-ff2381413aab demo demo] Pushing event updated for resources: {'SecurityGroup': ['ID=d627f0a8-dc95-4eaf-8350-bfec1a436531,revision_number=1']} {{(pid=102464) push /opt/stack/neutron/neutron/api/rpc/handlers/resources_rpc.py:237}}
Jul 14 01:30:05.931338 np0000185071 devstack@neutron-api.service[102464]: DEBUG neutron.plugins.ml2.drivers.helpers [None req-08c08182-c1c1-43ed-97c4-ff2381413aab demo demo] geneve segment allocate from pool success with {'geneve_vni': 39216} {{(pid=102464) allocate_partially_specified_segment /opt/stack/neutron/neutron/plugins/ml2/drivers/helpers.py:142}}
Jul 14 01:30:05.938328 np0000185071 devstack@neutron-api.service[102464]: DEBUG neutron_lib.callbacks.manager [None req-08c08182-c1c1-43ed-97c4-ff2381413aab demo demo] Publish callbacks ['neutron.services.segments.db._add_segment_host_mapping_for_segment-8480225748842', 'neutron.plugins.ml2.plugin.Ml2Plugin._handle_segment_change-3946826'] for segment (6d177319-ee88-44bb-8ae7-0ae0b7b389f9), precommit_create {{(pid=102464) _notify_loop /opt/stack/data/venv/lib/python3.12/site-packages/neutron_lib/callbacks/manager.py:184}}
Jul 14 01:30:05.938447 np0000185071 devstack@neutron-api.service[102464]: INFO neutron.db.segments_db [None req-08c08182-c1c1-43ed-97c4-ff2381413aab demo demo] Added segment 6d177319-ee88-44bb-8ae7-0ae0b7b389f9 of type geneve for network 0bb4b524-c89f-471f-a164-a0ff825d1d2a
Jul 14 01:30:05.948825 np0000185071 devstack@neutron-api.service[102464]: DEBUG neutron_lib.callbacks.manager [None req-08c08182-c1c1-43ed-97c4-ff2381413aab demo demo] Publish callbacks ['neutron.services.auto_allocate.db._ensure_external_network_default_value_callback-8480224405908'] for network (0bb4b524-c89f-471f-a164-a0ff825d1d2a), precommit_create {{(pid=102464) _notify_loop /opt/stack/data/venv/lib/python3.12/site-packages/neutron_lib/callbacks/manager.py:184}}
Jul 14 01:30:05.957294 np0000185071 devstack@neutron-api.service[102464]: DEBUG neutron.plugins.ml2.drivers.ovn.mech_driver.mech_driver [None req-08c08182-c1c1-43ed-97c4-ff2381413aab demo demo] Validating network segment with type geneve, segmentation ID 39216, physical network None {{(pid=102464) _validate_network_segments /opt/stack/neutron/neutron/plugins/ml2/drivers/ovn/mech_driver/mech_driver.py:646}}
Jul 14 01:30:05.957433 np0000185071 devstack@neutron-api.service[102464]: DEBUG neutron.db.ovn_revision_numbers_db [None req-08c08182-c1c1-43ed-97c4-ff2381413aab demo demo] create_initial_revision uuid=0bb4b524-c89f-471f-a164-a0ff825d1d2a, type=networks, rev=-1 {{(pid=102464) create_initial_revision /opt/stack/neutron/neutron/db/ovn_revision_numbers_db.py:98}}
Jul 14 01:30:05.965394 np0000185071 devstack@neutron-api.service[102464]: DEBUG neutron_lib.callbacks.manager [None req-08c08182-c1c1-43ed-97c4-ff2381413aab demo demo] Publish callbacks ['neutron.plugins.ml2.ovo_rpc._ObjectChangeHandler.handle_event-6919642'] for network (0bb4b524-c89f-471f-a164-a0ff825d1d2a), after_create {{(pid=102464) _notify_loop /opt/stack/data/venv/lib/python3.12/site-packages/neutron_lib/callbacks/manager.py:184}}
Jul 14 01:30:06.002521 np0000185071 devstack@neutron-api.service[102464]: DEBUG neutron.api.rpc.handlers.resources_rpc [None req-08c08182-c1c1-43ed-97c4-ff2381413aab demo demo] Pushing event updated for resources: {'Network': ['ID=0bb4b524-c89f-471f-a164-a0ff825d1d2a,revision_number=1']} {{(pid=102464) push /opt/stack/neutron/neutron/api/rpc/handlers/resources_rpc.py:237}}
Jul 14 01:30:06.010064 np0000185071 devstack@neutron-api.service[102464]: DEBUG ovsdbapp.backend.ovs_idl.transaction [None req-1c885c39-f427-4b62-9670-9f1cdaf2fc4f None None] Running txn n=1 command(idx=0): AddNetworkCommand(_result=None, network_uuid=0bb4b524-c89f-471f-a164-a0ff825d1d2a, may_exist=True, columns={'external_ids': {'neutron:network_name': 'k8s-clusterapi-cluster-magnum-system-kube-sxcw4', 'neutron:mtu': '1372', 'neutron:revision_number': '1', 'neutron:availability_zone_hints': '', 'neutron:provnet-network-type': 'geneve'}, 'other_config': {'mcast_snoop': 'false', 'mcast_flood_unregistered': 'false', 'vlan-passthru': 'false'}}) {{(pid=102464) do_commit /opt/stack/data/venv/lib/python3.12/site-packages/ovsdbapp/backend/ovs_idl/transaction.py:89}}
Jul 14 01:30:06.022218 np0000185071 devstack@neutron-api.service[102465]: DEBUG neutron.plugins.ml2.drivers.ovn.mech_driver.ovsdb.ovsdb_monitor [None req-2d28a2dd-0487-48dd-aaa5-bb17b2272435 None None] Touching Hash Ring node "e36b5af089985e26a745f42e3b90e157" from IDL notify handler {{(pid=102465) notify /opt/stack/neutron/neutron/plugins/ml2/drivers/ovn/mech_driver/ovsdb/ovsdb_monitor.py:1023}}
Jul 14 01:30:06.025257 np0000185071 devstack@neutron-api.service[102463]: DEBUG neutron.plugins.ml2.drivers.ovn.mech_driver.ovsdb.ovsdb_monitor [None req-6fb02c6f-5ee4-4b62-a4fa-bc8e44281ed0 None None] Touching Hash Ring node "cfb665b3f59b5c3a959ed2573961c7ad" from IDL notify handler {{(pid=102463) notify /opt/stack/neutron/neutron/plugins/ml2/drivers/ovn/mech_driver/ovsdb/ovsdb_monitor.py:1023}}
Jul 14 01:30:06.027738 np0000185071 devstack@neutron-api.service[102463]: DEBUG neutron.plugins.ml2.drivers.ovn.mech_driver.ovsdb.ovsdb_monitor [None req-6fb02c6f-5ee4-4b62-a4fa-bc8e44281ed0 None None] Hash Ring: Node cfb665b3f59b5c3a959ed2573961c7ad (host: np0000185071) handling event "create" for row 89328c16-f74d-405b-af06-d0d493483493 (table: Datapath_Binding) {{(pid=102463) notify /opt/stack/neutron/neutron/plugins/ml2/drivers/ovn/mech_driver/ovsdb/ovsdb_monitor.py:1031}}
Jul 14 01:30:06.031257 np0000185071 devstack@neutron-api.service[102465]: DEBUG neutron.plugins.ml2.drivers.ovn.mech_driver.ovsdb.ovsdb_monitor [None req-2d28a2dd-0487-48dd-aaa5-bb17b2272435 None None] Hash Ring: Node e36b5af089985e26a745f42e3b90e157 (host: np0000185071) handling event "create" for row 0bb4b524-c89f-471f-a164-a0ff825d1d2a (table: Logical_Switch) {{(pid=102465) notify /opt/stack/neutron/neutron/plugins/ml2/drivers/ovn/mech_driver/ovsdb/ovsdb_monitor.py:1031}}
Jul 14 01:30:06.039691 np0000185071 devstack@neutron-api.service[102464]: INFO neutron.db.ovn_revision_numbers_db [None req-08c08182-c1c1-43ed-97c4-ff2381413aab demo demo] Successfully bumped revision number for resource 0bb4b524-c89f-471f-a164-a0ff825d1d2a (type: networks) to 1
Jul 14 01:30:06.092361 np0000185071 devstack@neutron-api.service[102464]: DEBUG neutron_lib.callbacks.manager [None req-08c08182-c1c1-43ed-97c4-ff2381413aab demo demo] Publish callbacks ['neutron.plugins.ml2.plugin.SecurityGroupDbMixin._ensure_default_security_group_handler-3152914'] for port (None), before_create {{(pid=102464) _notify_loop /opt/stack/data/venv/lib/python3.12/site-packages/neutron_lib/callbacks/manager.py:184}}
Jul 14 01:30:06.209360 np0000185071 devstack@neutron-api.service[102464]: DEBUG neutron_lib.callbacks.manager [None req-08c08182-c1c1-43ed-97c4-ff2381413aab demo demo] Publish callbacks ['neutron.plugins.ml2.drivers.ovn.mech_driver.mech_driver.OVNMechanismDriver._validate_allowed_address_pairs-449515'] for allowed_address_pair (43c82d09-6f86-4e01-b1ee-543569069a11), before_create {{(pid=102464) _notify_loop /opt/stack/data/venv/lib/python3.12/site-packages/neutron_lib/callbacks/manager.py:184}}
Jul 14 01:30:06.210016 np0000185071 devstack@neutron-api.service[102464]: DEBUG neutron_lib.callbacks.manager [None req-08c08182-c1c1-43ed-97c4-ff2381413aab demo demo] Publish callbacks [] for port (43c82d09-6f86-4e01-b1ee-543569069a11), precommit_create {{(pid=102464) _notify_loop /opt/stack/data/venv/lib/python3.12/site-packages/neutron_lib/callbacks/manager.py:184}}
Jul 14 01:30:06.210210 np0000185071 devstack@neutron-api.service[102464]: DEBUG neutron.plugins.ml2.drivers.ovn.mech_driver.mech_driver [None req-08c08182-c1c1-43ed-97c4-ff2381413aab demo demo] No provisioning block for port 43c82d09-6f86-4e01-b1ee-543569069a11 since it does not have a host {{(pid=102464) _is_port_provisioning_required /opt/stack/neutron/neutron/plugins/ml2/drivers/ovn/mech_driver/mech_driver.py:899}}
Jul 14 01:30:06.210353 np0000185071 devstack@neutron-api.service[102464]: DEBUG neutron.db.ovn_revision_numbers_db [None req-08c08182-c1c1-43ed-97c4-ff2381413aab demo demo] create_initial_revision uuid=43c82d09-6f86-4e01-b1ee-543569069a11, type=ports, rev=-1 {{(pid=102464) create_initial_revision /opt/stack/neutron/neutron/db/ovn_revision_numbers_db.py:98}}
Jul 14 01:30:06.248094 np0000185071 devstack@neutron-api.service[102464]: DEBUG neutron_lib.callbacks.manager [None req-08c08182-c1c1-43ed-97c4-ff2381413aab demo demo] Publish callbacks ['neutron.plugins.ml2.ovo_rpc._ObjectChangeHandler.handle_event-86575'] for port (43c82d09-6f86-4e01-b1ee-543569069a11), after_create {{(pid=102464) _notify_loop /opt/stack/data/venv/lib/python3.12/site-packages/neutron_lib/callbacks/manager.py:184}}
Jul 14 01:30:06.562035 np0000185071 devstack@neutron-api.service[102464]: DEBUG neutron.api.rpc.handlers.resources_rpc [None req-08c08182-c1c1-43ed-97c4-ff2381413aab demo demo] Pushing event updated for resources: {'Port': ['ID=43c82d09-6f86-4e01-b1ee-543569069a11,revision_number=1']} {{(pid=102464) push /opt/stack/neutron/neutron/api/rpc/handlers/resources_rpc.py:237}}
Jul 14 01:30:06.573794 np0000185071 devstack@neutron-api.service[102464]: DEBUG neutron.plugins.ml2.drivers.ovn.mech_driver.ovsdb.commands [None req-08c08182-c1c1-43ed-97c4-ff2381413aab demo demo] Converting tag [] to a tag_request {{(pid=102464) _tag_column_to_tag_request /opt/stack/neutron/neutron/plugins/ml2/drivers/ovn/mech_driver/ovsdb/commands.py:205}}
Jul 14 01:30:06.575223 np0000185071 devstack@neutron-api.service[102464]: DEBUG ovsdbapp.backend.ovs_idl.transaction [None req-1c885c39-f427-4b62-9670-9f1cdaf2fc4f None None] Running txn n=1 command(idx=0): AddLSwitchPortCommand(_result=None, lport=43c82d09-6f86-4e01-b1ee-543569069a11, lswitch=neutron-0bb4b524-c89f-471f-a164-a0ff825d1d2a, may_exist=True, network_uuid=0bb4b524-c89f-471f-a164-a0ff825d1d2a, columns={'addresses': ['fa:16:3e:12:2d:08'], 'external_ids': {'neutron:port_name': '', 'neutron:device_id': 'ovnmeta-0bb4b524-c89f-471f-a164-a0ff825d1d2a', 'neutron:project_id': 'e3e01a9a3a3f48b3b8da7f2107733143', 'neutron:cidrs': '', 'neutron:device_owner': 'network:distributed', 'neutron:subnet_pool_addr_scope4': '', 'neutron:subnet_pool_addr_scope6': '', 'neutron:network_name': 'neutron-0bb4b524-c89f-471f-a164-a0ff825d1d2a', 'neutron:security_group_ids': '', 'neutron:revision_number': '1', 'neutron:vnic_type': 'normal', 'neutron:port_capabilities': '', 'neutron:mtu': '1372'}, 'parent_name': [], 'enabled': True, 'options': {}, 'type': 'localport', 'port_security': [], 'dhcpv4_options': [], 'dhcpv6_options': [], 'tag_request': []}) {{(pid=102464) do_commit /opt/stack/data/venv/lib/python3.12/site-packages/ovsdbapp/backend/ovs_idl/transaction.py:89}}
Jul 14 01:30:06.576135 np0000185071 devstack@neutron-api.service[102464]: DEBUG ovsdbapp.backend.ovs_idl.transaction [None req-1c885c39-f427-4b62-9670-9f1cdaf2fc4f None None] Running txn n=1 command(idx=1): QoSDelCommand(_result=None, switch=neutron-0bb4b524-c89f-471f-a164-a0ff825d1d2a, conditions=[('direction', '=', 'to-lport'), ('priority', '=', 2002), ('match', '=', 'outport == "43c82d09-6f86-4e01-b1ee-543569069a11"')], if_exists=True) {{(pid=102464) do_commit /opt/stack/data/venv/lib/python3.12/site-packages/ovsdbapp/backend/ovs_idl/transaction.py:89}}
Jul 14 01:30:06.576510 np0000185071 devstack@neutron-api.service[102464]: DEBUG ovsdbapp.backend.ovs_idl.transaction [None req-1c885c39-f427-4b62-9670-9f1cdaf2fc4f None None] Running txn n=1 command(idx=2): QoSDelCommand(_result=None, switch=neutron-0bb4b524-c89f-471f-a164-a0ff825d1d2a, conditions=[('direction', '=', 'from-lport'), ('priority', '=', 2002), ('match', '=', 'inport == "43c82d09-6f86-4e01-b1ee-543569069a11"')], if_exists=True) {{(pid=102464) do_commit /opt/stack/data/venv/lib/python3.12/site-packages/ovsdbapp/backend/ovs_idl/transaction.py:89}}
Jul 14 01:30:06.587733 np0000185071 devstack@neutron-api.service[102464]: DEBUG neutron.plugins.ml2.drivers.ovn.mech_driver.ovsdb.ovsdb_monitor [None req-1c885c39-f427-4b62-9670-9f1cdaf2fc4f None None] Touching Hash Ring node "9c3037497bc35c70bfe9dd2e36452abb" from IDL notify handler {{(pid=102464) notify /opt/stack/neutron/neutron/plugins/ml2/drivers/ovn/mech_driver/ovsdb/ovsdb_monitor.py:1023}}
Jul 14 01:30:06.589914 np0000185071 devstack@neutron-api.service[102465]: DEBUG neutron.plugins.ml2.drivers.ovn.mech_driver.ovsdb.ovsdb_monitor [None req-2d28a2dd-0487-48dd-aaa5-bb17b2272435 None None] Touching Hash Ring node "e36b5af089985e26a745f42e3b90e157" from IDL notify handler {{(pid=102465) notify /opt/stack/neutron/neutron/plugins/ml2/drivers/ovn/mech_driver/ovsdb/ovsdb_monitor.py:1023}}
Jul 14 01:30:06.594026 np0000185071 devstack@neutron-api.service[102466]: DEBUG neutron.plugins.ml2.drivers.ovn.mech_driver.ovsdb.ovsdb_monitor [None req-49e10d53-0027-4989-867d-34a97eb21f33 None None] Touching Hash Ring node "beb42dd6e9255547bac1da2de1eddeb8" from IDL notify handler {{(pid=102466) notify /opt/stack/neutron/neutron/plugins/ml2/drivers/ovn/mech_driver/ovsdb/ovsdb_monitor.py:1023}}
Jul 14 01:30:06.598076 np0000185071 devstack@neutron-api.service[102464]: DEBUG neutron.plugins.ml2.drivers.ovn.mech_driver.ovsdb.ovsdb_monitor [None req-1c885c39-f427-4b62-9670-9f1cdaf2fc4f None None] Hash Ring: Node 9c3037497bc35c70bfe9dd2e36452abb (host: np0000185071) handling event "create" for row 520998b3-3719-4d7d-9683-44977f4c1147 (table: Logical_Switch_Port) {{(pid=102464) notify /opt/stack/neutron/neutron/plugins/ml2/drivers/ovn/mech_driver/ovsdb/ovsdb_monitor.py:1031}}
Jul 14 01:30:06.599386 np0000185071 devstack@neutron-api.service[102465]: DEBUG neutron.plugins.ml2.drivers.ovn.mech_driver.ovsdb.ovsdb_monitor [None req-2d28a2dd-0487-48dd-aaa5-bb17b2272435 None None] Hash Ring: Node e36b5af089985e26a745f42e3b90e157 (host: np0000185071) handling event "update" for row 0bb4b524-c89f-471f-a164-a0ff825d1d2a (table: Logical_Switch) {{(pid=102465) notify /opt/stack/neutron/neutron/plugins/ml2/drivers/ovn/mech_driver/ovsdb/ovsdb_monitor.py:1031}}
Jul 14 01:30:06.599715 np0000185071 devstack@neutron-api.service[102464]: DEBUG ovsdbapp.backend.ovs_idl.event [None req-1c885c39-f427-4b62-9670-9f1cdaf2fc4f None None] Matched CREATE: LogicalSwitchPortCreateEvent(events=('create',), table='Logical_Switch_Port', conditions=[], old_conditions=None), priority=20 to row=Logical_Switch_Port(uuid=520998b3-3719-4d7d-9683-44977f4c1147, addresses=['fa:16:3e:12:2d:08'], dhcpv4_options=[], dhcpv6_options=[], dynamic_addresses=[], enabled=True, external_ids={'neutron:cidrs': '', 'neutron:device_id': 'ovnmeta-0bb4b524-c89f-471f-a164-a0ff825d1d2a', 'neutron:device_owner': 'network:distributed', 'neutron:mtu': '1372', 'neutron:network_name': 'neutron-0bb4b524-c89f-471f-a164-a0ff825d1d2a', 'neutron:port_capabilities': '', 'neutron:port_name': '', 'neutron:project_id': 'e3e01a9a3a3f48b3b8da7f2107733143', 'neutron:revision_number': '1', 'neutron:security_group_ids': '', 'neutron:subnet_pool_addr_scope4': '', 'neutron:subnet_pool_addr_scope6': '', 'neutron:vnic_type': 'normal'}, ha_chassis_group=[], mirror_rules=[], name='43c82d09-6f86-4e01-b1ee-543569069a11', options={}, parent_name=[], port_security=[], tag=[], tag_request=[], type='localport', up=[]) old= {{(pid=102464) matches /opt/stack/data/venv/lib/python3.12/site-packages/ovsdbapp/backend/ovs_idl/event.py:55}}
Jul 14 01:30:06.600102 np0000185071 devstack@neutron-api.service[102466]: DEBUG neutron.plugins.ml2.drivers.ovn.mech_driver.ovsdb.ovsdb_monitor [None req-49e10d53-0027-4989-867d-34a97eb21f33 None None] Hash Ring: Node beb42dd6e9255547bac1da2de1eddeb8 (host: np0000185071) handling event "create" for row 95b35084-ec7f-404a-934a-21c7e98a1b83 (table: Port_Binding) {{(pid=102466) notify /opt/stack/neutron/neutron/plugins/ml2/drivers/ovn/mech_driver/ovsdb/ovsdb_monitor.py:1031}}
Jul 14 01:30:06.600929 np0000185071 devstack@neutron-api.service[102464]: INFO neutron.plugins.ml2.drivers.ovn.mech_driver.mech_driver [None req-73ea2a6d-1f72-41ce-8ed6-78a0bc36e84e None None] OVN reports status down for port: 43c82d09-6f86-4e01-b1ee-543569069a11
Jul 14 01:30:06.602691 np0000185071 devstack@neutron-api.service[102464]: DEBUG neutron.plugins.ml2.drivers.ovn.mech_driver.ovsdb.ovsdb_monitor [None req-1c885c39-f427-4b62-9670-9f1cdaf2fc4f None None] Touching Hash Ring node "9c3037497bc35c70bfe9dd2e36452abb" from IDL notify handler {{(pid=102464) notify /opt/stack/neutron/neutron/plugins/ml2/drivers/ovn/mech_driver/ovsdb/ovsdb_monitor.py:1023}}
Jul 14 01:30:06.608079 np0000185071 devstack@neutron-api.service[102464]: DEBUG neutron.plugins.ml2.drivers.ovn.mech_driver.ovsdb.ovsdb_monitor [None req-1c885c39-f427-4b62-9670-9f1cdaf2fc4f None None] Hash Ring: Node 9c3037497bc35c70bfe9dd2e36452abb (host: np0000185071) handling event "update" for row 520998b3-3719-4d7d-9683-44977f4c1147 (table: Logical_Switch_Port) {{(pid=102464) notify /opt/stack/neutron/neutron/plugins/ml2/drivers/ovn/mech_driver/ovsdb/ovsdb_monitor.py:1031}}
Jul 14 01:30:06.678276 np0000185071 devstack@neutron-api.service[102464]: DEBUG neutron.db.provisioning_blocks [None req-73ea2a6d-1f72-41ce-8ed6-78a0bc36e84e None None] Transition to ACTIVE for port object 43c82d09-6f86-4e01-b1ee-543569069a11 will not be triggered until provisioned by entity L2. {{(pid=102464) add_provisioning_component /opt/stack/neutron/neutron/db/provisioning_blocks.py:74}}
Jul 14 01:30:06.679408 np0000185071 devstack@neutron-api.service[102464]: INFO neutron.db.ovn_revision_numbers_db [None req-08c08182-c1c1-43ed-97c4-ff2381413aab demo demo] Successfully bumped revision number for resource 43c82d09-6f86-4e01-b1ee-543569069a11 (type: ports) to 1
Jul 14 01:30:06.692148 np0000185071 devstack@neutron-api.service[102464]: DEBUG neutron.pecan_wsgi.hooks.policy_enforcement [None req-08c08182-c1c1-43ed-97c4-ff2381413aab demo demo] Attributes excluded by policy engine: ['standard_attr_id', 'provider:network_type', 'provider:physical_network', 'provider:segmentation_id'] {{(pid=102464) _exclude_attributes_by_policy /opt/stack/neutron/neutron/pecan_wsgi/hooks/policy_enforcement.py:259}}
Jul 14 01:30:06.692676 np0000185071 devstack@neutron-api.service[102464]: DEBUG neutron_lib.callbacks.manager [None req-08c08182-c1c1-43ed-97c4-ff2381413aab demo demo] Publish callbacks [] for network (None), before_response {{(pid=102464) _notify_loop /opt/stack/data/venv/lib/python3.12/site-packages/neutron_lib/callbacks/manager.py:184}}
Jul 14 01:30:06.697733 np0000185071 devstack@neutron-api.service[102463]: DEBUG futurist.periodics [-] Submitting periodic callback 'neutron.plugins.ml2.drivers.ovn.mech_driver.ovsdb.maintenance.HashRingHealthCheckPeriodics.touch_hash_ring_node' {{(pid=102463) _process_scheduled /opt/stack/data/venv/lib/python3.12/site-packages/futurist/periodics.py:784}}
Jul 14 01:30:06.699203 np0000185071 devstack@neutron-api.service[102463]: DEBUG neutron.plugins.ml2.drivers.ovn.mech_driver.ovsdb.maintenance [-] Touching Hash Ring node "cfb665b3f59b5c3a959ed2573961c7ad" from periodic health check thread {{(pid=102463) touch_hash_ring_node /opt/stack/neutron/neutron/plugins/ml2/drivers/ovn/mech_driver/ovsdb/maintenance.py:1417}}
Jul 14 01:30:06.722579 np0000185071 devstack@neutron-api.service[102464]: [pid: 102464|app: 0|req: 29/117] 199.204.45.156 () {68 vars in 1358 bytes} [Tue Jul 14 01:30:05 2026] POST /networking/v2.0/networks => generated 622 bytes in 1087 msecs (HTTP/1.1 201) 4 headers in 162 bytes (1 switches on core 0)
Jul 14 01:30:06.731274 np0000185071 devstack@neutron-api.service[102464]: DEBUG neutron.plugins.ml2.plugin [None req-73ea2a6d-1f72-41ce-8ed6-78a0bc36e84e None None] Current status of the port 43c82d09-6f86-4e01-b1ee-543569069a11 is: DOWN; New status is: DOWN {{(pid=102464) _update_individual_port_db_status /opt/stack/neutron/neutron/plugins/ml2/plugin.py:2473}}
