Mar 19 07:30:54.421983 np0000159929 systemd[1]: Starting devstack@n-api-meta.service - Devstack devstack@n-api-meta.service...
Mar 19 07:30:54.435507 np0000159929 devstack@n-api-meta.service[107068]: [uWSGI] getting INI configuration from /etc/nova/nova-metadata-uwsgi.ini
Mar 19 07:30:54.436116 np0000159929 devstack@n-api-meta.service[107068]: open("./http_plugin.so"): No such file or directory [core/utils.c line 3709]
Mar 19 07:30:54.436116 np0000159929 devstack@n-api-meta.service[107068]: !!! UNABLE to load uWSGI plugin: ./http_plugin.so: cannot open shared object file: No such file or directory !!!
Mar 19 07:30:54.436116 np0000159929 devstack@n-api-meta.service[107068]: open("./python3_plugin.so"): No such file or directory [core/utils.c line 3709]
Mar 19 07:30:54.436116 np0000159929 devstack@n-api-meta.service[107068]: !!! UNABLE to load uWSGI plugin: ./python3_plugin.so: cannot open shared object file: No such file or directory !!!
Mar 19 07:30:54.436116 np0000159929 devstack@n-api-meta.service[107068]: *** Starting uWSGI 2.0.31 (64bit) on [Thu Mar 19 07:30:54 2026] ***
Mar 19 07:30:54.436116 np0000159929 devstack@n-api-meta.service[107068]: compiled with version: 13.3.0 on 19 March 2026 07:21:10
Mar 19 07:30:54.436116 np0000159929 devstack@n-api-meta.service[107068]: os: Linux-6.8.0-106-generic #106-Ubuntu SMP PREEMPT_DYNAMIC Fri Mar 6 07:58:08 UTC 2026
Mar 19 07:30:54.436116 np0000159929 devstack@n-api-meta.service[107068]: nodename: np0000159929
Mar 19 07:30:54.436116 np0000159929 devstack@n-api-meta.service[107068]: machine: x86_64
Mar 19 07:30:54.436116 np0000159929 devstack@n-api-meta.service[107068]: clock source: unix
Mar 19 07:30:54.436116 np0000159929 devstack@n-api-meta.service[107068]: pcre jit disabled
Mar 19 07:30:54.436116 np0000159929 devstack@n-api-meta.service[107068]: detected number of CPU cores: 16
Mar 19 07:30:54.436116 np0000159929 devstack@n-api-meta.service[107068]: current working directory: /
Mar 19 07:30:54.436116 np0000159929 devstack@n-api-meta.service[107068]: detected binary path: /opt/stack/data/venv/bin/uwsgi
Mar 19 07:30:54.436116 np0000159929 devstack@n-api-meta.service[107068]: your processes number limit is 256917
Mar 19 07:30:54.436116 np0000159929 devstack@n-api-meta.service[107068]: your memory page size is 4096 bytes
Mar 19 07:30:54.436116 np0000159929 devstack@n-api-meta.service[107068]: detected max file descriptor number: 2048
Mar 19 07:30:54.436116 np0000159929 devstack@n-api-meta.service[107068]: lock engine: pthread robust mutexes
Mar 19 07:30:54.437006 np0000159929 devstack@n-api-meta.service[107068]: thunder lock: enabled
Mar 19 07:30:54.437006 np0000159929 devstack@n-api-meta.service[107068]: uWSGI http bound on 0.0.0.0:8775 fd 5
Mar 19 07:30:54.437006 np0000159929 devstack@n-api-meta.service[107068]: uwsgi socket 0 bound to TCP address 127.0.0.1:34381 (port auto-assigned) fd 4
Mar 19 07:30:54.437006 np0000159929 devstack@n-api-meta.service[107068]: Python version: 3.12.3 (main, Mar 3 2026, 12:15:18) [GCC 13.3.0]
Mar 19 07:30:54.437006 np0000159929 devstack@n-api-meta.service[107068]: PEP 405 virtualenv detected: /opt/stack/data/venv
Mar 19 07:30:54.437006 np0000159929 devstack@n-api-meta.service[107068]: Set PythonHome to /opt/stack/data/venv
Mar 19 07:30:54.475555 np0000159929 devstack@n-api-meta.service[107068]: Python main interpreter initialized at 0x74db1f6a3668
Mar 19 07:30:54.475555 np0000159929 devstack@n-api-meta.service[107068]: python threads support enabled
Mar 19 07:30:54.475555 np0000159929 devstack@n-api-meta.service[107068]: your server socket listen backlog is limited to 100 connections
Mar 19 07:30:54.475555 np0000159929 devstack@n-api-meta.service[107068]: your mercy for graceful operations on workers is 80 seconds
Mar 19 07:30:54.476139 np0000159929 devstack@n-api-meta.service[107068]: mapped 671795 bytes (656 KB) for 4 cores
Mar 19 07:30:54.476299 np0000159929 devstack@n-api-meta.service[107068]: *** Operational MODE: preforking ***
Mar 19 07:30:54.476556 np0000159929 devstack@n-api-meta.service[107068]: *** uWSGI is running in multiple interpreter mode ***
Mar 19 07:30:54.476556 np0000159929 devstack@n-api-meta.service[107068]: spawned uWSGI master process (pid: 107068)
Mar 19 07:30:54.476676 np0000159929 systemd[1]: Started devstack@n-api-meta.service - Devstack devstack@n-api-meta.service.
Mar 19 07:30:54.477461 np0000159929 devstack@n-api-meta.service[107068]: spawned uWSGI worker 1 (pid: 107069, cores: 1)
Mar 19 07:30:54.478018 np0000159929 devstack@n-api-meta.service[107068]: spawned uWSGI worker 2 (pid: 107070, cores: 1)
Mar 19 07:30:54.478625 np0000159929 devstack@n-api-meta.service[107068]: spawned uWSGI worker 3 (pid: 107071, cores: 1)
Mar 19 07:30:54.479158 np0000159929 devstack@n-api-meta.service[107068]: spawned uWSGI worker 4 (pid: 107072, cores: 1)
Mar 19 07:30:54.479758 np0000159929 devstack@n-api-meta.service[107068]: spawned uWSGI http 1 (pid: 107073)
Mar 19 07:30:54.479758 np0000159929 devstack@n-api-meta.service[107068]: running "unix_signal:15 gracefully_kill_them_all" (master-start)...
Mar 19 07:30:54.816036 np0000159929 devstack@n-api-meta.service[107069]: Service is starting with native threading. This is currently experimental. Do not use it in production without first testing it in pre-production.
Mar 19 07:30:54.825528 np0000159929 devstack@n-api-meta.service[107071]: Service is starting with native threading. This is currently experimental. Do not use it in production without first testing it in pre-production.
Mar 19 07:30:54.832003 np0000159929 devstack@n-api-meta.service[107072]: Service is starting with native threading. This is currently experimental. Do not use it in production without first testing it in pre-production.
Mar 19 07:30:54.847315 np0000159929 devstack@n-api-meta.service[107070]: Service is starting with native threading. This is currently experimental. Do not use it in production without first testing it in pre-production.
Mar 19 07:30:56.267289 np0000159929 devstack@n-api-meta.service[107069]: INFO dbcounter [None req-de8d5225-86ae-4100-a394-288663142c16 None None] Registered counter for database nova_api
Mar 19 07:30:56.280478 np0000159929 devstack@n-api-meta.service[107069]: DEBUG oslo_db.sqlalchemy.engines [None req-de8d5225-86ae-4100-a394-288663142c16 None None] MySQL server mode set to STRICT_TRANS_TABLES,STRICT_ALL_TABLES,NO_ZERO_IN_DATE,NO_ZERO_DATE,ERROR_FOR_DIVISION_BY_ZERO,TRADITIONAL,NO_ENGINE_SUBSTITUTION {{(pid=107069) _check_effective_sql_mode /opt/stack/data/venv/lib/python3.12/site-packages/oslo_db/sqlalchemy/engines.py:325}}
Mar 19 07:30:56.302602 np0000159929 devstack@n-api-meta.service[107071]: INFO dbcounter [None req-b6c41c36-a90e-426f-8ce0-ad56fa5750bf None None] Registered counter for database nova_api
Mar 19 07:30:56.313172 np0000159929 devstack@n-api-meta.service[107069]: DEBUG dbcounter [-] [107069] Writer thread running {{(pid=107069) stat_writer /opt/stack/data/venv/lib/python3.12/site-packages/dbcounter.py:102}}
Mar 19 07:30:56.315226 np0000159929 devstack@n-api-meta.service[107069]: DEBUG nova.context [None req-de8d5225-86ae-4100-a394-288663142c16 None None] Found 2 cells: 00000000-0000-0000-0000-000000000000(cell0),01de2506-70b7-4ff6-82e8-8dde4441043a(cell1) {{(pid=107069) load_cells /opt/stack/nova/nova/context.py:509}}
Mar 19 07:30:56.315450 np0000159929 devstack@n-api-meta.service[107069]: INFO nova.utils [None req-de8d5225-86ae-4100-a394-288663142c16 None None] The cell worker thread pool MainProcess.cell_worker is initialized
Mar 19 07:30:56.317026 np0000159929 devstack@n-api-meta.service[107071]: DEBUG oslo_db.sqlalchemy.engines [None req-b6c41c36-a90e-426f-8ce0-ad56fa5750bf None None] MySQL server mode set to STRICT_TRANS_TABLES,STRICT_ALL_TABLES,NO_ZERO_IN_DATE,NO_ZERO_DATE,ERROR_FOR_DIVISION_BY_ZERO,TRADITIONAL,NO_ENGINE_SUBSTITUTION {{(pid=107071) _check_effective_sql_mode /opt/stack/data/venv/lib/python3.12/site-packages/oslo_db/sqlalchemy/engines.py:325}}
Mar 19 07:30:56.317190 np0000159929 devstack@n-api-meta.service[107069]: DEBUG oslo_concurrency.lockutils [None req-de8d5225-86ae-4100-a394-288663142c16 None None] Acquiring lock "00000000-0000-0000-0000-000000000000" by "nova.context.set_target_cell..get_or_set_cached_cell_and_set_connections" {{(pid=107069) inner /opt/stack/data/venv/lib/python3.12/site-packages/oslo_concurrency/lockutils.py:506}}
Mar 19 07:30:56.317339 np0000159929 devstack@n-api-meta.service[107069]: DEBUG oslo_concurrency.lockutils [None req-de8d5225-86ae-4100-a394-288663142c16 None None] Lock "00000000-0000-0000-0000-000000000000" acquired by "nova.context.set_target_cell..get_or_set_cached_cell_and_set_connections" :: waited 0.000s {{(pid=107069) inner /opt/stack/data/venv/lib/python3.12/site-packages/oslo_concurrency/lockutils.py:519}}
Mar 19 07:30:56.317713 np0000159929 devstack@n-api-meta.service[107069]: DEBUG oslo_concurrency.lockutils [None req-de8d5225-86ae-4100-a394-288663142c16 None None] Lock "00000000-0000-0000-0000-000000000000" "released" by "nova.context.set_target_cell..get_or_set_cached_cell_and_set_connections" :: held 0.000s {{(pid=107069) inner /opt/stack/data/venv/lib/python3.12/site-packages/oslo_concurrency/lockutils.py:538}}
Mar 19 07:30:56.318659 np0000159929 devstack@n-api-meta.service[107069]: DEBUG oslo_concurrency.lockutils [None req-de8d5225-86ae-4100-a394-288663142c16 None None] Acquiring lock "01de2506-70b7-4ff6-82e8-8dde4441043a" by "nova.context.set_target_cell..get_or_set_cached_cell_and_set_connections" {{(pid=107069) inner /opt/stack/data/venv/lib/python3.12/site-packages/oslo_concurrency/lockutils.py:506}}
Mar 19 07:30:56.318823 np0000159929 devstack@n-api-meta.service[107069]: DEBUG oslo_concurrency.lockutils [None req-de8d5225-86ae-4100-a394-288663142c16 None None] Lock "01de2506-70b7-4ff6-82e8-8dde4441043a" acquired by "nova.context.set_target_cell..get_or_set_cached_cell_and_set_connections" :: waited 0.000s {{(pid=107069) inner /opt/stack/data/venv/lib/python3.12/site-packages/oslo_concurrency/lockutils.py:519}}
Mar 19 07:30:56.319954 np0000159929 devstack@n-api-meta.service[107069]: DEBUG oslo_concurrency.lockutils [None req-de8d5225-86ae-4100-a394-288663142c16 None None] Lock "01de2506-70b7-4ff6-82e8-8dde4441043a" "released" by "nova.context.set_target_cell..get_or_set_cached_cell_and_set_connections" :: held 0.001s {{(pid=107069) inner /opt/stack/data/venv/lib/python3.12/site-packages/oslo_concurrency/lockutils.py:538}}
Mar 19 07:30:56.322208 np0000159929 devstack@n-api-meta.service[107069]: INFO dbcounter [None req-de8d5225-86ae-4100-a394-288663142c16 None None] Registered counter for database nova_cell0
Mar 19 07:30:56.327054 np0000159929 devstack@n-api-meta.service[107069]: INFO dbcounter [None req-de8d5225-86ae-4100-a394-288663142c16 None None] Registered counter for database nova_cell1
Mar 19 07:30:56.328093 np0000159929 devstack@n-api-meta.service[107072]: INFO dbcounter [None req-3a66b385-de3d-48e0-86cf-a1d6103386bf None None] Registered counter for database nova_api
Mar 19 07:30:56.337655 np0000159929 devstack@n-api-meta.service[107069]: DEBUG oslo_db.sqlalchemy.engines [None req-de8d5225-86ae-4100-a394-288663142c16 None None] MySQL server mode set to STRICT_TRANS_TABLES,STRICT_ALL_TABLES,NO_ZERO_IN_DATE,NO_ZERO_DATE,ERROR_FOR_DIVISION_BY_ZERO,TRADITIONAL,NO_ENGINE_SUBSTITUTION {{(pid=107069) _check_effective_sql_mode /opt/stack/data/venv/lib/python3.12/site-packages/oslo_db/sqlalchemy/engines.py:325}}
Mar 19 07:30:56.340304 np0000159929 devstack@n-api-meta.service[107069]: DEBUG oslo_db.sqlalchemy.engines [None req-de8d5225-86ae-4100-a394-288663142c16 None None] MySQL server mode set to STRICT_TRANS_TABLES,STRICT_ALL_TABLES,NO_ZERO_IN_DATE,NO_ZERO_DATE,ERROR_FOR_DIVISION_BY_ZERO,TRADITIONAL,NO_ENGINE_SUBSTITUTION {{(pid=107069) _check_effective_sql_mode /opt/stack/data/venv/lib/python3.12/site-packages/oslo_db/sqlalchemy/engines.py:325}}
Mar 19 07:30:56.347130 np0000159929 devstack@n-api-meta.service[107072]: DEBUG oslo_db.sqlalchemy.engines [None req-3a66b385-de3d-48e0-86cf-a1d6103386bf None None] MySQL server mode set to STRICT_TRANS_TABLES,STRICT_ALL_TABLES,NO_ZERO_IN_DATE,NO_ZERO_DATE,ERROR_FOR_DIVISION_BY_ZERO,TRADITIONAL,NO_ENGINE_SUBSTITUTION {{(pid=107072) _check_effective_sql_mode /opt/stack/data/venv/lib/python3.12/site-packages/oslo_db/sqlalchemy/engines.py:325}}
Mar 19 07:30:56.351444 np0000159929 devstack@n-api-meta.service[107071]: DEBUG dbcounter [-] [107071] Writer thread running {{(pid=107071) stat_writer /opt/stack/data/venv/lib/python3.12/site-packages/dbcounter.py:102}}
Mar 19 07:30:56.353687 np0000159929 devstack@n-api-meta.service[107071]: DEBUG nova.context [None req-b6c41c36-a90e-426f-8ce0-ad56fa5750bf None None] Found 2 cells: 00000000-0000-0000-0000-000000000000(cell0),01de2506-70b7-4ff6-82e8-8dde4441043a(cell1) {{(pid=107071) load_cells /opt/stack/nova/nova/context.py:509}}
Mar 19 07:30:56.353930 np0000159929 devstack@n-api-meta.service[107071]: INFO nova.utils [None req-b6c41c36-a90e-426f-8ce0-ad56fa5750bf None None] The cell worker thread pool MainProcess.cell_worker is initialized
Mar 19 07:30:56.355746 np0000159929 devstack@n-api-meta.service[107071]: DEBUG oslo_concurrency.lockutils [None req-b6c41c36-a90e-426f-8ce0-ad56fa5750bf None None] Acquiring lock "00000000-0000-0000-0000-000000000000" by "nova.context.set_target_cell..get_or_set_cached_cell_and_set_connections" {{(pid=107071) inner /opt/stack/data/venv/lib/python3.12/site-packages/oslo_concurrency/lockutils.py:506}}
Mar 19 07:30:56.355933 np0000159929 devstack@n-api-meta.service[107071]: DEBUG oslo_concurrency.lockutils [None req-b6c41c36-a90e-426f-8ce0-ad56fa5750bf None None] Lock "00000000-0000-0000-0000-000000000000" acquired by "nova.context.set_target_cell..get_or_set_cached_cell_and_set_connections" :: waited 0.000s {{(pid=107071) inner /opt/stack/data/venv/lib/python3.12/site-packages/oslo_concurrency/lockutils.py:519}}
Mar 19 07:30:56.356263 np0000159929 devstack@n-api-meta.service[107071]: DEBUG oslo_concurrency.lockutils [None req-b6c41c36-a90e-426f-8ce0-ad56fa5750bf None None] Lock "00000000-0000-0000-0000-000000000000" "released" by "nova.context.set_target_cell..get_or_set_cached_cell_and_set_connections" :: held 0.000s {{(pid=107071) inner /opt/stack/data/venv/lib/python3.12/site-packages/oslo_concurrency/lockutils.py:538}}
Mar 19 07:30:56.356930 np0000159929 devstack@n-api-meta.service[107071]: DEBUG oslo_concurrency.lockutils [None req-b6c41c36-a90e-426f-8ce0-ad56fa5750bf None None] Acquiring lock "01de2506-70b7-4ff6-82e8-8dde4441043a" by "nova.context.set_target_cell..get_or_set_cached_cell_and_set_connections" {{(pid=107071) inner /opt/stack/data/venv/lib/python3.12/site-packages/oslo_concurrency/lockutils.py:506}}
Mar 19 07:30:56.357069 np0000159929 devstack@n-api-meta.service[107071]: DEBUG oslo_concurrency.lockutils [None req-b6c41c36-a90e-426f-8ce0-ad56fa5750bf None None] Lock "01de2506-70b7-4ff6-82e8-8dde4441043a" acquired by "nova.context.set_target_cell..get_or_set_cached_cell_and_set_connections" :: waited 0.000s {{(pid=107071) inner /opt/stack/data/venv/lib/python3.12/site-packages/oslo_concurrency/lockutils.py:519}}
Mar 19 07:30:56.357889 np0000159929 devstack@n-api-meta.service[107071]: DEBUG oslo_concurrency.lockutils [None req-b6c41c36-a90e-426f-8ce0-ad56fa5750bf None None] Lock "01de2506-70b7-4ff6-82e8-8dde4441043a" "released" by "nova.context.set_target_cell..get_or_set_cached_cell_and_set_connections" :: held 0.001s {{(pid=107071) inner /opt/stack/data/venv/lib/python3.12/site-packages/oslo_concurrency/lockutils.py:538}}
Mar 19 07:30:56.360708 np0000159929 devstack@n-api-meta.service[107071]: INFO dbcounter [None req-b6c41c36-a90e-426f-8ce0-ad56fa5750bf None None] Registered counter for database nova_cell0
Mar 19 07:30:56.366022 np0000159929 devstack@n-api-meta.service[107071]: INFO dbcounter [None req-b6c41c36-a90e-426f-8ce0-ad56fa5750bf None None] Registered counter for database nova_cell1
Mar 19 07:30:56.376167 np0000159929 devstack@n-api-meta.service[107072]: DEBUG dbcounter [-] [107072] Writer thread running {{(pid=107072) stat_writer /opt/stack/data/venv/lib/python3.12/site-packages/dbcounter.py:102}}
Mar 19 07:30:56.376739 np0000159929 devstack@n-api-meta.service[107071]: DEBUG oslo_db.sqlalchemy.engines [None req-b6c41c36-a90e-426f-8ce0-ad56fa5750bf None None] MySQL server mode set to STRICT_TRANS_TABLES,STRICT_ALL_TABLES,NO_ZERO_IN_DATE,NO_ZERO_DATE,ERROR_FOR_DIVISION_BY_ZERO,TRADITIONAL,NO_ENGINE_SUBSTITUTION {{(pid=107071) _check_effective_sql_mode /opt/stack/data/venv/lib/python3.12/site-packages/oslo_db/sqlalchemy/engines.py:325}}
Mar 19 07:30:56.378373 np0000159929 devstack@n-api-meta.service[107072]: DEBUG nova.context [None req-3a66b385-de3d-48e0-86cf-a1d6103386bf None None] Found 2 cells: 00000000-0000-0000-0000-000000000000(cell0),01de2506-70b7-4ff6-82e8-8dde4441043a(cell1) {{(pid=107072) load_cells /opt/stack/nova/nova/context.py:509}}
Mar 19 07:30:56.378602 np0000159929 devstack@n-api-meta.service[107072]: INFO nova.utils [None req-3a66b385-de3d-48e0-86cf-a1d6103386bf None None] The cell worker thread pool MainProcess.cell_worker is initialized
Mar 19 07:30:56.379310 np0000159929 devstack@n-api-meta.service[107070]: INFO dbcounter [None req-230360f9-f338-4348-b267-bd0e932744e4 None None] Registered counter for database nova_api
Mar 19 07:30:56.380304 np0000159929 devstack@n-api-meta.service[107072]: DEBUG oslo_concurrency.lockutils [None req-3a66b385-de3d-48e0-86cf-a1d6103386bf None None] Acquiring lock "00000000-0000-0000-0000-000000000000" by "nova.context.set_target_cell..get_or_set_cached_cell_and_set_connections" {{(pid=107072) inner /opt/stack/data/venv/lib/python3.12/site-packages/oslo_concurrency/lockutils.py:506}}
Mar 19 07:30:56.380452 np0000159929 devstack@n-api-meta.service[107072]: DEBUG oslo_concurrency.lockutils [None req-3a66b385-de3d-48e0-86cf-a1d6103386bf None None] Lock "00000000-0000-0000-0000-000000000000" acquired by "nova.context.set_target_cell..get_or_set_cached_cell_and_set_connections" :: waited 0.000s {{(pid=107072) inner /opt/stack/data/venv/lib/python3.12/site-packages/oslo_concurrency/lockutils.py:519}}
Mar 19 07:30:56.380824 np0000159929 devstack@n-api-meta.service[107072]: DEBUG oslo_concurrency.lockutils [None req-3a66b385-de3d-48e0-86cf-a1d6103386bf None None] Lock "00000000-0000-0000-0000-000000000000" "released" by "nova.context.set_target_cell..get_or_set_cached_cell_and_set_connections" :: held 0.000s {{(pid=107072) inner /opt/stack/data/venv/lib/python3.12/site-packages/oslo_concurrency/lockutils.py:538}}
Mar 19 07:30:56.381534 np0000159929 devstack@n-api-meta.service[107072]: DEBUG oslo_concurrency.lockutils [None req-3a66b385-de3d-48e0-86cf-a1d6103386bf None None] Acquiring lock "01de2506-70b7-4ff6-82e8-8dde4441043a" by "nova.context.set_target_cell..get_or_set_cached_cell_and_set_connections" {{(pid=107072) inner /opt/stack/data/venv/lib/python3.12/site-packages/oslo_concurrency/lockutils.py:506}}
Mar 19 07:30:56.381674 np0000159929 devstack@n-api-meta.service[107072]: DEBUG oslo_concurrency.lockutils [None req-3a66b385-de3d-48e0-86cf-a1d6103386bf None None] Lock "01de2506-70b7-4ff6-82e8-8dde4441043a" acquired by "nova.context.set_target_cell..get_or_set_cached_cell_and_set_connections" :: waited 0.000s {{(pid=107072) inner /opt/stack/data/venv/lib/python3.12/site-packages/oslo_concurrency/lockutils.py:519}}
Mar 19 07:30:56.382462 np0000159929 devstack@n-api-meta.service[107072]: DEBUG oslo_concurrency.lockutils [None req-3a66b385-de3d-48e0-86cf-a1d6103386bf None None] Lock "01de2506-70b7-4ff6-82e8-8dde4441043a" "released" by "nova.context.set_target_cell..get_or_set_cached_cell_and_set_connections" :: held 0.001s {{(pid=107072) inner /opt/stack/data/venv/lib/python3.12/site-packages/oslo_concurrency/lockutils.py:538}}
Mar 19 07:30:56.383675 np0000159929 devstack@n-api-meta.service[107071]: DEBUG oslo_db.sqlalchemy.engines [None req-b6c41c36-a90e-426f-8ce0-ad56fa5750bf None None] MySQL server mode set to STRICT_TRANS_TABLES,STRICT_ALL_TABLES,NO_ZERO_IN_DATE,NO_ZERO_DATE,ERROR_FOR_DIVISION_BY_ZERO,TRADITIONAL,NO_ENGINE_SUBSTITUTION {{(pid=107071) _check_effective_sql_mode /opt/stack/data/venv/lib/python3.12/site-packages/oslo_db/sqlalchemy/engines.py:325}}
Mar 19 07:30:56.386425 np0000159929 devstack@n-api-meta.service[107072]: INFO dbcounter [None req-3a66b385-de3d-48e0-86cf-a1d6103386bf None None] Registered counter for database nova_cell0
Mar 19 07:30:56.391614 np0000159929 devstack@n-api-meta.service[107072]: INFO dbcounter [None req-3a66b385-de3d-48e0-86cf-a1d6103386bf None None] Registered counter for database nova_cell1
Mar 19 07:30:56.395917 np0000159929 devstack@n-api-meta.service[107070]: DEBUG oslo_db.sqlalchemy.engines [None req-230360f9-f338-4348-b267-bd0e932744e4 None None] MySQL server mode set to STRICT_TRANS_TABLES,STRICT_ALL_TABLES,NO_ZERO_IN_DATE,NO_ZERO_DATE,ERROR_FOR_DIVISION_BY_ZERO,TRADITIONAL,NO_ENGINE_SUBSTITUTION {{(pid=107070) _check_effective_sql_mode /opt/stack/data/venv/lib/python3.12/site-packages/oslo_db/sqlalchemy/engines.py:325}}
Mar 19 07:30:56.398892 np0000159929 devstack@n-api-meta.service[107072]: DEBUG oslo_db.sqlalchemy.engines [None req-3a66b385-de3d-48e0-86cf-a1d6103386bf None None] MySQL server mode set to STRICT_TRANS_TABLES,STRICT_ALL_TABLES,NO_ZERO_IN_DATE,NO_ZERO_DATE,ERROR_FOR_DIVISION_BY_ZERO,TRADITIONAL,NO_ENGINE_SUBSTITUTION {{(pid=107072) _check_effective_sql_mode /opt/stack/data/venv/lib/python3.12/site-packages/oslo_db/sqlalchemy/engines.py:325}}
Mar 19 07:30:56.404618 np0000159929 devstack@n-api-meta.service[107072]: DEBUG oslo_db.sqlalchemy.engines [None req-3a66b385-de3d-48e0-86cf-a1d6103386bf None None] MySQL server mode set to STRICT_TRANS_TABLES,STRICT_ALL_TABLES,NO_ZERO_IN_DATE,NO_ZERO_DATE,ERROR_FOR_DIVISION_BY_ZERO,TRADITIONAL,NO_ENGINE_SUBSTITUTION {{(pid=107072) _check_effective_sql_mode /opt/stack/data/venv/lib/python3.12/site-packages/oslo_db/sqlalchemy/engines.py:325}}
Mar 19 07:30:56.426595 np0000159929 devstack@n-api-meta.service[107070]: DEBUG dbcounter [-] [107070] Writer thread running {{(pid=107070) stat_writer /opt/stack/data/venv/lib/python3.12/site-packages/dbcounter.py:102}}
Mar 19 07:30:56.428662 np0000159929 devstack@n-api-meta.service[107070]: DEBUG nova.context [None req-230360f9-f338-4348-b267-bd0e932744e4 None None] Found 2 cells: 00000000-0000-0000-0000-000000000000(cell0),01de2506-70b7-4ff6-82e8-8dde4441043a(cell1) {{(pid=107070) load_cells /opt/stack/nova/nova/context.py:509}}
Mar 19 07:30:56.428901 np0000159929 devstack@n-api-meta.service[107070]: INFO nova.utils [None req-230360f9-f338-4348-b267-bd0e932744e4 None None] The cell worker thread pool MainProcess.cell_worker is initialized
Mar 19 07:30:56.430570 np0000159929 devstack@n-api-meta.service[107070]: DEBUG oslo_concurrency.lockutils [None req-230360f9-f338-4348-b267-bd0e932744e4 None None] Acquiring lock "00000000-0000-0000-0000-000000000000" by "nova.context.set_target_cell..get_or_set_cached_cell_and_set_connections" {{(pid=107070) inner /opt/stack/data/venv/lib/python3.12/site-packages/oslo_concurrency/lockutils.py:506}}
Mar 19 07:30:56.430741 np0000159929 devstack@n-api-meta.service[107070]: DEBUG oslo_concurrency.lockutils [None req-230360f9-f338-4348-b267-bd0e932744e4 None None] Lock "00000000-0000-0000-0000-000000000000" acquired by "nova.context.set_target_cell..get_or_set_cached_cell_and_set_connections" :: waited 0.000s {{(pid=107070) inner /opt/stack/data/venv/lib/python3.12/site-packages/oslo_concurrency/lockutils.py:519}}
Mar 19 07:30:56.431090 np0000159929 devstack@n-api-meta.service[107070]: DEBUG oslo_concurrency.lockutils [None req-230360f9-f338-4348-b267-bd0e932744e4 None None] Lock "00000000-0000-0000-0000-000000000000" "released" by "nova.context.set_target_cell..get_or_set_cached_cell_and_set_connections" :: held 0.000s {{(pid=107070) inner /opt/stack/data/venv/lib/python3.12/site-packages/oslo_concurrency/lockutils.py:538}}
Mar 19 07:30:56.431762 np0000159929 devstack@n-api-meta.service[107070]: DEBUG oslo_concurrency.lockutils [None req-230360f9-f338-4348-b267-bd0e932744e4 None None] Acquiring lock "01de2506-70b7-4ff6-82e8-8dde4441043a" by "nova.context.set_target_cell..get_or_set_cached_cell_and_set_connections" {{(pid=107070) inner /opt/stack/data/venv/lib/python3.12/site-packages/oslo_concurrency/lockutils.py:506}}
Mar 19 07:30:56.431916 np0000159929 devstack@n-api-meta.service[107070]: DEBUG oslo_concurrency.lockutils [None req-230360f9-f338-4348-b267-bd0e932744e4 None None] Lock "01de2506-70b7-4ff6-82e8-8dde4441043a" acquired by "nova.context.set_target_cell..get_or_set_cached_cell_and_set_connections" :: waited 0.000s {{(pid=107070) inner /opt/stack/data/venv/lib/python3.12/site-packages/oslo_concurrency/lockutils.py:519}}
Mar 19 07:30:56.432714 np0000159929 devstack@n-api-meta.service[107070]: DEBUG oslo_concurrency.lockutils [None req-230360f9-f338-4348-b267-bd0e932744e4 None None] Lock "01de2506-70b7-4ff6-82e8-8dde4441043a" "released" by "nova.context.set_target_cell..get_or_set_cached_cell_and_set_connections" :: held 0.001s {{(pid=107070) inner /opt/stack/data/venv/lib/python3.12/site-packages/oslo_concurrency/lockutils.py:538}}
Mar 19 07:30:56.435957 np0000159929 devstack@n-api-meta.service[107070]: INFO dbcounter [None req-230360f9-f338-4348-b267-bd0e932744e4 None None] Registered counter for database nova_cell0
Mar 19 07:30:56.443193 np0000159929 devstack@n-api-meta.service[107070]: INFO dbcounter [None req-230360f9-f338-4348-b267-bd0e932744e4 None None] Registered counter for database nova_cell1
Mar 19 07:30:56.444528 np0000159929 devstack@n-api-meta.service[107069]: DEBUG dbcounter [-] [107069] Writer thread running {{(pid=107069) stat_writer /opt/stack/data/venv/lib/python3.12/site-packages/dbcounter.py:102}}
Mar 19 07:30:56.445021 np0000159929 devstack@n-api-meta.service[107069]: DEBUG dbcounter [-] [107069] Writer thread running {{(pid=107069) stat_writer /opt/stack/data/venv/lib/python3.12/site-packages/dbcounter.py:102}}
Mar 19 07:30:56.452184 np0000159929 devstack@n-api-meta.service[107070]: DEBUG oslo_db.sqlalchemy.engines [None req-230360f9-f338-4348-b267-bd0e932744e4 None None] MySQL server mode set to STRICT_TRANS_TABLES,STRICT_ALL_TABLES,NO_ZERO_IN_DATE,NO_ZERO_DATE,ERROR_FOR_DIVISION_BY_ZERO,TRADITIONAL,NO_ENGINE_SUBSTITUTION {{(pid=107070) _check_effective_sql_mode /opt/stack/data/venv/lib/python3.12/site-packages/oslo_db/sqlalchemy/engines.py:325}}
Mar 19 07:30:56.453148 np0000159929 devstack@n-api-meta.service[107069]: INFO dbcounter [None req-de8d5225-86ae-4100-a394-288663142c16 None None] Registered counter for database nova_cell0
Mar 19 07:30:56.458084 np0000159929 devstack@n-api-meta.service[107070]: DEBUG oslo_db.sqlalchemy.engines [None req-230360f9-f338-4348-b267-bd0e932744e4 None None] MySQL server mode set to STRICT_TRANS_TABLES,STRICT_ALL_TABLES,NO_ZERO_IN_DATE,NO_ZERO_DATE,ERROR_FOR_DIVISION_BY_ZERO,TRADITIONAL,NO_ENGINE_SUBSTITUTION {{(pid=107070) _check_effective_sql_mode /opt/stack/data/venv/lib/python3.12/site-packages/oslo_db/sqlalchemy/engines.py:325}}
Mar 19 07:30:56.461354 np0000159929 devstack@n-api-meta.service[107069]: DEBUG oslo_db.sqlalchemy.engines [None req-de8d5225-86ae-4100-a394-288663142c16 None None] MySQL server mode set to STRICT_TRANS_TABLES,STRICT_ALL_TABLES,NO_ZERO_IN_DATE,NO_ZERO_DATE,ERROR_FOR_DIVISION_BY_ZERO,TRADITIONAL,NO_ENGINE_SUBSTITUTION {{(pid=107069) _check_effective_sql_mode /opt/stack/data/venv/lib/python3.12/site-packages/oslo_db/sqlalchemy/engines.py:325}}
Mar 19 07:30:56.469228 np0000159929 devstack@n-api-meta.service[107069]: DEBUG dbcounter [-] [107069] Writer thread running {{(pid=107069) stat_writer /opt/stack/data/venv/lib/python3.12/site-packages/dbcounter.py:102}}
Mar 19 07:30:56.481190 np0000159929 devstack@n-api-meta.service[107071]: DEBUG dbcounter [-] [107071] Writer thread running {{(pid=107071) stat_writer /opt/stack/data/venv/lib/python3.12/site-packages/dbcounter.py:102}}
Mar 19 07:30:56.484875 np0000159929 devstack@n-api-meta.service[107071]: DEBUG dbcounter [-] [107071] Writer thread running {{(pid=107071) stat_writer /opt/stack/data/venv/lib/python3.12/site-packages/dbcounter.py:102}}
Mar 19 07:30:56.490424 np0000159929 devstack@n-api-meta.service[107071]: INFO dbcounter [None req-b6c41c36-a90e-426f-8ce0-ad56fa5750bf None None] Registered counter for database nova_cell0
Mar 19 07:30:56.496539 np0000159929 devstack@n-api-meta.service[107071]: DEBUG oslo_db.sqlalchemy.engines [None req-b6c41c36-a90e-426f-8ce0-ad56fa5750bf None None] MySQL server mode set to STRICT_TRANS_TABLES,STRICT_ALL_TABLES,NO_ZERO_IN_DATE,NO_ZERO_DATE,ERROR_FOR_DIVISION_BY_ZERO,TRADITIONAL,NO_ENGINE_SUBSTITUTION {{(pid=107071) _check_effective_sql_mode /opt/stack/data/venv/lib/python3.12/site-packages/oslo_db/sqlalchemy/engines.py:325}}
Mar 19 07:30:56.503933 np0000159929 devstack@n-api-meta.service[107071]: DEBUG dbcounter [-] [107071] Writer thread running {{(pid=107071) stat_writer /opt/stack/data/venv/lib/python3.12/site-packages/dbcounter.py:102}}
Mar 19 07:30:56.504627 np0000159929 devstack@n-api-meta.service[107072]: DEBUG dbcounter [-] [107072] Writer thread running {{(pid=107072) stat_writer /opt/stack/data/venv/lib/python3.12/site-packages/dbcounter.py:102}}
Mar 19 07:30:56.511424 np0000159929 devstack@n-api-meta.service[107072]: DEBUG dbcounter [-] [107072] Writer thread running {{(pid=107072) stat_writer /opt/stack/data/venv/lib/python3.12/site-packages/dbcounter.py:102}}
Mar 19 07:30:56.515860 np0000159929 devstack@n-api-meta.service[107069]: WARNING nova.api.metadata.handler [None req-de8d5225-86ae-4100-a394-288663142c16 None None] metadata_proxy_shared_secret is not configured, the metadata information returned by the proxy cannot be trusted
Mar 19 07:30:56.516463 np0000159929 devstack@n-api-meta.service[107072]: INFO dbcounter [None req-3a66b385-de3d-48e0-86cf-a1d6103386bf None None] Registered counter for database nova_cell0
Mar 19 07:30:56.518093 np0000159929 devstack@n-api-meta.service[107069]: DEBUG nova.api.openstack.wsgi_app [None req-de8d5225-86ae-4100-a394-288663142c16 None None] ******************************************************************************** {{(pid=107069) log_opt_values /opt/stack/data/venv/lib/python3.12/site-packages/oslo_config/cfg.py:2979}}
Mar 19 07:30:56.518233 np0000159929 devstack@n-api-meta.service[107069]: DEBUG nova.api.openstack.wsgi_app [None req-de8d5225-86ae-4100-a394-288663142c16 None None] Configuration options gathered from: {{(pid=107069) log_opt_values /opt/stack/data/venv/lib/python3.12/site-packages/oslo_config/cfg.py:2980}}
Mar 19 07:30:56.518341 np0000159929 devstack@n-api-meta.service[107069]: DEBUG nova.api.openstack.wsgi_app [None req-de8d5225-86ae-4100-a394-288663142c16 None None] command line args: [] {{(pid=107069) log_opt_values /opt/stack/data/venv/lib/python3.12/site-packages/oslo_config/cfg.py:2981}}
Mar 19 07:30:56.518496 np0000159929 devstack@n-api-meta.service[107069]: DEBUG nova.api.openstack.wsgi_app [None req-de8d5225-86ae-4100-a394-288663142c16 None None] config files: ['/etc/nova/api-paste.ini', '/etc/nova/nova.conf'] {{(pid=107069) log_opt_values /opt/stack/data/venv/lib/python3.12/site-packages/oslo_config/cfg.py:2982}}
Mar 19 07:30:56.518604 np0000159929 devstack@n-api-meta.service[107069]: DEBUG nova.api.openstack.wsgi_app [None req-de8d5225-86ae-4100-a394-288663142c16 None None] ================================================================================ {{(pid=107069) log_opt_values /opt/stack/data/venv/lib/python3.12/site-packages/oslo_config/cfg.py:2987}}
Mar 19 07:30:56.518961 np0000159929 devstack@n-api-meta.service[107069]: DEBUG nova.api.openstack.wsgi_app [None req-de8d5225-86ae-4100-a394-288663142c16 None None] allow_resize_to_same_host = True {{(pid=107069) log_opt_values /opt/stack/data/venv/lib/python3.12/site-packages/oslo_config/cfg.py:2995}}
Mar 19 07:30:56.519031 np0000159929 devstack@n-api-meta.service[107069]: DEBUG nova.api.openstack.wsgi_app [None req-de8d5225-86ae-4100-a394-288663142c16 None None] arq_binding_timeout = 300 {{(pid=107069) log_opt_values /opt/stack/data/venv/lib/python3.12/site-packages/oslo_config/cfg.py:2995}}
Mar 19 07:30:56.519838 np0000159929 devstack@n-api-meta.service[107069]: DEBUG nova.api.openstack.wsgi_app [None req-de8d5225-86ae-4100-a394-288663142c16 None None] block_device_allocate_retries = 60 {{(pid=107069) log_opt_values /opt/stack/data/venv/lib/python3.12/site-packages/oslo_config/cfg.py:2995}}
Mar 19 07:30:56.519838 np0000159929 devstack@n-api-meta.service[107069]: DEBUG nova.api.openstack.wsgi_app [None req-de8d5225-86ae-4100-a394-288663142c16 None None] block_device_allocate_retries_interval = 3 {{(pid=107069) log_opt_values /opt/stack/data/venv/lib/python3.12/site-packages/oslo_config/cfg.py:2995}}
Mar 19 07:30:56.519838 np0000159929 devstack@n-api-meta.service[107069]: DEBUG nova.api.openstack.wsgi_app [None req-de8d5225-86ae-4100-a394-288663142c16 None None] cell_worker_thread_pool_size = 5 {{(pid=107069) log_opt_values /opt/stack/data/venv/lib/python3.12/site-packages/oslo_config/cfg.py:2995}}
Mar 19 07:30:56.519838 np0000159929 devstack@n-api-meta.service[107069]: DEBUG nova.api.openstack.wsgi_app [None req-de8d5225-86ae-4100-a394-288663142c16 None None] cert = self.pem {{(pid=107069) log_opt_values /opt/stack/data/venv/lib/python3.12/site-packages/oslo_config/cfg.py:2995}}
Mar 19 07:30:56.519838 np0000159929 devstack@n-api-meta.service[107069]: DEBUG nova.api.openstack.wsgi_app [None req-de8d5225-86ae-4100-a394-288663142c16 None None] compute_driver = libvirt.LibvirtDriver {{(pid=107069) log_opt_values /opt/stack/data/venv/lib/python3.12/site-packages/oslo_config/cfg.py:2995}}
Mar 19 07:30:56.519838 np0000159929 devstack@n-api-meta.service[107069]: DEBUG nova.api.openstack.wsgi_app [None req-de8d5225-86ae-4100-a394-288663142c16 None None] compute_monitors = [] {{(pid=107069) log_opt_values /opt/stack/data/venv/lib/python3.12/site-packages/oslo_config/cfg.py:2995}}
Mar 19 07:30:56.520316 np0000159929 devstack@n-api-meta.service[107069]: DEBUG nova.api.openstack.wsgi_app [None req-de8d5225-86ae-4100-a394-288663142c16 None None] config_dir = [] {{(pid=107069) log_opt_values /opt/stack/data/venv/lib/python3.12/site-packages/oslo_config/cfg.py:2995}}
Mar 19 07:30:56.520316 np0000159929 devstack@n-api-meta.service[107069]: DEBUG nova.api.openstack.wsgi_app [None req-de8d5225-86ae-4100-a394-288663142c16 None None] config_drive_format = iso9660 {{(pid=107069) log_opt_values /opt/stack/data/venv/lib/python3.12/site-packages/oslo_config/cfg.py:2995}}
Mar 19 07:30:56.520316 np0000159929 devstack@n-api-meta.service[107069]: DEBUG nova.api.openstack.wsgi_app [None req-de8d5225-86ae-4100-a394-288663142c16 None None] config_file = ['/etc/nova/api-paste.ini', '/etc/nova/nova.conf'] {{(pid=107069) log_opt_values /opt/stack/data/venv/lib/python3.12/site-packages/oslo_config/cfg.py:2995}}
Mar 19 07:30:56.520316 np0000159929 devstack@n-api-meta.service[107069]: DEBUG nova.api.openstack.wsgi_app [None req-de8d5225-86ae-4100-a394-288663142c16 None None] config_source = [] {{(pid=107069) log_opt_values /opt/stack/data/venv/lib/python3.12/site-packages/oslo_config/cfg.py:2995}}
Mar 19 07:30:56.520540 np0000159929 devstack@n-api-meta.service[107069]: DEBUG nova.api.openstack.wsgi_app [None req-de8d5225-86ae-4100-a394-288663142c16 None None] console_host = np0000159929 {{(pid=107069) log_opt_values /opt/stack/data/venv/lib/python3.12/site-packages/oslo_config/cfg.py:2995}}
Mar 19 07:30:56.520540 np0000159929 devstack@n-api-meta.service[107069]: DEBUG nova.api.openstack.wsgi_app [None req-de8d5225-86ae-4100-a394-288663142c16 None None] control_exchange = nova {{(pid=107069) log_opt_values /opt/stack/data/venv/lib/python3.12/site-packages/oslo_config/cfg.py:2995}}
Mar 19 07:30:56.520664 np0000159929 devstack@n-api-meta.service[107069]: DEBUG nova.api.openstack.wsgi_app [None req-de8d5225-86ae-4100-a394-288663142c16 None None] cpu_allocation_ratio = None {{(pid=107069) log_opt_values /opt/stack/data/venv/lib/python3.12/site-packages/oslo_config/cfg.py:2995}}
Mar 19 07:30:56.520781 np0000159929 devstack@n-api-meta.service[107069]: DEBUG nova.api.openstack.wsgi_app [None req-de8d5225-86ae-4100-a394-288663142c16 None None] daemon = False {{(pid=107069) log_opt_values /opt/stack/data/venv/lib/python3.12/site-packages/oslo_config/cfg.py:2995}}
Mar 19 07:30:56.520935 np0000159929 devstack@n-api-meta.service[107069]: DEBUG nova.api.openstack.wsgi_app [None req-de8d5225-86ae-4100-a394-288663142c16 None None] debug = True {{(pid=107069) log_opt_values /opt/stack/data/venv/lib/python3.12/site-packages/oslo_config/cfg.py:2995}}
Mar 19 07:30:56.521030 np0000159929 devstack@n-api-meta.service[107069]: DEBUG nova.api.openstack.wsgi_app [None req-de8d5225-86ae-4100-a394-288663142c16 None None] default_access_ip_network_name = None {{(pid=107069) log_opt_values /opt/stack/data/venv/lib/python3.12/site-packages/oslo_config/cfg.py:2995}}
Mar 19 07:30:56.521159 np0000159929 devstack@n-api-meta.service[107069]: DEBUG nova.api.openstack.wsgi_app [None req-de8d5225-86ae-4100-a394-288663142c16 None None] default_availability_zone = nova {{(pid=107069) log_opt_values /opt/stack/data/venv/lib/python3.12/site-packages/oslo_config/cfg.py:2995}}
Mar 19 07:30:56.521297 np0000159929 devstack@n-api-meta.service[107069]: DEBUG nova.api.openstack.wsgi_app [None req-de8d5225-86ae-4100-a394-288663142c16 None None] default_ephemeral_format = ext4 {{(pid=107069) log_opt_values /opt/stack/data/venv/lib/python3.12/site-packages/oslo_config/cfg.py:2995}}
Mar 19 07:30:56.521417 np0000159929 devstack@n-api-meta.service[107069]: DEBUG nova.api.openstack.wsgi_app [None req-de8d5225-86ae-4100-a394-288663142c16 None None] default_green_pool_size = 1000 {{(pid=107069) log_opt_values /opt/stack/data/venv/lib/python3.12/site-packages/oslo_config/cfg.py:2995}}
Mar 19 07:30:56.521628 np0000159929 devstack@n-api-meta.service[107069]: DEBUG nova.api.openstack.wsgi_app [None req-de8d5225-86ae-4100-a394-288663142c16 None None] default_log_levels = ['amqp=WARN', 'boto=WARN', 'sqlalchemy=WARN', 'suds=INFO', 'oslo.messaging=INFO', 'oslo_messaging=INFO', 'iso8601=WARN', 'requests.packages.urllib3.connectionpool=WARN', 'urllib3.connectionpool=WARN', 'websocket=WARN', 'requests.packages.urllib3.util.retry=WARN', 'urllib3.util.retry=WARN', 'keystonemiddleware=WARN', 'routes.middleware=WARN', 'stevedore=WARN', 'taskflow=WARN', 'keystoneauth=WARN', 'oslo.cache=INFO', 'oslo_policy=INFO', 'dogpile.core.dogpile=INFO', 'glanceclient=WARN', 'oslo.privsep.daemon=INFO'] {{(pid=107069) log_opt_values /opt/stack/data/venv/lib/python3.12/site-packages/oslo_config/cfg.py:2995}}
Mar 19 07:30:56.521799 np0000159929 devstack@n-api-meta.service[107069]: DEBUG nova.api.openstack.wsgi_app [None req-de8d5225-86ae-4100-a394-288663142c16 None None] default_schedule_zone = None {{(pid=107069) log_opt_values /opt/stack/data/venv/lib/python3.12/site-packages/oslo_config/cfg.py:2995}}
Mar 19 07:30:56.521913 np0000159929 devstack@n-api-meta.service[107069]: DEBUG nova.api.openstack.wsgi_app [None req-de8d5225-86ae-4100-a394-288663142c16 None None] default_thread_pool_size = 10 {{(pid=107069) log_opt_values /opt/stack/data/venv/lib/python3.12/site-packages/oslo_config/cfg.py:2995}}
Mar 19 07:30:56.522037 np0000159929 devstack@n-api-meta.service[107069]: DEBUG nova.api.openstack.wsgi_app [None req-de8d5225-86ae-4100-a394-288663142c16 None None] disk_allocation_ratio = None {{(pid=107069) log_opt_values /opt/stack/data/venv/lib/python3.12/site-packages/oslo_config/cfg.py:2995}}
Mar 19 07:30:56.522163 np0000159929 devstack@n-api-meta.service[107069]: DEBUG nova.api.openstack.wsgi_app [None req-de8d5225-86ae-4100-a394-288663142c16 None None] enable_new_services = True {{(pid=107069) log_opt_values /opt/stack/data/venv/lib/python3.12/site-packages/oslo_config/cfg.py:2995}}
Mar 19 07:30:56.522288 np0000159929 devstack@n-api-meta.service[107069]: DEBUG nova.api.openstack.wsgi_app [None req-de8d5225-86ae-4100-a394-288663142c16 None None] flat_injected = False {{(pid=107069) log_opt_values /opt/stack/data/venv/lib/python3.12/site-packages/oslo_config/cfg.py:2995}}
Mar 19 07:30:56.522416 np0000159929 devstack@n-api-meta.service[107069]: DEBUG nova.api.openstack.wsgi_app [None req-de8d5225-86ae-4100-a394-288663142c16 None None] force_config_drive = False {{(pid=107069) log_opt_values /opt/stack/data/venv/lib/python3.12/site-packages/oslo_config/cfg.py:2995}}
Mar 19 07:30:56.522541 np0000159929 devstack@n-api-meta.service[107069]: DEBUG nova.api.openstack.wsgi_app [None req-de8d5225-86ae-4100-a394-288663142c16 None None] force_raw_images = True {{(pid=107069) log_opt_values /opt/stack/data/venv/lib/python3.12/site-packages/oslo_config/cfg.py:2995}}
Mar 19 07:30:56.522675 np0000159929 devstack@n-api-meta.service[107069]: DEBUG nova.api.openstack.wsgi_app [None req-de8d5225-86ae-4100-a394-288663142c16 None None] graceful_shutdown_timeout = 5 {{(pid=107069) log_opt_values /opt/stack/data/venv/lib/python3.12/site-packages/oslo_config/cfg.py:2995}}
Mar 19 07:30:56.522831 np0000159929 devstack@n-api-meta.service[107069]: DEBUG nova.api.openstack.wsgi_app [None req-de8d5225-86ae-4100-a394-288663142c16 None None] heal_instance_info_cache_interval = -1 {{(pid=107069) log_opt_values /opt/stack/data/venv/lib/python3.12/site-packages/oslo_config/cfg.py:2995}}
Mar 19 07:30:56.523004 np0000159929 devstack@n-api-meta.service[107069]: DEBUG nova.api.openstack.wsgi_app [None req-de8d5225-86ae-4100-a394-288663142c16 None None] host = np0000159929 {{(pid=107069) log_opt_values /opt/stack/data/venv/lib/python3.12/site-packages/oslo_config/cfg.py:2995}}
Mar 19 07:30:56.523137 np0000159929 devstack@n-api-meta.service[107069]: DEBUG nova.api.openstack.wsgi_app [None req-de8d5225-86ae-4100-a394-288663142c16 None None] initial_cpu_allocation_ratio = 4.0 {{(pid=107069) log_opt_values /opt/stack/data/venv/lib/python3.12/site-packages/oslo_config/cfg.py:2995}}
Mar 19 07:30:56.523265 np0000159929 devstack@n-api-meta.service[107069]: DEBUG nova.api.openstack.wsgi_app [None req-de8d5225-86ae-4100-a394-288663142c16 None None] initial_disk_allocation_ratio = 1.0 {{(pid=107069) log_opt_values /opt/stack/data/venv/lib/python3.12/site-packages/oslo_config/cfg.py:2995}}
Mar 19 07:30:56.523391 np0000159929 devstack@n-api-meta.service[107069]: DEBUG nova.api.openstack.wsgi_app [None req-de8d5225-86ae-4100-a394-288663142c16 None None] initial_ram_allocation_ratio = 1.0 {{(pid=107069) log_opt_values /opt/stack/data/venv/lib/python3.12/site-packages/oslo_config/cfg.py:2995}}
Mar 19 07:30:56.523558 np0000159929 devstack@n-api-meta.service[107069]: DEBUG nova.api.openstack.wsgi_app [None req-de8d5225-86ae-4100-a394-288663142c16 None None] injected_network_template = /opt/stack/nova/nova/virt/interfaces.template {{(pid=107069) log_opt_values /opt/stack/data/venv/lib/python3.12/site-packages/oslo_config/cfg.py:2995}}
Mar 19 07:30:56.523684 np0000159929 devstack@n-api-meta.service[107069]: DEBUG nova.api.openstack.wsgi_app [None req-de8d5225-86ae-4100-a394-288663142c16 None None] instance_build_timeout = 0 {{(pid=107069) log_opt_values /opt/stack/data/venv/lib/python3.12/site-packages/oslo_config/cfg.py:2995}}
Mar 19 07:30:56.523830 np0000159929 devstack@n-api-meta.service[107069]: DEBUG nova.api.openstack.wsgi_app [None req-de8d5225-86ae-4100-a394-288663142c16 None None] instance_delete_interval = 300 {{(pid=107069) log_opt_values /opt/stack/data/venv/lib/python3.12/site-packages/oslo_config/cfg.py:2995}}
Mar 19 07:30:56.523960 np0000159929 devstack@n-api-meta.service[107069]: DEBUG nova.api.openstack.wsgi_app [None req-de8d5225-86ae-4100-a394-288663142c16 None None] instance_format = [instance: %(uuid)s] {{(pid=107069) log_opt_values /opt/stack/data/venv/lib/python3.12/site-packages/oslo_config/cfg.py:2995}}
Mar 19 07:30:56.524090 np0000159929 devstack@n-api-meta.service[107069]: DEBUG nova.api.openstack.wsgi_app [None req-de8d5225-86ae-4100-a394-288663142c16 None None] instance_name_template = instance-%08x {{(pid=107069) log_opt_values /opt/stack/data/venv/lib/python3.12/site-packages/oslo_config/cfg.py:2995}}
Mar 19 07:30:56.524215 np0000159929 devstack@n-api-meta.service[107069]: DEBUG nova.api.openstack.wsgi_app [None req-de8d5225-86ae-4100-a394-288663142c16 None None] instance_usage_audit = False {{(pid=107069) log_opt_values /opt/stack/data/venv/lib/python3.12/site-packages/oslo_config/cfg.py:2995}}
Mar 19 07:30:56.524350 np0000159929 devstack@n-api-meta.service[107069]: DEBUG nova.api.openstack.wsgi_app [None req-de8d5225-86ae-4100-a394-288663142c16 None None] instance_usage_audit_period = month {{(pid=107069) log_opt_values /opt/stack/data/venv/lib/python3.12/site-packages/oslo_config/cfg.py:2995}}
Mar 19 07:30:56.524479 np0000159929 devstack@n-api-meta.service[107069]: DEBUG nova.api.openstack.wsgi_app [None req-de8d5225-86ae-4100-a394-288663142c16 None None] instance_uuid_format = [instance: %(uuid)s] {{(pid=107069) log_opt_values /opt/stack/data/venv/lib/python3.12/site-packages/oslo_config/cfg.py:2995}}
Mar 19 07:30:56.524608 np0000159929 devstack@n-api-meta.service[107069]: DEBUG nova.api.openstack.wsgi_app [None req-de8d5225-86ae-4100-a394-288663142c16 None None] instances_path = /opt/stack/data/nova/instances {{(pid=107069) log_opt_values /opt/stack/data/venv/lib/python3.12/site-packages/oslo_config/cfg.py:2995}}
Mar 19 07:30:56.524756 np0000159929 devstack@n-api-meta.service[107069]: DEBUG nova.api.openstack.wsgi_app [None req-de8d5225-86ae-4100-a394-288663142c16 None None] internal_service_availability_zone = internal {{(pid=107069) log_opt_values /opt/stack/data/venv/lib/python3.12/site-packages/oslo_config/cfg.py:2995}}
Mar 19 07:30:56.524881 np0000159929 devstack@n-api-meta.service[107069]: DEBUG nova.api.openstack.wsgi_app [None req-de8d5225-86ae-4100-a394-288663142c16 None None] key = None {{(pid=107069) log_opt_values /opt/stack/data/venv/lib/python3.12/site-packages/oslo_config/cfg.py:2995}}
Mar 19 07:30:56.525011 np0000159929 devstack@n-api-meta.service[107069]: DEBUG nova.api.openstack.wsgi_app [None req-de8d5225-86ae-4100-a394-288663142c16 None None] live_migration_retry_count = 30 {{(pid=107069) log_opt_values /opt/stack/data/venv/lib/python3.12/site-packages/oslo_config/cfg.py:2995}}
Mar 19 07:30:56.525142 np0000159929 devstack@n-api-meta.service[107069]: DEBUG nova.api.openstack.wsgi_app [None req-de8d5225-86ae-4100-a394-288663142c16 None None] log_color = False {{(pid=107069) log_opt_values /opt/stack/data/venv/lib/python3.12/site-packages/oslo_config/cfg.py:2995}}
Mar 19 07:30:56.525271 np0000159929 devstack@n-api-meta.service[107069]: DEBUG nova.api.openstack.wsgi_app [None req-de8d5225-86ae-4100-a394-288663142c16 None None] log_config_append = None {{(pid=107069) log_opt_values /opt/stack/data/venv/lib/python3.12/site-packages/oslo_config/cfg.py:2995}}
Mar 19 07:30:56.525404 np0000159929 devstack@n-api-meta.service[107069]: DEBUG nova.api.openstack.wsgi_app [None req-de8d5225-86ae-4100-a394-288663142c16 None None] log_date_format = %Y-%m-%d %H:%M:%S {{(pid=107069) log_opt_values /opt/stack/data/venv/lib/python3.12/site-packages/oslo_config/cfg.py:2995}}
Mar 19 07:30:56.525531 np0000159929 devstack@n-api-meta.service[107069]: DEBUG nova.api.openstack.wsgi_app [None req-de8d5225-86ae-4100-a394-288663142c16 None None] log_dir = None {{(pid=107069) log_opt_values /opt/stack/data/venv/lib/python3.12/site-packages/oslo_config/cfg.py:2995}}
Mar 19 07:30:56.525666 np0000159929 devstack@n-api-meta.service[107069]: DEBUG nova.api.openstack.wsgi_app [None req-de8d5225-86ae-4100-a394-288663142c16 None None] log_file = None {{(pid=107069) log_opt_values /opt/stack/data/venv/lib/python3.12/site-packages/oslo_config/cfg.py:2995}}
Mar 19 07:30:56.525879 np0000159929 devstack@n-api-meta.service[107069]: DEBUG nova.api.openstack.wsgi_app [None req-de8d5225-86ae-4100-a394-288663142c16 None None] log_options = True {{(pid=107069) log_opt_values /opt/stack/data/venv/lib/python3.12/site-packages/oslo_config/cfg.py:2995}}
Mar 19 07:30:56.526024 np0000159929 devstack@n-api-meta.service[107069]: DEBUG nova.api.openstack.wsgi_app [None req-de8d5225-86ae-4100-a394-288663142c16 None None] log_rotate_interval = 1 {{(pid=107069) log_opt_values /opt/stack/data/venv/lib/python3.12/site-packages/oslo_config/cfg.py:2995}}
Mar 19 07:30:56.526162 np0000159929 devstack@n-api-meta.service[107069]: DEBUG nova.api.openstack.wsgi_app [None req-de8d5225-86ae-4100-a394-288663142c16 None None] log_rotate_interval_type = days {{(pid=107069) log_opt_values /opt/stack/data/venv/lib/python3.12/site-packages/oslo_config/cfg.py:2995}}
Mar 19 07:30:56.526294 np0000159929 devstack@n-api-meta.service[107069]: DEBUG nova.api.openstack.wsgi_app [None req-de8d5225-86ae-4100-a394-288663142c16 None None] log_rotation_type = none {{(pid=107069) log_opt_values /opt/stack/data/venv/lib/python3.12/site-packages/oslo_config/cfg.py:2995}}
Mar 19 07:30:56.526398 np0000159929 devstack@n-api-meta.service[107069]: DEBUG nova.api.openstack.wsgi_app [None req-de8d5225-86ae-4100-a394-288663142c16 None None] logging_context_format_string = %(color)s%(levelname)s %(name)s [%(global_request_id)s %(request_id)s %(project_name)s %(user_name)s%(color)s] %(instance)s%(color)s%(message)s {{(pid=107069) log_opt_values /opt/stack/data/venv/lib/python3.12/site-packages/oslo_config/cfg.py:2995}}
Mar 19 07:30:56.526498 np0000159929 devstack@n-api-meta.service[107069]: DEBUG nova.api.openstack.wsgi_app [None req-de8d5225-86ae-4100-a394-288663142c16 None None] logging_debug_format_suffix = {{(pid=%(process)d) %(funcName)s %(pathname)s:%(lineno)d}} {{(pid=107069) log_opt_values /opt/stack/data/venv/lib/python3.12/site-packages/oslo_config/cfg.py:2995}}
