2026-08-26 01:41:30.431 9 INFO neutron.wsgi [None req-e48bbf94-e2d7-4a82-8859-716f311d5f5b 179e8bdbb1c342d39e671097e84dccd4 d761fbba1a6f49ea86fe1fe4277e79ab - - default default] 162.253.55.223 "GET /v2.0/ports/26ccdb5d-b440-481d-b159-98328198b8bb HTTP/1.1" status: 200 len: 1587 time: 0.0443425
2026-08-26 01:41:30.434 9 INFO neutron.wsgi [None req-cc9172de-a343-4559-b41c-9fdd03572092 179e8bdbb1c342d39e671097e84dccd4 d761fbba1a6f49ea86fe1fe4277e79ab - - default default] 10.0.0.220 "GET /v2.0/agents HTTP/1.1" status: 200 len: 997 time: 0.1279230
2026-08-26 01:41:30.463 9 INFO neutron.wsgi [None req-961554ae-4976-4e0f-97ef-cc8133ec87ec 179e8bdbb1c342d39e671097e84dccd4 d761fbba1a6f49ea86fe1fe4277e79ab - - default default] 10.0.0.220 "GET /v2.0/network-ip-availabilities HTTP/1.1" status: 200 len: 3363 time: 0.0276330
2026-08-26 01:41:30.469 10 INFO neutron.wsgi [req-6fb403e9-2823-44ec-9d44-463026ff791c req-b48e9a3d-35be-4d78-8fd5-ae7e862dc9a4 7a18b78282664b068b473887215091ee 08ccdc6a1619498ba73514faa2281105 - - b7b1c90675bb46a2bb8fa6c30a4c48d0 b7b1c90675bb46a2bb8fa6c30a4c48d0] 162.253.55.223 "GET /v2.0/networks/b145cefa-62c1-46e7-995a-7d91a869cf75?fields=segments HTTP/1.1" status: 200 len: 212 time: 0.0976179
2026-08-26 01:41:30.495 10 INFO neutron.db.ovn_revision_numbers_db [None req-8c15824c-b5df-4752-9ac7-0a1ceda6f524 - - - - - -] Successfully bumped revision number for resource 26ccdb5d-b440-481d-b159-98328198b8bb (type: ports) to 4
2026-08-26 01:41:30.526 9 INFO neutron.wsgi [None req-751a5213-160a-4f93-8a1d-c3ef8c59ce7a 179e8bdbb1c342d39e671097e84dccd4 d761fbba1a6f49ea86fe1fe4277e79ab - - default default] 10.0.0.220 "GET /v2.0/subnets HTTP/1.1" status: 200 len: 5496 time: 0.0613024
2026-08-26 01:41:30.577 10 INFO neutron.wsgi [req-6fb403e9-2823-44ec-9d44-463026ff791c req-cff20637-719e-4da5-a127-b40855410afd 7a18b78282664b068b473887215091ee 08ccdc6a1619498ba73514faa2281105 - - b7b1c90675bb46a2bb8fa6c30a4c48d0 b7b1c90675bb46a2bb8fa6c30a4c48d0] 162.253.55.223 "GET /v2.0/networks/b145cefa-62c1-46e7-995a-7d91a869cf75?fields=provider%3Aphysical_network&fields=provider%3Anetwork_type HTTP/1.1" status: 200 len: 277 time: 0.0985870
2026-08-26 01:41:30.601 9 INFO neutron.wsgi [None req-4924117a-5d5d-4f45-a9bf-50de8bfbfe08 179e8bdbb1c342d39e671097e84dccd4 d761fbba1a6f49ea86fe1fe4277e79ab - - default default] 10.0.0.220 "GET /v2.0/floatingips HTTP/1.1" status: 200 len: 2766 time: 0.0681670
2026-08-26 01:41:30.693 9 INFO neutron.wsgi [None req-3629eed4-27ed-4fa1-92cd-afeba91d5566 179e8bdbb1c342d39e671097e84dccd4 d761fbba1a6f49ea86fe1fe4277e79ab - - default default] 10.0.0.220 "GET /v2.0/networks HTTP/1.1" status: 200 len: 4721 time: 0.0892456
2026-08-26 01:41:30.809 9 INFO neutron.wsgi [None req-73ccbe3c-604e-4655-bd83-7546fa08a28c 179e8bdbb1c342d39e671097e84dccd4 d761fbba1a6f49ea86fe1fe4277e79ab - - default default] 10.0.0.220 "GET /v2.0/security-groups HTTP/1.1" status: 200 len: 30233 time: 0.1100588
2026-08-26 01:41:30.882 9 INFO neutron.wsgi [None req-6bebd89f-2308-40a0-9a0d-945cd4fa5527 179e8bdbb1c342d39e671097e84dccd4 d761fbba1a6f49ea86fe1fe4277e79ab - - default default] 10.0.0.220 "GET /v2.0/ports HTTP/1.1" status: 200 len: 24190 time: 0.0620115 /var/lib/openstack/lib/python3.10/site-packages/pycadf/identifier.py:71: UserWarning: Invalid uuid: neutron. To ensure interoperability, identifiers should be a valid uuid. warnings.warn(('Invalid uuid: %s. To ensure interoperability, '
2026-08-26 01:41:30.995 9 INFO neutron.db.ovn_revision_numbers_db [None req-5288bfb5-8b78-4119-831f-49e27c17ef19 179e8bdbb1c342d39e671097e84dccd4 d761fbba1a6f49ea86fe1fe4277e79ab - - - -] Successfully bumped revision number for resource 26ccdb5d-b440-481d-b159-98328198b8bb (type: ports) to 5
2026-08-26 01:41:30.998 9 INFO neutron.wsgi [None req-98d87842-3836-44d9-824a-a4d049b05b5a 179e8bdbb1c342d39e671097e84dccd4 d761fbba1a6f49ea86fe1fe4277e79ab - - default default] 10.0.0.220 "GET /v2.0/routers HTTP/1.1" status: 200 len: 849 time: 0.0984726
2026-08-26 01:41:31.017 9 INFO neutron.wsgi [None req-5288bfb5-8b78-4119-831f-49e27c17ef19 179e8bdbb1c342d39e671097e84dccd4 d761fbba1a6f49ea86fe1fe4277e79ab - - - -] 162.253.55.223 "PUT /v2.0/ports/26ccdb5d-b440-481d-b159-98328198b8bb HTTP/1.1" status: 200 len: 1326 time: 0.5764494
2026-08-26 01:41:31.038 9 INFO neutron.wsgi [None req-055a917e-3f8b-4e4b-9a15-e92cea6787a0 179e8bdbb1c342d39e671097e84dccd4 d761fbba1a6f49ea86fe1fe4277e79ab - - default default] 10.0.0.220 "GET /v2.0/agents?binary=ovn-controller HTTP/1.1" status: 200 len: 591 time: 0.0382848
2026-08-26 01:41:31.073 9 INFO neutron.notifiers.nova [-] Nova event matching ['req-3749381e-ef4b-4516-a946-3bd82b8b17cf'] response: {'name': 'network-changed', 'server_uuid': '6d17a9c5-b637-443a-a8f8-95582db99e74', 'tag': '26ccdb5d-b440-481d-b159-98328198b8bb', 'status': 'completed', 'code': 200} /var/lib/openstack/lib/python3.10/site-packages/pycadf/identifier.py:71: UserWarning: Invalid uuid: neutron. To ensure interoperability, identifiers should be a valid uuid. warnings.warn(('Invalid uuid: %s. To ensure interoperability, '
2026-08-26 01:41:31.105 9 INFO neutron.wsgi [None req-966aadfe-ac9b-46c7-814b-c17ceecbd2da 179e8bdbb1c342d39e671097e84dccd4 d761fbba1a6f49ea86fe1fe4277e79ab - - default default] 10.0.0.220 "GET /v2.0/subnets HTTP/1.1" status: 200 len: 5496 time: 0.0654562
2026-08-26 01:41:31.124 10 INFO neutron.wsgi [req-1679cdee-4f03-4003-9145-1598829d694d req-fe30267d-c72b-4ae7-b5dd-002bfc0ea0a0 7a18b78282664b068b473887215091ee 08ccdc6a1619498ba73514faa2281105 - - b7b1c90675bb46a2bb8fa6c30a4c48d0 b7b1c90675bb46a2bb8fa6c30a4c48d0] 162.253.55.223 "GET /v2.0/ports?tenant_id=d761fbba1a6f49ea86fe1fe4277e79ab&device_id=6d17a9c5-b637-443a-a8f8-95582db99e74 HTTP/1.1" status: 200 len: 4928 time: 0.0295613
2026-08-26 01:41:31.126 9 INFO neutron.wsgi [None req-d641ca20-efb2-4f2f-8572-0e042effa4ab 179e8bdbb1c342d39e671097e84dccd4 d761fbba1a6f49ea86fe1fe4277e79ab - - default default] 10.0.0.220 "GET /v2.0/subnetpools HTTP/1.1" status: 200 len: 193 time: 0.0186708
2026-08-26 01:41:31.128 9 INFO neutron.wsgi [None req-0a16a8cd-e62e-4564-84e7-6fc23cd9ea07 179e8bdbb1c342d39e671097e84dccd4 d761fbba1a6f49ea86fe1fe4277e79ab - - default default] 162.253.55.223 "GET /v2.0/networks/b145cefa-62c1-46e7-995a-7d91a869cf75 HTTP/1.1" status: 200 len: 1000 time: 0.1027775
2026-08-26 01:41:31.176 9 INFO neutron.wsgi [None req-36067be5-5154-417a-9a24-ad55f1fdcf7b 179e8bdbb1c342d39e671097e84dccd4 d761fbba1a6f49ea86fe1fe4277e79ab - - default default] 162.253.55.223 "GET /v2.0/subnets/c8f8ca0a-3418-4756-a366-0955a44a73d0 HTTP/1.1" status: 200 len: 848 time: 0.0405755
2026-08-26 01:41:31.187 10 INFO neutron.wsgi [req-1679cdee-4f03-4003-9145-1598829d694d req-361f7665-620b-4cdf-96f2-d87a75deb2ea 7a18b78282664b068b473887215091ee 08ccdc6a1619498ba73514faa2281105 - - b7b1c90675bb46a2bb8fa6c30a4c48d0 b7b1c90675bb46a2bb8fa6c30a4c48d0] 162.253.55.223 "GET /v2.0/networks?id=b145cefa-62c1-46e7-995a-7d91a869cf75 HTTP/1.1" status: 200 len: 1003 time: 0.0552433
2026-08-26 01:41:31.214 10 INFO neutron.wsgi [req-1679cdee-4f03-4003-9145-1598829d694d req-9b6f826e-0fc8-45b1-a854-89c453cafe3c 7a18b78282664b068b473887215091ee 08ccdc6a1619498ba73514faa2281105 - - b7b1c90675bb46a2bb8fa6c30a4c48d0 b7b1c90675bb46a2bb8fa6c30a4c48d0] 162.253.55.223 "GET /v2.0/floatingips?fixed_ip_address=10.2.2.20&port_id=26ccdb5d-b440-481d-b159-98328198b8bb HTTP/1.1" status: 200 len: 217 time: 0.0209744
2026-08-26 01:41:31.254 10 INFO neutron.wsgi [req-1679cdee-4f03-4003-9145-1598829d694d req-21cc25a9-5007-42a8-b2ba-2b45827db00a 7a18b78282664b068b473887215091ee 08ccdc6a1619498ba73514faa2281105 - - b7b1c90675bb46a2bb8fa6c30a4c48d0 b7b1c90675bb46a2bb8fa6c30a4c48d0] 162.253.55.223 "GET /v2.0/subnets?id=c8f8ca0a-3418-4756-a366-0955a44a73d0 HTTP/1.1" status: 200 len: 851 time: 0.0351157
2026-08-26 01:41:31.276 9 INFO neutron.wsgi [None req-f93de60e-859b-46c1-9033-c2895197a3e8 179e8bdbb1c342d39e671097e84dccd4 d761fbba1a6f49ea86fe1fe4277e79ab - - default default] 162.253.55.223 "GET /v2.0/extensions/security-group HTTP/1.1" status: 200 len: 369 time: 0.0137508
2026-08-26 01:41:31.285 9 INFO neutron.wsgi [None req-0952367b-24fb-4b19-b12e-dea4e55aaafa 179e8bdbb1c342d39e671097e84dccd4 d761fbba1a6f49ea86fe1fe4277e79ab - - default default] 162.253.55.223 "GET /v2.0/extensions/dns-integration HTTP/1.1" status: 200 len: 371 time: 0.0038550
2026-08-26 01:41:31.295 9 INFO neutron.wsgi [None req-e6fca59c-e6b6-48af-9f4a-970fe02b51e7 179e8bdbb1c342d39e671097e84dccd4 d761fbba1a6f49ea86fe1fe4277e79ab - - default default] 162.253.55.223 "GET /v2.0/extensions/qos HTTP/1.1" status: 200 len: 365 time: 0.0064008
2026-08-26 01:41:31.304 10 INFO neutron.wsgi [req-1679cdee-4f03-4003-9145-1598829d694d req-671d0d99-fd2e-4326-a542-149a8c5ab5c2 7a18b78282664b068b473887215091ee 08ccdc6a1619498ba73514faa2281105 - - b7b1c90675bb46a2bb8fa6c30a4c48d0 b7b1c90675bb46a2bb8fa6c30a4c48d0] 162.253.55.223 "GET /v2.0/ports?network_id=b145cefa-62c1-46e7-995a-7d91a869cf75&device_owner=network%3Adhcp HTTP/1.1" status: 200 len: 210 time: 0.0330908
2026-08-26 01:41:31.305 9 INFO neutron.wsgi [None req-3de07431-ebd6-4e17-a46d-b829ddbc60a4 179e8bdbb1c342d39e671097e84dccd4 d761fbba1a6f49ea86fe1fe4277e79ab - - default default] 162.253.55.223 "GET /v2.0/extensions/allowed-address-pairs HTTP/1.1" status: 200 len: 383 time: 0.0039637
2026-08-26 01:41:31.350 9 INFO neutron.wsgi [None req-7cea8492-2fbc-4871-8fc4-5876cb154084 179e8bdbb1c342d39e671097e84dccd4 d761fbba1a6f49ea86fe1fe4277e79ab - - default default] 162.253.55.223 "GET /v2.0/subnets/9fd8dd80-ace7-4ba6-a350-1c307792d206 HTTP/1.1" status: 200 len: 851 time: 0.0400767
2026-08-26 01:41:31.364 10 INFO neutron.wsgi [req-1679cdee-4f03-4003-9145-1598829d694d req-66ae2ec7-bf6e-45cf-8a46-d0af62c247dd 7a18b78282664b068b473887215091ee 08ccdc6a1619498ba73514faa2281105 - - b7b1c90675bb46a2bb8fa6c30a4c48d0 b7b1c90675bb46a2bb8fa6c30a4c48d0] 162.253.55.223 "GET /v2.0/networks/b145cefa-62c1-46e7-995a-7d91a869cf75?fields=segments HTTP/1.1" status: 200 len: 212 time: 0.0528312
2026-08-26 01:41:31.388 9 INFO neutron.wsgi [None req-0902c250-97ed-4080-8081-04f308f3e41c 179e8bdbb1c342d39e671097e84dccd4 d761fbba1a6f49ea86fe1fe4277e79ab - - default default] 162.253.55.223 "GET /v2.0/ports/d9b42883-9ef4-4a1a-8e8e-55458752def0 HTTP/1.1" status: 200 len: 1340 time: 0.0320833
2026-08-26 01:41:31.424 9 INFO neutron.wsgi [None req-e7964d47-c446-430f-b5fb-4fa63935ac7d 179e8bdbb1c342d39e671097e84dccd4 d761fbba1a6f49ea86fe1fe4277e79ab - - default default] 162.253.55.223 "GET /v2.0/ports/f5e343b0-1eca-429b-aa4f-c1c05c6da86a HTTP/1.1" status: 200 len: 1471 time: 0.0301454
2026-08-26 01:41:31.442 10 INFO neutron.wsgi [req-1679cdee-4f03-4003-9145-1598829d694d req-01cacf9d-6097-4cf2-a99e-01ae8c0b08c7 7a18b78282664b068b473887215091ee 08ccdc6a1619498ba73514faa2281105 - - b7b1c90675bb46a2bb8fa6c30a4c48d0 b7b1c90675bb46a2bb8fa6c30a4c48d0] 162.253.55.223 "GET /v2.0/networks/b145cefa-62c1-46e7-995a-7d91a869cf75?fields=provider%3Aphysical_network&fields=provider%3Anetwork_type HTTP/1.1" status: 200 len: 277 time: 0.0700812
2026-08-26 01:41:31.468 9 INFO neutron.wsgi [None req-3f1f7444-4fd3-47ff-ab89-a6510285d178 179e8bdbb1c342d39e671097e84dccd4 d761fbba1a6f49ea86fe1fe4277e79ab - - default default] 162.253.55.223 "GET /v2.0/subnets/9fd8dd80-ace7-4ba6-a350-1c307792d206 HTTP/1.1" status: 200 len: 851 time: 0.0389507
2026-08-26 01:41:31.551 9 INFO neutron.wsgi [None req-c3dd196f-d707-43b8-83e7-da4647c16fa3 179e8bdbb1c342d39e671097e84dccd4 d761fbba1a6f49ea86fe1fe4277e79ab - - default default] 162.253.55.223 "GET /v2.0/networks/a06fdd8a-7631-4350-8f5a-3149bd5c586c HTTP/1.1" status: 200 len: 1001 time: 0.0788569
2026-08-26 01:41:31.596 9 INFO neutron.wsgi [None req-5f427924-da89-43df-bbc4-deedffa97915 179e8bdbb1c342d39e671097e84dccd4 d761fbba1a6f49ea86fe1fe4277e79ab - - default default] 162.253.55.223 "GET /v2.0/ports/d9b42883-9ef4-4a1a-8e8e-55458752def0 HTTP/1.1" status: 200 len: 1340 time: 0.0379605
2026-08-26 01:41:31.640 9 INFO neutron.wsgi [None req-caf92d5a-1aae-4ac1-b1fe-b29619389b5d 179e8bdbb1c342d39e671097e84dccd4 d761fbba1a6f49ea86fe1fe4277e79ab - - default default] 162.253.55.223 "GET /v2.0/subnets/9fd8dd80-ace7-4ba6-a350-1c307792d206 HTTP/1.1" status: 200 len: 851 time: 0.0381138
2026-08-26 01:41:32.324 10 INFO neutron.notifiers.nova [-] Nova event matching ['req-64caaedd-e80d-4db4-805e-762778ef5184'] response: {'server_uuid': '6d17a9c5-b637-443a-a8f8-95582db99e74', 'name': 'network-vif-plugged', 'status': 'completed', 'tag': '26ccdb5d-b440-481d-b159-98328198b8bb', 'code': 200}
2026-08-26 01:41:32.552 9 INFO neutron.wsgi [-] 10.0.0.16 "GET / HTTP/1.1" status: 200 len: 246 time: 0.0020010
2026-08-26 01:41:32.552 10 INFO neutron.wsgi [-] 10.0.0.16 "GET / HTTP/1.1" status: 200 len: 246 time: 0.0019605
2026-08-26 01:41:40.295 9 INFO neutron.wsgi [None req-a4ddb17c-99d4-46db-971a-e4bde791eef7 179e8bdbb1c342d39e671097e84dccd4 d761fbba1a6f49ea86fe1fe4277e79ab - - default default] 162.253.55.223 "GET /v2.0/extensions/security-group HTTP/1.1" status: 200 len: 369 time: 0.0072317
2026-08-26 01:41:40.306 9 INFO neutron.wsgi [None req-47c70bf3-0b97-4e12-b2dd-ffe83e64d22a 179e8bdbb1c342d39e671097e84dccd4 d761fbba1a6f49ea86fe1fe4277e79ab - - default default] 162.253.55.223 "GET /v2.0/extensions/dns-integration HTTP/1.1" status: 200 len: 371 time: 0.0075994
2026-08-26 01:41:40.314 9 INFO neutron.wsgi [None req-8a76006f-c177-44fb-9186-2b27f39cd608 179e8bdbb1c342d39e671097e84dccd4 d761fbba1a6f49ea86fe1fe4277e79ab - - default default] 162.253.55.223 "GET /v2.0/extensions/qos HTTP/1.1" status: 200 len: 365 time: 0.0033095
2026-08-26 01:41:40.325 9 INFO neutron.wsgi [None req-61501a5c-3431-4fdd-b973-19089645abc9 179e8bdbb1c342d39e671097e84dccd4 d761fbba1a6f49ea86fe1fe4277e79ab - - default default] 162.253.55.223 "GET /v2.0/extensions/allowed-address-pairs HTTP/1.1" status: 200 len: 383 time: 0.0060158
2026-08-26 01:41:40.388 9 INFO neutron.wsgi [None req-87c19a57-447e-46ea-bda6-327ff5f88da3 179e8bdbb1c342d39e671097e84dccd4 d761fbba1a6f49ea86fe1fe4277e79ab - - default default] 162.253.55.223 "GET /v2.0/subnets/12d30994-045d-4290-8567-319c80b96df3 HTTP/1.1" status: 200 len: 849 time: 0.0496008
2026-08-26 01:41:40.460 9 INFO neutron.wsgi [None req-10ff1f02-75b7-415c-acaf-8951e69e1116 179e8bdbb1c342d39e671097e84dccd4 d761fbba1a6f49ea86fe1fe4277e79ab - - default default] 162.253.55.223 "GET /v2.0/ports?device_id=6d17a9c5-b637-443a-a8f8-95582db99e74 HTTP/1.1" status: 200 len: 4928 time: 0.0647123
2026-08-26 01:41:40.636 9 INFO neutron.wsgi [None req-a70c89ae-b934-4749-8165-7998c4af6237 179e8bdbb1c342d39e671097e84dccd4 d761fbba1a6f49ea86fe1fe4277e79ab - - default default] 162.253.55.223 "GET /v2.0/extensions/security-group HTTP/1.1" status: 200 len: 369 time: 0.0101969
2026-08-26 01:41:40.647 9 INFO neutron.wsgi [None req-a8c050c4-95e2-425e-91bc-a14a14251405 179e8bdbb1c342d39e671097e84dccd4 d761fbba1a6f49ea86fe1fe4277e79ab - - default default] 162.253.55.223 "GET /v2.0/extensions/dns-integration HTTP/1.1" status: 200 len: 371 time: 0.0042558
2026-08-26 01:41:40.654 9 INFO neutron.wsgi [None req-7600ffb2-cec9-45c4-949f-59743f55779a 179e8bdbb1c342d39e671097e84dccd4 d761fbba1a6f49ea86fe1fe4277e79ab - - default default] 162.253.55.223 "GET /v2.0/extensions/qos HTTP/1.1" status: 200 len: 365 time: 0.0047405
2026-08-26 01:41:40.664 9 INFO neutron.wsgi [None req-0941667a-46f3-44bc-872f-c3188223657e 179e8bdbb1c342d39e671097e84dccd4 d761fbba1a6f49ea86fe1fe4277e79ab - - default default] 162.253.55.223 "GET /v2.0/extensions/allowed-address-pairs HTTP/1.1" status: 200 len: 383 time: 0.0052402
2026-08-26 01:41:40.707 9 INFO neutron.wsgi [None req-9d38b177-0fb9-4bfb-8737-b569fbe09b26 179e8bdbb1c342d39e671097e84dccd4 d761fbba1a6f49ea86fe1fe4277e79ab - - default default] 162.253.55.223 "GET /v2.0/ports/26ccdb5d-b440-481d-b159-98328198b8bb HTTP/1.1" status: 200 len: 1354 time: 0.0360584
2026-08-26 01:41:41.043 9 INFO neutron.db.ovn_revision_numbers_db [None req-caf26102-7ed8-4304-b1d2-15cb0b512a24 179e8bdbb1c342d39e671097e84dccd4 d761fbba1a6f49ea86fe1fe4277e79ab - - - -] Successfully bumped revision number for resource 26ccdb5d-b440-481d-b159-98328198b8bb (type: ports) to 6
2026-08-26 01:41:41.056 9 INFO neutron.wsgi [None req-caf26102-7ed8-4304-b1d2-15cb0b512a24 179e8bdbb1c342d39e671097e84dccd4 d761fbba1a6f49ea86fe1fe4277e79ab - - - -] 162.253.55.223 "PUT /v2.0/ports/26ccdb5d-b440-481d-b159-98328198b8bb HTTP/1.1" status: 200 len: 1154 time: 0.3438408 /var/lib/openstack/lib/python3.10/site-packages/pycadf/identifier.py:71: UserWarning: Invalid uuid: neutron. To ensure interoperability, identifiers should be a valid uuid. warnings.warn(('Invalid uuid: %s. To ensure interoperability, '
2026-08-26 01:41:41.107 9 INFO neutron.notifiers.nova [-] Nova event matching ['req-a76f9404-3bca-42a7-a219-8754e4ac0aa3'] response: {'name': 'network-changed', 'server_uuid': '6d17a9c5-b637-443a-a8f8-95582db99e74', 'tag': '26ccdb5d-b440-481d-b159-98328198b8bb', 'status': 'completed', 'code': 200}
2026-08-26 01:41:41.126 9 INFO neutron.wsgi [None req-8e7b10a8-a6ab-44f5-a237-e0f5f460382f 179e8bdbb1c342d39e671097e84dccd4 d761fbba1a6f49ea86fe1fe4277e79ab - - default default] 162.253.55.223 "GET /v2.0/networks/b145cefa-62c1-46e7-995a-7d91a869cf75 HTTP/1.1" status: 200 len: 1000 time: 0.0620313
2026-08-26 01:41:41.166 9 INFO neutron.wsgi [None req-43a24b1a-9281-4395-858b-36c5b862a152 179e8bdbb1c342d39e671097e84dccd4 d761fbba1a6f49ea86fe1fe4277e79ab - - default default] 162.253.55.223 "GET /v2.0/ports?device_id=6d17a9c5-b637-443a-a8f8-95582db99e74 HTTP/1.1" status: 200 len: 4757 time: 0.0328062
2026-08-26 01:41:41.183 10 INFO neutron.wsgi [req-0fe094b4-747e-4b97-be9b-13aa421c7ac4 req-cf58de76-bd7e-4b52-9aec-43288049050a 7a18b78282664b068b473887215091ee 08ccdc6a1619498ba73514faa2281105 - - b7b1c90675bb46a2bb8fa6c30a4c48d0 b7b1c90675bb46a2bb8fa6c30a4c48d0] 162.253.55.223 "GET /v2.0/ports?tenant_id=d761fbba1a6f49ea86fe1fe4277e79ab&device_id=6d17a9c5-b637-443a-a8f8-95582db99e74 HTTP/1.1" status: 200 len: 4757 time: 0.0606217
2026-08-26 01:41:41.244 10 INFO neutron.wsgi [req-0fe094b4-747e-4b97-be9b-13aa421c7ac4 req-9c9c201c-5895-4481-ac18-1b5a84fbf69b 7a18b78282664b068b473887215091ee 08ccdc6a1619498ba73514faa2281105 - - b7b1c90675bb46a2bb8fa6c30a4c48d0 b7b1c90675bb46a2bb8fa6c30a4c48d0] 162.253.55.223 "GET /v2.0/networks?id=b145cefa-62c1-46e7-995a-7d91a869cf75 HTTP/1.1" status: 200 len: 1003 time: 0.0551224
2026-08-26 01:41:41.280 9 INFO neutron.wsgi [None req-6db762ac-3df6-4976-83c5-0d78829ef498 179e8bdbb1c342d39e671097e84dccd4 d761fbba1a6f49ea86fe1fe4277e79ab - - default default] 162.253.55.223 "GET /v2.0/ports?device_id=6d17a9c5-b637-443a-a8f8-95582db99e74 HTTP/1.1" status: 200 len: 4757 time: 0.0339229
2026-08-26 01:41:41.313 10 INFO neutron.wsgi [req-0fe094b4-747e-4b97-be9b-13aa421c7ac4 req-a5d8e46e-3f26-4e85-b515-d3e338c82282 7a18b78282664b068b473887215091ee 08ccdc6a1619498ba73514faa2281105 - - b7b1c90675bb46a2bb8fa6c30a4c48d0 b7b1c90675bb46a2bb8fa6c30a4c48d0] 162.253.55.223 "GET /v2.0/networks/b145cefa-62c1-46e7-995a-7d91a869cf75?fields=segments HTTP/1.1" status: 200 len: 212 time: 0.0651610
2026-08-26 01:41:41.398 10 INFO neutron.wsgi [req-0fe094b4-747e-4b97-be9b-13aa421c7ac4 req-dce5a318-baeb-4a48-be87-fbbc7104002e 7a18b78282664b068b473887215091ee 08ccdc6a1619498ba73514faa2281105 - - b7b1c90675bb46a2bb8fa6c30a4c48d0 b7b1c90675bb46a2bb8fa6c30a4c48d0] 162.253.55.223 "GET /v2.0/networks/b145cefa-62c1-46e7-995a-7d91a869cf75?fields=provider%3Aphysical_network&fields=provider%3Anetwork_type HTTP/1.1" status: 200 len: 277 time: 0.0787146
2026-08-26 01:41:41.535 10 INFO neutron.plugins.ml2.drivers.ovn.mech_driver.mech_driver [None req-8c15824c-b5df-4752-9ac7-0a1ceda6f524 - - - - - -] OVN reports status down for port: 26ccdb5d-b440-481d-b159-98328198b8bb
2026-08-26 01:41:41.621 10 INFO neutron.wsgi [req-12467edd-a906-46ab-bed5-284441d7d227 req-0dd12b50-95ac-4c8c-97ff-dfaa3df6ed43 7a18b78282664b068b473887215091ee 08ccdc6a1619498ba73514faa2281105 - - b7b1c90675bb46a2bb8fa6c30a4c48d0 b7b1c90675bb46a2bb8fa6c30a4c48d0] 162.253.55.223 "GET /v2.0/ports/26ccdb5d-b440-481d-b159-98328198b8bb HTTP/1.1" status: 200 len: 1182 time: 0.0420265
2026-08-26 01:41:41.710 10 INFO neutron.notifiers.nova [-] Nova event matching ['req-78be2305-67b9-4eb7-ae17-2d30706ff0a7'] response: {'server_uuid': '6d17a9c5-b637-443a-a8f8-95582db99e74', 'name': 'network-vif-unplugged', 'status': 'completed', 'tag': '26ccdb5d-b440-481d-b159-98328198b8bb', 'code': 200}
2026-08-26 01:41:41.909 10 INFO neutron.db.ovn_revision_numbers_db [None req-8c15824c-b5df-4752-9ac7-0a1ceda6f524 - - - - - -] Successfully bumped revision number for resource 26ccdb5d-b440-481d-b159-98328198b8bb (type: ports) to 7
2026-08-26 01:41:41.996 10 INFO neutron.wsgi [None req-48b03f30-b552-4ab4-8cd6-f26e895e237a 179e8bdbb1c342d39e671097e84dccd4 d761fbba1a6f49ea86fe1fe4277e79ab - - - -] 162.253.55.223 "DELETE /v2.0/ports/26ccdb5d-b440-481d-b159-98328198b8bb HTTP/1.1" status: 204 len: 173 time: 0.3709960
2026-08-26 01:41:42.089 10 INFO neutron.wsgi [req-12467edd-a906-46ab-bed5-284441d7d227 req-b9836b5d-bc02-4ab4-bb08-e9b38dd18515 7a18b78282664b068b473887215091ee 08ccdc6a1619498ba73514faa2281105 - - b7b1c90675bb46a2bb8fa6c30a4c48d0 b7b1c90675bb46a2bb8fa6c30a4c48d0] 162.253.55.223 "GET /v2.0/ports?tenant_id=d761fbba1a6f49ea86fe1fe4277e79ab&device_id=6d17a9c5-b637-443a-a8f8-95582db99e74 HTTP/1.1" status: 200 len: 3782 time: 0.0427651
2026-08-26 01:41:42.171 10 INFO neutron.wsgi [req-12467edd-a906-46ab-bed5-284441d7d227 req-72255c03-8004-4b9c-9d4d-c6a734ffa3c7 7a18b78282664b068b473887215091ee 08ccdc6a1619498ba73514faa2281105 - - b7b1c90675bb46a2bb8fa6c30a4c48d0 b7b1c90675bb46a2bb8fa6c30a4c48d0] 162.253.55.223 "GET /v2.0/networks?id=f9bc247a-e56f-40d6-970d-daffe1732577&id=a06fdd8a-7631-4350-8f5a-3149bd5c586c&id=d184d898-d7ea-4a51-a640-d3c15e1a5dc6&id=b145cefa-62c1-46e7-995a-7d91a869cf75 HTTP/1.1" status: 200 len: 3309 time: 0.0746996
2026-08-26 01:41:42.325 9 INFO neutron.wsgi [None req-99fb2134-ec86-43b3-89ab-097e0e55ebc4 179e8bdbb1c342d39e671097e84dccd4 d761fbba1a6f49ea86fe1fe4277e79ab - - default default] 162.253.55.223 "GET /v2.0/ports?device_id=6d17a9c5-b637-443a-a8f8-95582db99e74 HTTP/1.1" status: 200 len: 3782 time: 0.0354257
2026-08-26 01:41:42.349 9 INFO neutron.pecan_wsgi.hooks.translation [None req-63c79de5-993b-4a30-9a90-8364b7812cc5 179e8bdbb1c342d39e671097e84dccd4 d761fbba1a6f49ea86fe1fe4277e79ab - - - -] DELETE failed (client error): The resource could not be found.
2026-08-26 01:41:42.352 9 INFO neutron.wsgi [None req-63c79de5-993b-4a30-9a90-8364b7812cc5 179e8bdbb1c342d39e671097e84dccd4 d761fbba1a6f49ea86fe1fe4277e79ab - - - -] 162.253.55.223 "DELETE /v2.0/ports/26ccdb5d-b440-481d-b159-98328198b8bb HTTP/1.1" status: 404 len: 338 time: 0.0205858
2026-08-26 01:41:42.441 9 INFO neutron.wsgi [None req-c30827bf-b070-4a64-8229-2a7f85cef468 179e8bdbb1c342d39e671097e84dccd4 d761fbba1a6f49ea86fe1fe4277e79ab - - default default] 162.253.55.223 "GET /v2.0/extensions/security-group HTTP/1.1" status: 200 len: 369 time: 0.0065620
2026-08-26 01:41:42.452 9 INFO neutron.wsgi [None req-fe53a8f4-7f41-4081-813f-730101e7204d 179e8bdbb1c342d39e671097e84dccd4 d761fbba1a6f49ea86fe1fe4277e79ab - - default default] 162.253.55.223 "GET /v2.0/extensions/dns-integration HTTP/1.1" status: 200 len: 371 time: 0.0038579
2026-08-26 01:41:42.463 9 INFO neutron.wsgi [None req-8226ab71-cc74-46c9-b2ce-81d45702a68a 179e8bdbb1c342d39e671097e84dccd4 d761fbba1a6f49ea86fe1fe4277e79ab - - default default] 162.253.55.223 "GET /v2.0/extensions/qos HTTP/1.1" status: 200 len: 365 time: 0.0043919
2026-08-26 01:41:42.475 9 INFO neutron.wsgi [None req-6eb85505-2c04-47ce-9c89-b27a0ee62650 179e8bdbb1c342d39e671097e84dccd4 d761fbba1a6f49ea86fe1fe4277e79ab - - default default] 162.253.55.223 "GET /v2.0/extensions/allowed-address-pairs HTTP/1.1" status: 200 len: 383 time: 0.0052791
2026-08-26 01:41:42.523 9 INFO neutron.wsgi [None req-f484f51f-bb16-4ac1-859d-053a8e421c35 179e8bdbb1c342d39e671097e84dccd4 d761fbba1a6f49ea86fe1fe4277e79ab - - default default] 162.253.55.223 "GET /v2.0/subnets/9fd8dd80-ace7-4ba6-a350-1c307792d206 HTTP/1.1" status: 200 len: 851 time: 0.0401320
2026-08-26 01:41:42.525 10 INFO neutron.wsgi [req-12467edd-a906-46ab-bed5-284441d7d227 req-1669216a-7b13-4cac-a584-0bbdca913281 7a18b78282664b068b473887215091ee 08ccdc6a1619498ba73514faa2281105 - - b7b1c90675bb46a2bb8fa6c30a4c48d0 b7b1c90675bb46a2bb8fa6c30a4c48d0] 162.253.55.223 "GET /v2.0/floatingips?fixed_ip_address=172.24.2.153&port_id=0e1d28bf-dd47-4e7f-a89e-ece084112d53 HTTP/1.1" status: 200 len: 217 time: 0.3465917
2026-08-26 01:41:42.570 9 INFO neutron.wsgi [None req-1bd56316-6f25-445e-9a54-3663523b5b8a 179e8bdbb1c342d39e671097e84dccd4 d761fbba1a6f49ea86fe1fe4277e79ab - - default default] 162.253.55.223 "GET /v2.0/ports/d9b42883-9ef4-4a1a-8e8e-55458752def0 HTTP/1.1" status: 200 len: 1340 time: 0.0394411
2026-08-26 01:41:42.575 10 INFO neutron.wsgi [req-12467edd-a906-46ab-bed5-284441d7d227 req-764518f9-8302-4760-96da-a744d8674fd3 7a18b78282664b068b473887215091ee 08ccdc6a1619498ba73514faa2281105 - - b7b1c90675bb46a2bb8fa6c30a4c48d0 b7b1c90675bb46a2bb8fa6c30a4c48d0] 162.253.55.223 "GET /v2.0/subnets?id=0dc0b279-f95d-46b4-a400-3aa53b26d0bf HTTP/1.1" status: 200 len: 829 time: 0.0434074
2026-08-26 01:41:42.621 10 INFO neutron.wsgi [req-12467edd-a906-46ab-bed5-284441d7d227 req-867f7d65-e78b-4188-97de-7585598ca2ac 7a18b78282664b068b473887215091ee 08ccdc6a1619498ba73514faa2281105 - - b7b1c90675bb46a2bb8fa6c30a4c48d0 b7b1c90675bb46a2bb8fa6c30a4c48d0] 162.253.55.223 "GET /v2.0/ports?network_id=f9bc247a-e56f-40d6-970d-daffe1732577&device_owner=network%3Adhcp HTTP/1.1" status: 200 len: 210 time: 0.0407584
2026-08-26 01:41:42.623 9 INFO neutron.wsgi [None req-c888f916-ea3e-42cd-ad62-1f8a347e7fed 179e8bdbb1c342d39e671097e84dccd4 d761fbba1a6f49ea86fe1fe4277e79ab - - default default] 162.253.55.223 "GET /v2.0/ports/f5e343b0-1eca-429b-aa4f-c1c05c6da86a HTTP/1.1" status: 200 len: 1471 time: 0.0480773
2026-08-26 01:41:42.661 9 INFO neutron.wsgi [None req-e432e4d1-4693-4c23-a450-7c88f8a96248 179e8bdbb1c342d39e671097e84dccd4 d761fbba1a6f49ea86fe1fe4277e79ab - - default default] 162.253.55.223 "GET /v2.0/subnets/9fd8dd80-ace7-4ba6-a350-1c307792d206 HTTP/1.1" status: 200 len: 851 time: 0.0339270
2026-08-26 01:41:42.685 10 INFO neutron.wsgi [req-12467edd-a906-46ab-bed5-284441d7d227 req-8eadbf85-d0a8-489a-a9e3-ce897e2e1897 7a18b78282664b068b473887215091ee 08ccdc6a1619498ba73514faa2281105 - - b7b1c90675bb46a2bb8fa6c30a4c48d0 b7b1c90675bb46a2bb8fa6c30a4c48d0] 162.253.55.223 "GET /v2.0/networks/f9bc247a-e56f-40d6-970d-daffe1732577?fields=segments HTTP/1.1" status: 200 len: 212 time: 0.0579426
2026-08-26 01:41:42.723 9 INFO neutron.wsgi [None req-ebca2b30-a470-42db-bfaf-968f0c5413e2 179e8bdbb1c342d39e671097e84dccd4 d761fbba1a6f49ea86fe1fe4277e79ab - - default default] 162.253.55.223 "GET /v2.0/networks/a06fdd8a-7631-4350-8f5a-3149bd5c586c HTTP/1.1" status: 200 len: 1001 time: 0.0558944
2026-08-26 01:41:42.748 10 INFO neutron.wsgi [req-12467edd-a906-46ab-bed5-284441d7d227 req-7e67bf4f-3201-41c3-bb92-00b4d79d34f5 7a18b78282664b068b473887215091ee 08ccdc6a1619498ba73514faa2281105 - - b7b1c90675bb46a2bb8fa6c30a4c48d0 b7b1c90675bb46a2bb8fa6c30a4c48d0] 162.253.55.223 "GET /v2.0/networks/f9bc247a-e56f-40d6-970d-daffe1732577?fields=provider%3Aphysical_network&fields=provider%3Anetwork_type HTTP/1.1" status: 200 len: 277 time: 0.0572362
2026-08-26 01:41:42.752 9 INFO neutron.wsgi [None req-bbd43d7e-7470-4332-a41d-48b063dde6e8 179e8bdbb1c342d39e671097e84dccd4 d761fbba1a6f49ea86fe1fe4277e79ab - - default default] 162.253.55.223 "GET /v2.0/ports/d9b42883-9ef4-4a1a-8e8e-55458752def0 HTTP/1.1" status: 200 len: 1340 time: 0.0241656
2026-08-26 01:41:42.785 9 INFO neutron.wsgi [None req-49a43993-b206-45d7-9b22-286380f088d1 179e8bdbb1c342d39e671097e84dccd4 d761fbba1a6f49ea86fe1fe4277e79ab - - default default] 162.253.55.223 "GET /v2.0/subnets/9fd8dd80-ace7-4ba6-a350-1c307792d206 HTTP/1.1" status: 200 len: 851 time: 0.0271444
2026-08-26 01:41:42.789 10 INFO neutron.wsgi [req-12467edd-a906-46ab-bed5-284441d7d227 req-cfd0b47c-fc03-4210-886c-6d1a18ebf627 7a18b78282664b068b473887215091ee 08ccdc6a1619498ba73514faa2281105 - - b7b1c90675bb46a2bb8fa6c30a4c48d0 b7b1c90675bb46a2bb8fa6c30a4c48d0] 162.253.55.223 "GET /v2.0/floatingips?fixed_ip_address=10.1.1.180&port_id=f5e343b0-1eca-429b-aa4f-c1c05c6da86a HTTP/1.1" status: 200 len: 217 time: 0.0330052
2026-08-26 01:41:42.836 10 INFO neutron.wsgi [req-12467edd-a906-46ab-bed5-284441d7d227 req-5adc7533-9d40-46f0-83b7-1c73dec77303 7a18b78282664b068b473887215091ee 08ccdc6a1619498ba73514faa2281105 - - b7b1c90675bb46a2bb8fa6c30a4c48d0 b7b1c90675bb46a2bb8fa6c30a4c48d0] 162.253.55.223 "GET /v2.0/subnets?id=9fd8dd80-ace7-4ba6-a350-1c307792d206 HTTP/1.1" status: 200 len: 854 time: 0.0397396
2026-08-26 01:41:42.880 10 INFO neutron.wsgi [req-12467edd-a906-46ab-bed5-284441d7d227 req-ddbfe0d5-7f55-4e00-9296-c7de706ae223 7a18b78282664b068b473887215091ee 08ccdc6a1619498ba73514faa2281105 - - b7b1c90675bb46a2bb8fa6c30a4c48d0 b7b1c90675bb46a2bb8fa6c30a4c48d0] 162.253.55.223 "GET /v2.0/ports?network_id=a06fdd8a-7631-4350-8f5a-3149bd5c586c&device_owner=network%3Adhcp HTTP/1.1" status: 200 len: 210 time: 0.0352750
2026-08-26 01:41:42.939 10 INFO neutron.wsgi [req-12467edd-a906-46ab-bed5-284441d7d227 req-38f21698-45f3-41d4-a28a-22d6b2c27c57 7a18b78282664b068b473887215091ee 08ccdc6a1619498ba73514faa2281105 - - b7b1c90675bb46a2bb8fa6c30a4c48d0 b7b1c90675bb46a2bb8fa6c30a4c48d0] 162.253.55.223 "GET /v2.0/networks/a06fdd8a-7631-4350-8f5a-3149bd5c586c?fields=segments HTTP/1.1" status: 200 len: 212 time: 0.0545287
2026-08-26 01:41:43.013 10 INFO neutron.wsgi [req-12467edd-a906-46ab-bed5-284441d7d227 req-93bea691-2da1-49c9-964e-2c6b7deb3590 7a18b78282664b068b473887215091ee 08ccdc6a1619498ba73514faa2281105 - - b7b1c90675bb46a2bb8fa6c30a4c48d0 b7b1c90675bb46a2bb8fa6c30a4c48d0] 162.253.55.223 "GET /v2.0/networks/a06fdd8a-7631-4350-8f5a-3149bd5c586c?fields=provider%3Aphysical_network&fields=provider%3Anetwork_type HTTP/1.1" status: 200 len: 277 time: 0.0665438
2026-08-26 01:41:43.046 10 INFO neutron.wsgi [req-12467edd-a906-46ab-bed5-284441d7d227 req-3ebfb643-437c-49e3-88b7-ac75c62b9458 7a18b78282664b068b473887215091ee 08ccdc6a1619498ba73514faa2281105 - - b7b1c90675bb46a2bb8fa6c30a4c48d0 b7b1c90675bb46a2bb8fa6c30a4c48d0] 162.253.55.223 "GET /v2.0/floatingips?fixed_ip_address=10.2.1.242&port_id=2e68c416-dcf4-4783-97fb-a4d63447ee3e HTTP/1.1" status: 200 len: 217 time: 0.0273182
2026-08-26 01:41:43.086 10 INFO neutron.wsgi [req-12467edd-a906-46ab-bed5-284441d7d227 req-35a35fae-d805-4721-81c7-55ecd5b31e83 7a18b78282664b068b473887215091ee 08ccdc6a1619498ba73514faa2281105 - - b7b1c90675bb46a2bb8fa6c30a4c48d0 b7b1c90675bb46a2bb8fa6c30a4c48d0] 162.253.55.223 "GET /v2.0/subnets?id=12d30994-045d-4290-8567-319c80b96df3 HTTP/1.1" status: 200 len: 852 time: 0.0346906
2026-08-26 01:41:43.126 10 INFO neutron.wsgi [req-12467edd-a906-46ab-bed5-284441d7d227 req-6d4ba3df-554d-4cff-b587-38ec238d4862 7a18b78282664b068b473887215091ee 08ccdc6a1619498ba73514faa2281105 - - b7b1c90675bb46a2bb8fa6c30a4c48d0 b7b1c90675bb46a2bb8fa6c30a4c48d0] 162.253.55.223 "GET /v2.0/ports?network_id=d184d898-d7ea-4a51-a640-d3c15e1a5dc6&device_owner=network%3Adhcp HTTP/1.1" status: 200 len: 210 time: 0.0331888
2026-08-26 01:41:43.195 10 INFO neutron.wsgi [req-12467edd-a906-46ab-bed5-284441d7d227 req-a39d0192-5ffb-48f9-a8c5-ae0591708aaa 7a18b78282664b068b473887215091ee 08ccdc6a1619498ba73514faa2281105 - - b7b1c90675bb46a2bb8fa6c30a4c48d0 b7b1c90675bb46a2bb8fa6c30a4c48d0] 162.253.55.223 "GET /v2.0/networks/d184d898-d7ea-4a51-a640-d3c15e1a5dc6?fields=segments HTTP/1.1" status: 200 len: 212 time: 0.0619171
2026-08-26 01:41:43.263 10 INFO neutron.wsgi [req-12467edd-a906-46ab-bed5-284441d7d227 req-317cfb7a-14d2-45a4-8b04-4a785a384b36 7a18b78282664b068b473887215091ee 08ccdc6a1619498ba73514faa2281105 - - b7b1c90675bb46a2bb8fa6c30a4c48d0 b7b1c90675bb46a2bb8fa6c30a4c48d0] 162.253.55.223 "GET /v2.0/networks/d184d898-d7ea-4a51-a640-d3c15e1a5dc6?fields=provider%3Aphysical_network&fields=provider%3Anetwork_type HTTP/1.1" status: 200 len: 277 time: 0.0618176
2026-08-26 01:41:43.759 10 INFO neutron.notifiers.nova [-] Nova event matching ['req-a7649b7c-3ead-4a44-86b9-291a9eac95ce'] response: {'server_uuid': '6d17a9c5-b637-443a-a8f8-95582db99e74', 'name': 'network-vif-plugged', 'status': 'completed', 'tag': '26ccdb5d-b440-481d-b159-98328198b8bb', 'code': 200}
2026-08-26 01:41:43.759 10 INFO neutron.notifiers.nova [-] Nova event matching ['req-a7649b7c-3ead-4a44-86b9-291a9eac95ce'] response: {'server_uuid': '6d17a9c5-b637-443a-a8f8-95582db99e74', 'name': 'network-vif-deleted', 'tag': '26ccdb5d-b440-481d-b159-98328198b8bb', 'status': 'completed', 'code': 200}
2026-08-26 01:41:45.800 9 INFO neutron.wsgi [None req-8289b522-4275-4bdf-8733-6ed089f999d6 179e8bdbb1c342d39e671097e84dccd4 d761fbba1a6f49ea86fe1fe4277e79ab - - default default] 162.253.55.223 "GET /v2.0/extensions/security-group HTTP/1.1" status: 200 len: 369 time: 0.0106566
2026-08-26 01:41:45.815 9 INFO neutron.wsgi [None req-a69f04d5-3593-49f5-b1da-5b0ff4c25d64 179e8bdbb1c342d39e671097e84dccd4 d761fbba1a6f49ea86fe1fe4277e79ab - - default default] 162.253.55.223 "GET /v2.0/extensions/dns-integration HTTP/1.1" status: 200 len: 371 time: 0.0046673
2026-08-26 01:41:45.823 9 INFO neutron.wsgi [None req-f6f41cf8-e35a-4b10-afeb-9b787bb5756d 179e8bdbb1c342d39e671097e84dccd4 d761fbba1a6f49ea86fe1fe4277e79ab - - default default] 162.253.55.223 "GET /v2.0/extensions/qos HTTP/1.1" status: 200 len: 365 time: 0.0054646
2026-08-26 01:41:45.836 9 INFO neutron.wsgi [None req-b0c5e340-3f6e-4b5a-812b-c0344fa2ebac 179e8bdbb1c342d39e671097e84dccd4 d761fbba1a6f49ea86fe1fe4277e79ab - - default default] 162.253.55.223 "GET /v2.0/extensions/allowed-address-pairs HTTP/1.1" status: 200 len: 383 time: 0.0050061
2026-08-26 01:41:45.881 9 INFO neutron.wsgi [None req-58aec625-297f-40e7-83b9-66f1618923bc 179e8bdbb1c342d39e671097e84dccd4 d761fbba1a6f49ea86fe1fe4277e79ab - - default default] 162.253.55.223 "GET /v2.0/ports?device_id=6d17a9c5-b637-443a-a8f8-95582db99e74 HTTP/1.1" status: 200 len: 3782 time: 0.0381956
2026-08-26 01:41:46.014 9 INFO neutron.wsgi [None req-eba23c31-d1a2-49a2-bb0a-2b0ca0c0081b 179e8bdbb1c342d39e671097e84dccd4 d761fbba1a6f49ea86fe1fe4277e79ab - - default default] 162.253.55.223 "GET /v2.0/extensions/security-group HTTP/1.1" status: 200 len: 369 time: 0.0073485
2026-08-26 01:41:46.023 9 INFO neutron.wsgi [None req-fa293d85-9d48-4265-b660-52ebba78e631 179e8bdbb1c342d39e671097e84dccd4 d761fbba1a6f49ea86fe1fe4277e79ab - - default default] 162.253.55.223 "GET /v2.0/extensions/dns-integration HTTP/1.1" status: 200 len: 371 time: 0.0041552
2026-08-26 01:41:46.033 9 INFO neutron.wsgi [None req-8ec920e2-7af5-428f-8f8d-bac3178d41b3 179e8bdbb1c342d39e671097e84dccd4 d761fbba1a6f49ea86fe1fe4277e79ab - - default default] 162.253.55.223 "GET /v2.0/extensions/qos HTTP/1.1" status: 200 len: 365 time: 0.0032401
2026-08-26 01:41:46.043 9 INFO neutron.wsgi [None req-2a2dcae9-9787-4f23-b51a-0cb61b8d3552 179e8bdbb1c342d39e671097e84dccd4 d761fbba1a6f49ea86fe1fe4277e79ab - - default default] 162.253.55.223 "GET /v2.0/extensions/allowed-address-pairs HTTP/1.1" status: 200 len: 383 time: 0.0042663
2026-08-26 01:41:46.079 9 INFO neutron.wsgi [None req-aa4a62e6-1d01-4dfd-bc47-0df872550289 179e8bdbb1c342d39e671097e84dccd4 d761fbba1a6f49ea86fe1fe4277e79ab - - default default] 162.253.55.223 "GET /v2.0/ports/2e68c416-dcf4-4783-97fb-a4d63447ee3e HTTP/1.1" status: 200 len: 1358 time: 0.0301654
2026-08-26 01:41:46.887 9 INFO neutron.db.ovn_revision_numbers_db [None req-a0c29835-7d0f-4d36-9fc7-e1e9dc303206 179e8bdbb1c342d39e671097e84dccd4 d761fbba1a6f49ea86fe1fe4277e79ab - - - -] Successfully bumped revision number for resource 2e68c416-dcf4-4783-97fb-a4d63447ee3e (type: ports) to 6
2026-08-26 01:41:46.896 9 INFO neutron.wsgi [None req-a0c29835-7d0f-4d36-9fc7-e1e9dc303206 179e8bdbb1c342d39e671097e84dccd4 d761fbba1a6f49ea86fe1fe4277e79ab - - - -] 162.253.55.223 "PUT /v2.0/ports/2e68c416-dcf4-4783-97fb-a4d63447ee3e HTTP/1.1" status: 200 len: 1154 time: 0.8111196 /var/lib/openstack/lib/python3.10/site-packages/pycadf/identifier.py:71: UserWarning: Invalid uuid: neutron. To ensure interoperability, identifiers should be a valid uuid. warnings.warn(('Invalid uuid: %s. To ensure interoperability, '
2026-08-26 01:41:46.945 9 INFO neutron.notifiers.nova [-] Nova event matching ['req-5870b577-337e-4ebd-9ce2-288628028819'] response: {'name': 'network-changed', 'server_uuid': '6d17a9c5-b637-443a-a8f8-95582db99e74', 'tag': '2e68c416-dcf4-4783-97fb-a4d63447ee3e', 'status': 'completed', 'code': 200}
2026-08-26 01:41:46.976 9 INFO neutron.wsgi [None req-94e1c0a2-c424-4092-a15a-b34f71407ddb 179e8bdbb1c342d39e671097e84dccd4 d761fbba1a6f49ea86fe1fe4277e79ab - - default default] 162.253.55.223 "GET /v2.0/networks/d184d898-d7ea-4a51-a640-d3c15e1a5dc6 HTTP/1.1" status: 200 len: 1000 time: 0.0702887
2026-08-26 01:41:47.000 10 INFO neutron.wsgi [req-0e2f110b-31d2-4c00-b93b-61f83e992467 req-8e82d867-9709-49dc-b194-98875cc6b647 7a18b78282664b068b473887215091ee 08ccdc6a1619498ba73514faa2281105 - - b7b1c90675bb46a2bb8fa6c30a4c48d0 b7b1c90675bb46a2bb8fa6c30a4c48d0] 162.253.55.223 "GET /v2.0/ports?tenant_id=d761fbba1a6f49ea86fe1fe4277e79ab&device_id=6d17a9c5-b637-443a-a8f8-95582db99e74 HTTP/1.1" status: 200 len: 3607 time: 0.0386820
2026-08-26 01:41:47.014 9 INFO neutron.wsgi [None req-1a068a5c-cdac-4128-9d21-e194a9190e67 179e8bdbb1c342d39e671097e84dccd4 d761fbba1a6f49ea86fe1fe4277e79ab - - default default] 162.253.55.223 "GET /v2.0/ports?device_id=6d17a9c5-b637-443a-a8f8-95582db99e74 HTTP/1.1" status: 200 len: 3607 time: 0.0314171
2026-08-26 01:41:47.075 10 INFO neutron.wsgi [req-0e2f110b-31d2-4c00-b93b-61f83e992467 req-4728961c-3f16-4106-b355-03f3d5bebda3 7a18b78282664b068b473887215091ee 08ccdc6a1619498ba73514faa2281105 - - b7b1c90675bb46a2bb8fa6c30a4c48d0 b7b1c90675bb46a2bb8fa6c30a4c48d0] 162.253.55.223 "GET /v2.0/networks?id=d184d898-d7ea-4a51-a640-d3c15e1a5dc6 HTTP/1.1" status: 200 len: 1003 time: 0.0704241
2026-08-26 01:41:47.118 9 INFO neutron.wsgi [None req-79618da8-d584-460e-9b74-6e1e7bbc3b3b 179e8bdbb1c342d39e671097e84dccd4 d761fbba1a6f49ea86fe1fe4277e79ab - - default default] 162.253.55.223 "GET /v2.0/ports?device_id=6d17a9c5-b637-443a-a8f8-95582db99e74 HTTP/1.1" status: 200 len: 3607 time: 0.0375776
2026-08-26 01:41:47.137 10 INFO neutron.wsgi [req-0e2f110b-31d2-4c00-b93b-61f83e992467 req-7c50c51a-d443-4d77-94a9-95cd10d9c4be 7a18b78282664b068b473887215091ee 08ccdc6a1619498ba73514faa2281105 - - b7b1c90675bb46a2bb8fa6c30a4c48d0 b7b1c90675bb46a2bb8fa6c30a4c48d0] 162.253.55.223 "GET /v2.0/networks/d184d898-d7ea-4a51-a640-d3c15e1a5dc6?fields=segments HTTP/1.1" status: 200 len: 212 time: 0.0551498
2026-08-26 01:41:47.217 10 INFO neutron.wsgi [req-0e2f110b-31d2-4c00-b93b-61f83e992467 req-bc36f269-bb12-4e2c-9948-eccda0348fa2 7a18b78282664b068b473887215091ee 08ccdc6a1619498ba73514faa2281105 - - b7b1c90675bb46a2bb8fa6c30a4c48d0 b7b1c90675bb46a2bb8fa6c30a4c48d0] 162.253.55.223 "GET /v2.0/networks/d184d898-d7ea-4a51-a640-d3c15e1a5dc6?fields=provider%3Aphysical_network&fields=provider%3Anetwork_type HTTP/1.1" status: 200 len: 277 time: 0.0724657
2026-08-26 01:41:47.405 9 INFO neutron.plugins.ml2.drivers.ovn.mech_driver.mech_driver [None req-708d48ee-dd6d-4598-842f-750e5fb8a55f - - - - - -] OVN reports status down for port: 2e68c416-dcf4-4783-97fb-a4d63447ee3e
2026-08-26 01:41:47.479 10 INFO neutron.wsgi [req-679991de-2917-4c45-a649-fcf4242c93ff req-a12b5dd8-b47c-4fa5-9d06-4e46d122018e 7a18b78282664b068b473887215091ee 08ccdc6a1619498ba73514faa2281105 - - b7b1c90675bb46a2bb8fa6c30a4c48d0 b7b1c90675bb46a2bb8fa6c30a4c48d0] 162.253.55.223 "GET /v2.0/ports/2e68c416-dcf4-4783-97fb-a4d63447ee3e HTTP/1.1" status: 200 len: 1182 time: 0.0378418
2026-08-26 01:41:47.553 9 INFO neutron.wsgi [-] 10.0.0.16 "GET / HTTP/1.1" status: 200 len: 246 time: 0.0024586
2026-08-26 01:41:47.556 9 INFO neutron.wsgi [-] 10.0.0.16 "GET / HTTP/1.1" status: 200 len: 246 time: 0.0017006
2026-08-26 01:41:47.697 9 ERROR neutron.plugins.ml2.managers [None req-708d48ee-dd6d-4598-842f-750e5fb8a55f - - - - - -] Mechanism driver 'ovn' failed in update_port_postcommit: oslo_db.exception.DBReferenceError: (pymysql.err.IntegrityError) (1452, 'Cannot add or update a child row: a foreign key constraint fails (`neutron`.`ovn_revision_numbers`, CONSTRAINT `ovn_revision_numbers_ibfk_1` FOREIGN KEY (`standard_attr_id`) REFERENCES `standardattributes` (`id`) ON DELETE SET NULL)') [SQL: UPDATE ovn_revision_numbers SET standard_attr_id=%(standard_attr_id)s, revision_number=%(revision_number)s, updated_at=now() WHERE ovn_revision_numbers.resource_uuid = %(ovn_revision_numbers_resource_uuid)s AND ovn_revision_numbers.resource_type = %(ovn_revision_numbers_resource_type)s] [parameters: {'standard_attr_id': 1095, 'revision_number': 7, 'ovn_revision_numbers_resource_uuid': '2e68c416-dcf4-4783-97fb-a4d63447ee3e', 'ovn_revision_numbers_resource_type': 'ports'}] (Background on this error at: https://sqlalche.me/e/14/gkpj)
2026-08-26 01:41:47.697 9 ERROR neutron.plugins.ml2.managers
Traceback (most recent call last):
2026-08-26 01:41:47.697 9 ERROR neutron.plugins.ml2.managers
File "/var/lib/openstack/lib/python3.10/site-packages/sqlalchemy/engine/base.py", line 1900, in _execute_context
2026-08-26 01:41:47.697 9 ERROR neutron.plugins.ml2.managers self.dialect.do_execute(
2026-08-26 01:41:47.697 9 ERROR neutron.plugins.ml2.managers
File "/var/lib/openstack/lib/python3.10/site-packages/sqlalchemy/engine/default.py", line 732, in do_execute
2026-08-26 01:41:47.697 9 ERROR neutron.plugins.ml2.managers cursor.execute(statement, parameters)
2026-08-26 01:41:47.697 9 ERROR neutron.plugins.ml2.managers
File "/var/lib/openstack/lib/python3.10/site-packages/pymysql/cursors.py", line 148, in execute
2026-08-26 01:41:47.697 9 ERROR neutron.plugins.ml2.managers result = self._query(query)
2026-08-26 01:41:47.697 9 ERROR neutron.plugins.ml2.managers
File "/var/lib/openstack/lib/python3.10/site-packages/pymysql/cursors.py", line 310, in _query
2026-08-26 01:41:47.697 9 ERROR neutron.plugins.ml2.managers conn.query(q)
2026-08-26 01:41:47.697 9 ERROR neutron.plugins.ml2.managers
File "/var/lib/openstack/lib/python3.10/site-packages/pymysql/connections.py", line 548, in query
2026-08-26 01:41:47.697 9 ERROR neutron.plugins.ml2.managers self._affected_rows = self._read_query_result(unbuffered=unbuffered)
2026-08-26 01:41:47.697 9 ERROR neutron.plugins.ml2.managers
File "/var/lib/openstack/lib/python3.10/site-packages/pymysql/connections.py", line 775, in _read_query_result
2026-08-26 01:41:47.697 9 ERROR neutron.plugins.ml2.managers result.read()
2026-08-26 01:41:47.697 9 ERROR neutron.plugins.ml2.managers
File "/var/lib/openstack/lib/python3.10/site-packages/pymysql/connections.py", line 1156, in read
2026-08-26 01:41:47.697 9 ERROR neutron.plugins.ml2.managers first_packet = self.connection._read_packet()
2026-08-26 01:41:47.697 9 ERROR neutron.plugins.ml2.managers
File "/var/lib/openstack/lib/python3.10/site-packages/pymysql/connections.py", line 725, in _read_packet
2026-08-26 01:41:47.697 9 ERROR neutron.plugins.ml2.managers packet.raise_for_error()
2026-08-26 01:41:47.697 9 ERROR neutron.plugins.ml2.managers
File "/var/lib/openstack/lib/python3.10/site-packages/pymysql/protocol.py", line 221, in raise_for_error
2026-08-26 01:41:47.697 9 ERROR neutron.plugins.ml2.managers err.raise_mysql_exception(self._data)
2026-08-26 01:41:47.697 9 ERROR neutron.plugins.ml2.managers
File "/var/lib/openstack/lib/python3.10/site-packages/pymysql/err.py", line 143, in raise_mysql_exception
2026-08-26 01:41:47.697 9 ERROR neutron.plugins.ml2.managers raise errorclass(errno, errval)
2026-08-26 01:41:47.697 9 ERROR neutron.plugins.ml2.managers pymysql.err.IntegrityError: (1452, 'Cannot add or update a child row: a foreign key constraint fails (`neutron`.`ovn_revision_numbers`, CONSTRAINT `ovn_revision_numbers_ibfk_1` FOREIGN KEY (`standard_attr_id`) REFERENCES `standardattributes` (`id`) ON DELETE SET NULL)')
2026-08-26 01:41:47.697 9 ERROR neutron.plugins.ml2.managers
2026-08-26 01:41:47.697 9 ERROR neutron.plugins.ml2.managers The above exception was the direct cause of the following exception:
2026-08-26 01:41:47.697 9 ERROR neutron.plugins.ml2.managers
2026-08-26 01:41:47.697 9 ERROR neutron.plugins.ml2.managers
Traceback (most recent call last):
2026-08-26 01:41:47.697 9 ERROR neutron.plugins.ml2.managers
File "/var/lib/openstack/lib/python3.10/site-packages/neutron/plugins/ml2/managers.py", line 497, in _call_on_drivers
2026-08-26 01:41:47.697 9 ERROR neutron.plugins.ml2.managers getattr(driver.obj, method_name)(context)
2026-08-26 01:41:47.697 9 ERROR neutron.plugins.ml2.managers
File "/var/lib/openstack/lib/python3.10/site-packages/neutron/plugins/ml2/drivers/ovn/mech_driver/mech_driver.py", line 874, in update_port_postcommit
2026-08-26 01:41:47.697 9 ERROR neutron.plugins.ml2.managers self._ovn_update_port(context._plugin_context, port, original_port,
2026-08-26 01:41:47.697 9 ERROR neutron.plugins.ml2.managers
File "/var/lib/openstack/lib/python3.10/site-packages/neutron/plugins/ml2/drivers/ovn/mech_driver/mech_driver.py", line 757, in _ovn_update_port
2026-08-26 01:41:47.697 9 ERROR neutron.plugins.ml2.managers self._ovn_client.update_port(plugin_context, port,
2026-08-26 01:41:47.697 9 ERROR neutron.plugins.ml2.managers
File "/var/lib/openstack/lib/python3.10/site-packages/neutron/plugins/ml2/drivers/ovn/mech_driver/ovsdb/ovn_client.py", line 879, in update_port
2026-08-26 01:41:47.697 9 ERROR neutron.plugins.ml2.managers db_rev.bump_revision(context, port, ovn_const.TYPE_PORTS)
2026-08-26 01:41:47.697 9 ERROR neutron.plugins.ml2.managers
File "/var/lib/openstack/lib/python3.10/site-packages/neutron_lib/db/api.py", line 226, in wrapped
2026-08-26 01:41:47.697 9 ERROR neutron.plugins.ml2.managers return f_with_retry(*args, **kwargs,
2026-08-26 01:41:47.697 9 ERROR neutron.plugins.ml2.managers
File "/var/lib/openstack/lib/python3.10/site-packages/neutron_lib/db/api.py", line 140, in wrapped
2026-08-26 01:41:47.697 9 ERROR neutron.plugins.ml2.managers with excutils.save_and_reraise_exception():
2026-08-26 01:41:47.697 9 ERROR neutron.plugins.ml2.managers
File "/var/lib/openstack/lib/python3.10/site-packages/oslo_utils/excutils.py", line 227, in __exit__
2026-08-26 01:41:47.697 9 ERROR neutron.plugins.ml2.managers self.force_reraise()
2026-08-26 01:41:47.697 9 ERROR neutron.plugins.ml2.managers
File "/var/lib/openstack/lib/python3.10/site-packages/oslo_utils/excutils.py", line 200, in force_reraise
2026-08-26 01:41:47.697 9 ERROR neutron.plugins.ml2.managers raise self.value
2026-08-26 01:41:47.697 9 ERROR neutron.plugins.ml2.managers
File "/var/lib/openstack/lib/python3.10/site-packages/neutron_lib/db/api.py", line 138, in wrapped
2026-08-26 01:41:47.697 9 ERROR neutron.plugins.ml2.managers return f(*args, **kwargs)
2026-08-26 01:41:47.697 9 ERROR neutron.plugins.ml2.managers
File "/var/lib/openstack/lib/python3.10/site-packages/oslo_db/api.py", line 144, in wrapper
2026-08-26 01:41:47.697 9 ERROR neutron.plugins.ml2.managers with excutils.save_and_reraise_exception() as ectxt:
2026-08-26 01:41:47.697 9 ERROR neutron.plugins.ml2.managers
File "/var/lib/openstack/lib/python3.10/site-packages/oslo_utils/excutils.py", line 227, in __exit__
2026-08-26 01:41:47.697 9 ERROR neutron.plugins.ml2.managers self.force_reraise()
2026-08-26 01:41:47.697 9 ERROR neutron.plugins.ml2.managers
File "/var/lib/openstack/lib/python3.10/site-packages/oslo_utils/excutils.py", line 200, in force_reraise
2026-08-26 01:41:47.697 9 ERROR neutron.plugins.ml2.managers raise self.value
2026-08-26 01:41:47.697 9 ERROR neutron.plugins.ml2.managers
File "/var/lib/openstack/lib/python3.10/site-packages/oslo_db/api.py", line 142, in wrapper
2026-08-26 01:41:47.697 9 ERROR neutron.plugins.ml2.managers return f(*args, **kwargs)
2026-08-26 01:41:47.697 9 ERROR neutron.plugins.ml2.managers
File "/var/lib/openstack/lib/python3.10/site-packages/neutron_lib/db/api.py", line 186, in wrapped
2026-08-26 01:41:47.697 9 ERROR neutron.plugins.ml2.managers with excutils.save_and_reraise_exception():
2026-08-26 01:41:47.697 9 ERROR neutron.plugins.ml2.managers
File "/var/lib/openstack/lib/python3.10/site-packages/oslo_utils/excutils.py", line 227, in __exit__
2026-08-26 01:41:47.697 9 ERROR neutron.plugins.ml2.managers self.force_reraise()
2026-08-26 01:41:47.697 9 ERROR neutron.plugins.ml2.managers
File "/var/lib/openstack/lib/python3.10/site-packages/oslo_utils/excutils.py", line 200, in force_reraise
2026-08-26 01:41:47.697 9 ERROR neutron.plugins.ml2.managers raise self.value
2026-08-26 01:41:47.697 9 ERROR neutron.plugins.ml2.managers
File "/var/lib/openstack/lib/python3.10/site-packages/neutron_lib/db/api.py", line 184, in wrapped
2026-08-26 01:41:47.697 9 ERROR neutron.plugins.ml2.managers return f(*dup_args, **dup_kwargs)
2026-08-26 01:41:47.697 9 ERROR neutron.plugins.ml2.managers
File "/var/lib/openstack/lib/python3.10/site-packages/neutron/db/ovn_revision_numbers_db.py", line 190, in bump_revision
2026-08-26 01:41:47.697 9 ERROR neutron.plugins.ml2.managers context.session.merge(row)
2026-08-26 01:41:47.697 9 ERROR neutron.plugins.ml2.managers
File "/var/lib/openstack/lib/python3.10/site-packages/sqlalchemy/orm/session.py", line 2987, in merge
2026-08-26 01:41:47.697 9 ERROR neutron.plugins.ml2.managers self._autoflush()
2026-08-26 01:41:47.697 9 ERROR neutron.plugins.ml2.managers
File "/var/lib/openstack/lib/python3.10/site-packages/sqlalchemy/orm/session.py", line 2246, in _autoflush
2026-08-26 01:41:47.697 9 ERROR neutron.plugins.ml2.managers self.flush()
2026-08-26 01:41:47.697 9 ERROR neutron.plugins.ml2.managers
File "/var/lib/openstack/lib/python3.10/site-packages/sqlalchemy/orm/session.py", line 3383, in flush
