2026-08-26 01:40:37.124 9 INFO neutron.wsgi [None req-e9eddb55-9048-4860-828b-4652d0d2abda 8733b2318a9d40b49b9216c6c2096561 302640d346a147fc918073f1f87bd2b2 - - - -] 10.0.0.232 "PUT /v2.0/trunks/ac0c95af-7b40-4d9d-bc9c-4c3bc2a68e78/tags HTTP/1.1" status: 200 len: 218 time: 0.0432305
2026-08-26 01:40:37.146 9 INFO neutron.wsgi [None req-7f61e4b7-432b-4b88-bfb8-6ac730537f74 8733b2318a9d40b49b9216c6c2096561 302640d346a147fc918073f1f87bd2b2 - - default default] 10.0.0.232 "GET /v2.0/trunks/ac0c95af-7b40-4d9d-bc9c-4c3bc2a68e78/tags HTTP/1.1" status: 200 len: 218 time: 0.0148277
2026-08-26 01:40:37.179 9 INFO neutron.wsgi [None req-e3c48595-8ccd-4e2e-afda-b28fd2dd856c 8733b2318a9d40b49b9216c6c2096561 302640d346a147fc918073f1f87bd2b2 - - - -] 10.0.0.232 "PUT /v2.0/trunks/ac0c95af-7b40-4d9d-bc9c-4c3bc2a68e78/tags/green HTTP/1.1" status: 201 len: 201 time: 0.0289004 /var/lib/openstack/lib/python3.10/site-packages/pycadf/identifier.py:71: UserWarning: Invalid uuid: neutron. To ensure interoperability, identifiers should be a valid uuid. warnings.warn(('Invalid uuid: %s. To ensure interoperability, '
2026-08-26 01:40:37.205 10 INFO neutron.wsgi [None req-ea7d7657-3486-4d91-a7a4-8778ad038b55 8733b2318a9d40b49b9216c6c2096561 302640d346a147fc918073f1f87bd2b2 - - default default] 10.0.0.232 "GET /v2.0/trunks/ac0c95af-7b40-4d9d-bc9c-4c3bc2a68e78/tags HTTP/1.1" status: 200 len: 227 time: 0.0187161
2026-08-26 01:40:37.227 10 INFO neutron.wsgi [None req-9c5e76c9-d05c-4e0e-8945-176290c5b019 8733b2318a9d40b49b9216c6c2096561 302640d346a147fc918073f1f87bd2b2 - - - -] 10.0.0.232 "PUT /v2.0/trunks/ac0c95af-7b40-4d9d-bc9c-4c3bc2a68e78/tags/red HTTP/1.1" status: 201 len: 201 time: 0.0175855
2026-08-26 01:40:37.244 10 INFO neutron.wsgi [None req-4c3d53b3-a1fe-4af9-b701-a7528c715af6 8733b2318a9d40b49b9216c6c2096561 302640d346a147fc918073f1f87bd2b2 - - default default] 10.0.0.232 "GET /v2.0/trunks/ac0c95af-7b40-4d9d-bc9c-4c3bc2a68e78/tags HTTP/1.1" status: 200 len: 227 time: 0.0123718
2026-08-26 01:40:37.274 10 INFO neutron.wsgi [None req-d9089012-fd1c-4137-bbd4-044fab2e8ae5 8733b2318a9d40b49b9216c6c2096561 302640d346a147fc918073f1f87bd2b2 - - - -] 10.0.0.232 "PUT /v2.0/trunks/ac0c95af-7b40-4d9d-bc9c-4c3bc2a68e78/tags/black.or.white HTTP/1.1" status: 201 len: 201 time: 0.0241959
2026-08-26 01:40:37.297 10 INFO neutron.wsgi [None req-d1d03f4b-4923-41d6-90ad-c237b1309d71 8733b2318a9d40b49b9216c6c2096561 302640d346a147fc918073f1f87bd2b2 - - default default] 10.0.0.232 "GET /v2.0/trunks/ac0c95af-7b40-4d9d-bc9c-4c3bc2a68e78/tags HTTP/1.1" status: 200 len: 245 time: 0.0174570
2026-08-26 01:40:37.356 10 INFO neutron.wsgi [None req-31a62c87-b731-4280-b6fa-3169eae1b902 8733b2318a9d40b49b9216c6c2096561 302640d346a147fc918073f1f87bd2b2 - - - -] 10.0.0.232 "PUT /v2.0/trunks/ac0c95af-7b40-4d9d-bc9c-4c3bc2a68e78/tags HTTP/1.1" status: 200 len: 230 time: 0.0499971
2026-08-26 01:40:37.376 10 INFO neutron.wsgi [None req-8b5fb4e8-0faf-412d-851a-95b8398e083f 8733b2318a9d40b49b9216c6c2096561 302640d346a147fc918073f1f87bd2b2 - - default default] 10.0.0.232 "GET /v2.0/trunks/ac0c95af-7b40-4d9d-bc9c-4c3bc2a68e78/tags HTTP/1.1" status: 200 len: 230 time: 0.0153840
2026-08-26 01:40:37.396 10 INFO neutron.wsgi [None req-d32ddf06-abd4-4aa7-8166-464952e81dc6 8733b2318a9d40b49b9216c6c2096561 302640d346a147fc918073f1f87bd2b2 - - default default] 10.0.0.232 "GET /v2.0/trunks/ac0c95af-7b40-4d9d-bc9c-4c3bc2a68e78/tags/red HTTP/1.1" status: 204 len: 168 time: 0.0143559
2026-08-26 01:40:37.414 10 INFO neutron.api.v2.resource [None req-65515654-cdb8-472c-92c6-7098392ea85a 8733b2318a9d40b49b9216c6c2096561 302640d346a147fc918073f1f87bd2b2 - - default default] show failed (client error): The resource could not be found.
2026-08-26 01:40:37.415 10 INFO neutron.wsgi [None req-65515654-cdb8-472c-92c6-7098392ea85a 8733b2318a9d40b49b9216c6c2096561 302640d346a147fc918073f1f87bd2b2 - - default default] 10.0.0.232 "GET /v2.0/trunks/ac0c95af-7b40-4d9d-bc9c-4c3bc2a68e78/tags/green HTTP/1.1" status: 404 len: 299 time: 0.0139692
2026-08-26 01:40:37.458 10 INFO neutron.wsgi [None req-c6c44af1-1e40-4a97-94d0-63062112fb1e 8733b2318a9d40b49b9216c6c2096561 302640d346a147fc918073f1f87bd2b2 - - - -] 10.0.0.232 "DELETE /v2.0/trunks/ac0c95af-7b40-4d9d-bc9c-4c3bc2a68e78/tags/red HTTP/1.1" status: 204 len: 168 time: 0.0344789
2026-08-26 01:40:37.486 10 INFO neutron.wsgi [None req-0f89f783-ff8e-4767-bee7-85d99a9c6de3 8733b2318a9d40b49b9216c6c2096561 302640d346a147fc918073f1f87bd2b2 - - default default] 10.0.0.232 "GET /v2.0/trunks/ac0c95af-7b40-4d9d-bc9c-4c3bc2a68e78/tags HTTP/1.1" status: 200 len: 223 time: 0.0234678
2026-08-26 01:40:37.514 10 INFO neutron.api.v2.resource [None req-a9aace59-7858-4f44-80ae-3f310aa25077 8733b2318a9d40b49b9216c6c2096561 302640d346a147fc918073f1f87bd2b2 - - - -] delete failed (client error): The resource could not be found.
2026-08-26 01:40:37.517 10 INFO neutron.wsgi [None req-a9aace59-7858-4f44-80ae-3f310aa25077 8733b2318a9d40b49b9216c6c2096561 302640d346a147fc918073f1f87bd2b2 - - - -] 10.0.0.232 "DELETE /v2.0/trunks/ac0c95af-7b40-4d9d-bc9c-4c3bc2a68e78/tags/green HTTP/1.1" status: 404 len: 299 time: 0.0215273
2026-08-26 01:40:37.575 9 INFO neutron.wsgi [None req-103e7491-340c-4bc9-b066-40b3309ad89e 8733b2318a9d40b49b9216c6c2096561 302640d346a147fc918073f1f87bd2b2 - - - -] 10.0.0.232 "DELETE /v2.0/trunks/ac0c95af-7b40-4d9d-bc9c-4c3bc2a68e78/tags HTTP/1.1" status: 204 len: 168 time: 0.0502446
2026-08-26 01:40:37.593 9 INFO neutron.wsgi [None req-1f39cb3c-57fb-443e-9614-83d4c6f07112 8733b2318a9d40b49b9216c6c2096561 302640d346a147fc918073f1f87bd2b2 - - default default] 10.0.0.232 "GET /v2.0/trunks/ac0c95af-7b40-4d9d-bc9c-4c3bc2a68e78/tags HTTP/1.1" status: 200 len: 205 time: 0.0140796
2026-08-26 01:40:37.621 9 INFO neutron.wsgi [None req-b11f0220-6f1b-47b5-8f5e-580a0732b296 8733b2318a9d40b49b9216c6c2096561 302640d346a147fc918073f1f87bd2b2 - - default default] 10.0.0.232 "GET /v2.0/trunks/ac0c95af-7b40-4d9d-bc9c-4c3bc2a68e78 HTTP/1.1" status: 200 len: 603 time: 0.0147309
2026-08-26 01:40:37.732 9 INFO neutron.wsgi [None req-5739530f-f408-4bf5-8dfc-c4eafa67c6a4 8733b2318a9d40b49b9216c6c2096561 302640d346a147fc918073f1f87bd2b2 - - default default] 10.0.0.232 "GET /v2.0/ports/7dd60947-a18c-4bbf-8755-dbaa5b5d7a57 HTTP/1.1" status: 200 len: 1020 time: 0.1059790
2026-08-26 01:40:37.838 9 INFO neutron.wsgi [None req-9f95a17d-c22d-4393-afae-e89236378f42 8733b2318a9d40b49b9216c6c2096561 302640d346a147fc918073f1f87bd2b2 - - - -] 10.0.0.232 "DELETE /v2.0/trunks/ac0c95af-7b40-4d9d-bc9c-4c3bc2a68e78 HTTP/1.1" status: 204 len: 168 time: 0.0990679
2026-08-26 01:40:38.090 9 INFO neutron.wsgi [None req-46362cfa-53c6-43ab-a7e8-2fc689540a2f 8733b2318a9d40b49b9216c6c2096561 302640d346a147fc918073f1f87bd2b2 - - - -] 10.0.0.232 "DELETE /v2.0/ports/7dd60947-a18c-4bbf-8755-dbaa5b5d7a57 HTTP/1.1" status: 204 len: 168 time: 0.2452500
2026-08-26 01:40:38.846 9 INFO neutron.services.segments.plugin [-] Segment d6dc7112-9cfa-46c1-ad65-d92a50695c70 resource provider aggregate not found
2026-08-26 01:40:38.852 9 INFO neutron.services.segments.plugin [-] Segment d6dc7112-9cfa-46c1-ad65-d92a50695c70 resource provider aggregate not found
2026-08-26 01:40:38.869 9 INFO neutron.services.segments.plugin [-] Segment d6dc7112-9cfa-46c1-ad65-d92a50695c70 resource provider not found; error: Placement Client Error (4xx): {"errors": [{"status": 404, "title": "Not Found", "detail": "The resource could not be found.\n\n No resource provider with uuid d6dc7112-9cfa-46c1-ad65-d92a50695c70 found for delete ", "request_id": "req-1af54913-8565-4903-a0a7-b8b031e99325"}]}
2026-08-26 01:40:38.880 9 INFO neutron.services.segments.plugin [-] Segment d6dc7112-9cfa-46c1-ad65-d92a50695c70 resource provider not found; error: Placement Client Error (4xx): {"errors": [{"status": 404, "title": "Not Found", "detail": "The resource could not be found.\n\n No resource provider with uuid d6dc7112-9cfa-46c1-ad65-d92a50695c70 found for delete ", "request_id": "req-603272a0-8d48-46e1-a331-b2d743e0f4b5"}]}
2026-08-26 01:40:38.900 9 INFO neutron.wsgi [None req-65015275-d8d4-40cc-baae-7f9ed5b24281 8733b2318a9d40b49b9216c6c2096561 302640d346a147fc918073f1f87bd2b2 - - - -] 10.0.0.232 "DELETE /v2.0/networks/d3dbc740-e215-4aa7-85be-12cc75219809 HTTP/1.1" status: 204 len: 168 time: 0.8046966
2026-08-26 01:40:39.755 9 INFO neutron.wsgi [None req-a3d24ba2-30c2-4303-9c7a-ca378adc27b4 179e8bdbb1c342d39e671097e84dccd4 d761fbba1a6f49ea86fe1fe4277e79ab - - default default] 10.0.0.232 "GET /v2.0/security-groups?tenant_id=302640d346a147fc918073f1f87bd2b2&name=default HTTP/1.1" status: 200 len: 3000 time: 0.1668754
2026-08-26 01:40:39.993 10 INFO neutron.wsgi [None req-6c88e4c8-48df-46ca-bd19-7d9746870867 179e8bdbb1c342d39e671097e84dccd4 d761fbba1a6f49ea86fe1fe4277e79ab - - - -] 10.0.0.232 "DELETE /v2.0/security-groups/4a471516-dc83-496c-8af7-e9458f20cfbc HTTP/1.1" status: 204 len: 168 time: 0.2330112
2026-08-26 01:40:40.242 10 INFO neutron.db.ovn_revision_numbers_db [None req-1257dbbd-93f2-45f0-9221-a84d4b1ddeba 179e8bdbb1c342d39e671097e84dccd4 d761fbba1a6f49ea86fe1fe4277e79ab - - default default] Successfully bumped revision number for resource b12638a8-de90-432d-80a2-12f5f40f03d6 (type: security_groups) to 1
2026-08-26 01:40:40.267 10 INFO neutron.wsgi [None req-1257dbbd-93f2-45f0-9221-a84d4b1ddeba 179e8bdbb1c342d39e671097e84dccd4 d761fbba1a6f49ea86fe1fe4277e79ab - - default default] 10.0.0.232 "GET /v2.0/security-groups?tenant_id=b1d1fd8a1cc14690befa31e26e1b5e0c&name=default HTTP/1.1" status: 200 len: 3000 time: 0.1443291
2026-08-26 01:40:40.495 10 INFO neutron.wsgi [None req-9834734b-e716-4fd1-949d-7988dbe8a633 179e8bdbb1c342d39e671097e84dccd4 d761fbba1a6f49ea86fe1fe4277e79ab - - - -] 10.0.0.232 "DELETE /v2.0/security-groups/b12638a8-de90-432d-80a2-12f5f40f03d6 HTTP/1.1" status: 204 len: 168 time: 0.2245686
2026-08-26 01:40:47.553 10 INFO neutron.wsgi [-] 10.0.0.16 "GET / HTTP/1.1" status: 200 len: 246 time: 0.0021746
2026-08-26 01:40:47.554 9 INFO neutron.wsgi [-] 10.0.0.16 "GET / HTTP/1.1" status: 200 len: 246 time: 0.0029750
2026-08-26 01:40:54.244 9 INFO neutron.wsgi [None req-b636b52b-0647-4f75-bbe9-349d6b11c455 179e8bdbb1c342d39e671097e84dccd4 d761fbba1a6f49ea86fe1fe4277e79ab - - default default] 162.253.55.223 "GET /v2.0/extensions/security-group HTTP/1.1" status: 200 len: 369 time: 0.0078065
2026-08-26 01:40:54.255 9 INFO neutron.wsgi [None req-935fd290-8e71-4b85-8711-185250da0dd2 179e8bdbb1c342d39e671097e84dccd4 d761fbba1a6f49ea86fe1fe4277e79ab - - default default] 162.253.55.223 "GET /v2.0/extensions/dns-integration HTTP/1.1" status: 200 len: 371 time: 0.0047169
2026-08-26 01:40:54.263 9 INFO neutron.wsgi [None req-16c65803-b1a8-4396-998c-e1dad759bec3 179e8bdbb1c342d39e671097e84dccd4 d761fbba1a6f49ea86fe1fe4277e79ab - - default default] 162.253.55.223 "GET /v2.0/extensions/qos HTTP/1.1" status: 200 len: 365 time: 0.0041492
2026-08-26 01:40:54.281 9 INFO neutron.wsgi [None req-f1863bf4-a726-49dc-b48b-e4ecc99cbe06 179e8bdbb1c342d39e671097e84dccd4 d761fbba1a6f49ea86fe1fe4277e79ab - - default default] 162.253.55.223 "GET /v2.0/extensions/allowed-address-pairs HTTP/1.1" status: 200 len: 383 time: 0.0110252
2026-08-26 01:40:54.320 9 INFO neutron.wsgi [None req-7004e807-5c05-41cd-a9af-444a77b0d400 179e8bdbb1c342d39e671097e84dccd4 d761fbba1a6f49ea86fe1fe4277e79ab - - default default] 162.253.55.223 "GET /v2.0/subnets/9fd8dd80-ace7-4ba6-a350-1c307792d206 HTTP/1.1" status: 200 len: 851 time: 0.0342784
2026-08-26 01:40:54.385 9 INFO neutron.wsgi [None req-48ec0d6b-5bda-4397-9143-37181b09ef3b 179e8bdbb1c342d39e671097e84dccd4 d761fbba1a6f49ea86fe1fe4277e79ab - - default default] 162.253.55.223 "GET /v2.0/ports?device_id=6d17a9c5-b637-443a-a8f8-95582db99e74 HTTP/1.1" status: 200 len: 1369 time: 0.0349550
2026-08-26 01:40:54.725 9 WARNING neutron.scheduler.dhcp_agent_scheduler [None req-fd3b8e08-4456-4197-b4c4-113fa42f65a1 179e8bdbb1c342d39e671097e84dccd4 d761fbba1a6f49ea86fe1fe4277e79ab - - - -] No more DHCP agents
2026-08-26 01:40:54.727 9 WARNING neutron.api.rpc.agentnotifiers.dhcp_rpc_agent_api [None req-fd3b8e08-4456-4197-b4c4-113fa42f65a1 179e8bdbb1c342d39e671097e84dccd4 d761fbba1a6f49ea86fe1fe4277e79ab - - - -] Unable to schedule network a06fdd8a-7631-4350-8f5a-3149bd5c586c: no agents available; will retry on subsequent port and subnet creation events.
2026-08-26 01:40:54.873 9 INFO neutron.db.ovn_revision_numbers_db [None req-fd3b8e08-4456-4197-b4c4-113fa42f65a1 179e8bdbb1c342d39e671097e84dccd4 d761fbba1a6f49ea86fe1fe4277e79ab - - - -] Successfully bumped revision number for resource f5e343b0-1eca-429b-aa4f-c1c05c6da86a (type: ports) to 1
2026-08-26 01:40:54.893 9 INFO neutron.wsgi [None req-fd3b8e08-4456-4197-b4c4-113fa42f65a1 179e8bdbb1c342d39e671097e84dccd4 d761fbba1a6f49ea86fe1fe4277e79ab - - - -] 162.253.55.223 "POST /v2.0/ports HTTP/1.1" status: 201 len: 1302 time: 0.4976883 /var/lib/openstack/lib/python3.10/site-packages/pycadf/identifier.py:71: UserWarning: Invalid uuid: neutron. To ensure interoperability, identifiers should be a valid uuid. warnings.warn(('Invalid uuid: %s. To ensure interoperability, '
2026-08-26 01:40:54.982 9 INFO neutron.wsgi [req-1c293530-6145-44b1-becb-9ac602edfa3d req-d1dec4ec-0bec-43cc-a35b-8c0630c2740d 179e8bdbb1c342d39e671097e84dccd4 d761fbba1a6f49ea86fe1fe4277e79ab - - default default] 10.0.0.82 "GET /v2.0/ports/f5e343b0-1eca-429b-aa4f-c1c05c6da86a HTTP/1.1" status: 200 len: 1297 time: 0.0309627
2026-08-26 01:40:54.995 9 INFO neutron.wsgi [req-1c293530-6145-44b1-becb-9ac602edfa3d req-8ad65266-5d90-4d65-9cbc-f06d033fa277 179e8bdbb1c342d39e671097e84dccd4 d761fbba1a6f49ea86fe1fe4277e79ab - - default default] 10.0.0.82 "GET /v2.0/extensions HTTP/1.1" status: 200 len: 16525 time: 0.0064003
2026-08-26 01:40:55.136 10 INFO neutron.wsgi [req-1c293530-6145-44b1-becb-9ac602edfa3d req-c348a3be-118a-48b4-ba79-38ed1f8edb8d 7a18b78282664b068b473887215091ee 08ccdc6a1619498ba73514faa2281105 - - b7b1c90675bb46a2bb8fa6c30a4c48d0 b7b1c90675bb46a2bb8fa6c30a4c48d0] 162.253.55.223 "GET /v2.0/ports/f5e343b0-1eca-429b-aa4f-c1c05c6da86a?fields=binding%3Avnic_type&fields=binding%3Aprofile&fields=network_id&fields=resource_request&fields=numa_affinity_policy&fields=device_profile HTTP/1.1" status: 200 len: 335 time: 0.0317097
2026-08-26 01:40:55.208 10 INFO neutron.wsgi [req-1c293530-6145-44b1-becb-9ac602edfa3d req-2376214d-492b-42a4-9e08-84c85f819f9f 7a18b78282664b068b473887215091ee 08ccdc6a1619498ba73514faa2281105 - - b7b1c90675bb46a2bb8fa6c30a4c48d0 b7b1c90675bb46a2bb8fa6c30a4c48d0] 162.253.55.223 "GET /v2.0/networks/a06fdd8a-7631-4350-8f5a-3149bd5c586c?fields=segments HTTP/1.1" status: 200 len: 212 time: 0.0640876
2026-08-26 01:40:55.284 10 INFO neutron.wsgi [req-1c293530-6145-44b1-becb-9ac602edfa3d req-46409f35-33dd-4437-a478-a16115ee5786 7a18b78282664b068b473887215091ee 08ccdc6a1619498ba73514faa2281105 - - b7b1c90675bb46a2bb8fa6c30a4c48d0 b7b1c90675bb46a2bb8fa6c30a4c48d0] 162.253.55.223 "GET /v2.0/networks/a06fdd8a-7631-4350-8f5a-3149bd5c586c?fields=provider%3Aphysical_network&fields=provider%3Anetwork_type HTTP/1.1" status: 200 len: 277 time: 0.0689285
2026-08-26 01:40:55.345 10 INFO neutron.wsgi [req-1c293530-6145-44b1-becb-9ac602edfa3d req-4a50cbdf-2f26-4899-bab8-c8087c7dc36a 7a18b78282664b068b473887215091ee 08ccdc6a1619498ba73514faa2281105 - - b7b1c90675bb46a2bb8fa6c30a4c48d0 b7b1c90675bb46a2bb8fa6c30a4c48d0] 162.253.55.223 "GET /v2.0/ports/f5e343b0-1eca-429b-aa4f-c1c05c6da86a HTTP/1.1" status: 200 len: 1297 time: 0.0390334
2026-08-26 01:40:55.415 10 INFO neutron.wsgi [req-1c293530-6145-44b1-becb-9ac602edfa3d req-51d0205c-d42f-4e86-9d20-34d636b946b4 179e8bdbb1c342d39e671097e84dccd4 d761fbba1a6f49ea86fe1fe4277e79ab - - default default] 162.253.55.223 "GET /v2.0/networks?id=a06fdd8a-7631-4350-8f5a-3149bd5c586c HTTP/1.1" status: 200 len: 1004 time: 0.0626392
2026-08-26 01:40:55.844 10 INFO neutron.db.ovn_revision_numbers_db [None req-b0ab7f39-67f9-4b12-9e1c-1e07a2c097cb 7a18b78282664b068b473887215091ee 08ccdc6a1619498ba73514faa2281105 - - - -] Successfully bumped revision number for resource f5e343b0-1eca-429b-aa4f-c1c05c6da86a (type: ports) to 2
2026-08-26 01:40:56.006 10 INFO neutron.db.ovn_revision_numbers_db [None req-b0ab7f39-67f9-4b12-9e1c-1e07a2c097cb 7a18b78282664b068b473887215091ee 08ccdc6a1619498ba73514faa2281105 - - - -] Successfully bumped revision number for resource f5e343b0-1eca-429b-aa4f-c1c05c6da86a (type: ports) to 2
2026-08-26 01:40:56.022 10 INFO neutron.wsgi [None req-b0ab7f39-67f9-4b12-9e1c-1e07a2c097cb 7a18b78282664b068b473887215091ee 08ccdc6a1619498ba73514faa2281105 - - - -] 162.253.55.223 "PUT /v2.0/ports/f5e343b0-1eca-429b-aa4f-c1c05c6da86a HTTP/1.1" status: 200 len: 1380 time: 0.5967791
2026-08-26 01:40:56.064 10 INFO neutron.notifiers.nova [-] Nova event matching ['req-27fac1de-a9e1-4f65-a423-651ccbba4084'] response: {'name': 'network-changed', 'server_uuid': '6d17a9c5-b637-443a-a8f8-95582db99e74', 'tag': 'f5e343b0-1eca-429b-aa4f-c1c05c6da86a', 'status': 'completed', 'code': 200} /var/lib/openstack/lib/python3.10/site-packages/pycadf/identifier.py:71: UserWarning: Invalid uuid: neutron. To ensure interoperability, identifiers should be a valid uuid. warnings.warn(('Invalid uuid: %s. To ensure interoperability, '
2026-08-26 01:40:56.104 10 INFO neutron.wsgi [req-1c293530-6145-44b1-becb-9ac602edfa3d req-faedf5ed-900c-4cea-adce-00bd2f35592f 7a18b78282664b068b473887215091ee 08ccdc6a1619498ba73514faa2281105 - - b7b1c90675bb46a2bb8fa6c30a4c48d0 b7b1c90675bb46a2bb8fa6c30a4c48d0] 162.253.55.223 "GET /v2.0/ports?tenant_id=d761fbba1a6f49ea86fe1fe4277e79ab&device_id=6d17a9c5-b637-443a-a8f8-95582db99e74 HTTP/1.1" status: 200 len: 2569 time: 0.0354459
2026-08-26 01:40:56.135 10 INFO neutron.wsgi [req-1c293530-6145-44b1-becb-9ac602edfa3d req-8c93e836-d007-47bf-8a6c-878c1a291d30 7a18b78282664b068b473887215091ee 08ccdc6a1619498ba73514faa2281105 - - b7b1c90675bb46a2bb8fa6c30a4c48d0 b7b1c90675bb46a2bb8fa6c30a4c48d0] 162.253.55.223 "GET /v2.0/floatingips?fixed_ip_address=172.24.2.153&port_id=0e1d28bf-dd47-4e7f-a89e-ece084112d53 HTTP/1.1" status: 200 len: 217 time: 0.0245156
2026-08-26 01:40:56.171 10 INFO neutron.wsgi [req-1c293530-6145-44b1-becb-9ac602edfa3d req-3f8801a7-3e9f-4977-92f3-9aac9ea4e237 7a18b78282664b068b473887215091ee 08ccdc6a1619498ba73514faa2281105 - - b7b1c90675bb46a2bb8fa6c30a4c48d0 b7b1c90675bb46a2bb8fa6c30a4c48d0] 162.253.55.223 "GET /v2.0/subnets?id=0dc0b279-f95d-46b4-a400-3aa53b26d0bf HTTP/1.1" status: 200 len: 829 time: 0.0299377
2026-08-26 01:40:56.199 10 INFO neutron.wsgi [req-1c293530-6145-44b1-becb-9ac602edfa3d req-57941ab9-406e-44bb-a244-a35617e7e1d9 7a18b78282664b068b473887215091ee 08ccdc6a1619498ba73514faa2281105 - - b7b1c90675bb46a2bb8fa6c30a4c48d0 b7b1c90675bb46a2bb8fa6c30a4c48d0] 162.253.55.223 "GET /v2.0/ports?network_id=f9bc247a-e56f-40d6-970d-daffe1732577&device_owner=network%3Adhcp HTTP/1.1" status: 200 len: 210 time: 0.0215318
2026-08-26 01:40:56.262 10 INFO neutron.wsgi [req-1c293530-6145-44b1-becb-9ac602edfa3d req-d115031a-fd96-4320-a2b1-94a5501a9e16 7a18b78282664b068b473887215091ee 08ccdc6a1619498ba73514faa2281105 - - b7b1c90675bb46a2bb8fa6c30a4c48d0 b7b1c90675bb46a2bb8fa6c30a4c48d0] 162.253.55.223 "GET /v2.0/networks/f9bc247a-e56f-40d6-970d-daffe1732577?fields=segments HTTP/1.1" status: 200 len: 212 time: 0.0568762
2026-08-26 01:40:56.344 10 INFO neutron.wsgi [req-1c293530-6145-44b1-becb-9ac602edfa3d req-38c6d544-0e62-40ad-9813-11c17559368c 7a18b78282664b068b473887215091ee 08ccdc6a1619498ba73514faa2281105 - - b7b1c90675bb46a2bb8fa6c30a4c48d0 b7b1c90675bb46a2bb8fa6c30a4c48d0] 162.253.55.223 "GET /v2.0/networks/f9bc247a-e56f-40d6-970d-daffe1732577?fields=provider%3Aphysical_network&fields=provider%3Anetwork_type HTTP/1.1" status: 200 len: 277 time: 0.0748017
2026-08-26 01:40:56.387 10 INFO neutron.wsgi [req-1c293530-6145-44b1-becb-9ac602edfa3d req-bd215b9f-b669-448f-8147-867d95260fc8 7a18b78282664b068b473887215091ee 08ccdc6a1619498ba73514faa2281105 - - b7b1c90675bb46a2bb8fa6c30a4c48d0 b7b1c90675bb46a2bb8fa6c30a4c48d0] 162.253.55.223 "GET /v2.0/floatingips?fixed_ip_address=10.1.1.180&port_id=f5e343b0-1eca-429b-aa4f-c1c05c6da86a HTTP/1.1" status: 200 len: 217 time: 0.0364501
2026-08-26 01:40:56.438 10 INFO neutron.wsgi [req-1c293530-6145-44b1-becb-9ac602edfa3d req-d2130554-7b33-4039-a44a-96cf336ced18 7a18b78282664b068b473887215091ee 08ccdc6a1619498ba73514faa2281105 - - b7b1c90675bb46a2bb8fa6c30a4c48d0 b7b1c90675bb46a2bb8fa6c30a4c48d0] 162.253.55.223 "GET /v2.0/subnets?id=9fd8dd80-ace7-4ba6-a350-1c307792d206 HTTP/1.1" status: 200 len: 854 time: 0.0445042
2026-08-26 01:40:56.478 10 INFO neutron.wsgi [req-1c293530-6145-44b1-becb-9ac602edfa3d req-9d131cf0-a5ea-4a12-aac7-70400ea7104d 7a18b78282664b068b473887215091ee 08ccdc6a1619498ba73514faa2281105 - - b7b1c90675bb46a2bb8fa6c30a4c48d0 b7b1c90675bb46a2bb8fa6c30a4c48d0] 162.253.55.223 "GET /v2.0/ports?network_id=a06fdd8a-7631-4350-8f5a-3149bd5c586c&device_owner=network%3Adhcp HTTP/1.1" status: 200 len: 210 time: 0.0304780
2026-08-26 01:40:56.573 10 INFO neutron.wsgi [req-1c293530-6145-44b1-becb-9ac602edfa3d req-6df5841f-810c-4a81-b640-5caf1e70d39b 7a18b78282664b068b473887215091ee 08ccdc6a1619498ba73514faa2281105 - - b7b1c90675bb46a2bb8fa6c30a4c48d0 b7b1c90675bb46a2bb8fa6c30a4c48d0] 162.253.55.223 "GET /v2.0/networks/a06fdd8a-7631-4350-8f5a-3149bd5c586c?fields=segments HTTP/1.1" status: 200 len: 212 time: 0.0883336
2026-08-26 01:40:56.660 10 INFO neutron.wsgi [req-1c293530-6145-44b1-becb-9ac602edfa3d req-cbaf069a-a6d4-475a-8719-c477aac29e92 7a18b78282664b068b473887215091ee 08ccdc6a1619498ba73514faa2281105 - - b7b1c90675bb46a2bb8fa6c30a4c48d0 b7b1c90675bb46a2bb8fa6c30a4c48d0] 162.253.55.223 "GET /v2.0/networks/a06fdd8a-7631-4350-8f5a-3149bd5c586c?fields=provider%3Aphysical_network&fields=provider%3Anetwork_type HTTP/1.1" status: 200 len: 277 time: 0.0736082
2026-08-26 01:40:56.764 9 INFO neutron.plugins.ml2.drivers.ovn.mech_driver.mech_driver [None req-708d48ee-dd6d-4598-842f-750e5fb8a55f - - - - - -] OVN reports status up for port: f5e343b0-1eca-429b-aa4f-c1c05c6da86a
2026-08-26 01:40:56.769 10 INFO neutron.wsgi [req-8a3706e5-5b1d-41bd-b1d2-66e3d3770149 req-b7341fd9-f0f3-4a3b-8414-e6e3c3492e1f 7a18b78282664b068b473887215091ee 08ccdc6a1619498ba73514faa2281105 - - b7b1c90675bb46a2bb8fa6c30a4c48d0 b7b1c90675bb46a2bb8fa6c30a4c48d0] 162.253.55.223 "GET /v2.0/ports?tenant_id=d761fbba1a6f49ea86fe1fe4277e79ab&device_id=6d17a9c5-b637-443a-a8f8-95582db99e74 HTTP/1.1" status: 200 len: 2569 time: 0.0575306
2026-08-26 01:40:56.776 9 INFO neutron.plugins.ml2.plugin [None req-708d48ee-dd6d-4598-842f-750e5fb8a55f - - - - - -] Attempt 1 to provision port f5e343b0-1eca-429b-aa4f-c1c05c6da86a
2026-08-26 01:40:56.859 10 INFO neutron.wsgi [req-8a3706e5-5b1d-41bd-b1d2-66e3d3770149 req-cab60e27-d75a-4852-99d5-cd5f050e7a14 7a18b78282664b068b473887215091ee 08ccdc6a1619498ba73514faa2281105 - - b7b1c90675bb46a2bb8fa6c30a4c48d0 b7b1c90675bb46a2bb8fa6c30a4c48d0] 162.253.55.223 "GET /v2.0/networks?id=a06fdd8a-7631-4350-8f5a-3149bd5c586c HTTP/1.1" status: 200 len: 1004 time: 0.0810025
2026-08-26 01:40:56.894 10 INFO neutron.wsgi [req-8a3706e5-5b1d-41bd-b1d2-66e3d3770149 req-f5254a26-3848-4e45-9bf3-51654fa19704 7a18b78282664b068b473887215091ee 08ccdc6a1619498ba73514faa2281105 - - b7b1c90675bb46a2bb8fa6c30a4c48d0 b7b1c90675bb46a2bb8fa6c30a4c48d0] 162.253.55.223 "GET /v2.0/floatingips?fixed_ip_address=10.1.1.180&port_id=f5e343b0-1eca-429b-aa4f-c1c05c6da86a HTTP/1.1" status: 200 len: 217 time: 0.0268226
2026-08-26 01:40:56.908 9 INFO neutron.notifiers.nova [-] Nova event matching ['req-b8a5b74c-325a-468e-b302-8e663f864435'] response: {'server_uuid': '6d17a9c5-b637-443a-a8f8-95582db99e74', 'name': 'network-vif-plugged', 'status': 'completed', 'tag': 'f5e343b0-1eca-429b-aa4f-c1c05c6da86a', 'code': 200}
2026-08-26 01:40:56.946 10 INFO neutron.wsgi [req-8a3706e5-5b1d-41bd-b1d2-66e3d3770149 req-c4b63d21-e987-4fcc-bfe7-15c9509ea048 7a18b78282664b068b473887215091ee 08ccdc6a1619498ba73514faa2281105 - - b7b1c90675bb46a2bb8fa6c30a4c48d0 b7b1c90675bb46a2bb8fa6c30a4c48d0] 162.253.55.223 "GET /v2.0/subnets?id=9fd8dd80-ace7-4ba6-a350-1c307792d206 HTTP/1.1" status: 200 len: 854 time: 0.0450189
2026-08-26 01:40:56.980 10 INFO neutron.wsgi [req-8a3706e5-5b1d-41bd-b1d2-66e3d3770149 req-57236ba8-a620-4622-8e6a-5808f078da69 7a18b78282664b068b473887215091ee 08ccdc6a1619498ba73514faa2281105 - - b7b1c90675bb46a2bb8fa6c30a4c48d0 b7b1c90675bb46a2bb8fa6c30a4c48d0] 162.253.55.223 "GET /v2.0/ports?network_id=a06fdd8a-7631-4350-8f5a-3149bd5c586c&device_owner=network%3Adhcp HTTP/1.1" status: 200 len: 210 time: 0.0276074
2026-08-26 01:40:56.982 9 INFO neutron.wsgi [req-1c293530-6145-44b1-becb-9ac602edfa3d req-54742749-b308-40e9-84fd-92128ff94cde 179e8bdbb1c342d39e671097e84dccd4 d761fbba1a6f49ea86fe1fe4277e79ab - - default default] 10.0.0.82 "GET /v2.0/ports/f5e343b0-1eca-429b-aa4f-c1c05c6da86a HTTP/1.1" status: 200 len: 1410 time: 0.0402982
2026-08-26 01:40:57.049 10 INFO neutron.wsgi [req-8a3706e5-5b1d-41bd-b1d2-66e3d3770149 req-70d1073a-6689-4392-9394-6ca2ca6f25a2 7a18b78282664b068b473887215091ee 08ccdc6a1619498ba73514faa2281105 - - b7b1c90675bb46a2bb8fa6c30a4c48d0 b7b1c90675bb46a2bb8fa6c30a4c48d0] 162.253.55.223 "GET /v2.0/networks/a06fdd8a-7631-4350-8f5a-3149bd5c586c?fields=segments HTTP/1.1" status: 200 len: 212 time: 0.0632505
2026-08-26 01:40:57.092 9 INFO neutron.db.ovn_revision_numbers_db [None req-708d48ee-dd6d-4598-842f-750e5fb8a55f - - - - - -] Successfully bumped revision number for resource f5e343b0-1eca-429b-aa4f-c1c05c6da86a (type: ports) to 4
2026-08-26 01:40:57.120 10 INFO neutron.wsgi [req-8a3706e5-5b1d-41bd-b1d2-66e3d3770149 req-b72ee452-6328-480d-85d2-16201a8a4ff8 7a18b78282664b068b473887215091ee 08ccdc6a1619498ba73514faa2281105 - - b7b1c90675bb46a2bb8fa6c30a4c48d0 b7b1c90675bb46a2bb8fa6c30a4c48d0] 162.253.55.223 "GET /v2.0/networks/a06fdd8a-7631-4350-8f5a-3149bd5c586c?fields=provider%3Aphysical_network&fields=provider%3Anetwork_type HTTP/1.1" status: 200 len: 277 time: 0.0620048
2026-08-26 01:40:57.373 9 INFO neutron.db.ovn_revision_numbers_db [None req-7be54c3c-e59a-48cd-b366-60df4ef6ac40 179e8bdbb1c342d39e671097e84dccd4 d761fbba1a6f49ea86fe1fe4277e79ab - - - -] Successfully bumped revision number for resource f5e343b0-1eca-429b-aa4f-c1c05c6da86a (type: ports) to 5
2026-08-26 01:40:57.388 9 INFO neutron.wsgi [None req-7be54c3c-e59a-48cd-b366-60df4ef6ac40 179e8bdbb1c342d39e671097e84dccd4 d761fbba1a6f49ea86fe1fe4277e79ab - - - -] 162.253.55.223 "PUT /v2.0/ports/f5e343b0-1eca-429b-aa4f-c1c05c6da86a HTTP/1.1" status: 200 len: 1443 time: 0.3968792 /var/lib/openstack/lib/python3.10/site-packages/pycadf/identifier.py:71: UserWarning: Invalid uuid: neutron. To ensure interoperability, identifiers should be a valid uuid. warnings.warn(('Invalid uuid: %s. To ensure interoperability, '
2026-08-26 01:40:57.438 9 INFO neutron.wsgi [None req-39ba3574-d2ef-4376-82e0-efc72911c4c9 179e8bdbb1c342d39e671097e84dccd4 d761fbba1a6f49ea86fe1fe4277e79ab - - default default] 162.253.55.223 "GET /v2.0/security-groups?name=lb-c1f2c9eb-a386-4201-8f87-27849355acbb HTTP/1.1" status: 200 len: 1775 time: 0.0442469
2026-08-26 01:40:57.793 9 INFO neutron.db.ovn_revision_numbers_db [None req-8ad6d698-0363-485f-a0bb-0ca2df179a7d 179e8bdbb1c342d39e671097e84dccd4 d761fbba1a6f49ea86fe1fe4277e79ab - - - -] Successfully bumped revision number for resource f5e343b0-1eca-429b-aa4f-c1c05c6da86a (type: ports) to 6
2026-08-26 01:40:57.806 9 INFO neutron.wsgi [None req-8ad6d698-0363-485f-a0bb-0ca2df179a7d 179e8bdbb1c342d39e671097e84dccd4 d761fbba1a6f49ea86fe1fe4277e79ab - - - -] 162.253.55.223 "PUT /v2.0/ports/f5e343b0-1eca-429b-aa4f-c1c05c6da86a HTTP/1.1" status: 200 len: 1443 time: 0.3609498 /var/lib/openstack/lib/python3.10/site-packages/pycadf/identifier.py:71: UserWarning: Invalid uuid: neutron. To ensure interoperability, identifiers should be a valid uuid. warnings.warn(('Invalid uuid: %s. To ensure interoperability, '
2026-08-26 01:40:57.903 9 INFO neutron.wsgi [None req-41f7382e-da86-44a2-99cd-3552697590a2 179e8bdbb1c342d39e671097e84dccd4 d761fbba1a6f49ea86fe1fe4277e79ab - - default default] 162.253.55.223 "GET /v2.0/extensions/security-group HTTP/1.1" status: 200 len: 369 time: 0.0087183
2026-08-26 01:40:57.914 9 INFO neutron.wsgi [None req-fb5d9be8-e818-46a7-8cdb-5e7ecc281528 179e8bdbb1c342d39e671097e84dccd4 d761fbba1a6f49ea86fe1fe4277e79ab - - default default] 162.253.55.223 "GET /v2.0/extensions/dns-integration HTTP/1.1" status: 200 len: 371 time: 0.0047536
2026-08-26 01:40:57.922 9 INFO neutron.wsgi [None req-4861ec6d-a73c-4366-bf9c-4d90937de0d3 179e8bdbb1c342d39e671097e84dccd4 d761fbba1a6f49ea86fe1fe4277e79ab - - default default] 162.253.55.223 "GET /v2.0/extensions/qos HTTP/1.1" status: 200 len: 365 time: 0.0047479
2026-08-26 01:40:57.933 9 INFO neutron.wsgi [None req-45c224c2-a949-4a4b-bcc3-686e834de1fe 179e8bdbb1c342d39e671097e84dccd4 d761fbba1a6f49ea86fe1fe4277e79ab - - default default] 162.253.55.223 "GET /v2.0/extensions/allowed-address-pairs HTTP/1.1" status: 200 len: 383 time: 0.0061250
2026-08-26 01:40:57.976 9 INFO neutron.wsgi [None req-0f2104b8-eef2-4b72-8ce9-30ce58129b03 179e8bdbb1c342d39e671097e84dccd4 d761fbba1a6f49ea86fe1fe4277e79ab - - default default] 162.253.55.223 "GET /v2.0/subnets/9fd8dd80-ace7-4ba6-a350-1c307792d206 HTTP/1.1" status: 200 len: 851 time: 0.0383284
2026-08-26 01:40:58.016 9 INFO neutron.wsgi [None req-031c2780-6b8e-4aa9-8465-257f874f97b9 179e8bdbb1c342d39e671097e84dccd4 d761fbba1a6f49ea86fe1fe4277e79ab - - default default] 162.253.55.223 "GET /v2.0/ports/d9b42883-9ef4-4a1a-8e8e-55458752def0 HTTP/1.1" status: 200 len: 1332 time: 0.0314257
2026-08-26 01:40:58.050 9 INFO neutron.wsgi [None req-b74ba7e3-55cc-4008-bf39-2911851eb19c 179e8bdbb1c342d39e671097e84dccd4 d761fbba1a6f49ea86fe1fe4277e79ab - - default default] 162.253.55.223 "GET /v2.0/ports/f5e343b0-1eca-429b-aa4f-c1c05c6da86a HTTP/1.1" status: 200 len: 1471 time: 0.0281720
2026-08-26 01:40:58.088 9 INFO neutron.wsgi [None req-0bbe49e7-4700-4b49-90b2-5f77a6129285 179e8bdbb1c342d39e671097e84dccd4 d761fbba1a6f49ea86fe1fe4277e79ab - - default default] 162.253.55.223 "GET /v2.0/subnets/9fd8dd80-ace7-4ba6-a350-1c307792d206 HTTP/1.1" status: 200 len: 851 time: 0.0310683
2026-08-26 01:40:58.148 9 INFO neutron.wsgi [None req-a6c05d57-e425-4648-a39f-da700c13c3f3 179e8bdbb1c342d39e671097e84dccd4 d761fbba1a6f49ea86fe1fe4277e79ab - - default default] 162.253.55.223 "GET /v2.0/networks/a06fdd8a-7631-4350-8f5a-3149bd5c586c HTTP/1.1" status: 200 len: 1001 time: 0.0538549
2026-08-26 01:40:58.179 9 INFO neutron.wsgi [None req-1fb328b5-cf34-4c41-ac63-24e96e0aa587 179e8bdbb1c342d39e671097e84dccd4 d761fbba1a6f49ea86fe1fe4277e79ab - - default default] 162.253.55.223 "GET /v2.0/ports/d9b42883-9ef4-4a1a-8e8e-55458752def0 HTTP/1.1" status: 200 len: 1332 time: 0.0244558
2026-08-26 01:40:58.217 9 INFO neutron.wsgi [None req-dc6ac10d-210e-45ff-b7f5-a485098503f0 179e8bdbb1c342d39e671097e84dccd4 d761fbba1a6f49ea86fe1fe4277e79ab - - default default] 162.253.55.223 "GET /v2.0/subnets/9fd8dd80-ace7-4ba6-a350-1c307792d206 HTTP/1.1" status: 200 len: 851 time: 0.0318174
2026-08-26 01:40:58.951 9 INFO neutron.notifiers.nova [-] Nova event matching ['req-2839f267-0ba9-4767-95c3-a063f5712a3b'] response: {'server_uuid': '6d17a9c5-b637-443a-a8f8-95582db99e74', 'name': 'network-vif-plugged', 'status': 'completed', 'tag': 'f5e343b0-1eca-429b-aa4f-c1c05c6da86a', 'code': 200}
2026-08-26 01:40:58.951 9 INFO neutron.notifiers.nova [-] Nova event matching ['req-2839f267-0ba9-4767-95c3-a063f5712a3b'] response: {'name': 'network-changed', 'server_uuid': '6d17a9c5-b637-443a-a8f8-95582db99e74', 'tag': 'f5e343b0-1eca-429b-aa4f-c1c05c6da86a', 'status': 'completed', 'code': 200}
2026-08-26 01:40:58.951 9 INFO neutron.notifiers.nova [-] Nova event matching ['req-2839f267-0ba9-4767-95c3-a063f5712a3b'] response: {'name': 'network-changed', 'server_uuid': '6d17a9c5-b637-443a-a8f8-95582db99e74', 'tag': 'f5e343b0-1eca-429b-aa4f-c1c05c6da86a', 'status': 'completed', 'code': 200}
2026-08-26 01:40:59.020 10 INFO neutron.wsgi [req-91857b98-a55e-43dd-9aa5-0e0e576e9976 req-11052bfa-ab99-4ec3-81ea-17c2b68c42bf 7a18b78282664b068b473887215091ee 08ccdc6a1619498ba73514faa2281105 - - b7b1c90675bb46a2bb8fa6c30a4c48d0 b7b1c90675bb46a2bb8fa6c30a4c48d0] 162.253.55.223 "GET /v2.0/ports?tenant_id=d761fbba1a6f49ea86fe1fe4277e79ab&device_id=6d17a9c5-b637-443a-a8f8-95582db99e74 HTTP/1.1" status: 200 len: 2632 time: 0.0465920
2026-08-26 01:40:59.561 10 INFO neutron.wsgi [req-91857b98-a55e-43dd-9aa5-0e0e576e9976 req-85b6db14-d037-4a9f-8373-66904f7d2efc 7a18b78282664b068b473887215091ee 08ccdc6a1619498ba73514faa2281105 - - b7b1c90675bb46a2bb8fa6c30a4c48d0 b7b1c90675bb46a2bb8fa6c30a4c48d0] 162.253.55.223 "GET /v2.0/networks?id=a06fdd8a-7631-4350-8f5a-3149bd5c586c HTTP/1.1" status: 200 len: 1004 time: 0.5343049
2026-08-26 01:40:59.601 10 INFO neutron.wsgi [req-91857b98-a55e-43dd-9aa5-0e0e576e9976 req-7b28798c-246b-40cf-ae09-43a0c3274e5c 7a18b78282664b068b473887215091ee 08ccdc6a1619498ba73514faa2281105 - - b7b1c90675bb46a2bb8fa6c30a4c48d0 b7b1c90675bb46a2bb8fa6c30a4c48d0] 162.253.55.223 "GET /v2.0/floatingips?fixed_ip_address=10.1.1.180&port_id=f5e343b0-1eca-429b-aa4f-c1c05c6da86a HTTP/1.1" status: 200 len: 217 time: 0.0335956
2026-08-26 01:40:59.643 10 INFO neutron.wsgi [req-91857b98-a55e-43dd-9aa5-0e0e576e9976 req-dd065cd5-8f39-49c1-bf39-ae7287cd0346 7a18b78282664b068b473887215091ee 08ccdc6a1619498ba73514faa2281105 - - b7b1c90675bb46a2bb8fa6c30a4c48d0 b7b1c90675bb46a2bb8fa6c30a4c48d0] 162.253.55.223 "GET /v2.0/subnets?id=9fd8dd80-ace7-4ba6-a350-1c307792d206 HTTP/1.1" status: 200 len: 854 time: 0.0330935
2026-08-26 01:40:59.675 10 INFO neutron.wsgi [req-91857b98-a55e-43dd-9aa5-0e0e576e9976 req-21c7d490-6cf2-4488-9bdf-7b8ad30b79fe 7a18b78282664b068b473887215091ee 08ccdc6a1619498ba73514faa2281105 - - b7b1c90675bb46a2bb8fa6c30a4c48d0 b7b1c90675bb46a2bb8fa6c30a4c48d0] 162.253.55.223 "GET /v2.0/ports?network_id=a06fdd8a-7631-4350-8f5a-3149bd5c586c&device_owner=network%3Adhcp HTTP/1.1" status: 200 len: 210 time: 0.0250013
2026-08-26 01:40:59.736 10 INFO neutron.wsgi [req-91857b98-a55e-43dd-9aa5-0e0e576e9976 req-efea571e-ff55-4e96-97c3-cb371bbe3d10 7a18b78282664b068b473887215091ee 08ccdc6a1619498ba73514faa2281105 - - b7b1c90675bb46a2bb8fa6c30a4c48d0 b7b1c90675bb46a2bb8fa6c30a4c48d0] 162.253.55.223 "GET /v2.0/networks/a06fdd8a-7631-4350-8f5a-3149bd5c586c?fields=segments HTTP/1.1" status: 200 len: 212 time: 0.0556979
2026-08-26 01:40:59.794 10 INFO neutron.wsgi [req-91857b98-a55e-43dd-9aa5-0e0e576e9976 req-f7ab7234-07c1-4ce2-b8ac-fced0147ed38 7a18b78282664b068b473887215091ee 08ccdc6a1619498ba73514faa2281105 - - b7b1c90675bb46a2bb8fa6c30a4c48d0 b7b1c90675bb46a2bb8fa6c30a4c48d0] 162.253.55.223 "GET /v2.0/networks/a06fdd8a-7631-4350-8f5a-3149bd5c586c?fields=provider%3Aphysical_network&fields=provider%3Anetwork_type HTTP/1.1" status: 200 len: 277 time: 0.0540755
2026-08-26 01:40:59.877 10 INFO neutron.wsgi [req-91857b98-a55e-43dd-9aa5-0e0e576e9976 req-4c185669-7ebf-4cf9-a446-163da47ea389 7a18b78282664b068b473887215091ee 08ccdc6a1619498ba73514faa2281105 - - b7b1c90675bb46a2bb8fa6c30a4c48d0 b7b1c90675bb46a2bb8fa6c30a4c48d0] 162.253.55.223 "GET /v2.0/ports?tenant_id=d761fbba1a6f49ea86fe1fe4277e79ab&device_id=6d17a9c5-b637-443a-a8f8-95582db99e74 HTTP/1.1" status: 200 len: 2632 time: 0.0437059
2026-08-26 01:40:59.954 10 INFO neutron.wsgi [req-91857b98-a55e-43dd-9aa5-0e0e576e9976 req-21d67021-76b8-40ed-ac9c-a786cf9aa32d 7a18b78282664b068b473887215091ee 08ccdc6a1619498ba73514faa2281105 - - b7b1c90675bb46a2bb8fa6c30a4c48d0 b7b1c90675bb46a2bb8fa6c30a4c48d0] 162.253.55.223 "GET /v2.0/networks?id=a06fdd8a-7631-4350-8f5a-3149bd5c586c HTTP/1.1" status: 200 len: 1004 time: 0.0702736
2026-08-26 01:40:59.997 10 INFO neutron.wsgi [req-91857b98-a55e-43dd-9aa5-0e0e576e9976 req-41b7573c-6c43-408c-8a72-3503fd13cf51 7a18b78282664b068b473887215091ee 08ccdc6a1619498ba73514faa2281105 - - b7b1c90675bb46a2bb8fa6c30a4c48d0 b7b1c90675bb46a2bb8fa6c30a4c48d0] 162.253.55.223 "GET /v2.0/floatingips?fixed_ip_address=10.1.1.180&port_id=f5e343b0-1eca-429b-aa4f-c1c05c6da86a HTTP/1.1" status: 200 len: 217 time: 0.0360782
2026-08-26 01:41:00.036 10 INFO neutron.wsgi [req-91857b98-a55e-43dd-9aa5-0e0e576e9976 req-adabdb08-5c41-40ec-aefd-4046ca6d0d7b 7a18b78282664b068b473887215091ee 08ccdc6a1619498ba73514faa2281105 - - b7b1c90675bb46a2bb8fa6c30a4c48d0 b7b1c90675bb46a2bb8fa6c30a4c48d0] 162.253.55.223 "GET /v2.0/subnets?id=9fd8dd80-ace7-4ba6-a350-1c307792d206 HTTP/1.1" status: 200 len: 854 time: 0.0326161
2026-08-26 01:41:00.070 10 INFO neutron.wsgi [req-91857b98-a55e-43dd-9aa5-0e0e576e9976 req-32a1c3f3-7a2f-45c8-ad4b-acc190aed11e 7a18b78282664b068b473887215091ee 08ccdc6a1619498ba73514faa2281105 - - b7b1c90675bb46a2bb8fa6c30a4c48d0 b7b1c90675bb46a2bb8fa6c30a4c48d0] 162.253.55.223 "GET /v2.0/ports?network_id=a06fdd8a-7631-4350-8f5a-3149bd5c586c&device_owner=network%3Adhcp HTTP/1.1" status: 200 len: 210 time: 0.0265615
2026-08-26 01:41:00.146 10 INFO neutron.wsgi [req-91857b98-a55e-43dd-9aa5-0e0e576e9976 req-df3e2101-5788-481b-ab62-91b5a89b0a40 7a18b78282664b068b473887215091ee 08ccdc6a1619498ba73514faa2281105 - - b7b1c90675bb46a2bb8fa6c30a4c48d0 b7b1c90675bb46a2bb8fa6c30a4c48d0] 162.253.55.223 "GET /v2.0/networks/a06fdd8a-7631-4350-8f5a-3149bd5c586c?fields=segments HTTP/1.1" status: 200 len: 212 time: 0.0690384
2026-08-26 01:41:00.225 10 INFO neutron.wsgi [req-91857b98-a55e-43dd-9aa5-0e0e576e9976 req-85e6935a-afe5-405a-9231-06ac8d79f6d2 7a18b78282664b068b473887215091ee 08ccdc6a1619498ba73514faa2281105 - - b7b1c90675bb46a2bb8fa6c30a4c48d0 b7b1c90675bb46a2bb8fa6c30a4c48d0] 162.253.55.223 "GET /v2.0/networks/a06fdd8a-7631-4350-8f5a-3149bd5c586c?fields=provider%3Aphysical_network&fields=provider%3Anetwork_type HTTP/1.1" status: 200 len: 277 time: 0.0735626
2026-08-26 01:41:01.482 9 WARNING neutron.scheduler.dhcp_agent_scheduler [None req-dfb5698a-3c57-48b8-9628-a19c2bc7617f 97eaab3be32e477eb2610d5bf9dab873 dbf055ab372349fcac031548700f1df8 - - - -] No more DHCP agents
2026-08-26 01:41:01.484 9 WARNING neutron.api.rpc.agentnotifiers.dhcp_rpc_agent_api [None req-dfb5698a-3c57-48b8-9628-a19c2bc7617f 97eaab3be32e477eb2610d5bf9dab873 dbf055ab372349fcac031548700f1df8 - - - -] Unable to schedule network c855d0c7-59cd-43c9-9305-a1aaf2c899e5: no agents available; will retry on subsequent port and subnet creation events.
2026-08-26 01:41:02.065 9 INFO neutron.db.l3_db [None req-dfb5698a-3c57-48b8-9628-a19c2bc7617f 97eaab3be32e477eb2610d5bf9dab873 dbf055ab372349fcac031548700f1df8 - - - -] Floating IP 8ee34ab1-f9be-4d10-994a-f4cd8d986b51 associated. External IP: 10.96.250.204, port: d9b42883-9ef4-4a1a-8e8e-55458752def0.
2026-08-26 01:41:02.552 10 INFO neutron.wsgi [-] 10.0.0.16 "GET / HTTP/1.1" status: 200 len: 246 time: 0.0014362
2026-08-26 01:41:02.553 10 INFO neutron.wsgi [-] 10.0.0.16 "GET / HTTP/1.1" status: 200 len: 246 time: 0.0009217
2026-08-26 01:41:02.642 9 INFO neutron.db.ovn_revision_numbers_db [None req-dfb5698a-3c57-48b8-9628-a19c2bc7617f 97eaab3be32e477eb2610d5bf9dab873 dbf055ab372349fcac031548700f1df8 - - - -] Successfully bumped revision number for resource 8ee34ab1-f9be-4d10-994a-f4cd8d986b51 (type: floatingips) to 0
2026-08-26 01:41:02.738 9 INFO neutron.db.ovn_revision_numbers_db [None req-dfb5698a-3c57-48b8-9628-a19c2bc7617f 97eaab3be32e477eb2610d5bf9dab873 dbf055ab372349fcac031548700f1df8 - - - -] Successfully bumped revision number for resource 8ee34ab1-f9be-4d10-994a-f4cd8d986b51 (type: floatingips) to 1
2026-08-26 01:41:02.793 9 INFO neutron.wsgi [None req-dfb5698a-3c57-48b8-9628-a19c2bc7617f 97eaab3be32e477eb2610d5bf9dab873 dbf055ab372349fcac031548700f1df8 - - - -] 10.0.0.232 "POST /v2.0/floatingips HTTP/1.1" status: 201 len: 1098 time: 1.5993845
2026-08-26 01:41:05.862 10 INFO neutron.plugins.ml2.drivers.ovn.mech_driver.mech_driver [None req-8c15824c-b5df-4752-9ac7-0a1ceda6f524 - - - - - -] OVN reports status up for port: d9b42883-9ef4-4a1a-8e8e-55458752def0
2026-08-26 01:41:05.876 10 INFO neutron.plugins.ml2.plugin [None req-8c15824c-b5df-4752-9ac7-0a1ceda6f524 - - - - - -] Attempt 1 to provision port d9b42883-9ef4-4a1a-8e8e-55458752def0 /var/lib/openstack/lib/python3.10/site-packages/pycadf/identifier.py:71: UserWarning: Invalid uuid: neutron. To ensure interoperability, identifiers should be a valid uuid. warnings.warn(('Invalid uuid: %s. To ensure interoperability, '
2026-08-26 01:41:06.457 9 INFO neutron.wsgi [None req-b201adaf-9eba-4fec-a378-da02c9eb6bde 179e8bdbb1c342d39e671097e84dccd4 d761fbba1a6f49ea86fe1fe4277e79ab - - default default] 162.253.55.223 "GET /v2.0/extensions/security-group HTTP/1.1" status: 200 len: 369 time: 0.1100514
2026-08-26 01:41:06.468 9 INFO neutron.wsgi [None req-8aff6001-2b21-4b12-8b3c-fb970b3aa459 179e8bdbb1c342d39e671097e84dccd4 d761fbba1a6f49ea86fe1fe4277e79ab - - default default] 162.253.55.223 "GET /v2.0/extensions/dns-integration HTTP/1.1" status: 200 len: 371 time: 0.0038261
2026-08-26 01:41:06.482 9 INFO neutron.wsgi [None req-59743c63-abea-41cf-b116-fd2c25b47963 179e8bdbb1c342d39e671097e84dccd4 d761fbba1a6f49ea86fe1fe4277e79ab - - default default] 162.253.55.223 "GET /v2.0/extensions/qos HTTP/1.1" status: 200 len: 365 time: 0.0107052
2026-08-26 01:41:06.499 9 INFO neutron.wsgi [None req-80a47f31-3a5d-4887-95a3-46c97bd79a19 179e8bdbb1c342d39e671097e84dccd4 d761fbba1a6f49ea86fe1fe4277e79ab - - default default] 162.253.55.223 "GET /v2.0/extensions/allowed-address-pairs HTTP/1.1" status: 200 len: 383 time: 0.0091579
2026-08-26 01:41:06.685 9 INFO neutron.wsgi [None req-addbb37c-5250-4145-a2ee-29e05226502d 179e8bdbb1c342d39e671097e84dccd4 d761fbba1a6f49ea86fe1fe4277e79ab - - default default] 162.253.55.223 "GET /v2.0/security-groups?name=lb-c1f2c9eb-a386-4201-8f87-27849355acbb HTTP/1.1" status: 200 len: 1775 time: 0.0401738
2026-08-26 01:41:06.716 9 INFO neutron.wsgi [None req-8df66cae-e487-43a1-af27-78a1d410c1d5 179e8bdbb1c342d39e671097e84dccd4 d761fbba1a6f49ea86fe1fe4277e79ab - - default default] 162.253.55.223 "GET /v2.0/security-group-rules?security_group_id=09a45fb0-e665-486f-a295-41208a10c6b1 HTTP/1.1" status: 200 len: 1318 time: 0.0231717
2026-08-26 01:41:06.840 9 INFO neutron.db.ovn_revision_numbers_db [None req-f45928d0-0e2e-48e6-97b0-f57f697dce1a 179e8bdbb1c342d39e671097e84dccd4 d761fbba1a6f49ea86fe1fe4277e79ab - - - -] Successfully bumped revision number for resource 8ea767b1-448c-4534-ab60-bb84c4ddad4b (type: security_group_rules) to 0
2026-08-26 01:41:06.872 9 INFO neutron.wsgi [None req-f45928d0-0e2e-48e6-97b0-f57f697dce1a 179e8bdbb1c342d39e671097e84dccd4 d761fbba1a6f49ea86fe1fe4277e79ab - - - -] 162.253.55.223 "POST /v2.0/security-group-rules HTTP/1.1" status: 201 len: 773 time: 0.1492872
2026-08-26 01:41:06.986 9 INFO neutron.db.ovn_revision_numbers_db [None req-8c5485a7-6976-4633-bc04-c22848ce205c 179e8bdbb1c342d39e671097e84dccd4 d761fbba1a6f49ea86fe1fe4277e79ab - - - -] Successfully bumped revision number for resource 64a39bc3-0438-4c94-907c-64bc926def02 (type: security_group_rules) to 0
2026-08-26 01:41:07.010 9 INFO neutron.wsgi [None req-8c5485a7-6976-4633-bc04-c22848ce205c 179e8bdbb1c342d39e671097e84dccd4 d761fbba1a6f49ea86fe1fe4277e79ab - - - -] 162.253.55.223 "POST /v2.0/security-group-rules HTTP/1.1" status: 201 len: 769 time: 0.1326244
2026-08-26 01:41:11.892 10 INFO neutron.wsgi [req-5016ef1e-a29d-400c-a197-2143c7fe5d44 req-cc3a555d-729a-42e4-b619-c2dc8cee2a4e 7a18b78282664b068b473887215091ee 08ccdc6a1619498ba73514faa2281105 - - b7b1c90675bb46a2bb8fa6c30a4c48d0 b7b1c90675bb46a2bb8fa6c30a4c48d0] 162.253.55.223 "GET /v2.0/ports?device_id=46bb7ebe-b48e-4053-9324-212319f5fbe0&fields=binding%3Ahost_id&fields=binding%3Avif_type HTTP/1.1" status: 200 len: 265 time: 0.1981163
2026-08-26 01:41:11.949 10 INFO neutron.wsgi [req-5016ef1e-a29d-400c-a197-2143c7fe5d44 req-8b3b4103-db14-46cf-93c7-116f2966a7cc 7a18b78282664b068b473887215091ee 08ccdc6a1619498ba73514faa2281105 - - b7b1c90675bb46a2bb8fa6c30a4c48d0 b7b1c90675bb46a2bb8fa6c30a4c48d0] 162.253.55.223 "GET /v2.0/ports?tenant_id=dbf055ab372349fcac031548700f1df8&device_id=46bb7ebe-b48e-4053-9324-212319f5fbe0 HTTP/1.1" status: 200 len: 1594 time: 0.0327876
2026-08-26 01:41:12.023 10 INFO neutron.wsgi [req-5016ef1e-a29d-400c-a197-2143c7fe5d44 req-3f3bf54a-e7a7-4ddf-a27e-961940670f9d 7a18b78282664b068b473887215091ee 08ccdc6a1619498ba73514faa2281105 - - b7b1c90675bb46a2bb8fa6c30a4c48d0 b7b1c90675bb46a2bb8fa6c30a4c48d0] 162.253.55.223 "GET /v2.0/networks?id=b145cefa-62c1-46e7-995a-7d91a869cf75 HTTP/1.1" status: 200 len: 1003 time: 0.0527368
2026-08-26 01:41:12.068 10 INFO neutron.wsgi [req-5016ef1e-a29d-400c-a197-2143c7fe5d44 req-0838c833-2ef3-465c-9055-2616cb325192 7a18b78282664b068b473887215091ee 08ccdc6a1619498ba73514faa2281105 - - b7b1c90675bb46a2bb8fa6c30a4c48d0 b7b1c90675bb46a2bb8fa6c30a4c48d0] 162.253.55.223 "GET /v2.0/floatingips?fixed_ip_address=10.2.2.138&port_id=55b68198-f99a-41a6-a86f-1325cc0bb19f HTTP/1.1" status: 200 len: 1059 time: 0.0364075
2026-08-26 01:41:12.105 10 INFO neutron.wsgi [req-5016ef1e-a29d-400c-a197-2143c7fe5d44 req-c3643cb3-f058-48c4-a449-8ce5d9934a8d 7a18b78282664b068b473887215091ee 08ccdc6a1619498ba73514faa2281105 - - b7b1c90675bb46a2bb8fa6c30a4c48d0 b7b1c90675bb46a2bb8fa6c30a4c48d0] 162.253.55.223 "GET /v2.0/floatingips?fixed_ip_address=fd77%3A1457%3A4cf0%3A26a8%3A%3A18d&port_id=55b68198-f99a-41a6-a86f-1325cc0bb19f HTTP/1.1" status: 200 len: 217 time: 0.0282059
2026-08-26 01:41:12.149 10 INFO neutron.wsgi [req-5016ef1e-a29d-400c-a197-2143c7fe5d44 req-c8a11bbe-ccee-449a-8cd8-ccdedbcf5773 7a18b78282664b068b473887215091ee 08ccdc6a1619498ba73514faa2281105 - - b7b1c90675bb46a2bb8fa6c30a4c48d0 b7b1c90675bb46a2bb8fa6c30a4c48d0] 162.253.55.223 "GET /v2.0/subnets?id=0fe11417-476d-4b64-ad61-ecf9c5b670ca&id=c8f8ca0a-3418-4756-a366-0955a44a73d0 HTTP/1.1" status: 200 len: 1566 time: 0.0367179
2026-08-26 01:41:12.181 10 INFO neutron.wsgi [req-5016ef1e-a29d-400c-a197-2143c7fe5d44 req-98449000-5448-40e3-acb0-8aae5ad7562d 7a18b78282664b068b473887215091ee 08ccdc6a1619498ba73514faa2281105 - - b7b1c90675bb46a2bb8fa6c30a4c48d0 b7b1c90675bb46a2bb8fa6c30a4c48d0] 162.253.55.223 "GET /v2.0/ports?network_id=b145cefa-62c1-46e7-995a-7d91a869cf75&device_owner=network%3Adhcp HTTP/1.1" status: 200 len: 210 time: 0.0240998
2026-08-26 01:41:12.209 10 INFO neutron.wsgi [req-5016ef1e-a29d-400c-a197-2143c7fe5d44 req-7316f9aa-1d45-4889-97c8-2e8f79aab19d 7a18b78282664b068b473887215091ee 08ccdc6a1619498ba73514faa2281105 - - b7b1c90675bb46a2bb8fa6c30a4c48d0 b7b1c90675bb46a2bb8fa6c30a4c48d0] 162.253.55.223 "GET /v2.0/ports?network_id=b145cefa-62c1-46e7-995a-7d91a869cf75&device_owner=network%3Adhcp HTTP/1.1" status: 200 len: 210 time: 0.0221798
2026-08-26 01:41:12.270 10 INFO neutron.wsgi [req-5016ef1e-a29d-400c-a197-2143c7fe5d44 req-8ec2aeff-587f-46ad-8d11-cc115a3ea0e4 7a18b78282664b068b473887215091ee 08ccdc6a1619498ba73514faa2281105 - - b7b1c90675bb46a2bb8fa6c30a4c48d0 b7b1c90675bb46a2bb8fa6c30a4c48d0] 162.253.55.223 "GET /v2.0/networks/b145cefa-62c1-46e7-995a-7d91a869cf75?fields=segments HTTP/1.1" status: 200 len: 212 time: 0.0565670
2026-08-26 01:41:12.346 10 INFO neutron.wsgi [req-5016ef1e-a29d-400c-a197-2143c7fe5d44 req-50fe0e31-2af2-48fb-a959-9d81ad1f5cf5 7a18b78282664b068b473887215091ee 08ccdc6a1619498ba73514faa2281105 - - b7b1c90675bb46a2bb8fa6c30a4c48d0 b7b1c90675bb46a2bb8fa6c30a4c48d0] 162.253.55.223 "GET /v2.0/networks/b145cefa-62c1-46e7-995a-7d91a869cf75?fields=provider%3Aphysical_network&fields=provider%3Anetwork_type HTTP/1.1" status: 200 len: 277 time: 0.0687590
2026-08-26 01:41:14.307 9 INFO neutron.wsgi [None req-0854abbc-ba60-4cca-b0a7-c27b5040b8b6 179e8bdbb1c342d39e671097e84dccd4 d761fbba1a6f49ea86fe1fe4277e79ab - - default default] 10.0.0.86 "GET /v2.0/extensions/security-group HTTP/1.1" status: 200 len: 369 time: 0.0531633
2026-08-26 01:41:14.319 9 INFO neutron.wsgi [None req-e6ab1aad-05f8-4da1-abc8-cbeeb5cf6a01 179e8bdbb1c342d39e671097e84dccd4 d761fbba1a6f49ea86fe1fe4277e79ab - - default default] 10.0.0.86 "GET /v2.0/extensions/dns-integration HTTP/1.1" status: 200 len: 371 time: 0.0053461
2026-08-26 01:41:14.329 9 INFO neutron.wsgi [None req-a8424409-1545-4fb7-a3e4-75668b517f86 179e8bdbb1c342d39e671097e84dccd4 d761fbba1a6f49ea86fe1fe4277e79ab - - default default] 10.0.0.86 "GET /v2.0/extensions/qos HTTP/1.1" status: 200 len: 365 time: 0.0042715
2026-08-26 01:41:14.341 9 INFO neutron.wsgi [None req-7f523b2d-e0a7-4a18-a793-a1d883a875e1 179e8bdbb1c342d39e671097e84dccd4 d761fbba1a6f49ea86fe1fe4277e79ab - - default default] 10.0.0.86 "GET /v2.0/extensions/allowed-address-pairs HTTP/1.1" status: 200 len: 383 time: 0.0053751
2026-08-26 01:41:14.837 9 INFO neutron.wsgi [-] 10.0.0.86 "GET / HTTP/1.1" status: 200 len: 284 time: 0.0031385
2026-08-26 01:41:14.882 9 INFO neutron.wsgi [None req-e954420a-23fa-415e-8364-e72773a44c54 97eaab3be32e477eb2610d5bf9dab873 dbf055ab372349fcac031548700f1df8 - - default default] 10.0.0.86 "GET /v2.0/subnets/12d30994-045d-4290-8567-319c80b96df3 HTTP/1.1" status: 200 len: 831 time: 0.0404127
2026-08-26 01:41:15.344 9 INFO neutron.wsgi [None req-7d99d11e-b891-481c-8f16-8b4a5cb4eb2b 179e8bdbb1c342d39e671097e84dccd4 d761fbba1a6f49ea86fe1fe4277e79ab - - default default] 162.253.55.223 "GET /v2.0/extensions/security-group HTTP/1.1" status: 200 len: 369 time: 0.0081663
2026-08-26 01:41:15.354 9 INFO neutron.wsgi [None req-64744de4-c534-4b6c-a036-f9606d2afdbd 179e8bdbb1c342d39e671097e84dccd4 d761fbba1a6f49ea86fe1fe4277e79ab - - default default] 162.253.55.223 "GET /v2.0/extensions/dns-integration HTTP/1.1" status: 200 len: 371 time: 0.0031133
2026-08-26 01:41:15.362 9 INFO neutron.wsgi [None req-c7d6b329-e967-4914-a87b-5c02ea0b171d 179e8bdbb1c342d39e671097e84dccd4 d761fbba1a6f49ea86fe1fe4277e79ab - - default default] 162.253.55.223 "GET /v2.0/extensions/qos HTTP/1.1" status: 200 len: 365 time: 0.0043163
