2026-08-26 01:37:05.819 10 INFO neutron.services.segments.plugin [-] Segment 0ac0418f-c9d0-4197-b8d9-9d2bcdd7e3fc resource provider not found; error: Placement Client Error (4xx): {"errors": [{"status": 404, "title": "Not Found", "detail": "The resource could not be found.\n\n No resource provider with uuid 0ac0418f-c9d0-4197-b8d9-9d2bcdd7e3fc found for delete ", "request_id": "req-a5db8a16-8885-4d57-be9e-b41feff826f9"}]}
2026-08-26 01:37:05.862 10 INFO neutron.db.ovn_revision_numbers_db [None req-8c15824c-b5df-4752-9ac7-0a1ceda6f524 - - - - - -] Successfully bumped revision number for resource f4fdf0f1-bec1-484b-b87c-85e2501b1cd5 (type: ports) to 7
2026-08-26 01:37:06.114 10 INFO neutron.db.l3_db [None req-5eb3b7df-84c1-4c72-9a76-8836f818731d d27b378f96434541a881d8011b1e1328 a3b4ac3fd2194100a155dc6d53806a5e - - - -] Floating IP 23ffed78-0491-4dd3-8591-dd885d263f9e disassociated. External IP: 10.96.250.205, port: f4fdf0f1-bec1-484b-b87c-85e2501b1cd5.
2026-08-26 01:37:06.308 10 INFO neutron.wsgi [None req-5eb3b7df-84c1-4c72-9a76-8836f818731d d27b378f96434541a881d8011b1e1328 a3b4ac3fd2194100a155dc6d53806a5e - - - -] 162.253.55.223 "DELETE /v2.0/ports/f4fdf0f1-bec1-484b-b87c-85e2501b1cd5 HTTP/1.1" status: 204 len: 173 time: 0.9055517
2026-08-26 01:37:06.336 9 INFO neutron.wsgi [req-2974f9cf-de2d-4f23-b638-503124309ef1 req-e9b0376e-4c6b-48d9-b27c-15d67895aa97 d27b378f96434541a881d8011b1e1328 a3b4ac3fd2194100a155dc6d53806a5e - - default default] 10.0.0.82 "GET /v2.0/ports?device_id=f523f06b-e53a-405d-9264-7d2659799be2 HTTP/1.1" status: 200 len: 210 time: 0.0662565
2026-08-26 01:37:06.381 9 INFO neutron.wsgi [None req-4d18bd43-630e-4c35-9cca-1497334437ff 179e8bdbb1c342d39e671097e84dccd4 d761fbba1a6f49ea86fe1fe4277e79ab - - - -] 10.0.0.232 "DELETE /v2.0/security-groups/372c2ced-9600-42d7-9ea8-2ea42ea803af HTTP/1.1" status: 204 len: 168 time: 0.7354548 /var/lib/openstack/lib/python3.10/site-packages/pycadf/identifier.py:71: UserWarning: Invalid uuid: neutron. To ensure interoperability, identifiers should be a valid uuid. warnings.warn(('Invalid uuid: %s. To ensure interoperability, '
2026-08-26 01:37:06.580 9 INFO neutron.wsgi [req-2804a4ea-3638-4633-a4a8-56fa1a0407d1 req-d73b17a4-27d1-4eed-9d46-6ae89b62da63 e540703200ad402aaf5fcb5aec455dcd 9bb4b7072b7a464a82d751ca56cc4068 - - default default] 10.0.0.82 "GET /v2.0/ports?device_id=6b5f80a9-9d82-479c-8367-1fdab8428e15 HTTP/1.1" status: 200 len: 1170 time: 0.0562787
2026-08-26 01:37:06.645 9 INFO neutron.wsgi [req-2804a4ea-3638-4633-a4a8-56fa1a0407d1 req-50e09a9a-a7a6-472e-b42b-c43a622f69fe e540703200ad402aaf5fcb5aec455dcd 9bb4b7072b7a464a82d751ca56cc4068 - - default default] 10.0.0.82 "GET /v2.0/security-groups?id=f9a52637-d0fe-492c-9fb0-dc0d97e2ca25&fields=id&fields=name HTTP/1.1" status: 200 len: 313 time: 0.0569210
2026-08-26 01:37:06.764 9 INFO neutron.wsgi [req-969ce0b5-5347-41e5-94de-4688cba9103f req-2f61418e-07ae-432e-96fb-7157286afe50 e540703200ad402aaf5fcb5aec455dcd 9bb4b7072b7a464a82d751ca56cc4068 - - default default] 10.0.0.82 "GET /v2.0/ports?device_id=6b5f80a9-9d82-479c-8367-1fdab8428e15 HTTP/1.1" status: 200 len: 1170 time: 0.0420289 /var/lib/openstack/lib/python3.10/site-packages/pycadf/identifier.py:71: UserWarning: Invalid uuid: neutron. To ensure interoperability, identifiers should be a valid uuid. warnings.warn(('Invalid uuid: %s. To ensure interoperability, '
2026-08-26 01:37:07.000 10 INFO neutron.notifiers.nova [-] Nova event matching ['req-26fc7249-b138-4913-81e6-12c5e8c46668'] response: {'server_uuid': '6b5f80a9-9d82-479c-8367-1fdab8428e15', 'name': 'network-vif-plugged', 'status': 'completed', 'tag': '2e05e29f-725a-4beb-a746-923992ab80ad', 'code': 200}
2026-08-26 01:37:07.000 10 INFO neutron.notifiers.nova [-] Nova event matching ['req-26fc7249-b138-4913-81e6-12c5e8c46668'] response: {'server_uuid': 'f523f06b-e53a-405d-9264-7d2659799be2', 'name': 'network-vif-unplugged', 'status': 'completed', 'tag': 'f4fdf0f1-bec1-484b-b87c-85e2501b1cd5', 'code': 200}
2026-08-26 01:37:07.000 10 INFO neutron.notifiers.nova [-] Nova event matching ['req-26fc7249-b138-4913-81e6-12c5e8c46668'] response: {'server_uuid': 'f523f06b-e53a-405d-9264-7d2659799be2', 'name': 'network-vif-plugged', 'status': 'completed', 'tag': 'f4fdf0f1-bec1-484b-b87c-85e2501b1cd5', 'code': 200}
2026-08-26 01:37:07.000 10 INFO neutron.notifiers.nova [-] Nova event matching ['req-26fc7249-b138-4913-81e6-12c5e8c46668'] response: {'server_uuid': 'f523f06b-e53a-405d-9264-7d2659799be2', 'name': 'network-vif-deleted', 'tag': 'f4fdf0f1-bec1-484b-b87c-85e2501b1cd5', 'status': 'completed', 'code': 200}
2026-08-26 01:37:07.010 10 INFO neutron.db.ovn_revision_numbers_db [None req-b45633b2-efb2-47e0-9efe-d7bb9fec534c 179e8bdbb1c342d39e671097e84dccd4 d761fbba1a6f49ea86fe1fe4277e79ab - - default default] Successfully bumped revision number for resource 7c8d9190-6637-43e7-bdf8-d70f5a05b5e1 (type: security_groups) to 1
2026-08-26 01:37:07.045 10 INFO neutron.wsgi [None req-b45633b2-efb2-47e0-9efe-d7bb9fec534c 179e8bdbb1c342d39e671097e84dccd4 d761fbba1a6f49ea86fe1fe4277e79ab - - default default] 10.0.0.232 "GET /v2.0/security-groups?tenant_id=4394c73947614ab8a0f940b33bf2b6d6&name=default HTTP/1.1" status: 200 len: 2996 time: 0.4874234
2026-08-26 01:37:07.049 10 INFO neutron.db.l3_db [None req-ac2edcbe-45af-4d24-8af0-064ddf3081ac e540703200ad402aaf5fcb5aec455dcd 9bb4b7072b7a464a82d751ca56cc4068 - - - -] Floating IP afb1267e-1690-4f1a-9e01-53f9ee2c3757 associated. External IP: 10.96.250.217, port: 2e05e29f-725a-4beb-a746-923992ab80ad.
2026-08-26 01:37:07.238 10 INFO neutron.db.ovn_revision_numbers_db [None req-ac2edcbe-45af-4d24-8af0-064ddf3081ac e540703200ad402aaf5fcb5aec455dcd 9bb4b7072b7a464a82d751ca56cc4068 - - - -] Successfully bumped revision number for resource afb1267e-1690-4f1a-9e01-53f9ee2c3757 (type: floatingips) to 1
2026-08-26 01:37:07.284 9 INFO neutron.wsgi [None req-f1cc1f50-614d-417d-91f3-6f83c7c895ad 179e8bdbb1c342d39e671097e84dccd4 d761fbba1a6f49ea86fe1fe4277e79ab - - - -] 10.0.0.232 "DELETE /v2.0/security-groups/7c8d9190-6637-43e7-bdf8-d70f5a05b5e1 HTTP/1.1" status: 204 len: 168 time: 0.2316427
2026-08-26 01:37:07.348 10 INFO neutron.db.ovn_revision_numbers_db [None req-ac2edcbe-45af-4d24-8af0-064ddf3081ac e540703200ad402aaf5fcb5aec455dcd 9bb4b7072b7a464a82d751ca56cc4068 - - - -] Successfully bumped revision number for resource afb1267e-1690-4f1a-9e01-53f9ee2c3757 (type: floatingips) to 2
2026-08-26 01:37:07.383 10 INFO neutron.wsgi [None req-ac2edcbe-45af-4d24-8af0-064ddf3081ac e540703200ad402aaf5fcb5aec455dcd 9bb4b7072b7a464a82d751ca56cc4068 - - - -] 10.0.0.232 "PUT /v2.0/floatingips/afb1267e-1690-4f1a-9e01-53f9ee2c3757 HTTP/1.1" status: 200 len: 1049 time: 0.6080830 /var/lib/openstack/lib/python3.10/site-packages/pycadf/identifier.py:71: UserWarning: Invalid uuid: neutron. To ensure interoperability, identifiers should be a valid uuid. warnings.warn(('Invalid uuid: %s. To ensure interoperability, '
2026-08-26 01:37:07.509 9 INFO neutron.wsgi [req-cae45431-8e2b-4b3a-a014-3562879d9835 req-df7b4d1b-610d-4422-8732-b7a4a58263f6 e540703200ad402aaf5fcb5aec455dcd 9bb4b7072b7a464a82d751ca56cc4068 - - default default] 10.0.0.82 "GET /v2.0/ports?device_id=6b5f80a9-9d82-479c-8367-1fdab8428e15 HTTP/1.1" status: 200 len: 1170 time: 0.0690610
2026-08-26 01:37:07.552 9 INFO neutron.wsgi [req-cae45431-8e2b-4b3a-a014-3562879d9835 req-5e8b60c9-de23-47f6-880c-e408f1c32a77 e540703200ad402aaf5fcb5aec455dcd 9bb4b7072b7a464a82d751ca56cc4068 - - default default] 10.0.0.82 "GET /v2.0/security-groups?id=f9a52637-d0fe-492c-9fb0-dc0d97e2ca25&fields=id&fields=name HTTP/1.1" status: 200 len: 313 time: 0.0365834
2026-08-26 01:37:07.571 10 INFO neutron.db.ovn_revision_numbers_db [None req-d0bd8f42-5757-4e24-97c4-6e0e913b8bbe 179e8bdbb1c342d39e671097e84dccd4 d761fbba1a6f49ea86fe1fe4277e79ab - - default default] Successfully bumped revision number for resource 2046b4d9-f957-44c1-90ce-ed234c0c36ad (type: security_groups) to 1
2026-08-26 01:37:07.594 10 INFO neutron.wsgi [None req-d0bd8f42-5757-4e24-97c4-6e0e913b8bbe 179e8bdbb1c342d39e671097e84dccd4 d761fbba1a6f49ea86fe1fe4277e79ab - - default default] 10.0.0.232 "GET /v2.0/security-groups?tenant_id=4557c51e2f5c4e1b9d5591ba9ae869a4&name=default HTTP/1.1" status: 200 len: 2996 time: 0.1490576
2026-08-26 01:37:07.629 9 INFO neutron.wsgi [None req-c7604b2e-b2cf-45ac-8520-56472063372d d27b378f96434541a881d8011b1e1328 a3b4ac3fd2194100a155dc6d53806a5e - - - -] 10.0.0.232 "DELETE /v2.0/security-groups/6c15f078-3eb6-44c7-8a93-10bccaf50c44 HTTP/1.1" status: 204 len: 168 time: 0.1644855
2026-08-26 01:37:07.650 10 INFO neutron.api.v2.resource [None req-3603bd8c-3cfc-4dc4-a714-97cc715d39f9 d27b378f96434541a881d8011b1e1328 a3b4ac3fd2194100a155dc6d53806a5e - - default default] show failed (client error): The resource could not be found.
2026-08-26 01:37:07.651 10 INFO neutron.wsgi [None req-3603bd8c-3cfc-4dc4-a714-97cc715d39f9 d27b378f96434541a881d8011b1e1328 a3b4ac3fd2194100a155dc6d53806a5e - - default default] 10.0.0.232 "GET /v2.0/security-groups/6c15f078-3eb6-44c7-8a93-10bccaf50c44 HTTP/1.1" status: 404 len: 347 time: 0.0170708
2026-08-26 01:37:07.810 10 INFO neutron.wsgi [None req-5a12925a-10d8-459f-8f57-ce081fd343b3 179e8bdbb1c342d39e671097e84dccd4 d761fbba1a6f49ea86fe1fe4277e79ab - - - -] 10.0.0.232 "DELETE /v2.0/security-groups/2046b4d9-f957-44c1-90ce-ed234c0c36ad HTTP/1.1" status: 204 len: 168 time: 0.2090175
2026-08-26 01:37:07.916 10 INFO neutron.plugins.ml2.drivers.ovn.mech_driver.mech_driver [None req-8c15824c-b5df-4752-9ac7-0a1ceda6f524 - - - - - -] OVN reports status down for port: 2e05e29f-725a-4beb-a746-923992ab80ad
2026-08-26 01:37:07.950 9 INFO neutron.wsgi [req-2e5ba045-2010-40ca-8649-5d916c6717ac req-0bff3ca3-bc48-406d-9b30-1bda93c167a4 e540703200ad402aaf5fcb5aec455dcd 9bb4b7072b7a464a82d751ca56cc4068 - - default default] 10.0.0.82 "GET /v2.0/ports?device_id=6b5f80a9-9d82-479c-8367-1fdab8428e15 HTTP/1.1" status: 200 len: 1170 time: 0.0728712
2026-08-26 01:37:08.009 9 INFO neutron.wsgi [req-2e5ba045-2010-40ca-8649-5d916c6717ac req-bdcea7e5-5e40-458e-b91c-cf89b1ae4387 e540703200ad402aaf5fcb5aec455dcd 9bb4b7072b7a464a82d751ca56cc4068 - - default default] 10.0.0.82 "GET /v2.0/security-groups?id=f9a52637-d0fe-492c-9fb0-dc0d97e2ca25&fields=id&fields=name HTTP/1.1" status: 200 len: 313 time: 0.0512397
2026-08-26 01:37:08.086 9 INFO neutron.wsgi [None req-89b0270f-eff3-47ea-961e-ee3a8853cf38 d27b378f96434541a881d8011b1e1328 a3b4ac3fd2194100a155dc6d53806a5e - - - -] 10.0.0.232 "DELETE /v2.0/floatingips/23ffed78-0491-4dd3-8591-dd885d263f9e HTTP/1.1" status: 204 len: 168 time: 0.4295182
2026-08-26 01:37:08.266 10 INFO neutron.db.ovn_revision_numbers_db [None req-8c15824c-b5df-4752-9ac7-0a1ceda6f524 - - - - - -] Successfully bumped revision number for resource 2e05e29f-725a-4beb-a746-923992ab80ad (type: ports) to 5
2026-08-26 01:37:08.302 10 INFO neutron.wsgi [req-19263994-9be3-47f2-97f3-f428a90a3077 req-17772895-c489-4548-9794-0a79c9a9c781 e540703200ad402aaf5fcb5aec455dcd 9bb4b7072b7a464a82d751ca56cc4068 - - default default] 162.253.55.223 "GET /v2.0/ports?device_id=6b5f80a9-9d82-479c-8367-1fdab8428e15 HTTP/1.1" status: 200 len: 1168 time: 0.0997512
2026-08-26 01:37:08.553 9 INFO neutron.db.ovn_revision_numbers_db [None req-bee6d622-5f16-4c5e-b1a8-69bb5b2ea99f 8f656c0a18134c6ab1372bf8bbe36cb6 993b5347707847e7953692a2f4f28396 - - - -] Successfully bumped revision number for resource 72b194f9-7fea-4b27-ada2-b1c6b2976bed (type: security_groups) to 1
2026-08-26 01:37:08.613 9 INFO neutron.db.segments_db [None req-bee6d622-5f16-4c5e-b1a8-69bb5b2ea99f 8f656c0a18134c6ab1372bf8bbe36cb6 993b5347707847e7953692a2f4f28396 - - - -] Added segment 9b9e0aee-3d9f-442e-9f7d-7ef8df855ef5 of type geneve for network f5ead43c-5176-4ffa-94eb-653fe8082f9b
2026-08-26 01:37:08.710 10 INFO neutron.db.l3_db [None req-0f0bed7e-db6e-4d7d-98e3-ecd79c30126d e540703200ad402aaf5fcb5aec455dcd 9bb4b7072b7a464a82d751ca56cc4068 - - - -] Floating IP afb1267e-1690-4f1a-9e01-53f9ee2c3757 disassociated. External IP: 10.96.250.217, port: 2e05e29f-725a-4beb-a746-923992ab80ad.
2026-08-26 01:37:08.827 9 INFO neutron.db.ovn_revision_numbers_db [None req-bee6d622-5f16-4c5e-b1a8-69bb5b2ea99f 8f656c0a18134c6ab1372bf8bbe36cb6 993b5347707847e7953692a2f4f28396 - - - -] Successfully bumped revision number for resource f5ead43c-5176-4ffa-94eb-653fe8082f9b (type: networks) to 1
2026-08-26 01:37:08.885 10 INFO neutron.wsgi [None req-0f0bed7e-db6e-4d7d-98e3-ecd79c30126d e540703200ad402aaf5fcb5aec455dcd 9bb4b7072b7a464a82d751ca56cc4068 - - - -] 162.253.55.223 "DELETE /v2.0/ports/2e05e29f-725a-4beb-a746-923992ab80ad HTTP/1.1" status: 204 len: 173 time: 0.5739620
2026-08-26 01:37:09.056 10 INFO neutron.notifiers.nova [-] Nova event matching ['req-0d3e1f94-fa93-4042-b6c5-35f88c8d7d94'] response: {'name': 'network-changed', 'server_uuid': '6b5f80a9-9d82-479c-8367-1fdab8428e15', 'tag': '2e05e29f-725a-4beb-a746-923992ab80ad', 'status': 'completed', 'code': 200}
2026-08-26 01:37:09.057 10 INFO neutron.notifiers.nova [-] Nova event matching ['req-0d3e1f94-fa93-4042-b6c5-35f88c8d7d94'] response: {'server_uuid': '6b5f80a9-9d82-479c-8367-1fdab8428e15', 'name': 'network-vif-unplugged', 'status': 'completed', 'tag': '2e05e29f-725a-4beb-a746-923992ab80ad', 'code': 200}
2026-08-26 01:37:09.057 10 INFO neutron.notifiers.nova [-] Nova event matching ['req-0d3e1f94-fa93-4042-b6c5-35f88c8d7d94'] response: {'server_uuid': '6b5f80a9-9d82-479c-8367-1fdab8428e15', 'name': 'network-vif-plugged', 'status': 'completed', 'tag': '2e05e29f-725a-4beb-a746-923992ab80ad', 'code': 200}
2026-08-26 01:37:09.057 10 INFO neutron.notifiers.nova [-] Nova event matching ['req-0d3e1f94-fa93-4042-b6c5-35f88c8d7d94'] response: {'server_uuid': '6b5f80a9-9d82-479c-8367-1fdab8428e15', 'name': 'network-vif-deleted', 'tag': '2e05e29f-725a-4beb-a746-923992ab80ad', 'status': 'completed', 'code': 200}
2026-08-26 01:37:09.082 9 WARNING neutron.scheduler.dhcp_agent_scheduler [None req-bee6d622-5f16-4c5e-b1a8-69bb5b2ea99f 8f656c0a18134c6ab1372bf8bbe36cb6 993b5347707847e7953692a2f4f28396 - - - -] No more DHCP agents
2026-08-26 01:37:09.086 9 WARNING neutron.api.rpc.agentnotifiers.dhcp_rpc_agent_api [None req-bee6d622-5f16-4c5e-b1a8-69bb5b2ea99f 8f656c0a18134c6ab1372bf8bbe36cb6 993b5347707847e7953692a2f4f28396 - - - -] Unable to schedule network f5ead43c-5176-4ffa-94eb-653fe8082f9b: no agents available; will retry on subsequent port and subnet creation events. /var/lib/openstack/lib/python3.10/site-packages/pycadf/identifier.py:71: UserWarning: Invalid uuid: neutron. To ensure interoperability, identifiers should be a valid uuid. warnings.warn(('Invalid uuid: %s. To ensure interoperability, ' /var/lib/openstack/lib/python3.10/site-packages/pycadf/identifier.py:71: UserWarning: Invalid uuid: neutron. To ensure interoperability, identifiers should be a valid uuid. warnings.warn(('Invalid uuid: %s. To ensure interoperability, '
2026-08-26 01:37:09.119 10 INFO neutron.wsgi [req-1ec6351c-3f0f-474c-be47-b1cfb1db8a2b req-a80966c8-6265-45f1-8689-d4224dfc83de 7a18b78282664b068b473887215091ee 08ccdc6a1619498ba73514faa2281105 - - b7b1c90675bb46a2bb8fa6c30a4c48d0 b7b1c90675bb46a2bb8fa6c30a4c48d0] 162.253.55.223 "GET /v2.0/ports?tenant_id=9bb4b7072b7a464a82d751ca56cc4068&device_id=6b5f80a9-9d82-479c-8367-1fdab8428e15 HTTP/1.1" status: 200 len: 210 time: 0.0250602
2026-08-26 01:37:09.137 9 INFO neutron.wsgi [req-504ed297-3f2d-4c5b-93ab-c115040b21d7 req-78a3166b-5208-4342-b4f4-8ddb61573925 e540703200ad402aaf5fcb5aec455dcd 9bb4b7072b7a464a82d751ca56cc4068 - - default default] 10.0.0.82 "GET /v2.0/ports?device_id=6b5f80a9-9d82-479c-8367-1fdab8428e15 HTTP/1.1" status: 200 len: 210 time: 0.0379283
2026-08-26 01:37:09.219 9 INFO neutron.db.ovn_revision_numbers_db [None req-bee6d622-5f16-4c5e-b1a8-69bb5b2ea99f 8f656c0a18134c6ab1372bf8bbe36cb6 993b5347707847e7953692a2f4f28396 - - - -] Successfully bumped revision number for resource 40ef06fa-9512-4759-885f-61516e94b0aa (type: ports) to 1
2026-08-26 01:37:09.246 9 INFO neutron.wsgi [None req-bee6d622-5f16-4c5e-b1a8-69bb5b2ea99f 8f656c0a18134c6ab1372bf8bbe36cb6 993b5347707847e7953692a2f4f28396 - - - -] 10.0.0.232 "POST /v2.0/networks HTTP/1.1" status: 201 len: 832 time: 1.0470920
2026-08-26 01:37:09.248 10 INFO neutron.wsgi [req-1ec6351c-3f0f-474c-be47-b1cfb1db8a2b req-d7b8bde6-202f-4702-9561-fc17e0a1be3c 7a18b78282664b068b473887215091ee 08ccdc6a1619498ba73514faa2281105 - - b7b1c90675bb46a2bb8fa6c30a4c48d0 b7b1c90675bb46a2bb8fa6c30a4c48d0] 162.253.55.223 "GET /v2.0/networks?tenant_id=9bb4b7072b7a464a82d751ca56cc4068&shared=False HTTP/1.1" status: 200 len: 977 time: 0.1219771
2026-08-26 01:37:09.354 10 INFO neutron.wsgi [req-1ec6351c-3f0f-474c-be47-b1cfb1db8a2b req-88710f88-e0e9-493e-9fb2-4e6e9d5243b3 7a18b78282664b068b473887215091ee 08ccdc6a1619498ba73514faa2281105 - - b7b1c90675bb46a2bb8fa6c30a4c48d0 b7b1c90675bb46a2bb8fa6c30a4c48d0] 162.253.55.223 "GET /v2.0/networks?shared=True HTTP/1.1" status: 200 len: 952 time: 0.0962632
2026-08-26 01:37:09.378 10 INFO neutron.db.segments_db [None req-ec93416b-b3c2-4932-97d0-66ffa42d1d21 8f656c0a18134c6ab1372bf8bbe36cb6 993b5347707847e7953692a2f4f28396 - - - -] Added segment b5a66004-d5af-445c-825c-7a8efef63759 of type geneve for network 51e0cc97-4e23-4f67-9d39-acb1e35e8891
2026-08-26 01:37:09.473 9 INFO neutron.wsgi [None req-d57ac3fe-89d1-4ff1-aefd-025d304bb6ce 179e8bdbb1c342d39e671097e84dccd4 d761fbba1a6f49ea86fe1fe4277e79ab - - - -] 10.0.0.232 "PUT /v2.0/routers/71156d93-cc4a-45fd-9291-3b1d22c30e7f/remove_router_interface HTTP/1.1" status: 200 len: 503 time: 1.3813386 /var/lib/openstack/lib/python3.10/site-packages/pycadf/identifier.py:71: UserWarning: Invalid uuid: neutron. To ensure interoperability, identifiers should be a valid uuid. warnings.warn(('Invalid uuid: %s. To ensure interoperability, '
2026-08-26 01:37:09.536 10 INFO neutron.db.ovn_revision_numbers_db [None req-ec93416b-b3c2-4932-97d0-66ffa42d1d21 8f656c0a18134c6ab1372bf8bbe36cb6 993b5347707847e7953692a2f4f28396 - - - -] Successfully bumped revision number for resource 51e0cc97-4e23-4f67-9d39-acb1e35e8891 (type: networks) to 1
2026-08-26 01:37:09.725 10 WARNING neutron.scheduler.dhcp_agent_scheduler [None req-ec93416b-b3c2-4932-97d0-66ffa42d1d21 8f656c0a18134c6ab1372bf8bbe36cb6 993b5347707847e7953692a2f4f28396 - - - -] No more DHCP agents
2026-08-26 01:37:09.727 10 WARNING neutron.api.rpc.agentnotifiers.dhcp_rpc_agent_api [None req-ec93416b-b3c2-4932-97d0-66ffa42d1d21 8f656c0a18134c6ab1372bf8bbe36cb6 993b5347707847e7953692a2f4f28396 - - - -] Unable to schedule network 51e0cc97-4e23-4f67-9d39-acb1e35e8891: no agents available; will retry on subsequent port and subnet creation events.
2026-08-26 01:37:09.778 10 INFO neutron.wsgi [None req-f6a3fa0d-7a8d-4ea8-9232-531cb40efb6e dc7778abd2c64e62ba7543f369850da7 c4746b31dbc44226ad08bc1de6d202b2 - - default default] 10.0.0.232 "GET /v2.0/extensions HTTP/1.1" status: 200 len: 16520 time: 0.1693540
2026-08-26 01:37:09.793 10 INFO neutron.wsgi [None req-988e8350-fd30-462b-9134-93777bfc2141 dc7778abd2c64e62ba7543f369850da7 c4746b31dbc44226ad08bc1de6d202b2 - - default default] 10.0.0.232 "GET /v2.0/extensions/address-group HTTP/1.1" status: 200 len: 353 time: 0.0039196
2026-08-26 01:37:09.803 10 INFO neutron.wsgi [None req-3913aaa9-7a20-4633-942a-74f68d23c561 dc7778abd2c64e62ba7543f369850da7 c4746b31dbc44226ad08bc1de6d202b2 - - default default] 10.0.0.232 "GET /v2.0/extensions/address-scope HTTP/1.1" status: 200 len: 357 time: 0.0042953
2026-08-26 01:37:09.807 10 INFO neutron.db.ovn_revision_numbers_db [None req-ec93416b-b3c2-4932-97d0-66ffa42d1d21 8f656c0a18134c6ab1372bf8bbe36cb6 993b5347707847e7953692a2f4f28396 - - - -] Successfully bumped revision number for resource 63d67088-3855-434b-93f3-5a11f7119146 (type: ports) to 1
2026-08-26 01:37:09.812 10 INFO neutron.wsgi [None req-24cd2279-9fbe-4460-a408-72f417dcf4ed dc7778abd2c64e62ba7543f369850da7 c4746b31dbc44226ad08bc1de6d202b2 - - default default] 10.0.0.232 "GET /v2.0/extensions/agent HTTP/1.1" status: 200 len: 347 time: 0.0052595
2026-08-26 01:37:09.827 10 INFO neutron.wsgi [None req-65415d53-5a3a-4ba7-b886-4c18e0c14ebc dc7778abd2c64e62ba7543f369850da7 c4746b31dbc44226ad08bc1de6d202b2 - - default default] 10.0.0.232 "GET /v2.0/extensions/allowed-address-pairs HTTP/1.1" status: 200 len: 378 time: 0.0090952
2026-08-26 01:37:09.839 10 INFO neutron.wsgi [None req-ea9286b9-e259-4f52-8c8c-c3875a09e496 dc7778abd2c64e62ba7543f369850da7 c4746b31dbc44226ad08bc1de6d202b2 - - default default] 10.0.0.232 "GET /v2.0/extensions/auto-allocated-topology HTTP/1.1" status: 200 len: 394 time: 0.0066833
2026-08-26 01:37:09.844 10 INFO neutron.wsgi [None req-ec93416b-b3c2-4932-97d0-66ffa42d1d21 8f656c0a18134c6ab1372bf8bbe36cb6 993b5347707847e7953692a2f4f28396 - - - -] 10.0.0.232 "POST /v2.0/networks HTTP/1.1" status: 201 len: 832 time: 0.5940468
2026-08-26 01:37:09.851 9 INFO neutron.wsgi [None req-386086a7-901b-486b-9bc1-3808ddfbff19 dc7778abd2c64e62ba7543f369850da7 c4746b31dbc44226ad08bc1de6d202b2 - - default default] 10.0.0.232 "GET /v2.0/extensions/availability_zone HTTP/1.1" status: 200 len: 372 time: 0.0060241
2026-08-26 01:37:09.859 9 INFO neutron.wsgi [None req-73f60c90-9ed4-4004-9aff-57228254ed2b dc7778abd2c64e62ba7543f369850da7 c4746b31dbc44226ad08bc1de6d202b2 - - default default] 10.0.0.232 "GET /v2.0/extensions/default-subnetpools HTTP/1.1" status: 200 len: 405 time: 0.0046251
2026-08-26 01:37:09.880 9 INFO neutron.wsgi [None req-8435ebba-5f98-46fe-ad2b-28265e62969a dc7778abd2c64e62ba7543f369850da7 c4746b31dbc44226ad08bc1de6d202b2 - - default default] 10.0.0.232 "GET /v2.0/extensions/dhcp_agent_scheduler HTTP/1.1" status: 200 len: 381 time: 0.0167861
2026-08-26 01:37:09.888 9 INFO neutron.wsgi [None req-0a74b48d-2e6e-4e08-ba2f-a508f7bedeeb dc7778abd2c64e62ba7543f369850da7 c4746b31dbc44226ad08bc1de6d202b2 - - default default] 10.0.0.232 "GET /v2.0/extensions/dns-integration HTTP/1.1" status: 200 len: 366 time: 0.0036738
2026-08-26 01:37:09.905 10 INFO neutron.wsgi [None req-6185008c-8aae-4982-b192-b9b408616aad dc7778abd2c64e62ba7543f369850da7 c4746b31dbc44226ad08bc1de6d202b2 - - default default] 10.0.0.232 "GET /v2.0/extensions/dns-domain-ports HTTP/1.1" status: 200 len: 399 time: 0.0095096
2026-08-26 01:37:09.913 10 INFO neutron.wsgi [None req-c6f95b58-7a28-4e07-a18a-1610c2544b80 dc7778abd2c64e62ba7543f369850da7 c4746b31dbc44226ad08bc1de6d202b2 - - default default] 10.0.0.232 "GET /v2.0/extensions/dns-integration-domain-keywords HTTP/1.1" status: 200 len: 477 time: 0.0044692
2026-08-26 01:37:09.921 10 INFO neutron.wsgi [None req-820559c6-7552-493b-b4bd-f7d4ced98994 dc7778abd2c64e62ba7543f369850da7 c4746b31dbc44226ad08bc1de6d202b2 - - default default] 10.0.0.232 "GET /v2.0/extensions/external-net HTTP/1.1" status: 200 len: 394 time: 0.0042129
2026-08-26 01:37:09.930 10 INFO neutron.wsgi [None req-0b42c7f6-b3b9-4e7b-bad2-09117112b622 dc7778abd2c64e62ba7543f369850da7 c4746b31dbc44226ad08bc1de6d202b2 - - default default] 10.0.0.232 "GET /v2.0/extensions/extra_dhcp_opt HTTP/1.1" status: 200 len: 498 time: 0.0029716
2026-08-26 01:37:09.943 9 INFO neutron.wsgi [None req-05383a06-c5b6-4423-9c7f-26eef168adb2 dc7778abd2c64e62ba7543f369850da7 c4746b31dbc44226ad08bc1de6d202b2 - - default default] 10.0.0.232 "GET /v2.0/extensions/extraroute HTTP/1.1" status: 200 len: 375 time: 0.0071852
2026-08-26 01:37:09.954 9 INFO neutron.wsgi [None req-3c74b6bd-a7c3-4c5a-ae38-78fe332183a1 dc7778abd2c64e62ba7543f369850da7 c4746b31dbc44226ad08bc1de6d202b2 - - default default] 10.0.0.232 "GET /v2.0/extensions/filter-validation HTTP/1.1" status: 200 len: 392 time: 0.0054922
2026-08-26 01:37:09.965 9 INFO neutron.wsgi [None req-3f48b436-438f-449b-9f3e-9cab18382ed6 dc7778abd2c64e62ba7543f369850da7 c4746b31dbc44226ad08bc1de6d202b2 - - default default] 10.0.0.232 "GET /v2.0/extensions/floating-ip-port-forwarding-detail HTTP/1.1" status: 200 len: 465 time: 0.0047193
2026-08-26 01:37:09.974 10 INFO neutron.wsgi [None req-c6341721-a766-487b-ab7d-1abb2feaf3fd dc7778abd2c64e62ba7543f369850da7 c4746b31dbc44226ad08bc1de6d202b2 - - default default] 10.0.0.232 "GET /v2.0/extensions/fip-port-details HTTP/1.1" status: 200 len: 406 time: 0.0041230
2026-08-26 01:37:09.982 9 INFO neutron.wsgi [None req-e53c8001-58d5-4a87-8802-dcd3ceff637f dc7778abd2c64e62ba7543f369850da7 c4746b31dbc44226ad08bc1de6d202b2 - - default default] 10.0.0.232 "GET /v2.0/extensions/flavors HTTP/1.1" status: 200 len: 387 time: 0.0041761
2026-08-26 01:37:09.994 10 INFO neutron.wsgi [None req-cd9b2c06-7779-455a-a002-daf8ffce5637 dc7778abd2c64e62ba7543f369850da7 c4746b31dbc44226ad08bc1de6d202b2 - - default default] 10.0.0.232 "GET /v2.0/extensions/floatingip-pools HTTP/1.1" status: 200 len: 382 time: 0.0085919
2026-08-26 01:37:10.005 10 INFO neutron.wsgi [None req-e6a75e42-e8b3-4f38-9db3-ebd3b367b9a8 dc7778abd2c64e62ba7543f369850da7 c4746b31dbc44226ad08bc1de6d202b2 - - default default] 10.0.0.232 "GET /v2.0/extensions/ip_allocation HTTP/1.1" status: 200 len: 356 time: 0.0050635
2026-08-26 01:37:10.012 9 INFO neutron.wsgi [None req-02746017-db40-4ed5-8fcf-0483d6f53eff dc7778abd2c64e62ba7543f369850da7 c4746b31dbc44226ad08bc1de6d202b2 - - default default] 10.0.0.232 "GET /v2.0/extensions/l2_adjacency HTTP/1.1" status: 200 len: 372 time: 0.0040345
2026-08-26 01:37:10.019 9 INFO neutron.wsgi [None req-e8d7a460-298a-4192-8ac6-d6f3f7df1ee9 dc7778abd2c64e62ba7543f369850da7 c4746b31dbc44226ad08bc1de6d202b2 - - default default] 10.0.0.232 "GET /v2.0/extensions/router HTTP/1.1" status: 200 len: 450 time: 0.0038469
2026-08-26 01:37:10.026 9 INFO neutron.wsgi [None req-d0e82405-6ec8-4c46-9031-5530136abb22 dc7778abd2c64e62ba7543f369850da7 c4746b31dbc44226ad08bc1de6d202b2 - - default default] 10.0.0.232 "GET /v2.0/extensions/ext-gw-mode HTTP/1.1" status: 200 len: 462 time: 0.0033414
2026-08-26 01:37:10.036 9 INFO neutron.wsgi [None req-574c8459-58ac-40f4-8ed0-178d797ef9a0 dc7778abd2c64e62ba7543f369850da7 c4746b31dbc44226ad08bc1de6d202b2 - - default default] 10.0.0.232 "GET /v2.0/extensions/logging HTTP/1.1" status: 200 len: 407 time: 0.0064881
2026-08-26 01:37:10.048 9 INFO neutron.wsgi [None req-a1ac5b9d-0f5c-4116-ac5e-28c0a4c3c92e dc7778abd2c64e62ba7543f369850da7 c4746b31dbc44226ad08bc1de6d202b2 - - default default] 10.0.0.232 "GET /v2.0/extensions/multi-provider HTTP/1.1" status: 200 len: 406 time: 0.0050845
2026-08-26 01:37:10.055 9 INFO neutron.wsgi [None req-708160d2-906d-4f9a-9e5d-4d662aaf4487 dc7778abd2c64e62ba7543f369850da7 c4746b31dbc44226ad08bc1de6d202b2 - - default default] 10.0.0.232 "GET /v2.0/extensions/net-mtu HTTP/1.1" status: 200 len: 370 time: 0.0032568
2026-08-26 01:37:10.064 9 INFO neutron.wsgi [None req-d6972895-1837-4926-9d51-7ecd302184f0 dc7778abd2c64e62ba7543f369850da7 c4746b31dbc44226ad08bc1de6d202b2 - - default default] 10.0.0.232 "GET /v2.0/extensions/net-mtu-writable HTTP/1.1" status: 200 len: 401 time: 0.0040543
2026-08-26 01:37:10.081 9 INFO neutron.wsgi [None req-a9e23bd4-c5b3-4eaf-93ca-3e8b76a15bc1 dc7778abd2c64e62ba7543f369850da7 c4746b31dbc44226ad08bc1de6d202b2 - - default default] 10.0.0.232 "GET /v2.0/extensions/network_availability_zone HTTP/1.1" status: 200 len: 394 time: 0.0057361
2026-08-26 01:37:10.091 9 INFO neutron.wsgi [None req-77b9ed27-60c5-421e-8b1c-8206348af01a dc7778abd2c64e62ba7543f369850da7 c4746b31dbc44226ad08bc1de6d202b2 - - default default] 10.0.0.232 "GET /v2.0/extensions/network-ip-availability HTTP/1.1" status: 200 len: 410 time: 0.0045676
2026-08-26 01:37:10.097 9 INFO neutron.wsgi [None req-49670123-4991-4f52-bca6-be5f90407df0 dc7778abd2c64e62ba7543f369850da7 c4746b31dbc44226ad08bc1de6d202b2 - - default default] 10.0.0.232 "GET /v2.0/extensions/pagination HTTP/1.1" status: 200 len: 386 time: 0.0034859
2026-08-26 01:37:10.116 9 INFO neutron.wsgi [None req-e686efe4-ee1d-4281-b9d5-7b16353fe5cc dc7778abd2c64e62ba7543f369850da7 c4746b31dbc44226ad08bc1de6d202b2 - - default default] 10.0.0.232 "GET /v2.0/extensions/port-device-profile HTTP/1.1" status: 200 len: 383 time: 0.0040905
2026-08-26 01:37:10.139 9 INFO neutron.wsgi [None req-5212d6ec-298d-4ce5-9ac3-1bface0f6db5 dc7778abd2c64e62ba7543f369850da7 c4746b31dbc44226ad08bc1de6d202b2 - - default default] 10.0.0.232 "GET /v2.0/extensions/port-mac-address-regenerate HTTP/1.1" status: 200 len: 403 time: 0.0051510
2026-08-26 01:37:10.150 9 INFO neutron.wsgi [None req-a167dd1f-35a8-4ad5-bf58-aa4827c9e09c dc7778abd2c64e62ba7543f369850da7 c4746b31dbc44226ad08bc1de6d202b2 - - default default] 10.0.0.232 "GET /v2.0/extensions/port-numa-affinity-policy HTTP/1.1" status: 200 len: 392 time: 0.0052567
2026-08-26 01:37:10.179 9 INFO neutron.wsgi [None req-2e6726ec-af2d-4928-8690-e10737387fc7 dc7778abd2c64e62ba7543f369850da7 c4746b31dbc44226ad08bc1de6d202b2 - - default default] 10.0.0.232 "GET /v2.0/extensions/port-resource-request HTTP/1.1" status: 200 len: 379 time: 0.0094259
2026-08-26 01:37:10.186 9 INFO neutron.wsgi [None req-61991dd7-0cf5-4066-b76a-a740f9d08169 dc7778abd2c64e62ba7543f369850da7 c4746b31dbc44226ad08bc1de6d202b2 - - default default] 10.0.0.232 "GET /v2.0/extensions/port-resource-request-groups HTTP/1.1" status: 200 len: 465 time: 0.0040798
2026-08-26 01:37:10.214 9 INFO neutron.wsgi [None req-29b4fcf1-224f-4a1c-925c-e5e198cd3808 dc7778abd2c64e62ba7543f369850da7 c4746b31dbc44226ad08bc1de6d202b2 - - default default] 10.0.0.232 "GET /v2.0/extensions/binding HTTP/1.1" status: 200 len: 387 time: 0.0074413
2026-08-26 01:37:10.224 9 INFO neutron.wsgi [None req-386db074-ef10-4b02-b423-62de850c51bc dc7778abd2c64e62ba7543f369850da7 c4746b31dbc44226ad08bc1de6d202b2 - - default default] 10.0.0.232 "GET /v2.0/extensions/binding-extended HTTP/1.1" status: 200 len: 406 time: 0.0042930
2026-08-26 01:37:10.242 9 INFO neutron.wsgi [None req-e9033bb5-6303-4230-93c8-970cd301bc8e dc7778abd2c64e62ba7543f369850da7 c4746b31dbc44226ad08bc1de6d202b2 - - default default] 10.0.0.232 "GET /v2.0/extensions/port-security HTTP/1.1" status: 200 len: 354 time: 0.0110240
2026-08-26 01:37:10.253 9 INFO neutron.wsgi [None req-827ac019-8fa6-424f-a98d-06fcca6f12a1 dc7778abd2c64e62ba7543f369850da7 c4746b31dbc44226ad08bc1de6d202b2 - - default default] 10.0.0.232 "GET /v2.0/extensions/project-id HTTP/1.1" status: 200 len: 398 time: 0.0030706
2026-08-26 01:37:10.262 9 INFO neutron.wsgi [None req-96c480ca-96a2-42ee-a9c7-fd059d0494c8 179e8bdbb1c342d39e671097e84dccd4 d761fbba1a6f49ea86fe1fe4277e79ab - - - -] 10.0.0.232 "DELETE /v2.0/routers/71156d93-cc4a-45fd-9291-3b1d22c30e7f HTTP/1.1" status: 204 len: 168 time: 0.7817330
2026-08-26 01:37:10.269 9 INFO neutron.wsgi [None req-b054e6a3-1e2f-42af-b911-9092ee07c8d7 dc7778abd2c64e62ba7543f369850da7 c4746b31dbc44226ad08bc1de6d202b2 - - default default] 10.0.0.232 "GET /v2.0/extensions/provider HTTP/1.1" status: 200 len: 385 time: 0.0053251
2026-08-26 01:37:10.283 9 INFO neutron.wsgi [None req-480b5b96-7267-41dd-8747-109352067f7a dc7778abd2c64e62ba7543f369850da7 c4746b31dbc44226ad08bc1de6d202b2 - - default default] 10.0.0.232 "GET /v2.0/extensions/qos HTTP/1.1" status: 200 len: 360 time: 0.0065293
2026-08-26 01:37:10.305 9 INFO neutron.wsgi [None req-04fa75a3-0064-48b1-8842-f530c1e2aa42 dc7778abd2c64e62ba7543f369850da7 c4746b31dbc44226ad08bc1de6d202b2 - - default default] 10.0.0.232 "GET /v2.0/extensions/qos-bw-limit-direction HTTP/1.1" status: 200 len: 452 time: 0.0113025
2026-08-26 01:37:10.315 9 INFO neutron.wsgi [None req-62b08966-bd1b-4f26-839f-76e944ba44dc dc7778abd2c64e62ba7543f369850da7 c4746b31dbc44226ad08bc1de6d202b2 - - default default] 10.0.0.232 "GET /v2.0/extensions/qos-bw-minimum-ingress HTTP/1.1" status: 200 len: 445 time: 0.0035830
2026-08-26 01:37:10.329 9 INFO neutron.wsgi [None req-23c75bc3-7022-417b-a2d2-6e9ff7aab0e8 dc7778abd2c64e62ba7543f369850da7 c4746b31dbc44226ad08bc1de6d202b2 - - default default] 10.0.0.232 "GET /v2.0/extensions/qos-default HTTP/1.1" status: 200 len: 377 time: 0.0046239
2026-08-26 01:37:10.339 9 INFO neutron.wsgi [None req-c39e138b-eeb3-4e33-851b-6c7861339efb dc7778abd2c64e62ba7543f369850da7 c4746b31dbc44226ad08bc1de6d202b2 - - default default] 10.0.0.232 "GET /v2.0/extensions/qos-fip HTTP/1.1" status: 200 len: 372 time: 0.0054469
2026-08-26 01:37:10.349 9 INFO neutron.wsgi [None req-c71d9f38-33ac-4ca0-be21-83e5853d5c37 dc7778abd2c64e62ba7543f369850da7 c4746b31dbc44226ad08bc1de6d202b2 - - default default] 10.0.0.232 "GET /v2.0/extensions/qos-gateway-ip HTTP/1.1" status: 200 len: 391 time: 0.0058744
2026-08-26 01:37:10.361 9 INFO neutron.wsgi [None req-7e02a281-32c4-4779-b6fc-1f46c0353a85 dc7778abd2c64e62ba7543f369850da7 c4746b31dbc44226ad08bc1de6d202b2 - - default default] 10.0.0.232 "GET /v2.0/extensions/qos-port-network-policy HTTP/1.1" status: 200 len: 403 time: 0.0054584
2026-08-26 01:37:10.374 9 INFO neutron.wsgi [None req-933f0cf6-b17c-4670-8a26-7799348de4f7 dc7778abd2c64e62ba7543f369850da7 c4746b31dbc44226ad08bc1de6d202b2 - - default default] 10.0.0.232 "GET /v2.0/extensions/qos-pps-minimum HTTP/1.1" status: 200 len: 397 time: 0.0075030
2026-08-26 01:37:10.384 10 INFO neutron.wsgi [None req-4ce6ff51-0228-47cf-ab21-fc089b1a0da7 dc7778abd2c64e62ba7543f369850da7 c4746b31dbc44226ad08bc1de6d202b2 - - default default] 10.0.0.232 "GET /v2.0/extensions/qos-pps-minimum-rule-alias HTTP/1.1" status: 200 len: 471 time: 0.0048716
2026-08-26 01:37:10.392 10 INFO neutron.wsgi [None req-8862b9c7-0a62-4a81-bd35-fda2cfa9d2f1 dc7778abd2c64e62ba7543f369850da7 c4746b31dbc44226ad08bc1de6d202b2 - - default default] 10.0.0.232 "GET /v2.0/extensions/qos-pps HTTP/1.1" status: 200 len: 389 time: 0.0038764
2026-08-26 01:37:10.401 10 INFO neutron.wsgi [None req-6ecb5f21-6daa-4aed-91cd-f5177eae6c82 dc7778abd2c64e62ba7543f369850da7 c4746b31dbc44226ad08bc1de6d202b2 - - default default] 10.0.0.232 "GET /v2.0/extensions/qos-rule-type-details HTTP/1.1" status: 200 len: 423 time: 0.0048933
2026-08-26 01:37:10.412 9 INFO neutron.wsgi [None req-b8c4822b-1087-4e13-ade4-6c234b7ae3fb dc7778abd2c64e62ba7543f369850da7 c4746b31dbc44226ad08bc1de6d202b2 - - default default] 10.0.0.232 "GET /v2.0/extensions/qos-rule-type-filter HTTP/1.1" status: 200 len: 567 time: 0.0055118
2026-08-26 01:37:10.422 10 INFO neutron.wsgi [None req-0f176e8a-b17e-41f1-ac2b-58c832204244 dc7778abd2c64e62ba7543f369850da7 c4746b31dbc44226ad08bc1de6d202b2 - - default default] 10.0.0.232 "GET /v2.0/extensions/qos-rules-alias HTTP/1.1" status: 200 len: 448 time: 0.0050733
2026-08-26 01:37:10.432 10 INFO neutron.wsgi [None req-81be49cc-97f4-4eb5-934d-1b22cd862fb2 dc7778abd2c64e62ba7543f369850da7 c4746b31dbc44226ad08bc1de6d202b2 - - default default] 10.0.0.232 "GET /v2.0/extensions/quota-check-limit HTTP/1.1" status: 200 len: 420 time: 0.0045629
2026-08-26 01:37:10.443 9 INFO neutron.wsgi [None req-7ea72664-46ae-4ee1-9077-35d3543a2b15 dc7778abd2c64e62ba7543f369850da7 c4746b31dbc44226ad08bc1de6d202b2 - - default default] 10.0.0.232 "GET /v2.0/extensions/quotas HTTP/1.1" status: 200 len: 386 time: 0.0039053
2026-08-26 01:37:10.453 10 INFO neutron.wsgi [None req-86dcb7f5-e480-4b71-afc6-5eb0d4d70f06 dc7778abd2c64e62ba7543f369850da7 c4746b31dbc44226ad08bc1de6d202b2 - - default default] 10.0.0.232 "GET /v2.0/extensions/quota_details HTTP/1.1" status: 200 len: 407 time: 0.0041208
2026-08-26 01:37:10.457 9 INFO neutron.wsgi [None req-5d390609-7761-4ac0-b569-14943abde335 e540703200ad402aaf5fcb5aec455dcd 9bb4b7072b7a464a82d751ca56cc4068 - - - -] 10.0.0.232 "DELETE /v2.0/security-groups/f9a52637-d0fe-492c-9fb0-dc0d97e2ca25 HTTP/1.1" status: 204 len: 168 time: 0.2141261
2026-08-26 01:37:10.467 10 INFO neutron.wsgi [None req-7b6a291a-5723-4de0-9635-76c94bfad361 dc7778abd2c64e62ba7543f369850da7 c4746b31dbc44226ad08bc1de6d202b2 - - default default] 10.0.0.232 "GET /v2.0/extensions/rbac-policies HTTP/1.1" status: 200 len: 417 time: 0.0100636
2026-08-26 01:37:10.475 9 INFO neutron.wsgi [None req-38aab690-8a99-4a4d-a0e8-5f21e2c28e57 dc7778abd2c64e62ba7543f369850da7 c4746b31dbc44226ad08bc1de6d202b2 - - default default] 10.0.0.232 "GET /v2.0/extensions/rbac-address-scope HTTP/1.1" status: 200 len: 384 time: 0.0046151
2026-08-26 01:37:10.477 9 INFO neutron.api.v2.resource [None req-76c97850-e889-44a5-8a8b-79600f5ba88a e540703200ad402aaf5fcb5aec455dcd 9bb4b7072b7a464a82d751ca56cc4068 - - default default] show failed (client error): The resource could not be found.
2026-08-26 01:37:10.478 9 INFO neutron.wsgi [None req-76c97850-e889-44a5-8a8b-79600f5ba88a e540703200ad402aaf5fcb5aec455dcd 9bb4b7072b7a464a82d751ca56cc4068 - - default default] 10.0.0.232 "GET /v2.0/security-groups/f9a52637-d0fe-492c-9fb0-dc0d97e2ca25 HTTP/1.1" status: 404 len: 347 time: 0.0155313
2026-08-26 01:37:10.483 9 INFO neutron.wsgi [None req-0f13cbe6-0bc6-46a1-831d-e0b47c8015c7 dc7778abd2c64e62ba7543f369850da7 c4746b31dbc44226ad08bc1de6d202b2 - - default default] 10.0.0.232 "GET /v2.0/extensions/rbac-security-groups HTTP/1.1" status: 200 len: 404 time: 0.0040491
2026-08-26 01:37:10.497 10 INFO neutron.wsgi [None req-70f37450-d52d-4f09-823c-099cf28d6eb9 dc7778abd2c64e62ba7543f369850da7 c4746b31dbc44226ad08bc1de6d202b2 - - default default] 10.0.0.232 "GET /v2.0/extensions/revision-if-match HTTP/1.1" status: 200 len: 441 time: 0.0109780
2026-08-26 01:37:10.500 9 INFO neutron.wsgi [None req-eb2ddb8f-4c2b-47e1-9675-a948c966b056 179e8bdbb1c342d39e671097e84dccd4 d761fbba1a6f49ea86fe1fe4277e79ab - - - -] 10.0.0.232 "DELETE /v2.0/subnets/58aeb2a1-6415-4042-bcde-5af65b9e8172 HTTP/1.1" status: 204 len: 168 time: 0.2304959
2026-08-26 01:37:10.515 9 INFO neutron.wsgi [None req-a0dbfc45-d801-4126-9e0c-ae29620f3a5f dc7778abd2c64e62ba7543f369850da7 c4746b31dbc44226ad08bc1de6d202b2 - - default default] 10.0.0.232 "GET /v2.0/extensions/standard-attr-revisions HTTP/1.1" status: 200 len: 423 time: 0.0099370
2026-08-26 01:37:10.524 9 INFO neutron.wsgi [None req-ece054f8-5b49-4103-aa99-f197a85fb4bb dc7778abd2c64e62ba7543f369850da7 c4746b31dbc44226ad08bc1de6d202b2 - - default default] 10.0.0.232 "GET /v2.0/extensions/router_availability_zone HTTP/1.1" status: 200 len: 391 time: 0.0034223
2026-08-26 01:37:10.532 9 INFO neutron.wsgi [None req-45c37012-3b12-4d6f-b7ee-e8ab9ed88153 dc7778abd2c64e62ba7543f369850da7 c4746b31dbc44226ad08bc1de6d202b2 - - default default] 10.0.0.232 "GET /v2.0/extensions/security-groups-normalized-cidr HTTP/1.1" status: 200 len: 445 time: 0.0039418
2026-08-26 01:37:10.541 9 INFO neutron.wsgi [None req-9c7ef45e-e0ec-4a53-bf4b-62b89d71c096 dc7778abd2c64e62ba7543f369850da7 c4746b31dbc44226ad08bc1de6d202b2 - - default default] 10.0.0.232 "GET /v2.0/extensions/security-groups-remote-address-group HTTP/1.1" status: 200 len: 448 time: 0.0034838
2026-08-26 01:37:10.565 10 INFO neutron.wsgi [None req-946e28c0-0a2f-4469-acf8-5f497422f253 dc7778abd2c64e62ba7543f369850da7 c4746b31dbc44226ad08bc1de6d202b2 - - default default] 10.0.0.232 "GET /v2.0/extensions/security-groups-shared-filtering HTTP/1.1" status: 200 len: 435 time: 0.0191061
2026-08-26 01:37:10.578 10 INFO neutron.wsgi [None req-d0e49527-7fd8-435c-b729-31029875ec94 dc7778abd2c64e62ba7543f369850da7 c4746b31dbc44226ad08bc1de6d202b2 - - default default] 10.0.0.232 "GET /v2.0/extensions/security-group HTTP/1.1" status: 200 len: 364 time: 0.0051475
2026-08-26 01:37:10.586 10 WARNING neutron.scheduler.dhcp_agent_scheduler [None req-023b00db-b8ab-4698-8619-84829f33eeec 8f656c0a18134c6ab1372bf8bbe36cb6 993b5347707847e7953692a2f4f28396 - - - -] No more DHCP agents
2026-08-26 01:37:10.587 9 INFO neutron.wsgi [None req-033d5d69-bba0-4a0c-9006-ff0074629840 dc7778abd2c64e62ba7543f369850da7 c4746b31dbc44226ad08bc1de6d202b2 - - default default] 10.0.0.232 "GET /v2.0/extensions/segment HTTP/1.1" status: 200 len: 339 time: 0.0052636
2026-08-26 01:37:10.594 9 INFO neutron.wsgi [None req-ddda5248-1151-4f5a-85f1-a7c8dd485ffd dc7778abd2c64e62ba7543f369850da7 c4746b31dbc44226ad08bc1de6d202b2 - - default default] 10.0.0.232 "GET /v2.0/extensions/segments-peer-subnet-host-routes HTTP/1.1" status: 200 len: 427 time: 0.0037973
2026-08-26 01:37:10.598 10 WARNING neutron.api.rpc.agentnotifiers.dhcp_rpc_agent_api [None req-023b00db-b8ab-4698-8619-84829f33eeec 8f656c0a18134c6ab1372bf8bbe36cb6 993b5347707847e7953692a2f4f28396 - - - -] Unable to schedule network f5ead43c-5176-4ffa-94eb-653fe8082f9b: no agents available; will retry on subsequent port and subnet creation events.
2026-08-26 01:37:10.601 9 INFO neutron.wsgi [None req-950ef00f-b5f2-44da-81e6-dc515d8a667b dc7778abd2c64e62ba7543f369850da7 c4746b31dbc44226ad08bc1de6d202b2 - - default default] 10.0.0.232 "GET /v2.0/extensions/service-type HTTP/1.1" status: 200 len: 415 time: 0.0040345
2026-08-26 01:37:10.610 9 INFO neutron.wsgi [None req-df5125f8-99cb-479e-ad04-13594e813eb8 dc7778abd2c64e62ba7543f369850da7 c4746b31dbc44226ad08bc1de6d202b2 - - default default] 10.0.0.232 "GET /v2.0/extensions/sorting HTTP/1.1" status: 200 len: 377 time: 0.0045679
2026-08-26 01:37:10.613 10 INFO neutron.db.ovn_revision_numbers_db [None req-023b00db-b8ab-4698-8619-84829f33eeec 8f656c0a18134c6ab1372bf8bbe36cb6 993b5347707847e7953692a2f4f28396 - - - -] Successfully bumped revision number for resource 67505641-92e1-4360-86d1-c995ec77a8b2 (type: subnets) to 0
2026-08-26 01:37:10.615 9 INFO neutron.wsgi [None req-ca49ce62-78c7-4366-982e-bdc407b07617 dc7778abd2c64e62ba7543f369850da7 c4746b31dbc44226ad08bc1de6d202b2 - - default default] 10.0.0.232 "GET /v2.0/extensions/standard-attr-segment HTTP/1.1" status: 200 len: 406 time: 0.0028939
2026-08-26 01:37:10.633 10 INFO neutron.wsgi [None req-1a2b9310-f96e-47f9-85b7-e733b1aa0b54 dc7778abd2c64e62ba7543f369850da7 c4746b31dbc44226ad08bc1de6d202b2 - - default default] 10.0.0.232 "GET /v2.0/extensions/standard-attr-description HTTP/1.1" status: 200 len: 408 time: 0.0133224
2026-08-26 01:37:10.645 10 INFO neutron.wsgi [None req-95261a78-2e39-4091-a3fb-f88f9b3dcbfb dc7778abd2c64e62ba7543f369850da7 c4746b31dbc44226ad08bc1de6d202b2 - - default default] 10.0.0.232 "GET /v2.0/extensions/stateful-security-group HTTP/1.1" status: 200 len: 402 time: 0.0066071
2026-08-26 01:37:10.657 10 INFO neutron.wsgi [None req-023b00db-b8ab-4698-8619-84829f33eeec 8f656c0a18134c6ab1372bf8bbe36cb6 993b5347707847e7953692a2f4f28396 - - - -] 10.0.0.232 "POST /v2.0/subnets HTTP/1.1" status: 201 len: 821 time: 0.8063922
2026-08-26 01:37:10.663 9 INFO neutron.wsgi [None req-5d218ea2-f814-4c8c-b015-8d7b37451eef dc7778abd2c64e62ba7543f369850da7 c4746b31dbc44226ad08bc1de6d202b2 - - default default] 10.0.0.232 "GET /v2.0/extensions/subnet-dns-publish-fixed-ip HTTP/1.1" status: 200 len: 421 time: 0.0111551
2026-08-26 01:37:10.672 9 INFO neutron.wsgi [None req-a7d0631f-1fe2-43b1-a703-14ac456fcf7d dc7778abd2c64e62ba7543f369850da7 c4746b31dbc44226ad08bc1de6d202b2 - - default default] 10.0.0.232 "GET /v2.0/extensions/subnet-segmentid-writable HTTP/1.1" status: 200 len: 421 time: 0.0037136
2026-08-26 01:37:10.689 9 INFO neutron.wsgi [None req-407f6f04-5f11-4373-9a14-fbf1481f7d30 dc7778abd2c64e62ba7543f369850da7 c4746b31dbc44226ad08bc1de6d202b2 - - default default] 10.0.0.232 "GET /v2.0/extensions/subnet-service-types HTTP/1.1" status: 200 len: 400 time: 0.0040839
2026-08-26 01:37:10.699 10 INFO neutron.wsgi [None req-f0568ff0-bcbb-4f47-9d76-3413ae15cca7 dc7778abd2c64e62ba7543f369850da7 c4746b31dbc44226ad08bc1de6d202b2 - - default default] 10.0.0.232 "GET /v2.0/extensions/subnet_allocation HTTP/1.1" status: 200 len: 388 time: 0.0060267
2026-08-26 01:37:10.723 10 INFO neutron.wsgi [None req-e0a1260d-4d03-4cc6-a65c-7a5c8fc141d4 dc7778abd2c64e62ba7543f369850da7 c4746b31dbc44226ad08bc1de6d202b2 - - default default] 10.0.0.232 "GET /v2.0/extensions/subnetpool-prefix-ops HTTP/1.1" status: 200 len: 418 time: 0.0070558
2026-08-26 01:37:10.734 10 INFO neutron.wsgi [None req-3d74bcb9-e6e6-494e-8281-1e761df151b2 dc7778abd2c64e62ba7543f369850da7 c4746b31dbc44226ad08bc1de6d202b2 - - default default] 10.0.0.232 "GET /v2.0/extensions/standard-attr-tag HTTP/1.1" status: 200 len: 537 time: 0.0065987
2026-08-26 01:37:10.744 9 INFO neutron.wsgi [None req-c2e5526c-2919-48a8-938d-44775773a092 dc7778abd2c64e62ba7543f369850da7 c4746b31dbc44226ad08bc1de6d202b2 - - default default] 10.0.0.232 "GET /v2.0/extensions/standard-attr-timestamp HTTP/1.1" status: 200 len: 449 time: 0.0066969
2026-08-26 01:37:10.752 9 INFO neutron.wsgi [None req-a797179b-0de3-44b0-9271-49f5d73f574d dc7778abd2c64e62ba7543f369850da7 c4746b31dbc44226ad08bc1de6d202b2 - - default default] 10.0.0.232 "GET /v2.0/extensions/trunk HTTP/1.1" status: 200 len: 358 time: 0.0035770
2026-08-26 01:37:10.761 9 INFO neutron.wsgi [None req-8a443357-b9d7-4e06-b041-9009c1cfe530 dc7778abd2c64e62ba7543f369850da7 c4746b31dbc44226ad08bc1de6d202b2 - - default default] 10.0.0.232 "GET /v2.0/extensions/trunk-details HTTP/1.1" status: 200 len: 362 time: 0.0059161
2026-08-26 01:37:10.979 10 WARNING neutron.scheduler.dhcp_agent_scheduler [None req-2a29b93a-b31c-4e9b-91e9-cc0366091a61 8f656c0a18134c6ab1372bf8bbe36cb6 993b5347707847e7953692a2f4f28396 - - - -] No more DHCP agents
2026-08-26 01:37:10.981 10 WARNING neutron.api.rpc.agentnotifiers.dhcp_rpc_agent_api [None req-2a29b93a-b31c-4e9b-91e9-cc0366091a61 8f656c0a18134c6ab1372bf8bbe36cb6 993b5347707847e7953692a2f4f28396 - - - -] Unable to schedule network 51e0cc97-4e23-4f67-9d39-acb1e35e8891: no agents available; will retry on subsequent port and subnet creation events.
2026-08-26 01:37:10.993 10 INFO neutron.db.ovn_revision_numbers_db [None req-2a29b93a-b31c-4e9b-91e9-cc0366091a61 8f656c0a18134c6ab1372bf8bbe36cb6 993b5347707847e7953692a2f4f28396 - - - -] Successfully bumped revision number for resource 99978cab-c1a2-471a-85d6-2b16328e8e52 (type: subnets) to 0
2026-08-26 01:37:11.000 10 INFO neutron.wsgi [None req-d0c82780-f40e-4d77-93ab-a2c1bbafd9d5 e540703200ad402aaf5fcb5aec455dcd 9bb4b7072b7a464a82d751ca56cc4068 - - - -] 10.0.0.232 "DELETE /v2.0/floatingips/afb1267e-1690-4f1a-9e01-53f9ee2c3757 HTTP/1.1" status: 204 len: 168 time: 0.5163758
2026-08-26 01:37:11.013 10 INFO neutron.wsgi [None req-2a29b93a-b31c-4e9b-91e9-cc0366091a61 8f656c0a18134c6ab1372bf8bbe36cb6 993b5347707847e7953692a2f4f28396 - - - -] 10.0.0.232 "POST /v2.0/subnets HTTP/1.1" status: 201 len: 830 time: 0.3499761
2026-08-26 01:37:11.232 9 INFO neutron.services.segments.plugin [-] Segment c3668ff4-a044-454f-8613-3885301870db resource provider aggregate not found
2026-08-26 01:37:11.242 10 INFO neutron.db.ovn_revision_numbers_db [None req-ae177470-a5be-4ef9-a2d0-6070f0da998f 8f656c0a18134c6ab1372bf8bbe36cb6 993b5347707847e7953692a2f4f28396 - - - -] Successfully bumped revision number for resource 88e93d11-0650-490b-b8c9-7e6a986d5e75 (type: routers) to 1
2026-08-26 01:37:11.250 9 INFO neutron.services.segments.plugin [-] Segment c3668ff4-a044-454f-8613-3885301870db resource provider aggregate not found
2026-08-26 01:37:11.258 10 INFO neutron.wsgi [None req-ae177470-a5be-4ef9-a2d0-6070f0da998f 8f656c0a18134c6ab1372bf8bbe36cb6 993b5347707847e7953692a2f4f28396 - - - -] 10.0.0.232 "POST /v2.0/routers HTTP/1.1" status: 201 len: 689 time: 0.2290699
2026-08-26 01:37:11.268 9 INFO neutron.services.segments.plugin [-] Segment c3668ff4-a044-454f-8613-3885301870db resource provider not found; error: Placement Client Error (4xx): {"errors": [{"status": 404, "title": "Not Found", "detail": "The resource could not be found.\n\n No resource provider with uuid c3668ff4-a044-454f-8613-3885301870db found for delete ", "request_id": "req-1c6d3c84-4d55-4422-971c-ace08f0909f5"}]}
2026-08-26 01:37:11.269 9 INFO neutron.services.segments.plugin [-] Segment c3668ff4-a044-454f-8613-3885301870db resource provider not found; error: Placement Client Error (4xx): {"errors": [{"status": 404, "title": "Not Found", "detail": "The resource could not be found.\n\n No resource provider with uuid c3668ff4-a044-454f-8613-3885301870db found for delete ", "request_id": "req-1f5844fe-1e5c-430c-acaa-0f485afe3b09"}]}
2026-08-26 01:37:11.319 9 INFO neutron.wsgi [None req-81360cbf-9d28-4fa1-9a34-c26af341382e 179e8bdbb1c342d39e671097e84dccd4 d761fbba1a6f49ea86fe1fe4277e79ab - - - -] 10.0.0.232 "DELETE /v2.0/networks/efc6d7a6-91e6-441b-bacd-3f1def4daaac HTTP/1.1" status: 204 len: 168 time: 0.8127015
2026-08-26 01:37:11.503 10 INFO neutron.wsgi [None req-8c177379-f61d-46ff-8811-dfcb915aa687 179e8bdbb1c342d39e671097e84dccd4 d761fbba1a6f49ea86fe1fe4277e79ab - - default default] 10.0.0.232 "GET /v2.0/security-groups?tenant_id=a3b4ac3fd2194100a155dc6d53806a5e&name=default HTTP/1.1" status: 200 len: 2996 time: 0.0632679
2026-08-26 01:37:11.588 10 INFO neutron.db.ovn_revision_numbers_db [None req-d16b8eab-17ff-4259-9c25-10593111af78 179e8bdbb1c342d39e671097e84dccd4 d761fbba1a6f49ea86fe1fe4277e79ab - - default default] Successfully bumped revision number for resource be1b41ee-cd25-414c-93ab-688bea8a017b (type: security_groups) to 1
2026-08-26 01:37:11.631 10 INFO neutron.wsgi [None req-d16b8eab-17ff-4259-9c25-10593111af78 179e8bdbb1c342d39e671097e84dccd4 d761fbba1a6f49ea86fe1fe4277e79ab - - default default] 10.0.0.232 "GET /v2.0/security-groups?tenant_id=c4746b31dbc44226ad08bc1de6d202b2&name=default HTTP/1.1" status: 200 len: 2996 time: 0.3516738
2026-08-26 01:37:11.746 9 WARNING neutron.scheduler.dhcp_agent_scheduler [None req-fd1ccd08-bd7e-4b80-a42e-7152c8c6a0e1 8f656c0a18134c6ab1372bf8bbe36cb6 993b5347707847e7953692a2f4f28396 - - default default] No more DHCP agents
2026-08-26 01:37:11.752 9 WARNING neutron.api.rpc.agentnotifiers.dhcp_rpc_agent_api [None req-fd1ccd08-bd7e-4b80-a42e-7152c8c6a0e1 8f656c0a18134c6ab1372bf8bbe36cb6 993b5347707847e7953692a2f4f28396 - - default default] Unable to schedule network f5ead43c-5176-4ffa-94eb-653fe8082f9b: no agents available; will retry on subsequent port and subnet creation events.
2026-08-26 01:37:11.844 9 INFO neutron.db.ovn_revision_numbers_db [None req-fd1ccd08-bd7e-4b80-a42e-7152c8c6a0e1 8f656c0a18134c6ab1372bf8bbe36cb6 993b5347707847e7953692a2f4f28396 - - default default] Successfully bumped revision number for resource 00ba61e6-bdd1-4841-ad81-a6e80aeda143 (type: ports) to 1
