2026-08-26 01:37:40.614 10 INFO neutron.wsgi [None req-6a7f1d0e-0795-4b30-8c75-8c4051450294 f38841d0200f4fe1bb223c7fb45c5301 6e69d8f85a0e4cca90b95d898118560d - - - -] 10.0.0.232 "DELETE /v2.0/ports/986b0377-7d0d-4ebc-8bd4-82e247179bdf HTTP/1.1" status: 204 len: 168 time: 0.3272862
2026-08-26 01:37:40.647 9 INFO neutron.pecan_wsgi.hooks.translation [None req-7e7e876a-121a-4f36-a6b4-617b8e75e37c f38841d0200f4fe1bb223c7fb45c5301 6e69d8f85a0e4cca90b95d898118560d - - - -] DELETE failed (client error): The resource could not be found.
2026-08-26 01:37:40.650 9 INFO neutron.wsgi [None req-7e7e876a-121a-4f36-a6b4-617b8e75e37c f38841d0200f4fe1bb223c7fb45c5301 6e69d8f85a0e4cca90b95d898118560d - - - -] 10.0.0.232 "DELETE /v2.0/ports/986b0377-7d0d-4ebc-8bd4-82e247179bdf HTTP/1.1" status: 404 len: 333 time: 0.0289979
2026-08-26 01:37:40.678 9 INFO neutron.pecan_wsgi.hooks.translation [None req-537b31e2-620a-4c24-909c-281e36f3faad f38841d0200f4fe1bb223c7fb45c5301 6e69d8f85a0e4cca90b95d898118560d - - default default] GET failed (client error): The resource could not be found.
2026-08-26 01:37:40.680 9 INFO neutron.wsgi [None req-537b31e2-620a-4c24-909c-281e36f3faad f38841d0200f4fe1bb223c7fb45c5301 6e69d8f85a0e4cca90b95d898118560d - - default default] 10.0.0.232 "GET /v2.0/ports/986b0377-7d0d-4ebc-8bd4-82e247179bdf HTTP/1.1" status: 404 len: 333 time: 0.0220139
2026-08-26 01:37:40.908 10 INFO neutron.db.ovn_revision_numbers_db [None req-2d3c0c44-ae0a-4c07-a93d-adc843702f15 610c97ae8b8848688950f15fe4edeca6 780d0f4623a04aa787b7e806ff4c0549 - - - -] Successfully bumped revision number for resource 017b0f33-acf2-4be6-900a-8ab0d2094e6a (type: security_groups) to 1
2026-08-26 01:37:40.916 9 INFO neutron.wsgi [None req-c682d077-6316-457a-b908-d32cebc8185b f38841d0200f4fe1bb223c7fb45c5301 6e69d8f85a0e4cca90b95d898118560d - - - -] 10.0.0.232 "DELETE /v2.0/subnets/b9ae9b78-fdde-44dd-ab86-a8e81a705d8d HTTP/1.1" status: 204 len: 168 time: 0.2296133
2026-08-26 01:37:40.973 10 INFO neutron.db.segments_db [None req-2d3c0c44-ae0a-4c07-a93d-adc843702f15 610c97ae8b8848688950f15fe4edeca6 780d0f4623a04aa787b7e806ff4c0549 - - - -] Added segment 93327273-55c5-4dbf-ad51-98fab646dad5 of type geneve for network 5263f1af-e77a-4bcb-b779-d184ed72fdf1
2026-08-26 01:37:41.103 10 INFO neutron.db.ovn_revision_numbers_db [None req-2d3c0c44-ae0a-4c07-a93d-adc843702f15 610c97ae8b8848688950f15fe4edeca6 780d0f4623a04aa787b7e806ff4c0549 - - - -] Successfully bumped revision number for resource 5263f1af-e77a-4bcb-b779-d184ed72fdf1 (type: networks) to 1
2026-08-26 01:37:41.313 10 WARNING neutron.scheduler.dhcp_agent_scheduler [None req-2d3c0c44-ae0a-4c07-a93d-adc843702f15 610c97ae8b8848688950f15fe4edeca6 780d0f4623a04aa787b7e806ff4c0549 - - - -] No more DHCP agents
2026-08-26 01:37:41.315 10 WARNING neutron.api.rpc.agentnotifiers.dhcp_rpc_agent_api [None req-2d3c0c44-ae0a-4c07-a93d-adc843702f15 610c97ae8b8848688950f15fe4edeca6 780d0f4623a04aa787b7e806ff4c0549 - - - -] Unable to schedule network 5263f1af-e77a-4bcb-b779-d184ed72fdf1: no agents available; will retry on subsequent port and subnet creation events.
2026-08-26 01:37:41.341 9 INFO neutron.services.segments.plugin [-] Segment bf2044ef-9a50-4e35-83a0-b4d317750317 resource provider aggregate not found
2026-08-26 01:37:41.368 9 INFO neutron.services.segments.plugin [-] Segment bf2044ef-9a50-4e35-83a0-b4d317750317 resource provider not found; error: Placement Client Error (4xx): {"errors": [{"status": 404, "title": "Not Found", "detail": "The resource could not be found.\n\n No resource provider with uuid bf2044ef-9a50-4e35-83a0-b4d317750317 found for delete ", "request_id": "req-99a23e9b-2439-49ff-9878-4b77c328e07e"}]}
2026-08-26 01:37:41.369 9 INFO neutron.services.segments.plugin [-] Segment bf2044ef-9a50-4e35-83a0-b4d317750317 resource provider aggregate not found
2026-08-26 01:37:41.393 9 INFO neutron.services.segments.plugin [-] Segment bf2044ef-9a50-4e35-83a0-b4d317750317 resource provider not found; error: Placement Client Error (4xx): {"errors": [{"status": 404, "title": "Not Found", "detail": "The resource could not be found.\n\n No resource provider with uuid bf2044ef-9a50-4e35-83a0-b4d317750317 found for delete ", "request_id": "req-680a939a-fc22-4483-be0e-2f03cc7d3466"}]}
2026-08-26 01:37:41.398 10 INFO neutron.db.ovn_revision_numbers_db [None req-2d3c0c44-ae0a-4c07-a93d-adc843702f15 610c97ae8b8848688950f15fe4edeca6 780d0f4623a04aa787b7e806ff4c0549 - - - -] Successfully bumped revision number for resource 75e12d05-b55e-4d5f-a3d2-5cdb35be9011 (type: ports) to 1
2026-08-26 01:37:41.410 9 INFO neutron.wsgi [None req-5b74190a-6f95-4aef-b682-7077c40722cc f38841d0200f4fe1bb223c7fb45c5301 6e69d8f85a0e4cca90b95d898118560d - - - -] 10.0.0.232 "DELETE /v2.0/networks/2777a40b-190d-4839-8e94-f4a5c8c08f01 HTTP/1.1" status: 204 len: 168 time: 0.4788873
2026-08-26 01:37:41.439 10 INFO neutron.wsgi [None req-2d3c0c44-ae0a-4c07-a93d-adc843702f15 610c97ae8b8848688950f15fe4edeca6 780d0f4623a04aa787b7e806ff4c0549 - - - -] 10.0.0.232 "POST /v2.0/networks HTTP/1.1" status: 201 len: 829 time: 0.7797670
2026-08-26 01:37:41.529 10 INFO neutron.db.segments_db [None req-75a3dd28-a469-4be3-9d26-c3582dc3b8f9 f38841d0200f4fe1bb223c7fb45c5301 6e69d8f85a0e4cca90b95d898118560d - - - -] Added segment 753a58a5-33e0-48a9-ba46-382367410c04 of type geneve for network 5f4688e9-2fbc-4b41-af06-786c0e705da1
2026-08-26 01:37:41.561 10 INFO neutron.db.segments_db [None req-93e35ce5-ee49-4dd0-b973-b1d226b23caf 610c97ae8b8848688950f15fe4edeca6 780d0f4623a04aa787b7e806ff4c0549 - - - -] Added segment 1f930967-9772-4996-afa6-4c1439069f23 of type geneve for network 38bd69b6-2734-4be9-9f38-e24485ee9a81
2026-08-26 01:37:41.709 10 INFO neutron.db.ovn_revision_numbers_db [None req-75a3dd28-a469-4be3-9d26-c3582dc3b8f9 f38841d0200f4fe1bb223c7fb45c5301 6e69d8f85a0e4cca90b95d898118560d - - - -] Successfully bumped revision number for resource 5f4688e9-2fbc-4b41-af06-786c0e705da1 (type: networks) to 1
2026-08-26 01:37:41.776 10 INFO neutron.db.ovn_revision_numbers_db [None req-93e35ce5-ee49-4dd0-b973-b1d226b23caf 610c97ae8b8848688950f15fe4edeca6 780d0f4623a04aa787b7e806ff4c0549 - - - -] Successfully bumped revision number for resource 38bd69b6-2734-4be9-9f38-e24485ee9a81 (type: networks) to 1
2026-08-26 01:37:41.877 9 WARNING neutron.plugins.ml2.drivers.ovn.mech_driver.ovsdb.ovn_client [None req-708d48ee-dd6d-4598-842f-750e5fb8a55f - - - - - -] No port found with ID c4303654-367d-4201-a4e4-c6640629b406: RuntimeError: No port found with ID c4303654-367d-4201-a4e4-c6640629b406
2026-08-26 01:37:41.997 10 WARNING neutron.scheduler.dhcp_agent_scheduler [None req-75a3dd28-a469-4be3-9d26-c3582dc3b8f9 f38841d0200f4fe1bb223c7fb45c5301 6e69d8f85a0e4cca90b95d898118560d - - - -] No more DHCP agents
2026-08-26 01:37:41.999 10 WARNING neutron.api.rpc.agentnotifiers.dhcp_rpc_agent_api [None req-75a3dd28-a469-4be3-9d26-c3582dc3b8f9 f38841d0200f4fe1bb223c7fb45c5301 6e69d8f85a0e4cca90b95d898118560d - - - -] Unable to schedule network 5f4688e9-2fbc-4b41-af06-786c0e705da1: no agents available; will retry on subsequent port and subnet creation events.
2026-08-26 01:37:42.344 10 WARNING neutron.scheduler.dhcp_agent_scheduler [None req-93e35ce5-ee49-4dd0-b973-b1d226b23caf 610c97ae8b8848688950f15fe4edeca6 780d0f4623a04aa787b7e806ff4c0549 - - - -] No more DHCP agents
2026-08-26 01:37:42.346 10 WARNING neutron.api.rpc.agentnotifiers.dhcp_rpc_agent_api [None req-93e35ce5-ee49-4dd0-b973-b1d226b23caf 610c97ae8b8848688950f15fe4edeca6 780d0f4623a04aa787b7e806ff4c0549 - - - -] Unable to schedule network 38bd69b6-2734-4be9-9f38-e24485ee9a81: no agents available; will retry on subsequent port and subnet creation events.
2026-08-26 01:37:42.391 10 INFO neutron.db.ovn_revision_numbers_db [None req-75a3dd28-a469-4be3-9d26-c3582dc3b8f9 f38841d0200f4fe1bb223c7fb45c5301 6e69d8f85a0e4cca90b95d898118560d - - - -] Successfully bumped revision number for resource 39094072-d6d6-4645-a207-b1e152773868 (type: ports) to 1
2026-08-26 01:37:42.444 10 INFO neutron.wsgi [None req-75a3dd28-a469-4be3-9d26-c3582dc3b8f9 f38841d0200f4fe1bb223c7fb45c5301 6e69d8f85a0e4cca90b95d898118560d - - - -] 10.0.0.232 "POST /v2.0/networks HTTP/1.1" status: 201 len: 830 time: 1.0238209
2026-08-26 01:37:42.447 10 INFO neutron.db.ovn_revision_numbers_db [None req-93e35ce5-ee49-4dd0-b973-b1d226b23caf 610c97ae8b8848688950f15fe4edeca6 780d0f4623a04aa787b7e806ff4c0549 - - - -] Successfully bumped revision number for resource b3f178f9-39a3-48c7-8a47-efebc5030135 (type: ports) to 1
2026-08-26 01:37:42.470 10 INFO neutron.wsgi [None req-93e35ce5-ee49-4dd0-b973-b1d226b23caf 610c97ae8b8848688950f15fe4edeca6 780d0f4623a04aa787b7e806ff4c0549 - - - -] 10.0.0.232 "POST /v2.0/networks HTTP/1.1" status: 201 len: 829 time: 1.0263569
2026-08-26 01:37:42.654 9 INFO neutron.db.ovn_revision_numbers_db [None req-c0b6ae23-30fc-4bf8-80fe-60ce0988e76f 179e8bdbb1c342d39e671097e84dccd4 d761fbba1a6f49ea86fe1fe4277e79ab - - default default] Successfully bumped revision number for resource 75f00947-2792-4dbd-8150-d617d56ecb82 (type: security_groups) to 1
2026-08-26 01:37:42.712 9 INFO neutron.wsgi [None req-c0b6ae23-30fc-4bf8-80fe-60ce0988e76f 179e8bdbb1c342d39e671097e84dccd4 d761fbba1a6f49ea86fe1fe4277e79ab - - default default] 10.0.0.232 "GET /v2.0/security-groups?tenant_id=ffd88fe6625e4e7485c0e7faa4376999&name=default HTTP/1.1" status: 200 len: 2996 time: 0.4135628
2026-08-26 01:37:42.763 10 WARNING neutron.scheduler.dhcp_agent_scheduler [None req-f2035cfe-fbff-439f-8dfa-d1e820800b04 610c97ae8b8848688950f15fe4edeca6 780d0f4623a04aa787b7e806ff4c0549 - - - -] No more DHCP agents
2026-08-26 01:37:42.765 10 WARNING neutron.api.rpc.agentnotifiers.dhcp_rpc_agent_api [None req-f2035cfe-fbff-439f-8dfa-d1e820800b04 610c97ae8b8848688950f15fe4edeca6 780d0f4623a04aa787b7e806ff4c0549 - - - -] Unable to schedule network 5263f1af-e77a-4bcb-b779-d184ed72fdf1: no agents available; will retry on subsequent port and subnet creation events.
2026-08-26 01:37:42.798 9 WARNING neutron.scheduler.dhcp_agent_scheduler [None req-f3ae0fd8-7d22-4c4d-9bb2-931238b77515 f38841d0200f4fe1bb223c7fb45c5301 6e69d8f85a0e4cca90b95d898118560d - - - -] No more DHCP agents
2026-08-26 01:37:42.801 9 WARNING neutron.api.rpc.agentnotifiers.dhcp_rpc_agent_api [None req-f3ae0fd8-7d22-4c4d-9bb2-931238b77515 f38841d0200f4fe1bb223c7fb45c5301 6e69d8f85a0e4cca90b95d898118560d - - - -] Unable to schedule network 5f4688e9-2fbc-4b41-af06-786c0e705da1: no agents available; will retry on subsequent port and subnet creation events.
2026-08-26 01:37:42.997 10 INFO neutron.wsgi [None req-e8dedce0-6691-4bef-84ad-29c3b6e30b46 179e8bdbb1c342d39e671097e84dccd4 d761fbba1a6f49ea86fe1fe4277e79ab - - - -] 10.0.0.232 "DELETE /v2.0/security-groups/75f00947-2792-4dbd-8150-d617d56ecb82 HTTP/1.1" status: 204 len: 168 time: 0.2759376
2026-08-26 01:37:43.214 10 INFO neutron.db.ovn_revision_numbers_db [None req-f2035cfe-fbff-439f-8dfa-d1e820800b04 610c97ae8b8848688950f15fe4edeca6 780d0f4623a04aa787b7e806ff4c0549 - - - -] Successfully bumped revision number for resource 75e12d05-b55e-4d5f-a3d2-5cdb35be9011 (type: ports) to 2
2026-08-26 01:37:43.230 10 INFO neutron.db.ovn_revision_numbers_db [None req-f2035cfe-fbff-439f-8dfa-d1e820800b04 610c97ae8b8848688950f15fe4edeca6 780d0f4623a04aa787b7e806ff4c0549 - - - -] Successfully bumped revision number for resource 7a82fad1-d2f8-4758-bd4c-50addf44c901 (type: subnets) to 0
2026-08-26 01:37:43.248 10 INFO neutron.wsgi [None req-f2035cfe-fbff-439f-8dfa-d1e820800b04 610c97ae8b8848688950f15fe4edeca6 780d0f4623a04aa787b7e806ff4c0549 - - - -] 10.0.0.232 "POST /v2.0/subnets HTTP/1.1" status: 201 len: 801 time: 0.7730415
2026-08-26 01:37:43.282 9 INFO neutron.db.ovn_revision_numbers_db [None req-f3ae0fd8-7d22-4c4d-9bb2-931238b77515 f38841d0200f4fe1bb223c7fb45c5301 6e69d8f85a0e4cca90b95d898118560d - - - -] Successfully bumped revision number for resource 39094072-d6d6-4645-a207-b1e152773868 (type: ports) to 2
2026-08-26 01:37:43.296 9 INFO neutron.db.ovn_revision_numbers_db [None req-f3ae0fd8-7d22-4c4d-9bb2-931238b77515 f38841d0200f4fe1bb223c7fb45c5301 6e69d8f85a0e4cca90b95d898118560d - - - -] Successfully bumped revision number for resource e080cedc-4a8b-4d91-a626-7a67639ae072 (type: subnets) to 0
2026-08-26 01:37:43.346 9 INFO neutron.wsgi [None req-f3ae0fd8-7d22-4c4d-9bb2-931238b77515 f38841d0200f4fe1bb223c7fb45c5301 6e69d8f85a0e4cca90b95d898118560d - - - -] 10.0.0.232 "POST /v2.0/subnets HTTP/1.1" status: 201 len: 801 time: 0.8938437
2026-08-26 01:37:43.664 10 WARNING neutron.scheduler.dhcp_agent_scheduler [None req-1232057a-bff4-4d61-a766-564f61f4b0db 610c97ae8b8848688950f15fe4edeca6 780d0f4623a04aa787b7e806ff4c0549 - - - -] No more DHCP agents
2026-08-26 01:37:43.670 10 WARNING neutron.api.rpc.agentnotifiers.dhcp_rpc_agent_api [None req-1232057a-bff4-4d61-a766-564f61f4b0db 610c97ae8b8848688950f15fe4edeca6 780d0f4623a04aa787b7e806ff4c0549 - - - -] Unable to schedule network 38bd69b6-2734-4be9-9f38-e24485ee9a81: no agents available; will retry on subsequent port and subnet creation events.
2026-08-26 01:37:43.764 9 INFO neutron.db.ovn_revision_numbers_db [None req-67549ec4-fb88-4372-81b9-0854174360c6 179e8bdbb1c342d39e671097e84dccd4 d761fbba1a6f49ea86fe1fe4277e79ab - - default default] Successfully bumped revision number for resource 8071ef08-2063-4f8a-aaa3-6e32915a88c7 (type: security_groups) to 1
2026-08-26 01:37:43.788 9 INFO neutron.wsgi [None req-67549ec4-fb88-4372-81b9-0854174360c6 179e8bdbb1c342d39e671097e84dccd4 d761fbba1a6f49ea86fe1fe4277e79ab - - default default] 10.0.0.232 "GET /v2.0/security-groups?tenant_id=0bd96fa3790a458b82d9b95b130d6d5f&name=default HTTP/1.1" status: 200 len: 2996 time: 0.2196884
2026-08-26 01:37:43.846 10 WARNING neutron.scheduler.dhcp_agent_scheduler [None req-ec5d1437-2f48-41d5-a2ae-be67c46f4c98 f38841d0200f4fe1bb223c7fb45c5301 6e69d8f85a0e4cca90b95d898118560d - - - -] No more DHCP agents
2026-08-26 01:37:43.850 10 WARNING neutron.api.rpc.agentnotifiers.dhcp_rpc_agent_api [None req-ec5d1437-2f48-41d5-a2ae-be67c46f4c98 f38841d0200f4fe1bb223c7fb45c5301 6e69d8f85a0e4cca90b95d898118560d - - - -] Unable to schedule network 5f4688e9-2fbc-4b41-af06-786c0e705da1: no agents available; will retry on subsequent port and subnet creation events.
2026-08-26 01:37:43.981 9 INFO neutron.wsgi [None req-6c97e436-2678-4856-953b-c9a3e9f72dbd 179e8bdbb1c342d39e671097e84dccd4 d761fbba1a6f49ea86fe1fe4277e79ab - - - -] 10.0.0.232 "DELETE /v2.0/security-groups/8071ef08-2063-4f8a-aaa3-6e32915a88c7 HTTP/1.1" status: 204 len: 168 time: 0.1841984
2026-08-26 01:37:44.030 10 INFO neutron.db.ovn_revision_numbers_db [None req-ec5d1437-2f48-41d5-a2ae-be67c46f4c98 f38841d0200f4fe1bb223c7fb45c5301 6e69d8f85a0e4cca90b95d898118560d - - - -] Successfully bumped revision number for resource f9eedda9-1947-497e-b0fd-7d16de34a134 (type: ports) to 1
2026-08-26 01:37:44.066 10 INFO neutron.wsgi [None req-ec5d1437-2f48-41d5-a2ae-be67c46f4c98 f38841d0200f4fe1bb223c7fb45c5301 6e69d8f85a0e4cca90b95d898118560d - - - -] 10.0.0.232 "POST /v2.0/ports HTTP/1.1" status: 201 len: 1114 time: 0.7138133
2026-08-26 01:37:44.237 10 INFO neutron.db.ovn_revision_numbers_db [None req-2609db84-dd87-4656-bd49-67ba9c31b6ac 179e8bdbb1c342d39e671097e84dccd4 d761fbba1a6f49ea86fe1fe4277e79ab - - default default] Successfully bumped revision number for resource e0d1466d-7e7a-4ee0-b2c9-82c5f4d99f10 (type: security_groups) to 1
2026-08-26 01:37:44.267 10 INFO neutron.wsgi [None req-2609db84-dd87-4656-bd49-67ba9c31b6ac 179e8bdbb1c342d39e671097e84dccd4 d761fbba1a6f49ea86fe1fe4277e79ab - - default default] 10.0.0.232 "GET /v2.0/security-groups?tenant_id=db51583110a744828d89eaeae0bc7052&name=default HTTP/1.1" status: 200 len: 2996 time: 0.1838908
2026-08-26 01:37:44.294 10 INFO neutron.db.ovn_revision_numbers_db [None req-1232057a-bff4-4d61-a766-564f61f4b0db 610c97ae8b8848688950f15fe4edeca6 780d0f4623a04aa787b7e806ff4c0549 - - - -] Successfully bumped revision number for resource b3f178f9-39a3-48c7-8a47-efebc5030135 (type: ports) to 2
2026-08-26 01:37:44.316 10 INFO neutron.db.ovn_revision_numbers_db [None req-1232057a-bff4-4d61-a766-564f61f4b0db 610c97ae8b8848688950f15fe4edeca6 780d0f4623a04aa787b7e806ff4c0549 - - - -] Successfully bumped revision number for resource 805ee62f-8eb3-43ce-9acf-e7348416dffc (type: subnets) to 0
2026-08-26 01:37:44.340 10 INFO neutron.wsgi [None req-1232057a-bff4-4d61-a766-564f61f4b0db 610c97ae8b8848688950f15fe4edeca6 780d0f4623a04aa787b7e806ff4c0549 - - - -] 10.0.0.232 "POST /v2.0/subnets HTTP/1.1" status: 201 len: 801 time: 1.0819154
2026-08-26 01:37:44.492 9 INFO neutron.wsgi [None req-4ed9ed46-6a42-4978-97b9-5da3011db17f f38841d0200f4fe1bb223c7fb45c5301 6e69d8f85a0e4cca90b95d898118560d - - - -] 10.0.0.232 "DELETE /v2.0/ports/f9eedda9-1947-497e-b0fd-7d16de34a134 HTTP/1.1" status: 204 len: 168 time: 0.4200325
2026-08-26 01:37:44.527 9 INFO neutron.pecan_wsgi.hooks.translation [None req-528e880d-20ba-420c-b5d5-6d78268e380a f38841d0200f4fe1bb223c7fb45c5301 6e69d8f85a0e4cca90b95d898118560d - - default default] GET failed (client error): The resource could not be found.
2026-08-26 01:37:44.529 9 INFO neutron.wsgi [None req-528e880d-20ba-420c-b5d5-6d78268e380a f38841d0200f4fe1bb223c7fb45c5301 6e69d8f85a0e4cca90b95d898118560d - - default default] 10.0.0.232 "GET /v2.0/ports/f9eedda9-1947-497e-b0fd-7d16de34a134 HTTP/1.1" status: 404 len: 333 time: 0.0283141
2026-08-26 01:37:44.556 10 INFO neutron.db.ovn_revision_numbers_db [None req-6078aab8-88f3-434d-a93c-47e8ba986536 610c97ae8b8848688950f15fe4edeca6 780d0f4623a04aa787b7e806ff4c0549 - - - -] Successfully bumped revision number for resource 2862eda2-8220-4f06-bdb6-736686a65a00 (type: routers) to 1
2026-08-26 01:37:44.574 10 INFO neutron.wsgi [None req-256aa3fd-e1d8-45fa-895c-987b4f4bda4b 179e8bdbb1c342d39e671097e84dccd4 d761fbba1a6f49ea86fe1fe4277e79ab - - - -] 10.0.0.232 "DELETE /v2.0/security-groups/e0d1466d-7e7a-4ee0-b2c9-82c5f4d99f10 HTTP/1.1" status: 204 len: 168 time: 0.3008311
2026-08-26 01:37:44.578 10 INFO neutron.wsgi [None req-6078aab8-88f3-434d-a93c-47e8ba986536 610c97ae8b8848688950f15fe4edeca6 780d0f4623a04aa787b7e806ff4c0549 - - - -] 10.0.0.232 "POST /v2.0/routers HTTP/1.1" status: 201 len: 686 time: 0.2331221
2026-08-26 01:37:44.742 9 INFO neutron.wsgi [None req-a46cf41e-e842-4f7d-a15e-fd66ee626e19 f38841d0200f4fe1bb223c7fb45c5301 6e69d8f85a0e4cca90b95d898118560d - - - -] 10.0.0.232 "DELETE /v2.0/subnets/e080cedc-4a8b-4d91-a626-7a67639ae072 HTTP/1.1" status: 204 len: 168 time: 0.2089226
2026-08-26 01:37:45.423 10 WARNING neutron.scheduler.dhcp_agent_scheduler [None req-ba7554d2-a285-4862-a4cb-9b1c33ac0b29 610c97ae8b8848688950f15fe4edeca6 780d0f4623a04aa787b7e806ff4c0549 - - default default] No more DHCP agents
2026-08-26 01:37:45.428 10 WARNING neutron.api.rpc.agentnotifiers.dhcp_rpc_agent_api [None req-ba7554d2-a285-4862-a4cb-9b1c33ac0b29 610c97ae8b8848688950f15fe4edeca6 780d0f4623a04aa787b7e806ff4c0549 - - default default] Unable to schedule network 5263f1af-e77a-4bcb-b779-d184ed72fdf1: no agents available; will retry on subsequent port and subnet creation events.
2026-08-26 01:37:45.627 10 INFO neutron.services.segments.plugin [-] Segment 753a58a5-33e0-48a9-ba46-382367410c04 resource provider aggregate not found
2026-08-26 01:37:45.633 10 INFO neutron.services.segments.plugin [-] Segment 753a58a5-33e0-48a9-ba46-382367410c04 resource provider aggregate not found
2026-08-26 01:37:45.647 10 INFO neutron.db.ovn_revision_numbers_db [None req-ba7554d2-a285-4862-a4cb-9b1c33ac0b29 610c97ae8b8848688950f15fe4edeca6 780d0f4623a04aa787b7e806ff4c0549 - - default default] Successfully bumped revision number for resource c06c3d92-812e-4e57-a756-61947fbd571e (type: ports) to 1
2026-08-26 01:37:45.649 10 INFO neutron.services.segments.plugin [-] Segment 753a58a5-33e0-48a9-ba46-382367410c04 resource provider not found; error: Placement Client Error (4xx): {"errors": [{"status": 404, "title": "Not Found", "detail": "The resource could not be found.\n\n No resource provider with uuid 753a58a5-33e0-48a9-ba46-382367410c04 found for delete ", "request_id": "req-7dacbc5f-82de-4b2b-b344-2ed0b53d0576"}]}
2026-08-26 01:37:45.653 10 INFO neutron.services.segments.plugin [-] Segment 753a58a5-33e0-48a9-ba46-382367410c04 resource provider not found; error: Placement Client Error (4xx): {"errors": [{"status": 404, "title": "Not Found", "detail": "The resource could not be found.\n\n No resource provider with uuid 753a58a5-33e0-48a9-ba46-382367410c04 found for delete ", "request_id": "req-860082bd-1244-4c8e-b2c5-3d23b246588c"}]}
2026-08-26 01:37:45.679 10 INFO neutron.wsgi [None req-88a6c83f-fcf5-43e0-ab37-b6609ae0c73c f38841d0200f4fe1bb223c7fb45c5301 6e69d8f85a0e4cca90b95d898118560d - - - -] 10.0.0.232 "DELETE /v2.0/networks/5f4688e9-2fbc-4b41-af06-786c0e705da1 HTTP/1.1" status: 204 len: 168 time: 0.9288709
2026-08-26 01:37:45.949 9 WARNING neutron.scheduler.dhcp_agent_scheduler [None req-9c10afff-c4d3-4ad2-af48-f9a4e937f367 f38841d0200f4fe1bb223c7fb45c5301 6e69d8f85a0e4cca90b95d898118560d - - - -] No more DHCP agents
2026-08-26 01:37:45.951 9 WARNING neutron.api.rpc.agentnotifiers.dhcp_rpc_agent_api [None req-9c10afff-c4d3-4ad2-af48-f9a4e937f367 f38841d0200f4fe1bb223c7fb45c5301 6e69d8f85a0e4cca90b95d898118560d - - - -] Unable to schedule network 34adc853-41f2-4017-adf4-b858216bd6aa: no agents available; will retry on subsequent port and subnet creation events.
2026-08-26 01:37:46.023 9 INFO neutron.plugins.ml2.drivers.ovn.mech_driver.mech_driver [None req-708d48ee-dd6d-4598-842f-750e5fb8a55f - - - - - -] OVN reports status up for port: c06c3d92-812e-4e57-a756-61947fbd571e
2026-08-26 01:37:46.025 9 INFO neutron.db.ovn_revision_numbers_db [None req-9c10afff-c4d3-4ad2-af48-f9a4e937f367 f38841d0200f4fe1bb223c7fb45c5301 6e69d8f85a0e4cca90b95d898118560d - - - -] Successfully bumped revision number for resource 0692eeca-62f9-4e35-b2dd-2a4c290780ad (type: ports) to 1
2026-08-26 01:37:46.030 10 INFO neutron.db.ovn_revision_numbers_db [None req-ba7554d2-a285-4862-a4cb-9b1c33ac0b29 610c97ae8b8848688950f15fe4edeca6 780d0f4623a04aa787b7e806ff4c0549 - - default default] Successfully bumped revision number for resource c06c3d92-812e-4e57-a756-61947fbd571e (type: router_ports) to 2
2026-08-26 01:37:46.038 9 INFO neutron.plugins.ml2.plugin [None req-708d48ee-dd6d-4598-842f-750e5fb8a55f - - - - - -] Attempt 1 to provision port c06c3d92-812e-4e57-a756-61947fbd571e
2026-08-26 01:37:46.058 9 INFO neutron.wsgi [None req-9c10afff-c4d3-4ad2-af48-f9a4e937f367 f38841d0200f4fe1bb223c7fb45c5301 6e69d8f85a0e4cca90b95d898118560d - - - -] 10.0.0.232 "POST /v2.0/ports HTTP/1.1" status: 201 len: 973 time: 0.3734040 /var/lib/openstack/lib/python3.10/site-packages/pycadf/identifier.py:71: UserWarning: Invalid uuid: neutron. To ensure interoperability, identifiers should be a valid uuid. warnings.warn(('Invalid uuid: %s. To ensure interoperability, '
2026-08-26 01:37:46.185 10 INFO neutron.db.ovn_revision_numbers_db [None req-ba7554d2-a285-4862-a4cb-9b1c33ac0b29 610c97ae8b8848688950f15fe4edeca6 780d0f4623a04aa787b7e806ff4c0549 - - default default] Successfully bumped revision number for resource c06c3d92-812e-4e57-a756-61947fbd571e (type: ports) to 2
2026-08-26 01:37:46.255 10 INFO neutron.db.ovn_revision_numbers_db [None req-081affc5-c970-4015-ad01-7545758a6df4 645a217d6cf24cdf8f9f25c58ac4be17 b6a00ac79d274e7899410a440027d5fa - - - -] Successfully bumped revision number for resource 2ef89e36-ab4e-4813-91f7-819959785ac0 (type: security_groups) to 1
2026-08-26 01:37:46.272 10 WARNING neutron.scheduler.dhcp_agent_scheduler [None req-ba7554d2-a285-4862-a4cb-9b1c33ac0b29 610c97ae8b8848688950f15fe4edeca6 780d0f4623a04aa787b7e806ff4c0549 - - default default] No more DHCP agents
2026-08-26 01:37:46.273 10 WARNING neutron.api.rpc.agentnotifiers.dhcp_rpc_agent_api [None req-ba7554d2-a285-4862-a4cb-9b1c33ac0b29 610c97ae8b8848688950f15fe4edeca6 780d0f4623a04aa787b7e806ff4c0549 - - default default] Unable to schedule network 5263f1af-e77a-4bcb-b779-d184ed72fdf1: no agents available; will retry on subsequent port and subnet creation events.
2026-08-26 01:37:46.331 10 INFO neutron.db.segments_db [None req-081affc5-c970-4015-ad01-7545758a6df4 645a217d6cf24cdf8f9f25c58ac4be17 b6a00ac79d274e7899410a440027d5fa - - - -] Added segment f74ee161-b65b-465f-ac5e-36558a5ac899 of type geneve for network 91e5d1e2-040d-45a9-b3b0-897e7724fbca
2026-08-26 01:37:46.343 9 INFO neutron.db.ovn_revision_numbers_db [None req-f54a1b88-40be-499c-a9c2-e10e1240e796 f38841d0200f4fe1bb223c7fb45c5301 6e69d8f85a0e4cca90b95d898118560d - - - -] Successfully bumped revision number for resource 0692eeca-62f9-4e35-b2dd-2a4c290780ad (type: ports) to 2
2026-08-26 01:37:46.356 9 INFO neutron.wsgi [None req-f54a1b88-40be-499c-a9c2-e10e1240e796 f38841d0200f4fe1bb223c7fb45c5301 6e69d8f85a0e4cca90b95d898118560d - - - -] 10.0.0.232 "PUT /v2.0/ports/0692eeca-62f9-4e35-b2dd-2a4c290780ad HTTP/1.1" status: 200 len: 946 time: 0.2872472 /var/lib/openstack/lib/python3.10/site-packages/pycadf/identifier.py:71: UserWarning: Invalid uuid: neutron. To ensure interoperability, identifiers should be a valid uuid. warnings.warn(('Invalid uuid: %s. To ensure interoperability, '
2026-08-26 01:37:46.369 9 INFO neutron.db.ovn_revision_numbers_db [None req-708d48ee-dd6d-4598-842f-750e5fb8a55f - - - - - -] Successfully bumped revision number for resource c06c3d92-812e-4e57-a756-61947fbd571e (type: ports) to 3
2026-08-26 01:37:46.488 10 INFO neutron.db.ovn_revision_numbers_db [None req-081affc5-c970-4015-ad01-7545758a6df4 645a217d6cf24cdf8f9f25c58ac4be17 b6a00ac79d274e7899410a440027d5fa - - - -] Successfully bumped revision number for resource 91e5d1e2-040d-45a9-b3b0-897e7724fbca (type: networks) to 1
2026-08-26 01:37:46.503 10 INFO neutron.db.ovn_revision_numbers_db [None req-ba7554d2-a285-4862-a4cb-9b1c33ac0b29 610c97ae8b8848688950f15fe4edeca6 780d0f4623a04aa787b7e806ff4c0549 - - - -] Successfully bumped revision number for resource c06c3d92-812e-4e57-a756-61947fbd571e (type: router_ports) to 3
2026-08-26 01:37:46.505 10 INFO neutron.wsgi [None req-ba7554d2-a285-4862-a4cb-9b1c33ac0b29 610c97ae8b8848688950f15fe4edeca6 780d0f4623a04aa787b7e806ff4c0549 - - - -] 10.0.0.232 "PUT /v2.0/routers/2862eda2-8220-4f06-bdb6-736686a65a00/add_router_interface HTTP/1.1" status: 200 len: 503 time: 1.9210927
2026-08-26 01:37:46.684 10 WARNING neutron.scheduler.dhcp_agent_scheduler [None req-081affc5-c970-4015-ad01-7545758a6df4 645a217d6cf24cdf8f9f25c58ac4be17 b6a00ac79d274e7899410a440027d5fa - - - -] No more DHCP agents
2026-08-26 01:37:46.686 10 WARNING neutron.api.rpc.agentnotifiers.dhcp_rpc_agent_api [None req-081affc5-c970-4015-ad01-7545758a6df4 645a217d6cf24cdf8f9f25c58ac4be17 b6a00ac79d274e7899410a440027d5fa - - - -] Unable to schedule network 91e5d1e2-040d-45a9-b3b0-897e7724fbca: no agents available; will retry on subsequent port and subnet creation events.
2026-08-26 01:37:46.693 9 INFO neutron.wsgi [None req-18006d90-5d90-41b8-8de9-69a7c45545b6 610c97ae8b8848688950f15fe4edeca6 780d0f4623a04aa787b7e806ff4c0549 - - default default] 10.0.0.232 "GET /v2.0/ports/c06c3d92-812e-4e57-a756-61947fbd571e HTTP/1.1" status: 200 len: 1137 time: 0.1792359
2026-08-26 01:37:46.750 10 INFO neutron.db.ovn_revision_numbers_db [None req-081affc5-c970-4015-ad01-7545758a6df4 645a217d6cf24cdf8f9f25c58ac4be17 b6a00ac79d274e7899410a440027d5fa - - - -] Successfully bumped revision number for resource 790834b8-6bc8-459d-9321-e43cc860f050 (type: ports) to 1
2026-08-26 01:37:46.808 10 INFO neutron.wsgi [None req-081affc5-c970-4015-ad01-7545758a6df4 645a217d6cf24cdf8f9f25c58ac4be17 b6a00ac79d274e7899410a440027d5fa - - - -] 10.0.0.232 "POST /v2.0/networks HTTP/1.1" status: 201 len: 832 time: 0.9180341
2026-08-26 01:37:46.844 9 INFO neutron.wsgi [None req-86fa8818-969e-41d4-b6c0-96a92a68c1a9 f38841d0200f4fe1bb223c7fb45c5301 6e69d8f85a0e4cca90b95d898118560d - - - -] 10.0.0.232 "DELETE /v2.0/ports/0692eeca-62f9-4e35-b2dd-2a4c290780ad HTTP/1.1" status: 204 len: 168 time: 0.4823565
2026-08-26 01:37:47.042 10 INFO neutron.wsgi [None req-771d65cc-1bf8-464e-93d4-dd9620d1bdb8 f38841d0200f4fe1bb223c7fb45c5301 6e69d8f85a0e4cca90b95d898118560d - - default default] 10.0.0.232 "GET /v2.0/ports HTTP/1.1" status: 200 len: 1729 time: 0.1823118
2026-08-26 01:37:47.079 10 INFO neutron.pecan_wsgi.hooks.translation [None req-d82b0265-44c2-4d91-983d-4ae026a3e619 f38841d0200f4fe1bb223c7fb45c5301 6e69d8f85a0e4cca90b95d898118560d - - default default] GET failed (client error): The resource could not be found.
2026-08-26 01:37:47.080 10 INFO neutron.wsgi [None req-d82b0265-44c2-4d91-983d-4ae026a3e619 f38841d0200f4fe1bb223c7fb45c5301 6e69d8f85a0e4cca90b95d898118560d - - default default] 10.0.0.232 "GET /v2.0/ports/0692eeca-62f9-4e35-b2dd-2a4c290780ad HTTP/1.1" status: 404 len: 333 time: 0.0184705
2026-08-26 01:37:47.136 10 INFO neutron.wsgi [None req-86d4137a-49b2-4108-b058-8e2518c0c3af f38841d0200f4fe1bb223c7fb45c5301 6e69d8f85a0e4cca90b95d898118560d - - default default] 10.0.0.232 "GET /v2.0/ports HTTP/1.1" status: 200 len: 1729 time: 0.0457428
2026-08-26 01:37:47.197 10 INFO neutron.wsgi [None req-fe4ba79a-e959-481a-be71-0aca75103e1b f38841d0200f4fe1bb223c7fb45c5301 6e69d8f85a0e4cca90b95d898118560d - - default default] 10.0.0.232 "GET /v2.0/ports/a7ec68f1-7396-49d7-8de2-227665562627 HTTP/1.1" status: 200 len: 969 time: 0.0531640
2026-08-26 01:37:47.241 10 INFO neutron.pecan_wsgi.hooks.translation [None req-6db0b3f9-223c-4aa0-818b-40fd94e544c9 f38841d0200f4fe1bb223c7fb45c5301 6e69d8f85a0e4cca90b95d898118560d - - - -] DELETE failed (client error): The resource could not be found.
2026-08-26 01:37:47.245 10 INFO neutron.wsgi [None req-6db0b3f9-223c-4aa0-818b-40fd94e544c9 f38841d0200f4fe1bb223c7fb45c5301 6e69d8f85a0e4cca90b95d898118560d - - - -] 10.0.0.232 "DELETE /v2.0/ports/f9eedda9-1947-497e-b0fd-7d16de34a134 HTTP/1.1" status: 404 len: 333 time: 0.0405095
2026-08-26 01:37:47.282 10 INFO neutron.pecan_wsgi.hooks.translation [None req-a3848a8e-9cbc-41bf-acef-2a0f966bb6bd f38841d0200f4fe1bb223c7fb45c5301 6e69d8f85a0e4cca90b95d898118560d - - - -] DELETE failed (client error): The resource could not be found.
2026-08-26 01:37:47.285 10 INFO neutron.wsgi [None req-a3848a8e-9cbc-41bf-acef-2a0f966bb6bd f38841d0200f4fe1bb223c7fb45c5301 6e69d8f85a0e4cca90b95d898118560d - - - -] 10.0.0.232 "DELETE /v2.0/subnets/e080cedc-4a8b-4d91-a626-7a67639ae072 HTTP/1.1" status: 404 len: 337 time: 0.0327156
2026-08-26 01:37:47.320 10 INFO neutron.pecan_wsgi.hooks.translation [None req-77c8a903-1b2d-41cb-b6bb-1f0c88d99b2f f38841d0200f4fe1bb223c7fb45c5301 6e69d8f85a0e4cca90b95d898118560d - - - -] DELETE failed (client error): The resource could not be found.
2026-08-26 01:37:47.322 10 INFO neutron.wsgi [None req-77c8a903-1b2d-41cb-b6bb-1f0c88d99b2f f38841d0200f4fe1bb223c7fb45c5301 6e69d8f85a0e4cca90b95d898118560d - - - -] 10.0.0.232 "DELETE /v2.0/subnets/b9ae9b78-fdde-44dd-ab86-a8e81a705d8d HTTP/1.1" status: 404 len: 337 time: 0.0304089
2026-08-26 01:37:47.546 9 WARNING neutron.scheduler.dhcp_agent_scheduler [None req-dca90b5f-501c-44df-9a0a-5c4fba9fcae1 610c97ae8b8848688950f15fe4edeca6 780d0f4623a04aa787b7e806ff4c0549 - - default default] No more DHCP agents
2026-08-26 01:37:47.548 9 WARNING neutron.api.rpc.agentnotifiers.dhcp_rpc_agent_api [None req-dca90b5f-501c-44df-9a0a-5c4fba9fcae1 610c97ae8b8848688950f15fe4edeca6 780d0f4623a04aa787b7e806ff4c0549 - - default default] Unable to schedule network 38bd69b6-2734-4be9-9f38-e24485ee9a81: no agents available; will retry on subsequent port and subnet creation events.
2026-08-26 01:37:47.552 9 INFO neutron.wsgi [-] 10.0.0.16 "GET / HTTP/1.1" status: 200 len: 246 time: 0.0014479
2026-08-26 01:37:47.553 9 INFO neutron.wsgi [-] 10.0.0.16 "GET / HTTP/1.1" status: 200 len: 246 time: 0.0008922
2026-08-26 01:37:47.572 10 WARNING neutron.scheduler.dhcp_agent_scheduler [None req-a38fe570-7911-4a8a-a060-6165b4c59a86 645a217d6cf24cdf8f9f25c58ac4be17 b6a00ac79d274e7899410a440027d5fa - - - -] No more DHCP agents
2026-08-26 01:37:47.576 10 WARNING neutron.api.rpc.agentnotifiers.dhcp_rpc_agent_api [None req-a38fe570-7911-4a8a-a060-6165b4c59a86 645a217d6cf24cdf8f9f25c58ac4be17 b6a00ac79d274e7899410a440027d5fa - - - -] Unable to schedule network c855d0c7-59cd-43c9-9305-a1aaf2c899e5: no agents available; will retry on subsequent port and subnet creation events.
2026-08-26 01:37:47.707 9 INFO neutron.db.ovn_revision_numbers_db [None req-dca90b5f-501c-44df-9a0a-5c4fba9fcae1 610c97ae8b8848688950f15fe4edeca6 780d0f4623a04aa787b7e806ff4c0549 - - default default] Successfully bumped revision number for resource 4a72793a-77f8-4dfb-94bb-64783453479f (type: ports) to 1
2026-08-26 01:37:47.709 10 INFO neutron.wsgi [None req-10711d47-483e-4343-a9aa-653cc6610e8a f38841d0200f4fe1bb223c7fb45c5301 6e69d8f85a0e4cca90b95d898118560d - - - -] 10.0.0.232 "DELETE /v2.0/ports/a7ec68f1-7396-49d7-8de2-227665562627 HTTP/1.1" status: 204 len: 168 time: 0.3818233
2026-08-26 01:37:47.738 10 INFO neutron.db.ovn_revision_numbers_db [None req-a38fe570-7911-4a8a-a060-6165b4c59a86 645a217d6cf24cdf8f9f25c58ac4be17 b6a00ac79d274e7899410a440027d5fa - - - -] Successfully bumped revision number for resource 384fb544-970e-4575-a45b-0a9370ed43a0 (type: ports) to 1
2026-08-26 01:37:48.220 9 INFO neutron.services.segments.plugin [-] Segment 7b8e6cae-da26-40c5-83f4-53939753d28b resource provider aggregate not found
2026-08-26 01:37:48.225 9 INFO neutron.services.segments.plugin [-] Segment 7b8e6cae-da26-40c5-83f4-53939753d28b resource provider aggregate not found
2026-08-26 01:37:48.256 9 INFO neutron.services.segments.plugin [-] Segment 7b8e6cae-da26-40c5-83f4-53939753d28b resource provider not found; error: Placement Client Error (4xx): {"errors": [{"status": 404, "title": "Not Found", "detail": "The resource could not be found.\n\n No resource provider with uuid 7b8e6cae-da26-40c5-83f4-53939753d28b found for delete ", "request_id": "req-35b50012-7a5c-489a-a97b-2ef16419c635"}]}
2026-08-26 01:37:48.256 9 INFO neutron.services.segments.plugin [-] Segment 7b8e6cae-da26-40c5-83f4-53939753d28b resource provider not found; error: Placement Client Error (4xx): {"errors": [{"status": 404, "title": "Not Found", "detail": "The resource could not be found.\n\n No resource provider with uuid 7b8e6cae-da26-40c5-83f4-53939753d28b found for delete ", "request_id": "req-43261326-12b1-4561-bf6c-180c50340421"}]}
2026-08-26 01:37:48.311 9 INFO neutron.wsgi [None req-3d916c68-ef82-4138-85f3-f9bfa14631b1 f38841d0200f4fe1bb223c7fb45c5301 6e69d8f85a0e4cca90b95d898118560d - - - -] 10.0.0.232 "DELETE /v2.0/networks/34adc853-41f2-4017-adf4-b858216bd6aa HTTP/1.1" status: 204 len: 168 time: 0.5961146
2026-08-26 01:37:48.318 9 INFO neutron.db.ovn_revision_numbers_db [None req-dca90b5f-501c-44df-9a0a-5c4fba9fcae1 610c97ae8b8848688950f15fe4edeca6 780d0f4623a04aa787b7e806ff4c0549 - - default default] Successfully bumped revision number for resource 4a72793a-77f8-4dfb-94bb-64783453479f (type: router_ports) to 2
2026-08-26 01:37:48.486 9 INFO neutron.db.ovn_revision_numbers_db [None req-dca90b5f-501c-44df-9a0a-5c4fba9fcae1 610c97ae8b8848688950f15fe4edeca6 780d0f4623a04aa787b7e806ff4c0549 - - default default] Successfully bumped revision number for resource 4a72793a-77f8-4dfb-94bb-64783453479f (type: ports) to 2
2026-08-26 01:37:48.575 9 WARNING neutron.scheduler.dhcp_agent_scheduler [None req-dca90b5f-501c-44df-9a0a-5c4fba9fcae1 610c97ae8b8848688950f15fe4edeca6 780d0f4623a04aa787b7e806ff4c0549 - - default default] No more DHCP agents
2026-08-26 01:37:48.576 9 WARNING neutron.api.rpc.agentnotifiers.dhcp_rpc_agent_api [None req-dca90b5f-501c-44df-9a0a-5c4fba9fcae1 610c97ae8b8848688950f15fe4edeca6 780d0f4623a04aa787b7e806ff4c0549 - - default default] Unable to schedule network 38bd69b6-2734-4be9-9f38-e24485ee9a81: no agents available; will retry on subsequent port and subnet creation events.
2026-08-26 01:37:48.732 9 INFO neutron.db.ovn_revision_numbers_db [None req-dca90b5f-501c-44df-9a0a-5c4fba9fcae1 610c97ae8b8848688950f15fe4edeca6 780d0f4623a04aa787b7e806ff4c0549 - - - -] Successfully bumped revision number for resource 4a72793a-77f8-4dfb-94bb-64783453479f (type: router_ports) to 2
2026-08-26 01:37:48.734 9 INFO neutron.wsgi [None req-dca90b5f-501c-44df-9a0a-5c4fba9fcae1 610c97ae8b8848688950f15fe4edeca6 780d0f4623a04aa787b7e806ff4c0549 - - - -] 10.0.0.232 "PUT /v2.0/routers/2862eda2-8220-4f06-bdb6-736686a65a00/add_router_interface HTTP/1.1" status: 200 len: 503 time: 2.0365076
2026-08-26 01:37:48.750 10 INFO neutron.plugins.ml2.drivers.ovn.mech_driver.mech_driver [None req-8c15824c-b5df-4752-9ac7-0a1ceda6f524 - - - - - -] OVN reports status up for port: 384fb544-970e-4575-a45b-0a9370ed43a0
2026-08-26 01:37:48.762 10 INFO neutron.plugins.ml2.drivers.ovn.mech_driver.ovsdb.ovsdb_monitor [None req-4da563f1-42f7-4c4a-bf00-b7139f291f79 - - - - - -] Router 42e84531-fda9-43d2-8db7-73d3950b2612 is bound to host instance
2026-08-26 01:37:48.774 10 INFO neutron.db.ovn_revision_numbers_db [None req-a38fe570-7911-4a8a-a060-6165b4c59a86 645a217d6cf24cdf8f9f25c58ac4be17 b6a00ac79d274e7899410a440027d5fa - - - -] Successfully bumped revision number for resource 384fb544-970e-4575-a45b-0a9370ed43a0 (type: router_ports) to 1
2026-08-26 01:37:48.775 10 INFO neutron.plugins.ml2.plugin [None req-8c15824c-b5df-4752-9ac7-0a1ceda6f524 - - - - - -] Attempt 1 to provision port 384fb544-970e-4575-a45b-0a9370ed43a0
2026-08-26 01:37:48.839 9 INFO neutron.wsgi [None req-3c4cbf41-6544-4381-a066-74446f43124c 610c97ae8b8848688950f15fe4edeca6 780d0f4623a04aa787b7e806ff4c0549 - - default default] 10.0.0.232 "GET /v2.0/ports/4a72793a-77f8-4dfb-94bb-64783453479f HTTP/1.1" status: 200 len: 1135 time: 0.0995400
2026-08-26 01:37:48.885 9 INFO neutron.wsgi [None req-2afab845-d17c-4435-8590-f058c4cdb037 610c97ae8b8848688950f15fe4edeca6 780d0f4623a04aa787b7e806ff4c0549 - - default default] 10.0.0.232 "GET /v2.0/ports/4a72793a-77f8-4dfb-94bb-64783453479f HTTP/1.1" status: 200 len: 1135 time: 0.0414011
2026-08-26 01:37:48.923 10 INFO neutron.db.ovn_revision_numbers_db [None req-a38fe570-7911-4a8a-a060-6165b4c59a86 645a217d6cf24cdf8f9f25c58ac4be17 b6a00ac79d274e7899410a440027d5fa - - - -] Successfully bumped revision number for resource 42e84531-fda9-43d2-8db7-73d3950b2612 (type: routers) to 3
2026-08-26 01:37:48.959 10 INFO neutron.wsgi [None req-a38fe570-7911-4a8a-a060-6165b4c59a86 645a217d6cf24cdf8f9f25c58ac4be17 b6a00ac79d274e7899410a440027d5fa - - - -] 10.0.0.232 "POST /v2.0/routers HTTP/1.1" status: 201 len: 875 time: 2.1361573
2026-08-26 01:37:49.105 9 INFO neutron.wsgi [None req-f6bc03ae-878b-4f84-94bf-1a42e774bc1c 179e8bdbb1c342d39e671097e84dccd4 d761fbba1a6f49ea86fe1fe4277e79ab - - default default] 10.0.0.232 "GET /v2.0/security-groups?tenant_id=6e69d8f85a0e4cca90b95d898118560d&name=default HTTP/1.1" status: 200 len: 2996 time: 0.2317927
2026-08-26 01:37:49.199 9 INFO neutron.wsgi [None req-5c2c09d4-54c8-43eb-9b03-f0ec6f90991c da37eadd0e9043ca96d595e634aaea62 9a1c82a68177452c9f635ca1ee153eed - - default default] 10.0.0.232 "GET /v2.0/subnets?project_id=b6a00ac79d274e7899410a440027d5fa&cidr=10.100.0.0%2F28 HTTP/1.1" status: 200 len: 207 time: 0.2320342
2026-08-26 01:37:49.298 10 INFO neutron.wsgi [None req-51589b8f-a58e-462d-8669-9f0bb46cc4c7 da37eadd0e9043ca96d595e634aaea62 9a1c82a68177452c9f635ca1ee153eed - - default default] 10.0.0.232 "GET /v2.0/networks?router%3Aexternal=True HTTP/1.1" status: 200 len: 947 time: 0.0932531
2026-08-26 01:37:49.337 9 INFO neutron.wsgi [None req-670f4743-0762-4d7f-9e1d-06960e3c51dc da37eadd0e9043ca96d595e634aaea62 9a1c82a68177452c9f635ca1ee153eed - - default default] 10.0.0.232 "GET /v2.0/subnets?network_id=c855d0c7-59cd-43c9-9305-a1aaf2c899e5&cidr=10.100.0.0%2F28 HTTP/1.1" status: 200 len: 207 time: 0.0306232
2026-08-26 01:37:49.373 9 INFO neutron.wsgi [None req-4e1d3e89-8888-4afa-bb7e-f86e66583001 179e8bdbb1c342d39e671097e84dccd4 d761fbba1a6f49ea86fe1fe4277e79ab - - - -] 10.0.0.232 "DELETE /v2.0/security-groups/72a1b121-ad98-4736-82a0-c49ebd1e6b47 HTTP/1.1" status: 204 len: 168 time: 0.2615292
2026-08-26 01:37:49.376 10 INFO neutron.db.ovn_revision_numbers_db [None req-4da563f1-42f7-4c4a-bf00-b7139f291f79 - - - - - -] Successfully bumped revision number for resource 384fb544-970e-4575-a45b-0a9370ed43a0 (type: ports) to 1
2026-08-26 01:37:49.631 10 INFO neutron.db.ovn_revision_numbers_db [None req-4da563f1-42f7-4c4a-bf00-b7139f291f79 - - - - - -] Successfully bumped revision number for resource 384fb544-970e-4575-a45b-0a9370ed43a0 (type: router_ports) to 3
2026-08-26 01:37:49.642 9 WARNING neutron.scheduler.dhcp_agent_scheduler [None req-9a8e0769-dbcf-4220-87f4-5e9c81ff167e 645a217d6cf24cdf8f9f25c58ac4be17 b6a00ac79d274e7899410a440027d5fa - - - -] No more DHCP agents
2026-08-26 01:37:49.645 9 WARNING neutron.api.rpc.agentnotifiers.dhcp_rpc_agent_api [None req-9a8e0769-dbcf-4220-87f4-5e9c81ff167e 645a217d6cf24cdf8f9f25c58ac4be17 b6a00ac79d274e7899410a440027d5fa - - - -] Unable to schedule network 91e5d1e2-040d-45a9-b3b0-897e7724fbca: no agents available; will retry on subsequent port and subnet creation events.
2026-08-26 01:37:49.754 10 INFO neutron.db.ovn_revision_numbers_db [None req-4da563f1-42f7-4c4a-bf00-b7139f291f79 - - - - - -] Successfully bumped revision number for resource 384fb544-970e-4575-a45b-0a9370ed43a0 (type: ports) to 2
2026-08-26 01:37:50.078 9 INFO neutron.db.ovn_revision_numbers_db [None req-9a8e0769-dbcf-4220-87f4-5e9c81ff167e 645a217d6cf24cdf8f9f25c58ac4be17 b6a00ac79d274e7899410a440027d5fa - - - -] Successfully bumped revision number for resource 790834b8-6bc8-459d-9321-e43cc860f050 (type: ports) to 2
2026-08-26 01:37:50.092 9 INFO neutron.db.ovn_revision_numbers_db [None req-9a8e0769-dbcf-4220-87f4-5e9c81ff167e 645a217d6cf24cdf8f9f25c58ac4be17 b6a00ac79d274e7899410a440027d5fa - - - -] Successfully bumped revision number for resource 4512c2ed-84b7-428a-ae4e-7926baaa97a7 (type: subnets) to 0
2026-08-26 01:37:50.109 9 INFO neutron.wsgi [None req-9a8e0769-dbcf-4220-87f4-5e9c81ff167e 645a217d6cf24cdf8f9f25c58ac4be17 b6a00ac79d274e7899410a440027d5fa - - - -] 10.0.0.232 "POST /v2.0/subnets HTTP/1.1" status: 201 len: 832 time: 0.7657895
2026-08-26 01:37:50.307 10 INFO neutron.db.ovn_revision_numbers_db [None req-4da563f1-42f7-4c4a-bf00-b7139f291f79 - - - - - -] Successfully bumped revision number for resource 384fb544-970e-4575-a45b-0a9370ed43a0 (type: ports) to 4
2026-08-26 01:37:50.315 10 INFO neutron.wsgi [None req-c8f2b8df-3cdb-40fe-bbe6-ae0d8649b790 610c97ae8b8848688950f15fe4edeca6 780d0f4623a04aa787b7e806ff4c0549 - - default default] 10.0.0.232 "GET /v2.0/ports/4a72793a-77f8-4dfb-94bb-64783453479f HTTP/1.1" status: 200 len: 1135 time: 0.4239640
2026-08-26 01:37:50.518 10 INFO neutron.db.ovn_revision_numbers_db [None req-4da563f1-42f7-4c4a-bf00-b7139f291f79 - - - - - -] Successfully bumped revision number for resource 384fb544-970e-4575-a45b-0a9370ed43a0 (type: router_ports) to 4
2026-08-26 01:37:50.556 9 WARNING neutron.scheduler.dhcp_agent_scheduler [None req-d15de2a2-54eb-4d8d-a970-dd93d7b30dae 645a217d6cf24cdf8f9f25c58ac4be17 b6a00ac79d274e7899410a440027d5fa - - default default] No more DHCP agents
2026-08-26 01:37:50.559 9 WARNING neutron.api.rpc.agentnotifiers.dhcp_rpc_agent_api [None req-d15de2a2-54eb-4d8d-a970-dd93d7b30dae 645a217d6cf24cdf8f9f25c58ac4be17 b6a00ac79d274e7899410a440027d5fa - - default default] Unable to schedule network 91e5d1e2-040d-45a9-b3b0-897e7724fbca: no agents available; will retry on subsequent port and subnet creation events.
2026-08-26 01:37:50.733 9 INFO neutron.db.ovn_revision_numbers_db [None req-d15de2a2-54eb-4d8d-a970-dd93d7b30dae 645a217d6cf24cdf8f9f25c58ac4be17 b6a00ac79d274e7899410a440027d5fa - - default default] Successfully bumped revision number for resource 0495fd67-d2f3-4f55-8ccb-2204f0914e41 (type: ports) to 1
2026-08-26 01:37:51.339 9 INFO neutron.db.ovn_revision_numbers_db [None req-ee80a47f-0961-42f1-b345-2019d0ee93a7 179e8bdbb1c342d39e671097e84dccd4 d761fbba1a6f49ea86fe1fe4277e79ab - - default default] Successfully bumped revision number for resource 95c4d8dd-bfeb-4968-b37a-8ee033945c44 (type: security_groups) to 1
2026-08-26 01:37:51.368 9 INFO neutron.wsgi [None req-ee80a47f-0961-42f1-b345-2019d0ee93a7 179e8bdbb1c342d39e671097e84dccd4 d761fbba1a6f49ea86fe1fe4277e79ab - - default default] 10.0.0.232 "GET /v2.0/security-groups?tenant_id=e33ffa9628a74e029f328a3d36c3b338&name=default HTTP/1.1" status: 200 len: 2996 time: 0.6849399
2026-08-26 01:37:51.373 10 INFO neutron.wsgi [None req-97fde142-dfab-4896-83d6-427a6465e19c 610c97ae8b8848688950f15fe4edeca6 780d0f4623a04aa787b7e806ff4c0549 - - default default] 10.0.0.232 "GET /v2.0/ports/4a72793a-77f8-4dfb-94bb-64783453479f HTTP/1.1" status: 200 len: 1135 time: 0.0449998
2026-08-26 01:37:51.547 10 INFO neutron.plugins.ml2.drivers.ovn.mech_driver.mech_driver [None req-8c15824c-b5df-4752-9ac7-0a1ceda6f524 - - - - - -] OVN reports status up for port: 0495fd67-d2f3-4f55-8ccb-2204f0914e41
2026-08-26 01:37:51.556 10 INFO neutron.plugins.ml2.plugin [None req-8c15824c-b5df-4752-9ac7-0a1ceda6f524 - - - - - -] Attempt 1 to provision port 0495fd67-d2f3-4f55-8ccb-2204f0914e41
2026-08-26 01:37:51.557 9 INFO neutron.db.ovn_revision_numbers_db [None req-d15de2a2-54eb-4d8d-a970-dd93d7b30dae 645a217d6cf24cdf8f9f25c58ac4be17 b6a00ac79d274e7899410a440027d5fa - - default default] Successfully bumped revision number for resource 0495fd67-d2f3-4f55-8ccb-2204f0914e41 (type: router_ports) to 2
2026-08-26 01:37:51.663 9 INFO neutron.wsgi [None req-3413754a-153e-48e9-b731-7ee91807db2f 179e8bdbb1c342d39e671097e84dccd4 d761fbba1a6f49ea86fe1fe4277e79ab - - - -] 10.0.0.232 "DELETE /v2.0/security-groups/95c4d8dd-bfeb-4968-b37a-8ee033945c44 HTTP/1.1" status: 204 len: 168 time: 0.2886829
2026-08-26 01:37:51.702 10 INFO neutron.db.ovn_revision_numbers_db [None req-78130381-17fa-424e-ace4-043380f9f35b b942627a2c004f41b335445f4c935c65 9330795756814e44ab5ba896f540fdeb - - - -] Successfully bumped revision number for resource 2a2bcb83-61ad-46d2-be80-bddc07a0e715 (type: security_groups) to 1
2026-08-26 01:37:51.735 9 INFO neutron.db.ovn_revision_numbers_db [None req-d15de2a2-54eb-4d8d-a970-dd93d7b30dae 645a217d6cf24cdf8f9f25c58ac4be17 b6a00ac79d274e7899410a440027d5fa - - default default] Successfully bumped revision number for resource 0495fd67-d2f3-4f55-8ccb-2204f0914e41 (type: ports) to 2
2026-08-26 01:37:51.819 9 WARNING neutron.scheduler.dhcp_agent_scheduler [None req-d15de2a2-54eb-4d8d-a970-dd93d7b30dae 645a217d6cf24cdf8f9f25c58ac4be17 b6a00ac79d274e7899410a440027d5fa - - default default] No more DHCP agents
2026-08-26 01:37:51.820 9 WARNING neutron.api.rpc.agentnotifiers.dhcp_rpc_agent_api [None req-d15de2a2-54eb-4d8d-a970-dd93d7b30dae 645a217d6cf24cdf8f9f25c58ac4be17 b6a00ac79d274e7899410a440027d5fa - - default default] Unable to schedule network 91e5d1e2-040d-45a9-b3b0-897e7724fbca: no agents available; will retry on subsequent port and subnet creation events.
2026-08-26 01:37:51.856 10 INFO neutron.db.ovn_revision_numbers_db [None req-78130381-17fa-424e-ace4-043380f9f35b b942627a2c004f41b335445f4c935c65 9330795756814e44ab5ba896f540fdeb - - - -] Successfully bumped revision number for resource f70b117b-e1e8-4a37-a3ee-4ee2ba6b7909 (type: security_groups) to 1
2026-08-26 01:37:51.910 10 INFO neutron.wsgi [None req-78130381-17fa-424e-ace4-043380f9f35b b942627a2c004f41b335445f4c935c65 9330795756814e44ab5ba896f540fdeb - - - -] 10.0.0.232 "POST /v2.0/security-groups HTTP/1.1" status: 201 len: 1761 time: 0.5513253
2026-08-26 01:37:51.949 10 INFO neutron.db.ovn_revision_numbers_db [None req-8c15824c-b5df-4752-9ac7-0a1ceda6f524 - - - - - -] Successfully bumped revision number for resource 0495fd67-d2f3-4f55-8ccb-2204f0914e41 (type: ports) to 3
2026-08-26 01:37:51.969 9 INFO neutron.wsgi [None req-d4c3935b-793f-4b51-949b-e706665f45b1 b942627a2c004f41b335445f4c935c65 9330795756814e44ab5ba896f540fdeb - - default default] 10.0.0.232 "GET /v2.0/security-groups HTTP/1.1" status: 200 len: 4539 time: 0.0528617
2026-08-26 01:37:52.030 10 INFO neutron.db.ovn_revision_numbers_db [None req-c6e1d5dc-4354-43f9-a4c1-6014e1e92786 179e8bdbb1c342d39e671097e84dccd4 d761fbba1a6f49ea86fe1fe4277e79ab - - default default] Successfully bumped revision number for resource 77cd4929-e22e-42a9-80f7-008c1e2c3271 (type: security_groups) to 1
2026-08-26 01:37:52.056 10 INFO neutron.wsgi [None req-c6e1d5dc-4354-43f9-a4c1-6014e1e92786 179e8bdbb1c342d39e671097e84dccd4 d761fbba1a6f49ea86fe1fe4277e79ab - - default default] 10.0.0.232 "GET /v2.0/security-groups?tenant_id=ee4dfe47dd084205a4c367780083a3b2&name=default HTTP/1.1" status: 200 len: 2996 time: 0.1876521
2026-08-26 01:37:52.079 9 INFO neutron.db.ovn_revision_numbers_db [None req-1a8879bc-7b00-4841-b3c2-4b833304a6b8 b942627a2c004f41b335445f4c935c65 9330795756814e44ab5ba896f540fdeb - - - -] Successfully bumped revision number for resource f70b117b-e1e8-4a37-a3ee-4ee2ba6b7909 (type: security_groups) to 2
2026-08-26 01:37:52.082 9 INFO neutron.wsgi [None req-1a8879bc-7b00-4841-b3c2-4b833304a6b8 b942627a2c004f41b335445f4c935c65 9330795756814e44ab5ba896f540fdeb - - - -] 10.0.0.232 "PUT /v2.0/security-groups/f70b117b-e1e8-4a37-a3ee-4ee2ba6b7909 HTTP/1.1" status: 200 len: 1795 time: 0.1073284
2026-08-26 01:37:52.082 10 INFO neutron.db.ovn_revision_numbers_db [None req-8c15824c-b5df-4752-9ac7-0a1ceda6f524 - - - - - -] Successfully bumped revision number for resource 0495fd67-d2f3-4f55-8ccb-2204f0914e41 (type: router_ports) to 3
2026-08-26 01:37:52.124 9 INFO neutron.wsgi [None req-b67bfead-aa85-4fbf-8e96-18592f0b29c9 b942627a2c004f41b335445f4c935c65 9330795756814e44ab5ba896f540fdeb - - default default] 10.0.0.232 "GET /v2.0/security-groups/f70b117b-e1e8-4a37-a3ee-4ee2ba6b7909 HTTP/1.1" status: 200 len: 1795 time: 0.0349040
