2026-08-26 01:37:11.865 10 INFO neutron.wsgi [None req-3d117a5a-dc49-4fdb-8560-4cb1822be6ae 179e8bdbb1c342d39e671097e84dccd4 d761fbba1a6f49ea86fe1fe4277e79ab - - - -] 10.0.0.232 "DELETE /v2.0/security-groups/9e06845b-2f05-4f9d-97fa-6c93c56f5504 HTTP/1.1" status: 204 len: 168 time: 0.3544133
2026-08-26 01:37:11.949 9 INFO neutron.wsgi [None req-f3edda74-77cd-4722-b1cc-07950d8cc615 179e8bdbb1c342d39e671097e84dccd4 d761fbba1a6f49ea86fe1fe4277e79ab - - - -] 10.0.0.232 "DELETE /v2.0/security-groups/be1b41ee-cd25-414c-93ab-688bea8a017b HTTP/1.1" status: 204 len: 168 time: 0.3068025
2026-08-26 01:37:12.134 10 INFO neutron.wsgi [None req-4fe1ffef-616d-4637-9986-e3074b4bbdc1 179e8bdbb1c342d39e671097e84dccd4 d761fbba1a6f49ea86fe1fe4277e79ab - - - -] 10.0.0.232 "PUT /v2.0/routers/8113a9f4-c764-4e24-9743-4524ccf9ec5f/remove_router_interface HTTP/1.1" status: 200 len: 503 time: 1.1279111
2026-08-26 01:37:12.320 10 INFO neutron.plugins.ml2.drivers.ovn.mech_driver.mech_driver [None req-8c15824c-b5df-4752-9ac7-0a1ceda6f524 - - - - - -] OVN reports status up for port: 00ba61e6-bdd1-4841-ad81-a6e80aeda143
2026-08-26 01:37:12.332 10 INFO neutron.plugins.ml2.plugin [None req-8c15824c-b5df-4752-9ac7-0a1ceda6f524 - - - - - -] Attempt 1 to provision port 00ba61e6-bdd1-4841-ad81-a6e80aeda143
2026-08-26 01:37:12.351 9 INFO neutron.db.ovn_revision_numbers_db [None req-fd1ccd08-bd7e-4b80-a42e-7152c8c6a0e1 8f656c0a18134c6ab1372bf8bbe36cb6 993b5347707847e7953692a2f4f28396 - - default default] Successfully bumped revision number for resource 00ba61e6-bdd1-4841-ad81-a6e80aeda143 (type: router_ports) to 2
2026-08-26 01:37:12.476 9 INFO neutron.db.ovn_revision_numbers_db [None req-fd1ccd08-bd7e-4b80-a42e-7152c8c6a0e1 8f656c0a18134c6ab1372bf8bbe36cb6 993b5347707847e7953692a2f4f28396 - - default default] Successfully bumped revision number for resource 00ba61e6-bdd1-4841-ad81-a6e80aeda143 (type: ports) to 2
2026-08-26 01:37:12.601 9 WARNING neutron.scheduler.dhcp_agent_scheduler [None req-fd1ccd08-bd7e-4b80-a42e-7152c8c6a0e1 8f656c0a18134c6ab1372bf8bbe36cb6 993b5347707847e7953692a2f4f28396 - - default default] No more DHCP agents
2026-08-26 01:37:12.603 9 WARNING neutron.api.rpc.agentnotifiers.dhcp_rpc_agent_api [None req-fd1ccd08-bd7e-4b80-a42e-7152c8c6a0e1 8f656c0a18134c6ab1372bf8bbe36cb6 993b5347707847e7953692a2f4f28396 - - default default] Unable to schedule network f5ead43c-5176-4ffa-94eb-653fe8082f9b: no agents available; will retry on subsequent port and subnet creation events.
2026-08-26 01:37:12.611 10 INFO neutron.db.ovn_revision_numbers_db [None req-8c15824c-b5df-4752-9ac7-0a1ceda6f524 - - - - - -] Successfully bumped revision number for resource 00ba61e6-bdd1-4841-ad81-a6e80aeda143 (type: ports) to 3
2026-08-26 01:37:12.814 9 INFO neutron.db.ovn_revision_numbers_db [None req-fd1ccd08-bd7e-4b80-a42e-7152c8c6a0e1 8f656c0a18134c6ab1372bf8bbe36cb6 993b5347707847e7953692a2f4f28396 - - - -] Successfully bumped revision number for resource 00ba61e6-bdd1-4841-ad81-a6e80aeda143 (type: router_ports) to 3
2026-08-26 01:37:12.817 9 INFO neutron.wsgi [None req-fd1ccd08-bd7e-4b80-a42e-7152c8c6a0e1 8f656c0a18134c6ab1372bf8bbe36cb6 993b5347707847e7953692a2f4f28396 - - - -] 10.0.0.232 "PUT /v2.0/routers/88e93d11-0650-490b-b8c9-7e6a986d5e75/add_router_interface HTTP/1.1" status: 200 len: 503 time: 1.5510411
2026-08-26 01:37:12.941 9 INFO neutron.wsgi [None req-d5ff8d44-7294-41c8-a7ff-7a207cec042a 8f656c0a18134c6ab1372bf8bbe36cb6 993b5347707847e7953692a2f4f28396 - - default default] 10.0.0.232 "GET /v2.0/ports/00ba61e6-bdd1-4841-ad81-a6e80aeda143 HTTP/1.1" status: 200 len: 1141 time: 0.1114070
2026-08-26 01:37:13.278 9 INFO neutron.wsgi [None req-f2074943-dec2-4dbb-a2c8-3ddcc3fcf614 179e8bdbb1c342d39e671097e84dccd4 d761fbba1a6f49ea86fe1fe4277e79ab - - - -] 10.0.0.232 "DELETE /v2.0/routers/8113a9f4-c764-4e24-9743-4524ccf9ec5f HTTP/1.1" status: 204 len: 168 time: 1.1308181
2026-08-26 01:37:13.602 9 INFO neutron.wsgi [None req-dbea9edc-34cb-4e81-981b-47d1bce0c413 179e8bdbb1c342d39e671097e84dccd4 d761fbba1a6f49ea86fe1fe4277e79ab - - - -] 10.0.0.232 "DELETE /v2.0/subnets/cb42a94f-998b-4e14-93c9-f27b4335b4f6 HTTP/1.1" status: 204 len: 168 time: 0.3192854 /var/lib/openstack/lib/python3.10/site-packages/pycadf/identifier.py:71: UserWarning: Invalid uuid: neutron. To ensure interoperability, identifiers should be a valid uuid. warnings.warn(('Invalid uuid: %s. To ensure interoperability, '
2026-08-26 01:37:13.843 9 WARNING neutron.scheduler.dhcp_agent_scheduler [None req-79d2c56f-0fe0-487b-9d1a-cab48df6e206 8f656c0a18134c6ab1372bf8bbe36cb6 993b5347707847e7953692a2f4f28396 - - default default] No more DHCP agents
2026-08-26 01:37:13.847 9 WARNING neutron.api.rpc.agentnotifiers.dhcp_rpc_agent_api [None req-79d2c56f-0fe0-487b-9d1a-cab48df6e206 8f656c0a18134c6ab1372bf8bbe36cb6 993b5347707847e7953692a2f4f28396 - - default default] Unable to schedule network 51e0cc97-4e23-4f67-9d39-acb1e35e8891: no agents available; will retry on subsequent port and subnet creation events.
2026-08-26 01:37:13.939 9 INFO neutron.db.ovn_revision_numbers_db [None req-79d2c56f-0fe0-487b-9d1a-cab48df6e206 8f656c0a18134c6ab1372bf8bbe36cb6 993b5347707847e7953692a2f4f28396 - - default default] Successfully bumped revision number for resource c9a2d684-9836-4014-b576-1c0959200ec2 (type: ports) to 1
2026-08-26 01:37:13.970 10 INFO neutron.services.segments.plugin [-] Segment 2e58ec3b-2c02-496b-92b8-83d861a0c054 resource provider aggregate not found
2026-08-26 01:37:13.977 10 INFO neutron.services.segments.plugin [-] Segment 2e58ec3b-2c02-496b-92b8-83d861a0c054 resource provider aggregate not found
2026-08-26 01:37:13.994 10 INFO neutron.services.segments.plugin [-] Segment 2e58ec3b-2c02-496b-92b8-83d861a0c054 resource provider not found; error: Placement Client Error (4xx): {"errors": [{"status": 404, "title": "Not Found", "detail": "The resource could not be found.\n\n No resource provider with uuid 2e58ec3b-2c02-496b-92b8-83d861a0c054 found for delete ", "request_id": "req-b02fda25-3553-4da7-9390-dd19894aa250"}]}
2026-08-26 01:37:13.998 10 INFO neutron.services.segments.plugin [-] Segment 2e58ec3b-2c02-496b-92b8-83d861a0c054 resource provider not found; error: Placement Client Error (4xx): {"errors": [{"status": 404, "title": "Not Found", "detail": "The resource could not be found.\n\n No resource provider with uuid 2e58ec3b-2c02-496b-92b8-83d861a0c054 found for delete ", "request_id": "req-866f720a-5828-46d7-95ba-419866c429b3"}]}
2026-08-26 01:37:14.023 10 INFO neutron.wsgi [None req-46b9477d-976a-4fdf-92d8-058f1665e53f 179e8bdbb1c342d39e671097e84dccd4 d761fbba1a6f49ea86fe1fe4277e79ab - - - -] 10.0.0.232 "DELETE /v2.0/networks/e7743cfe-c5fc-448d-aeb5-69e74a61ff3c HTTP/1.1" status: 204 len: 168 time: 0.4128237
2026-08-26 01:37:14.030 9 INFO neutron.db.ovn_revision_numbers_db [None req-223e58ea-9128-45b4-b609-7f39ba17e3a0 63232a030a02487fb0fa55c625e1d13c ca26aefed25a42c8ac078043ddac76c5 - - - -] Successfully bumped revision number for resource b9fb9299-3be5-4eed-9ff1-ae354a9bdf1b (type: security_groups) to 1
2026-08-26 01:37:14.097 9 INFO neutron.db.segments_db [None req-223e58ea-9128-45b4-b609-7f39ba17e3a0 63232a030a02487fb0fa55c625e1d13c ca26aefed25a42c8ac078043ddac76c5 - - - -] Added segment d8fdcfa8-2770-4fc3-aca9-fd4c8fef48f4 of type geneve for network 21bf54a9-31d5-4ca7-9c9d-4142ed5b9167
2026-08-26 01:37:14.209 10 INFO neutron.wsgi [None req-2e21ec6f-7419-473e-815e-5a564d6d705b 179e8bdbb1c342d39e671097e84dccd4 d761fbba1a6f49ea86fe1fe4277e79ab - - default default] 10.0.0.232 "GET /v2.0/security-groups?tenant_id=9bb4b7072b7a464a82d751ca56cc4068&name=default HTTP/1.1" status: 200 len: 2996 time: 0.0345471
2026-08-26 01:37:14.266 9 INFO neutron.db.ovn_revision_numbers_db [None req-223e58ea-9128-45b4-b609-7f39ba17e3a0 63232a030a02487fb0fa55c625e1d13c ca26aefed25a42c8ac078043ddac76c5 - - - -] Successfully bumped revision number for resource 21bf54a9-31d5-4ca7-9c9d-4142ed5b9167 (type: networks) to 1
2026-08-26 01:37:14.399 10 INFO neutron.wsgi [None req-b78cec46-8b68-407e-9b2a-f9dbee5b285f 179e8bdbb1c342d39e671097e84dccd4 d761fbba1a6f49ea86fe1fe4277e79ab - - - -] 10.0.0.232 "DELETE /v2.0/security-groups/bc8a95a8-2d6c-43a7-afd5-4c42079ee012 HTTP/1.1" status: 204 len: 168 time: 0.1854787
2026-08-26 01:37:14.511 9 INFO neutron.plugins.ml2.drivers.ovn.mech_driver.mech_driver [None req-708d48ee-dd6d-4598-842f-750e5fb8a55f - - - - - -] OVN reports status up for port: c9a2d684-9836-4014-b576-1c0959200ec2
2026-08-26 01:37:14.524 9 WARNING neutron.scheduler.dhcp_agent_scheduler [None req-223e58ea-9128-45b4-b609-7f39ba17e3a0 63232a030a02487fb0fa55c625e1d13c ca26aefed25a42c8ac078043ddac76c5 - - - -] No more DHCP agents
2026-08-26 01:37:14.526 9 INFO neutron.db.ovn_revision_numbers_db [None req-79d2c56f-0fe0-487b-9d1a-cab48df6e206 8f656c0a18134c6ab1372bf8bbe36cb6 993b5347707847e7953692a2f4f28396 - - default default] Successfully bumped revision number for resource c9a2d684-9836-4014-b576-1c0959200ec2 (type: router_ports) to 2
2026-08-26 01:37:14.530 9 WARNING neutron.api.rpc.agentnotifiers.dhcp_rpc_agent_api [None req-223e58ea-9128-45b4-b609-7f39ba17e3a0 63232a030a02487fb0fa55c625e1d13c ca26aefed25a42c8ac078043ddac76c5 - - - -] Unable to schedule network 21bf54a9-31d5-4ca7-9c9d-4142ed5b9167: no agents available; will retry on subsequent port and subnet creation events.
2026-08-26 01:37:14.547 9 INFO neutron.plugins.ml2.plugin [None req-708d48ee-dd6d-4598-842f-750e5fb8a55f - - - - - -] Attempt 1 to provision port c9a2d684-9836-4014-b576-1c0959200ec2
2026-08-26 01:37:14.689 9 INFO neutron.db.ovn_revision_numbers_db [None req-223e58ea-9128-45b4-b609-7f39ba17e3a0 63232a030a02487fb0fa55c625e1d13c ca26aefed25a42c8ac078043ddac76c5 - - - -] Successfully bumped revision number for resource 4b1f8e39-0ad2-40ec-bbe7-f64909171c6c (type: ports) to 1
2026-08-26 01:37:14.720 9 INFO neutron.wsgi [None req-223e58ea-9128-45b4-b609-7f39ba17e3a0 63232a030a02487fb0fa55c625e1d13c ca26aefed25a42c8ac078043ddac76c5 - - - -] 10.0.0.232 "POST /v2.0/networks HTTP/1.1" status: 201 len: 847 time: 0.9507325
2026-08-26 01:37:14.725 9 INFO neutron.db.ovn_revision_numbers_db [None req-79d2c56f-0fe0-487b-9d1a-cab48df6e206 8f656c0a18134c6ab1372bf8bbe36cb6 993b5347707847e7953692a2f4f28396 - - default default] Successfully bumped revision number for resource c9a2d684-9836-4014-b576-1c0959200ec2 (type: ports) to 2
2026-08-26 01:37:14.814 9 WARNING neutron.scheduler.dhcp_agent_scheduler [None req-79d2c56f-0fe0-487b-9d1a-cab48df6e206 8f656c0a18134c6ab1372bf8bbe36cb6 993b5347707847e7953692a2f4f28396 - - default default] No more DHCP agents
2026-08-26 01:37:14.816 9 WARNING neutron.api.rpc.agentnotifiers.dhcp_rpc_agent_api [None req-79d2c56f-0fe0-487b-9d1a-cab48df6e206 8f656c0a18134c6ab1372bf8bbe36cb6 993b5347707847e7953692a2f4f28396 - - default default] Unable to schedule network 51e0cc97-4e23-4f67-9d39-acb1e35e8891: no agents available; will retry on subsequent port and subnet creation events.
2026-08-26 01:37:14.848 10 INFO neutron.db.ovn_revision_numbers_db [None req-a7539d74-bf83-4f6f-bb08-0119d1dea52c 179e8bdbb1c342d39e671097e84dccd4 d761fbba1a6f49ea86fe1fe4277e79ab - - default default] Successfully bumped revision number for resource 925bc9b4-a4b9-4519-8d82-8d695f429da6 (type: security_groups) to 1
2026-08-26 01:37:14.871 10 INFO neutron.wsgi [None req-a7539d74-bf83-4f6f-bb08-0119d1dea52c 179e8bdbb1c342d39e671097e84dccd4 d761fbba1a6f49ea86fe1fe4277e79ab - - default default] 10.0.0.232 "GET /v2.0/security-groups?tenant_id=d28c8d946fe4412cb5b91848dd9d0158&name=default HTTP/1.1" status: 200 len: 2996 time: 0.3602233
2026-08-26 01:37:14.957 9 INFO neutron.db.ovn_revision_numbers_db [None req-708d48ee-dd6d-4598-842f-750e5fb8a55f - - - - - -] Successfully bumped revision number for resource c9a2d684-9836-4014-b576-1c0959200ec2 (type: ports) to 3
2026-08-26 01:37:15.027 10 WARNING neutron.scheduler.dhcp_agent_scheduler [None req-85d26ccc-3d38-4851-bf61-aae1808ed639 63232a030a02487fb0fa55c625e1d13c ca26aefed25a42c8ac078043ddac76c5 - - - -] No more DHCP agents
2026-08-26 01:37:15.030 10 WARNING neutron.api.rpc.agentnotifiers.dhcp_rpc_agent_api [None req-85d26ccc-3d38-4851-bf61-aae1808ed639 63232a030a02487fb0fa55c625e1d13c ca26aefed25a42c8ac078043ddac76c5 - - - -] Unable to schedule network 21bf54a9-31d5-4ca7-9c9d-4142ed5b9167: no agents available; will retry on subsequent port and subnet creation events.
2026-08-26 01:37:15.050 9 INFO neutron.db.ovn_revision_numbers_db [None req-79d2c56f-0fe0-487b-9d1a-cab48df6e206 8f656c0a18134c6ab1372bf8bbe36cb6 993b5347707847e7953692a2f4f28396 - - - -] Successfully bumped revision number for resource c9a2d684-9836-4014-b576-1c0959200ec2 (type: router_ports) to 3
2026-08-26 01:37:15.053 9 INFO neutron.wsgi [None req-79d2c56f-0fe0-487b-9d1a-cab48df6e206 8f656c0a18134c6ab1372bf8bbe36cb6 993b5347707847e7953692a2f4f28396 - - - -] 10.0.0.232 "PUT /v2.0/routers/88e93d11-0650-490b-b8c9-7e6a986d5e75/add_router_interface HTTP/1.1" status: 200 len: 503 time: 2.1052339
2026-08-26 01:37:15.125 10 INFO neutron.db.ovn_revision_numbers_db [None req-85d26ccc-3d38-4851-bf61-aae1808ed639 63232a030a02487fb0fa55c625e1d13c ca26aefed25a42c8ac078043ddac76c5 - - - -] Successfully bumped revision number for resource bb1a1a2a-b58b-4adb-ad47-0055226a61b6 (type: ports) to 1
2026-08-26 01:37:15.161 10 INFO neutron.wsgi [None req-85d26ccc-3d38-4851-bf61-aae1808ed639 63232a030a02487fb0fa55c625e1d13c ca26aefed25a42c8ac078043ddac76c5 - - - -] 10.0.0.232 "POST /v2.0/ports HTTP/1.1" status: 201 len: 977 time: 0.4339426 /var/lib/openstack/lib/python3.10/site-packages/pycadf/identifier.py:71: UserWarning: Invalid uuid: neutron. To ensure interoperability, identifiers should be a valid uuid. warnings.warn(('Invalid uuid: %s. To ensure interoperability, '
2026-08-26 01:37:15.174 9 INFO neutron.wsgi [None req-d816dd19-6921-4661-9758-017020fda096 8f656c0a18134c6ab1372bf8bbe36cb6 993b5347707847e7953692a2f4f28396 - - default default] 10.0.0.232 "GET /v2.0/ports/c9a2d684-9836-4014-b576-1c0959200ec2 HTTP/1.1" status: 200 len: 1149 time: 0.1144831
2026-08-26 01:37:15.224 9 INFO neutron.wsgi [None req-acf9b1d4-f34c-4c92-b765-425cfe084382 8f656c0a18134c6ab1372bf8bbe36cb6 993b5347707847e7953692a2f4f28396 - - default default] 10.0.0.232 "GET /v2.0/ports/c9a2d684-9836-4014-b576-1c0959200ec2 HTTP/1.1" status: 200 len: 1149 time: 0.0382810
2026-08-26 01:37:15.273 10 INFO neutron.db.segments_db [None req-2c9518a2-586b-425f-aaf4-cb42837a28e3 63232a030a02487fb0fa55c625e1d13c ca26aefed25a42c8ac078043ddac76c5 - - - -] Added segment 2f6b3099-6cd8-4524-bbea-dce1e6da709b of type geneve for network fe9b7a04-9a20-4ec7-82fc-a5eb0ed10061
2026-08-26 01:37:15.298 9 INFO neutron.wsgi [None req-ed8073c3-b8e0-4dcd-a907-bca025500f16 179e8bdbb1c342d39e671097e84dccd4 d761fbba1a6f49ea86fe1fe4277e79ab - - - -] 10.0.0.232 "DELETE /v2.0/security-groups/925bc9b4-a4b9-4519-8d82-8d695f429da6 HTTP/1.1" status: 204 len: 168 time: 0.4185297
2026-08-26 01:37:15.400 10 INFO neutron.db.ovn_revision_numbers_db [None req-2c9518a2-586b-425f-aaf4-cb42837a28e3 63232a030a02487fb0fa55c625e1d13c ca26aefed25a42c8ac078043ddac76c5 - - - -] Successfully bumped revision number for resource fe9b7a04-9a20-4ec7-82fc-a5eb0ed10061 (type: networks) to 1
2026-08-26 01:37:15.591 10 WARNING neutron.scheduler.dhcp_agent_scheduler [None req-2c9518a2-586b-425f-aaf4-cb42837a28e3 63232a030a02487fb0fa55c625e1d13c ca26aefed25a42c8ac078043ddac76c5 - - - -] No more DHCP agents
2026-08-26 01:37:15.592 10 WARNING neutron.api.rpc.agentnotifiers.dhcp_rpc_agent_api [None req-2c9518a2-586b-425f-aaf4-cb42837a28e3 63232a030a02487fb0fa55c625e1d13c ca26aefed25a42c8ac078043ddac76c5 - - - -] Unable to schedule network fe9b7a04-9a20-4ec7-82fc-a5eb0ed10061: no agents available; will retry on subsequent port and subnet creation events.
2026-08-26 01:37:15.663 10 INFO neutron.db.ovn_revision_numbers_db [None req-2c9518a2-586b-425f-aaf4-cb42837a28e3 63232a030a02487fb0fa55c625e1d13c ca26aefed25a42c8ac078043ddac76c5 - - - -] Successfully bumped revision number for resource 91a7d3e1-8f46-4ce9-9348-2457344c03f6 (type: ports) to 1
2026-08-26 01:37:15.684 10 INFO neutron.wsgi [None req-2c9518a2-586b-425f-aaf4-cb42837a28e3 63232a030a02487fb0fa55c625e1d13c ca26aefed25a42c8ac078043ddac76c5 - - - -] 10.0.0.232 "POST /v2.0/networks HTTP/1.1" status: 201 len: 834 time: 0.5154214
2026-08-26 01:37:15.955 10 WARNING neutron.scheduler.dhcp_agent_scheduler [None req-d3e1ec56-c6ef-478e-8473-4580156b317b 63232a030a02487fb0fa55c625e1d13c ca26aefed25a42c8ac078043ddac76c5 - - - -] No more DHCP agents
2026-08-26 01:37:15.957 10 WARNING neutron.api.rpc.agentnotifiers.dhcp_rpc_agent_api [None req-d3e1ec56-c6ef-478e-8473-4580156b317b 63232a030a02487fb0fa55c625e1d13c ca26aefed25a42c8ac078043ddac76c5 - - - -] Unable to schedule network fe9b7a04-9a20-4ec7-82fc-a5eb0ed10061: no agents available; will retry on subsequent port and subnet creation events.
2026-08-26 01:37:15.969 10 INFO neutron.db.ovn_revision_numbers_db [None req-d3e1ec56-c6ef-478e-8473-4580156b317b 63232a030a02487fb0fa55c625e1d13c ca26aefed25a42c8ac078043ddac76c5 - - - -] Successfully bumped revision number for resource b9bf18d8-174d-4fb6-958c-cfc27615c90a (type: subnets) to 0
2026-08-26 01:37:15.985 10 INFO neutron.wsgi [None req-d3e1ec56-c6ef-478e-8473-4580156b317b 63232a030a02487fb0fa55c625e1d13c ca26aefed25a42c8ac078043ddac76c5 - - - -] 10.0.0.232 "POST /v2.0/subnets HTTP/1.1" status: 201 len: 821 time: 0.2950335
2026-08-26 01:37:16.255 9 INFO neutron.wsgi [None req-e27f1814-7c04-4774-aa20-a3aa34af98a7 8f656c0a18134c6ab1372bf8bbe36cb6 993b5347707847e7953692a2f4f28396 - - - -] 10.0.0.232 "PUT /v2.0/routers/88e93d11-0650-490b-b8c9-7e6a986d5e75/remove_router_interface HTTP/1.1" status: 200 len: 503 time: 1.0253367 /var/lib/openstack/lib/python3.10/site-packages/pycadf/identifier.py:71: UserWarning: Invalid uuid: neutron. To ensure interoperability, identifiers should be a valid uuid. warnings.warn(('Invalid uuid: %s. To ensure interoperability, '
2026-08-26 01:37:16.296 10 WARNING neutron.scheduler.dhcp_agent_scheduler [None req-77a27517-36cb-493a-bda5-0b21b997af93 63232a030a02487fb0fa55c625e1d13c ca26aefed25a42c8ac078043ddac76c5 - - - -] No more DHCP agents
2026-08-26 01:37:16.298 10 WARNING neutron.api.rpc.agentnotifiers.dhcp_rpc_agent_api [None req-77a27517-36cb-493a-bda5-0b21b997af93 63232a030a02487fb0fa55c625e1d13c ca26aefed25a42c8ac078043ddac76c5 - - - -] Unable to schedule network fe9b7a04-9a20-4ec7-82fc-a5eb0ed10061: no agents available; will retry on subsequent port and subnet creation events.
2026-08-26 01:37:16.299 9 INFO neutron.wsgi [None req-557e983a-7a32-453f-b652-9222ab6a4279 8f656c0a18134c6ab1372bf8bbe36cb6 993b5347707847e7953692a2f4f28396 - - default default] 10.0.0.232 "GET /v2.0/ports/00ba61e6-bdd1-4841-ad81-a6e80aeda143 HTTP/1.1" status: 200 len: 1141 time: 0.0381603 /var/lib/openstack/lib/python3.10/site-packages/pycadf/identifier.py:71: UserWarning: Invalid uuid: neutron. To ensure interoperability, identifiers should be a valid uuid. warnings.warn(('Invalid uuid: %s. To ensure interoperability, '
2026-08-26 01:37:16.410 10 INFO neutron.db.ovn_revision_numbers_db [None req-77a27517-36cb-493a-bda5-0b21b997af93 63232a030a02487fb0fa55c625e1d13c ca26aefed25a42c8ac078043ddac76c5 - - - -] Successfully bumped revision number for resource 28be7406-a946-4416-b463-2d5527660e95 (type: ports) to 1
2026-08-26 01:37:16.455 10 INFO neutron.wsgi [None req-77a27517-36cb-493a-bda5-0b21b997af93 63232a030a02487fb0fa55c625e1d13c ca26aefed25a42c8ac078043ddac76c5 - - - -] 10.0.0.232 "POST /v2.0/ports HTTP/1.1" status: 201 len: 1164 time: 0.4637558
2026-08-26 01:37:16.530 10 INFO neutron.db.ovn_revision_numbers_db [None req-5da7aa09-fc51-4127-90ee-6eb08b376532 179e8bdbb1c342d39e671097e84dccd4 d761fbba1a6f49ea86fe1fe4277e79ab - - - -] Successfully bumped revision number for resource c4a7e494-815e-4e4f-9e06-4ae8a5553231 (type: security_groups) to 1
2026-08-26 01:37:16.613 10 INFO neutron.db.segments_db [None req-5da7aa09-fc51-4127-90ee-6eb08b376532 179e8bdbb1c342d39e671097e84dccd4 d761fbba1a6f49ea86fe1fe4277e79ab - - - -] Added segment 79498471-56f9-4dac-8991-dda8eb2d4cd1 of type geneve for network a8d220b4-e911-41b5-813b-4ee845ee0b9a
2026-08-26 01:37:16.796 10 INFO neutron.db.ovn_revision_numbers_db [None req-5da7aa09-fc51-4127-90ee-6eb08b376532 179e8bdbb1c342d39e671097e84dccd4 d761fbba1a6f49ea86fe1fe4277e79ab - - - -] Successfully bumped revision number for resource a8d220b4-e911-41b5-813b-4ee845ee0b9a (type: networks) to 1
2026-08-26 01:37:16.893 10 INFO neutron.wsgi [None req-20fb8c7e-6994-40c7-848a-f565cd560171 63232a030a02487fb0fa55c625e1d13c ca26aefed25a42c8ac078043ddac76c5 - - - -] 10.0.0.232 "DELETE /v2.0/ports/28be7406-a946-4416-b463-2d5527660e95 HTTP/1.1" status: 204 len: 168 time: 0.4232724
2026-08-26 01:37:16.921 9 INFO neutron.pecan_wsgi.hooks.translation [None req-672aa742-1419-4c4c-b174-40b95c995c3e 63232a030a02487fb0fa55c625e1d13c ca26aefed25a42c8ac078043ddac76c5 - - - -] DELETE failed (client error): The resource could not be found.
2026-08-26 01:37:16.923 9 INFO neutron.wsgi [None req-672aa742-1419-4c4c-b174-40b95c995c3e 63232a030a02487fb0fa55c625e1d13c ca26aefed25a42c8ac078043ddac76c5 - - - -] 10.0.0.232 "DELETE /v2.0/ports/28be7406-a946-4416-b463-2d5527660e95 HTTP/1.1" status: 404 len: 333 time: 0.0182655
2026-08-26 01:37:16.961 10 INFO neutron.pecan_wsgi.hooks.translation [None req-29177930-b0d8-4fab-a270-fd200eeec49c 63232a030a02487fb0fa55c625e1d13c ca26aefed25a42c8ac078043ddac76c5 - - default default] GET failed (client error): The resource could not be found.
2026-08-26 01:37:16.962 10 INFO neutron.wsgi [None req-29177930-b0d8-4fab-a270-fd200eeec49c 63232a030a02487fb0fa55c625e1d13c ca26aefed25a42c8ac078043ddac76c5 - - default default] 10.0.0.232 "GET /v2.0/ports/28be7406-a946-4416-b463-2d5527660e95 HTTP/1.1" status: 404 len: 333 time: 0.0337067
2026-08-26 01:37:16.988 9 INFO neutron.wsgi [None req-b6da12d1-9936-49d3-b7cd-00c49e5208b4 8f656c0a18134c6ab1372bf8bbe36cb6 993b5347707847e7953692a2f4f28396 - - - -] 10.0.0.232 "PUT /v2.0/routers/88e93d11-0650-490b-b8c9-7e6a986d5e75/remove_router_interface HTTP/1.1" status: 200 len: 503 time: 0.6830413 /var/lib/openstack/lib/python3.10/site-packages/pycadf/identifier.py:71: UserWarning: Invalid uuid: neutron. To ensure interoperability, identifiers should be a valid uuid. warnings.warn(('Invalid uuid: %s. To ensure interoperability, '
2026-08-26 01:37:17.018 10 WARNING neutron.scheduler.dhcp_agent_scheduler [None req-5da7aa09-fc51-4127-90ee-6eb08b376532 179e8bdbb1c342d39e671097e84dccd4 d761fbba1a6f49ea86fe1fe4277e79ab - - - -] No more DHCP agents
2026-08-26 01:37:17.020 10 WARNING neutron.api.rpc.agentnotifiers.dhcp_rpc_agent_api [None req-5da7aa09-fc51-4127-90ee-6eb08b376532 179e8bdbb1c342d39e671097e84dccd4 d761fbba1a6f49ea86fe1fe4277e79ab - - - -] Unable to schedule network a8d220b4-e911-41b5-813b-4ee845ee0b9a: no agents available; will retry on subsequent port and subnet creation events.
2026-08-26 01:37:17.021 9 INFO neutron.wsgi [None req-d7e45856-823b-4f50-96ab-73737f3f6c40 8f656c0a18134c6ab1372bf8bbe36cb6 993b5347707847e7953692a2f4f28396 - - default default] 10.0.0.232 "GET /v2.0/ports?device_id=88e93d11-0650-490b-b8c9-7e6a986d5e75 HTTP/1.1" status: 200 len: 205 time: 0.0280917
2026-08-26 01:37:17.105 10 INFO neutron.db.ovn_revision_numbers_db [None req-5da7aa09-fc51-4127-90ee-6eb08b376532 179e8bdbb1c342d39e671097e84dccd4 d761fbba1a6f49ea86fe1fe4277e79ab - - - -] Successfully bumped revision number for resource 128d7cdb-5a7f-4c58-b963-84512ff64446 (type: ports) to 1
2026-08-26 01:37:17.134 10 INFO neutron.wsgi [None req-5da7aa09-fc51-4127-90ee-6eb08b376532 179e8bdbb1c342d39e671097e84dccd4 d761fbba1a6f49ea86fe1fe4277e79ab - - - -] 10.0.0.232 "POST /v2.0/networks HTTP/1.1" status: 201 len: 946 time: 0.9438670
2026-08-26 01:37:17.209 10 INFO neutron.wsgi [None req-87459e63-e0a4-4e68-b282-11522c756c64 63232a030a02487fb0fa55c625e1d13c ca26aefed25a42c8ac078043ddac76c5 - - - -] 10.0.0.232 "DELETE /v2.0/subnets/b9bf18d8-174d-4fb6-958c-cfc27615c90a HTTP/1.1" status: 204 len: 168 time: 0.2389808
2026-08-26 01:37:17.246 9 INFO neutron.wsgi [None req-b26cb55a-1d9e-42dd-a230-00f2683048ed 8f656c0a18134c6ab1372bf8bbe36cb6 993b5347707847e7953692a2f4f28396 - - - -] 10.0.0.232 "DELETE /v2.0/routers/88e93d11-0650-490b-b8c9-7e6a986d5e75 HTTP/1.1" status: 204 len: 168 time: 0.2208924
2026-08-26 01:37:17.343 10 WARNING neutron.scheduler.dhcp_agent_scheduler [None req-8e516727-22e4-4c15-a7f4-f6cf0a54c8bb 179e8bdbb1c342d39e671097e84dccd4 d761fbba1a6f49ea86fe1fe4277e79ab - - - -] No more DHCP agents
2026-08-26 01:37:17.347 10 WARNING neutron.api.rpc.agentnotifiers.dhcp_rpc_agent_api [None req-8e516727-22e4-4c15-a7f4-f6cf0a54c8bb 179e8bdbb1c342d39e671097e84dccd4 d761fbba1a6f49ea86fe1fe4277e79ab - - - -] Unable to schedule network a8d220b4-e911-41b5-813b-4ee845ee0b9a: no agents available; will retry on subsequent port and subnet creation events.
2026-08-26 01:37:17.430 9 INFO neutron.wsgi [None req-714ff94e-4b98-43ab-9df1-a6ab616bbdf1 8f656c0a18134c6ab1372bf8bbe36cb6 993b5347707847e7953692a2f4f28396 - - - -] 10.0.0.232 "DELETE /v2.0/subnets/99978cab-c1a2-471a-85d6-2b16328e8e52 HTTP/1.1" status: 204 len: 168 time: 0.1789980
2026-08-26 01:37:17.552 9 INFO neutron.wsgi [-] 10.0.0.16 "GET / HTTP/1.1" status: 200 len: 246 time: 0.0025616
2026-08-26 01:37:17.555 9 INFO neutron.wsgi [-] 10.0.0.16 "GET / HTTP/1.1" status: 200 len: 246 time: 0.0020921
2026-08-26 01:37:17.779 10 INFO neutron.services.segments.plugin [-] Segment 2f6b3099-6cd8-4524-bbea-dce1e6da709b resource provider aggregate not found
2026-08-26 01:37:17.785 10 INFO neutron.services.segments.plugin [-] Segment 2f6b3099-6cd8-4524-bbea-dce1e6da709b resource provider aggregate not found
2026-08-26 01:37:17.820 10 INFO neutron.wsgi [None req-78716bd0-7b59-42a5-b8d7-3393fa69e816 8f656c0a18134c6ab1372bf8bbe36cb6 993b5347707847e7953692a2f4f28396 - - - -] 10.0.0.232 "DELETE /v2.0/subnets/67505641-92e1-4360-86d1-c995ec77a8b2 HTTP/1.1" status: 204 len: 168 time: 0.3782682
2026-08-26 01:37:17.823 10 INFO neutron.services.segments.plugin [-] Segment 2f6b3099-6cd8-4524-bbea-dce1e6da709b resource provider not found; error: Placement Client Error (4xx): {"errors": [{"status": 404, "title": "Not Found", "detail": "The resource could not be found.\n\n No resource provider with uuid 2f6b3099-6cd8-4524-bbea-dce1e6da709b found for delete ", "request_id": "req-bbe8e7db-2e67-4171-8856-1445c164a1ca"}]}
2026-08-26 01:37:17.823 10 INFO neutron.services.segments.plugin [-] Segment 2f6b3099-6cd8-4524-bbea-dce1e6da709b resource provider not found; error: Placement Client Error (4xx): {"errors": [{"status": 404, "title": "Not Found", "detail": "The resource could not be found.\n\n No resource provider with uuid 2f6b3099-6cd8-4524-bbea-dce1e6da709b found for delete ", "request_id": "req-3c994281-ba1a-48cd-8da8-2364f8ed1f5d"}]}
2026-08-26 01:37:17.886 10 INFO neutron.wsgi [None req-9d4c046b-5b2c-4ae8-af1c-90a5a097958a 63232a030a02487fb0fa55c625e1d13c ca26aefed25a42c8ac078043ddac76c5 - - - -] 10.0.0.232 "DELETE /v2.0/networks/fe9b7a04-9a20-4ec7-82fc-a5eb0ed10061 HTTP/1.1" status: 204 len: 168 time: 0.6674116
2026-08-26 01:37:17.997 9 INFO neutron.db.segments_db [None req-5d740630-15fc-47ba-baed-1ab96da8b844 63232a030a02487fb0fa55c625e1d13c ca26aefed25a42c8ac078043ddac76c5 - - - -] Added segment 10f5069a-a820-44a2-8a11-1faee15518b3 of type geneve for network b46b1f48-a572-4d7b-91cc-0c4b35408da5
2026-08-26 01:37:18.002 9 INFO neutron.db.ovn_revision_numbers_db [None req-24b9921c-ecba-462b-be76-1ac6a2b04020 179e8bdbb1c342d39e671097e84dccd4 d761fbba1a6f49ea86fe1fe4277e79ab - - default default] Successfully bumped revision number for resource e280e791-f491-4d54-8bf6-107b7330917a (type: security_groups) to 1
2026-08-26 01:37:18.030 9 INFO neutron.wsgi [None req-24b9921c-ecba-462b-be76-1ac6a2b04020 179e8bdbb1c342d39e671097e84dccd4 d761fbba1a6f49ea86fe1fe4277e79ab - - default default] 10.0.0.232 "GET /v2.0/security-groups?tenant_id=f63a1df5a29e4831a68e83dc2f1086f5&name=default HTTP/1.1" status: 200 len: 2996 time: 0.3242145
2026-08-26 01:37:18.154 9 INFO neutron.db.ovn_revision_numbers_db [None req-5d740630-15fc-47ba-baed-1ab96da8b844 63232a030a02487fb0fa55c625e1d13c ca26aefed25a42c8ac078043ddac76c5 - - - -] Successfully bumped revision number for resource b46b1f48-a572-4d7b-91cc-0c4b35408da5 (type: networks) to 1
2026-08-26 01:37:18.367 9 INFO neutron.wsgi [None req-caae35b0-5b1d-4070-a0e5-f1fe690194a9 179e8bdbb1c342d39e671097e84dccd4 d761fbba1a6f49ea86fe1fe4277e79ab - - - -] 10.0.0.232 "DELETE /v2.0/security-groups/e280e791-f491-4d54-8bf6-107b7330917a HTTP/1.1" status: 204 len: 168 time: 0.3308821
2026-08-26 01:37:18.368 9 WARNING neutron.scheduler.dhcp_agent_scheduler [None req-5d740630-15fc-47ba-baed-1ab96da8b844 63232a030a02487fb0fa55c625e1d13c ca26aefed25a42c8ac078043ddac76c5 - - - -] No more DHCP agents
2026-08-26 01:37:18.372 9 WARNING neutron.api.rpc.agentnotifiers.dhcp_rpc_agent_api [None req-5d740630-15fc-47ba-baed-1ab96da8b844 63232a030a02487fb0fa55c625e1d13c ca26aefed25a42c8ac078043ddac76c5 - - - -] Unable to schedule network b46b1f48-a572-4d7b-91cc-0c4b35408da5: no agents available; will retry on subsequent port and subnet creation events.
2026-08-26 01:37:18.426 10 INFO neutron.db.ovn_revision_numbers_db [None req-8e516727-22e4-4c15-a7f4-f6cf0a54c8bb 179e8bdbb1c342d39e671097e84dccd4 d761fbba1a6f49ea86fe1fe4277e79ab - - - -] Successfully bumped revision number for resource 128d7cdb-5a7f-4c58-b963-84512ff64446 (type: ports) to 2
2026-08-26 01:37:18.451 9 INFO neutron.db.ovn_revision_numbers_db [None req-5d740630-15fc-47ba-baed-1ab96da8b844 63232a030a02487fb0fa55c625e1d13c ca26aefed25a42c8ac078043ddac76c5 - - - -] Successfully bumped revision number for resource 17896399-b7bb-4feb-a3c6-35a585814a12 (type: ports) to 1
2026-08-26 01:37:18.468 10 INFO neutron.db.ovn_revision_numbers_db [None req-8e516727-22e4-4c15-a7f4-f6cf0a54c8bb 179e8bdbb1c342d39e671097e84dccd4 d761fbba1a6f49ea86fe1fe4277e79ab - - - -] Successfully bumped revision number for resource 50f5c654-10bc-4800-9fd8-77c0ccead942 (type: subnets) to 0
2026-08-26 01:37:18.474 9 INFO neutron.wsgi [None req-5d740630-15fc-47ba-baed-1ab96da8b844 63232a030a02487fb0fa55c625e1d13c ca26aefed25a42c8ac078043ddac76c5 - - - -] 10.0.0.232 "POST /v2.0/networks HTTP/1.1" status: 201 len: 835 time: 0.5763836
2026-08-26 01:37:18.507 10 INFO neutron.wsgi [None req-8e516727-22e4-4c15-a7f4-f6cf0a54c8bb 179e8bdbb1c342d39e671097e84dccd4 d761fbba1a6f49ea86fe1fe4277e79ab - - - -] 10.0.0.232 "POST /v2.0/subnets HTTP/1.1" status: 201 len: 866 time: 1.3659770
2026-08-26 01:37:18.512 10 WARNING neutron.plugins.ml2.drivers.ovn.mech_driver.ovsdb.ovn_client [None req-8c15824c-b5df-4752-9ac7-0a1ceda6f524 - - - - - -] No port found with ID 00ba61e6-bdd1-4841-ad81-a6e80aeda143: RuntimeError: No port found with ID 00ba61e6-bdd1-4841-ad81-a6e80aeda143
2026-08-26 01:37:18.710 10 INFO neutron.wsgi [None req-4e99504c-d89b-4434-8b74-156dd1305367 8f656c0a18134c6ab1372bf8bbe36cb6 993b5347707847e7953692a2f4f28396 - - - -] 10.0.0.232 "DELETE /v2.0/networks/51e0cc97-4e23-4f67-9d39-acb1e35e8891 HTTP/1.1" status: 204 len: 168 time: 0.8787539
2026-08-26 01:37:18.785 9 WARNING neutron.scheduler.dhcp_agent_scheduler [None req-afd1fa00-97b1-4ee5-bf51-915ebd580d2d 63232a030a02487fb0fa55c625e1d13c ca26aefed25a42c8ac078043ddac76c5 - - - -] No more DHCP agents
2026-08-26 01:37:18.791 9 WARNING neutron.api.rpc.agentnotifiers.dhcp_rpc_agent_api [None req-afd1fa00-97b1-4ee5-bf51-915ebd580d2d 63232a030a02487fb0fa55c625e1d13c ca26aefed25a42c8ac078043ddac76c5 - - - -] Unable to schedule network b46b1f48-a572-4d7b-91cc-0c4b35408da5: no agents available; will retry on subsequent port and subnet creation events.
2026-08-26 01:37:18.813 9 INFO neutron.db.ovn_revision_numbers_db [None req-afd1fa00-97b1-4ee5-bf51-915ebd580d2d 63232a030a02487fb0fa55c625e1d13c ca26aefed25a42c8ac078043ddac76c5 - - - -] Successfully bumped revision number for resource e564b4d3-fc44-43c6-9726-75d5c855f677 (type: subnets) to 0
2026-08-26 01:37:18.830 9 INFO neutron.wsgi [None req-afd1fa00-97b1-4ee5-bf51-915ebd580d2d 63232a030a02487fb0fa55c625e1d13c ca26aefed25a42c8ac078043ddac76c5 - - - -] 10.0.0.232 "POST /v2.0/subnets HTTP/1.1" status: 201 len: 821 time: 0.3493164
2026-08-26 01:37:19.032 10 WARNING neutron.scheduler.dhcp_agent_scheduler [None req-5c51956f-3da5-4aa3-87cc-7912466d5ac3 179e8bdbb1c342d39e671097e84dccd4 d761fbba1a6f49ea86fe1fe4277e79ab - - - -] No more DHCP agents
2026-08-26 01:37:19.034 10 WARNING neutron.api.rpc.agentnotifiers.dhcp_rpc_agent_api [None req-5c51956f-3da5-4aa3-87cc-7912466d5ac3 179e8bdbb1c342d39e671097e84dccd4 d761fbba1a6f49ea86fe1fe4277e79ab - - - -] Unable to schedule network c855d0c7-59cd-43c9-9305-a1aaf2c899e5: no agents available; will retry on subsequent port and subnet creation events.
2026-08-26 01:37:19.168 10 INFO neutron.db.ovn_revision_numbers_db [None req-5c51956f-3da5-4aa3-87cc-7912466d5ac3 179e8bdbb1c342d39e671097e84dccd4 d761fbba1a6f49ea86fe1fe4277e79ab - - - -] Successfully bumped revision number for resource b6494a03-d464-4a9e-b2d7-1f03d541f536 (type: ports) to 1
2026-08-26 01:37:19.534 9 INFO neutron.services.segments.plugin [-] Segment 9b9e0aee-3d9f-442e-9f7d-7ef8df855ef5 resource provider aggregate not found
2026-08-26 01:37:19.540 9 INFO neutron.services.segments.plugin [-] Segment 9b9e0aee-3d9f-442e-9f7d-7ef8df855ef5 resource provider aggregate not found
2026-08-26 01:37:19.566 9 INFO neutron.services.segments.plugin [-] Segment 9b9e0aee-3d9f-442e-9f7d-7ef8df855ef5 resource provider not found; error: Placement Client Error (4xx): {"errors": [{"status": 404, "title": "Not Found", "detail": "The resource could not be found.\n\n No resource provider with uuid 9b9e0aee-3d9f-442e-9f7d-7ef8df855ef5 found for delete ", "request_id": "req-aabad3bb-57fc-4257-8b30-b6ec7722a3b4"}]}
2026-08-26 01:37:19.566 9 INFO neutron.services.segments.plugin [-] Segment 9b9e0aee-3d9f-442e-9f7d-7ef8df855ef5 resource provider not found; error: Placement Client Error (4xx): {"errors": [{"status": 404, "title": "Not Found", "detail": "The resource could not be found.\n\n No resource provider with uuid 9b9e0aee-3d9f-442e-9f7d-7ef8df855ef5 found for delete ", "request_id": "req-d3bb286d-6a5c-4187-9ccb-5353d22dd714"}]}
2026-08-26 01:37:19.610 9 INFO neutron.wsgi [None req-580a36e4-319b-4195-b86c-319b1a9d9acf 8f656c0a18134c6ab1372bf8bbe36cb6 993b5347707847e7953692a2f4f28396 - - - -] 10.0.0.232 "DELETE /v2.0/networks/f5ead43c-5176-4ffa-94eb-653fe8082f9b HTTP/1.1" status: 204 len: 168 time: 0.8885109
2026-08-26 01:37:19.614 9 WARNING neutron.scheduler.dhcp_agent_scheduler [None req-e1242df7-cfb7-4100-80dd-4b02893f49a0 63232a030a02487fb0fa55c625e1d13c ca26aefed25a42c8ac078043ddac76c5 - - - -] No more DHCP agents
2026-08-26 01:37:19.623 9 WARNING neutron.api.rpc.agentnotifiers.dhcp_rpc_agent_api [None req-e1242df7-cfb7-4100-80dd-4b02893f49a0 63232a030a02487fb0fa55c625e1d13c ca26aefed25a42c8ac078043ddac76c5 - - - -] Unable to schedule network b46b1f48-a572-4d7b-91cc-0c4b35408da5: no agents available; will retry on subsequent port and subnet creation events.
2026-08-26 01:37:19.701 9 INFO neutron.db.ovn_revision_numbers_db [None req-e1242df7-cfb7-4100-80dd-4b02893f49a0 63232a030a02487fb0fa55c625e1d13c ca26aefed25a42c8ac078043ddac76c5 - - - -] Successfully bumped revision number for resource dc55732b-380d-4d7d-90ad-96f20c61001d (type: ports) to 1
2026-08-26 01:37:19.724 9 INFO neutron.wsgi [None req-e1242df7-cfb7-4100-80dd-4b02893f49a0 63232a030a02487fb0fa55c625e1d13c ca26aefed25a42c8ac078043ddac76c5 - - - -] 10.0.0.232 "POST /v2.0/ports HTTP/1.1" status: 201 len: 1122 time: 0.8875880
2026-08-26 01:37:19.747 10 INFO neutron.db.segments_db [None req-6492bf22-2eaa-4a9a-923d-e409446e62ea 8f656c0a18134c6ab1372bf8bbe36cb6 993b5347707847e7953692a2f4f28396 - - - -] Added segment a11adc32-9fae-4245-adb5-fd0c8dac955d of type geneve for network 2763a69f-310e-4195-90b9-3766951c6a69
2026-08-26 01:37:19.857 10 INFO neutron.services.segments.plugin [-] Segment b5a66004-d5af-445c-825c-7a8efef63759 resource provider aggregate not found
2026-08-26 01:37:19.866 10 INFO neutron.services.segments.plugin [-] Segment b5a66004-d5af-445c-825c-7a8efef63759 resource provider aggregate not found
2026-08-26 01:37:19.889 10 INFO neutron.services.segments.plugin [-] Segment b5a66004-d5af-445c-825c-7a8efef63759 resource provider not found; error: Placement Client Error (4xx): {"errors": [{"status": 404, "title": "Not Found", "detail": "The resource could not be found.\n\n No resource provider with uuid b5a66004-d5af-445c-825c-7a8efef63759 found for delete ", "request_id": "req-2c1c5736-ce6f-4b3c-914e-6fd0fcff3d2d"}]}
2026-08-26 01:37:19.900 10 INFO neutron.plugins.ml2.drivers.ovn.mech_driver.mech_driver [None req-8c15824c-b5df-4752-9ac7-0a1ceda6f524 - - - - - -] OVN reports status up for port: b6494a03-d464-4a9e-b2d7-1f03d541f536
2026-08-26 01:37:19.901 9 INFO neutron.plugins.ml2.drivers.ovn.mech_driver.ovsdb.ovsdb_monitor [None req-3ba6a0c3-6717-47b9-810f-ea51e8019364 - - - - - -] Router 0edea45c-3750-46b6-9a98-992527c0d13f is bound to host instance
2026-08-26 01:37:19.912 10 INFO neutron.plugins.ml2.plugin [None req-8c15824c-b5df-4752-9ac7-0a1ceda6f524 - - - - - -] Attempt 1 to provision port b6494a03-d464-4a9e-b2d7-1f03d541f536
2026-08-26 01:37:19.913 10 INFO neutron.db.ovn_revision_numbers_db [None req-5c51956f-3da5-4aa3-87cc-7912466d5ac3 179e8bdbb1c342d39e671097e84dccd4 d761fbba1a6f49ea86fe1fe4277e79ab - - - -] Successfully bumped revision number for resource b6494a03-d464-4a9e-b2d7-1f03d541f536 (type: router_ports) to 1
2026-08-26 01:37:19.939 10 INFO neutron.services.segments.plugin [-] Segment b5a66004-d5af-445c-825c-7a8efef63759 resource provider not found; error: Placement Client Error (4xx): {"errors": [{"status": 404, "title": "Not Found", "detail": "The resource could not be found.\n\n No resource provider with uuid b5a66004-d5af-445c-825c-7a8efef63759 found for delete ", "request_id": "req-cadeaa41-3393-497e-bfc9-42fa0ef4c8d3"}]}
2026-08-26 01:37:20.022 10 INFO neutron.db.ovn_revision_numbers_db [None req-6492bf22-2eaa-4a9a-923d-e409446e62ea 8f656c0a18134c6ab1372bf8bbe36cb6 993b5347707847e7953692a2f4f28396 - - - -] Successfully bumped revision number for resource 2763a69f-310e-4195-90b9-3766951c6a69 (type: networks) to 1
2026-08-26 01:37:20.043 10 INFO neutron.db.ovn_revision_numbers_db [None req-5c51956f-3da5-4aa3-87cc-7912466d5ac3 179e8bdbb1c342d39e671097e84dccd4 d761fbba1a6f49ea86fe1fe4277e79ab - - - -] Successfully bumped revision number for resource 0edea45c-3750-46b6-9a98-992527c0d13f (type: routers) to 3
2026-08-26 01:37:20.064 10 INFO neutron.wsgi [None req-5c51956f-3da5-4aa3-87cc-7912466d5ac3 179e8bdbb1c342d39e671097e84dccd4 d761fbba1a6f49ea86fe1fe4277e79ab - - - -] 10.0.0.232 "POST /v2.0/routers HTTP/1.1" status: 201 len: 877 time: 1.5497203
2026-08-26 01:37:20.119 9 INFO neutron.wsgi [None req-a753d0b9-fbf0-402f-bd8a-4b4cda87dfbd 63232a030a02487fb0fa55c625e1d13c ca26aefed25a42c8ac078043ddac76c5 - - - -] 10.0.0.232 "DELETE /v2.0/ports/dc55732b-380d-4d7d-90ad-96f20c61001d HTTP/1.1" status: 204 len: 168 time: 0.3878212
2026-08-26 01:37:20.164 10 INFO neutron.pecan_wsgi.hooks.translation [None req-2b0aa5f1-3699-4e9d-a395-2e0c11a4db7c 63232a030a02487fb0fa55c625e1d13c ca26aefed25a42c8ac078043ddac76c5 - - default default] GET failed (client error): The resource could not be found.
2026-08-26 01:37:20.166 10 INFO neutron.wsgi [None req-2b0aa5f1-3699-4e9d-a395-2e0c11a4db7c 63232a030a02487fb0fa55c625e1d13c ca26aefed25a42c8ac078043ddac76c5 - - default default] 10.0.0.232 "GET /v2.0/ports/dc55732b-380d-4d7d-90ad-96f20c61001d HTTP/1.1" status: 404 len: 333 time: 0.0398419
2026-08-26 01:37:20.284 10 WARNING neutron.scheduler.dhcp_agent_scheduler [None req-6492bf22-2eaa-4a9a-923d-e409446e62ea 8f656c0a18134c6ab1372bf8bbe36cb6 993b5347707847e7953692a2f4f28396 - - - -] No more DHCP agents
2026-08-26 01:37:20.287 10 WARNING neutron.api.rpc.agentnotifiers.dhcp_rpc_agent_api [None req-6492bf22-2eaa-4a9a-923d-e409446e62ea 8f656c0a18134c6ab1372bf8bbe36cb6 993b5347707847e7953692a2f4f28396 - - - -] Unable to schedule network 2763a69f-310e-4195-90b9-3766951c6a69: no agents available; will retry on subsequent port and subnet creation events.
2026-08-26 01:37:20.390 10 INFO neutron.db.ovn_revision_numbers_db [None req-6492bf22-2eaa-4a9a-923d-e409446e62ea 8f656c0a18134c6ab1372bf8bbe36cb6 993b5347707847e7953692a2f4f28396 - - - -] Successfully bumped revision number for resource 8b06e606-fc73-4495-b9ff-4278201fba26 (type: ports) to 1
2026-08-26 01:37:20.420 10 INFO neutron.wsgi [None req-6492bf22-2eaa-4a9a-923d-e409446e62ea 8f656c0a18134c6ab1372bf8bbe36cb6 993b5347707847e7953692a2f4f28396 - - - -] 10.0.0.232 "POST /v2.0/networks HTTP/1.1" status: 201 len: 831 time: 0.7984099
2026-08-26 01:37:20.436 10 INFO neutron.wsgi [None req-3dced0ff-d004-404f-ac47-5615ed9c6aae 63232a030a02487fb0fa55c625e1d13c ca26aefed25a42c8ac078043ddac76c5 - - - -] 10.0.0.232 "DELETE /v2.0/subnets/e564b4d3-fc44-43c6-9726-75d5c855f677 HTTP/1.1" status: 204 len: 168 time: 0.2637675
2026-08-26 01:37:20.619 9 WARNING neutron.plugins.ml2.drivers.ovn.mech_driver.ovsdb.ovn_client [None req-708d48ee-dd6d-4598-842f-750e5fb8a55f - - - - - -] No port found with ID c9a2d684-9836-4014-b576-1c0959200ec2: RuntimeError: No port found with ID c9a2d684-9836-4014-b576-1c0959200ec2
2026-08-26 01:37:20.757 9 INFO neutron.db.ovn_revision_numbers_db [None req-3ba6a0c3-6717-47b9-810f-ea51e8019364 - - - - - -] Successfully bumped revision number for resource b6494a03-d464-4a9e-b2d7-1f03d541f536 (type: ports) to 1
2026-08-26 01:37:20.782 9 WARNING neutron.scheduler.dhcp_agent_scheduler [None req-620bfb38-a989-43ef-a3c3-9fafd01bed84 179e8bdbb1c342d39e671097e84dccd4 d761fbba1a6f49ea86fe1fe4277e79ab - - default default] No more DHCP agents
2026-08-26 01:37:20.784 9 WARNING neutron.api.rpc.agentnotifiers.dhcp_rpc_agent_api [None req-620bfb38-a989-43ef-a3c3-9fafd01bed84 179e8bdbb1c342d39e671097e84dccd4 d761fbba1a6f49ea86fe1fe4277e79ab - - default default] Unable to schedule network a8d220b4-e911-41b5-813b-4ee845ee0b9a: no agents available; will retry on subsequent port and subnet creation events.
2026-08-26 01:37:20.913 9 WARNING neutron.scheduler.dhcp_agent_scheduler [None req-f739df21-2424-4327-aead-58fef150fb6f 8f656c0a18134c6ab1372bf8bbe36cb6 993b5347707847e7953692a2f4f28396 - - - -] No more DHCP agents
2026-08-26 01:37:20.916 9 WARNING neutron.api.rpc.agentnotifiers.dhcp_rpc_agent_api [None req-f739df21-2424-4327-aead-58fef150fb6f 8f656c0a18134c6ab1372bf8bbe36cb6 993b5347707847e7953692a2f4f28396 - - - -] Unable to schedule network 2763a69f-310e-4195-90b9-3766951c6a69: no agents available; will retry on subsequent port and subnet creation events.
2026-08-26 01:37:20.984 9 INFO neutron.db.ovn_revision_numbers_db [None req-f739df21-2424-4327-aead-58fef150fb6f 8f656c0a18134c6ab1372bf8bbe36cb6 993b5347707847e7953692a2f4f28396 - - - -] Successfully bumped revision number for resource 0024bcb7-ff37-41b6-9316-b96437b63ac2 (type: subnets) to 0
2026-08-26 01:37:21.015 9 INFO neutron.wsgi [None req-f739df21-2424-4327-aead-58fef150fb6f 8f656c0a18134c6ab1372bf8bbe36cb6 993b5347707847e7953692a2f4f28396 - - - -] 10.0.0.232 "POST /v2.0/subnets HTTP/1.1" status: 201 len: 821 time: 0.5892563
2026-08-26 01:37:21.130 9 INFO neutron.db.ovn_revision_numbers_db [None req-620bfb38-a989-43ef-a3c3-9fafd01bed84 179e8bdbb1c342d39e671097e84dccd4 d761fbba1a6f49ea86fe1fe4277e79ab - - default default] Successfully bumped revision number for resource e863fab5-5122-4f3d-887e-3d296cc8e596 (type: ports) to 1
2026-08-26 01:37:21.190 10 INFO neutron.wsgi [None req-96bd8be1-ddd5-489d-ab05-ebf49f3600d0 63232a030a02487fb0fa55c625e1d13c ca26aefed25a42c8ac078043ddac76c5 - - - -] 10.0.0.232 "DELETE /v2.0/networks/b46b1f48-a572-4d7b-91cc-0c4b35408da5 HTTP/1.1" status: 204 len: 168 time: 0.7485623
2026-08-26 01:37:21.590 9 INFO neutron.db.ovn_revision_numbers_db [None req-3ba6a0c3-6717-47b9-810f-ea51e8019364 - - - - - -] Successfully bumped revision number for resource b6494a03-d464-4a9e-b2d7-1f03d541f536 (type: router_ports) to 3
2026-08-26 01:37:21.592 9 INFO neutron.db.ovn_revision_numbers_db [None req-bb4eea6e-accf-4768-b4dd-548df7dce361 8f656c0a18134c6ab1372bf8bbe36cb6 993b5347707847e7953692a2f4f28396 - - - -] Successfully bumped revision number for resource 7d184459-afd9-41b1-bbfb-1f06728c0d31 (type: routers) to 1
2026-08-26 01:37:21.629 9 INFO neutron.wsgi [None req-bb4eea6e-accf-4768-b4dd-548df7dce361 8f656c0a18134c6ab1372bf8bbe36cb6 993b5347707847e7953692a2f4f28396 - - - -] 10.0.0.232 "POST /v2.0/routers HTTP/1.1" status: 201 len: 690 time: 0.6001232
2026-08-26 01:37:21.925 10 INFO neutron.services.segments.plugin [-] Segment 10f5069a-a820-44a2-8a11-1faee15518b3 resource provider aggregate not found
2026-08-26 01:37:21.926 9 INFO neutron.db.ovn_revision_numbers_db [None req-3ba6a0c3-6717-47b9-810f-ea51e8019364 - - - - - -] Successfully bumped revision number for resource b6494a03-d464-4a9e-b2d7-1f03d541f536 (type: ports) to 2
2026-08-26 01:37:21.941 9 WARNING neutron.scheduler.dhcp_agent_scheduler [None req-91ab8bba-bfd2-446e-bb1c-d7b478c473a5 63232a030a02487fb0fa55c625e1d13c ca26aefed25a42c8ac078043ddac76c5 - - - -] No more DHCP agents
2026-08-26 01:37:21.946 10 INFO neutron.services.segments.plugin [-] Segment 10f5069a-a820-44a2-8a11-1faee15518b3 resource provider not found; error: Placement Client Error (4xx): {"errors": [{"status": 404, "title": "Not Found", "detail": "The resource could not be found.\n\n No resource provider with uuid 10f5069a-a820-44a2-8a11-1faee15518b3 found for delete ", "request_id": "req-86b5a07c-9afb-4cb4-a515-af9a6479b700"}]}
2026-08-26 01:37:21.949 9 WARNING neutron.api.rpc.agentnotifiers.dhcp_rpc_agent_api [None req-91ab8bba-bfd2-446e-bb1c-d7b478c473a5 63232a030a02487fb0fa55c625e1d13c ca26aefed25a42c8ac078043ddac76c5 - - - -] Unable to schedule network 21bf54a9-31d5-4ca7-9c9d-4142ed5b9167: no agents available; will retry on subsequent port and subnet creation events.
2026-08-26 01:37:21.960 10 INFO neutron.services.segments.plugin [-] Segment 10f5069a-a820-44a2-8a11-1faee15518b3 resource provider aggregate not found
2026-08-26 01:37:21.988 10 INFO neutron.services.segments.plugin [-] Segment 10f5069a-a820-44a2-8a11-1faee15518b3 resource provider not found; error: Placement Client Error (4xx): {"errors": [{"status": 404, "title": "Not Found", "detail": "The resource could not be found.\n\n No resource provider with uuid 10f5069a-a820-44a2-8a11-1faee15518b3 found for delete ", "request_id": "req-666cd58b-1301-44a7-a678-c7916e507d47"}]}
2026-08-26 01:37:22.015 10 WARNING neutron.scheduler.dhcp_agent_scheduler [None req-5ba46ff5-a085-405e-bc31-0e6e2acca115 8f656c0a18134c6ab1372bf8bbe36cb6 993b5347707847e7953692a2f4f28396 - - - -] No more DHCP agents
2026-08-26 01:37:22.018 10 WARNING neutron.api.rpc.agentnotifiers.dhcp_rpc_agent_api [None req-5ba46ff5-a085-405e-bc31-0e6e2acca115 8f656c0a18134c6ab1372bf8bbe36cb6 993b5347707847e7953692a2f4f28396 - - - -] Unable to schedule network 2763a69f-310e-4195-90b9-3766951c6a69: no agents available; will retry on subsequent port and subnet creation events.
2026-08-26 01:37:22.071 9 INFO neutron.db.ovn_revision_numbers_db [None req-91ab8bba-bfd2-446e-bb1c-d7b478c473a5 63232a030a02487fb0fa55c625e1d13c ca26aefed25a42c8ac078043ddac76c5 - - - -] Successfully bumped revision number for resource 733ff928-0388-47e9-8637-d4044faec877 (type: ports) to 1
2026-08-26 01:37:22.132 9 INFO neutron.wsgi [None req-91ab8bba-bfd2-446e-bb1c-d7b478c473a5 63232a030a02487fb0fa55c625e1d13c ca26aefed25a42c8ac078043ddac76c5 - - - -] 10.0.0.232 "POST /v2.0/ports HTTP/1.1" status: 201 len: 978 time: 0.9196916 /var/lib/openstack/lib/python3.10/site-packages/pycadf/identifier.py:71: UserWarning: Invalid uuid: neutron. To ensure interoperability, identifiers should be a valid uuid. warnings.warn(('Invalid uuid: %s. To ensure interoperability, '
2026-08-26 01:37:22.190 10 INFO neutron.db.ovn_revision_numbers_db [None req-5ba46ff5-a085-405e-bc31-0e6e2acca115 8f656c0a18134c6ab1372bf8bbe36cb6 993b5347707847e7953692a2f4f28396 - - - -] Successfully bumped revision number for resource a9c4b2f7-b47e-42ae-8007-58ff53cce08a (type: ports) to 1
2026-08-26 01:37:22.220 9 INFO neutron.plugins.ml2.drivers.ovn.mech_driver.mech_driver [None req-708d48ee-dd6d-4598-842f-750e5fb8a55f - - - - - -] OVN reports status up for port: e863fab5-5122-4f3d-887e-3d296cc8e596
2026-08-26 01:37:22.235 9 INFO neutron.plugins.ml2.plugin [None req-708d48ee-dd6d-4598-842f-750e5fb8a55f - - - - - -] Attempt 1 to provision port e863fab5-5122-4f3d-887e-3d296cc8e596
2026-08-26 01:37:22.237 9 INFO neutron.db.ovn_revision_numbers_db [None req-620bfb38-a989-43ef-a3c3-9fafd01bed84 179e8bdbb1c342d39e671097e84dccd4 d761fbba1a6f49ea86fe1fe4277e79ab - - default default] Successfully bumped revision number for resource e863fab5-5122-4f3d-887e-3d296cc8e596 (type: router_ports) to 2
2026-08-26 01:37:22.256 10 INFO neutron.wsgi [None req-5ba46ff5-a085-405e-bc31-0e6e2acca115 8f656c0a18134c6ab1372bf8bbe36cb6 993b5347707847e7953692a2f4f28396 - - - -] 10.0.0.232 "POST /v2.0/ports HTTP/1.1" status: 201 len: 1162 time: 0.6179600
2026-08-26 01:37:22.283 9 INFO neutron.db.ovn_revision_numbers_db [None req-3ba6a0c3-6717-47b9-810f-ea51e8019364 - - - - - -] Successfully bumped revision number for resource b6494a03-d464-4a9e-b2d7-1f03d541f536 (type: ports) to 4
2026-08-26 01:37:22.467 9 INFO neutron.db.ovn_revision_numbers_db [None req-620bfb38-a989-43ef-a3c3-9fafd01bed84 179e8bdbb1c342d39e671097e84dccd4 d761fbba1a6f49ea86fe1fe4277e79ab - - default default] Successfully bumped revision number for resource e863fab5-5122-4f3d-887e-3d296cc8e596 (type: ports) to 2
