2026-08-26 01:37:22.470 10 INFO neutron.db.ovn_revision_numbers_db [None req-98d9dc57-eb27-4b9e-a49e-3bfd926fc1ae 63232a030a02487fb0fa55c625e1d13c ca26aefed25a42c8ac078043ddac76c5 - - - -] Successfully bumped revision number for resource 733ff928-0388-47e9-8637-d4044faec877 (type: ports) to 2
2026-08-26 01:37:22.491 10 INFO neutron.wsgi [None req-98d9dc57-eb27-4b9e-a49e-3bfd926fc1ae 63232a030a02487fb0fa55c625e1d13c ca26aefed25a42c8ac078043ddac76c5 - - - -] 10.0.0.232 "PUT /v2.0/ports/733ff928-0388-47e9-8637-d4044faec877 HTTP/1.1" status: 200 len: 946 time: 0.3529160 /var/lib/openstack/lib/python3.10/site-packages/pycadf/identifier.py:71: UserWarning: Invalid uuid: neutron. To ensure interoperability, identifiers should be a valid uuid. warnings.warn(('Invalid uuid: %s. To ensure interoperability, '
2026-08-26 01:37:22.700 9 WARNING neutron.scheduler.dhcp_agent_scheduler [None req-620bfb38-a989-43ef-a3c3-9fafd01bed84 179e8bdbb1c342d39e671097e84dccd4 d761fbba1a6f49ea86fe1fe4277e79ab - - default default] No more DHCP agents
2026-08-26 01:37:22.705 9 WARNING neutron.api.rpc.agentnotifiers.dhcp_rpc_agent_api [None req-620bfb38-a989-43ef-a3c3-9fafd01bed84 179e8bdbb1c342d39e671097e84dccd4 d761fbba1a6f49ea86fe1fe4277e79ab - - default default] Unable to schedule network a8d220b4-e911-41b5-813b-4ee845ee0b9a: no agents available; will retry on subsequent port and subnet creation events.
2026-08-26 01:37:22.749 10 INFO neutron.plugins.ml2.drivers.ovn.mech_driver.mech_driver [None req-8c15824c-b5df-4752-9ac7-0a1ceda6f524 - - - - - -] OVN reports status up for port: a9c4b2f7-b47e-42ae-8007-58ff53cce08a
2026-08-26 01:37:22.756 10 INFO neutron.db.ovn_revision_numbers_db [None req-77591544-dbe5-49b5-a03f-f025286f95af 8f656c0a18134c6ab1372bf8bbe36cb6 993b5347707847e7953692a2f4f28396 - - default default] Successfully bumped revision number for resource a9c4b2f7-b47e-42ae-8007-58ff53cce08a (type: router_ports) to 2
2026-08-26 01:37:22.760 10 INFO neutron.plugins.ml2.plugin [None req-8c15824c-b5df-4752-9ac7-0a1ceda6f524 - - - - - -] Attempt 1 to provision port a9c4b2f7-b47e-42ae-8007-58ff53cce08a
2026-08-26 01:37:22.790 9 INFO neutron.db.ovn_revision_numbers_db [None req-3ba6a0c3-6717-47b9-810f-ea51e8019364 - - - - - -] Successfully bumped revision number for resource b6494a03-d464-4a9e-b2d7-1f03d541f536 (type: router_ports) to 4
2026-08-26 01:37:22.835 9 INFO neutron.db.ovn_revision_numbers_db [None req-708d48ee-dd6d-4598-842f-750e5fb8a55f - - - - - -] Successfully bumped revision number for resource e863fab5-5122-4f3d-887e-3d296cc8e596 (type: ports) to 3
2026-08-26 01:37:22.924 10 INFO neutron.db.ovn_revision_numbers_db [None req-77591544-dbe5-49b5-a03f-f025286f95af 8f656c0a18134c6ab1372bf8bbe36cb6 993b5347707847e7953692a2f4f28396 - - default default] Successfully bumped revision number for resource a9c4b2f7-b47e-42ae-8007-58ff53cce08a (type: ports) to 2 /var/lib/openstack/lib/python3.10/site-packages/pycadf/identifier.py:71: UserWarning: Invalid uuid: neutron. To ensure interoperability, identifiers should be a valid uuid. warnings.warn(('Invalid uuid: %s. To ensure interoperability, '
2026-08-26 01:37:23.141 10 INFO neutron.db.ovn_revision_numbers_db [None req-4767d6e8-abea-4f56-b27a-c6eb793f8b7c 179e8bdbb1c342d39e671097e84dccd4 d761fbba1a6f49ea86fe1fe4277e79ab - - default default] Successfully bumped revision number for resource 9f6af04a-6633-43f1-9083-00b548970e6e (type: security_groups) to 1
2026-08-26 01:37:23.160 10 INFO neutron.db.ovn_revision_numbers_db [None req-8c15824c-b5df-4752-9ac7-0a1ceda6f524 - - - - - -] Successfully bumped revision number for resource a9c4b2f7-b47e-42ae-8007-58ff53cce08a (type: ports) to 3
2026-08-26 01:37:23.177 10 INFO neutron.wsgi [None req-4767d6e8-abea-4f56-b27a-c6eb793f8b7c 179e8bdbb1c342d39e671097e84dccd4 d761fbba1a6f49ea86fe1fe4277e79ab - - default default] 10.0.0.232 "GET /v2.0/security-groups?tenant_id=8e8f05e430374339911c15f59519b425&name=default HTTP/1.1" status: 200 len: 2996 time: 0.4362416
2026-08-26 01:37:23.296 9 INFO neutron.wsgi [None req-c742c19b-287f-47d4-8e48-b72aae25d030 63232a030a02487fb0fa55c625e1d13c ca26aefed25a42c8ac078043ddac76c5 - - - -] 10.0.0.232 "DELETE /v2.0/ports/733ff928-0388-47e9-8637-d4044faec877 HTTP/1.1" status: 204 len: 168 time: 0.7811306
2026-08-26 01:37:23.332 9 INFO neutron.db.ovn_revision_numbers_db [None req-708d48ee-dd6d-4598-842f-750e5fb8a55f - - - - - -] Successfully bumped revision number for resource e863fab5-5122-4f3d-887e-3d296cc8e596 (type: router_ports) to 3
2026-08-26 01:37:23.346 10 INFO neutron.db.ovn_revision_numbers_db [None req-8c15824c-b5df-4752-9ac7-0a1ceda6f524 - - - - - -] Successfully bumped revision number for resource a9c4b2f7-b47e-42ae-8007-58ff53cce08a (type: router_ports) to 3
2026-08-26 01:37:23.425 9 INFO neutron.wsgi [None req-0d4b4c8d-11e1-433a-8307-a3bf4eb82a18 63232a030a02487fb0fa55c625e1d13c ca26aefed25a42c8ac078043ddac76c5 - - default default] 10.0.0.232 "GET /v2.0/ports HTTP/1.1" status: 200 len: 1732 time: 0.1219566 /var/lib/openstack/lib/python3.10/site-packages/pycadf/identifier.py:71: UserWarning: Invalid uuid: neutron. To ensure interoperability, identifiers should be a valid uuid. warnings.warn(('Invalid uuid: %s. To ensure interoperability, '
2026-08-26 01:37:23.477 10 INFO neutron.pecan_wsgi.hooks.translation [None req-e4f56913-f560-4c20-9d66-dfb57b147ebc 63232a030a02487fb0fa55c625e1d13c ca26aefed25a42c8ac078043ddac76c5 - - default default] GET failed (client error): The resource could not be found.
2026-08-26 01:37:23.479 10 INFO neutron.wsgi [None req-e4f56913-f560-4c20-9d66-dfb57b147ebc 63232a030a02487fb0fa55c625e1d13c ca26aefed25a42c8ac078043ddac76c5 - - default default] 10.0.0.232 "GET /v2.0/ports/733ff928-0388-47e9-8637-d4044faec877 HTTP/1.1" status: 404 len: 333 time: 0.0385082
2026-08-26 01:37:23.545 9 INFO neutron.wsgi [None req-b2ce4e23-7728-4a53-aa76-02edfc1d5750 63232a030a02487fb0fa55c625e1d13c ca26aefed25a42c8ac078043ddac76c5 - - default default] 10.0.0.232 "GET /v2.0/ports HTTP/1.1" status: 200 len: 1732 time: 0.0606782
2026-08-26 01:37:23.567 10 INFO neutron.wsgi [None req-92d76b0d-aa59-4a3d-83b5-aabcbb7d34b1 179e8bdbb1c342d39e671097e84dccd4 d761fbba1a6f49ea86fe1fe4277e79ab - - - -] 10.0.0.232 "DELETE /v2.0/security-groups/9f6af04a-6633-43f1-9083-00b548970e6e HTTP/1.1" status: 204 len: 168 time: 0.3721166
2026-08-26 01:37:23.604 9 INFO neutron.wsgi [None req-bb251069-6dd0-4cdd-a2bc-45970083ac63 63232a030a02487fb0fa55c625e1d13c ca26aefed25a42c8ac078043ddac76c5 - - default default] 10.0.0.232 "GET /v2.0/ports/bb1a1a2a-b58b-4adb-ad47-0055226a61b6 HTTP/1.1" status: 200 len: 972 time: 0.0506358 /var/lib/openstack/lib/python3.10/site-packages/pycadf/identifier.py:71: UserWarning: Invalid uuid: neutron. To ensure interoperability, identifiers should be a valid uuid. warnings.warn(('Invalid uuid: %s. To ensure interoperability, '
2026-08-26 01:37:23.641 10 INFO neutron.pecan_wsgi.hooks.translation [None req-d03ed614-d192-4d06-87b6-b9a62fba5d97 63232a030a02487fb0fa55c625e1d13c ca26aefed25a42c8ac078043ddac76c5 - - - -] DELETE failed (client error): The resource could not be found.
2026-08-26 01:37:23.643 10 INFO neutron.wsgi [None req-d03ed614-d192-4d06-87b6-b9a62fba5d97 63232a030a02487fb0fa55c625e1d13c ca26aefed25a42c8ac078043ddac76c5 - - - -] 10.0.0.232 "DELETE /v2.0/ports/dc55732b-380d-4d7d-90ad-96f20c61001d HTTP/1.1" status: 404 len: 333 time: 0.0319204
2026-08-26 01:37:23.678 9 INFO neutron.pecan_wsgi.hooks.translation [None req-11631584-143a-4c66-8ed9-c1d58adaca11 63232a030a02487fb0fa55c625e1d13c ca26aefed25a42c8ac078043ddac76c5 - - - -] DELETE failed (client error): The resource could not be found.
2026-08-26 01:37:23.681 10 INFO neutron.db.ovn_revision_numbers_db [None req-77591544-dbe5-49b5-a03f-f025286f95af 8f656c0a18134c6ab1372bf8bbe36cb6 993b5347707847e7953692a2f4f28396 - - default default] Successfully bumped revision number for resource a9c4b2f7-b47e-42ae-8007-58ff53cce08a (type: ports) to 4
2026-08-26 01:37:23.681 9 INFO neutron.wsgi [None req-11631584-143a-4c66-8ed9-c1d58adaca11 63232a030a02487fb0fa55c625e1d13c ca26aefed25a42c8ac078043ddac76c5 - - - -] 10.0.0.232 "DELETE /v2.0/subnets/e564b4d3-fc44-43c6-9726-75d5c855f677 HTTP/1.1" status: 404 len: 337 time: 0.0330055
2026-08-26 01:37:23.683 9 INFO neutron.db.ovn_revision_numbers_db [None req-620bfb38-a989-43ef-a3c3-9fafd01bed84 179e8bdbb1c342d39e671097e84dccd4 d761fbba1a6f49ea86fe1fe4277e79ab - - - -] Successfully bumped revision number for resource e863fab5-5122-4f3d-887e-3d296cc8e596 (type: router_ports) to 3
2026-08-26 01:37:23.685 9 INFO neutron.wsgi [None req-620bfb38-a989-43ef-a3c3-9fafd01bed84 179e8bdbb1c342d39e671097e84dccd4 d761fbba1a6f49ea86fe1fe4277e79ab - - - -] 10.0.0.232 "PUT /v2.0/routers/0edea45c-3750-46b6-9a98-992527c0d13f/add_router_interface HTTP/1.1" status: 200 len: 503 time: 3.6147306
2026-08-26 01:37:23.709 9 INFO neutron.pecan_wsgi.hooks.translation [None req-566ebbad-bb1d-41b3-b5ee-0d48d7bb0337 63232a030a02487fb0fa55c625e1d13c ca26aefed25a42c8ac078043ddac76c5 - - - -] DELETE failed (client error): The resource could not be found.
2026-08-26 01:37:23.711 9 INFO neutron.wsgi [None req-566ebbad-bb1d-41b3-b5ee-0d48d7bb0337 63232a030a02487fb0fa55c625e1d13c ca26aefed25a42c8ac078043ddac76c5 - - - -] 10.0.0.232 "DELETE /v2.0/subnets/b9bf18d8-174d-4fb6-958c-cfc27615c90a HTTP/1.1" status: 404 len: 337 time: 0.0246737
2026-08-26 01:37:23.789 10 WARNING neutron.scheduler.dhcp_agent_scheduler [None req-77591544-dbe5-49b5-a03f-f025286f95af 8f656c0a18134c6ab1372bf8bbe36cb6 993b5347707847e7953692a2f4f28396 - - default default] No more DHCP agents
2026-08-26 01:37:23.791 10 WARNING neutron.api.rpc.agentnotifiers.dhcp_rpc_agent_api [None req-77591544-dbe5-49b5-a03f-f025286f95af 8f656c0a18134c6ab1372bf8bbe36cb6 993b5347707847e7953692a2f4f28396 - - default default] Unable to schedule network 2763a69f-310e-4195-90b9-3766951c6a69: no agents available; will retry on subsequent port and subnet creation events.
2026-08-26 01:37:23.969 9 INFO neutron.wsgi [None req-c0c5ba3b-63df-4a45-a8dd-dc577cfdb474 63232a030a02487fb0fa55c625e1d13c ca26aefed25a42c8ac078043ddac76c5 - - - -] 10.0.0.232 "DELETE /v2.0/ports/bb1a1a2a-b58b-4adb-ad47-0055226a61b6 HTTP/1.1" status: 204 len: 168 time: 0.2516782
2026-08-26 01:37:24.314 10 INFO neutron.db.ovn_revision_numbers_db [None req-77591544-dbe5-49b5-a03f-f025286f95af 8f656c0a18134c6ab1372bf8bbe36cb6 993b5347707847e7953692a2f4f28396 - - - -] Successfully bumped revision number for resource a9c4b2f7-b47e-42ae-8007-58ff53cce08a (type: router_ports) to 4
2026-08-26 01:37:24.317 10 INFO neutron.wsgi [None req-77591544-dbe5-49b5-a03f-f025286f95af 8f656c0a18134c6ab1372bf8bbe36cb6 993b5347707847e7953692a2f4f28396 - - - -] 10.0.0.232 "PUT /v2.0/routers/7d184459-afd9-41b1-bbfb-1f06728c0d31/add_router_interface HTTP/1.1" status: 200 len: 503 time: 2.0532217
2026-08-26 01:37:24.338 9 INFO neutron.services.segments.plugin [-] Segment d8fdcfa8-2770-4fc3-aca9-fd4c8fef48f4 resource provider aggregate not found
2026-08-26 01:37:24.343 9 INFO neutron.services.segments.plugin [-] Segment d8fdcfa8-2770-4fc3-aca9-fd4c8fef48f4 resource provider aggregate not found
2026-08-26 01:37:24.370 9 INFO neutron.services.segments.plugin [-] Segment d8fdcfa8-2770-4fc3-aca9-fd4c8fef48f4 resource provider not found; error: Placement Client Error (4xx): {"errors": [{"status": 404, "title": "Not Found", "detail": "The resource could not be found.\n\n No resource provider with uuid d8fdcfa8-2770-4fc3-aca9-fd4c8fef48f4 found for delete ", "request_id": "req-c39ad2c5-feb3-4072-a1e8-f15a70a919e9"}]}
2026-08-26 01:37:24.371 9 INFO neutron.services.segments.plugin [-] Segment d8fdcfa8-2770-4fc3-aca9-fd4c8fef48f4 resource provider not found; error: Placement Client Error (4xx): {"errors": [{"status": 404, "title": "Not Found", "detail": "The resource could not be found.\n\n No resource provider with uuid d8fdcfa8-2770-4fc3-aca9-fd4c8fef48f4 found for delete ", "request_id": "req-fd2be947-0e54-4509-9f04-222747010af5"}]}
2026-08-26 01:37:24.403 10 INFO neutron.wsgi [None req-b6335056-efc1-489c-9cb8-0a11d27ae79f 8f656c0a18134c6ab1372bf8bbe36cb6 993b5347707847e7953692a2f4f28396 - - default default] 10.0.0.232 "GET /v2.0/ports/a9c4b2f7-b47e-42ae-8007-58ff53cce08a HTTP/1.1" status: 200 len: 1220 time: 0.0805411
2026-08-26 01:37:24.406 9 INFO neutron.wsgi [None req-8e2a268a-0a89-4d6e-98cf-05883177c6d5 63232a030a02487fb0fa55c625e1d13c ca26aefed25a42c8ac078043ddac76c5 - - - -] 10.0.0.232 "DELETE /v2.0/networks/21bf54a9-31d5-4ca7-9c9d-4142ed5b9167 HTTP/1.1" status: 204 len: 168 time: 0.4313533
2026-08-26 01:37:24.459 9 INFO neutron.db.ovn_revision_numbers_db [None req-cc6b1471-bcc5-4aa2-adaa-263e634e02c8 96eb05b2e5e54233bcc092c72baae106 96498899601a40d9acf2e05e35406848 - - - -] Successfully bumped revision number for resource 057eb95e-96a4-4eca-ad22-d5d3a60475d1 (type: security_groups) to 1
2026-08-26 01:37:24.488 9 INFO neutron.wsgi [None req-cc6b1471-bcc5-4aa2-adaa-263e634e02c8 96eb05b2e5e54233bcc092c72baae106 96498899601a40d9acf2e05e35406848 - - - -] 10.0.0.232 "POST /v2.0/security-groups HTTP/1.1" status: 201 len: 1796 time: 0.2057190
2026-08-26 01:37:24.602 9 INFO neutron.db.ovn_revision_numbers_db [None req-dd7a8f4b-2992-4462-850d-737a5e7a4bcf 96eb05b2e5e54233bcc092c72baae106 96498899601a40d9acf2e05e35406848 - - - -] Successfully bumped revision number for resource c9c9a94e-81e1-4a67-8b8d-1d8120ee4598 (type: security_group_rules) to 0
2026-08-26 01:37:24.636 9 INFO neutron.wsgi [None req-dd7a8f4b-2992-4462-850d-737a5e7a4bcf 96eb05b2e5e54233bcc092c72baae106 96498899601a40d9acf2e05e35406848 - - - -] 10.0.0.232 "POST /v2.0/security-group-rules HTTP/1.1" status: 201 len: 764 time: 0.1411862
2026-08-26 01:37:24.780 9 INFO neutron.db.ovn_revision_numbers_db [None req-cf8aae26-1898-4c26-bbc2-abe41bb49ac7 96eb05b2e5e54233bcc092c72baae106 96498899601a40d9acf2e05e35406848 - - - -] Successfully bumped revision number for resource 1af0219c-d0e2-4744-b5f2-a5a9667a88ab (type: security_group_rules) to 0
2026-08-26 01:37:24.807 9 INFO neutron.wsgi [None req-cf8aae26-1898-4c26-bbc2-abe41bb49ac7 96eb05b2e5e54233bcc092c72baae106 96498899601a40d9acf2e05e35406848 - - - -] 10.0.0.232 "POST /v2.0/security-group-rules HTTP/1.1" status: 201 len: 769 time: 0.1632280
2026-08-26 01:37:25.123 10 INFO neutron.wsgi [None req-795195dc-971a-4c89-a761-f7634a5ba851 8f656c0a18134c6ab1372bf8bbe36cb6 993b5347707847e7953692a2f4f28396 - - - -] 10.0.0.232 "PUT /v2.0/routers/7d184459-afd9-41b1-bbfb-1f06728c0d31/remove_router_interface HTTP/1.1" status: 200 len: 503 time: 0.7111094 /var/lib/openstack/lib/python3.10/site-packages/pycadf/identifier.py:71: UserWarning: Invalid uuid: neutron. To ensure interoperability, identifiers should be a valid uuid. warnings.warn(('Invalid uuid: %s. To ensure interoperability, '
2026-08-26 01:37:25.141 9 WARNING neutron.scheduler.dhcp_agent_scheduler [None req-c2cfb15b-dfa0-42c2-88be-98176c240804 96eb05b2e5e54233bcc092c72baae106 96498899601a40d9acf2e05e35406848 - - - -] No more DHCP agents
2026-08-26 01:37:25.145 9 WARNING neutron.api.rpc.agentnotifiers.dhcp_rpc_agent_api [None req-c2cfb15b-dfa0-42c2-88be-98176c240804 96eb05b2e5e54233bcc092c72baae106 96498899601a40d9acf2e05e35406848 - - - -] Unable to schedule network c855d0c7-59cd-43c9-9305-a1aaf2c899e5: no agents available; will retry on subsequent port and subnet creation events.
2026-08-26 01:37:25.214 10 INFO neutron.api.v2.resource [None req-ca67ccfc-61e7-40b5-9bf6-053ada87b81e 8f656c0a18134c6ab1372bf8bbe36cb6 993b5347707847e7953692a2f4f28396 - - default default] remove_router_interface failed (client error): The resource could not be found.
2026-08-26 01:37:25.216 10 INFO neutron.wsgi [None req-ca67ccfc-61e7-40b5-9bf6-053ada87b81e 8f656c0a18134c6ab1372bf8bbe36cb6 993b5347707847e7953692a2f4f28396 - - default default] 10.0.0.232 "PUT /v2.0/routers/7d184459-afd9-41b1-bbfb-1f06728c0d31/remove_router_interface HTTP/1.1" status: 404 len: 398 time: 0.0857553
2026-08-26 01:37:25.219 10 INFO neutron.wsgi [None req-135d1ae5-5135-4868-b0a3-a4d44b9bd1f3 179e8bdbb1c342d39e671097e84dccd4 d761fbba1a6f49ea86fe1fe4277e79ab - - default default] 10.0.0.232 "GET /v2.0/security-groups?tenant_id=ca26aefed25a42c8ac078043ddac76c5&name=default HTTP/1.1" status: 200 len: 2996 time: 0.3031123
2026-08-26 01:37:25.253 10 INFO neutron.wsgi [None req-c82ef20e-9e19-4d17-9cc1-f53312960547 8f656c0a18134c6ab1372bf8bbe36cb6 993b5347707847e7953692a2f4f28396 - - default default] 10.0.0.232 "GET /v2.0/ports?device_id=7d184459-afd9-41b1-bbfb-1f06728c0d31 HTTP/1.1" status: 200 len: 205 time: 0.0292995
2026-08-26 01:37:25.477 9 INFO neutron.db.ovn_revision_numbers_db [None req-c2cfb15b-dfa0-42c2-88be-98176c240804 96eb05b2e5e54233bcc092c72baae106 96498899601a40d9acf2e05e35406848 - - - -] Successfully bumped revision number for resource 38fd6b0b-62b6-43bf-96e8-8a107cf324f3 (type: floatingips) to 0
2026-08-26 01:37:25.496 9 INFO neutron.wsgi [None req-c2cfb15b-dfa0-42c2-88be-98176c240804 96eb05b2e5e54233bcc092c72baae106 96498899601a40d9acf2e05e35406848 - - - -] 10.0.0.232 "POST /v2.0/floatingips HTTP/1.1" status: 201 len: 751 time: 0.6835003
2026-08-26 01:37:25.525 10 INFO neutron.wsgi [None req-13f533c0-8c65-4936-8035-c1917ed90568 8f656c0a18134c6ab1372bf8bbe36cb6 993b5347707847e7953692a2f4f28396 - - - -] 10.0.0.232 "DELETE /v2.0/routers/7d184459-afd9-41b1-bbfb-1f06728c0d31 HTTP/1.1" status: 204 len: 168 time: 0.2616363
2026-08-26 01:37:25.564 9 INFO neutron.db.ovn_revision_numbers_db [None req-880cc822-bcb1-4874-9080-5925ce9af25c aedbca8846114280b2bdfedac8b3684c 189d98950eb7483caf622ed45a76b0bb - - - -] Successfully bumped revision number for resource bc139ed3-2e6c-4e1e-b7c2-2a27044b5c28 (type: security_groups) to 1
2026-08-26 01:37:25.600 10 INFO neutron.wsgi [None req-5001f56a-12b8-49bd-bd87-a5bded6d48f9 179e8bdbb1c342d39e671097e84dccd4 d761fbba1a6f49ea86fe1fe4277e79ab - - - -] 10.0.0.232 "DELETE /v2.0/security-groups/b9fb9299-3be5-4eed-9ff1-ae354a9bdf1b HTTP/1.1" status: 204 len: 168 time: 0.3648112
2026-08-26 01:37:25.630 9 INFO neutron.db.segments_db [None req-880cc822-bcb1-4874-9080-5925ce9af25c aedbca8846114280b2bdfedac8b3684c 189d98950eb7483caf622ed45a76b0bb - - - -] Added segment 59133703-b28b-48da-98ae-f8a0c5b81af9 of type geneve for network 4e7c926e-bfc8-4a35-a57e-037faf99676f
2026-08-26 01:37:25.715 10 INFO neutron.wsgi [None req-076ebe30-363b-43cb-873a-4997af61e85a 8f656c0a18134c6ab1372bf8bbe36cb6 993b5347707847e7953692a2f4f28396 - - - -] 10.0.0.232 "DELETE /v2.0/subnets/0024bcb7-ff37-41b6-9316-b96437b63ac2 HTTP/1.1" status: 204 len: 168 time: 0.1822531
2026-08-26 01:37:25.786 9 INFO neutron.db.ovn_revision_numbers_db [None req-880cc822-bcb1-4874-9080-5925ce9af25c aedbca8846114280b2bdfedac8b3684c 189d98950eb7483caf622ed45a76b0bb - - - -] Successfully bumped revision number for resource 4e7c926e-bfc8-4a35-a57e-037faf99676f (type: networks) to 1
2026-08-26 01:37:25.986 9 WARNING neutron.scheduler.dhcp_agent_scheduler [None req-880cc822-bcb1-4874-9080-5925ce9af25c aedbca8846114280b2bdfedac8b3684c 189d98950eb7483caf622ed45a76b0bb - - - -] No more DHCP agents
2026-08-26 01:37:25.987 9 WARNING neutron.api.rpc.agentnotifiers.dhcp_rpc_agent_api [None req-880cc822-bcb1-4874-9080-5925ce9af25c aedbca8846114280b2bdfedac8b3684c 189d98950eb7483caf622ed45a76b0bb - - - -] Unable to schedule network 4e7c926e-bfc8-4a35-a57e-037faf99676f: no agents available; will retry on subsequent port and subnet creation events.
2026-08-26 01:37:26.010 9 INFO neutron.wsgi [req-9f9fcf3b-07af-41e2-b80d-72cf80e2491c req-a5cd5192-28e4-48f7-8dd3-96ee58e857e3 96eb05b2e5e54233bcc092c72baae106 96498899601a40d9acf2e05e35406848 - - default default] 10.0.0.82 "GET /v2.0/security-groups?name=tempest-securitygroup--817261505&fields=id&tenant_id=96498899601a40d9acf2e05e35406848 HTTP/1.1" status: 200 len: 267 time: 0.0616009
2026-08-26 01:37:26.085 9 INFO neutron.db.ovn_revision_numbers_db [None req-880cc822-bcb1-4874-9080-5925ce9af25c aedbca8846114280b2bdfedac8b3684c 189d98950eb7483caf622ed45a76b0bb - - - -] Successfully bumped revision number for resource 1a66a35c-1c75-487e-930d-66ba3f26ec8c (type: ports) to 1
2026-08-26 01:37:26.099 10 INFO neutron.services.segments.plugin [-] Segment a11adc32-9fae-4245-adb5-fd0c8dac955d resource provider aggregate not found
2026-08-26 01:37:26.107 10 INFO neutron.services.segments.plugin [-] Segment a11adc32-9fae-4245-adb5-fd0c8dac955d resource provider aggregate not found
2026-08-26 01:37:26.119 9 INFO neutron.wsgi [req-9f9fcf3b-07af-41e2-b80d-72cf80e2491c req-26ef59e9-5d5a-4ee8-bed5-17173bc308fb 96eb05b2e5e54233bcc092c72baae106 96498899601a40d9acf2e05e35406848 - - default default] 10.0.0.82 "GET /v2.0/networks?id=a8d220b4-e911-41b5-813b-4ee845ee0b9a HTTP/1.1" status: 200 len: 875 time: 0.0953205
2026-08-26 01:37:26.131 10 INFO neutron.services.segments.plugin [-] Segment a11adc32-9fae-4245-adb5-fd0c8dac955d resource provider not found; error: Placement Client Error (4xx): {"errors": [{"status": 404, "title": "Not Found", "detail": "The resource could not be found.\n\n No resource provider with uuid a11adc32-9fae-4245-adb5-fd0c8dac955d found for delete ", "request_id": "req-b774c2c1-b8bd-4618-b972-c3a78af4d25a"}]}
2026-08-26 01:37:26.133 9 INFO neutron.wsgi [None req-880cc822-bcb1-4874-9080-5925ce9af25c aedbca8846114280b2bdfedac8b3684c 189d98950eb7483caf622ed45a76b0bb - - - -] 10.0.0.232 "POST /v2.0/networks HTTP/1.1" status: 201 len: 846 time: 0.7808571
2026-08-26 01:37:26.134 10 INFO neutron.services.segments.plugin [-] Segment a11adc32-9fae-4245-adb5-fd0c8dac955d resource provider not found; error: Placement Client Error (4xx): {"errors": [{"status": 404, "title": "Not Found", "detail": "The resource could not be found.\n\n No resource provider with uuid a11adc32-9fae-4245-adb5-fd0c8dac955d found for delete ", "request_id": "req-b7783e1f-0aac-4639-829d-f9c27ff0a661"}]}
2026-08-26 01:37:26.150 9 INFO neutron.wsgi [req-9f9fcf3b-07af-41e2-b80d-72cf80e2491c req-ff93ce0c-81f8-42ee-8656-fe34124d0296 96eb05b2e5e54233bcc092c72baae106 96498899601a40d9acf2e05e35406848 - - default default] 10.0.0.82 "GET /v2.0/quotas/96498899601a40d9acf2e05e35406848 HTTP/1.1" status: 200 len: 386 time: 0.0148830
2026-08-26 01:37:26.161 10 INFO neutron.wsgi [None req-8b65afa3-325c-4284-b7e0-afc7e053a2b2 8f656c0a18134c6ab1372bf8bbe36cb6 993b5347707847e7953692a2f4f28396 - - - -] 10.0.0.232 "DELETE /v2.0/networks/2763a69f-310e-4195-90b9-3766951c6a69 HTTP/1.1" status: 204 len: 168 time: 0.4395812
2026-08-26 01:37:26.241 9 INFO neutron.wsgi [req-9f9fcf3b-07af-41e2-b80d-72cf80e2491c req-b11e989b-74bc-4e8b-82af-e0239d43a147 96eb05b2e5e54233bcc092c72baae106 96498899601a40d9acf2e05e35406848 - - default default] 10.0.0.82 "GET /v2.0/ports?tenant_id=96498899601a40d9acf2e05e35406848&fields=id HTTP/1.1" status: 200 len: 302 time: 0.0866964
2026-08-26 01:37:26.252 10 INFO neutron.db.segments_db [None req-db13c2b1-93b2-4bff-a5c4-8783bf517aa1 8f656c0a18134c6ab1372bf8bbe36cb6 993b5347707847e7953692a2f4f28396 - - - -] Added segment be7a3c9c-d85a-42c8-a566-8dd32df8ce12 of type geneve for network 420d81a6-307a-4b90-ba7d-0940992635f3
2026-08-26 01:37:26.308 9 INFO neutron.wsgi [req-9f9fcf3b-07af-41e2-b80d-72cf80e2491c req-ea46a36a-97b8-44d3-97cc-d3423fde9d43 7a18b78282664b068b473887215091ee 08ccdc6a1619498ba73514faa2281105 - - b7b1c90675bb46a2bb8fa6c30a4c48d0 b7b1c90675bb46a2bb8fa6c30a4c48d0] 10.0.0.82 "GET /v2.0/networks/a8d220b4-e911-41b5-813b-4ee845ee0b9a?fields=segments HTTP/1.1" status: 200 len: 212 time: 0.0536978
2026-08-26 01:37:26.380 10 INFO neutron.db.ovn_revision_numbers_db [None req-db13c2b1-93b2-4bff-a5c4-8783bf517aa1 8f656c0a18134c6ab1372bf8bbe36cb6 993b5347707847e7953692a2f4f28396 - - - -] Successfully bumped revision number for resource 420d81a6-307a-4b90-ba7d-0940992635f3 (type: networks) to 1
2026-08-26 01:37:26.383 9 INFO neutron.wsgi [req-9f9fcf3b-07af-41e2-b80d-72cf80e2491c req-fe7ec35e-710f-4bc4-9307-07992bb44104 7a18b78282664b068b473887215091ee 08ccdc6a1619498ba73514faa2281105 - - b7b1c90675bb46a2bb8fa6c30a4c48d0 b7b1c90675bb46a2bb8fa6c30a4c48d0] 10.0.0.82 "GET /v2.0/networks/a8d220b4-e911-41b5-813b-4ee845ee0b9a?fields=provider%3Aphysical_network&fields=provider%3Anetwork_type HTTP/1.1" status: 200 len: 277 time: 0.0677538
2026-08-26 01:37:26.601 9 INFO neutron.wsgi [req-775ef24c-7f05-474d-baba-5bdf229aadea req-05aeef5f-4686-4807-837c-03f91a717614 96eb05b2e5e54233bcc092c72baae106 96498899601a40d9acf2e05e35406848 - - default default] 10.0.0.82 "GET /v2.0/ports?device_id=7242bfa8-4f4a-40f2-b601-13e8ac9c218b HTTP/1.1" status: 200 len: 210 time: 0.0300007
2026-08-26 01:37:26.607 10 WARNING neutron.scheduler.dhcp_agent_scheduler [None req-db13c2b1-93b2-4bff-a5c4-8783bf517aa1 8f656c0a18134c6ab1372bf8bbe36cb6 993b5347707847e7953692a2f4f28396 - - - -] No more DHCP agents
2026-08-26 01:37:26.611 10 WARNING neutron.api.rpc.agentnotifiers.dhcp_rpc_agent_api [None req-db13c2b1-93b2-4bff-a5c4-8783bf517aa1 8f656c0a18134c6ab1372bf8bbe36cb6 993b5347707847e7953692a2f4f28396 - - - -] Unable to schedule network 420d81a6-307a-4b90-ba7d-0940992635f3: no agents available; will retry on subsequent port and subnet creation events.
2026-08-26 01:37:26.695 10 INFO neutron.db.ovn_revision_numbers_db [None req-db13c2b1-93b2-4bff-a5c4-8783bf517aa1 8f656c0a18134c6ab1372bf8bbe36cb6 993b5347707847e7953692a2f4f28396 - - - -] Successfully bumped revision number for resource 326cda7c-8aef-43db-a29b-9e878f67ab91 (type: ports) to 1
2026-08-26 01:37:26.735 10 INFO neutron.wsgi [None req-db13c2b1-93b2-4bff-a5c4-8783bf517aa1 8f656c0a18134c6ab1372bf8bbe36cb6 993b5347707847e7953692a2f4f28396 - - - -] 10.0.0.232 "POST /v2.0/networks HTTP/1.1" status: 201 len: 832 time: 0.5664504
2026-08-26 01:37:26.999 10 WARNING neutron.scheduler.dhcp_agent_scheduler [None req-e85feeec-ac02-4fb7-b6fe-5d43141b74e9 aedbca8846114280b2bdfedac8b3684c 189d98950eb7483caf622ed45a76b0bb - - - -] No more DHCP agents
2026-08-26 01:37:27.001 10 WARNING neutron.api.rpc.agentnotifiers.dhcp_rpc_agent_api [None req-e85feeec-ac02-4fb7-b6fe-5d43141b74e9 aedbca8846114280b2bdfedac8b3684c 189d98950eb7483caf622ed45a76b0bb - - - -] Unable to schedule network 4e7c926e-bfc8-4a35-a57e-037faf99676f: no agents available; will retry on subsequent port and subnet creation events.
2026-08-26 01:37:27.025 10 INFO neutron.db.ovn_revision_numbers_db [None req-e85feeec-ac02-4fb7-b6fe-5d43141b74e9 aedbca8846114280b2bdfedac8b3684c 189d98950eb7483caf622ed45a76b0bb - - - -] Successfully bumped revision number for resource fac679c5-af03-4153-91ed-3629be8fc426 (type: subnets) to 0
2026-08-26 01:37:27.043 10 INFO neutron.wsgi [None req-e85feeec-ac02-4fb7-b6fe-5d43141b74e9 aedbca8846114280b2bdfedac8b3684c 189d98950eb7483caf622ed45a76b0bb - - - -] 10.0.0.232 "POST /v2.0/subnets HTTP/1.1" status: 201 len: 848 time: 0.3639636
2026-08-26 01:37:27.064 10 WARNING neutron.scheduler.dhcp_agent_scheduler [None req-00c8d190-f0ae-4aa4-b08d-e029d6f510aa 8f656c0a18134c6ab1372bf8bbe36cb6 993b5347707847e7953692a2f4f28396 - - - -] No more DHCP agents
2026-08-26 01:37:27.066 10 WARNING neutron.api.rpc.agentnotifiers.dhcp_rpc_agent_api [None req-00c8d190-f0ae-4aa4-b08d-e029d6f510aa 8f656c0a18134c6ab1372bf8bbe36cb6 993b5347707847e7953692a2f4f28396 - - - -] Unable to schedule network 420d81a6-307a-4b90-ba7d-0940992635f3: no agents available; will retry on subsequent port and subnet creation events.
2026-08-26 01:37:27.080 10 INFO neutron.db.ovn_revision_numbers_db [None req-00c8d190-f0ae-4aa4-b08d-e029d6f510aa 8f656c0a18134c6ab1372bf8bbe36cb6 993b5347707847e7953692a2f4f28396 - - - -] Successfully bumped revision number for resource ff7e77c4-1274-4235-be21-800e34003d6c (type: subnets) to 0
2026-08-26 01:37:27.097 10 INFO neutron.wsgi [None req-00c8d190-f0ae-4aa4-b08d-e029d6f510aa 8f656c0a18134c6ab1372bf8bbe36cb6 993b5347707847e7953692a2f4f28396 - - - -] 10.0.0.232 "POST /v2.0/subnets HTTP/1.1" status: 201 len: 821 time: 0.3558013
2026-08-26 01:37:27.172 9 INFO neutron.db.segments_db [None req-687de8e2-0d7b-409b-8404-486002ea7d24 aedbca8846114280b2bdfedac8b3684c 189d98950eb7483caf622ed45a76b0bb - - - -] Added segment 17b24d77-6ebb-4512-81f0-062b5d54dddc of type geneve for network 94e75e66-89b0-42bb-812d-1958a7eec8e5
2026-08-26 01:37:27.692 10 INFO neutron.wsgi [-] 10.0.0.232 "GET / HTTP/1.1" status: 200 len: 279 time: 0.0014017
2026-08-26 01:37:27.735 9 INFO neutron.db.ovn_revision_numbers_db [None req-b49b03bb-63a9-46d2-ba33-ac7bb3f6c961 8f656c0a18134c6ab1372bf8bbe36cb6 993b5347707847e7953692a2f4f28396 - - - -] Successfully bumped revision number for resource f5ffacc9-8521-40d6-a3d8-eec0c7d52ed8 (type: routers) to 1
2026-08-26 01:37:27.745 10 INFO neutron.wsgi [req-9f9fcf3b-07af-41e2-b80d-72cf80e2491c req-f317c903-cfe1-46a8-8f0e-e3057a94b2b5 96eb05b2e5e54233bcc092c72baae106 96498899601a40d9acf2e05e35406848 - - default default] 162.253.55.223 "GET /v2.0/networks?id=a8d220b4-e911-41b5-813b-4ee845ee0b9a HTTP/1.1" status: 200 len: 875 time: 0.4332540
2026-08-26 01:37:27.749 9 INFO neutron.wsgi [req-f2832260-d0e7-4a1e-b79f-96f38558c5f5 req-1961cebe-91cb-433a-b953-75e661213def 96eb05b2e5e54233bcc092c72baae106 96498899601a40d9acf2e05e35406848 - - default default] 10.0.0.82 "GET /v2.0/ports?device_id=7242bfa8-4f4a-40f2-b601-13e8ac9c218b HTTP/1.1" status: 200 len: 210 time: 0.0505512
2026-08-26 01:37:27.760 9 INFO neutron.wsgi [None req-b49b03bb-63a9-46d2-ba33-ac7bb3f6c961 8f656c0a18134c6ab1372bf8bbe36cb6 993b5347707847e7953692a2f4f28396 - - - -] 10.0.0.232 "POST /v2.0/routers HTTP/1.1" status: 201 len: 691 time: 0.6571603
2026-08-26 01:37:27.808 10 INFO neutron.wsgi [req-9f9fcf3b-07af-41e2-b80d-72cf80e2491c req-2a797745-508d-484e-b0a1-95c30d88ee90 96eb05b2e5e54233bcc092c72baae106 96498899601a40d9acf2e05e35406848 - - default default] 162.253.55.223 "GET /v2.0/security-groups?fields=id&fields=name&tenant_id=96498899601a40d9acf2e05e35406848 HTTP/1.1" status: 200 len: 379 time: 0.0524304
2026-08-26 01:37:27.843 9 INFO neutron.db.ovn_revision_numbers_db [None req-687de8e2-0d7b-409b-8404-486002ea7d24 aedbca8846114280b2bdfedac8b3684c 189d98950eb7483caf622ed45a76b0bb - - - -] Successfully bumped revision number for resource 94e75e66-89b0-42bb-812d-1958a7eec8e5 (type: networks) to 1
2026-08-26 01:37:27.930 10 INFO neutron.wsgi [None req-6d2e0daf-f047-4851-b94b-700bb5a3847c 0287bd4d6b254be38eeee30549a15f1a ba2cec30429e428c8b06cc40bb85211d - - default default] 10.0.0.232 "GET /v2.0/ HTTP/1.1" status: 200 len: 826 time: 0.2236533
2026-08-26 01:37:28.144 10 WARNING neutron.scheduler.dhcp_agent_scheduler [None req-ae6e3fc6-f825-46ee-95c9-a84124d5691e 96eb05b2e5e54233bcc092c72baae106 96498899601a40d9acf2e05e35406848 - - - -] No more DHCP agents
2026-08-26 01:37:28.147 10 WARNING neutron.api.rpc.agentnotifiers.dhcp_rpc_agent_api [None req-ae6e3fc6-f825-46ee-95c9-a84124d5691e 96eb05b2e5e54233bcc092c72baae106 96498899601a40d9acf2e05e35406848 - - - -] Unable to schedule network a8d220b4-e911-41b5-813b-4ee845ee0b9a: no agents available; will retry on subsequent port and subnet creation events.
2026-08-26 01:37:28.169 9 WARNING neutron.scheduler.dhcp_agent_scheduler [None req-687de8e2-0d7b-409b-8404-486002ea7d24 aedbca8846114280b2bdfedac8b3684c 189d98950eb7483caf622ed45a76b0bb - - - -] No more DHCP agents
2026-08-26 01:37:28.173 9 WARNING neutron.api.rpc.agentnotifiers.dhcp_rpc_agent_api [None req-687de8e2-0d7b-409b-8404-486002ea7d24 aedbca8846114280b2bdfedac8b3684c 189d98950eb7483caf622ed45a76b0bb - - - -] Unable to schedule network 94e75e66-89b0-42bb-812d-1958a7eec8e5: no agents available; will retry on subsequent port and subnet creation events.
2026-08-26 01:37:28.281 9 INFO neutron.db.ovn_revision_numbers_db [None req-687de8e2-0d7b-409b-8404-486002ea7d24 aedbca8846114280b2bdfedac8b3684c 189d98950eb7483caf622ed45a76b0bb - - - -] Successfully bumped revision number for resource 9ff8835e-bbb1-453e-b075-baeb59935d1d (type: ports) to 1
2026-08-26 01:37:28.283 10 INFO neutron.db.ovn_revision_numbers_db [None req-ae6e3fc6-f825-46ee-95c9-a84124d5691e 96eb05b2e5e54233bcc092c72baae106 96498899601a40d9acf2e05e35406848 - - - -] Successfully bumped revision number for resource bc2a6ce7-29df-4bf4-8caa-fbb30338817b (type: ports) to 1
2026-08-26 01:37:28.304 10 INFO neutron.wsgi [None req-ae6e3fc6-f825-46ee-95c9-a84124d5691e 96eb05b2e5e54233bcc092c72baae106 96498899601a40d9acf2e05e35406848 - - - -] 162.253.55.223 "POST /v2.0/ports HTTP/1.1" status: 201 len: 1158 time: 0.4910219 /var/lib/openstack/lib/python3.10/site-packages/pycadf/identifier.py:71: UserWarning: Invalid uuid: neutron. To ensure interoperability, identifiers should be a valid uuid. warnings.warn(('Invalid uuid: %s. To ensure interoperability, '
2026-08-26 01:37:28.318 9 INFO neutron.wsgi [None req-687de8e2-0d7b-409b-8404-486002ea7d24 aedbca8846114280b2bdfedac8b3684c 189d98950eb7483caf622ed45a76b0bb - - - -] 10.0.0.232 "POST /v2.0/networks HTTP/1.1" status: 201 len: 846 time: 1.2593822
2026-08-26 01:37:28.369 9 WARNING neutron.scheduler.dhcp_agent_scheduler [None req-3ce8faf0-c113-4c0f-bb45-ef3e04d24f7a 8f656c0a18134c6ab1372bf8bbe36cb6 993b5347707847e7953692a2f4f28396 - - default default] No more DHCP agents
2026-08-26 01:37:28.383 9 WARNING neutron.api.rpc.agentnotifiers.dhcp_rpc_agent_api [None req-3ce8faf0-c113-4c0f-bb45-ef3e04d24f7a 8f656c0a18134c6ab1372bf8bbe36cb6 993b5347707847e7953692a2f4f28396 - - default default] Unable to schedule network 420d81a6-307a-4b90-ba7d-0940992635f3: no agents available; will retry on subsequent port and subnet creation events.
2026-08-26 01:37:28.567 9 INFO neutron.db.ovn_revision_numbers_db [None req-3ce8faf0-c113-4c0f-bb45-ef3e04d24f7a 8f656c0a18134c6ab1372bf8bbe36cb6 993b5347707847e7953692a2f4f28396 - - default default] Successfully bumped revision number for resource fc905649-07fc-4989-bf95-20395405d380 (type: ports) to 1
2026-08-26 01:37:28.570 9 INFO neutron.db.ovn_revision_numbers_db [None req-ae045d4f-512d-4534-aca4-d5d9cebfccec aedbca8846114280b2bdfedac8b3684c 189d98950eb7483caf622ed45a76b0bb - - - -] Successfully bumped revision number for resource 94e75e66-89b0-42bb-812d-1958a7eec8e5 (type: networks) to 2
2026-08-26 01:37:28.575 9 INFO neutron.wsgi [None req-ae045d4f-512d-4534-aca4-d5d9cebfccec aedbca8846114280b2bdfedac8b3684c 189d98950eb7483caf622ed45a76b0bb - - - -] 10.0.0.232 "PUT /v2.0/networks/94e75e66-89b0-42bb-812d-1958a7eec8e5 HTTP/1.1" status: 200 len: 792 time: 0.2495325
2026-08-26 01:37:28.606 10 WARNING neutron.plugins.ml2.drivers.ovn.mech_driver.ovsdb.ovn_client [None req-8c15824c-b5df-4752-9ac7-0a1ceda6f524 - - - - - -] No port found with ID a9c4b2f7-b47e-42ae-8007-58ff53cce08a: RuntimeError: No port found with ID a9c4b2f7-b47e-42ae-8007-58ff53cce08a
2026-08-26 01:37:28.740 10 INFO neutron.db.ovn_revision_numbers_db [None req-56cd9952-8bb4-4a4c-b476-cd068133d841 7a18b78282664b068b473887215091ee 08ccdc6a1619498ba73514faa2281105 - - - -] Successfully bumped revision number for resource bc2a6ce7-29df-4bf4-8caa-fbb30338817b (type: ports) to 2
2026-08-26 01:37:28.748 9 WARNING neutron.plugins.ml2.drivers.ovn.mech_driver.ovsdb.ovn_client [None req-708d48ee-dd6d-4598-842f-750e5fb8a55f - - - - - -] No hosting information found for port e863fab5-5122-4f3d-887e-3d296cc8e596: RuntimeError: No hosting information found for port e863fab5-5122-4f3d-887e-3d296cc8e596
2026-08-26 01:37:28.917 10 INFO neutron.db.ovn_revision_numbers_db [None req-56cd9952-8bb4-4a4c-b476-cd068133d841 7a18b78282664b068b473887215091ee 08ccdc6a1619498ba73514faa2281105 - - - -] Successfully bumped revision number for resource bc2a6ce7-29df-4bf4-8caa-fbb30338817b (type: ports) to 2
2026-08-26 01:37:28.918 9 INFO neutron.wsgi [req-ae20ea5d-9856-4efa-9179-6228626bbd93 req-456ebc6d-d422-4ae7-9192-b4c36b03ceda 96eb05b2e5e54233bcc092c72baae106 96498899601a40d9acf2e05e35406848 - - default default] 10.0.0.82 "GET /v2.0/ports?device_id=7242bfa8-4f4a-40f2-b601-13e8ac9c218b HTTP/1.1" status: 200 len: 1168 time: 0.0881643
2026-08-26 01:37:28.919 9 INFO neutron.db.ovn_revision_numbers_db [None req-b277635c-5166-40de-9062-4e551bcecc83 179e8bdbb1c342d39e671097e84dccd4 d761fbba1a6f49ea86fe1fe4277e79ab - - default default] Successfully bumped revision number for resource a6e011cb-02e2-44d3-9c28-967635a20944 (type: security_groups) to 1
2026-08-26 01:37:28.931 10 INFO neutron.wsgi [None req-56cd9952-8bb4-4a4c-b476-cd068133d841 7a18b78282664b068b473887215091ee 08ccdc6a1619498ba73514faa2281105 - - - -] 162.253.55.223 "PUT /v2.0/ports/bc2a6ce7-29df-4bf4-8caa-fbb30338817b HTTP/1.1" status: 200 len: 1328 time: 0.6177952 /var/lib/openstack/lib/python3.10/site-packages/pycadf/identifier.py:71: UserWarning: Invalid uuid: neutron. To ensure interoperability, identifiers should be a valid uuid. warnings.warn(('Invalid uuid: %s. To ensure interoperability, '
2026-08-26 01:37:28.979 9 INFO neutron.wsgi [None req-b277635c-5166-40de-9062-4e551bcecc83 179e8bdbb1c342d39e671097e84dccd4 d761fbba1a6f49ea86fe1fe4277e79ab - - default default] 10.0.0.232 "GET /v2.0/security-groups?tenant_id=ba2cec30429e428c8b06cc40bb85211d&name=default HTTP/1.1" status: 200 len: 2996 time: 0.5046885
2026-08-26 01:37:28.998 10 INFO neutron.notifiers.nova [-] Nova event matching ['req-8ebba2b7-2ce0-40d0-835f-b2362aab2048'] response: {'name': 'network-changed', 'server_uuid': '7242bfa8-4f4a-40f2-b601-13e8ac9c218b', 'tag': 'bc2a6ce7-29df-4bf4-8caa-fbb30338817b', 'status': 'completed', 'code': 200}
2026-08-26 01:37:29.012 10 INFO neutron.wsgi [req-9f9fcf3b-07af-41e2-b80d-72cf80e2491c req-453a5518-d250-41ce-8cc8-f6eb7ac4b5ab 7a18b78282664b068b473887215091ee 08ccdc6a1619498ba73514faa2281105 - - b7b1c90675bb46a2bb8fa6c30a4c48d0 b7b1c90675bb46a2bb8fa6c30a4c48d0] 162.253.55.223 "GET /v2.0/ports?tenant_id=96498899601a40d9acf2e05e35406848&device_id=7242bfa8-4f4a-40f2-b601-13e8ac9c218b HTTP/1.1" status: 200 len: 1359 time: 0.0423026
2026-08-26 01:37:29.035 9 INFO neutron.wsgi [req-ae20ea5d-9856-4efa-9179-6228626bbd93 req-e336eae1-f72f-4559-8810-0c35f7bf5abd 96eb05b2e5e54233bcc092c72baae106 96498899601a40d9acf2e05e35406848 - - default default] 10.0.0.82 "GET /v2.0/security-groups?id=057eb95e-96a4-4eca-ad22-d5d3a60475d1&fields=id&fields=name HTTP/1.1" status: 200 len: 312 time: 0.1082916
2026-08-26 01:37:29.042 10 INFO neutron.wsgi [req-9f9fcf3b-07af-41e2-b80d-72cf80e2491c req-a2e1e27a-d66a-43f2-87c8-3387ed35b1a5 7a18b78282664b068b473887215091ee 08ccdc6a1619498ba73514faa2281105 - - b7b1c90675bb46a2bb8fa6c30a4c48d0 b7b1c90675bb46a2bb8fa6c30a4c48d0] 162.253.55.223 "GET /v2.0/floatingips?fixed_ip_address=10.100.0.7&port_id=bc2a6ce7-29df-4bf4-8caa-fbb30338817b HTTP/1.1" status: 200 len: 217 time: 0.0228367
2026-08-26 01:37:29.087 10 INFO neutron.wsgi [req-9f9fcf3b-07af-41e2-b80d-72cf80e2491c req-f40ba8ad-c527-43fb-8fb4-7756ad1f30fa 7a18b78282664b068b473887215091ee 08ccdc6a1619498ba73514faa2281105 - - b7b1c90675bb46a2bb8fa6c30a4c48d0 b7b1c90675bb46a2bb8fa6c30a4c48d0] 162.253.55.223 "GET /v2.0/subnets?id=50f5c654-10bc-4800-9fd8-77c0ccead942 HTTP/1.1" status: 200 len: 869 time: 0.0356829
2026-08-26 01:37:29.117 9 WARNING neutron.scheduler.dhcp_agent_scheduler [None req-2cb1f53d-f2c1-4e32-8698-74a40eca8352 aedbca8846114280b2bdfedac8b3684c 189d98950eb7483caf622ed45a76b0bb - - - -] No more DHCP agents
2026-08-26 01:37:29.122 9 WARNING neutron.api.rpc.agentnotifiers.dhcp_rpc_agent_api [None req-2cb1f53d-f2c1-4e32-8698-74a40eca8352 aedbca8846114280b2bdfedac8b3684c 189d98950eb7483caf622ed45a76b0bb - - - -] Unable to schedule network 94e75e66-89b0-42bb-812d-1958a7eec8e5: no agents available; will retry on subsequent port and subnet creation events.
2026-08-26 01:37:29.123 10 INFO neutron.wsgi [req-9f9fcf3b-07af-41e2-b80d-72cf80e2491c req-7f10ed3d-e22c-4eb1-a716-99cc7b53e956 7a18b78282664b068b473887215091ee 08ccdc6a1619498ba73514faa2281105 - - b7b1c90675bb46a2bb8fa6c30a4c48d0 b7b1c90675bb46a2bb8fa6c30a4c48d0] 162.253.55.223 "GET /v2.0/ports?network_id=a8d220b4-e911-41b5-813b-4ee845ee0b9a&device_owner=network%3Adhcp HTTP/1.1" status: 200 len: 210 time: 0.0278893
2026-08-26 01:37:29.143 9 INFO neutron.db.ovn_revision_numbers_db [None req-2cb1f53d-f2c1-4e32-8698-74a40eca8352 aedbca8846114280b2bdfedac8b3684c 189d98950eb7483caf622ed45a76b0bb - - - -] Successfully bumped revision number for resource d8839337-9d30-4fae-98f8-e1ac48fed6e6 (type: subnets) to 0
2026-08-26 01:37:29.168 9 INFO neutron.wsgi [None req-2cb1f53d-f2c1-4e32-8698-74a40eca8352 aedbca8846114280b2bdfedac8b3684c 189d98950eb7483caf622ed45a76b0bb - - - -] 10.0.0.232 "POST /v2.0/subnets HTTP/1.1" status: 201 len: 821 time: 0.5866730
2026-08-26 01:37:29.191 10 INFO neutron.wsgi [req-9f9fcf3b-07af-41e2-b80d-72cf80e2491c req-0e734862-7665-4233-a3bc-378dc8e8049a 7a18b78282664b068b473887215091ee 08ccdc6a1619498ba73514faa2281105 - - b7b1c90675bb46a2bb8fa6c30a4c48d0 b7b1c90675bb46a2bb8fa6c30a4c48d0] 162.253.55.223 "GET /v2.0/networks/a8d220b4-e911-41b5-813b-4ee845ee0b9a?fields=segments HTTP/1.1" status: 200 len: 212 time: 0.0613730
2026-08-26 01:37:29.205 9 INFO neutron.plugins.ml2.drivers.ovn.mech_driver.mech_driver [None req-708d48ee-dd6d-4598-842f-750e5fb8a55f - - - - - -] OVN reports status up for port: fc905649-07fc-4989-bf95-20395405d380
2026-08-26 01:37:29.215 9 INFO neutron.plugins.ml2.plugin [None req-708d48ee-dd6d-4598-842f-750e5fb8a55f - - - - - -] Attempt 1 to provision port fc905649-07fc-4989-bf95-20395405d380
2026-08-26 01:37:29.217 9 INFO neutron.db.ovn_revision_numbers_db [None req-3ce8faf0-c113-4c0f-bb45-ef3e04d24f7a 8f656c0a18134c6ab1372bf8bbe36cb6 993b5347707847e7953692a2f4f28396 - - default default] Successfully bumped revision number for resource fc905649-07fc-4989-bf95-20395405d380 (type: router_ports) to 2
2026-08-26 01:37:29.277 10 INFO neutron.wsgi [req-9f9fcf3b-07af-41e2-b80d-72cf80e2491c req-59b0c7a0-b60f-4979-b970-5aa2b1b891af 7a18b78282664b068b473887215091ee 08ccdc6a1619498ba73514faa2281105 - - b7b1c90675bb46a2bb8fa6c30a4c48d0 b7b1c90675bb46a2bb8fa6c30a4c48d0] 162.253.55.223 "GET /v2.0/networks/a8d220b4-e911-41b5-813b-4ee845ee0b9a?fields=provider%3Aphysical_network&fields=provider%3Anetwork_type HTTP/1.1" status: 200 len: 277 time: 0.0773680
2026-08-26 01:37:29.287 10 INFO neutron.wsgi [None req-03db66d7-aaab-4414-9087-b9b62b6ee3e1 179e8bdbb1c342d39e671097e84dccd4 d761fbba1a6f49ea86fe1fe4277e79ab - - - -] 10.0.0.232 "DELETE /v2.0/security-groups/a6e011cb-02e2-44d3-9c28-967635a20944 HTTP/1.1" status: 204 len: 168 time: 0.3005459
2026-08-26 01:37:29.391 10 INFO neutron.wsgi [req-659a85dc-c890-4517-aeb9-831fac420709 req-b22b529d-e062-44e2-86db-34f988ca7fc1 7a18b78282664b068b473887215091ee 08ccdc6a1619498ba73514faa2281105 - - b7b1c90675bb46a2bb8fa6c30a4c48d0 b7b1c90675bb46a2bb8fa6c30a4c48d0] 162.253.55.223 "GET /v2.0/ports?tenant_id=96498899601a40d9acf2e05e35406848&device_id=7242bfa8-4f4a-40f2-b601-13e8ac9c218b HTTP/1.1" status: 200 len: 1359 time: 0.0424137
2026-08-26 01:37:29.401 9 INFO neutron.db.ovn_revision_numbers_db [None req-3ce8faf0-c113-4c0f-bb45-ef3e04d24f7a 8f656c0a18134c6ab1372bf8bbe36cb6 993b5347707847e7953692a2f4f28396 - - default default] Successfully bumped revision number for resource fc905649-07fc-4989-bf95-20395405d380 (type: ports) to 2
2026-08-26 01:37:29.477 10 INFO neutron.wsgi [req-659a85dc-c890-4517-aeb9-831fac420709 req-f7718df4-76a8-4da3-be74-eb0a5b148b5b 7a18b78282664b068b473887215091ee 08ccdc6a1619498ba73514faa2281105 - - b7b1c90675bb46a2bb8fa6c30a4c48d0 b7b1c90675bb46a2bb8fa6c30a4c48d0] 162.253.55.223 "GET /v2.0/networks?id=a8d220b4-e911-41b5-813b-4ee845ee0b9a HTTP/1.1" status: 200 len: 974 time: 0.0783210
2026-08-26 01:37:29.518 10 INFO neutron.plugins.ml2.drivers.ovn.mech_driver.mech_driver [None req-8c15824c-b5df-4752-9ac7-0a1ceda6f524 - - - - - -] OVN reports status up for port: bc2a6ce7-29df-4bf4-8caa-fbb30338817b
2026-08-26 01:37:29.529 10 INFO neutron.wsgi [req-659a85dc-c890-4517-aeb9-831fac420709 req-777783d8-9507-40c5-827b-81c4af9d3431 7a18b78282664b068b473887215091ee 08ccdc6a1619498ba73514faa2281105 - - b7b1c90675bb46a2bb8fa6c30a4c48d0 b7b1c90675bb46a2bb8fa6c30a4c48d0] 162.253.55.223 "GET /v2.0/floatingips?fixed_ip_address=10.100.0.7&port_id=bc2a6ce7-29df-4bf4-8caa-fbb30338817b HTTP/1.1" status: 200 len: 217 time: 0.0465481
2026-08-26 01:37:29.545 10 INFO neutron.plugins.ml2.plugin [None req-8c15824c-b5df-4752-9ac7-0a1ceda6f524 - - - - - -] Attempt 1 to provision port bc2a6ce7-29df-4bf4-8caa-fbb30338817b
2026-08-26 01:37:29.584 10 INFO neutron.wsgi [req-659a85dc-c890-4517-aeb9-831fac420709 req-9e33ee4f-aa86-4491-975f-15d191bf3299 7a18b78282664b068b473887215091ee 08ccdc6a1619498ba73514faa2281105 - - b7b1c90675bb46a2bb8fa6c30a4c48d0 b7b1c90675bb46a2bb8fa6c30a4c48d0] 162.253.55.223 "GET /v2.0/subnets?id=50f5c654-10bc-4800-9fd8-77c0ccead942 HTTP/1.1" status: 200 len: 869 time: 0.0489507
2026-08-26 01:37:29.627 10 INFO neutron.wsgi [req-659a85dc-c890-4517-aeb9-831fac420709 req-1d2d305b-2f89-444d-ac7c-6c43cd00bf07 7a18b78282664b068b473887215091ee 08ccdc6a1619498ba73514faa2281105 - - b7b1c90675bb46a2bb8fa6c30a4c48d0 b7b1c90675bb46a2bb8fa6c30a4c48d0] 162.253.55.223 "GET /v2.0/ports?network_id=a8d220b4-e911-41b5-813b-4ee845ee0b9a&device_owner=network%3Adhcp HTTP/1.1" status: 200 len: 210 time: 0.0379887
2026-08-26 01:37:29.698 10 INFO neutron.wsgi [req-659a85dc-c890-4517-aeb9-831fac420709 req-b2696c7b-aeb7-4481-9f04-a81149f9fab1 7a18b78282664b068b473887215091ee 08ccdc6a1619498ba73514faa2281105 - - b7b1c90675bb46a2bb8fa6c30a4c48d0 b7b1c90675bb46a2bb8fa6c30a4c48d0] 162.253.55.223 "GET /v2.0/networks/a8d220b4-e911-41b5-813b-4ee845ee0b9a?fields=segments HTTP/1.1" status: 200 len: 212 time: 0.0632794
2026-08-26 01:37:29.782 10 INFO neutron.wsgi [req-659a85dc-c890-4517-aeb9-831fac420709 req-4f7a9251-85c3-43ee-b80d-cf9eb7b2a62b 7a18b78282664b068b473887215091ee 08ccdc6a1619498ba73514faa2281105 - - b7b1c90675bb46a2bb8fa6c30a4c48d0 b7b1c90675bb46a2bb8fa6c30a4c48d0] 162.253.55.223 "GET /v2.0/networks/a8d220b4-e911-41b5-813b-4ee845ee0b9a?fields=provider%3Aphysical_network&fields=provider%3Anetwork_type HTTP/1.1" status: 200 len: 277 time: 0.0627863
2026-08-26 01:37:29.857 10 INFO neutron.db.ovn_revision_numbers_db [None req-8c15824c-b5df-4752-9ac7-0a1ceda6f524 - - - - - -] Successfully bumped revision number for resource bc2a6ce7-29df-4bf4-8caa-fbb30338817b (type: ports) to 4
2026-08-26 01:37:30.039 9 WARNING neutron.scheduler.dhcp_agent_scheduler [None req-3ce8faf0-c113-4c0f-bb45-ef3e04d24f7a 8f656c0a18134c6ab1372bf8bbe36cb6 993b5347707847e7953692a2f4f28396 - - default default] No more DHCP agents
2026-08-26 01:37:30.043 9 WARNING neutron.api.rpc.agentnotifiers.dhcp_rpc_agent_api [None req-3ce8faf0-c113-4c0f-bb45-ef3e04d24f7a 8f656c0a18134c6ab1372bf8bbe36cb6 993b5347707847e7953692a2f4f28396 - - default default] Unable to schedule network 420d81a6-307a-4b90-ba7d-0940992635f3: no agents available; will retry on subsequent port and subnet creation events.
2026-08-26 01:37:30.187 9 INFO neutron.wsgi [req-8322e883-5e16-452e-a13c-b003ed3a6cc9 req-ffc75ed3-caf7-4f91-a8f8-5689908e7b29 96eb05b2e5e54233bcc092c72baae106 96498899601a40d9acf2e05e35406848 - - default default] 10.0.0.82 "GET /v2.0/ports?device_id=7242bfa8-4f4a-40f2-b601-13e8ac9c218b HTTP/1.1" status: 200 len: 1170 time: 0.0830705
2026-08-26 01:37:30.273 9 INFO neutron.db.ovn_revision_numbers_db [None req-708d48ee-dd6d-4598-842f-750e5fb8a55f - - - - - -] Successfully bumped revision number for resource fc905649-07fc-4989-bf95-20395405d380 (type: ports) to 3
2026-08-26 01:37:30.304 9 INFO neutron.wsgi [req-8322e883-5e16-452e-a13c-b003ed3a6cc9 req-ffb6b25c-a38b-4594-96c4-efec57e3df9d 96eb05b2e5e54233bcc092c72baae106 96498899601a40d9acf2e05e35406848 - - default default] 10.0.0.82 "GET /v2.0/security-groups?id=057eb95e-96a4-4eca-ad22-d5d3a60475d1&fields=id&fields=name HTTP/1.1" status: 200 len: 312 time: 0.0869286
2026-08-26 01:37:30.449 9 INFO neutron.db.ovn_revision_numbers_db [None req-708d48ee-dd6d-4598-842f-750e5fb8a55f - - - - - -] Successfully bumped revision number for resource fc905649-07fc-4989-bf95-20395405d380 (type: router_ports) to 3
2026-08-26 01:37:30.462 9 INFO neutron.db.ovn_revision_numbers_db [None req-3ce8faf0-c113-4c0f-bb45-ef3e04d24f7a 8f656c0a18134c6ab1372bf8bbe36cb6 993b5347707847e7953692a2f4f28396 - - - -] Successfully bumped revision number for resource fc905649-07fc-4989-bf95-20395405d380 (type: router_ports) to 3
2026-08-26 01:37:30.464 9 INFO neutron.wsgi [None req-3ce8faf0-c113-4c0f-bb45-ef3e04d24f7a 8f656c0a18134c6ab1372bf8bbe36cb6 993b5347707847e7953692a2f4f28396 - - - -] 10.0.0.232 "PUT /v2.0/routers/f5ffacc9-8521-40d6-a3d8-eec0c7d52ed8/add_router_interface HTTP/1.1" status: 200 len: 503 time: 2.6930511 /var/lib/openstack/lib/python3.10/site-packages/pycadf/identifier.py:71: UserWarning: Invalid uuid: neutron. To ensure interoperability, identifiers should be a valid uuid. warnings.warn(('Invalid uuid: %s. To ensure interoperability, '
2026-08-26 01:37:30.522 10 INFO neutron.wsgi [None req-1f3f3461-e688-46c1-ab51-d391d8481206 8f656c0a18134c6ab1372bf8bbe36cb6 993b5347707847e7953692a2f4f28396 - - default default] 10.0.0.232 "GET /v2.0/ports/fc905649-07fc-4989-bf95-20395405d380 HTTP/1.1" status: 200 len: 1141 time: 0.0466280
2026-08-26 01:37:30.536 9 INFO neutron.wsgi [None req-669b307c-0394-4284-b2b5-c7572a40afbf 179e8bdbb1c342d39e671097e84dccd4 d761fbba1a6f49ea86fe1fe4277e79ab - - default default] 10.0.0.220 "GET /v2.0/network-ip-availabilities HTTP/1.1" status: 200 len: 3123 time: 0.1567667
2026-08-26 01:37:30.572 9 INFO neutron.wsgi [None req-ce493c9c-da2e-4a9b-94a2-2790ced87596 179e8bdbb1c342d39e671097e84dccd4 d761fbba1a6f49ea86fe1fe4277e79ab - - default default] 10.0.0.220 "GET /v2.0/agents HTTP/1.1" status: 200 len: 997 time: 0.0353131
2026-08-26 01:37:30.580 10 INFO neutron.wsgi [None req-e5889a74-8063-42f5-8ab4-874945c1b3e2 8f656c0a18134c6ab1372bf8bbe36cb6 993b5347707847e7953692a2f4f28396 - - default default] 10.0.0.232 "GET /v2.0/ports/fc905649-07fc-4989-bf95-20395405d380 HTTP/1.1" status: 200 len: 1141 time: 0.0507727
