2026-08-26 01:36:18.671 10 INFO neutron.db.ovn_revision_numbers_db [None req-fa772250-4870-4aab-8df3-03bd396388d9 179e8bdbb1c342d39e671097e84dccd4 d761fbba1a6f49ea86fe1fe4277e79ab - - - -] Successfully bumped revision number for resource 8a6616b3-317f-42d1-b5a2-46f09d9eb7d3 (type: router_ports) to 1
2026-08-26 01:36:18.749 10 INFO neutron.wsgi [req-9dc0eab4-cf88-4a23-8613-c61dcd153c6e req-06ea3e1e-a2fc-4507-aeca-f94f40ba3f2a 7a18b78282664b068b473887215091ee 08ccdc6a1619498ba73514faa2281105 - - b7b1c90675bb46a2bb8fa6c30a4c48d0 b7b1c90675bb46a2bb8fa6c30a4c48d0] 162.253.55.223 "GET /v2.0/ports?tenant_id=f1f62ade9dff44de8bace8ecdaed8277&device_id=fb2dd285-e870-4270-9c80-e8fc40a04442 HTTP/1.1" status: 200 len: 1361 time: 0.0692217
2026-08-26 01:36:18.857 10 INFO neutron.db.ovn_revision_numbers_db [None req-fa772250-4870-4aab-8df3-03bd396388d9 179e8bdbb1c342d39e671097e84dccd4 d761fbba1a6f49ea86fe1fe4277e79ab - - - -] Successfully bumped revision number for resource 71156d93-cc4a-45fd-9291-3b1d22c30e7f (type: routers) to 3
2026-08-26 01:36:18.880 10 INFO neutron.wsgi [None req-fa772250-4870-4aab-8df3-03bd396388d9 179e8bdbb1c342d39e671097e84dccd4 d761fbba1a6f49ea86fe1fe4277e79ab - - - -] 10.0.0.232 "POST /v2.0/routers HTTP/1.1" status: 201 len: 877 time: 2.2600267
2026-08-26 01:36:18.901 10 INFO neutron.wsgi [req-9dc0eab4-cf88-4a23-8613-c61dcd153c6e req-01ba8109-7c5b-45a5-b0f2-65d1cc079b70 7a18b78282664b068b473887215091ee 08ccdc6a1619498ba73514faa2281105 - - b7b1c90675bb46a2bb8fa6c30a4c48d0 b7b1c90675bb46a2bb8fa6c30a4c48d0] 162.253.55.223 "GET /v2.0/networks?id=3bbb6aea-cb18-470c-8457-9bb9c189d48a HTTP/1.1" status: 200 len: 981 time: 0.1378596
2026-08-26 01:36:18.992 10 INFO neutron.wsgi [req-9dc0eab4-cf88-4a23-8613-c61dcd153c6e req-cdb8a79f-9459-4946-b236-a21178a9ec9d 7a18b78282664b068b473887215091ee 08ccdc6a1619498ba73514faa2281105 - - b7b1c90675bb46a2bb8fa6c30a4c48d0 b7b1c90675bb46a2bb8fa6c30a4c48d0] 162.253.55.223 "GET /v2.0/floatingips?fixed_ip_address=10.100.0.3&port_id=39e28732-3199-4da6-a881-afaf3b504a66 HTTP/1.1" status: 200 len: 1059 time: 0.0782733
2026-08-26 01:36:19.046 10 INFO neutron.wsgi [req-9dc0eab4-cf88-4a23-8613-c61dcd153c6e req-9aab5f36-7e1a-4b63-8749-47253b28f292 7a18b78282664b068b473887215091ee 08ccdc6a1619498ba73514faa2281105 - - b7b1c90675bb46a2bb8fa6c30a4c48d0 b7b1c90675bb46a2bb8fa6c30a4c48d0] 162.253.55.223 "GET /v2.0/subnets?id=4251f559-f2f7-4424-be26-90f0d9112593 HTTP/1.1" status: 200 len: 876 time: 0.0453467
2026-08-26 01:36:19.318 9 WARNING neutron.scheduler.dhcp_agent_scheduler [None req-af811318-cf04-4e43-a392-a7d632cce564 179e8bdbb1c342d39e671097e84dccd4 d761fbba1a6f49ea86fe1fe4277e79ab - - default default] No more DHCP agents
2026-08-26 01:36:19.320 9 WARNING neutron.api.rpc.agentnotifiers.dhcp_rpc_agent_api [None req-af811318-cf04-4e43-a392-a7d632cce564 179e8bdbb1c342d39e671097e84dccd4 d761fbba1a6f49ea86fe1fe4277e79ab - - default default] Unable to schedule network efc6d7a6-91e6-441b-bacd-3f1def4daaac: no agents available; will retry on subsequent port and subnet creation events.
2026-08-26 01:36:19.338 10 INFO neutron.wsgi [req-9dc0eab4-cf88-4a23-8613-c61dcd153c6e req-af8c0a78-0881-4c15-8ecc-ea72967cf26d 7a18b78282664b068b473887215091ee 08ccdc6a1619498ba73514faa2281105 - - b7b1c90675bb46a2bb8fa6c30a4c48d0 b7b1c90675bb46a2bb8fa6c30a4c48d0] 162.253.55.223 "GET /v2.0/ports?network_id=3bbb6aea-cb18-470c-8457-9bb9c189d48a&device_owner=network%3Adhcp HTTP/1.1" status: 200 len: 210 time: 0.2843633
2026-08-26 01:36:19.416 10 INFO neutron.wsgi [None req-f5faf4fd-4d5b-4e81-bd7a-6b78b51ea52f 179e8bdbb1c342d39e671097e84dccd4 d761fbba1a6f49ea86fe1fe4277e79ab - - - -] 10.0.0.232 "DELETE /v2.0/security-groups/bde3f4cf-1a17-48ab-acfe-ba92aa1a59c5 HTTP/1.1" status: 204 len: 168 time: 0.7841961
2026-08-26 01:36:19.432 10 INFO neutron.wsgi [req-9dc0eab4-cf88-4a23-8613-c61dcd153c6e req-4385bf03-0950-4e99-b747-69ed3dd0593c 7a18b78282664b068b473887215091ee 08ccdc6a1619498ba73514faa2281105 - - b7b1c90675bb46a2bb8fa6c30a4c48d0 b7b1c90675bb46a2bb8fa6c30a4c48d0] 162.253.55.223 "GET /v2.0/networks/3bbb6aea-cb18-470c-8457-9bb9c189d48a?fields=segments HTTP/1.1" status: 200 len: 212 time: 0.0845149
2026-08-26 01:36:19.470 9 INFO neutron.db.ovn_revision_numbers_db [None req-af811318-cf04-4e43-a392-a7d632cce564 179e8bdbb1c342d39e671097e84dccd4 d761fbba1a6f49ea86fe1fe4277e79ab - - default default] Successfully bumped revision number for resource 5dfb46c1-9a53-4f72-ba7e-09a8253af9ce (type: ports) to 1
2026-08-26 01:36:19.566 10 INFO neutron.wsgi [req-9dc0eab4-cf88-4a23-8613-c61dcd153c6e req-d516aba9-9508-4f95-8f7a-ce4af7eb227f 7a18b78282664b068b473887215091ee 08ccdc6a1619498ba73514faa2281105 - - b7b1c90675bb46a2bb8fa6c30a4c48d0 b7b1c90675bb46a2bb8fa6c30a4c48d0] 162.253.55.223 "GET /v2.0/networks/3bbb6aea-cb18-470c-8457-9bb9c189d48a?fields=provider%3Aphysical_network&fields=provider%3Anetwork_type HTTP/1.1" status: 200 len: 277 time: 0.1091478
2026-08-26 01:36:19.685 9 INFO neutron.db.ovn_revision_numbers_db [None req-baebc0df-8b0a-4a4a-85d7-c9dfdfe2c14e 179e8bdbb1c342d39e671097e84dccd4 d761fbba1a6f49ea86fe1fe4277e79ab - - default default] Successfully bumped revision number for resource eeb70582-76ff-418e-8e47-5da4486ebc20 (type: security_groups) to 1
2026-08-26 01:36:19.707 10 INFO neutron.db.ovn_revision_numbers_db [None req-4da563f1-42f7-4c4a-bf00-b7139f291f79 - - - - - -] Successfully bumped revision number for resource 8a6616b3-317f-42d1-b5a2-46f09d9eb7d3 (type: ports) to 1
2026-08-26 01:36:19.713 9 INFO neutron.wsgi [None req-baebc0df-8b0a-4a4a-85d7-c9dfdfe2c14e 179e8bdbb1c342d39e671097e84dccd4 d761fbba1a6f49ea86fe1fe4277e79ab - - default default] 10.0.0.232 "GET /v2.0/security-groups?tenant_id=044957f064f6429190b95af0665c0266&name=default HTTP/1.1" status: 200 len: 2996 time: 0.1913686
2026-08-26 01:36:19.848 9 INFO neutron.wsgi [None req-47194825-4575-42e9-88f4-663aaac2724a 9d14a95444d3432a803f9a7ce1ccb21d 1d153071695f496cbc5ddeb6cd963028 - - - -] 10.0.0.232 "DELETE /v2.0/security-groups/ab8c060f-8008-446a-ac03-267ba6138e47 HTTP/1.1" status: 204 len: 168 time: 0.1837697
2026-08-26 01:36:19.866 9 INFO neutron.api.v2.resource [None req-f4b34fc6-3b4b-4111-a05b-b5b2614e089c 9d14a95444d3432a803f9a7ce1ccb21d 1d153071695f496cbc5ddeb6cd963028 - - default default] show failed (client error): The resource could not be found.
2026-08-26 01:36:19.867 9 INFO neutron.wsgi [None req-f4b34fc6-3b4b-4111-a05b-b5b2614e089c 9d14a95444d3432a803f9a7ce1ccb21d 1d153071695f496cbc5ddeb6cd963028 - - default default] 10.0.0.232 "GET /v2.0/security-groups/ab8c060f-8008-446a-ac03-267ba6138e47 HTTP/1.1" status: 404 len: 347 time: 0.0129337
2026-08-26 01:36:19.984 10 INFO neutron.wsgi [None req-83e951b2-1b92-4a5d-96e6-4f7555bf78a7 179e8bdbb1c342d39e671097e84dccd4 d761fbba1a6f49ea86fe1fe4277e79ab - - - -] 10.0.0.232 "DELETE /v2.0/security-groups/eeb70582-76ff-418e-8e47-5da4486ebc20 HTTP/1.1" status: 204 len: 168 time: 0.2644501
2026-08-26 01:36:20.036 9 INFO neutron.db.ovn_revision_numbers_db [None req-af811318-cf04-4e43-a392-a7d632cce564 179e8bdbb1c342d39e671097e84dccd4 d761fbba1a6f49ea86fe1fe4277e79ab - - default default] Successfully bumped revision number for resource 5dfb46c1-9a53-4f72-ba7e-09a8253af9ce (type: router_ports) to 2
2026-08-26 01:36:20.037 10 INFO neutron.db.ovn_revision_numbers_db [None req-4da563f1-42f7-4c4a-bf00-b7139f291f79 - - - - - -] Successfully bumped revision number for resource 8a6616b3-317f-42d1-b5a2-46f09d9eb7d3 (type: router_ports) to 3
2026-08-26 01:36:20.173 10 INFO neutron.db.ovn_revision_numbers_db [None req-4da563f1-42f7-4c4a-bf00-b7139f291f79 - - - - - -] Successfully bumped revision number for resource 8a6616b3-317f-42d1-b5a2-46f09d9eb7d3 (type: ports) to 2
2026-08-26 01:36:20.234 9 INFO neutron.db.ovn_revision_numbers_db [None req-af811318-cf04-4e43-a392-a7d632cce564 179e8bdbb1c342d39e671097e84dccd4 d761fbba1a6f49ea86fe1fe4277e79ab - - default default] Successfully bumped revision number for resource 5dfb46c1-9a53-4f72-ba7e-09a8253af9ce (type: ports) to 2
2026-08-26 01:36:20.315 9 WARNING neutron.scheduler.dhcp_agent_scheduler [None req-af811318-cf04-4e43-a392-a7d632cce564 179e8bdbb1c342d39e671097e84dccd4 d761fbba1a6f49ea86fe1fe4277e79ab - - default default] No more DHCP agents
2026-08-26 01:36:20.326 9 WARNING neutron.api.rpc.agentnotifiers.dhcp_rpc_agent_api [None req-af811318-cf04-4e43-a392-a7d632cce564 179e8bdbb1c342d39e671097e84dccd4 d761fbba1a6f49ea86fe1fe4277e79ab - - default default] Unable to schedule network efc6d7a6-91e6-441b-bacd-3f1def4daaac: no agents available; will retry on subsequent port and subnet creation events.
2026-08-26 01:36:20.361 10 INFO neutron.db.ovn_revision_numbers_db [None req-4da563f1-42f7-4c4a-bf00-b7139f291f79 - - - - - -] Successfully bumped revision number for resource 8a6616b3-317f-42d1-b5a2-46f09d9eb7d3 (type: ports) to 4
2026-08-26 01:36:20.384 9 INFO neutron.wsgi [None req-a95ea6ef-3b0b-4c8a-933b-56c56aff52ab 9d14a95444d3432a803f9a7ce1ccb21d 1d153071695f496cbc5ddeb6cd963028 - - - -] 10.0.0.232 "DELETE /v2.0/floatingips/b75fa7a6-4af6-41ff-b9f1-d79dbdb2eeeb HTTP/1.1" status: 204 len: 168 time: 0.5112724
2026-08-26 01:36:20.964 10 INFO neutron.db.ovn_revision_numbers_db [None req-4da563f1-42f7-4c4a-bf00-b7139f291f79 - - - - - -] Successfully bumped revision number for resource 8a6616b3-317f-42d1-b5a2-46f09d9eb7d3 (type: router_ports) to 4
2026-08-26 01:36:21.277 9 INFO neutron.db.ovn_revision_numbers_db [None req-af811318-cf04-4e43-a392-a7d632cce564 179e8bdbb1c342d39e671097e84dccd4 d761fbba1a6f49ea86fe1fe4277e79ab - - - -] Successfully bumped revision number for resource 5dfb46c1-9a53-4f72-ba7e-09a8253af9ce (type: router_ports) to 2
2026-08-26 01:36:21.280 9 INFO neutron.wsgi [None req-af811318-cf04-4e43-a392-a7d632cce564 179e8bdbb1c342d39e671097e84dccd4 d761fbba1a6f49ea86fe1fe4277e79ab - - - -] 10.0.0.232 "PUT /v2.0/routers/71156d93-cc4a-45fd-9291-3b1d22c30e7f/add_router_interface HTTP/1.1" status: 200 len: 503 time: 2.3932319
2026-08-26 01:36:21.440 9 INFO neutron.plugins.ml2.drivers.ovn.mech_driver.mech_driver [None req-708d48ee-dd6d-4598-842f-750e5fb8a55f - - - - - -] OVN reports status up for port: 5dfb46c1-9a53-4f72-ba7e-09a8253af9ce
2026-08-26 01:36:21.450 9 INFO neutron.plugins.ml2.plugin [None req-708d48ee-dd6d-4598-842f-750e5fb8a55f - - - - - -] Attempt 1 to provision port 5dfb46c1-9a53-4f72-ba7e-09a8253af9ce
2026-08-26 01:36:21.704 9 INFO neutron.db.ovn_revision_numbers_db [None req-708d48ee-dd6d-4598-842f-750e5fb8a55f - - - - - -] Successfully bumped revision number for resource 5dfb46c1-9a53-4f72-ba7e-09a8253af9ce (type: ports) to 3
2026-08-26 01:36:21.813 9 INFO neutron.db.ovn_revision_numbers_db [None req-708d48ee-dd6d-4598-842f-750e5fb8a55f - - - - - -] Successfully bumped revision number for resource 5dfb46c1-9a53-4f72-ba7e-09a8253af9ce (type: router_ports) to 3
2026-08-26 01:36:21.919 10 INFO neutron.wsgi [None req-5402beb8-d185-464f-8a1e-7992e0850871 179e8bdbb1c342d39e671097e84dccd4 d761fbba1a6f49ea86fe1fe4277e79ab - - - -] 10.0.0.232 "PUT /v2.0/routers/86c0fe88-4ca5-45d5-a548-2cc5db8eabbf/remove_router_interface HTTP/1.1" status: 200 len: 503 time: 1.5266495 /var/lib/openstack/lib/python3.10/site-packages/pycadf/identifier.py:71: UserWarning: Invalid uuid: neutron. To ensure interoperability, identifiers should be a valid uuid. warnings.warn(('Invalid uuid: %s. To ensure interoperability, '
2026-08-26 01:36:22.072 9 INFO neutron.db.ovn_revision_numbers_db [None req-fbb0b643-d562-44a9-b9f5-aa5b3b4a0911 d27b378f96434541a881d8011b1e1328 a3b4ac3fd2194100a155dc6d53806a5e - - - -] Successfully bumped revision number for resource 6c15f078-3eb6-44c7-8a93-10bccaf50c44 (type: security_groups) to 1
2026-08-26 01:36:22.091 9 INFO neutron.wsgi [None req-fbb0b643-d562-44a9-b9f5-aa5b3b4a0911 d27b378f96434541a881d8011b1e1328 a3b4ac3fd2194100a155dc6d53806a5e - - - -] 10.0.0.232 "POST /v2.0/security-groups HTTP/1.1" status: 201 len: 1796 time: 0.1222575
2026-08-26 01:36:22.301 10 INFO neutron.db.ovn_revision_numbers_db [None req-ef7c3a55-4fef-4414-b316-8d6617938eca d27b378f96434541a881d8011b1e1328 a3b4ac3fd2194100a155dc6d53806a5e - - - -] Successfully bumped revision number for resource 6fa559da-a806-4739-b161-9d2ee5ad749e (type: security_group_rules) to 0
2026-08-26 01:36:22.359 10 INFO neutron.wsgi [None req-ef7c3a55-4fef-4414-b316-8d6617938eca d27b378f96434541a881d8011b1e1328 a3b4ac3fd2194100a155dc6d53806a5e - - - -] 10.0.0.232 "POST /v2.0/security-group-rules HTTP/1.1" status: 201 len: 764 time: 0.2587793
2026-08-26 01:36:22.518 9 INFO neutron.db.ovn_revision_numbers_db [None req-b54f3632-775b-49e6-86ff-96ec83b362e1 d27b378f96434541a881d8011b1e1328 a3b4ac3fd2194100a155dc6d53806a5e - - - -] Successfully bumped revision number for resource e1d4b0cc-322c-45ef-8a52-15e9e8677690 (type: security_group_rules) to 0
2026-08-26 01:36:22.551 9 INFO neutron.wsgi [None req-b54f3632-775b-49e6-86ff-96ec83b362e1 d27b378f96434541a881d8011b1e1328 a3b4ac3fd2194100a155dc6d53806a5e - - - -] 10.0.0.232 "POST /v2.0/security-group-rules HTTP/1.1" status: 201 len: 769 time: 0.1854045
2026-08-26 01:36:22.792 9 WARNING neutron.scheduler.dhcp_agent_scheduler [None req-1b13c6bf-85c3-4557-a2aa-6c77e2c2865f d27b378f96434541a881d8011b1e1328 a3b4ac3fd2194100a155dc6d53806a5e - - - -] No more DHCP agents
2026-08-26 01:36:22.794 9 WARNING neutron.api.rpc.agentnotifiers.dhcp_rpc_agent_api [None req-1b13c6bf-85c3-4557-a2aa-6c77e2c2865f d27b378f96434541a881d8011b1e1328 a3b4ac3fd2194100a155dc6d53806a5e - - - -] Unable to schedule network c855d0c7-59cd-43c9-9305-a1aaf2c899e5: no agents available; will retry on subsequent port and subnet creation events.
2026-08-26 01:36:22.834 10 INFO neutron.wsgi [None req-b8e97b3e-aaed-4bbc-a88f-855fcf7d8127 179e8bdbb1c342d39e671097e84dccd4 d761fbba1a6f49ea86fe1fe4277e79ab - - - -] 10.0.0.232 "DELETE /v2.0/routers/86c0fe88-4ca5-45d5-a548-2cc5db8eabbf HTTP/1.1" status: 204 len: 168 time: 0.9100468
2026-08-26 01:36:23.069 10 INFO neutron.wsgi [None req-22478a3c-4073-4bb5-bbf4-c1bd00809c16 179e8bdbb1c342d39e671097e84dccd4 d761fbba1a6f49ea86fe1fe4277e79ab - - - -] 10.0.0.232 "DELETE /v2.0/subnets/8d9d06d2-f936-49b6-ad20-01b78fea24ae HTTP/1.1" status: 204 len: 168 time: 0.2282691
2026-08-26 01:36:23.100 9 INFO neutron.db.ovn_revision_numbers_db [None req-1b13c6bf-85c3-4557-a2aa-6c77e2c2865f d27b378f96434541a881d8011b1e1328 a3b4ac3fd2194100a155dc6d53806a5e - - - -] Successfully bumped revision number for resource 23ffed78-0491-4dd3-8591-dd885d263f9e (type: floatingips) to 0
2026-08-26 01:36:23.115 9 INFO neutron.wsgi [None req-1b13c6bf-85c3-4557-a2aa-6c77e2c2865f d27b378f96434541a881d8011b1e1328 a3b4ac3fd2194100a155dc6d53806a5e - - - -] 10.0.0.232 "POST /v2.0/floatingips HTTP/1.1" status: 201 len: 751 time: 0.5566695
2026-08-26 01:36:23.468 10 INFO neutron.services.segments.plugin [-] Segment 09b4d203-fcf6-4017-beba-634e9159150a resource provider aggregate not found
2026-08-26 01:36:23.476 10 INFO neutron.services.segments.plugin [-] Segment 09b4d203-fcf6-4017-beba-634e9159150a resource provider aggregate not found
2026-08-26 01:36:23.497 10 INFO neutron.services.segments.plugin [-] Segment 09b4d203-fcf6-4017-beba-634e9159150a resource provider not found; error: Placement Client Error (4xx): {"errors": [{"status": 404, "title": "Not Found", "detail": "The resource could not be found.\n\n No resource provider with uuid 09b4d203-fcf6-4017-beba-634e9159150a found for delete ", "request_id": "req-260b6dd6-9ef5-4821-9214-9e13bfebc9e0"}]}
2026-08-26 01:36:23.501 10 INFO neutron.services.segments.plugin [-] Segment 09b4d203-fcf6-4017-beba-634e9159150a resource provider not found; error: Placement Client Error (4xx): {"errors": [{"status": 404, "title": "Not Found", "detail": "The resource could not be found.\n\n No resource provider with uuid 09b4d203-fcf6-4017-beba-634e9159150a found for delete ", "request_id": "req-fb26a546-c4ca-445e-9adf-9aa3162d51b2"}]}
2026-08-26 01:36:23.532 10 INFO neutron.wsgi [None req-67d90629-8d6d-487e-81e5-29f776e8dfe0 179e8bdbb1c342d39e671097e84dccd4 d761fbba1a6f49ea86fe1fe4277e79ab - - - -] 10.0.0.232 "DELETE /v2.0/networks/01679361-c7db-40ee-b64b-9e6ac3952ef5 HTTP/1.1" status: 204 len: 168 time: 0.4559314
2026-08-26 01:36:23.599 9 INFO neutron.wsgi [req-63dd9622-9adc-4139-ad94-8defbb3d9660 req-ce0bd869-014d-453d-a211-a314c04608a6 d27b378f96434541a881d8011b1e1328 a3b4ac3fd2194100a155dc6d53806a5e - - default default] 10.0.0.82 "GET /v2.0/security-groups?name=tempest-securitygroup--383350511&fields=id&tenant_id=a3b4ac3fd2194100a155dc6d53806a5e HTTP/1.1" status: 200 len: 267 time: 0.0335271
2026-08-26 01:36:23.677 9 INFO neutron.wsgi [req-63dd9622-9adc-4139-ad94-8defbb3d9660 req-5a3ee18a-3596-4094-98b5-73a109222a77 d27b378f96434541a881d8011b1e1328 a3b4ac3fd2194100a155dc6d53806a5e - - default default] 10.0.0.82 "GET /v2.0/networks?id=efc6d7a6-91e6-441b-bacd-3f1def4daaac HTTP/1.1" status: 200 len: 875 time: 0.0682478
2026-08-26 01:36:23.696 9 INFO neutron.wsgi [req-63dd9622-9adc-4139-ad94-8defbb3d9660 req-cc7c2605-405a-4d1a-aad5-a8f6ad8a8305 d27b378f96434541a881d8011b1e1328 a3b4ac3fd2194100a155dc6d53806a5e - - default default] 10.0.0.82 "GET /v2.0/quotas/a3b4ac3fd2194100a155dc6d53806a5e HTTP/1.1" status: 200 len: 386 time: 0.0126438
2026-08-26 01:36:23.738 10 INFO neutron.wsgi [None req-8b1a25b3-5249-401e-be28-b5b4fc307650 179e8bdbb1c342d39e671097e84dccd4 d761fbba1a6f49ea86fe1fe4277e79ab - - default default] 10.0.0.232 "GET /v2.0/security-groups?tenant_id=1d153071695f496cbc5ddeb6cd963028&name=default HTTP/1.1" status: 200 len: 2992 time: 0.0316484
2026-08-26 01:36:23.789 9 INFO neutron.wsgi [req-63dd9622-9adc-4139-ad94-8defbb3d9660 req-27e02aa7-cc5c-4686-a771-c64252911ad3 d27b378f96434541a881d8011b1e1328 a3b4ac3fd2194100a155dc6d53806a5e - - default default] 10.0.0.82 "GET /v2.0/ports?tenant_id=a3b4ac3fd2194100a155dc6d53806a5e&fields=id HTTP/1.1" status: 200 len: 302 time: 0.0860355
2026-08-26 01:36:23.853 9 INFO neutron.wsgi [req-63dd9622-9adc-4139-ad94-8defbb3d9660 req-86037aaa-4f17-4b22-8503-9e869f266049 7a18b78282664b068b473887215091ee 08ccdc6a1619498ba73514faa2281105 - - b7b1c90675bb46a2bb8fa6c30a4c48d0 b7b1c90675bb46a2bb8fa6c30a4c48d0] 10.0.0.82 "GET /v2.0/networks/efc6d7a6-91e6-441b-bacd-3f1def4daaac?fields=segments HTTP/1.1" status: 200 len: 212 time: 0.0518260
2026-08-26 01:36:23.922 9 INFO neutron.wsgi [req-63dd9622-9adc-4139-ad94-8defbb3d9660 req-428ebff3-45a1-49dc-8ff1-efae6daa8cd9 7a18b78282664b068b473887215091ee 08ccdc6a1619498ba73514faa2281105 - - b7b1c90675bb46a2bb8fa6c30a4c48d0 b7b1c90675bb46a2bb8fa6c30a4c48d0] 10.0.0.82 "GET /v2.0/networks/efc6d7a6-91e6-441b-bacd-3f1def4daaac?fields=provider%3Aphysical_network&fields=provider%3Anetwork_type HTTP/1.1" status: 200 len: 277 time: 0.0604696
2026-08-26 01:36:23.932 10 INFO neutron.wsgi [None req-1a1778f7-dcc6-43b6-a9b0-d721ee0eebfe 179e8bdbb1c342d39e671097e84dccd4 d761fbba1a6f49ea86fe1fe4277e79ab - - - -] 10.0.0.232 "DELETE /v2.0/security-groups/816edf88-b6c4-459b-b284-671d09c72818 HTTP/1.1" status: 204 len: 168 time: 0.1889763
2026-08-26 01:36:24.069 9 INFO neutron.wsgi [req-1f5bd6ec-7b90-4ee4-a934-d5ab436776f0 req-f70e32c1-401a-4871-973c-a62e41323d02 d27b378f96434541a881d8011b1e1328 a3b4ac3fd2194100a155dc6d53806a5e - - default default] 10.0.0.82 "GET /v2.0/ports?device_id=f523f06b-e53a-405d-9264-7d2659799be2 HTTP/1.1" status: 200 len: 210 time: 0.0311625
2026-08-26 01:36:24.224 9 INFO neutron.db.ovn_revision_numbers_db [None req-0fadf02f-33b7-4b4f-8808-53894c78828f 179e8bdbb1c342d39e671097e84dccd4 d761fbba1a6f49ea86fe1fe4277e79ab - - default default] Successfully bumped revision number for resource 82229427-d8b5-4119-bf4d-65583dd452ac (type: security_groups) to 1
2026-08-26 01:36:24.242 9 INFO neutron.wsgi [None req-0fadf02f-33b7-4b4f-8808-53894c78828f 179e8bdbb1c342d39e671097e84dccd4 d761fbba1a6f49ea86fe1fe4277e79ab - - default default] 10.0.0.232 "GET /v2.0/security-groups?tenant_id=120b39763c6342179f6bdd93c0142bc2&name=default HTTP/1.1" status: 200 len: 2996 time: 0.3560452
2026-08-26 01:36:24.450 9 INFO neutron.wsgi [None req-80c0803e-d3a6-45a3-859a-d62060ad11b2 179e8bdbb1c342d39e671097e84dccd4 d761fbba1a6f49ea86fe1fe4277e79ab - - - -] 10.0.0.232 "DELETE /v2.0/security-groups/82229427-d8b5-4119-bf4d-65583dd452ac HTTP/1.1" status: 204 len: 168 time: 0.2014117
2026-08-26 01:36:24.681 9 INFO neutron.db.ovn_revision_numbers_db [None req-7dce421d-5824-4032-8b16-90b168824b76 179e8bdbb1c342d39e671097e84dccd4 d761fbba1a6f49ea86fe1fe4277e79ab - - default default] Successfully bumped revision number for resource 85086e03-8327-400c-b855-2b5d8428581e (type: security_groups) to 1
2026-08-26 01:36:24.703 9 INFO neutron.wsgi [None req-7dce421d-5824-4032-8b16-90b168824b76 179e8bdbb1c342d39e671097e84dccd4 d761fbba1a6f49ea86fe1fe4277e79ab - - default default] 10.0.0.232 "GET /v2.0/security-groups?tenant_id=27082f159bd342f584c3e2e9683fcc5f&name=default HTTP/1.1" status: 200 len: 2996 time: 0.1510291
2026-08-26 01:36:24.874 9 INFO neutron.wsgi [None req-8549ab07-a551-4fde-a38a-dc5e6dcdd048 179e8bdbb1c342d39e671097e84dccd4 d761fbba1a6f49ea86fe1fe4277e79ab - - - -] 10.0.0.232 "DELETE /v2.0/security-groups/85086e03-8327-400c-b855-2b5d8428581e HTTP/1.1" status: 204 len: 168 time: 0.1662469
2026-08-26 01:36:25.014 10 INFO neutron.wsgi [req-63dd9622-9adc-4139-ad94-8defbb3d9660 req-d78a0063-10b2-4660-a3e0-3b64c6c087ef d27b378f96434541a881d8011b1e1328 a3b4ac3fd2194100a155dc6d53806a5e - - default default] 162.253.55.223 "GET /v2.0/networks?id=efc6d7a6-91e6-441b-bacd-3f1def4daaac HTTP/1.1" status: 200 len: 875 time: 0.0785236
2026-08-26 01:36:25.104 10 INFO neutron.wsgi [req-63dd9622-9adc-4139-ad94-8defbb3d9660 req-15879756-270a-452a-872e-d254a27c889f d27b378f96434541a881d8011b1e1328 a3b4ac3fd2194100a155dc6d53806a5e - - default default] 162.253.55.223 "GET /v2.0/security-groups?fields=id&fields=name&tenant_id=a3b4ac3fd2194100a155dc6d53806a5e HTTP/1.1" status: 200 len: 379 time: 0.0824246
2026-08-26 01:36:25.164 9 INFO neutron.wsgi [req-062f5988-7a5c-4128-9fd8-3d4d3336da0e req-8670d330-9d40-412b-8025-c858facb9f02 d27b378f96434541a881d8011b1e1328 a3b4ac3fd2194100a155dc6d53806a5e - - default default] 10.0.0.82 "GET /v2.0/ports?device_id=f523f06b-e53a-405d-9264-7d2659799be2 HTTP/1.1" status: 200 len: 210 time: 0.0296614
2026-08-26 01:36:25.485 10 WARNING neutron.scheduler.dhcp_agent_scheduler [None req-6d7fc30e-9139-4357-949d-78fb88ec0a18 d27b378f96434541a881d8011b1e1328 a3b4ac3fd2194100a155dc6d53806a5e - - - -] No more DHCP agents
2026-08-26 01:36:25.487 10 WARNING neutron.api.rpc.agentnotifiers.dhcp_rpc_agent_api [None req-6d7fc30e-9139-4357-949d-78fb88ec0a18 d27b378f96434541a881d8011b1e1328 a3b4ac3fd2194100a155dc6d53806a5e - - - -] Unable to schedule network efc6d7a6-91e6-441b-bacd-3f1def4daaac: no agents available; will retry on subsequent port and subnet creation events.
2026-08-26 01:36:25.661 10 INFO neutron.db.ovn_revision_numbers_db [None req-6d7fc30e-9139-4357-949d-78fb88ec0a18 d27b378f96434541a881d8011b1e1328 a3b4ac3fd2194100a155dc6d53806a5e - - - -] Successfully bumped revision number for resource f4fdf0f1-bec1-484b-b87c-85e2501b1cd5 (type: ports) to 1
2026-08-26 01:36:25.688 10 INFO neutron.wsgi [None req-6d7fc30e-9139-4357-949d-78fb88ec0a18 d27b378f96434541a881d8011b1e1328 a3b4ac3fd2194100a155dc6d53806a5e - - - -] 162.253.55.223 "POST /v2.0/ports HTTP/1.1" status: 201 len: 1158 time: 0.5644674 /var/lib/openstack/lib/python3.10/site-packages/pycadf/identifier.py:71: UserWarning: Invalid uuid: neutron. To ensure interoperability, identifiers should be a valid uuid. warnings.warn(('Invalid uuid: %s. To ensure interoperability, '
2026-08-26 01:36:25.996 9 INFO neutron.db.ovn_revision_numbers_db [None req-e9cdefa9-aa84-4ae1-80cf-a08e47895a6c 179e8bdbb1c342d39e671097e84dccd4 d761fbba1a6f49ea86fe1fe4277e79ab - - - -] Successfully bumped revision number for resource fc127a95-6597-4914-b8a5-a62344cd9f59 (type: security_groups) to 1
2026-08-26 01:36:26.065 9 INFO neutron.db.segments_db [None req-e9cdefa9-aa84-4ae1-80cf-a08e47895a6c 179e8bdbb1c342d39e671097e84dccd4 d761fbba1a6f49ea86fe1fe4277e79ab - - - -] Added segment c8dfd393-11a7-4f08-bc45-a582e80cfa53 of type geneve for network cc1e74fa-4f52-4edf-9379-67630da522c8
2026-08-26 01:36:26.071 10 INFO neutron.db.ovn_revision_numbers_db [None req-c766b588-9ff3-4f02-9188-0fd4e8be4288 7a18b78282664b068b473887215091ee 08ccdc6a1619498ba73514faa2281105 - - - -] Successfully bumped revision number for resource f4fdf0f1-bec1-484b-b87c-85e2501b1cd5 (type: ports) to 2
2026-08-26 01:36:26.181 9 INFO neutron.db.ovn_revision_numbers_db [None req-e9cdefa9-aa84-4ae1-80cf-a08e47895a6c 179e8bdbb1c342d39e671097e84dccd4 d761fbba1a6f49ea86fe1fe4277e79ab - - - -] Successfully bumped revision number for resource cc1e74fa-4f52-4edf-9379-67630da522c8 (type: networks) to 1
2026-08-26 01:36:26.230 10 INFO neutron.db.ovn_revision_numbers_db [None req-c766b588-9ff3-4f02-9188-0fd4e8be4288 7a18b78282664b068b473887215091ee 08ccdc6a1619498ba73514faa2281105 - - - -] Successfully bumped revision number for resource f4fdf0f1-bec1-484b-b87c-85e2501b1cd5 (type: ports) to 2
2026-08-26 01:36:26.248 10 INFO neutron.wsgi [None req-c766b588-9ff3-4f02-9188-0fd4e8be4288 7a18b78282664b068b473887215091ee 08ccdc6a1619498ba73514faa2281105 - - - -] 162.253.55.223 "PUT /v2.0/ports/f4fdf0f1-bec1-484b-b87c-85e2501b1cd5 HTTP/1.1" status: 200 len: 1328 time: 0.5512879 /var/lib/openstack/lib/python3.10/site-packages/pycadf/identifier.py:71: UserWarning: Invalid uuid: neutron. To ensure interoperability, identifiers should be a valid uuid. warnings.warn(('Invalid uuid: %s. To ensure interoperability, '
2026-08-26 01:36:26.291 9 INFO neutron.wsgi [req-9fd97b6f-f325-4cff-8bff-e4ece3752c87 req-12d14183-9489-401b-9ae0-12930804f5bb d27b378f96434541a881d8011b1e1328 a3b4ac3fd2194100a155dc6d53806a5e - - default default] 10.0.0.82 "GET /v2.0/ports?device_id=f523f06b-e53a-405d-9264-7d2659799be2 HTTP/1.1" status: 200 len: 1168 time: 0.0608990
2026-08-26 01:36:26.294 10 INFO neutron.notifiers.nova [-] Nova event matching ['req-58973252-07bb-45d8-8a48-24263902ef9a'] response: {'name': 'network-changed', 'server_uuid': 'f523f06b-e53a-405d-9264-7d2659799be2', 'tag': 'f4fdf0f1-bec1-484b-b87c-85e2501b1cd5', 'status': 'completed', 'code': 200}
2026-08-26 01:36:26.322 10 INFO neutron.wsgi [req-63dd9622-9adc-4139-ad94-8defbb3d9660 req-6fcb19c1-afa4-4fc1-a8d7-69532f52c46b 7a18b78282664b068b473887215091ee 08ccdc6a1619498ba73514faa2281105 - - b7b1c90675bb46a2bb8fa6c30a4c48d0 b7b1c90675bb46a2bb8fa6c30a4c48d0] 162.253.55.223 "GET /v2.0/ports?tenant_id=a3b4ac3fd2194100a155dc6d53806a5e&device_id=f523f06b-e53a-405d-9264-7d2659799be2 HTTP/1.1" status: 200 len: 1359 time: 0.0392196
2026-08-26 01:36:26.349 9 INFO neutron.wsgi [req-9fd97b6f-f325-4cff-8bff-e4ece3752c87 req-5b674607-778a-47e4-a1d8-7c6be128a16f d27b378f96434541a881d8011b1e1328 a3b4ac3fd2194100a155dc6d53806a5e - - default default] 10.0.0.82 "GET /v2.0/security-groups?id=6c15f078-3eb6-44c7-8a93-10bccaf50c44&fields=id&fields=name HTTP/1.1" status: 200 len: 312 time: 0.0459080
2026-08-26 01:36:26.358 10 INFO neutron.wsgi [req-63dd9622-9adc-4139-ad94-8defbb3d9660 req-cb4b48a7-a943-4c89-a6bf-cf496a8550df 7a18b78282664b068b473887215091ee 08ccdc6a1619498ba73514faa2281105 - - b7b1c90675bb46a2bb8fa6c30a4c48d0 b7b1c90675bb46a2bb8fa6c30a4c48d0] 162.253.55.223 "GET /v2.0/floatingips?fixed_ip_address=10.100.0.3&port_id=f4fdf0f1-bec1-484b-b87c-85e2501b1cd5 HTTP/1.1" status: 200 len: 217 time: 0.0278926
2026-08-26 01:36:26.386 9 WARNING neutron.scheduler.dhcp_agent_scheduler [None req-e9cdefa9-aa84-4ae1-80cf-a08e47895a6c 179e8bdbb1c342d39e671097e84dccd4 d761fbba1a6f49ea86fe1fe4277e79ab - - - -] No more DHCP agents
2026-08-26 01:36:26.387 9 WARNING neutron.api.rpc.agentnotifiers.dhcp_rpc_agent_api [None req-e9cdefa9-aa84-4ae1-80cf-a08e47895a6c 179e8bdbb1c342d39e671097e84dccd4 d761fbba1a6f49ea86fe1fe4277e79ab - - - -] Unable to schedule network cc1e74fa-4f52-4edf-9379-67630da522c8: no agents available; will retry on subsequent port and subnet creation events.
2026-08-26 01:36:26.393 10 INFO neutron.wsgi [req-63dd9622-9adc-4139-ad94-8defbb3d9660 req-92f7b3bd-33b7-45e0-a214-f6988cd32874 7a18b78282664b068b473887215091ee 08ccdc6a1619498ba73514faa2281105 - - b7b1c90675bb46a2bb8fa6c30a4c48d0 b7b1c90675bb46a2bb8fa6c30a4c48d0] 162.253.55.223 "GET /v2.0/subnets?id=58aeb2a1-6415-4042-bcde-5af65b9e8172 HTTP/1.1" status: 200 len: 869 time: 0.0310950
2026-08-26 01:36:26.423 10 INFO neutron.wsgi [req-63dd9622-9adc-4139-ad94-8defbb3d9660 req-fd772518-c42b-4cc2-bf94-74d09291e327 7a18b78282664b068b473887215091ee 08ccdc6a1619498ba73514faa2281105 - - b7b1c90675bb46a2bb8fa6c30a4c48d0 b7b1c90675bb46a2bb8fa6c30a4c48d0] 162.253.55.223 "GET /v2.0/ports?network_id=efc6d7a6-91e6-441b-bacd-3f1def4daaac&device_owner=network%3Adhcp HTTP/1.1" status: 200 len: 210 time: 0.0234132
2026-08-26 01:36:26.468 9 INFO neutron.db.ovn_revision_numbers_db [None req-e9cdefa9-aa84-4ae1-80cf-a08e47895a6c 179e8bdbb1c342d39e671097e84dccd4 d761fbba1a6f49ea86fe1fe4277e79ab - - - -] Successfully bumped revision number for resource e3e47978-325d-4ac8-a591-d64716802d46 (type: ports) to 1
2026-08-26 01:36:26.494 10 INFO neutron.wsgi [req-63dd9622-9adc-4139-ad94-8defbb3d9660 req-8bd15fca-5f2f-4b23-a5aa-ddcfe05f9c2d 7a18b78282664b068b473887215091ee 08ccdc6a1619498ba73514faa2281105 - - b7b1c90675bb46a2bb8fa6c30a4c48d0 b7b1c90675bb46a2bb8fa6c30a4c48d0] 162.253.55.223 "GET /v2.0/networks/efc6d7a6-91e6-441b-bacd-3f1def4daaac?fields=segments HTTP/1.1" status: 200 len: 212 time: 0.0627978
2026-08-26 01:36:26.494 9 INFO neutron.wsgi [None req-e9cdefa9-aa84-4ae1-80cf-a08e47895a6c 179e8bdbb1c342d39e671097e84dccd4 d761fbba1a6f49ea86fe1fe4277e79ab - - - -] 10.0.0.232 "POST /v2.0/networks HTTP/1.1" status: 201 len: 947 time: 0.7754619
2026-08-26 01:36:26.573 10 INFO neutron.wsgi [req-63dd9622-9adc-4139-ad94-8defbb3d9660 req-11965e1e-b752-4320-b7ac-c3bab147451a 7a18b78282664b068b473887215091ee 08ccdc6a1619498ba73514faa2281105 - - b7b1c90675bb46a2bb8fa6c30a4c48d0 b7b1c90675bb46a2bb8fa6c30a4c48d0] 162.253.55.223 "GET /v2.0/networks/efc6d7a6-91e6-441b-bacd-3f1def4daaac?fields=provider%3Aphysical_network&fields=provider%3Anetwork_type HTTP/1.1" status: 200 len: 277 time: 0.0738063
2026-08-26 01:36:26.656 10 INFO neutron.wsgi [req-92f319b3-fa1f-4611-b166-2c1c9b87fa0b req-d0c4db1b-1760-4d73-b7cf-86262f1c6b2f 7a18b78282664b068b473887215091ee 08ccdc6a1619498ba73514faa2281105 - - b7b1c90675bb46a2bb8fa6c30a4c48d0 b7b1c90675bb46a2bb8fa6c30a4c48d0] 162.253.55.223 "GET /v2.0/ports?tenant_id=a3b4ac3fd2194100a155dc6d53806a5e&device_id=f523f06b-e53a-405d-9264-7d2659799be2 HTTP/1.1" status: 200 len: 1359 time: 0.0350041
2026-08-26 01:36:26.687 9 WARNING neutron.scheduler.dhcp_agent_scheduler [None req-438a2bb1-dbe8-49ee-b152-843dc07194d2 179e8bdbb1c342d39e671097e84dccd4 d761fbba1a6f49ea86fe1fe4277e79ab - - - -] No more DHCP agents
2026-08-26 01:36:26.689 9 WARNING neutron.api.rpc.agentnotifiers.dhcp_rpc_agent_api [None req-438a2bb1-dbe8-49ee-b152-843dc07194d2 179e8bdbb1c342d39e671097e84dccd4 d761fbba1a6f49ea86fe1fe4277e79ab - - - -] Unable to schedule network cc1e74fa-4f52-4edf-9379-67630da522c8: no agents available; will retry on subsequent port and subnet creation events.
2026-08-26 01:36:26.747 10 INFO neutron.wsgi [req-92f319b3-fa1f-4611-b166-2c1c9b87fa0b req-bf7e14c0-c703-44f7-832e-954a7d824cc2 7a18b78282664b068b473887215091ee 08ccdc6a1619498ba73514faa2281105 - - b7b1c90675bb46a2bb8fa6c30a4c48d0 b7b1c90675bb46a2bb8fa6c30a4c48d0] 162.253.55.223 "GET /v2.0/networks?id=efc6d7a6-91e6-441b-bacd-3f1def4daaac HTTP/1.1" status: 200 len: 974 time: 0.0802290
2026-08-26 01:36:26.805 10 INFO neutron.plugins.ml2.drivers.ovn.mech_driver.mech_driver [None req-8c15824c-b5df-4752-9ac7-0a1ceda6f524 - - - - - -] OVN reports status up for port: f4fdf0f1-bec1-484b-b87c-85e2501b1cd5
2026-08-26 01:36:26.808 10 INFO neutron.wsgi [req-92f319b3-fa1f-4611-b166-2c1c9b87fa0b req-8a83dbcd-d4cb-4e76-a222-b2e2f50f0222 7a18b78282664b068b473887215091ee 08ccdc6a1619498ba73514faa2281105 - - b7b1c90675bb46a2bb8fa6c30a4c48d0 b7b1c90675bb46a2bb8fa6c30a4c48d0] 162.253.55.223 "GET /v2.0/floatingips?fixed_ip_address=10.100.0.3&port_id=f4fdf0f1-bec1-484b-b87c-85e2501b1cd5 HTTP/1.1" status: 200 len: 217 time: 0.0530522
2026-08-26 01:36:26.831 10 INFO neutron.plugins.ml2.plugin [None req-8c15824c-b5df-4752-9ac7-0a1ceda6f524 - - - - - -] Attempt 1 to provision port f4fdf0f1-bec1-484b-b87c-85e2501b1cd5
2026-08-26 01:36:26.851 10 INFO neutron.wsgi [req-92f319b3-fa1f-4611-b166-2c1c9b87fa0b req-e93bee87-70da-415f-ae0e-9b8d8de5f722 7a18b78282664b068b473887215091ee 08ccdc6a1619498ba73514faa2281105 - - b7b1c90675bb46a2bb8fa6c30a4c48d0 b7b1c90675bb46a2bb8fa6c30a4c48d0] 162.253.55.223 "GET /v2.0/subnets?id=58aeb2a1-6415-4042-bcde-5af65b9e8172 HTTP/1.1" status: 200 len: 869 time: 0.0366423
2026-08-26 01:36:26.908 10 INFO neutron.wsgi [req-92f319b3-fa1f-4611-b166-2c1c9b87fa0b req-753a6fa8-8f23-4655-b8c3-0ce19402f2c9 7a18b78282664b068b473887215091ee 08ccdc6a1619498ba73514faa2281105 - - b7b1c90675bb46a2bb8fa6c30a4c48d0 b7b1c90675bb46a2bb8fa6c30a4c48d0] 162.253.55.223 "GET /v2.0/ports?network_id=efc6d7a6-91e6-441b-bacd-3f1def4daaac&device_owner=network%3Adhcp HTTP/1.1" status: 200 len: 210 time: 0.0504410
2026-08-26 01:36:26.944 9 WARNING neutron.plugins.ml2.drivers.ovn.mech_driver.ovsdb.ovn_client [None req-708d48ee-dd6d-4598-842f-750e5fb8a55f - - - - - -] No hosting information found for port 5dfb46c1-9a53-4f72-ba7e-09a8253af9ce: RuntimeError: No hosting information found for port 5dfb46c1-9a53-4f72-ba7e-09a8253af9ce
2026-08-26 01:36:26.989 10 INFO neutron.wsgi [req-92f319b3-fa1f-4611-b166-2c1c9b87fa0b req-a3f1506d-0a5c-4843-b6e7-8be26a62d8c4 7a18b78282664b068b473887215091ee 08ccdc6a1619498ba73514faa2281105 - - b7b1c90675bb46a2bb8fa6c30a4c48d0 b7b1c90675bb46a2bb8fa6c30a4c48d0] 162.253.55.223 "GET /v2.0/networks/efc6d7a6-91e6-441b-bacd-3f1def4daaac?fields=segments HTTP/1.1" status: 200 len: 212 time: 0.0721705
2026-08-26 01:36:27.053 10 INFO neutron.wsgi [req-92f319b3-fa1f-4611-b166-2c1c9b87fa0b req-a0e859d8-1391-4c8a-8585-078d3baa6df8 7a18b78282664b068b473887215091ee 08ccdc6a1619498ba73514faa2281105 - - b7b1c90675bb46a2bb8fa6c30a4c48d0 b7b1c90675bb46a2bb8fa6c30a4c48d0] 162.253.55.223 "GET /v2.0/networks/efc6d7a6-91e6-441b-bacd-3f1def4daaac?fields=provider%3Aphysical_network&fields=provider%3Anetwork_type HTTP/1.1" status: 200 len: 277 time: 0.0555933
2026-08-26 01:36:27.114 10 INFO neutron.db.ovn_revision_numbers_db [None req-8c15824c-b5df-4752-9ac7-0a1ceda6f524 - - - - - -] Successfully bumped revision number for resource f4fdf0f1-bec1-484b-b87c-85e2501b1cd5 (type: ports) to 4
2026-08-26 01:36:27.197 9 INFO neutron.db.ovn_revision_numbers_db [None req-438a2bb1-dbe8-49ee-b152-843dc07194d2 179e8bdbb1c342d39e671097e84dccd4 d761fbba1a6f49ea86fe1fe4277e79ab - - - -] Successfully bumped revision number for resource e3e47978-325d-4ac8-a591-d64716802d46 (type: ports) to 2
2026-08-26 01:36:27.219 9 INFO neutron.db.ovn_revision_numbers_db [None req-438a2bb1-dbe8-49ee-b152-843dc07194d2 179e8bdbb1c342d39e671097e84dccd4 d761fbba1a6f49ea86fe1fe4277e79ab - - - -] Successfully bumped revision number for resource cfe6037d-6a48-4168-94af-56309d4b6b60 (type: subnets) to 0
2026-08-26 01:36:27.236 9 INFO neutron.wsgi [None req-438a2bb1-dbe8-49ee-b152-843dc07194d2 179e8bdbb1c342d39e671097e84dccd4 d761fbba1a6f49ea86fe1fe4277e79ab - - - -] 10.0.0.232 "POST /v2.0/subnets HTTP/1.1" status: 201 len: 868 time: 0.7375886
2026-08-26 01:36:27.475 9 INFO neutron.wsgi [req-53389b31-8732-477b-a2e6-03fa69c8a928 req-fde1181d-497c-4289-9dcb-b66cbae4870d d27b378f96434541a881d8011b1e1328 a3b4ac3fd2194100a155dc6d53806a5e - - default default] 10.0.0.82 "GET /v2.0/ports?device_id=f523f06b-e53a-405d-9264-7d2659799be2 HTTP/1.1" status: 200 len: 1170 time: 0.0460262
2026-08-26 01:36:27.533 9 INFO neutron.wsgi [req-53389b31-8732-477b-a2e6-03fa69c8a928 req-c68f5b57-5047-4bab-9807-bdbca5b9fe82 d27b378f96434541a881d8011b1e1328 a3b4ac3fd2194100a155dc6d53806a5e - - default default] 10.0.0.82 "GET /v2.0/security-groups?id=6c15f078-3eb6-44c7-8a93-10bccaf50c44&fields=id&fields=name HTTP/1.1" status: 200 len: 312 time: 0.0456471 /var/lib/openstack/lib/python3.10/site-packages/pycadf/identifier.py:71: UserWarning: Invalid uuid: neutron. To ensure interoperability, identifiers should be a valid uuid. warnings.warn(('Invalid uuid: %s. To ensure interoperability, '
2026-08-26 01:36:27.688 10 INFO neutron.wsgi [req-c2cff4fe-7a49-4c50-9fe2-83efc228c1c5 req-e137d0f4-de5e-4eec-8e93-083b2522504b 7a18b78282664b068b473887215091ee 08ccdc6a1619498ba73514faa2281105 - - b7b1c90675bb46a2bb8fa6c30a4c48d0 b7b1c90675bb46a2bb8fa6c30a4c48d0] 10.0.0.68 "GET /v2.0/ports?device_id=fb2dd285-e870-4270-9c80-e8fc40a04442 HTTP/1.1" status: 200 len: 1361 time: 0.3882892
2026-08-26 01:36:27.737 10 INFO neutron.wsgi [req-c2cff4fe-7a49-4c50-9fe2-83efc228c1c5 req-7cf7116e-e31b-4a4c-9d09-e64d9e72de95 7a18b78282664b068b473887215091ee 08ccdc6a1619498ba73514faa2281105 - - b7b1c90675bb46a2bb8fa6c30a4c48d0 b7b1c90675bb46a2bb8fa6c30a4c48d0] 10.0.0.68 "GET /v2.0/security-groups?id=8995eb20-2c4e-4e21-9cf7-6f23b40d1d80&fields=id&fields=name HTTP/1.1" status: 200 len: 312 time: 0.0391922
2026-08-26 01:36:27.996 9 WARNING neutron.scheduler.dhcp_agent_scheduler [None req-8f571fcb-d675-4bd7-8891-f8760fdc95db 179e8bdbb1c342d39e671097e84dccd4 d761fbba1a6f49ea86fe1fe4277e79ab - - - -] No more DHCP agents
2026-08-26 01:36:27.998 9 WARNING neutron.api.rpc.agentnotifiers.dhcp_rpc_agent_api [None req-8f571fcb-d675-4bd7-8891-f8760fdc95db 179e8bdbb1c342d39e671097e84dccd4 d761fbba1a6f49ea86fe1fe4277e79ab - - - -] Unable to schedule network c855d0c7-59cd-43c9-9305-a1aaf2c899e5: no agents available; will retry on subsequent port and subnet creation events.
2026-08-26 01:36:28.146 9 INFO neutron.db.ovn_revision_numbers_db [None req-8f571fcb-d675-4bd7-8891-f8760fdc95db 179e8bdbb1c342d39e671097e84dccd4 d761fbba1a6f49ea86fe1fe4277e79ab - - - -] Successfully bumped revision number for resource 628a80e9-ef35-4d5f-a41b-77f841ec9d08 (type: ports) to 1
2026-08-26 01:36:28.340 10 INFO neutron.notifiers.nova [-] Nova event matching ['req-e2853a2e-a2d8-4f34-bad9-f2ee6a445207'] response: {'server_uuid': 'f523f06b-e53a-405d-9264-7d2659799be2', 'name': 'network-vif-plugged', 'status': 'completed', 'tag': 'f4fdf0f1-bec1-484b-b87c-85e2501b1cd5', 'code': 200}
2026-08-26 01:36:28.340 10 INFO neutron.notifiers.nova [-] Nova event matching ['req-e2853a2e-a2d8-4f34-bad9-f2ee6a445207'] response: {'server_uuid': 'f523f06b-e53a-405d-9264-7d2659799be2', 'name': 'network-vif-plugged', 'status': 'completed', 'tag': 'f4fdf0f1-bec1-484b-b87c-85e2501b1cd5', 'code': 200}
2026-08-26 01:36:28.654 9 INFO neutron.wsgi [req-2ce13ec9-a537-47d4-b5e0-3bfb33d08dc7 req-bc1da59f-3d99-47e8-88f3-9bb9b5af1bec d27b378f96434541a881d8011b1e1328 a3b4ac3fd2194100a155dc6d53806a5e - - default default] 10.0.0.82 "GET /v2.0/ports?device_id=f523f06b-e53a-405d-9264-7d2659799be2 HTTP/1.1" status: 200 len: 1170 time: 0.0527775
2026-08-26 01:36:28.735 9 INFO neutron.wsgi [req-2ce13ec9-a537-47d4-b5e0-3bfb33d08dc7 req-9772989c-42b8-4fe3-9b5e-ee6477f35e2d d27b378f96434541a881d8011b1e1328 a3b4ac3fd2194100a155dc6d53806a5e - - default default] 10.0.0.82 "GET /v2.0/security-groups?id=6c15f078-3eb6-44c7-8a93-10bccaf50c44&fields=id&fields=name HTTP/1.1" status: 200 len: 312 time: 0.0732081
2026-08-26 01:36:28.828 10 INFO neutron.plugins.ml2.drivers.ovn.mech_driver.mech_driver [None req-8c15824c-b5df-4752-9ac7-0a1ceda6f524 - - - - - -] OVN reports status up for port: 628a80e9-ef35-4d5f-a41b-77f841ec9d08
2026-08-26 01:36:28.840 10 INFO neutron.plugins.ml2.drivers.ovn.mech_driver.ovsdb.ovsdb_monitor [None req-4da563f1-42f7-4c4a-bf00-b7139f291f79 - - - - - -] Router 3efc4cc6-8233-4992-aba7-853dee9638c5 is bound to host instance
2026-08-26 01:36:28.845 10 INFO neutron.plugins.ml2.plugin [None req-8c15824c-b5df-4752-9ac7-0a1ceda6f524 - - - - - -] Attempt 1 to provision port 628a80e9-ef35-4d5f-a41b-77f841ec9d08
2026-08-26 01:36:28.869 9 INFO neutron.db.ovn_revision_numbers_db [None req-8f571fcb-d675-4bd7-8891-f8760fdc95db 179e8bdbb1c342d39e671097e84dccd4 d761fbba1a6f49ea86fe1fe4277e79ab - - - -] Successfully bumped revision number for resource 628a80e9-ef35-4d5f-a41b-77f841ec9d08 (type: router_ports) to 1
2026-08-26 01:36:28.949 9 INFO neutron.wsgi [req-cc1a6bf9-4ff6-4380-acc5-703b0fdd3b47 req-4d44a6f5-6a0a-44ad-87ad-88605ccf1483 d27b378f96434541a881d8011b1e1328 a3b4ac3fd2194100a155dc6d53806a5e - - default default] 10.0.0.82 "GET /v2.0/ports?device_id=f523f06b-e53a-405d-9264-7d2659799be2 HTTP/1.1" status: 200 len: 1170 time: 0.1304109
2026-08-26 01:36:28.964 9 INFO neutron.db.ovn_revision_numbers_db [None req-8f571fcb-d675-4bd7-8891-f8760fdc95db 179e8bdbb1c342d39e671097e84dccd4 d761fbba1a6f49ea86fe1fe4277e79ab - - - -] Successfully bumped revision number for resource 3efc4cc6-8233-4992-aba7-853dee9638c5 (type: routers) to 3
2026-08-26 01:36:28.981 9 INFO neutron.wsgi [None req-8f571fcb-d675-4bd7-8891-f8760fdc95db 179e8bdbb1c342d39e671097e84dccd4 d761fbba1a6f49ea86fe1fe4277e79ab - - - -] 10.0.0.232 "POST /v2.0/routers HTTP/1.1" status: 201 len: 879 time: 1.7383809
2026-08-26 01:36:29.133 9 INFO neutron.db.ovn_revision_numbers_db [None req-50d45d9c-b506-4454-8b06-04235bfa30e7 179e8bdbb1c342d39e671097e84dccd4 d761fbba1a6f49ea86fe1fe4277e79ab - - default default] Successfully bumped revision number for resource 91ee6fa7-172c-4662-8d64-3dfeffe68a79 (type: security_groups) to 1
2026-08-26 01:36:29.157 9 INFO neutron.wsgi [None req-50d45d9c-b506-4454-8b06-04235bfa30e7 179e8bdbb1c342d39e671097e84dccd4 d761fbba1a6f49ea86fe1fe4277e79ab - - default default] 10.0.0.232 "GET /v2.0/security-groups?tenant_id=4146a2bf23814721bf0b3c6afedb677d&name=default HTTP/1.1" status: 200 len: 2996 time: 0.3210254
2026-08-26 01:36:29.388 9 INFO neutron.wsgi [None req-6ea35b06-9a3f-49af-982b-813ca8e58c0b 179e8bdbb1c342d39e671097e84dccd4 d761fbba1a6f49ea86fe1fe4277e79ab - - - -] 10.0.0.232 "DELETE /v2.0/security-groups/91ee6fa7-172c-4662-8d64-3dfeffe68a79 HTTP/1.1" status: 204 len: 168 time: 0.2239759
2026-08-26 01:36:29.514 10 INFO neutron.db.l3_db [None req-5ac1a349-a703-4b56-a6ba-e5894ea299d4 d27b378f96434541a881d8011b1e1328 a3b4ac3fd2194100a155dc6d53806a5e - - - -] Floating IP 23ffed78-0491-4dd3-8591-dd885d263f9e associated. External IP: 10.96.250.205, port: f4fdf0f1-bec1-484b-b87c-85e2501b1cd5.
2026-08-26 01:36:29.518 9 WARNING neutron.scheduler.dhcp_agent_scheduler [None req-924f524c-284d-4210-b305-a65311c1dab3 179e8bdbb1c342d39e671097e84dccd4 d761fbba1a6f49ea86fe1fe4277e79ab - - default default] No more DHCP agents
2026-08-26 01:36:29.523 9 WARNING neutron.api.rpc.agentnotifiers.dhcp_rpc_agent_api [None req-924f524c-284d-4210-b305-a65311c1dab3 179e8bdbb1c342d39e671097e84dccd4 d761fbba1a6f49ea86fe1fe4277e79ab - - default default] Unable to schedule network cc1e74fa-4f52-4edf-9379-67630da522c8: no agents available; will retry on subsequent port and subnet creation events.
2026-08-26 01:36:29.661 9 INFO neutron.db.ovn_revision_numbers_db [None req-c655d570-f466-4dba-abc2-4a34f1498a06 179e8bdbb1c342d39e671097e84dccd4 d761fbba1a6f49ea86fe1fe4277e79ab - - default default] Successfully bumped revision number for resource 9609d757-e07d-4b1b-ac6a-047432ff41bd (type: security_groups) to 1
2026-08-26 01:36:29.691 9 INFO neutron.wsgi [None req-c655d570-f466-4dba-abc2-4a34f1498a06 179e8bdbb1c342d39e671097e84dccd4 d761fbba1a6f49ea86fe1fe4277e79ab - - default default] 10.0.0.232 "GET /v2.0/security-groups?tenant_id=8f4f79ca188843ffacb47d8fe7fa4550&name=default HTTP/1.1" status: 200 len: 2996 time: 0.2061906
2026-08-26 01:36:29.736 10 INFO neutron.db.ovn_revision_numbers_db [None req-5ac1a349-a703-4b56-a6ba-e5894ea299d4 d27b378f96434541a881d8011b1e1328 a3b4ac3fd2194100a155dc6d53806a5e - - - -] Successfully bumped revision number for resource 23ffed78-0491-4dd3-8591-dd885d263f9e (type: floatingips) to 1
2026-08-26 01:36:29.755 9 INFO neutron.db.ovn_revision_numbers_db [None req-924f524c-284d-4210-b305-a65311c1dab3 179e8bdbb1c342d39e671097e84dccd4 d761fbba1a6f49ea86fe1fe4277e79ab - - default default] Successfully bumped revision number for resource cf88312a-c20d-4d3a-a6bf-4284351b25ce (type: ports) to 1
2026-08-26 01:36:29.787 10 INFO neutron.db.ovn_revision_numbers_db [None req-4da563f1-42f7-4c4a-bf00-b7139f291f79 - - - - - -] Successfully bumped revision number for resource 628a80e9-ef35-4d5f-a41b-77f841ec9d08 (type: ports) to 1
2026-08-26 01:36:29.832 10 INFO neutron.db.ovn_revision_numbers_db [None req-5ac1a349-a703-4b56-a6ba-e5894ea299d4 d27b378f96434541a881d8011b1e1328 a3b4ac3fd2194100a155dc6d53806a5e - - - -] Successfully bumped revision number for resource 23ffed78-0491-4dd3-8591-dd885d263f9e (type: floatingips) to 2
2026-08-26 01:36:29.859 10 INFO neutron.wsgi [None req-5ac1a349-a703-4b56-a6ba-e5894ea299d4 d27b378f96434541a881d8011b1e1328 a3b4ac3fd2194100a155dc6d53806a5e - - - -] 10.0.0.232 "PUT /v2.0/floatingips/23ffed78-0491-4dd3-8591-dd885d263f9e HTTP/1.1" status: 200 len: 1049 time: 0.8945026
2026-08-26 01:36:29.972 9 INFO neutron.wsgi [None req-80851817-43fd-4744-963b-602627c8e406 179e8bdbb1c342d39e671097e84dccd4 d761fbba1a6f49ea86fe1fe4277e79ab - - - -] 10.0.0.232 "DELETE /v2.0/security-groups/9609d757-e07d-4b1b-ac6a-047432ff41bd HTTP/1.1" status: 204 len: 168 time: 0.2739823
2026-08-26 01:36:30.036 10 INFO neutron.db.ovn_revision_numbers_db [None req-4da563f1-42f7-4c4a-bf00-b7139f291f79 - - - - - -] Successfully bumped revision number for resource 628a80e9-ef35-4d5f-a41b-77f841ec9d08 (type: router_ports) to 3
2026-08-26 01:36:30.143 10 INFO neutron.db.ovn_revision_numbers_db [None req-4da563f1-42f7-4c4a-bf00-b7139f291f79 - - - - - -] Successfully bumped revision number for resource 628a80e9-ef35-4d5f-a41b-77f841ec9d08 (type: ports) to 2
2026-08-26 01:36:30.309 10 INFO neutron.db.ovn_revision_numbers_db [None req-4da563f1-42f7-4c4a-bf00-b7139f291f79 - - - - - -] Successfully bumped revision number for resource 628a80e9-ef35-4d5f-a41b-77f841ec9d08 (type: ports) to 4
2026-08-26 01:36:30.391 10 INFO neutron.notifiers.nova [-] Nova event matching ['req-100fd183-fbd7-4faf-a51c-2d670228b55f'] response: {'name': 'network-changed', 'server_uuid': 'f523f06b-e53a-405d-9264-7d2659799be2', 'tag': 'f4fdf0f1-bec1-484b-b87c-85e2501b1cd5', 'status': 'completed', 'code': 200}
2026-08-26 01:36:30.396 9 INFO neutron.plugins.ml2.drivers.ovn.mech_driver.mech_driver [None req-708d48ee-dd6d-4598-842f-750e5fb8a55f - - - - - -] OVN reports status up for port: cf88312a-c20d-4d3a-a6bf-4284351b25ce
2026-08-26 01:36:30.412 9 INFO neutron.plugins.ml2.plugin [None req-708d48ee-dd6d-4598-842f-750e5fb8a55f - - - - - -] Attempt 1 to provision port cf88312a-c20d-4d3a-a6bf-4284351b25ce
2026-08-26 01:36:30.414 9 INFO neutron.db.ovn_revision_numbers_db [None req-924f524c-284d-4210-b305-a65311c1dab3 179e8bdbb1c342d39e671097e84dccd4 d761fbba1a6f49ea86fe1fe4277e79ab - - default default] Successfully bumped revision number for resource cf88312a-c20d-4d3a-a6bf-4284351b25ce (type: router_ports) to 2 /var/lib/openstack/lib/python3.10/site-packages/pycadf/identifier.py:71: UserWarning: Invalid uuid: neutron. To ensure interoperability, identifiers should be a valid uuid. warnings.warn(('Invalid uuid: %s. To ensure interoperability, '
2026-08-26 01:36:30.586 9 INFO neutron.wsgi [None req-3121d781-af16-4416-ac11-78eb80f86af7 179e8bdbb1c342d39e671097e84dccd4 d761fbba1a6f49ea86fe1fe4277e79ab - - default default] 10.0.0.220 "GET /v2.0/subnets HTTP/1.1" status: 200 len: 3417 time: 0.2059166
2026-08-26 01:36:30.608 9 INFO neutron.wsgi [None req-38a8ff86-8ff8-4dfd-8219-12737add8ae1 179e8bdbb1c342d39e671097e84dccd4 d761fbba1a6f49ea86fe1fe4277e79ab - - default default] 10.0.0.220 "GET /v2.0/subnetpools HTTP/1.1" status: 200 len: 193 time: 0.0207877
2026-08-26 01:36:30.682 9 INFO neutron.wsgi [None req-c0456005-ae31-495b-9bfe-7e8df6f6738e 179e8bdbb1c342d39e671097e84dccd4 d761fbba1a6f49ea86fe1fe4277e79ab - - default default] 10.0.0.220 "GET /v2.0/floatingips HTTP/1.1" status: 200 len: 1879 time: 0.0728004
2026-08-26 01:36:30.724 9 INFO neutron.db.ovn_revision_numbers_db [None req-924f524c-284d-4210-b305-a65311c1dab3 179e8bdbb1c342d39e671097e84dccd4 d761fbba1a6f49ea86fe1fe4277e79ab - - default default] Successfully bumped revision number for resource cf88312a-c20d-4d3a-a6bf-4284351b25ce (type: ports) to 2
2026-08-26 01:36:30.770 10 INFO neutron.wsgi [req-3b314abc-c347-414b-8bbf-8d1de8712a34 req-20ecc1d9-136b-4451-8b61-50c0b64f91e7 7a18b78282664b068b473887215091ee 08ccdc6a1619498ba73514faa2281105 - - b7b1c90675bb46a2bb8fa6c30a4c48d0 b7b1c90675bb46a2bb8fa6c30a4c48d0] 162.253.55.223 "GET /v2.0/ports?tenant_id=a3b4ac3fd2194100a155dc6d53806a5e&device_id=f523f06b-e53a-405d-9264-7d2659799be2 HTTP/1.1" status: 200 len: 1361 time: 0.3565090
2026-08-26 01:36:30.800 9 INFO neutron.wsgi [None req-4f0120ed-7e80-4f78-af20-8250083ac986 179e8bdbb1c342d39e671097e84dccd4 d761fbba1a6f49ea86fe1fe4277e79ab - - default default] 10.0.0.220 "GET /v2.0/networks HTTP/1.1" status: 200 len: 4641 time: 0.1095176
2026-08-26 01:36:30.853 10 INFO neutron.wsgi [req-3b314abc-c347-414b-8bbf-8d1de8712a34 req-5948a079-dfa5-483a-8230-f808bf1b3ecf 7a18b78282664b068b473887215091ee 08ccdc6a1619498ba73514faa2281105 - - b7b1c90675bb46a2bb8fa6c30a4c48d0 b7b1c90675bb46a2bb8fa6c30a4c48d0] 162.253.55.223 "GET /v2.0/networks?id=efc6d7a6-91e6-441b-bacd-3f1def4daaac HTTP/1.1" status: 200 len: 974 time: 0.0754898
2026-08-26 01:36:30.861 9 INFO neutron.wsgi [None req-62cc8e3c-974c-4603-883f-c93d0cef8c5e 179e8bdbb1c342d39e671097e84dccd4 d761fbba1a6f49ea86fe1fe4277e79ab - - default default] 10.0.0.220 "GET /v2.0/ports HTTP/1.1" status: 200 len: 19075 time: 0.0563493
2026-08-26 01:36:30.868 9 WARNING neutron.scheduler.dhcp_agent_scheduler [None req-924f524c-284d-4210-b305-a65311c1dab3 179e8bdbb1c342d39e671097e84dccd4 d761fbba1a6f49ea86fe1fe4277e79ab - - default default] No more DHCP agents
