2026-08-26 01:37:30.675 9 INFO neutron.wsgi [None req-9c271da2-3a92-4fb5-b632-0f7b3db626bf 179e8bdbb1c342d39e671097e84dccd4 d761fbba1a6f49ea86fe1fe4277e79ab - - default default] 10.0.0.220 "GET /v2.0/security-groups HTTP/1.1" status: 200 len: 27884 time: 0.0994282
2026-08-26 01:37:30.721 9 INFO neutron.wsgi [None req-9c34451d-3a26-4f48-9fef-6b55b525bb12 179e8bdbb1c342d39e671097e84dccd4 d761fbba1a6f49ea86fe1fe4277e79ab - - default default] 10.0.0.220 "GET /v2.0/floatingips HTTP/1.1" status: 200 len: 730 time: 0.0296686
2026-08-26 01:37:30.760 9 INFO neutron.wsgi [None req-f5c3eee2-5f82-4213-9a8e-a3ea710419d1 179e8bdbb1c342d39e671097e84dccd4 d761fbba1a6f49ea86fe1fe4277e79ab - - default default] 10.0.0.220 "GET /v2.0/ports HTTP/1.1" status: 200 len: 14443 time: 0.0385044
2026-08-26 01:37:30.791 9 INFO neutron.db.ovn_revision_numbers_db [None req-fcdc28b8-3a8b-4ba3-aa10-0077a39c44ce aedbca8846114280b2bdfedac8b3684c 189d98950eb7483caf622ed45a76b0bb - - - -] Successfully bumped revision number for resource 9ff8835e-bbb1-453e-b075-baeb59935d1d (type: ports) to 2
2026-08-26 01:37:30.824 9 INFO neutron.wsgi [None req-f34045fc-bf8e-4ebc-ab35-aa474cc198f1 179e8bdbb1c342d39e671097e84dccd4 d761fbba1a6f49ea86fe1fe4277e79ab - - default default] 10.0.0.220 "GET /v2.0/subnets HTTP/1.1" status: 200 len: 4021 time: 0.0525596
2026-08-26 01:37:30.826 9 INFO neutron.db.ovn_revision_numbers_db [None req-fcdc28b8-3a8b-4ba3-aa10-0077a39c44ce aedbca8846114280b2bdfedac8b3684c 189d98950eb7483caf622ed45a76b0bb - - - -] Successfully bumped revision number for resource d8839337-9d30-4fae-98f8-e1ac48fed6e6 (type: subnets) to 1
2026-08-26 01:37:30.828 9 INFO neutron.wsgi [None req-fcdc28b8-3a8b-4ba3-aa10-0077a39c44ce aedbca8846114280b2bdfedac8b3684c 189d98950eb7483caf622ed45a76b0bb - - - -] 10.0.0.232 "PUT /v2.0/subnets/d8839337-9d30-4fae-98f8-e1ac48fed6e6 HTTP/1.1" status: 200 len: 826 time: 1.6537070
2026-08-26 01:37:30.852 9 INFO neutron.wsgi [None req-c01223cd-f5d0-44cf-a8d1-22b904611a7a 179e8bdbb1c342d39e671097e84dccd4 d761fbba1a6f49ea86fe1fe4277e79ab - - default default] 10.0.0.220 "GET /v2.0/subnetpools HTTP/1.1" status: 200 len: 193 time: 0.0180233
2026-08-26 01:37:30.933 9 INFO neutron.wsgi [None req-34cad832-ae7f-4e65-afdc-f855d080ea78 179e8bdbb1c342d39e671097e84dccd4 d761fbba1a6f49ea86fe1fe4277e79ab - - default default] 10.0.0.220 "GET /v2.0/networks HTTP/1.1" status: 200 len: 5340 time: 0.0765834
2026-08-26 01:37:30.984 9 INFO neutron.wsgi [None req-1bb2bbfe-dcac-48ba-adb2-737f9bc32139 179e8bdbb1c342d39e671097e84dccd4 d761fbba1a6f49ea86fe1fe4277e79ab - - default default] 10.0.0.220 "GET /v2.0/subnets HTTP/1.1" status: 200 len: 4021 time: 0.0365734
2026-08-26 01:37:31.043 10 INFO neutron.notifiers.nova [-] Nova event matching ['req-0e465b88-f580-47f0-bfdd-1e11478da595'] response: {'server_uuid': '7242bfa8-4f4a-40f2-b601-13e8ac9c218b', 'name': 'network-vif-plugged', 'status': 'completed', 'tag': 'bc2a6ce7-29df-4bf4-8caa-fbb30338817b', 'code': 200}
2026-08-26 01:37:31.044 10 INFO neutron.notifiers.nova [-] Nova event matching ['req-0e465b88-f580-47f0-bfdd-1e11478da595'] response: {'server_uuid': '7242bfa8-4f4a-40f2-b601-13e8ac9c218b', 'name': 'network-vif-plugged', 'status': 'completed', 'tag': 'bc2a6ce7-29df-4bf4-8caa-fbb30338817b', 'code': 200}
2026-08-26 01:37:31.072 9 INFO neutron.wsgi [None req-a97315fe-e640-49b0-8bc3-a8ddf7b6d04d 179e8bdbb1c342d39e671097e84dccd4 d761fbba1a6f49ea86fe1fe4277e79ab - - default default] 10.0.0.220 "GET /v2.0/routers HTTP/1.1" status: 200 len: 1351 time: 0.0857167
2026-08-26 01:37:31.104 9 INFO neutron.wsgi [None req-febdaec2-0e9b-4bf5-a9c2-699ad032f76d 179e8bdbb1c342d39e671097e84dccd4 d761fbba1a6f49ea86fe1fe4277e79ab - - default default] 10.0.0.220 "GET /v2.0/agents?binary=ovn-controller HTTP/1.1" status: 200 len: 591 time: 0.0293300
2026-08-26 01:37:31.294 10 INFO neutron.wsgi [None req-07dc11f0-7b89-47ab-be64-6b8abe5bace1 8f656c0a18134c6ab1372bf8bbe36cb6 993b5347707847e7953692a2f4f28396 - - - -] 10.0.0.232 "PUT /v2.0/routers/f5ffacc9-8521-40d6-a3d8-eec0c7d52ed8/remove_router_interface HTTP/1.1" status: 200 len: 503 time: 0.7072926 /var/lib/openstack/lib/python3.10/site-packages/pycadf/identifier.py:71: UserWarning: Invalid uuid: neutron. To ensure interoperability, identifiers should be a valid uuid. warnings.warn(('Invalid uuid: %s. To ensure interoperability, '
2026-08-26 01:37:31.337 10 INFO neutron.wsgi [None req-a1ecf1c6-e5ae-4d7e-918b-a21f96b1c798 8f656c0a18134c6ab1372bf8bbe36cb6 993b5347707847e7953692a2f4f28396 - - default default] 10.0.0.232 "GET /v2.0/ports?device_id=f5ffacc9-8521-40d6-a3d8-eec0c7d52ed8 HTTP/1.1" status: 200 len: 205 time: 0.0287306
2026-08-26 01:37:31.559 9 INFO neutron.wsgi [req-45576ea8-573a-4999-902b-4b6dad065a71 req-da23a84d-d3a5-44fd-b5b2-217c0b4acbe0 96eb05b2e5e54233bcc092c72baae106 96498899601a40d9acf2e05e35406848 - - default default] 10.0.0.82 "GET /v2.0/ports?device_id=7242bfa8-4f4a-40f2-b601-13e8ac9c218b HTTP/1.1" status: 200 len: 1170 time: 0.1772149
2026-08-26 01:37:31.571 9 INFO neutron.services.segments.plugin [-] Segment 17b24d77-6ebb-4512-81f0-062b5d54dddc resource provider aggregate not found
2026-08-26 01:37:31.578 9 INFO neutron.services.segments.plugin [-] Segment 17b24d77-6ebb-4512-81f0-062b5d54dddc resource provider aggregate not found
2026-08-26 01:37:31.599 10 INFO neutron.wsgi [None req-151d3ffe-dcb3-4128-83f0-241ef39d850e 8f656c0a18134c6ab1372bf8bbe36cb6 993b5347707847e7953692a2f4f28396 - - - -] 10.0.0.232 "DELETE /v2.0/routers/f5ffacc9-8521-40d6-a3d8-eec0c7d52ed8 HTTP/1.1" status: 204 len: 168 time: 0.2557139
2026-08-26 01:37:31.617 9 INFO neutron.services.segments.plugin [-] Segment 17b24d77-6ebb-4512-81f0-062b5d54dddc resource provider not found; error: Placement Client Error (4xx): {"errors": [{"status": 404, "title": "Not Found", "detail": "The resource could not be found.\n\n No resource provider with uuid 17b24d77-6ebb-4512-81f0-062b5d54dddc found for delete ", "request_id": "req-e117e249-9991-411c-9d20-b010da403ee3"}]}
2026-08-26 01:37:31.635 9 INFO neutron.wsgi [req-45576ea8-573a-4999-902b-4b6dad065a71 req-f0869373-85dd-45b5-95d4-852cf15cb639 96eb05b2e5e54233bcc092c72baae106 96498899601a40d9acf2e05e35406848 - - default default] 10.0.0.82 "GET /v2.0/security-groups?id=057eb95e-96a4-4eca-ad22-d5d3a60475d1&fields=id&fields=name HTTP/1.1" status: 200 len: 312 time: 0.0465038
2026-08-26 01:37:31.645 9 INFO neutron.wsgi [None req-6440d789-2cb7-4add-b289-7dbfe508550f aedbca8846114280b2bdfedac8b3684c 189d98950eb7483caf622ed45a76b0bb - - - -] 10.0.0.232 "DELETE /v2.0/networks/94e75e66-89b0-42bb-812d-1958a7eec8e5 HTTP/1.1" status: 204 len: 168 time: 0.8062196
2026-08-26 01:37:31.667 9 INFO neutron.pecan_wsgi.hooks.translation [None req-249cfdd3-dc20-4178-9647-0c6d2d04ab2e aedbca8846114280b2bdfedac8b3684c 189d98950eb7483caf622ed45a76b0bb - - - -] DELETE failed (client error): The resource could not be found.
2026-08-26 01:37:31.670 9 INFO neutron.wsgi [None req-249cfdd3-dc20-4178-9647-0c6d2d04ab2e aedbca8846114280b2bdfedac8b3684c 189d98950eb7483caf622ed45a76b0bb - - - -] 10.0.0.232 "DELETE /v2.0/networks/94e75e66-89b0-42bb-812d-1958a7eec8e5 HTTP/1.1" status: 404 len: 339 time: 0.0158069
2026-08-26 01:37:31.689 9 INFO neutron.services.segments.plugin [-] Segment 17b24d77-6ebb-4512-81f0-062b5d54dddc resource provider not found; error: Placement Client Error (4xx): {"errors": [{"status": 404, "title": "Not Found", "detail": "The resource could not be found.\n\n No resource provider with uuid 17b24d77-6ebb-4512-81f0-062b5d54dddc found for delete ", "request_id": "req-ad3ec551-aed6-4a1f-b3e5-909aeda395e7"}]}
2026-08-26 01:37:31.751 9 INFO neutron.wsgi [req-1753fca5-7502-467b-8942-367ddc0ef196 req-62b8aa18-02c5-41c8-9dce-2dff0e047884 96eb05b2e5e54233bcc092c72baae106 96498899601a40d9acf2e05e35406848 - - default default] 10.0.0.82 "GET /v2.0/ports?device_id=7242bfa8-4f4a-40f2-b601-13e8ac9c218b HTTP/1.1" status: 200 len: 1170 time: 0.0550659
2026-08-26 01:37:31.812 9 INFO neutron.wsgi [None req-f5bfda43-e4fd-49c3-874f-e3ddd9e23e79 aedbca8846114280b2bdfedac8b3684c 189d98950eb7483caf622ed45a76b0bb - - default default] 10.0.0.232 "GET /v2.0/networks?router%3Aexternal=True HTTP/1.1" status: 200 len: 845 time: 0.1375513
2026-08-26 01:37:31.866 9 INFO neutron.wsgi [None req-6612ca95-c154-4676-8b8d-c5719d0dadb1 aedbca8846114280b2bdfedac8b3684c 189d98950eb7483caf622ed45a76b0bb - - default default] 10.0.0.232 "GET /v2.0/subnets?network_id=c855d0c7-59cd-43c9-9305-a1aaf2c899e5 HTTP/1.1" status: 200 len: 820 time: 0.0468433
2026-08-26 01:37:31.881 9 INFO neutron.wsgi [None req-edafe590-2661-42e5-90f3-da8bb1a15baa aedbca8846114280b2bdfedac8b3684c 189d98950eb7483caf622ed45a76b0bb - - default default] 10.0.0.232 "GET /v2.0/extensions HTTP/1.1" status: 200 len: 16520 time: 0.0068872
2026-08-26 01:37:31.891 10 INFO neutron.wsgi [None req-99c70634-b15a-4c3e-8878-25e7641e8cbb 8f656c0a18134c6ab1372bf8bbe36cb6 993b5347707847e7953692a2f4f28396 - - - -] 10.0.0.232 "DELETE /v2.0/subnets/ff7e77c4-1274-4235-be21-800e34003d6c HTTP/1.1" status: 204 len: 168 time: 0.2859294
2026-08-26 01:37:31.991 9 INFO neutron.wsgi [None req-b7099363-8d77-42f4-bee6-e5d9ca5eaddd aedbca8846114280b2bdfedac8b3684c 189d98950eb7483caf622ed45a76b0bb - - default default] 10.0.0.232 "GET /v2.0/networks HTTP/1.1" status: 200 len: 1507 time: 0.1026349
2026-08-26 01:37:32.034 10 INFO neutron.db.l3_db [None req-b809a20d-300e-42ea-9142-6a107fde034c 96eb05b2e5e54233bcc092c72baae106 96498899601a40d9acf2e05e35406848 - - - -] Floating IP 38fd6b0b-62b6-43bf-96e8-8a107cf324f3 associated. External IP: 10.96.250.201, port: bc2a6ce7-29df-4bf4-8caa-fbb30338817b.
2026-08-26 01:37:32.046 9 INFO neutron.wsgi [None req-9d91977d-da36-45cc-b69a-9d5a8216f6c6 aedbca8846114280b2bdfedac8b3684c 189d98950eb7483caf622ed45a76b0bb - - default default] 10.0.0.232 "GET /v2.0/subnets HTTP/1.1" status: 200 len: 1460 time: 0.0407364
2026-08-26 01:37:32.493 9 INFO neutron.wsgi [None req-5e4325cb-09df-487a-90a9-8da4293f4d57 aedbca8846114280b2bdfedac8b3684c 189d98950eb7483caf622ed45a76b0bb - - default default] 10.0.0.232 "GET /v2.0/networks/4e7c926e-bfc8-4a35-a57e-037faf99676f HTTP/1.1" status: 200 len: 866 time: 0.4401238
2026-08-26 01:37:32.548 10 INFO neutron.db.ovn_revision_numbers_db [None req-b809a20d-300e-42ea-9142-6a107fde034c 96eb05b2e5e54233bcc092c72baae106 96498899601a40d9acf2e05e35406848 - - - -] Successfully bumped revision number for resource 38fd6b0b-62b6-43bf-96e8-8a107cf324f3 (type: floatingips) to 1
2026-08-26 01:37:32.551 10 INFO neutron.wsgi [-] 10.0.0.16 "GET / HTTP/1.1" status: 200 len: 246 time: 0.0016966
2026-08-26 01:37:32.554 10 INFO neutron.wsgi [-] 10.0.0.16 "GET / HTTP/1.1" status: 200 len: 246 time: 0.0015569
2026-08-26 01:37:32.555 9 INFO neutron.wsgi [None req-6b304852-1b0f-406d-a9f3-0cc32b197659 aedbca8846114280b2bdfedac8b3684c 189d98950eb7483caf622ed45a76b0bb - - default default] 10.0.0.232 "GET /v2.0/subnets/fac679c5-af03-4153-91ed-3629be8fc426 HTTP/1.1" status: 200 len: 843 time: 0.0502319
2026-08-26 01:37:32.590 9 INFO neutron.pecan_wsgi.hooks.translation [None req-28170765-bbdc-4b6a-8e81-af5478bad87a aedbca8846114280b2bdfedac8b3684c 189d98950eb7483caf622ed45a76b0bb - - - -] DELETE failed (client error): The resource could not be found.
2026-08-26 01:37:32.592 9 INFO neutron.wsgi [None req-28170765-bbdc-4b6a-8e81-af5478bad87a aedbca8846114280b2bdfedac8b3684c 189d98950eb7483caf622ed45a76b0bb - - - -] 10.0.0.232 "DELETE /v2.0/subnets/d8839337-9d30-4fae-98f8-e1ac48fed6e6 HTTP/1.1" status: 404 len: 337 time: 0.0298693
2026-08-26 01:37:32.616 9 INFO neutron.pecan_wsgi.hooks.translation [None req-dabe7763-c3d8-4239-8af4-de1a901f3832 aedbca8846114280b2bdfedac8b3684c 189d98950eb7483caf622ed45a76b0bb - - - -] DELETE failed (client error): The resource could not be found.
2026-08-26 01:37:32.618 9 INFO neutron.wsgi [None req-dabe7763-c3d8-4239-8af4-de1a901f3832 aedbca8846114280b2bdfedac8b3684c 189d98950eb7483caf622ed45a76b0bb - - - -] 10.0.0.232 "DELETE /v2.0/networks/94e75e66-89b0-42bb-812d-1958a7eec8e5 HTTP/1.1" status: 404 len: 339 time: 0.0183253
2026-08-26 01:37:32.675 10 INFO neutron.db.ovn_revision_numbers_db [None req-b809a20d-300e-42ea-9142-6a107fde034c 96eb05b2e5e54233bcc092c72baae106 96498899601a40d9acf2e05e35406848 - - - -] Successfully bumped revision number for resource 38fd6b0b-62b6-43bf-96e8-8a107cf324f3 (type: floatingips) to 2
2026-08-26 01:37:32.711 10 INFO neutron.wsgi [None req-b809a20d-300e-42ea-9142-6a107fde034c 96eb05b2e5e54233bcc092c72baae106 96498899601a40d9acf2e05e35406848 - - - -] 10.0.0.232 "PUT /v2.0/floatingips/38fd6b0b-62b6-43bf-96e8-8a107cf324f3 HTTP/1.1" status: 200 len: 1049 time: 0.9503062
2026-08-26 01:37:32.795 9 INFO neutron.wsgi [req-a9c5589f-54a1-4b1a-b6b9-77768fc8655a req-3b25df02-37d1-4c0b-838b-83972e5d485b 96eb05b2e5e54233bcc092c72baae106 96498899601a40d9acf2e05e35406848 - - default default] 10.0.0.82 "GET /v2.0/ports?device_id=7242bfa8-4f4a-40f2-b601-13e8ac9c218b HTTP/1.1" status: 200 len: 1170 time: 0.0386379
2026-08-26 01:37:32.810 9 INFO neutron.wsgi [None req-966b945c-9585-4947-b1ba-3d5c32caa558 8f656c0a18134c6ab1372bf8bbe36cb6 993b5347707847e7953692a2f4f28396 - - - -] 10.0.0.232 "DELETE /v2.0/networks/420d81a6-307a-4b90-ba7d-0940992635f3 HTTP/1.1" status: 204 len: 168 time: 0.9107876
2026-08-26 01:37:32.833 10 INFO neutron.wsgi [None req-fc39a972-e53f-4816-93c8-38a49fe9d179 aedbca8846114280b2bdfedac8b3684c 189d98950eb7483caf622ed45a76b0bb - - - -] 10.0.0.232 "DELETE /v2.0/subnets/fac679c5-af03-4153-91ed-3629be8fc426 HTTP/1.1" status: 204 len: 168 time: 0.2105019
2026-08-26 01:37:32.860 9 INFO neutron.wsgi [req-a9c5589f-54a1-4b1a-b6b9-77768fc8655a req-20b4f74f-7418-4858-a33d-2bc30b1dd4c8 96eb05b2e5e54233bcc092c72baae106 96498899601a40d9acf2e05e35406848 - - default default] 10.0.0.82 "GET /v2.0/security-groups?id=057eb95e-96a4-4eca-ad22-d5d3a60475d1&fields=id&fields=name HTTP/1.1" status: 200 len: 312 time: 0.0581989
2026-08-26 01:37:33.119 10 INFO neutron.notifiers.nova [-] Nova event matching ['req-1a94ba1c-518c-465d-b491-00b9c8372833'] response: {'name': 'network-changed', 'server_uuid': '7242bfa8-4f4a-40f2-b601-13e8ac9c218b', 'tag': 'bc2a6ce7-29df-4bf4-8caa-fbb30338817b', 'status': 'completed', 'code': 200}
2026-08-26 01:37:33.183 10 INFO neutron.wsgi [req-f02a39fd-2865-49f0-b36b-e7c5d1c5738a req-58333c7f-f79c-41f2-8e38-d64d37016e6a 7a18b78282664b068b473887215091ee 08ccdc6a1619498ba73514faa2281105 - - b7b1c90675bb46a2bb8fa6c30a4c48d0 b7b1c90675bb46a2bb8fa6c30a4c48d0] 162.253.55.223 "GET /v2.0/ports?tenant_id=96498899601a40d9acf2e05e35406848&device_id=7242bfa8-4f4a-40f2-b601-13e8ac9c218b HTTP/1.1" status: 200 len: 1361 time: 0.0399270
2026-08-26 01:37:33.222 10 INFO neutron.plugins.ml2.drivers.ovn.mech_driver.mech_driver [None req-8c15824c-b5df-4752-9ac7-0a1ceda6f524 - - - - - -] OVN reports status down for port: bc2a6ce7-29df-4bf4-8caa-fbb30338817b
2026-08-26 01:37:33.275 9 INFO neutron.wsgi [req-3660324b-5302-41a9-9935-9de067af09e2 req-73cf2df6-5d92-4797-b40c-867d196ab8ac 96eb05b2e5e54233bcc092c72baae106 96498899601a40d9acf2e05e35406848 - - default default] 10.0.0.82 "GET /v2.0/ports?device_id=7242bfa8-4f4a-40f2-b601-13e8ac9c218b HTTP/1.1" status: 200 len: 1170 time: 0.0694830
2026-08-26 01:37:33.294 10 INFO neutron.wsgi [req-f02a39fd-2865-49f0-b36b-e7c5d1c5738a req-34d7bd5b-fb1e-464a-b737-942aff7de2ed 7a18b78282664b068b473887215091ee 08ccdc6a1619498ba73514faa2281105 - - b7b1c90675bb46a2bb8fa6c30a4c48d0 b7b1c90675bb46a2bb8fa6c30a4c48d0] 162.253.55.223 "GET /v2.0/networks?id=a8d220b4-e911-41b5-813b-4ee845ee0b9a HTTP/1.1" status: 200 len: 974 time: 0.1004472
2026-08-26 01:37:33.325 9 INFO neutron.wsgi [req-3660324b-5302-41a9-9935-9de067af09e2 req-15234b35-4c39-4959-82b6-dffb5a9349f6 96eb05b2e5e54233bcc092c72baae106 96498899601a40d9acf2e05e35406848 - - default default] 10.0.0.82 "GET /v2.0/security-groups?id=057eb95e-96a4-4eca-ad22-d5d3a60475d1&fields=id&fields=name HTTP/1.1" status: 200 len: 312 time: 0.0428991
2026-08-26 01:37:33.385 9 INFO neutron.wsgi [None req-2de6678a-4c25-4de7-8c01-0e0f9c86c3d8 aedbca8846114280b2bdfedac8b3684c 189d98950eb7483caf622ed45a76b0bb - - - -] 10.0.0.232 "DELETE /v2.0/networks/4e7c926e-bfc8-4a35-a57e-037faf99676f HTTP/1.1" status: 204 len: 168 time: 0.5479202
2026-08-26 01:37:33.386 10 INFO neutron.wsgi [req-f02a39fd-2865-49f0-b36b-e7c5d1c5738a req-4d40e475-c343-44b3-9424-a8fb3fb35108 7a18b78282664b068b473887215091ee 08ccdc6a1619498ba73514faa2281105 - - b7b1c90675bb46a2bb8fa6c30a4c48d0 b7b1c90675bb46a2bb8fa6c30a4c48d0] 162.253.55.223 "GET /v2.0/floatingips?fixed_ip_address=10.100.0.7&port_id=bc2a6ce7-29df-4bf4-8caa-fbb30338817b HTTP/1.1" status: 200 len: 1059 time: 0.0778224
2026-08-26 01:37:33.465 10 INFO neutron.wsgi [req-f02a39fd-2865-49f0-b36b-e7c5d1c5738a req-deae1a16-d661-4b3f-a45f-f893bf0fbf04 7a18b78282664b068b473887215091ee 08ccdc6a1619498ba73514faa2281105 - - b7b1c90675bb46a2bb8fa6c30a4c48d0 b7b1c90675bb46a2bb8fa6c30a4c48d0] 162.253.55.223 "GET /v2.0/subnets?id=50f5c654-10bc-4800-9fd8-77c0ccead942 HTTP/1.1" status: 200 len: 869 time: 0.0701003
2026-08-26 01:37:33.532 10 INFO neutron.wsgi [req-f02a39fd-2865-49f0-b36b-e7c5d1c5738a req-0cac6670-c980-4989-918b-14b65d321782 7a18b78282664b068b473887215091ee 08ccdc6a1619498ba73514faa2281105 - - b7b1c90675bb46a2bb8fa6c30a4c48d0 b7b1c90675bb46a2bb8fa6c30a4c48d0] 162.253.55.223 "GET /v2.0/ports?network_id=a8d220b4-e911-41b5-813b-4ee845ee0b9a&device_owner=network%3Adhcp HTTP/1.1" status: 200 len: 210 time: 0.0555575
2026-08-26 01:37:33.605 10 WARNING neutron.scheduler.dhcp_agent_scheduler [None req-c1085544-984e-4af1-8252-ff5bcd429b8e 8f656c0a18134c6ab1372bf8bbe36cb6 993b5347707847e7953692a2f4f28396 - - - -] No more DHCP agents
2026-08-26 01:37:33.621 10 WARNING neutron.api.rpc.agentnotifiers.dhcp_rpc_agent_api [None req-c1085544-984e-4af1-8252-ff5bcd429b8e 8f656c0a18134c6ab1372bf8bbe36cb6 993b5347707847e7953692a2f4f28396 - - - -] Unable to schedule network c855d0c7-59cd-43c9-9305-a1aaf2c899e5: no agents available; will retry on subsequent port and subnet creation events.
2026-08-26 01:37:33.639 9 INFO neutron.services.segments.plugin [-] Segment be7a3c9c-d85a-42c8-a566-8dd32df8ce12 resource provider aggregate not found
2026-08-26 01:37:33.660 9 INFO neutron.services.segments.plugin [-] Segment be7a3c9c-d85a-42c8-a566-8dd32df8ce12 resource provider not found; error: Placement Client Error (4xx): {"errors": [{"status": 404, "title": "Not Found", "detail": "The resource could not be found.\n\n No resource provider with uuid be7a3c9c-d85a-42c8-a566-8dd32df8ce12 found for delete ", "request_id": "req-289849c2-5c1b-4444-8c16-30d0204412a5"}]}
2026-08-26 01:37:33.678 9 INFO neutron.services.segments.plugin [-] Segment 59133703-b28b-48da-98ae-f8a0c5b81af9 resource provider aggregate not found
2026-08-26 01:37:33.695 10 INFO neutron.wsgi [req-f02a39fd-2865-49f0-b36b-e7c5d1c5738a req-d0b231ba-aa97-44df-92db-04ea7900855d 7a18b78282664b068b473887215091ee 08ccdc6a1619498ba73514faa2281105 - - b7b1c90675bb46a2bb8fa6c30a4c48d0 b7b1c90675bb46a2bb8fa6c30a4c48d0] 162.253.55.223 "GET /v2.0/networks/a8d220b4-e911-41b5-813b-4ee845ee0b9a?fields=segments HTTP/1.1" status: 200 len: 212 time: 0.1505144
2026-08-26 01:37:33.697 9 INFO neutron.services.segments.plugin [-] Segment 59133703-b28b-48da-98ae-f8a0c5b81af9 resource provider not found; error: Placement Client Error (4xx): {"errors": [{"status": 404, "title": "Not Found", "detail": "The resource could not be found.\n\n No resource provider with uuid 59133703-b28b-48da-98ae-f8a0c5b81af9 found for delete ", "request_id": "req-1ebc8d30-999c-414d-818f-d2d313aaed0e"}]}
2026-08-26 01:37:33.710 9 INFO neutron.services.segments.plugin [-] Segment be7a3c9c-d85a-42c8-a566-8dd32df8ce12 resource provider aggregate not found
2026-08-26 01:37:33.729 9 INFO neutron.services.segments.plugin [-] Segment be7a3c9c-d85a-42c8-a566-8dd32df8ce12 resource provider not found; error: Placement Client Error (4xx): {"errors": [{"status": 404, "title": "Not Found", "detail": "The resource could not be found.\n\n No resource provider with uuid be7a3c9c-d85a-42c8-a566-8dd32df8ce12 found for delete ", "request_id": "req-d0c6eeed-0075-4678-b20b-259a3ff3b12f"}]}
2026-08-26 01:37:33.738 10 INFO neutron.wsgi [req-1a71ad53-3d83-40d0-acaa-387bfd2d424f req-34416b2f-99e0-468b-8ddf-fb2de430b614 96eb05b2e5e54233bcc092c72baae106 96498899601a40d9acf2e05e35406848 - - default default] 162.253.55.223 "GET /v2.0/ports?device_id=7242bfa8-4f4a-40f2-b601-13e8ac9c218b HTTP/1.1" status: 200 len: 1168 time: 0.1785557
2026-08-26 01:37:33.748 9 INFO neutron.services.segments.plugin [-] Segment 59133703-b28b-48da-98ae-f8a0c5b81af9 resource provider aggregate not found
2026-08-26 01:37:33.761 9 INFO neutron.services.segments.plugin [-] Segment 59133703-b28b-48da-98ae-f8a0c5b81af9 resource provider not found; error: Placement Client Error (4xx): {"errors": [{"status": 404, "title": "Not Found", "detail": "The resource could not be found.\n\n No resource provider with uuid 59133703-b28b-48da-98ae-f8a0c5b81af9 found for delete ", "request_id": "req-f7283aee-4e9e-4179-98bf-7acecba57096"}]}
2026-08-26 01:37:33.812 10 INFO neutron.db.ovn_revision_numbers_db [None req-8c15824c-b5df-4752-9ac7-0a1ceda6f524 - - - - - -] Successfully bumped revision number for resource bc2a6ce7-29df-4bf4-8caa-fbb30338817b (type: ports) to 5
2026-08-26 01:37:33.837 10 INFO neutron.wsgi [req-f02a39fd-2865-49f0-b36b-e7c5d1c5738a req-91736cbb-37f2-4301-8210-002e822f4380 7a18b78282664b068b473887215091ee 08ccdc6a1619498ba73514faa2281105 - - b7b1c90675bb46a2bb8fa6c30a4c48d0 b7b1c90675bb46a2bb8fa6c30a4c48d0] 162.253.55.223 "GET /v2.0/networks/a8d220b4-e911-41b5-813b-4ee845ee0b9a?fields=provider%3Aphysical_network&fields=provider%3Anetwork_type HTTP/1.1" status: 200 len: 277 time: 0.1276255
2026-08-26 01:37:33.948 10 INFO neutron.db.ovn_revision_numbers_db [None req-c1085544-984e-4af1-8252-ff5bcd429b8e 8f656c0a18134c6ab1372bf8bbe36cb6 993b5347707847e7953692a2f4f28396 - - - -] Successfully bumped revision number for resource c4303654-367d-4201-a4e4-c6640629b406 (type: ports) to 1
2026-08-26 01:37:34.165 9 INFO neutron.wsgi [None req-52a3a14e-9520-4201-bff1-faf6d4ce3e11 179e8bdbb1c342d39e671097e84dccd4 d761fbba1a6f49ea86fe1fe4277e79ab - - default default] 10.0.0.232 "GET /v2.0/security-groups?tenant_id=189d98950eb7483caf622ed45a76b0bb&name=default HTTP/1.1" status: 200 len: 2996 time: 0.1671596
2026-08-26 01:37:34.226 9 INFO neutron.db.ovn_revision_numbers_db [None req-a9667877-f8ac-4c99-889b-deb0c10efdb4 179e8bdbb1c342d39e671097e84dccd4 d761fbba1a6f49ea86fe1fe4277e79ab - - default default] Successfully bumped revision number for resource 339f9064-1092-4a95-a414-ec03488e4ab9 (type: security_groups) to 1
2026-08-26 01:37:34.250 9 INFO neutron.wsgi [None req-a9667877-f8ac-4c99-889b-deb0c10efdb4 179e8bdbb1c342d39e671097e84dccd4 d761fbba1a6f49ea86fe1fe4277e79ab - - default default] 10.0.0.232 "GET /v2.0/security-groups?tenant_id=e040ac4aa6224b40a73863869535cdd5&name=default HTTP/1.1" status: 200 len: 2996 time: 0.2995932
2026-08-26 01:37:34.443 9 INFO neutron.wsgi [None req-6b3c5078-e43a-4205-abaa-9bdef81b47ef 179e8bdbb1c342d39e671097e84dccd4 d761fbba1a6f49ea86fe1fe4277e79ab - - - -] 10.0.0.232 "DELETE /v2.0/security-groups/339f9064-1092-4a95-a414-ec03488e4ab9 HTTP/1.1" status: 204 len: 168 time: 0.1882019
2026-08-26 01:37:34.457 9 INFO neutron.wsgi [req-26733a6f-ab80-42c7-8b9b-6fb7e7a81eb1 req-03bab44a-d5c9-4d18-8f01-92aa60308b56 96eb05b2e5e54233bcc092c72baae106 96498899601a40d9acf2e05e35406848 - - default default] 10.0.0.82 "GET /v2.0/ports?device_id=7242bfa8-4f4a-40f2-b601-13e8ac9c218b HTTP/1.1" status: 200 len: 1168 time: 0.0435967
2026-08-26 01:37:34.503 9 INFO neutron.wsgi [req-26733a6f-ab80-42c7-8b9b-6fb7e7a81eb1 req-524dc171-9867-4059-8be7-a6b2932b3bf7 96eb05b2e5e54233bcc092c72baae106 96498899601a40d9acf2e05e35406848 - - default default] 10.0.0.82 "GET /v2.0/security-groups?id=057eb95e-96a4-4eca-ad22-d5d3a60475d1&fields=id&fields=name HTTP/1.1" status: 200 len: 312 time: 0.0345607 /var/lib/openstack/lib/python3.10/site-packages/pycadf/identifier.py:71: UserWarning: Invalid uuid: neutron. To ensure interoperability, identifiers should be a valid uuid. warnings.warn(('Invalid uuid: %s. To ensure interoperability, '
2026-08-26 01:37:34.653 9 INFO neutron.db.ovn_revision_numbers_db [None req-bc477064-8b60-472a-8876-e2d74fee9d8b 179e8bdbb1c342d39e671097e84dccd4 d761fbba1a6f49ea86fe1fe4277e79ab - - default default] Successfully bumped revision number for resource 78dcfba6-290d-4e4f-ba9f-aaa9f22c7c4a (type: security_groups) to 1
2026-08-26 01:37:34.672 10 INFO neutron.db.l3_db [None req-5a314489-bf69-4120-b37c-35c636b6ea7e 96eb05b2e5e54233bcc092c72baae106 96498899601a40d9acf2e05e35406848 - - - -] Floating IP 38fd6b0b-62b6-43bf-96e8-8a107cf324f3 disassociated. External IP: 10.96.250.201, port: bc2a6ce7-29df-4bf4-8caa-fbb30338817b.
2026-08-26 01:37:34.678 9 INFO neutron.wsgi [None req-bc477064-8b60-472a-8876-e2d74fee9d8b 179e8bdbb1c342d39e671097e84dccd4 d761fbba1a6f49ea86fe1fe4277e79ab - - default default] 10.0.0.232 "GET /v2.0/security-groups?tenant_id=d1efa37319e842558075456f281b3946&name=default HTTP/1.1" status: 200 len: 2996 time: 0.1190472
2026-08-26 01:37:34.868 9 INFO neutron.wsgi [None req-ebe8b604-63c8-4a62-8605-394d2344fd29 179e8bdbb1c342d39e671097e84dccd4 d761fbba1a6f49ea86fe1fe4277e79ab - - - -] 10.0.0.232 "DELETE /v2.0/security-groups/78dcfba6-290d-4e4f-ba9f-aaa9f22c7c4a HTTP/1.1" status: 204 len: 168 time: 0.1850796
2026-08-26 01:37:35.008 10 INFO neutron.wsgi [None req-5a314489-bf69-4120-b37c-35c636b6ea7e 96eb05b2e5e54233bcc092c72baae106 96498899601a40d9acf2e05e35406848 - - - -] 162.253.55.223 "DELETE /v2.0/ports/bc2a6ce7-29df-4bf4-8caa-fbb30338817b HTTP/1.1" status: 204 len: 173 time: 1.2599981
2026-08-26 01:37:35.071 10 INFO neutron.wsgi [None req-aed62eaf-8300-4588-8b61-c6d9d24ff91c 179e8bdbb1c342d39e671097e84dccd4 d761fbba1a6f49ea86fe1fe4277e79ab - - - -] 10.0.0.232 "DELETE /v2.0/security-groups/bc139ed3-2e6c-4e1e-b7c2-2a27044b5c28 HTTP/1.1" status: 204 len: 168 time: 0.9005864
2026-08-26 01:37:35.195 10 INFO neutron.notifiers.nova [-] Nova event matching ['req-2dd21f54-7d89-430b-a7b3-b98965352a04'] response: {'server_uuid': '7242bfa8-4f4a-40f2-b601-13e8ac9c218b', 'name': 'network-vif-unplugged', 'status': 'completed', 'tag': 'bc2a6ce7-29df-4bf4-8caa-fbb30338817b', 'code': 200}
2026-08-26 01:37:35.196 10 INFO neutron.notifiers.nova [-] Nova event matching ['req-2dd21f54-7d89-430b-a7b3-b98965352a04'] response: {'server_uuid': '7242bfa8-4f4a-40f2-b601-13e8ac9c218b', 'name': 'network-vif-plugged', 'status': 'completed', 'tag': 'bc2a6ce7-29df-4bf4-8caa-fbb30338817b', 'code': 200}
2026-08-26 01:37:35.196 10 INFO neutron.notifiers.nova [-] Nova event matching ['req-2dd21f54-7d89-430b-a7b3-b98965352a04'] response: {'server_uuid': '7242bfa8-4f4a-40f2-b601-13e8ac9c218b', 'name': 'network-vif-deleted', 'tag': 'bc2a6ce7-29df-4bf4-8caa-fbb30338817b', 'status': 'completed', 'code': 200}
2026-08-26 01:37:35.268 10 INFO neutron.db.ovn_revision_numbers_db [None req-c1085544-984e-4af1-8252-ff5bcd429b8e 8f656c0a18134c6ab1372bf8bbe36cb6 993b5347707847e7953692a2f4f28396 - - - -] Successfully bumped revision number for resource c4303654-367d-4201-a4e4-c6640629b406 (type: router_ports) to 1
2026-08-26 01:37:35.340 10 INFO neutron.db.ovn_revision_numbers_db [None req-c1085544-984e-4af1-8252-ff5bcd429b8e 8f656c0a18134c6ab1372bf8bbe36cb6 993b5347707847e7953692a2f4f28396 - - - -] Successfully bumped revision number for resource 7a57b196-2c62-47f5-845e-55080d39e18f (type: routers) to 3
2026-08-26 01:37:35.355 10 INFO neutron.wsgi [None req-c1085544-984e-4af1-8252-ff5bcd429b8e 8f656c0a18134c6ab1372bf8bbe36cb6 993b5347707847e7953692a2f4f28396 - - - -] 10.0.0.232 "POST /v2.0/routers HTTP/1.1" status: 201 len: 872 time: 2.5327744
2026-08-26 01:37:35.445 10 INFO neutron.wsgi [None req-e34d4f88-c8ec-4d38-b1cb-2474bd6b7406 8f656c0a18134c6ab1372bf8bbe36cb6 993b5347707847e7953692a2f4f28396 - - default default] 10.0.0.232 "GET /v2.0/routers/7a57b196-2c62-47f5-845e-55080d39e18f HTTP/1.1" status: 200 len: 873 time: 0.0799351
2026-08-26 01:37:35.604 10 INFO neutron.wsgi [None req-976c0901-24e0-47d7-a3db-c5882948e304 8f656c0a18134c6ab1372bf8bbe36cb6 993b5347707847e7953692a2f4f28396 - - default default] 10.0.0.232 "GET /v2.0/routers HTTP/1.1" status: 200 len: 876 time: 0.1499782
2026-08-26 01:37:35.761 9 INFO neutron.wsgi [None req-39aaeb8e-e91d-4e16-a4d6-9bf04cc464d6 96eb05b2e5e54233bcc092c72baae106 96498899601a40d9acf2e05e35406848 - - - -] 10.0.0.232 "DELETE /v2.0/security-groups/057eb95e-96a4-4eca-ad22-d5d3a60475d1 HTTP/1.1" status: 204 len: 168 time: 0.1564765
2026-08-26 01:37:35.775 9 INFO neutron.api.v2.resource [None req-b7aaccfc-654a-40e0-8817-dbc131f65955 96eb05b2e5e54233bcc092c72baae106 96498899601a40d9acf2e05e35406848 - - default default] show failed (client error): The resource could not be found.
2026-08-26 01:37:35.776 9 INFO neutron.wsgi [None req-b7aaccfc-654a-40e0-8817-dbc131f65955 96eb05b2e5e54233bcc092c72baae106 96498899601a40d9acf2e05e35406848 - - default default] 10.0.0.232 "GET /v2.0/security-groups/057eb95e-96a4-4eca-ad22-d5d3a60475d1 HTTP/1.1" status: 404 len: 347 time: 0.0106142
2026-08-26 01:37:36.117 10 INFO neutron.db.ovn_revision_numbers_db [None req-99240e8c-8cf7-4389-80b9-92c03beafe3a 8f656c0a18134c6ab1372bf8bbe36cb6 993b5347707847e7953692a2f4f28396 - - - -] Successfully bumped revision number for resource 7a57b196-2c62-47f5-845e-55080d39e18f (type: routers) to 4
2026-08-26 01:37:36.121 10 INFO neutron.wsgi [None req-99240e8c-8cf7-4389-80b9-92c03beafe3a 8f656c0a18134c6ab1372bf8bbe36cb6 993b5347707847e7953692a2f4f28396 - - - -] 10.0.0.232 "PUT /v2.0/routers/7a57b196-2c62-47f5-845e-55080d39e18f HTTP/1.1" status: 200 len: 880 time: 0.5064986
2026-08-26 01:37:36.187 9 INFO neutron.wsgi [None req-9d2d72ef-3769-480d-ba76-0fc347229355 96eb05b2e5e54233bcc092c72baae106 96498899601a40d9acf2e05e35406848 - - - -] 10.0.0.232 "DELETE /v2.0/floatingips/38fd6b0b-62b6-43bf-96e8-8a107cf324f3 HTTP/1.1" status: 204 len: 168 time: 0.4070051
2026-08-26 01:37:36.188 10 INFO neutron.wsgi [None req-28dc5218-734c-45d0-9eb0-68f91386184c 8f656c0a18134c6ab1372bf8bbe36cb6 993b5347707847e7953692a2f4f28396 - - default default] 10.0.0.232 "GET /v2.0/routers/7a57b196-2c62-47f5-845e-55080d39e18f HTTP/1.1" status: 200 len: 880 time: 0.0622377
2026-08-26 01:37:36.262 9 INFO neutron.wsgi [None req-03134eb7-7a4b-4248-8779-b92ecf7e2046 8f656c0a18134c6ab1372bf8bbe36cb6 993b5347707847e7953692a2f4f28396 - - default default] 10.0.0.232 "GET /v2.0/ports?device_id=7a57b196-2c62-47f5-845e-55080d39e18f HTTP/1.1" status: 200 len: 205 time: 0.0696306
2026-08-26 01:37:36.265 9 WARNING neutron.plugins.ml2.drivers.ovn.mech_driver.ovsdb.ovn_client [None req-708d48ee-dd6d-4598-842f-750e5fb8a55f - - - - - -] No port found with ID fc905649-07fc-4989-bf95-20395405d380: RuntimeError: No port found with ID fc905649-07fc-4989-bf95-20395405d380
2026-08-26 01:37:36.344 9 INFO neutron.plugins.ml2.drivers.ovn.mech_driver.mech_driver [None req-708d48ee-dd6d-4598-842f-750e5fb8a55f - - - - - -] OVN reports status up for port: c4303654-367d-4201-a4e4-c6640629b406
2026-08-26 01:37:36.358 9 INFO neutron.plugins.ml2.plugin [None req-708d48ee-dd6d-4598-842f-750e5fb8a55f - - - - - -] Attempt 1 to provision port c4303654-367d-4201-a4e4-c6640629b406
2026-08-26 01:37:37.222 10 INFO neutron.wsgi [None req-0e85610c-44a8-4ae1-a7f2-b354be6a94ce 8f656c0a18134c6ab1372bf8bbe36cb6 993b5347707847e7953692a2f4f28396 - - - -] 10.0.0.232 "DELETE /v2.0/routers/7a57b196-2c62-47f5-845e-55080d39e18f HTTP/1.1" status: 204 len: 168 time: 0.9528716
2026-08-26 01:37:37.250 10 INFO neutron.wsgi [None req-ef26bd88-d519-4c5a-91fa-7231261e9c62 8f656c0a18134c6ab1372bf8bbe36cb6 993b5347707847e7953692a2f4f28396 - - default default] 10.0.0.232 "GET /v2.0/ports?device_id=7a57b196-2c62-47f5-845e-55080d39e18f HTTP/1.1" status: 200 len: 205 time: 0.0208249 /var/lib/openstack/lib/python3.10/site-packages/pycadf/identifier.py:71: UserWarning: Invalid uuid: neutron. To ensure interoperability, identifiers should be a valid uuid. warnings.warn(('Invalid uuid: %s. To ensure interoperability, '
2026-08-26 01:37:37.302 10 INFO neutron.db.ovn_revision_numbers_db [None req-4345e176-180e-4ee9-93fe-9c2a167708d5 f38841d0200f4fe1bb223c7fb45c5301 6e69d8f85a0e4cca90b95d898118560d - - - -] Successfully bumped revision number for resource 72a1b121-ad98-4736-82a0-c49ebd1e6b47 (type: security_groups) to 1
2026-08-26 01:37:37.316 9 INFO neutron.api.v2.resource [None req-29bd743f-931a-4ae8-9b80-7b45fc8cbfb8 8f656c0a18134c6ab1372bf8bbe36cb6 993b5347707847e7953692a2f4f28396 - - - -] delete failed (client error): The resource could not be found.
2026-08-26 01:37:37.319 9 INFO neutron.wsgi [None req-29bd743f-931a-4ae8-9b80-7b45fc8cbfb8 8f656c0a18134c6ab1372bf8bbe36cb6 993b5347707847e7953692a2f4f28396 - - - -] 10.0.0.232 "DELETE /v2.0/routers/7a57b196-2c62-47f5-845e-55080d39e18f HTTP/1.1" status: 404 len: 336 time: 0.0621698
2026-08-26 01:37:37.340 9 INFO neutron.wsgi [None req-8f763f96-8b7e-4779-9ca8-0a53c1902f52 179e8bdbb1c342d39e671097e84dccd4 d761fbba1a6f49ea86fe1fe4277e79ab - - - -] 10.0.0.232 "PUT /v2.0/routers/0edea45c-3750-46b6-9a98-992527c0d13f/remove_router_interface HTTP/1.1" status: 200 len: 503 time: 1.1456642 /var/lib/openstack/lib/python3.10/site-packages/pycadf/identifier.py:71: UserWarning: Invalid uuid: neutron. To ensure interoperability, identifiers should be a valid uuid. warnings.warn(('Invalid uuid: %s. To ensure interoperability, '
2026-08-26 01:37:37.349 10 INFO neutron.wsgi [None req-75c76938-9db2-4b80-8772-703263053273 8f656c0a18134c6ab1372bf8bbe36cb6 993b5347707847e7953692a2f4f28396 - - default default] 10.0.0.232 "GET /v2.0/ports?device_id=f5ffacc9-8521-40d6-a3d8-eec0c7d52ed8 HTTP/1.1" status: 200 len: 205 time: 0.0219605
2026-08-26 01:37:37.356 10 INFO neutron.db.segments_db [None req-4345e176-180e-4ee9-93fe-9c2a167708d5 f38841d0200f4fe1bb223c7fb45c5301 6e69d8f85a0e4cca90b95d898118560d - - - -] Added segment 7b8e6cae-da26-40c5-83f4-53939753d28b of type geneve for network 34adc853-41f2-4017-adf4-b858216bd6aa
2026-08-26 01:37:37.399 9 INFO neutron.api.v2.resource [None req-f41eda2d-55d0-4669-b6c4-6dd16246c6ed 8f656c0a18134c6ab1372bf8bbe36cb6 993b5347707847e7953692a2f4f28396 - - - -] delete failed (client error): The resource could not be found.
2026-08-26 01:37:37.401 9 INFO neutron.wsgi [None req-f41eda2d-55d0-4669-b6c4-6dd16246c6ed 8f656c0a18134c6ab1372bf8bbe36cb6 993b5347707847e7953692a2f4f28396 - - - -] 10.0.0.232 "DELETE /v2.0/routers/f5ffacc9-8521-40d6-a3d8-eec0c7d52ed8 HTTP/1.1" status: 404 len: 336 time: 0.0460987
2026-08-26 01:37:37.425 10 INFO neutron.pecan_wsgi.hooks.translation [None req-60504dcc-86bc-4f66-89bc-c17c2ca0c16f 8f656c0a18134c6ab1372bf8bbe36cb6 993b5347707847e7953692a2f4f28396 - - - -] DELETE failed (client error): The resource could not be found.
2026-08-26 01:37:37.428 10 INFO neutron.wsgi [None req-60504dcc-86bc-4f66-89bc-c17c2ca0c16f 8f656c0a18134c6ab1372bf8bbe36cb6 993b5347707847e7953692a2f4f28396 - - - -] 10.0.0.232 "DELETE /v2.0/subnets/ff7e77c4-1274-4235-be21-800e34003d6c HTTP/1.1" status: 404 len: 337 time: 0.0200610
2026-08-26 01:37:37.480 10 INFO neutron.wsgi [None req-565d102e-d51d-4581-ba8e-a03341c99052 8f656c0a18134c6ab1372bf8bbe36cb6 993b5347707847e7953692a2f4f28396 - - default default] 10.0.0.232 "GET /v2.0/ports?device_id=7d184459-afd9-41b1-bbfb-1f06728c0d31 HTTP/1.1" status: 200 len: 205 time: 0.0480077
2026-08-26 01:37:37.533 10 INFO neutron.api.v2.resource [None req-d9c15181-7abb-4b8c-9f1a-68519989e95d 8f656c0a18134c6ab1372bf8bbe36cb6 993b5347707847e7953692a2f4f28396 - - - -] delete failed (client error): The resource could not be found.
2026-08-26 01:37:37.534 10 INFO neutron.wsgi [None req-d9c15181-7abb-4b8c-9f1a-68519989e95d 8f656c0a18134c6ab1372bf8bbe36cb6 993b5347707847e7953692a2f4f28396 - - - -] 10.0.0.232 "DELETE /v2.0/routers/7d184459-afd9-41b1-bbfb-1f06728c0d31 HTTP/1.1" status: 404 len: 336 time: 0.0376263
2026-08-26 01:37:37.547 10 INFO neutron.db.ovn_revision_numbers_db [None req-4345e176-180e-4ee9-93fe-9c2a167708d5 f38841d0200f4fe1bb223c7fb45c5301 6e69d8f85a0e4cca90b95d898118560d - - - -] Successfully bumped revision number for resource 34adc853-41f2-4017-adf4-b858216bd6aa (type: networks) to 1
2026-08-26 01:37:37.567 10 INFO neutron.pecan_wsgi.hooks.translation [None req-34c958c1-f033-4f78-ac58-e61f7e7f6bb3 8f656c0a18134c6ab1372bf8bbe36cb6 993b5347707847e7953692a2f4f28396 - - - -] DELETE failed (client error): The resource could not be found.
2026-08-26 01:37:37.569 10 INFO neutron.wsgi [None req-34c958c1-f033-4f78-ac58-e61f7e7f6bb3 8f656c0a18134c6ab1372bf8bbe36cb6 993b5347707847e7953692a2f4f28396 - - - -] 10.0.0.232 "DELETE /v2.0/subnets/0024bcb7-ff37-41b6-9316-b96437b63ac2 HTTP/1.1" status: 404 len: 337 time: 0.0279398
2026-08-26 01:37:37.599 10 INFO neutron.wsgi [None req-8dfceeb6-acd7-4c45-8f9d-a64754c844ab 8f656c0a18134c6ab1372bf8bbe36cb6 993b5347707847e7953692a2f4f28396 - - default default] 10.0.0.232 "GET /v2.0/ports?device_id=88e93d11-0650-490b-b8c9-7e6a986d5e75 HTTP/1.1" status: 200 len: 205 time: 0.0200181
2026-08-26 01:37:37.634 9 INFO neutron.api.v2.resource [None req-d833a6b9-ef1e-4760-b880-45db0a31f5e3 8f656c0a18134c6ab1372bf8bbe36cb6 993b5347707847e7953692a2f4f28396 - - - -] delete failed (client error): The resource could not be found.
2026-08-26 01:37:37.635 9 INFO neutron.wsgi [None req-d833a6b9-ef1e-4760-b880-45db0a31f5e3 8f656c0a18134c6ab1372bf8bbe36cb6 993b5347707847e7953692a2f4f28396 - - - -] 10.0.0.232 "DELETE /v2.0/routers/88e93d11-0650-490b-b8c9-7e6a986d5e75 HTTP/1.1" status: 404 len: 336 time: 0.0285120
2026-08-26 01:37:37.666 9 INFO neutron.pecan_wsgi.hooks.translation [None req-6ed3a60f-a73f-487f-8b53-34d802cf6913 8f656c0a18134c6ab1372bf8bbe36cb6 993b5347707847e7953692a2f4f28396 - - - -] DELETE failed (client error): The resource could not be found.
2026-08-26 01:37:37.668 9 INFO neutron.wsgi [None req-6ed3a60f-a73f-487f-8b53-34d802cf6913 8f656c0a18134c6ab1372bf8bbe36cb6 993b5347707847e7953692a2f4f28396 - - - -] 10.0.0.232 "DELETE /v2.0/subnets/99978cab-c1a2-471a-85d6-2b16328e8e52 HTTP/1.1" status: 404 len: 337 time: 0.0276041
2026-08-26 01:37:37.688 9 INFO neutron.pecan_wsgi.hooks.translation [None req-5670699e-0314-4978-b27c-0a7176e71a15 8f656c0a18134c6ab1372bf8bbe36cb6 993b5347707847e7953692a2f4f28396 - - - -] DELETE failed (client error): The resource could not be found.
2026-08-26 01:37:37.690 9 INFO neutron.wsgi [None req-5670699e-0314-4978-b27c-0a7176e71a15 8f656c0a18134c6ab1372bf8bbe36cb6 993b5347707847e7953692a2f4f28396 - - - -] 10.0.0.232 "DELETE /v2.0/subnets/67505641-92e1-4360-86d1-c995ec77a8b2 HTTP/1.1" status: 404 len: 337 time: 0.0176003
2026-08-26 01:37:37.720 10 WARNING neutron.scheduler.dhcp_agent_scheduler [None req-4345e176-180e-4ee9-93fe-9c2a167708d5 f38841d0200f4fe1bb223c7fb45c5301 6e69d8f85a0e4cca90b95d898118560d - - - -] No more DHCP agents
2026-08-26 01:37:37.722 10 WARNING neutron.api.rpc.agentnotifiers.dhcp_rpc_agent_api [None req-4345e176-180e-4ee9-93fe-9c2a167708d5 f38841d0200f4fe1bb223c7fb45c5301 6e69d8f85a0e4cca90b95d898118560d - - - -] Unable to schedule network 34adc853-41f2-4017-adf4-b858216bd6aa: no agents available; will retry on subsequent port and subnet creation events.
2026-08-26 01:37:37.787 10 INFO neutron.db.ovn_revision_numbers_db [None req-4345e176-180e-4ee9-93fe-9c2a167708d5 f38841d0200f4fe1bb223c7fb45c5301 6e69d8f85a0e4cca90b95d898118560d - - - -] Successfully bumped revision number for resource 6f0f7257-032f-46d5-adcb-3ce3e757c183 (type: ports) to 1
2026-08-26 01:37:37.811 10 INFO neutron.wsgi [None req-4345e176-180e-4ee9-93fe-9c2a167708d5 f38841d0200f4fe1bb223c7fb45c5301 6e69d8f85a0e4cca90b95d898118560d - - - -] 10.0.0.232 "POST /v2.0/networks HTTP/1.1" status: 201 len: 843 time: 0.7875497
2026-08-26 01:37:38.063 9 INFO neutron.wsgi [None req-6f7ec1aa-31f4-4095-ae29-f68161df966b 179e8bdbb1c342d39e671097e84dccd4 d761fbba1a6f49ea86fe1fe4277e79ab - - - -] 10.0.0.232 "DELETE /v2.0/routers/0edea45c-3750-46b6-9a98-992527c0d13f HTTP/1.1" status: 204 len: 168 time: 0.7183905
2026-08-26 01:37:38.194 10 WARNING neutron.scheduler.dhcp_agent_scheduler [None req-f94a4409-19b2-4b93-aec9-7258a5282eed f38841d0200f4fe1bb223c7fb45c5301 6e69d8f85a0e4cca90b95d898118560d - - - -] No more DHCP agents
2026-08-26 01:37:38.197 10 WARNING neutron.api.rpc.agentnotifiers.dhcp_rpc_agent_api [None req-f94a4409-19b2-4b93-aec9-7258a5282eed f38841d0200f4fe1bb223c7fb45c5301 6e69d8f85a0e4cca90b95d898118560d - - - -] Unable to schedule network 34adc853-41f2-4017-adf4-b858216bd6aa: no agents available; will retry on subsequent port and subnet creation events.
2026-08-26 01:37:38.275 10 INFO neutron.db.ovn_revision_numbers_db [None req-f94a4409-19b2-4b93-aec9-7258a5282eed f38841d0200f4fe1bb223c7fb45c5301 6e69d8f85a0e4cca90b95d898118560d - - - -] Successfully bumped revision number for resource a7ec68f1-7396-49d7-8de2-227665562627 (type: ports) to 1
2026-08-26 01:37:38.301 10 INFO neutron.wsgi [None req-f94a4409-19b2-4b93-aec9-7258a5282eed f38841d0200f4fe1bb223c7fb45c5301 6e69d8f85a0e4cca90b95d898118560d - - - -] 10.0.0.232 "POST /v2.0/ports HTTP/1.1" status: 201 len: 974 time: 0.4844179 /var/lib/openstack/lib/python3.10/site-packages/pycadf/identifier.py:71: UserWarning: Invalid uuid: neutron. To ensure interoperability, identifiers should be a valid uuid. warnings.warn(('Invalid uuid: %s. To ensure interoperability, '
2026-08-26 01:37:38.369 9 INFO neutron.wsgi [None req-6abd0e01-972d-4320-ac81-ce32967843ba 179e8bdbb1c342d39e671097e84dccd4 d761fbba1a6f49ea86fe1fe4277e79ab - - - -] 10.0.0.232 "DELETE /v2.0/subnets/50f5c654-10bc-4800-9fd8-77c0ccead942 HTTP/1.1" status: 204 len: 168 time: 0.2991197
2026-08-26 01:37:38.389 10 INFO neutron.db.segments_db [None req-16e52910-9596-4b54-8b48-d8e29be50347 f38841d0200f4fe1bb223c7fb45c5301 6e69d8f85a0e4cca90b95d898118560d - - - -] Added segment bf2044ef-9a50-4e35-83a0-b4d317750317 of type geneve for network 2777a40b-190d-4839-8e94-f4a5c8c08f01
2026-08-26 01:37:38.429 10 INFO neutron.wsgi [None req-4eb71af3-0636-4633-8cda-4a11168cf7bc 179e8bdbb1c342d39e671097e84dccd4 d761fbba1a6f49ea86fe1fe4277e79ab - - default default] 10.0.0.232 "GET /v2.0/security-groups?tenant_id=993b5347707847e7953692a2f4f28396&name=default HTTP/1.1" status: 200 len: 2996 time: 0.1603751
2026-08-26 01:37:38.570 10 INFO neutron.db.ovn_revision_numbers_db [None req-16e52910-9596-4b54-8b48-d8e29be50347 f38841d0200f4fe1bb223c7fb45c5301 6e69d8f85a0e4cca90b95d898118560d - - - -] Successfully bumped revision number for resource 2777a40b-190d-4839-8e94-f4a5c8c08f01 (type: networks) to 1
2026-08-26 01:37:38.573 10 INFO neutron.db.ovn_revision_numbers_db [None req-286b8bbc-5413-4479-ac7d-7d6a5a826e3b 179e8bdbb1c342d39e671097e84dccd4 d761fbba1a6f49ea86fe1fe4277e79ab - - default default] Successfully bumped revision number for resource 84da3dae-6a4f-49a9-8a07-605f9617efed (type: security_groups) to 1
2026-08-26 01:37:38.618 10 INFO neutron.wsgi [None req-286b8bbc-5413-4479-ac7d-7d6a5a826e3b 179e8bdbb1c342d39e671097e84dccd4 d761fbba1a6f49ea86fe1fe4277e79ab - - default default] 10.0.0.232 "GET /v2.0/security-groups?tenant_id=e0c3fcff332b46b2b8f7b552f868ee97&name=default HTTP/1.1" status: 200 len: 2996 time: 0.3346117
2026-08-26 01:37:38.752 9 INFO neutron.services.segments.plugin [-] Segment 79498471-56f9-4dac-8991-dda8eb2d4cd1 resource provider aggregate not found
2026-08-26 01:37:38.756 9 INFO neutron.services.segments.plugin [-] Segment 79498471-56f9-4dac-8991-dda8eb2d4cd1 resource provider aggregate not found
2026-08-26 01:37:38.774 9 INFO neutron.services.segments.plugin [-] Segment 79498471-56f9-4dac-8991-dda8eb2d4cd1 resource provider not found; error: Placement Client Error (4xx): {"errors": [{"status": 404, "title": "Not Found", "detail": "The resource could not be found.\n\n No resource provider with uuid 79498471-56f9-4dac-8991-dda8eb2d4cd1 found for delete ", "request_id": "req-a64eaf60-b89f-45d7-91a1-8c7fb659890f"}]}
2026-08-26 01:37:38.799 9 INFO neutron.wsgi [None req-295608f7-db55-4308-b9da-752f1c035c84 179e8bdbb1c342d39e671097e84dccd4 d761fbba1a6f49ea86fe1fe4277e79ab - - - -] 10.0.0.232 "DELETE /v2.0/networks/a8d220b4-e911-41b5-813b-4ee845ee0b9a HTTP/1.1" status: 204 len: 168 time: 0.4244897
2026-08-26 01:37:38.808 10 WARNING neutron.scheduler.dhcp_agent_scheduler [None req-16e52910-9596-4b54-8b48-d8e29be50347 f38841d0200f4fe1bb223c7fb45c5301 6e69d8f85a0e4cca90b95d898118560d - - - -] No more DHCP agents
2026-08-26 01:37:38.811 9 INFO neutron.services.segments.plugin [-] Segment 79498471-56f9-4dac-8991-dda8eb2d4cd1 resource provider not found; error: Placement Client Error (4xx): {"errors": [{"status": 404, "title": "Not Found", "detail": "The resource could not be found.\n\n No resource provider with uuid 79498471-56f9-4dac-8991-dda8eb2d4cd1 found for delete ", "request_id": "req-e84e3b38-b486-4c59-82c6-6892169fe360"}]}
2026-08-26 01:37:38.813 10 WARNING neutron.api.rpc.agentnotifiers.dhcp_rpc_agent_api [None req-16e52910-9596-4b54-8b48-d8e29be50347 f38841d0200f4fe1bb223c7fb45c5301 6e69d8f85a0e4cca90b95d898118560d - - - -] Unable to schedule network 2777a40b-190d-4839-8e94-f4a5c8c08f01: no agents available; will retry on subsequent port and subnet creation events.
2026-08-26 01:37:38.846 10 INFO neutron.wsgi [None req-d9d612b3-10ba-4fed-aace-120bd2f59a6a 179e8bdbb1c342d39e671097e84dccd4 d761fbba1a6f49ea86fe1fe4277e79ab - - - -] 10.0.0.232 "DELETE /v2.0/security-groups/72b194f9-7fea-4b27-ada2-b1c6b2976bed HTTP/1.1" status: 204 len: 168 time: 0.4101117
2026-08-26 01:37:38.881 10 INFO neutron.db.ovn_revision_numbers_db [None req-16e52910-9596-4b54-8b48-d8e29be50347 f38841d0200f4fe1bb223c7fb45c5301 6e69d8f85a0e4cca90b95d898118560d - - - -] Successfully bumped revision number for resource 827c46e1-2c8b-49f0-817f-36fd9310e896 (type: ports) to 1
2026-08-26 01:37:38.883 9 INFO neutron.wsgi [None req-6894600a-41bb-4905-a848-0528c0ae42e1 179e8bdbb1c342d39e671097e84dccd4 d761fbba1a6f49ea86fe1fe4277e79ab - - - -] 10.0.0.232 "DELETE /v2.0/security-groups/84da3dae-6a4f-49a9-8a07-605f9617efed HTTP/1.1" status: 204 len: 168 time: 0.2599964
2026-08-26 01:37:38.903 10 INFO neutron.wsgi [None req-16e52910-9596-4b54-8b48-d8e29be50347 f38841d0200f4fe1bb223c7fb45c5301 6e69d8f85a0e4cca90b95d898118560d - - - -] 10.0.0.232 "POST /v2.0/networks HTTP/1.1" status: 201 len: 830 time: 0.5968592
2026-08-26 01:37:38.985 9 INFO neutron.wsgi [None req-e6e75166-dcb8-445a-85eb-7a74bebf3a42 179e8bdbb1c342d39e671097e84dccd4 d761fbba1a6f49ea86fe1fe4277e79ab - - default default] 10.0.0.232 "GET /v2.0/security-groups?tenant_id=96498899601a40d9acf2e05e35406848&name=default HTTP/1.1" status: 200 len: 2996 time: 0.0404747
2026-08-26 01:37:39.213 10 WARNING neutron.scheduler.dhcp_agent_scheduler [None req-6c635b58-a23c-4682-a70b-c4df38d510b4 f38841d0200f4fe1bb223c7fb45c5301 6e69d8f85a0e4cca90b95d898118560d - - - -] No more DHCP agents
2026-08-26 01:37:39.216 10 WARNING neutron.api.rpc.agentnotifiers.dhcp_rpc_agent_api [None req-6c635b58-a23c-4682-a70b-c4df38d510b4 f38841d0200f4fe1bb223c7fb45c5301 6e69d8f85a0e4cca90b95d898118560d - - - -] Unable to schedule network 2777a40b-190d-4839-8e94-f4a5c8c08f01: no agents available; will retry on subsequent port and subnet creation events.
2026-08-26 01:37:39.552 9 INFO neutron.wsgi [None req-6f7e1301-5386-4baf-8be4-4d0d06c38e0a 179e8bdbb1c342d39e671097e84dccd4 d761fbba1a6f49ea86fe1fe4277e79ab - - - -] 10.0.0.232 "DELETE /v2.0/security-groups/c4a7e494-815e-4e4f-9e06-4ae8a5553231 HTTP/1.1" status: 204 len: 168 time: 0.5618641
2026-08-26 01:37:39.733 10 INFO neutron.db.ovn_revision_numbers_db [None req-6c635b58-a23c-4682-a70b-c4df38d510b4 f38841d0200f4fe1bb223c7fb45c5301 6e69d8f85a0e4cca90b95d898118560d - - - -] Successfully bumped revision number for resource 827c46e1-2c8b-49f0-817f-36fd9310e896 (type: ports) to 2
2026-08-26 01:37:39.747 10 INFO neutron.db.ovn_revision_numbers_db [None req-6c635b58-a23c-4682-a70b-c4df38d510b4 f38841d0200f4fe1bb223c7fb45c5301 6e69d8f85a0e4cca90b95d898118560d - - - -] Successfully bumped revision number for resource b9ae9b78-fdde-44dd-ab86-a8e81a705d8d (type: subnets) to 0
2026-08-26 01:37:39.767 10 INFO neutron.wsgi [None req-6c635b58-a23c-4682-a70b-c4df38d510b4 f38841d0200f4fe1bb223c7fb45c5301 6e69d8f85a0e4cca90b95d898118560d - - - -] 10.0.0.232 "POST /v2.0/subnets HTTP/1.1" status: 201 len: 801 time: 0.8555574
2026-08-26 01:37:40.081 10 WARNING neutron.scheduler.dhcp_agent_scheduler [None req-50ea3193-85fe-413e-98d5-72fdafd9e4cc f38841d0200f4fe1bb223c7fb45c5301 6e69d8f85a0e4cca90b95d898118560d - - - -] No more DHCP agents
2026-08-26 01:37:40.082 10 WARNING neutron.api.rpc.agentnotifiers.dhcp_rpc_agent_api [None req-50ea3193-85fe-413e-98d5-72fdafd9e4cc f38841d0200f4fe1bb223c7fb45c5301 6e69d8f85a0e4cca90b95d898118560d - - - -] Unable to schedule network 2777a40b-190d-4839-8e94-f4a5c8c08f01: no agents available; will retry on subsequent port and subnet creation events.
2026-08-26 01:37:40.256 10 INFO neutron.db.ovn_revision_numbers_db [None req-50ea3193-85fe-413e-98d5-72fdafd9e4cc f38841d0200f4fe1bb223c7fb45c5301 6e69d8f85a0e4cca90b95d898118560d - - - -] Successfully bumped revision number for resource 986b0377-7d0d-4ebc-8bd4-82e247179bdf (type: ports) to 1
2026-08-26 01:37:40.282 10 INFO neutron.wsgi [None req-50ea3193-85fe-413e-98d5-72fdafd9e4cc f38841d0200f4fe1bb223c7fb45c5301 6e69d8f85a0e4cca90b95d898118560d - - - -] 10.0.0.232 "POST /v2.0/ports HTTP/1.1" status: 201 len: 1152 time: 0.5095720 /var/lib/openstack/lib/python3.10/site-packages/pycadf/identifier.py:71: UserWarning: Invalid uuid: neutron. To ensure interoperability, identifiers should be a valid uuid. warnings.warn(('Invalid uuid: %s. To ensure interoperability, '
