2026-08-26 01:39:45.082 9 INFO neutron.db.ovn_revision_numbers_db [None req-708d48ee-dd6d-4598-842f-750e5fb8a55f - - - - - -] Successfully bumped revision number for resource 1a77ed6d-d794-4ac3-a9b3-3d94148f1c83 (type: ports) to 5
2026-08-26 01:39:45.138 9 INFO neutron.db.ovn_revision_numbers_db [None req-e5451809-daaa-4ca3-b582-72209f94c3c5 49087ef6802d40c4acac60a529d29ee5 4ed4514139f44b2095ce65b15b8fab7e - - - -] Successfully bumped revision number for resource 039f4f9b-0f8a-4675-a73e-723c0039dd3d (type: networks) to 1
2026-08-26 01:39:45.334 9 WARNING neutron.scheduler.dhcp_agent_scheduler [None req-e5451809-daaa-4ca3-b582-72209f94c3c5 49087ef6802d40c4acac60a529d29ee5 4ed4514139f44b2095ce65b15b8fab7e - - - -] No more DHCP agents
2026-08-26 01:39:45.336 9 WARNING neutron.api.rpc.agentnotifiers.dhcp_rpc_agent_api [None req-e5451809-daaa-4ca3-b582-72209f94c3c5 49087ef6802d40c4acac60a529d29ee5 4ed4514139f44b2095ce65b15b8fab7e - - - -] Unable to schedule network 039f4f9b-0f8a-4675-a73e-723c0039dd3d: no agents available; will retry on subsequent port and subnet creation events.
2026-08-26 01:39:45.382 10 INFO neutron.db.l3_db [None req-406b3e92-fc24-465f-ac5e-7ae365b98dcf 2a4aed329b324d99b521e437b9cccd9e 5e84a6bf14874e64b1b9c7f9697b7145 - - - -] Floating IP 36edb37e-9b6f-4279-af76-5f17039e0a9d disassociated. External IP: 10.96.250.211, port: 1a77ed6d-d794-4ac3-a9b3-3d94148f1c83.
2026-08-26 01:39:45.451 9 INFO neutron.db.ovn_revision_numbers_db [None req-e5451809-daaa-4ca3-b582-72209f94c3c5 49087ef6802d40c4acac60a529d29ee5 4ed4514139f44b2095ce65b15b8fab7e - - - -] Successfully bumped revision number for resource a9ec7526-719f-409c-b3f1-f64252384649 (type: ports) to 1
2026-08-26 01:39:45.484 9 INFO neutron.wsgi [None req-e5451809-daaa-4ca3-b582-72209f94c3c5 49087ef6802d40c4acac60a529d29ee5 4ed4514139f44b2095ce65b15b8fab7e - - - -] 10.0.0.232 "POST /v2.0/networks HTTP/1.1" status: 201 len: 831 time: 0.6261597 /var/lib/openstack/lib/python3.10/site-packages/pycadf/identifier.py:71: UserWarning: Invalid uuid: neutron. To ensure interoperability, identifiers should be a valid uuid. warnings.warn(('Invalid uuid: %s. To ensure interoperability, '
2026-08-26 01:39:45.626 10 INFO neutron.wsgi [None req-406b3e92-fc24-465f-ac5e-7ae365b98dcf 2a4aed329b324d99b521e437b9cccd9e 5e84a6bf14874e64b1b9c7f9697b7145 - - - -] 162.253.55.223 "DELETE /v2.0/ports/1a77ed6d-d794-4ac3-a9b3-3d94148f1c83 HTTP/1.1" status: 204 len: 173 time: 0.5866578
2026-08-26 01:39:45.667 10 INFO neutron.notifiers.nova [-] Nova event matching ['req-655e25ea-c4f2-4e76-bb39-e66a9b2b2430'] response: {'server_uuid': '88a0ef9c-0245-4218-8c0a-af462e13deb7', 'name': 'network-vif-deleted', 'tag': '1a77ed6d-d794-4ac3-a9b3-3d94148f1c83', 'status': 'completed', 'code': 200}
2026-08-26 01:39:45.812 9 WARNING neutron.scheduler.dhcp_agent_scheduler [None req-be14b02b-1a45-4816-9f0b-04a8f00e3951 49087ef6802d40c4acac60a529d29ee5 4ed4514139f44b2095ce65b15b8fab7e - - - -] No more DHCP agents
2026-08-26 01:39:45.815 9 WARNING neutron.api.rpc.agentnotifiers.dhcp_rpc_agent_api [None req-be14b02b-1a45-4816-9f0b-04a8f00e3951 49087ef6802d40c4acac60a529d29ee5 4ed4514139f44b2095ce65b15b8fab7e - - - -] Unable to schedule network 039f4f9b-0f8a-4675-a73e-723c0039dd3d: no agents available; will retry on subsequent port and subnet creation events.
2026-08-26 01:39:45.911 9 INFO neutron.wsgi [req-db03ea5f-4907-4529-92aa-14fdb18833b8 req-30ce62e9-e99e-4942-b641-6ed90cae13a8 2a4aed329b324d99b521e437b9cccd9e 5e84a6bf14874e64b1b9c7f9697b7145 - - default default] 10.0.0.82 "GET /v2.0/ports?device_id=88a0ef9c-0245-4218-8c0a-af462e13deb7 HTTP/1.1" status: 200 len: 210 time: 0.0416019
2026-08-26 01:39:46.282 9 INFO neutron.db.ovn_revision_numbers_db [None req-be14b02b-1a45-4816-9f0b-04a8f00e3951 49087ef6802d40c4acac60a529d29ee5 4ed4514139f44b2095ce65b15b8fab7e - - - -] Successfully bumped revision number for resource a9ec7526-719f-409c-b3f1-f64252384649 (type: ports) to 2
2026-08-26 01:39:46.296 9 INFO neutron.db.ovn_revision_numbers_db [None req-be14b02b-1a45-4816-9f0b-04a8f00e3951 49087ef6802d40c4acac60a529d29ee5 4ed4514139f44b2095ce65b15b8fab7e - - - -] Successfully bumped revision number for resource 19257bb7-4382-4330-aae9-e29671a0cef1 (type: subnets) to 0
2026-08-26 01:39:46.312 9 INFO neutron.wsgi [None req-be14b02b-1a45-4816-9f0b-04a8f00e3951 49087ef6802d40c4acac60a529d29ee5 4ed4514139f44b2095ce65b15b8fab7e - - - -] 10.0.0.232 "POST /v2.0/subnets HTTP/1.1" status: 201 len: 804 time: 0.8179214
2026-08-26 01:39:46.403 9 INFO neutron.db.segments_db [None req-d0e08921-4d2f-4c3c-89be-1e125956917b 49087ef6802d40c4acac60a529d29ee5 4ed4514139f44b2095ce65b15b8fab7e - - - -] Added segment cd1ce853-d27d-42c0-aed3-efb729e81611 of type geneve for network 4a0246a3-2807-4aa9-80d9-a8be5c622b83
2026-08-26 01:39:46.603 9 INFO neutron.db.ovn_revision_numbers_db [None req-d0e08921-4d2f-4c3c-89be-1e125956917b 49087ef6802d40c4acac60a529d29ee5 4ed4514139f44b2095ce65b15b8fab7e - - - -] Successfully bumped revision number for resource 4a0246a3-2807-4aa9-80d9-a8be5c622b83 (type: networks) to 1
2026-08-26 01:39:46.808 9 WARNING neutron.scheduler.dhcp_agent_scheduler [None req-d0e08921-4d2f-4c3c-89be-1e125956917b 49087ef6802d40c4acac60a529d29ee5 4ed4514139f44b2095ce65b15b8fab7e - - - -] No more DHCP agents
2026-08-26 01:39:46.811 9 WARNING neutron.api.rpc.agentnotifiers.dhcp_rpc_agent_api [None req-d0e08921-4d2f-4c3c-89be-1e125956917b 49087ef6802d40c4acac60a529d29ee5 4ed4514139f44b2095ce65b15b8fab7e - - - -] Unable to schedule network 4a0246a3-2807-4aa9-80d9-a8be5c622b83: no agents available; will retry on subsequent port and subnet creation events.
2026-08-26 01:39:46.870 9 INFO neutron.db.ovn_revision_numbers_db [None req-d0e08921-4d2f-4c3c-89be-1e125956917b 49087ef6802d40c4acac60a529d29ee5 4ed4514139f44b2095ce65b15b8fab7e - - - -] Successfully bumped revision number for resource 53c7646c-6144-41ff-8c40-4a3a36cf03ff (type: ports) to 1
2026-08-26 01:39:46.898 9 INFO neutron.wsgi [None req-d0e08921-4d2f-4c3c-89be-1e125956917b 49087ef6802d40c4acac60a529d29ee5 4ed4514139f44b2095ce65b15b8fab7e - - - -] 10.0.0.232 "POST /v2.0/networks HTTP/1.1" status: 201 len: 830 time: 0.5785687
2026-08-26 01:39:46.931 9 INFO neutron.notifiers.nova [-] Nova event matching ['req-f1843796-7b22-491c-85bd-f7214cccd82a'] response: {'server_uuid': '88a0ef9c-0245-4218-8c0a-af462e13deb7', 'name': 'network-vif-plugged', 'status': 'completed', 'tag': '1a77ed6d-d794-4ac3-a9b3-3d94148f1c83', 'code': 200}
2026-08-26 01:39:47.195 10 INFO neutron.wsgi [None req-855d77b9-d7e7-43d2-8eca-1eb4ca3d1e29 2a4aed329b324d99b521e437b9cccd9e 5e84a6bf14874e64b1b9c7f9697b7145 - - - -] 10.0.0.232 "DELETE /v2.0/security-groups/9e638b82-6acd-4e38-92cf-867fbd4da92c HTTP/1.1" status: 204 len: 168 time: 0.1236062
2026-08-26 01:39:47.229 10 INFO neutron.api.v2.resource [None req-d22b5394-ecf4-42e1-949a-7d962384a252 2a4aed329b324d99b521e437b9cccd9e 5e84a6bf14874e64b1b9c7f9697b7145 - - default default] show failed (client error): The resource could not be found.
2026-08-26 01:39:47.230 10 INFO neutron.wsgi [None req-d22b5394-ecf4-42e1-949a-7d962384a252 2a4aed329b324d99b521e437b9cccd9e 5e84a6bf14874e64b1b9c7f9697b7145 - - default default] 10.0.0.232 "GET /v2.0/security-groups/9e638b82-6acd-4e38-92cf-867fbd4da92c HTTP/1.1" status: 404 len: 347 time: 0.0119567
2026-08-26 01:39:47.246 9 WARNING neutron.scheduler.dhcp_agent_scheduler [None req-1423229a-9b37-4c1a-a51c-28a58add810e 49087ef6802d40c4acac60a529d29ee5 4ed4514139f44b2095ce65b15b8fab7e - - - -] No more DHCP agents
2026-08-26 01:39:47.251 9 WARNING neutron.api.rpc.agentnotifiers.dhcp_rpc_agent_api [None req-1423229a-9b37-4c1a-a51c-28a58add810e 49087ef6802d40c4acac60a529d29ee5 4ed4514139f44b2095ce65b15b8fab7e - - - -] Unable to schedule network 4a0246a3-2807-4aa9-80d9-a8be5c622b83: no agents available; will retry on subsequent port and subnet creation events.
2026-08-26 01:39:47.554 10 INFO neutron.wsgi [-] 10.0.0.16 "GET / HTTP/1.1" status: 200 len: 246 time: 0.0047359
2026-08-26 01:39:47.556 10 INFO neutron.wsgi [-] 10.0.0.16 "GET / HTTP/1.1" status: 200 len: 246 time: 0.0009825
2026-08-26 01:39:47.586 10 INFO neutron.wsgi [None req-fea08a6a-2ba1-4fca-b24b-3d14ec67d047 2a4aed329b324d99b521e437b9cccd9e 5e84a6bf14874e64b1b9c7f9697b7145 - - - -] 10.0.0.232 "DELETE /v2.0/floatingips/36edb37e-9b6f-4279-af76-5f17039e0a9d HTTP/1.1" status: 204 len: 168 time: 0.3509886
2026-08-26 01:39:47.731 10 INFO neutron.wsgi [None req-e25cbcb1-2f66-456e-8f94-ec3fe0a5925f 2a4aed329b324d99b521e437b9cccd9e 5e84a6bf14874e64b1b9c7f9697b7145 - - - -] 10.0.0.232 "DELETE /v2.0/security-groups/d4de40b0-7e92-4873-a04d-d2b67073e382 HTTP/1.1" status: 204 len: 168 time: 0.1388721
2026-08-26 01:39:47.748 9 INFO neutron.db.ovn_revision_numbers_db [None req-1423229a-9b37-4c1a-a51c-28a58add810e 49087ef6802d40c4acac60a529d29ee5 4ed4514139f44b2095ce65b15b8fab7e - - - -] Successfully bumped revision number for resource 53c7646c-6144-41ff-8c40-4a3a36cf03ff (type: ports) to 2
2026-08-26 01:39:47.764 9 INFO neutron.db.ovn_revision_numbers_db [None req-1423229a-9b37-4c1a-a51c-28a58add810e 49087ef6802d40c4acac60a529d29ee5 4ed4514139f44b2095ce65b15b8fab7e - - - -] Successfully bumped revision number for resource 82c57786-7204-49ce-bf85-f9a1d03913e1 (type: subnets) to 0
2026-08-26 01:39:47.782 9 INFO neutron.wsgi [None req-1423229a-9b37-4c1a-a51c-28a58add810e 49087ef6802d40c4acac60a529d29ee5 4ed4514139f44b2095ce65b15b8fab7e - - - -] 10.0.0.232 "POST /v2.0/subnets HTTP/1.1" status: 201 len: 804 time: 0.8635597
2026-08-26 01:39:47.868 9 INFO neutron.db.segments_db [None req-75f7d489-20d6-4709-b7d1-90ce2242b1bc 49087ef6802d40c4acac60a529d29ee5 4ed4514139f44b2095ce65b15b8fab7e - - - -] Added segment 899dff20-5946-4713-9735-c565424448aa of type geneve for network 0924d328-0bce-4c65-8188-67898d8dc4f3
2026-08-26 01:39:47.985 9 INFO neutron.db.ovn_revision_numbers_db [None req-75f7d489-20d6-4709-b7d1-90ce2242b1bc 49087ef6802d40c4acac60a529d29ee5 4ed4514139f44b2095ce65b15b8fab7e - - - -] Successfully bumped revision number for resource 0924d328-0bce-4c65-8188-67898d8dc4f3 (type: networks) to 1
2026-08-26 01:39:48.160 9 WARNING neutron.scheduler.dhcp_agent_scheduler [None req-75f7d489-20d6-4709-b7d1-90ce2242b1bc 49087ef6802d40c4acac60a529d29ee5 4ed4514139f44b2095ce65b15b8fab7e - - - -] No more DHCP agents
2026-08-26 01:39:48.162 9 WARNING neutron.api.rpc.agentnotifiers.dhcp_rpc_agent_api [None req-75f7d489-20d6-4709-b7d1-90ce2242b1bc 49087ef6802d40c4acac60a529d29ee5 4ed4514139f44b2095ce65b15b8fab7e - - - -] Unable to schedule network 0924d328-0bce-4c65-8188-67898d8dc4f3: no agents available; will retry on subsequent port and subnet creation events.
2026-08-26 01:39:48.233 9 INFO neutron.db.ovn_revision_numbers_db [None req-75f7d489-20d6-4709-b7d1-90ce2242b1bc 49087ef6802d40c4acac60a529d29ee5 4ed4514139f44b2095ce65b15b8fab7e - - - -] Successfully bumped revision number for resource 8462fef3-c3da-4f85-9493-a066eb65248f (type: ports) to 1
2026-08-26 01:39:48.258 9 INFO neutron.wsgi [None req-75f7d489-20d6-4709-b7d1-90ce2242b1bc 49087ef6802d40c4acac60a529d29ee5 4ed4514139f44b2095ce65b15b8fab7e - - - -] 10.0.0.232 "POST /v2.0/networks HTTP/1.1" status: 201 len: 830 time: 0.4703472
2026-08-26 01:39:48.547 9 WARNING neutron.scheduler.dhcp_agent_scheduler [None req-f3327a02-6ed3-43ee-bbfe-e536ca80a81e 49087ef6802d40c4acac60a529d29ee5 4ed4514139f44b2095ce65b15b8fab7e - - - -] No more DHCP agents
2026-08-26 01:39:48.549 9 WARNING neutron.api.rpc.agentnotifiers.dhcp_rpc_agent_api [None req-f3327a02-6ed3-43ee-bbfe-e536ca80a81e 49087ef6802d40c4acac60a529d29ee5 4ed4514139f44b2095ce65b15b8fab7e - - - -] Unable to schedule network 0924d328-0bce-4c65-8188-67898d8dc4f3: no agents available; will retry on subsequent port and subnet creation events.
2026-08-26 01:39:48.989 10 INFO neutron.wsgi [None req-387e9ad5-cea1-4218-bfb1-5bfea6b5e0a1 179e8bdbb1c342d39e671097e84dccd4 d761fbba1a6f49ea86fe1fe4277e79ab - - - -] 10.0.0.232 "PUT /v2.0/routers/eed242ae-7964-42b8-904b-94bdfb213b9a/remove_router_interface HTTP/1.1" status: 200 len: 503 time: 1.2176933 /var/lib/openstack/lib/python3.10/site-packages/pycadf/identifier.py:71: UserWarning: Invalid uuid: neutron. To ensure interoperability, identifiers should be a valid uuid. warnings.warn(('Invalid uuid: %s. To ensure interoperability, '
2026-08-26 01:39:49.010 9 INFO neutron.db.ovn_revision_numbers_db [None req-f3327a02-6ed3-43ee-bbfe-e536ca80a81e 49087ef6802d40c4acac60a529d29ee5 4ed4514139f44b2095ce65b15b8fab7e - - - -] Successfully bumped revision number for resource 8462fef3-c3da-4f85-9493-a066eb65248f (type: ports) to 2
2026-08-26 01:39:49.027 9 INFO neutron.db.ovn_revision_numbers_db [None req-f3327a02-6ed3-43ee-bbfe-e536ca80a81e 49087ef6802d40c4acac60a529d29ee5 4ed4514139f44b2095ce65b15b8fab7e - - - -] Successfully bumped revision number for resource c794bb6d-ed45-466d-89df-6a0fdbeba5d0 (type: subnets) to 0
2026-08-26 01:39:49.044 9 INFO neutron.wsgi [None req-f3327a02-6ed3-43ee-bbfe-e536ca80a81e 49087ef6802d40c4acac60a529d29ee5 4ed4514139f44b2095ce65b15b8fab7e - - - -] 10.0.0.232 "POST /v2.0/subnets HTTP/1.1" status: 201 len: 804 time: 0.7811041
2026-08-26 01:39:49.137 9 INFO neutron.db.segments_db [None req-d3e80878-2e40-4796-b446-9160df1f8410 49087ef6802d40c4acac60a529d29ee5 4ed4514139f44b2095ce65b15b8fab7e - - - -] Added segment cfa4a98a-c41e-46bb-b1b2-4bfa2ca48124 of type geneve for network 2d1b5f02-b410-467c-a90f-b882a308958c
2026-08-26 01:39:49.253 9 INFO neutron.db.ovn_revision_numbers_db [None req-d3e80878-2e40-4796-b446-9160df1f8410 49087ef6802d40c4acac60a529d29ee5 4ed4514139f44b2095ce65b15b8fab7e - - - -] Successfully bumped revision number for resource 2d1b5f02-b410-467c-a90f-b882a308958c (type: networks) to 1
2026-08-26 01:39:49.422 9 WARNING neutron.scheduler.dhcp_agent_scheduler [None req-d3e80878-2e40-4796-b446-9160df1f8410 49087ef6802d40c4acac60a529d29ee5 4ed4514139f44b2095ce65b15b8fab7e - - - -] No more DHCP agents
2026-08-26 01:39:49.424 9 WARNING neutron.api.rpc.agentnotifiers.dhcp_rpc_agent_api [None req-d3e80878-2e40-4796-b446-9160df1f8410 49087ef6802d40c4acac60a529d29ee5 4ed4514139f44b2095ce65b15b8fab7e - - - -] Unable to schedule network 2d1b5f02-b410-467c-a90f-b882a308958c: no agents available; will retry on subsequent port and subnet creation events.
2026-08-26 01:39:49.540 9 INFO neutron.wsgi [req-d99e5638-9e3d-49c5-b15b-ff1e5f4940e6 req-efdf0887-54d5-49aa-a639-8b1781108109 7a18b78282664b068b473887215091ee 08ccdc6a1619498ba73514faa2281105 - - b7b1c90675bb46a2bb8fa6c30a4c48d0 b7b1c90675bb46a2bb8fa6c30a4c48d0] 10.0.0.68 "GET /v2.0/ports?device_id=46bb7ebe-b48e-4053-9324-212319f5fbe0 HTTP/1.1" status: 200 len: 1594 time: 0.0542371
2026-08-26 01:39:49.540 9 INFO neutron.db.ovn_revision_numbers_db [None req-d3e80878-2e40-4796-b446-9160df1f8410 49087ef6802d40c4acac60a529d29ee5 4ed4514139f44b2095ce65b15b8fab7e - - - -] Successfully bumped revision number for resource f019c1f6-94fd-4a48-a1a1-26ab589cb929 (type: ports) to 1
2026-08-26 01:39:49.582 9 INFO neutron.wsgi [None req-d3e80878-2e40-4796-b446-9160df1f8410 49087ef6802d40c4acac60a529d29ee5 4ed4514139f44b2095ce65b15b8fab7e - - - -] 10.0.0.232 "POST /v2.0/networks HTTP/1.1" status: 201 len: 831 time: 0.5311675
2026-08-26 01:39:50.052 9 INFO neutron.wsgi [req-d99e5638-9e3d-49c5-b15b-ff1e5f4940e6 req-30abb933-6926-401c-b31b-d041800fbbc6 7a18b78282664b068b473887215091ee 08ccdc6a1619498ba73514faa2281105 - - b7b1c90675bb46a2bb8fa6c30a4c48d0 b7b1c90675bb46a2bb8fa6c30a4c48d0] 10.0.0.68 "GET /v2.0/security-groups?id=e8863bca-e021-44d0-a919-fa02e988ebae&fields=id&fields=name HTTP/1.1" status: 200 len: 311 time: 0.4984281
2026-08-26 01:39:50.089 10 INFO neutron.wsgi [None req-3d28bc4c-bbb6-4ae1-85b2-47e1671cada1 179e8bdbb1c342d39e671097e84dccd4 d761fbba1a6f49ea86fe1fe4277e79ab - - - -] 10.0.0.232 "DELETE /v2.0/routers/eed242ae-7964-42b8-904b-94bdfb213b9a HTTP/1.1" status: 204 len: 168 time: 1.0931604
2026-08-26 01:39:50.286 10 INFO neutron.wsgi [None req-553b371e-5d71-48ef-b7c0-96ccd41423ec 179e8bdbb1c342d39e671097e84dccd4 d761fbba1a6f49ea86fe1fe4277e79ab - - - -] 10.0.0.232 "DELETE /v2.0/subnets/92c5a6c2-66dd-4c40-b641-c22f0dea369d HTTP/1.1" status: 204 len: 168 time: 0.1873672
2026-08-26 01:39:50.333 9 WARNING neutron.scheduler.dhcp_agent_scheduler [None req-30ec81c8-9c25-446a-8d61-ab048799f876 49087ef6802d40c4acac60a529d29ee5 4ed4514139f44b2095ce65b15b8fab7e - - - -] No more DHCP agents
2026-08-26 01:39:50.336 9 WARNING neutron.api.rpc.agentnotifiers.dhcp_rpc_agent_api [None req-30ec81c8-9c25-446a-8d61-ab048799f876 49087ef6802d40c4acac60a529d29ee5 4ed4514139f44b2095ce65b15b8fab7e - - - -] Unable to schedule network 2d1b5f02-b410-467c-a90f-b882a308958c: no agents available; will retry on subsequent port and subnet creation events.
2026-08-26 01:39:50.690 10 INFO neutron.services.segments.plugin [-] Segment e5c40a5f-776b-4269-a03e-830f15672a72 resource provider aggregate not found
2026-08-26 01:39:50.696 10 INFO neutron.services.segments.plugin [-] Segment e5c40a5f-776b-4269-a03e-830f15672a72 resource provider aggregate not found
2026-08-26 01:39:50.717 10 INFO neutron.services.segments.plugin [-] Segment e5c40a5f-776b-4269-a03e-830f15672a72 resource provider not found; error: Placement Client Error (4xx): {"errors": [{"status": 404, "title": "Not Found", "detail": "The resource could not be found.\n\n No resource provider with uuid e5c40a5f-776b-4269-a03e-830f15672a72 found for delete ", "request_id": "req-03cce59b-152b-4216-b77c-8b56a94b8b26"}]}
2026-08-26 01:39:50.720 10 INFO neutron.services.segments.plugin [-] Segment e5c40a5f-776b-4269-a03e-830f15672a72 resource provider not found; error: Placement Client Error (4xx): {"errors": [{"status": 404, "title": "Not Found", "detail": "The resource could not be found.\n\n No resource provider with uuid e5c40a5f-776b-4269-a03e-830f15672a72 found for delete ", "request_id": "req-17e052a5-15e6-431d-a107-e7765fe2b9d1"}]}
2026-08-26 01:39:50.738 10 INFO neutron.wsgi [None req-3964d9f8-d567-44d8-92cc-a41591819fd0 179e8bdbb1c342d39e671097e84dccd4 d761fbba1a6f49ea86fe1fe4277e79ab - - - -] 10.0.0.232 "DELETE /v2.0/networks/e387e075-463a-4456-a384-d3ca28bbe6c6 HTTP/1.1" status: 204 len: 168 time: 0.4474704
2026-08-26 01:39:50.991 9 INFO neutron.db.ovn_revision_numbers_db [None req-30ec81c8-9c25-446a-8d61-ab048799f876 49087ef6802d40c4acac60a529d29ee5 4ed4514139f44b2095ce65b15b8fab7e - - - -] Successfully bumped revision number for resource f019c1f6-94fd-4a48-a1a1-26ab589cb929 (type: ports) to 2
2026-08-26 01:39:51.016 9 INFO neutron.db.ovn_revision_numbers_db [None req-30ec81c8-9c25-446a-8d61-ab048799f876 49087ef6802d40c4acac60a529d29ee5 4ed4514139f44b2095ce65b15b8fab7e - - - -] Successfully bumped revision number for resource 2446ef41-e13f-475d-ac0f-c9b00ae88986 (type: subnets) to 0
2026-08-26 01:39:51.057 9 INFO neutron.wsgi [None req-30ec81c8-9c25-446a-8d61-ab048799f876 49087ef6802d40c4acac60a529d29ee5 4ed4514139f44b2095ce65b15b8fab7e - - - -] 10.0.0.232 "POST /v2.0/subnets HTTP/1.1" status: 201 len: 804 time: 1.4682477
2026-08-26 01:39:51.162 9 INFO neutron.wsgi [None req-c60be38a-f520-4eb8-a1c5-784da16bb4bf 49087ef6802d40c4acac60a529d29ee5 4ed4514139f44b2095ce65b15b8fab7e - - - -] 10.0.0.232 "PUT /v2.0/subnets/6ee79d92-2cbd-4191-888b-57e423965c29/tags HTTP/1.1" status: 200 len: 210 time: 0.1004596
2026-08-26 01:39:51.270 10 INFO neutron.wsgi [None req-0d03b924-ffcb-492f-b60a-71f4926930cb 49087ef6802d40c4acac60a529d29ee5 4ed4514139f44b2095ce65b15b8fab7e - - - -] 10.0.0.232 "PUT /v2.0/subnets/19257bb7-4382-4330-aae9-e29671a0cef1/tags HTTP/1.1" status: 200 len: 218 time: 0.1010802
2026-08-26 01:39:51.333 10 INFO neutron.wsgi [None req-f2f7322c-0686-4fbc-a57a-486da764363b 49087ef6802d40c4acac60a529d29ee5 4ed4514139f44b2095ce65b15b8fab7e - - - -] 10.0.0.232 "PUT /v2.0/subnets/82c57786-7204-49ce-bf85-f9a1d03913e1/tags HTTP/1.1" status: 200 len: 227 time: 0.0579455
2026-08-26 01:39:51.400 10 INFO neutron.wsgi [None req-677dbfb6-cb7c-490d-8613-15f7e296f77d 49087ef6802d40c4acac60a529d29ee5 4ed4514139f44b2095ce65b15b8fab7e - - - -] 10.0.0.232 "PUT /v2.0/subnets/c794bb6d-ed45-466d-89df-6a0fdbeba5d0/tags HTTP/1.1" status: 200 len: 212 time: 0.0606489
2026-08-26 01:39:51.482 10 INFO neutron.wsgi [None req-b3bd5038-988e-4fae-aaaf-c6024b135594 49087ef6802d40c4acac60a529d29ee5 4ed4514139f44b2095ce65b15b8fab7e - - default default] 10.0.0.232 "GET /v2.0/subnets?tags=red HTTP/1.1" status: 200 len: 2027 time: 0.0755515
2026-08-26 01:39:51.558 10 INFO neutron.wsgi [None req-1dbe60d3-ed36-4c3f-96f4-922f339c8d22 49087ef6802d40c4acac60a529d29ee5 4ed4514139f44b2095ce65b15b8fab7e - - default default] 10.0.0.232 "GET /v2.0/subnets?tags=red%2Cblue HTTP/1.1" status: 200 len: 1430 time: 0.0708878
2026-08-26 01:39:51.635 10 INFO neutron.wsgi [None req-b2b1965e-7d9f-4362-b5d5-94ef33802a34 49087ef6802d40c4acac60a529d29ee5 4ed4514139f44b2095ce65b15b8fab7e - - default default] 10.0.0.232 "GET /v2.0/subnets?tags-any=blue HTTP/1.1" status: 200 len: 1430 time: 0.0677228
2026-08-26 01:39:51.692 10 INFO neutron.wsgi [None req-7927a834-3964-4d8d-baf5-53e1de0e0849 49087ef6802d40c4acac60a529d29ee5 4ed4514139f44b2095ce65b15b8fab7e - - default default] 10.0.0.232 "GET /v2.0/subnets?tags-any=red%2Cblue HTTP/1.1" status: 200 len: 2027 time: 0.0509598
2026-08-26 01:39:51.760 10 INFO neutron.wsgi [None req-c05fecf2-2d5f-47a2-82ef-2339be80d6a9 49087ef6802d40c4acac60a529d29ee5 4ed4514139f44b2095ce65b15b8fab7e - - default default] 10.0.0.232 "GET /v2.0/subnets?not-tags=red HTTP/1.1" status: 200 len: 2018 time: 0.0645247
2026-08-26 01:39:51.832 10 INFO neutron.wsgi [None req-d0289b78-d7dd-4c18-a8f9-343d2fbae06e 49087ef6802d40c4acac60a529d29ee5 4ed4514139f44b2095ce65b15b8fab7e - - default default] 10.0.0.232 "GET /v2.0/subnets?not-tags=red%2Cblue HTTP/1.1" status: 200 len: 2615 time: 0.0661607
2026-08-26 01:39:51.901 10 INFO neutron.wsgi [None req-bfe5e65e-c2ef-4431-aac7-213f4f5aa3fc 49087ef6802d40c4acac60a529d29ee5 4ed4514139f44b2095ce65b15b8fab7e - - default default] 10.0.0.232 "GET /v2.0/subnets?not-tags-any=blue HTTP/1.1" status: 200 len: 2615 time: 0.0633295
2026-08-26 01:39:51.956 10 INFO neutron.wsgi [None req-49187540-5135-439f-a50a-dba2e95e9034 49087ef6802d40c4acac60a529d29ee5 4ed4514139f44b2095ce65b15b8fab7e - - default default] 10.0.0.232 "GET /v2.0/subnets?not-tags-any=red%2Cblue HTTP/1.1" status: 200 len: 2018 time: 0.0485518
2026-08-26 01:39:52.014 9 INFO neutron.wsgi [None req-1796a59e-eaac-42f1-b01e-bd8854bf4c09 179e8bdbb1c342d39e671097e84dccd4 d761fbba1a6f49ea86fe1fe4277e79ab - - - -] 10.0.0.232 "PUT /v2.0/routers/b9524219-3ed9-42a2-95ed-b6bd36ac2086/remove_router_interface HTTP/1.1" status: 200 len: 503 time: 1.2685568
2026-08-26 01:39:52.228 10 INFO neutron.wsgi [None req-9a9657a3-9491-4c87-9cf2-1bb5af941c41 49087ef6802d40c4acac60a529d29ee5 4ed4514139f44b2095ce65b15b8fab7e - - - -] 10.0.0.232 "DELETE /v2.0/subnets/6ee79d92-2cbd-4191-888b-57e423965c29 HTTP/1.1" status: 204 len: 168 time: 0.2675741 /var/lib/openstack/lib/python3.10/site-packages/pycadf/identifier.py:71: UserWarning: Invalid uuid: neutron. To ensure interoperability, identifiers should be a valid uuid. warnings.warn(('Invalid uuid: %s. To ensure interoperability, '
2026-08-26 01:39:52.483 9 INFO neutron.wsgi [None req-cdf0e3a1-4705-4b2f-bce8-77dd3336301c 49087ef6802d40c4acac60a529d29ee5 4ed4514139f44b2095ce65b15b8fab7e - - - -] 10.0.0.232 "DELETE /v2.0/subnets/19257bb7-4382-4330-aae9-e29671a0cef1 HTTP/1.1" status: 204 len: 168 time: 0.2475052
2026-08-26 01:39:52.691 9 INFO neutron.wsgi [None req-39878de8-9266-4564-9e82-9013b6102c94 49087ef6802d40c4acac60a529d29ee5 4ed4514139f44b2095ce65b15b8fab7e - - - -] 10.0.0.232 "DELETE /v2.0/subnets/82c57786-7204-49ce-bf85-f9a1d03913e1 HTTP/1.1" status: 204 len: 168 time: 0.2009041
2026-08-26 01:39:52.902 9 INFO neutron.wsgi [None req-c78e5bdb-180c-40b6-bed2-9b29007603bb 49087ef6802d40c4acac60a529d29ee5 4ed4514139f44b2095ce65b15b8fab7e - - - -] 10.0.0.232 "DELETE /v2.0/subnets/c794bb6d-ed45-466d-89df-6a0fdbeba5d0 HTTP/1.1" status: 204 len: 168 time: 0.2042336
2026-08-26 01:39:53.112 9 INFO neutron.wsgi [None req-ca08bdeb-d883-43a2-9ee1-fe29dbed3934 49087ef6802d40c4acac60a529d29ee5 4ed4514139f44b2095ce65b15b8fab7e - - - -] 10.0.0.232 "DELETE /v2.0/subnets/2446ef41-e13f-475d-ac0f-c9b00ae88986 HTTP/1.1" status: 204 len: 168 time: 0.2045155
2026-08-26 01:39:53.210 10 INFO neutron.wsgi [None req-b9c04c69-d72f-4c1a-8684-1f5e0be10811 179e8bdbb1c342d39e671097e84dccd4 d761fbba1a6f49ea86fe1fe4277e79ab - - - -] 10.0.0.232 "DELETE /v2.0/routers/b9524219-3ed9-42a2-95ed-b6bd36ac2086 HTTP/1.1" status: 204 len: 168 time: 1.1901929
2026-08-26 01:39:53.517 9 INFO neutron.wsgi [None req-b41b0f0b-f924-45a9-b0cc-0ce9ae1993c0 179e8bdbb1c342d39e671097e84dccd4 d761fbba1a6f49ea86fe1fe4277e79ab - - - -] 10.0.0.232 "DELETE /v2.0/subnets/dba8c02c-216e-4562-a4a2-edc0f6bc03fe HTTP/1.1" status: 204 len: 168 time: 0.3014247
2026-08-26 01:39:53.590 9 INFO neutron.services.segments.plugin [-] Segment 316eaebd-0c18-4242-ad9c-23f1231d14d5 resource provider aggregate not found
2026-08-26 01:39:53.598 9 INFO neutron.services.segments.plugin [-] Segment 316eaebd-0c18-4242-ad9c-23f1231d14d5 resource provider aggregate not found
2026-08-26 01:39:53.627 9 INFO neutron.services.segments.plugin [-] Segment 316eaebd-0c18-4242-ad9c-23f1231d14d5 resource provider not found; error: Placement Client Error (4xx): {"errors": [{"status": 404, "title": "Not Found", "detail": "The resource could not be found.\n\n No resource provider with uuid 316eaebd-0c18-4242-ad9c-23f1231d14d5 found for delete ", "request_id": "req-cf38ab20-9e4f-4fdc-b7bc-a02817a0e126"}]}
2026-08-26 01:39:53.627 9 INFO neutron.services.segments.plugin [-] Segment 316eaebd-0c18-4242-ad9c-23f1231d14d5 resource provider not found; error: Placement Client Error (4xx): {"errors": [{"status": 404, "title": "Not Found", "detail": "The resource could not be found.\n\n No resource provider with uuid 316eaebd-0c18-4242-ad9c-23f1231d14d5 found for delete ", "request_id": "req-61b1a614-4b5d-4598-8d59-15986592323a"}]}
2026-08-26 01:39:53.656 9 INFO neutron.wsgi [None req-b3f62ba0-b8e8-475b-8c61-b12772f2c72f 49087ef6802d40c4acac60a529d29ee5 4ed4514139f44b2095ce65b15b8fab7e - - - -] 10.0.0.232 "DELETE /v2.0/networks/133e38aa-09fb-4a77-b327-65367cb203f8 HTTP/1.1" status: 204 len: 168 time: 0.5367177
2026-08-26 01:39:54.012 10 INFO neutron.services.segments.plugin [-] Segment b6f23708-f2da-4c3b-86d6-4d973d0ad78b resource provider aggregate not found
2026-08-26 01:39:54.034 10 INFO neutron.services.segments.plugin [-] Segment b6f23708-f2da-4c3b-86d6-4d973d0ad78b resource provider aggregate not found
2026-08-26 01:39:54.054 10 INFO neutron.services.segments.plugin [-] Segment b6f23708-f2da-4c3b-86d6-4d973d0ad78b resource provider not found; error: Placement Client Error (4xx): {"errors": [{"status": 404, "title": "Not Found", "detail": "The resource could not be found.\n\n No resource provider with uuid b6f23708-f2da-4c3b-86d6-4d973d0ad78b found for delete ", "request_id": "req-f62b24e9-8a69-4f28-9047-d0451577586f"}]}
2026-08-26 01:39:54.056 10 INFO neutron.services.segments.plugin [-] Segment b6f23708-f2da-4c3b-86d6-4d973d0ad78b resource provider not found; error: Placement Client Error (4xx): {"errors": [{"status": 404, "title": "Not Found", "detail": "The resource could not be found.\n\n No resource provider with uuid b6f23708-f2da-4c3b-86d6-4d973d0ad78b found for delete ", "request_id": "req-c7fb5ff2-cb91-4d41-b9b3-f7a7b3a5232d"}]}
2026-08-26 01:39:54.078 10 INFO neutron.wsgi [None req-ca584afd-5239-4e9a-bc40-491cfbd1f412 179e8bdbb1c342d39e671097e84dccd4 d761fbba1a6f49ea86fe1fe4277e79ab - - - -] 10.0.0.232 "DELETE /v2.0/networks/06d0febb-b6d4-4561-ad68-d55dfede1180 HTTP/1.1" status: 204 len: 168 time: 0.5513759
2026-08-26 01:39:54.215 10 INFO neutron.wsgi [None req-022a19f1-039a-4f20-be4e-50b62d5ea8fa 49087ef6802d40c4acac60a529d29ee5 4ed4514139f44b2095ce65b15b8fab7e - - - -] 10.0.0.232 "DELETE /v2.0/networks/039f4f9b-0f8a-4675-a73e-723c0039dd3d HTTP/1.1" status: 204 len: 168 time: 0.5530138
2026-08-26 01:39:54.437 10 INFO neutron.wsgi [None req-9e064e5e-6843-42c2-b6bd-c9cdc7f29f07 179e8bdbb1c342d39e671097e84dccd4 d761fbba1a6f49ea86fe1fe4277e79ab - - default default] 10.0.0.232 "GET /v2.0/security-groups?tenant_id=2a00a5d4181c4c03a9ae99f4b9ed4cf1&name=default HTTP/1.1" status: 200 len: 2996 time: 0.0344777
2026-08-26 01:39:54.698 9 INFO neutron.wsgi [None req-ff038980-3485-443b-8a26-ba5bc5175df7 49087ef6802d40c4acac60a529d29ee5 4ed4514139f44b2095ce65b15b8fab7e - - - -] 10.0.0.232 "DELETE /v2.0/networks/4a0246a3-2807-4aa9-80d9-a8be5c622b83 HTTP/1.1" status: 204 len: 168 time: 0.4776502
2026-08-26 01:39:54.750 9 INFO neutron.wsgi [None req-7df112a3-1c3f-4f68-b374-b01c60d82a25 179e8bdbb1c342d39e671097e84dccd4 d761fbba1a6f49ea86fe1fe4277e79ab - - - -] 10.0.0.232 "DELETE /v2.0/security-groups/21e5cfbe-34bb-466b-8c11-cef08dd8fb5e HTTP/1.1" status: 204 len: 168 time: 0.3062055
2026-08-26 01:39:54.926 9 INFO neutron.wsgi [None req-e0e34331-4278-4f17-9f5b-543f2cd0bb32 179e8bdbb1c342d39e671097e84dccd4 d761fbba1a6f49ea86fe1fe4277e79ab - - default default] 10.0.0.232 "GET /v2.0/security-groups?tenant_id=5e84a6bf14874e64b1b9c7f9697b7145&name=default HTTP/1.1" status: 200 len: 2996 time: 0.0336843
2026-08-26 01:39:55.105 9 INFO neutron.wsgi [None req-04a8c3e7-b475-47eb-9bc6-93a80a433c0e 179e8bdbb1c342d39e671097e84dccd4 d761fbba1a6f49ea86fe1fe4277e79ab - - - -] 10.0.0.232 "DELETE /v2.0/security-groups/190c22f3-e9c4-44ca-93b9-8c90cbfce44d HTTP/1.1" status: 204 len: 168 time: 0.1738462
2026-08-26 01:39:55.108 10 INFO neutron.wsgi [None req-d5a66d25-7a8e-4373-92d9-0e7d7c849792 49087ef6802d40c4acac60a529d29ee5 4ed4514139f44b2095ce65b15b8fab7e - - - -] 10.0.0.232 "DELETE /v2.0/networks/0924d328-0bce-4c65-8188-67898d8dc4f3 HTTP/1.1" status: 204 len: 168 time: 0.4035366
2026-08-26 01:39:55.518 10 INFO neutron.wsgi [None req-7f110253-3ceb-4d9f-8c30-da72de643ba0 49087ef6802d40c4acac60a529d29ee5 4ed4514139f44b2095ce65b15b8fab7e - - - -] 10.0.0.232 "DELETE /v2.0/networks/2d1b5f02-b410-467c-a90f-b882a308958c HTTP/1.1" status: 204 len: 168 time: 0.4062819
2026-08-26 01:39:55.655 9 INFO neutron.services.segments.plugin [-] Segment cd1ce853-d27d-42c0-aed3-efb729e81611 resource provider aggregate not found
2026-08-26 01:39:55.663 9 INFO neutron.services.segments.plugin [-] Segment cd1ce853-d27d-42c0-aed3-efb729e81611 resource provider aggregate not found
2026-08-26 01:39:55.680 9 INFO neutron.services.segments.plugin [-] Segment cd1ce853-d27d-42c0-aed3-efb729e81611 resource provider not found; error: Placement Client Error (4xx): {"errors": [{"status": 404, "title": "Not Found", "detail": "The resource could not be found.\n\n No resource provider with uuid cd1ce853-d27d-42c0-aed3-efb729e81611 found for delete ", "request_id": "req-d8210fe1-7ccd-4067-a439-9dbfa007dd89"}]}
2026-08-26 01:39:55.684 9 INFO neutron.services.segments.plugin [-] Segment cd1ce853-d27d-42c0-aed3-efb729e81611 resource provider not found; error: Placement Client Error (4xx): {"errors": [{"status": 404, "title": "Not Found", "detail": "The resource could not be found.\n\n No resource provider with uuid cd1ce853-d27d-42c0-aed3-efb729e81611 found for delete ", "request_id": "req-f36005c5-0936-404e-9305-5c1c92c0d3a8"}]}
2026-08-26 01:39:56.075 10 INFO neutron.services.segments.plugin [-] Segment f667c15b-3b60-49aa-97bc-4e683fbc8d62 resource provider aggregate not found
2026-08-26 01:39:56.083 10 INFO neutron.services.segments.plugin [-] Segment f667c15b-3b60-49aa-97bc-4e683fbc8d62 resource provider aggregate not found
2026-08-26 01:39:56.091 10 INFO neutron.services.segments.plugin [-] Segment f667c15b-3b60-49aa-97bc-4e683fbc8d62 resource provider not found; error: Placement Client Error (4xx): {"errors": [{"status": 404, "title": "Not Found", "detail": "The resource could not be found.\n\n No resource provider with uuid f667c15b-3b60-49aa-97bc-4e683fbc8d62 found for delete ", "request_id": "req-8f445ba3-aa72-419c-9225-db710266e536"}]}
2026-08-26 01:39:56.097 10 INFO neutron.services.segments.plugin [-] Segment f667c15b-3b60-49aa-97bc-4e683fbc8d62 resource provider not found; error: Placement Client Error (4xx): {"errors": [{"status": 404, "title": "Not Found", "detail": "The resource could not be found.\n\n No resource provider with uuid f667c15b-3b60-49aa-97bc-4e683fbc8d62 found for delete ", "request_id": "req-216e7b9b-8af1-43ad-8a63-9df0d28946c5"}]}
2026-08-26 01:39:56.104 10 INFO neutron.services.segments.plugin [-] Segment 899dff20-5946-4713-9735-c565424448aa resource provider aggregate not found
2026-08-26 01:39:56.115 10 INFO neutron.services.segments.plugin [-] Segment 899dff20-5946-4713-9735-c565424448aa resource provider aggregate not found
2026-08-26 01:39:56.122 10 INFO neutron.services.segments.plugin [-] Segment 899dff20-5946-4713-9735-c565424448aa resource provider not found; error: Placement Client Error (4xx): {"errors": [{"status": 404, "title": "Not Found", "detail": "The resource could not be found.\n\n No resource provider with uuid 899dff20-5946-4713-9735-c565424448aa found for delete ", "request_id": "req-0b829849-480c-4d9e-9eeb-ea6932a1bbf5"}]}
2026-08-26 01:39:56.133 10 INFO neutron.services.segments.plugin [-] Segment 899dff20-5946-4713-9735-c565424448aa resource provider not found; error: Placement Client Error (4xx): {"errors": [{"status": 404, "title": "Not Found", "detail": "The resource could not be found.\n\n No resource provider with uuid 899dff20-5946-4713-9735-c565424448aa found for delete ", "request_id": "req-1d6e62f6-4fa8-43ab-b6ae-2aef7ff8085b"}]}
2026-08-26 01:39:56.139 10 INFO neutron.services.segments.plugin [-] Segment cfa4a98a-c41e-46bb-b1b2-4bfa2ca48124 resource provider aggregate not found
2026-08-26 01:39:56.147 10 INFO neutron.services.segments.plugin [-] Segment cfa4a98a-c41e-46bb-b1b2-4bfa2ca48124 resource provider aggregate not found
2026-08-26 01:39:56.158 10 INFO neutron.services.segments.plugin [-] Segment cfa4a98a-c41e-46bb-b1b2-4bfa2ca48124 resource provider not found; error: Placement Client Error (4xx): {"errors": [{"status": 404, "title": "Not Found", "detail": "The resource could not be found.\n\n No resource provider with uuid cfa4a98a-c41e-46bb-b1b2-4bfa2ca48124 found for delete ", "request_id": "req-d0dd4c01-d428-466b-8e38-80361c1a07fc"}]}
2026-08-26 01:39:56.172 10 INFO neutron.services.segments.plugin [-] Segment cfa4a98a-c41e-46bb-b1b2-4bfa2ca48124 resource provider not found; error: Placement Client Error (4xx): {"errors": [{"status": 404, "title": "Not Found", "detail": "The resource could not be found.\n\n No resource provider with uuid cfa4a98a-c41e-46bb-b1b2-4bfa2ca48124 found for delete ", "request_id": "req-6af0fe7d-1450-42e7-b1d7-66b2f473c703"}]}
2026-08-26 01:39:56.482 10 INFO neutron.wsgi [None req-22829ad3-9bc2-4e02-beea-cb8e4ec2f43e 179e8bdbb1c342d39e671097e84dccd4 d761fbba1a6f49ea86fe1fe4277e79ab - - default default] 10.0.0.232 "GET /v2.0/security-groups?tenant_id=4ed4514139f44b2095ce65b15b8fab7e&name=default HTTP/1.1" status: 200 len: 2996 time: 0.1879401
2026-08-26 01:39:56.688 10 INFO neutron.wsgi [None req-b1bb649f-61ed-4f58-922c-34932df66007 179e8bdbb1c342d39e671097e84dccd4 d761fbba1a6f49ea86fe1fe4277e79ab - - - -] 10.0.0.232 "DELETE /v2.0/security-groups/59e79b04-da9a-4b95-9366-74b2e2677930 HTTP/1.1" status: 204 len: 168 time: 0.2012923
2026-08-26 01:39:56.926 10 INFO neutron.db.ovn_revision_numbers_db [None req-6adba664-0cf2-4bb2-9b5d-099d97e866bb 179e8bdbb1c342d39e671097e84dccd4 d761fbba1a6f49ea86fe1fe4277e79ab - - default default] Successfully bumped revision number for resource c6be3c00-be28-487c-8b5b-f853c1bc0d64 (type: security_groups) to 1
2026-08-26 01:39:56.952 10 INFO neutron.wsgi [None req-6adba664-0cf2-4bb2-9b5d-099d97e866bb 179e8bdbb1c342d39e671097e84dccd4 d761fbba1a6f49ea86fe1fe4277e79ab - - default default] 10.0.0.232 "GET /v2.0/security-groups?tenant_id=3ba2aba3e4a9420c88fd711b9970d81b&name=default HTTP/1.1" status: 200 len: 2996 time: 0.1146700
2026-08-26 01:39:57.128 10 INFO neutron.wsgi [None req-08f9964a-6936-44ed-b25f-d2054624827f 179e8bdbb1c342d39e671097e84dccd4 d761fbba1a6f49ea86fe1fe4277e79ab - - - -] 10.0.0.232 "DELETE /v2.0/security-groups/c6be3c00-be28-487c-8b5b-f853c1bc0d64 HTTP/1.1" status: 204 len: 168 time: 0.1679189
2026-08-26 01:39:57.382 10 INFO neutron.db.ovn_revision_numbers_db [None req-1c8bc8d4-eafc-4d52-95f7-6c920b8292e9 179e8bdbb1c342d39e671097e84dccd4 d761fbba1a6f49ea86fe1fe4277e79ab - - default default] Successfully bumped revision number for resource e98caf3e-8d8b-4245-90ec-baa2f5205ddb (type: security_groups) to 1
2026-08-26 01:39:57.411 10 INFO neutron.wsgi [None req-1c8bc8d4-eafc-4d52-95f7-6c920b8292e9 179e8bdbb1c342d39e671097e84dccd4 d761fbba1a6f49ea86fe1fe4277e79ab - - default default] 10.0.0.232 "GET /v2.0/security-groups?tenant_id=7863c41dbf444b22ae150fa463a77345&name=default HTTP/1.1" status: 200 len: 2996 time: 0.1220407
2026-08-26 01:39:57.485 9 INFO neutron.wsgi [None req-39ec8d0f-c1d0-47d7-9261-9b77208471bb 48551493d84c46d486edbd7f71b708ac 1f8320e2212c46c1a22a72579a5ff3d7 - - default default] 10.0.0.232 "GET /v2.0/subnets/9fd8dd80-ace7-4ba6-a350-1c307792d206 HTTP/1.1" status: 200 len: 846 time: 0.0450375
2026-08-26 01:39:57.662 10 INFO neutron.wsgi [None req-70879caf-4f47-4b84-867d-c2d42d3caba8 179e8bdbb1c342d39e671097e84dccd4 d761fbba1a6f49ea86fe1fe4277e79ab - - - -] 10.0.0.232 "DELETE /v2.0/security-groups/e98caf3e-8d8b-4245-90ec-baa2f5205ddb HTTP/1.1" status: 204 len: 168 time: 0.2465043
2026-08-26 01:39:58.168 9 INFO neutron.wsgi [None req-d614dbea-65b5-43d3-8830-05edced67ea5 179e8bdbb1c342d39e671097e84dccd4 d761fbba1a6f49ea86fe1fe4277e79ab - - default default] 10.0.0.86 "GET /v2.0/extensions/security-group HTTP/1.1" status: 200 len: 369 time: 0.1115651
2026-08-26 01:39:58.183 9 INFO neutron.wsgi [None req-bac0e201-3c4c-45d3-9ca0-4169da691c31 179e8bdbb1c342d39e671097e84dccd4 d761fbba1a6f49ea86fe1fe4277e79ab - - default default] 10.0.0.86 "GET /v2.0/extensions/dns-integration HTTP/1.1" status: 200 len: 371 time: 0.0049877
2026-08-26 01:39:58.191 9 INFO neutron.wsgi [None req-611b2a7b-a824-4d7e-bdac-d887f1726a84 179e8bdbb1c342d39e671097e84dccd4 d761fbba1a6f49ea86fe1fe4277e79ab - - default default] 10.0.0.86 "GET /v2.0/extensions/qos HTTP/1.1" status: 200 len: 365 time: 0.0049453
2026-08-26 01:39:58.202 9 INFO neutron.wsgi [None req-ce1176b2-6764-4454-8421-3dd8a42eeab2 179e8bdbb1c342d39e671097e84dccd4 d761fbba1a6f49ea86fe1fe4277e79ab - - default default] 10.0.0.86 "GET /v2.0/extensions/allowed-address-pairs HTTP/1.1" status: 200 len: 383 time: 0.0055892
2026-08-26 01:39:58.740 9 INFO neutron.wsgi [-] 10.0.0.86 "GET / HTTP/1.1" status: 200 len: 284 time: 0.0021150
2026-08-26 01:39:58.784 9 INFO neutron.wsgi [None req-783e4c3e-4aa1-4b8d-9f89-0b64405193d4 97eaab3be32e477eb2610d5bf9dab873 dbf055ab372349fcac031548700f1df8 - - default default] 10.0.0.86 "GET /v2.0/subnets/9fd8dd80-ace7-4ba6-a350-1c307792d206 HTTP/1.1" status: 200 len: 833 time: 0.0391686
2026-08-26 01:39:58.799 9 INFO neutron.wsgi [None req-d641f8b7-e27c-4c15-b693-7079ab588341 179e8bdbb1c342d39e671097e84dccd4 d761fbba1a6f49ea86fe1fe4277e79ab - - default default] 10.0.0.86 "GET /v2.0/extensions/security-group HTTP/1.1" status: 200 len: 369 time: 0.0064456
2026-08-26 01:39:58.807 9 INFO neutron.wsgi [None req-a138a049-61e2-4e64-8ef3-d8c272d01d8a 179e8bdbb1c342d39e671097e84dccd4 d761fbba1a6f49ea86fe1fe4277e79ab - - default default] 10.0.0.86 "GET /v2.0/extensions/dns-integration HTTP/1.1" status: 200 len: 371 time: 0.0043452
2026-08-26 01:39:58.816 9 INFO neutron.wsgi [None req-292923e7-d91a-48f8-9dc1-64e4037c145b 179e8bdbb1c342d39e671097e84dccd4 d761fbba1a6f49ea86fe1fe4277e79ab - - default default] 10.0.0.86 "GET /v2.0/extensions/qos HTTP/1.1" status: 200 len: 365 time: 0.0043776
2026-08-26 01:39:58.827 9 INFO neutron.wsgi [None req-8c6cb66c-2479-445f-8faa-af1a14775ed2 179e8bdbb1c342d39e671097e84dccd4 d761fbba1a6f49ea86fe1fe4277e79ab - - default default] 10.0.0.86 "GET /v2.0/extensions/allowed-address-pairs HTTP/1.1" status: 200 len: 383 time: 0.0054462
2026-08-26 01:39:58.871 9 INFO neutron.wsgi [None req-f2c24fe7-1473-46e9-b5f4-198566bc2ee4 179e8bdbb1c342d39e671097e84dccd4 d761fbba1a6f49ea86fe1fe4277e79ab - - default default] 10.0.0.86 "GET /v2.0/subnets/9fd8dd80-ace7-4ba6-a350-1c307792d206 HTTP/1.1" status: 200 len: 851 time: 0.0376377
2026-08-26 01:39:59.209 9 INFO neutron.wsgi [None req-2170af7c-6752-4dcb-9a65-342936d45144 179e8bdbb1c342d39e671097e84dccd4 d761fbba1a6f49ea86fe1fe4277e79ab - - default default] 10.0.0.86 "GET /v2.0/extensions/security-group HTTP/1.1" status: 200 len: 369 time: 0.0104425
2026-08-26 01:39:59.220 9 INFO neutron.wsgi [None req-1d6df5f4-9b03-4236-ac20-cadea5396f45 179e8bdbb1c342d39e671097e84dccd4 d761fbba1a6f49ea86fe1fe4277e79ab - - default default] 10.0.0.86 "GET /v2.0/extensions/dns-integration HTTP/1.1" status: 200 len: 371 time: 0.0044494
2026-08-26 01:39:59.230 9 INFO neutron.wsgi [None req-46f5ceb0-e71c-4b25-b157-3d673f5174ef 179e8bdbb1c342d39e671097e84dccd4 d761fbba1a6f49ea86fe1fe4277e79ab - - default default] 10.0.0.86 "GET /v2.0/extensions/qos HTTP/1.1" status: 200 len: 365 time: 0.0048709
2026-08-26 01:39:59.239 9 INFO neutron.wsgi [None req-6191e8d1-b97c-4d5e-9dee-688cbb255975 179e8bdbb1c342d39e671097e84dccd4 d761fbba1a6f49ea86fe1fe4277e79ab - - default default] 10.0.0.86 "GET /v2.0/extensions/allowed-address-pairs HTTP/1.1" status: 200 len: 383 time: 0.0041740
2026-08-26 01:39:59.328 9 INFO neutron.wsgi [None req-87ee850c-1f0c-4111-aa71-390abe74e845 179e8bdbb1c342d39e671097e84dccd4 d761fbba1a6f49ea86fe1fe4277e79ab - - default default] 10.0.0.86 "GET /v2.0/networks/a06fdd8a-7631-4350-8f5a-3149bd5c586c HTTP/1.1" status: 200 len: 1001 time: 0.0826921
2026-08-26 01:39:59.341 9 INFO neutron.wsgi [None req-69648f18-446c-4ce3-84b1-adc8ff9e8933 179e8bdbb1c342d39e671097e84dccd4 d761fbba1a6f49ea86fe1fe4277e79ab - - default default] 10.0.0.86 "GET /v2.0/extensions/project-id HTTP/1.1" status: 200 len: 403 time: 0.0042198
2026-08-26 01:39:59.802 10 INFO neutron.db.ovn_revision_numbers_db [None req-714babb9-67ee-4bd8-ac16-f0e76f55bd00 40eba6160c284f9d87470180d35d4e5e e10aa1b2ec9844ebb0e7eab79487f99d - - - -] Successfully bumped revision number for resource 168acf31-cc2d-474f-90e5-741fe660e994 (type: security_groups) to 1
2026-08-26 01:39:59.862 10 INFO neutron.db.segments_db [None req-714babb9-67ee-4bd8-ac16-f0e76f55bd00 40eba6160c284f9d87470180d35d4e5e e10aa1b2ec9844ebb0e7eab79487f99d - - - -] Added segment 051aeb5a-5fab-400f-ac49-70b0622d7e29 of type geneve for network 8d662bd4-3a37-4b6b-b1c5-c660e290f852
2026-08-26 01:39:59.982 10 INFO neutron.db.ovn_revision_numbers_db [None req-714babb9-67ee-4bd8-ac16-f0e76f55bd00 40eba6160c284f9d87470180d35d4e5e e10aa1b2ec9844ebb0e7eab79487f99d - - - -] Successfully bumped revision number for resource 8d662bd4-3a37-4b6b-b1c5-c660e290f852 (type: networks) to 1
2026-08-26 01:40:00.188 10 WARNING neutron.scheduler.dhcp_agent_scheduler [None req-714babb9-67ee-4bd8-ac16-f0e76f55bd00 40eba6160c284f9d87470180d35d4e5e e10aa1b2ec9844ebb0e7eab79487f99d - - - -] No more DHCP agents
2026-08-26 01:40:00.190 10 WARNING neutron.api.rpc.agentnotifiers.dhcp_rpc_agent_api [None req-714babb9-67ee-4bd8-ac16-f0e76f55bd00 40eba6160c284f9d87470180d35d4e5e e10aa1b2ec9844ebb0e7eab79487f99d - - - -] Unable to schedule network 8d662bd4-3a37-4b6b-b1c5-c660e290f852: no agents available; will retry on subsequent port and subnet creation events.
2026-08-26 01:40:00.254 10 INFO neutron.db.ovn_revision_numbers_db [None req-714babb9-67ee-4bd8-ac16-f0e76f55bd00 40eba6160c284f9d87470180d35d4e5e e10aa1b2ec9844ebb0e7eab79487f99d - - - -] Successfully bumped revision number for resource 48768de5-6d2f-410f-83e9-3b3e78db7b55 (type: ports) to 1
2026-08-26 01:40:00.275 10 INFO neutron.wsgi [None req-714babb9-67ee-4bd8-ac16-f0e76f55bd00 40eba6160c284f9d87470180d35d4e5e e10aa1b2ec9844ebb0e7eab79487f99d - - - -] 10.0.0.232 "POST /v2.0/networks HTTP/1.1" status: 201 len: 928 time: 0.7532852
2026-08-26 01:40:00.292 9 WARNING neutron.scheduler.dhcp_agent_scheduler [None req-989cbf11-429b-47ce-87c8-b58db9f9d3b6 179e8bdbb1c342d39e671097e84dccd4 d761fbba1a6f49ea86fe1fe4277e79ab - - - -] No more DHCP agents
2026-08-26 01:40:00.294 9 WARNING neutron.api.rpc.agentnotifiers.dhcp_rpc_agent_api [None req-989cbf11-429b-47ce-87c8-b58db9f9d3b6 179e8bdbb1c342d39e671097e84dccd4 d761fbba1a6f49ea86fe1fe4277e79ab - - - -] Unable to schedule network a06fdd8a-7631-4350-8f5a-3149bd5c586c: no agents available; will retry on subsequent port and subnet creation events.
2026-08-26 01:40:00.461 9 INFO neutron.db.ovn_revision_numbers_db [None req-989cbf11-429b-47ce-87c8-b58db9f9d3b6 179e8bdbb1c342d39e671097e84dccd4 d761fbba1a6f49ea86fe1fe4277e79ab - - - -] Successfully bumped revision number for resource d9b42883-9ef4-4a1a-8e8e-55458752def0 (type: ports) to 1
2026-08-26 01:40:00.470 10 WARNING neutron.scheduler.dhcp_agent_scheduler [None req-8219cceb-79d4-4c74-a31f-bd38452abcee 40eba6160c284f9d87470180d35d4e5e e10aa1b2ec9844ebb0e7eab79487f99d - - - -] No more DHCP agents
2026-08-26 01:40:00.474 10 WARNING neutron.api.rpc.agentnotifiers.dhcp_rpc_agent_api [None req-8219cceb-79d4-4c74-a31f-bd38452abcee 40eba6160c284f9d87470180d35d4e5e e10aa1b2ec9844ebb0e7eab79487f99d - - - -] Unable to schedule network 8d662bd4-3a37-4b6b-b1c5-c660e290f852: no agents available; will retry on subsequent port and subnet creation events.
2026-08-26 01:40:00.487 9 INFO neutron.wsgi [None req-989cbf11-429b-47ce-87c8-b58db9f9d3b6 179e8bdbb1c342d39e671097e84dccd4 d761fbba1a6f49ea86fe1fe4277e79ab - - - -] 10.0.0.86 "POST /v2.0/ports HTTP/1.1" status: 201 len: 1337 time: 1.1416504
2026-08-26 01:40:01.107 10 INFO neutron.db.ovn_revision_numbers_db [None req-8219cceb-79d4-4c74-a31f-bd38452abcee 40eba6160c284f9d87470180d35d4e5e e10aa1b2ec9844ebb0e7eab79487f99d - - - -] Successfully bumped revision number for resource 48768de5-6d2f-410f-83e9-3b3e78db7b55 (type: ports) to 2
2026-08-26 01:40:01.133 10 INFO neutron.db.ovn_revision_numbers_db [None req-8219cceb-79d4-4c74-a31f-bd38452abcee 40eba6160c284f9d87470180d35d4e5e e10aa1b2ec9844ebb0e7eab79487f99d - - - -] Successfully bumped revision number for resource 26f0b3c1-fab2-47a8-aaf4-ec81212302b2 (type: subnets) to 0
2026-08-26 01:40:01.150 10 INFO neutron.wsgi [None req-8219cceb-79d4-4c74-a31f-bd38452abcee 40eba6160c284f9d87470180d35d4e5e e10aa1b2ec9844ebb0e7eab79487f99d - - - -] 10.0.0.232 "POST /v2.0/subnets HTTP/1.1" status: 201 len: 819 time: 0.8697309
2026-08-26 01:40:01.164 10 WARNING neutron.api.v2.base [None req-96fe9303-bfd1-41ec-b211-a28de5006e48 40eba6160c284f9d87470180d35d4e5e e10aa1b2ec9844ebb0e7eab79487f99d - - - -] An exception happened while processing the request body. The exception message is [Invalid input for target_tenant. Reason: 'None' is not a valid string.].: webob.exc.HTTPBadRequest: Invalid input for target_tenant. Reason: 'None' is not a valid string.
2026-08-26 01:40:01.165 10 INFO neutron.api.v2.resource [None req-96fe9303-bfd1-41ec-b211-a28de5006e48 40eba6160c284f9d87470180d35d4e5e e10aa1b2ec9844ebb0e7eab79487f99d - - - -] create failed (client error): Invalid input for target_tenant. Reason: 'None' is not a valid string.
2026-08-26 01:40:01.166 10 INFO neutron.wsgi [None req-96fe9303-bfd1-41ec-b211-a28de5006e48 40eba6160c284f9d87470180d35d4e5e e10aa1b2ec9844ebb0e7eab79487f99d - - - -] 10.0.0.232 "POST /v2.0/rbac-policies HTTP/1.1" status: 400 len: 346 time: 0.0097463 /var/lib/openstack/lib/python3.10/site-packages/pycadf/identifier.py:71: UserWarning: Invalid uuid: neutron. To ensure interoperability, identifiers should be a valid uuid. warnings.warn(('Invalid uuid: %s. To ensure interoperability, '
2026-08-26 01:40:02.101 9 INFO neutron.wsgi [None req-e1110122-14ae-4908-8948-8eca3d6f9ec8 5cafe8370bf04618be1d7dac11fd5a94 afe2554f5bae4786a4b75eeca4ccd22a - - - -] 10.0.0.232 "POST /v2.0/subnetpools HTTP/1.1" status: 201 len: 715 time: 0.1731527
2026-08-26 01:40:02.121 9 INFO neutron.wsgi [None req-60af682c-8015-444e-b662-5c97b8e3c984 179e8bdbb1c342d39e671097e84dccd4 d761fbba1a6f49ea86fe1fe4277e79ab - - default default] 162.253.55.223 "GET /v2.0/extensions/security-group HTTP/1.1" status: 200 len: 369 time: 0.0413749
2026-08-26 01:40:02.130 9 INFO neutron.wsgi [None req-6b2a1629-b53f-4405-95de-b3dd7ab52f1d 179e8bdbb1c342d39e671097e84dccd4 d761fbba1a6f49ea86fe1fe4277e79ab - - default default] 162.253.55.223 "GET /v2.0/extensions/dns-integration HTTP/1.1" status: 200 len: 371 time: 0.0034993
2026-08-26 01:40:02.138 9 INFO neutron.wsgi [None req-cef9982d-91e5-4161-adcd-26c1760dd67c 179e8bdbb1c342d39e671097e84dccd4 d761fbba1a6f49ea86fe1fe4277e79ab - - default default] 162.253.55.223 "GET /v2.0/extensions/qos HTTP/1.1" status: 200 len: 365 time: 0.0041664
2026-08-26 01:40:02.150 10 INFO neutron.services.segments.plugin [-] Segment 051aeb5a-5fab-400f-ac49-70b0622d7e29 resource provider aggregate not found
2026-08-26 01:40:02.151 9 INFO neutron.wsgi [None req-846bce7b-3c0e-4972-92d8-f6fa0517f5a8 179e8bdbb1c342d39e671097e84dccd4 d761fbba1a6f49ea86fe1fe4277e79ab - - default default] 162.253.55.223 "GET /v2.0/extensions/allowed-address-pairs HTTP/1.1" status: 200 len: 383 time: 0.0079300
2026-08-26 01:40:02.160 10 INFO neutron.services.segments.plugin [-] Segment 051aeb5a-5fab-400f-ac49-70b0622d7e29 resource provider aggregate not found
2026-08-26 01:40:02.180 10 INFO neutron.services.segments.plugin [-] Segment 051aeb5a-5fab-400f-ac49-70b0622d7e29 resource provider not found; error: Placement Client Error (4xx): {"errors": [{"status": 404, "title": "Not Found", "detail": "The resource could not be found.\n\n No resource provider with uuid 051aeb5a-5fab-400f-ac49-70b0622d7e29 found for delete ", "request_id": "req-82b11000-c66e-4b7a-954e-929fc30a1d52"}]}
