2026-08-26 01:38:13.290 10 WARNING neutron.api.rpc.agentnotifiers.dhcp_rpc_agent_api [None req-22dc812d-654d-4f30-b2b2-3c8faf2e3bb6 1cfdb91b8c6d44f29db86fed93eafbc4 f8d712c1739b4d3780790fff14f317e9 - - - -] Unable to schedule network 6857e003-f844-4831-a1fb-c10e0fd0f128: no agents available; will retry on subsequent port and subnet creation events.
2026-08-26 01:38:13.301 10 INFO neutron.db.ovn_revision_numbers_db [None req-22dc812d-654d-4f30-b2b2-3c8faf2e3bb6 1cfdb91b8c6d44f29db86fed93eafbc4 f8d712c1739b4d3780790fff14f317e9 - - - -] Successfully bumped revision number for resource dc6921fe-bb21-4ec4-ac6f-62c1147dffd3 (type: subnets) to 0
2026-08-26 01:38:13.314 9 INFO neutron.api.v2.resource [None req-76fcf95c-07da-4299-8ecc-06c11ef40b95 610c97ae8b8848688950f15fe4edeca6 780d0f4623a04aa787b7e806ff4c0549 - - - -] delete failed (client error): The resource could not be found.
2026-08-26 01:38:13.316 9 INFO neutron.wsgi [None req-76fcf95c-07da-4299-8ecc-06c11ef40b95 610c97ae8b8848688950f15fe4edeca6 780d0f4623a04aa787b7e806ff4c0549 - - - -] 10.0.0.232 "DELETE /v2.0/routers/0c8e35eb-8776-4728-ae88-6d49cf0625f3 HTTP/1.1" status: 404 len: 336 time: 0.0874751
2026-08-26 01:38:13.320 10 INFO neutron.wsgi [None req-22dc812d-654d-4f30-b2b2-3c8faf2e3bb6 1cfdb91b8c6d44f29db86fed93eafbc4 f8d712c1739b4d3780790fff14f317e9 - - - -] 10.0.0.232 "POST /v2.0/subnets HTTP/1.1" status: 201 len: 1475 time: 0.6372309
2026-08-26 01:38:13.321 9 INFO neutron.db.ovn_revision_numbers_db [None req-046a0654-1842-4f93-ae26-d9aa47151f81 645a217d6cf24cdf8f9f25c58ac4be17 b6a00ac79d274e7899410a440027d5fa - - - -] Successfully bumped revision number for resource 0a945404-c7fe-4e13-9387-cdd6293f6fd4 (type: floatingips) to 2 /var/lib/openstack/lib/python3.10/site-packages/pycadf/identifier.py:71: UserWarning: Invalid uuid: neutron. To ensure interoperability, identifiers should be a valid uuid. warnings.warn(('Invalid uuid: %s. To ensure interoperability, '
2026-08-26 01:38:13.343 10 INFO neutron.pecan_wsgi.hooks.translation [None req-368fb2d2-8918-453a-9f78-790ee0a74deb 610c97ae8b8848688950f15fe4edeca6 780d0f4623a04aa787b7e806ff4c0549 - - - -] DELETE failed (client error): The resource could not be found.
2026-08-26 01:38:13.345 10 INFO neutron.wsgi [None req-368fb2d2-8918-453a-9f78-790ee0a74deb 610c97ae8b8848688950f15fe4edeca6 780d0f4623a04aa787b7e806ff4c0549 - - - -] 10.0.0.232 "DELETE /v2.0/subnets/07399ddb-89e7-4db0-b2bb-1bcd7f4beab7 HTTP/1.1" status: 404 len: 337 time: 0.0215235
2026-08-26 01:38:13.373 10 INFO neutron.wsgi [None req-b381103c-225a-4368-ba12-06e340a59caa 610c97ae8b8848688950f15fe4edeca6 780d0f4623a04aa787b7e806ff4c0549 - - default default] 10.0.0.232 "GET /v2.0/ports?device_id=a697edce-9be6-4cdf-b484-739f196c6dc7 HTTP/1.1" status: 200 len: 205 time: 0.0226886
2026-08-26 01:38:13.399 9 INFO neutron.wsgi [None req-6dc569a5-f269-4f6a-bb4d-e56d3e708a18 1cfdb91b8c6d44f29db86fed93eafbc4 f8d712c1739b4d3780790fff14f317e9 - - default default] 10.0.0.232 "GET /v2.0/subnets HTTP/1.1" status: 200 len: 2083 time: 0.0745964
2026-08-26 01:38:13.424 10 INFO neutron.api.v2.resource [None req-04a49296-621e-4862-a492-25cae4a96837 610c97ae8b8848688950f15fe4edeca6 780d0f4623a04aa787b7e806ff4c0549 - - - -] delete failed (client error): The resource could not be found.
2026-08-26 01:38:13.425 10 INFO neutron.wsgi [None req-04a49296-621e-4862-a492-25cae4a96837 610c97ae8b8848688950f15fe4edeca6 780d0f4623a04aa787b7e806ff4c0549 - - - -] 10.0.0.232 "DELETE /v2.0/routers/a697edce-9be6-4cdf-b484-739f196c6dc7 HTTP/1.1" status: 404 len: 336 time: 0.0416362
2026-08-26 01:38:13.429 9 INFO neutron.wsgi [None req-046a0654-1842-4f93-ae26-d9aa47151f81 645a217d6cf24cdf8f9f25c58ac4be17 b6a00ac79d274e7899410a440027d5fa - - - -] 10.0.0.232 "PUT /v2.0/floatingips/0a945404-c7fe-4e13-9387-cdd6293f6fd4 HTTP/1.1" status: 200 len: 748 time: 0.3291390
2026-08-26 01:38:13.478 9 INFO neutron.notifiers.nova [-] Nova event matching ['req-abc4378a-582e-4011-85ca-e3ec612539f7'] response: {'name': 'network-changed', 'server_uuid': 'cdfa5a40-315d-4bdf-92b2-5eb036d6adec', 'tag': 'bb675596-4261-4100-9319-afea17c1cd4d', 'status': 'completed', 'code': 200}
2026-08-26 01:38:13.480 10 INFO neutron.pecan_wsgi.hooks.translation [None req-7e83ba9b-8cd6-405b-895a-56a7fa80cc22 610c97ae8b8848688950f15fe4edeca6 780d0f4623a04aa787b7e806ff4c0549 - - - -] DELETE failed (client error): The resource could not be found.
2026-08-26 01:38:13.483 10 INFO neutron.wsgi [None req-7e83ba9b-8cd6-405b-895a-56a7fa80cc22 610c97ae8b8848688950f15fe4edeca6 780d0f4623a04aa787b7e806ff4c0549 - - - -] 10.0.0.232 "DELETE /v2.0/subnets/042e34a6-ca77-45f3-9482-83b768244d9f HTTP/1.1" status: 404 len: 337 time: 0.0471754
2026-08-26 01:38:13.487 10 INFO neutron.wsgi [None req-5238608d-5385-4900-8475-23b7a46acbee 645a217d6cf24cdf8f9f25c58ac4be17 b6a00ac79d274e7899410a440027d5fa - - default default] 10.0.0.232 "GET /v2.0/floatingips/0a945404-c7fe-4e13-9387-cdd6293f6fd4 HTTP/1.1" status: 200 len: 746 time: 0.0499849
2026-08-26 01:38:13.518 9 INFO neutron.wsgi [None req-8007c1ea-9644-4501-8742-cba040eb6cfd 610c97ae8b8848688950f15fe4edeca6 780d0f4623a04aa787b7e806ff4c0549 - - default default] 10.0.0.232 "GET /v2.0/ports?device_id=2862eda2-8220-4f06-bdb6-736686a65a00 HTTP/1.1" status: 200 len: 205 time: 0.0286160
2026-08-26 01:38:13.551 9 INFO neutron.api.v2.resource [None req-fbc7749c-1282-4ae2-92eb-ead4d850b4c3 610c97ae8b8848688950f15fe4edeca6 780d0f4623a04aa787b7e806ff4c0549 - - - -] delete failed (client error): The resource could not be found.
2026-08-26 01:38:13.552 9 INFO neutron.wsgi [None req-fbc7749c-1282-4ae2-92eb-ead4d850b4c3 610c97ae8b8848688950f15fe4edeca6 780d0f4623a04aa787b7e806ff4c0549 - - - -] 10.0.0.232 "DELETE /v2.0/routers/2862eda2-8220-4f06-bdb6-736686a65a00 HTTP/1.1" status: 404 len: 336 time: 0.0260868
2026-08-26 01:38:13.571 10 INFO neutron.wsgi [req-b4c1d8c3-7e07-4f84-bbe7-a2c298ff78d5 req-24eb9bbd-dfed-412c-ba2b-32ed5d19d612 7a18b78282664b068b473887215091ee 08ccdc6a1619498ba73514faa2281105 - - b7b1c90675bb46a2bb8fa6c30a4c48d0 b7b1c90675bb46a2bb8fa6c30a4c48d0] 162.253.55.223 "GET /v2.0/ports?tenant_id=b6a00ac79d274e7899410a440027d5fa&device_id=cdfa5a40-315d-4bdf-92b2-5eb036d6adec HTTP/1.1" status: 200 len: 1361 time: 0.0635846
2026-08-26 01:38:13.573 9 INFO neutron.pecan_wsgi.hooks.translation [None req-da6f83bc-76f5-4419-8f23-0c25f6515078 610c97ae8b8848688950f15fe4edeca6 780d0f4623a04aa787b7e806ff4c0549 - - - -] DELETE failed (client error): The resource could not be found.
2026-08-26 01:38:13.575 9 INFO neutron.wsgi [None req-da6f83bc-76f5-4419-8f23-0c25f6515078 610c97ae8b8848688950f15fe4edeca6 780d0f4623a04aa787b7e806ff4c0549 - - - -] 10.0.0.232 "DELETE /v2.0/subnets/805ee62f-8eb3-43ce-9acf-e7348416dffc HTTP/1.1" status: 404 len: 337 time: 0.0166719
2026-08-26 01:38:13.593 9 INFO neutron.pecan_wsgi.hooks.translation [None req-ca7cbeb7-5510-4696-befa-0578f64aace3 610c97ae8b8848688950f15fe4edeca6 780d0f4623a04aa787b7e806ff4c0549 - - - -] DELETE failed (client error): The resource could not be found.
2026-08-26 01:38:13.595 9 INFO neutron.wsgi [None req-ca7cbeb7-5510-4696-befa-0578f64aace3 610c97ae8b8848688950f15fe4edeca6 780d0f4623a04aa787b7e806ff4c0549 - - - -] 10.0.0.232 "DELETE /v2.0/subnets/7a82fad1-d2f8-4758-bd4c-50addf44c901 HTTP/1.1" status: 404 len: 337 time: 0.0139594
2026-08-26 01:38:13.651 10 INFO neutron.wsgi [req-b4c1d8c3-7e07-4f84-bbe7-a2c298ff78d5 req-c878f3a1-3d8c-44f5-bc8f-eb564ab39bfb 7a18b78282664b068b473887215091ee 08ccdc6a1619498ba73514faa2281105 - - b7b1c90675bb46a2bb8fa6c30a4c48d0 b7b1c90675bb46a2bb8fa6c30a4c48d0] 162.253.55.223 "GET /v2.0/networks?id=91e5d1e2-040d-45a9-b3b0-897e7724fbca HTTP/1.1" status: 200 len: 959 time: 0.0732512
2026-08-26 01:38:13.685 10 INFO neutron.wsgi [req-b4c1d8c3-7e07-4f84-bbe7-a2c298ff78d5 req-fa93654d-e47b-4bbe-aa85-f5d1bb6d869c 7a18b78282664b068b473887215091ee 08ccdc6a1619498ba73514faa2281105 - - b7b1c90675bb46a2bb8fa6c30a4c48d0 b7b1c90675bb46a2bb8fa6c30a4c48d0] 162.253.55.223 "GET /v2.0/floatingips?fixed_ip_address=10.100.0.7&port_id=bb675596-4261-4100-9319-afea17c1cd4d HTTP/1.1" status: 200 len: 217 time: 0.0262043
2026-08-26 01:38:13.748 10 INFO neutron.wsgi [None req-796e0fd4-2267-4d4a-837b-2346b42ad2fc 1cfdb91b8c6d44f29db86fed93eafbc4 f8d712c1739b4d3780790fff14f317e9 - - - -] 10.0.0.232 "DELETE /v2.0/subnets/1b573fe5-f7fd-4419-97f9-3b796302f5fd HTTP/1.1" status: 204 len: 168 time: 0.3314347
2026-08-26 01:38:13.761 10 INFO neutron.wsgi [req-b4c1d8c3-7e07-4f84-bbe7-a2c298ff78d5 req-3c892ee9-86eb-4b61-af7a-0f15511a82d5 7a18b78282664b068b473887215091ee 08ccdc6a1619498ba73514faa2281105 - - b7b1c90675bb46a2bb8fa6c30a4c48d0 b7b1c90675bb46a2bb8fa6c30a4c48d0] 162.253.55.223 "GET /v2.0/subnets?id=4512c2ed-84b7-428a-ae4e-7926baaa97a7 HTTP/1.1" status: 200 len: 853 time: 0.0706828
2026-08-26 01:38:13.792 10 INFO neutron.wsgi [req-b4c1d8c3-7e07-4f84-bbe7-a2c298ff78d5 req-990b047b-79d0-4a05-a26d-22e01591acb7 7a18b78282664b068b473887215091ee 08ccdc6a1619498ba73514faa2281105 - - b7b1c90675bb46a2bb8fa6c30a4c48d0 b7b1c90675bb46a2bb8fa6c30a4c48d0] 162.253.55.223 "GET /v2.0/ports?network_id=91e5d1e2-040d-45a9-b3b0-897e7724fbca&device_owner=network%3Adhcp HTTP/1.1" status: 200 len: 210 time: 0.0248044
2026-08-26 01:38:13.858 10 INFO neutron.wsgi [req-b4c1d8c3-7e07-4f84-bbe7-a2c298ff78d5 req-54556bf2-b721-4403-8928-dad28bfb7c82 7a18b78282664b068b473887215091ee 08ccdc6a1619498ba73514faa2281105 - - b7b1c90675bb46a2bb8fa6c30a4c48d0 b7b1c90675bb46a2bb8fa6c30a4c48d0] 162.253.55.223 "GET /v2.0/networks/91e5d1e2-040d-45a9-b3b0-897e7724fbca?fields=segments HTTP/1.1" status: 200 len: 212 time: 0.0579662
2026-08-26 01:38:13.926 10 INFO neutron.wsgi [req-b4c1d8c3-7e07-4f84-bbe7-a2c298ff78d5 req-f30b4af7-f1de-4efa-bd41-aff76ddbf71f 7a18b78282664b068b473887215091ee 08ccdc6a1619498ba73514faa2281105 - - b7b1c90675bb46a2bb8fa6c30a4c48d0 b7b1c90675bb46a2bb8fa6c30a4c48d0] 162.253.55.223 "GET /v2.0/networks/91e5d1e2-040d-45a9-b3b0-897e7724fbca?fields=provider%3Aphysical_network&fields=provider%3Anetwork_type HTTP/1.1" status: 200 len: 277 time: 0.0611415
2026-08-26 01:38:14.006 9 INFO neutron.wsgi [None req-928c8139-e7e2-495d-b7ac-c56dfce3fcf0 1cfdb91b8c6d44f29db86fed93eafbc4 f8d712c1739b4d3780790fff14f317e9 - - - -] 10.0.0.232 "DELETE /v2.0/subnets/dc6921fe-bb21-4ec4-ac6f-62c1147dffd3 HTTP/1.1" status: 204 len: 168 time: 0.2528384
2026-08-26 01:38:14.075 10 INFO neutron.wsgi [None req-bca7cb0c-c2d6-4a3b-add1-6df65d89fb68 1cfdb91b8c6d44f29db86fed93eafbc4 f8d712c1739b4d3780790fff14f317e9 - - default default] 10.0.0.232 "GET /v2.0/subnets HTTP/1.1" status: 200 len: 820 time: 0.0616643
2026-08-26 01:38:14.290 9 INFO neutron.wsgi [None req-16a7df7c-c7ec-4fb5-811f-6cb380424c97 179e8bdbb1c342d39e671097e84dccd4 d761fbba1a6f49ea86fe1fe4277e79ab - - default default] 10.0.0.232 "GET /v2.0/security-groups?tenant_id=780d0f4623a04aa787b7e806ff4c0549&name=default HTTP/1.1" status: 200 len: 2996 time: 0.1911139
2026-08-26 01:38:14.447 10 INFO neutron.services.segments.plugin [-] Segment 00ce2f15-e04e-43b0-9e50-e7915c482042 resource provider aggregate not found
2026-08-26 01:38:14.452 10 INFO neutron.services.segments.plugin [-] Segment 00ce2f15-e04e-43b0-9e50-e7915c482042 resource provider aggregate not found
2026-08-26 01:38:14.495 10 INFO neutron.services.segments.plugin [-] Segment 00ce2f15-e04e-43b0-9e50-e7915c482042 resource provider not found; error: Placement Client Error (4xx): {"errors": [{"status": 404, "title": "Not Found", "detail": "The resource could not be found.\n\n No resource provider with uuid 00ce2f15-e04e-43b0-9e50-e7915c482042 found for delete ", "request_id": "req-faf1b46d-2545-4231-b9a4-b22517c68b5e"}]}
2026-08-26 01:38:14.499 10 INFO neutron.services.segments.plugin [-] Segment 00ce2f15-e04e-43b0-9e50-e7915c482042 resource provider not found; error: Placement Client Error (4xx): {"errors": [{"status": 404, "title": "Not Found", "detail": "The resource could not be found.\n\n No resource provider with uuid 00ce2f15-e04e-43b0-9e50-e7915c482042 found for delete ", "request_id": "req-f85bedb6-ee92-452b-8d58-4dfe44bf8ea7"}]}
2026-08-26 01:38:14.517 10 INFO neutron.wsgi [None req-25b74987-d19c-487a-a24a-382e40eac4f0 1cfdb91b8c6d44f29db86fed93eafbc4 f8d712c1739b4d3780790fff14f317e9 - - - -] 10.0.0.232 "DELETE /v2.0/networks/6857e003-f844-4831-a1fb-c10e0fd0f128 HTTP/1.1" status: 204 len: 168 time: 0.4331541
2026-08-26 01:38:14.622 10 INFO neutron.wsgi [None req-677a324a-1f38-4637-9f04-01384a02b774 179e8bdbb1c342d39e671097e84dccd4 d761fbba1a6f49ea86fe1fe4277e79ab - - - -] 10.0.0.232 "DELETE /v2.0/security-groups/017b0f33-acf2-4be6-900a-8ab0d2094e6a HTTP/1.1" status: 204 len: 168 time: 0.3254559
2026-08-26 01:38:14.683 9 INFO neutron.db.ovn_revision_numbers_db [None req-7d4d18e7-c5e7-467b-8bec-f663a37473be 645a217d6cf24cdf8f9f25c58ac4be17 b6a00ac79d274e7899410a440027d5fa - - - -] Successfully bumped revision number for resource 3c5a6603-db00-4346-9c1d-ab90135da305 (type: security_groups) to 1
2026-08-26 01:38:14.704 9 INFO neutron.wsgi [None req-7d4d18e7-c5e7-467b-8bec-f663a37473be 645a217d6cf24cdf8f9f25c58ac4be17 b6a00ac79d274e7899410a440027d5fa - - - -] 10.0.0.232 "POST /v2.0/security-groups HTTP/1.1" status: 201 len: 1809 time: 0.1398966
2026-08-26 01:38:14.943 10 INFO neutron.db.ovn_revision_numbers_db [None req-54b2f4d1-04f3-4c6c-93ee-b5b5a7561c6c 645a217d6cf24cdf8f9f25c58ac4be17 b6a00ac79d274e7899410a440027d5fa - - - -] Successfully bumped revision number for resource 18ba14d5-b054-4a37-9f80-526ffc62f0a6 (type: security_group_rules) to 0
2026-08-26 01:38:15.010 10 INFO neutron.wsgi [None req-54b2f4d1-04f3-4c6c-93ee-b5b5a7561c6c 645a217d6cf24cdf8f9f25c58ac4be17 b6a00ac79d274e7899410a440027d5fa - - - -] 10.0.0.232 "POST /v2.0/security-group-rules HTTP/1.1" status: 201 len: 764 time: 0.2994413
2026-08-26 01:38:15.084 10 INFO neutron.wsgi [None req-cc8eaa98-6517-494f-8f25-f4b59cdde1c6 1cfdb91b8c6d44f29db86fed93eafbc4 f8d712c1739b4d3780790fff14f317e9 - - - -] 10.0.0.232 "DELETE /v2.0/networks/abcffd58-9160-48e8-847c-f1f2c1291095 HTTP/1.1" status: 204 len: 168 time: 0.5624189
2026-08-26 01:38:15.142 9 INFO neutron.db.ovn_revision_numbers_db [None req-faad3a54-b5c8-48ff-b0ea-3b56c77fea0a 645a217d6cf24cdf8f9f25c58ac4be17 b6a00ac79d274e7899410a440027d5fa - - - -] Successfully bumped revision number for resource 80750a25-3d02-4ad4-9a42-12ea0d920358 (type: security_group_rules) to 0
2026-08-26 01:38:15.172 9 INFO neutron.wsgi [None req-faad3a54-b5c8-48ff-b0ea-3b56c77fea0a 645a217d6cf24cdf8f9f25c58ac4be17 b6a00ac79d274e7899410a440027d5fa - - - -] 10.0.0.232 "POST /v2.0/security-group-rules HTTP/1.1" status: 201 len: 763 time: 0.1572082
2026-08-26 01:38:15.330 10 INFO neutron.db.ovn_revision_numbers_db [None req-dbfc4497-849a-479a-88c9-577c07d33a06 645a217d6cf24cdf8f9f25c58ac4be17 b6a00ac79d274e7899410a440027d5fa - - - -] Successfully bumped revision number for resource 2ad09b26-3b48-49c3-9e17-da636ce68cb5 (type: security_group_rules) to 0
2026-08-26 01:38:15.361 10 INFO neutron.wsgi [None req-dbfc4497-849a-479a-88c9-577c07d33a06 645a217d6cf24cdf8f9f25c58ac4be17 b6a00ac79d274e7899410a440027d5fa - - - -] 10.0.0.232 "POST /v2.0/security-group-rules HTTP/1.1" status: 201 len: 769 time: 0.1831083
2026-08-26 01:38:15.614 10 INFO neutron.db.ovn_revision_numbers_db [None req-4d3ac330-2f6a-475c-9688-b7968c8c4a91 645a217d6cf24cdf8f9f25c58ac4be17 b6a00ac79d274e7899410a440027d5fa - - - -] Successfully bumped revision number for resource 6d946646-b4c1-41fd-8ab0-b2b3cdd7bc91 (type: security_group_rules) to 0
2026-08-26 01:38:15.629 10 INFO neutron.wsgi [None req-b3b08bcb-5230-4a58-9ea7-3d1edf172808 1cfdb91b8c6d44f29db86fed93eafbc4 f8d712c1739b4d3780790fff14f317e9 - - - -] 10.0.0.232 "DELETE /v2.0/networks/c8061805-e546-4561-b700-f979c5c13ef7 HTTP/1.1" status: 204 len: 168 time: 0.5398278
2026-08-26 01:38:15.660 10 INFO neutron.wsgi [None req-4d3ac330-2f6a-475c-9688-b7968c8c4a91 645a217d6cf24cdf8f9f25c58ac4be17 b6a00ac79d274e7899410a440027d5fa - - - -] 10.0.0.232 "POST /v2.0/security-group-rules HTTP/1.1" status: 201 len: 768 time: 0.2928939
2026-08-26 01:38:15.706 9 INFO neutron.db.securitygroups_db [None req-37248ee9-2933-4d71-8f24-3394581eae57 645a217d6cf24cdf8f9f25c58ac4be17 b6a00ac79d274e7899410a440027d5fa - - - -] Project b6a00ac79d274e7899410a440027d5fa added a security group rule with legacy IPv6 ICMP protocol name icmp, ipv6-icmp should be used instead. It was automatically converted.
2026-08-26 01:38:15.886 9 INFO neutron.db.ovn_revision_numbers_db [None req-37248ee9-2933-4d71-8f24-3394581eae57 645a217d6cf24cdf8f9f25c58ac4be17 b6a00ac79d274e7899410a440027d5fa - - - -] Successfully bumped revision number for resource 611dbace-6880-4fab-8fb2-ce6e9f7f42bd (type: security_group_rules) to 0
2026-08-26 01:38:15.920 9 INFO neutron.wsgi [None req-37248ee9-2933-4d71-8f24-3394581eae57 645a217d6cf24cdf8f9f25c58ac4be17 b6a00ac79d274e7899410a440027d5fa - - - -] 10.0.0.232 "POST /v2.0/security-group-rules HTTP/1.1" status: 201 len: 774 time: 0.2550778
2026-08-26 01:38:15.959 10 INFO neutron.db.securitygroups_db [None req-f5333931-b275-419f-b45a-434fad0a80ed 645a217d6cf24cdf8f9f25c58ac4be17 b6a00ac79d274e7899410a440027d5fa - - - -] Project b6a00ac79d274e7899410a440027d5fa added a security group rule with legacy IPv6 ICMP protocol name icmp, ipv6-icmp should be used instead. It was automatically converted.
2026-08-26 01:38:16.075 9 INFO neutron.services.segments.plugin [-] Segment 7f0b63f1-a547-4313-ad52-47e9d0d8d361 resource provider aggregate not found
2026-08-26 01:38:16.079 9 INFO neutron.services.segments.plugin [-] Segment 7f0b63f1-a547-4313-ad52-47e9d0d8d361 resource provider aggregate not found
2026-08-26 01:38:16.080 10 INFO neutron.db.ovn_revision_numbers_db [None req-f5333931-b275-419f-b45a-434fad0a80ed 645a217d6cf24cdf8f9f25c58ac4be17 b6a00ac79d274e7899410a440027d5fa - - - -] Successfully bumped revision number for resource 48ce0780-b066-4d6a-a322-cdd05a478ba5 (type: security_group_rules) to 0
2026-08-26 01:38:16.093 9 INFO neutron.services.segments.plugin [-] Segment 7f0b63f1-a547-4313-ad52-47e9d0d8d361 resource provider not found; error: Placement Client Error (4xx): {"errors": [{"status": 404, "title": "Not Found", "detail": "The resource could not be found.\n\n No resource provider with uuid 7f0b63f1-a547-4313-ad52-47e9d0d8d361 found for delete ", "request_id": "req-c790fced-ea53-486c-bd9d-15db57f29330"}]}
2026-08-26 01:38:16.095 9 INFO neutron.services.segments.plugin [-] Segment 7f0b63f1-a547-4313-ad52-47e9d0d8d361 resource provider not found; error: Placement Client Error (4xx): {"errors": [{"status": 404, "title": "Not Found", "detail": "The resource could not be found.\n\n No resource provider with uuid 7f0b63f1-a547-4313-ad52-47e9d0d8d361 found for delete ", "request_id": "req-00d7275e-0459-474e-b12d-5b73c28582e1"}]}
2026-08-26 01:38:16.110 10 INFO neutron.wsgi [None req-f5333931-b275-419f-b45a-434fad0a80ed 645a217d6cf24cdf8f9f25c58ac4be17 b6a00ac79d274e7899410a440027d5fa - - - -] 10.0.0.232 "POST /v2.0/security-group-rules HTTP/1.1" status: 201 len: 773 time: 0.1835239
2026-08-26 01:38:16.119 9 INFO neutron.wsgi [None req-841cc1aa-d9ea-498a-b7a1-75db54b967d3 1cfdb91b8c6d44f29db86fed93eafbc4 f8d712c1739b4d3780790fff14f317e9 - - - -] 10.0.0.232 "DELETE /v2.0/networks/81de1488-7a4b-4c8a-8700-ded3594601d9 HTTP/1.1" status: 204 len: 168 time: 0.4817905
2026-08-26 01:38:16.516 10 INFO neutron.services.segments.plugin [-] Segment 7fc6fbf1-a346-4b0a-b789-8a7017e8820c resource provider aggregate not found
2026-08-26 01:38:16.534 10 INFO neutron.services.segments.plugin [-] Segment 7fc6fbf1-a346-4b0a-b789-8a7017e8820c resource provider aggregate not found
2026-08-26 01:38:16.543 10 INFO neutron.services.segments.plugin [-] Segment 7fc6fbf1-a346-4b0a-b789-8a7017e8820c resource provider not found; error: Placement Client Error (4xx): {"errors": [{"status": 404, "title": "Not Found", "detail": "The resource could not be found.\n\n No resource provider with uuid 7fc6fbf1-a346-4b0a-b789-8a7017e8820c found for delete ", "request_id": "req-0ce1e622-c7aa-4933-b246-88cd9b0c5af6"}]}
2026-08-26 01:38:16.557 10 INFO neutron.services.segments.plugin [-] Segment 7fc6fbf1-a346-4b0a-b789-8a7017e8820c resource provider not found; error: Placement Client Error (4xx): {"errors": [{"status": 404, "title": "Not Found", "detail": "The resource could not be found.\n\n No resource provider with uuid 7fc6fbf1-a346-4b0a-b789-8a7017e8820c found for delete ", "request_id": "req-5286655a-df58-475a-b18e-948bea8210bb"}]}
2026-08-26 01:38:16.561 10 INFO neutron.services.segments.plugin [-] Segment e42f4aab-2868-4dc1-a956-ecf4fa79e1bf resource provider aggregate not found
2026-08-26 01:38:16.574 10 INFO neutron.services.segments.plugin [-] Segment e42f4aab-2868-4dc1-a956-ecf4fa79e1bf resource provider aggregate not found
2026-08-26 01:38:16.578 10 INFO neutron.services.segments.plugin [-] Segment e42f4aab-2868-4dc1-a956-ecf4fa79e1bf resource provider not found; error: Placement Client Error (4xx): {"errors": [{"status": 404, "title": "Not Found", "detail": "The resource could not be found.\n\n No resource provider with uuid e42f4aab-2868-4dc1-a956-ecf4fa79e1bf found for delete ", "request_id": "req-243eb184-b291-4fce-a58d-ff0a45b1e2f6"}]}
2026-08-26 01:38:16.587 10 INFO neutron.services.segments.plugin [-] Segment e42f4aab-2868-4dc1-a956-ecf4fa79e1bf resource provider not found; error: Placement Client Error (4xx): {"errors": [{"status": 404, "title": "Not Found", "detail": "The resource could not be found.\n\n No resource provider with uuid e42f4aab-2868-4dc1-a956-ecf4fa79e1bf found for delete ", "request_id": "req-4d13d22e-454b-4a77-affe-d26ac854c349"}]}
2026-08-26 01:38:16.619 10 WARNING neutron.plugins.ml2.drivers.ovn.mech_driver.ovsdb.ovn_client [None req-8c15824c-b5df-4752-9ac7-0a1ceda6f524 - - - - - -] No port found with ID ef9e377d-5a00-4d59-ba47-3fae3c863ad2: RuntimeError: No port found with ID ef9e377d-5a00-4d59-ba47-3fae3c863ad2
2026-08-26 01:38:16.668 10 INFO neutron.db.ovn_revision_numbers_db [None req-fe6e7ccf-eec6-4d88-b4be-be9f5fadd8bc a5a8a1d759d4438484f418a50bb3a0fb 1b73f0faf87247a9b58a994e662db8fb - - - -] Successfully bumped revision number for resource e0b3dfc1-57de-4650-bfc0-7ec1dd14d565 (type: security_groups) to 1
2026-08-26 01:38:16.761 10 INFO neutron.db.ovn_revision_numbers_db [None req-fe6e7ccf-eec6-4d88-b4be-be9f5fadd8bc a5a8a1d759d4438484f418a50bb3a0fb 1b73f0faf87247a9b58a994e662db8fb - - - -] Successfully bumped revision number for resource d37a6a80-43b8-40a9-b75a-b99690db1e70 (type: security_groups) to 1
2026-08-26 01:38:16.767 10 INFO neutron.wsgi [None req-8b52ef57-afc6-4a28-b1d0-6889f4ead01b 179e8bdbb1c342d39e671097e84dccd4 d761fbba1a6f49ea86fe1fe4277e79ab - - default default] 10.0.0.232 "GET /v2.0/security-groups?tenant_id=f8d712c1739b4d3780790fff14f317e9&name=default HTTP/1.1" status: 200 len: 2996 time: 0.0862904
2026-08-26 01:38:16.784 10 INFO neutron.wsgi [None req-fe6e7ccf-eec6-4d88-b4be-be9f5fadd8bc a5a8a1d759d4438484f418a50bb3a0fb 1b73f0faf87247a9b58a994e662db8fb - - - -] 10.0.0.232 "POST /v2.0/security-groups HTTP/1.1" status: 201 len: 1761 time: 0.3827369
2026-08-26 01:38:16.832 10 INFO neutron.wsgi [None req-82801f13-4450-410b-a1f0-790d2447233d a5a8a1d759d4438484f418a50bb3a0fb 1b73f0faf87247a9b58a994e662db8fb - - default default] 10.0.0.232 "GET /v2.0/security-groups HTTP/1.1" status: 200 len: 4539 time: 0.0409818
2026-08-26 01:38:17.016 9 INFO neutron.wsgi [None req-348bbb88-3482-4d14-b2e0-4ba693e9ae87 645a217d6cf24cdf8f9f25c58ac4be17 b6a00ac79d274e7899410a440027d5fa - - default default] 10.0.0.232 "GET /v2.0/networks HTTP/1.1" status: 200 len: 1493 time: 0.5331104
2026-08-26 01:38:17.140 9 INFO neutron.wsgi [req-6a522da1-e310-41e0-af9b-3594ead2965a req-d40d0423-ee7e-4cc6-8857-21ed5f5cef70 645a217d6cf24cdf8f9f25c58ac4be17 b6a00ac79d274e7899410a440027d5fa - - default default] 10.0.0.82 "GET /v2.0/security-groups?name=tempest-secgroup-smoke-427653656&fields=id&tenant_id=b6a00ac79d274e7899410a440027d5fa HTTP/1.1" status: 200 len: 267 time: 0.0394688
2026-08-26 01:38:17.220 9 INFO neutron.wsgi [req-6a522da1-e310-41e0-af9b-3594ead2965a req-ef207ef1-2dd5-4faf-a231-44b08c07f470 645a217d6cf24cdf8f9f25c58ac4be17 b6a00ac79d274e7899410a440027d5fa - - default default] 10.0.0.82 "GET /v2.0/networks?id=91e5d1e2-040d-45a9-b3b0-897e7724fbca HTTP/1.1" status: 200 len: 860 time: 0.0725074
2026-08-26 01:38:17.243 9 INFO neutron.wsgi [req-6a522da1-e310-41e0-af9b-3594ead2965a req-5d551218-c09f-45e3-b5cc-d06d47a69c8f 645a217d6cf24cdf8f9f25c58ac4be17 b6a00ac79d274e7899410a440027d5fa - - default default] 10.0.0.82 "GET /v2.0/quotas/b6a00ac79d274e7899410a440027d5fa HTTP/1.1" status: 200 len: 386 time: 0.0130639
2026-08-26 01:38:17.273 10 INFO neutron.db.ovn_revision_numbers_db [None req-acb0454b-c0a7-45b8-9116-c346fd55acb3 a5a8a1d759d4438484f418a50bb3a0fb 1b73f0faf87247a9b58a994e662db8fb - - - -] Successfully bumped revision number for resource d37a6a80-43b8-40a9-b75a-b99690db1e70 (type: security_groups) to 2
2026-08-26 01:38:17.276 10 INFO neutron.wsgi [None req-acb0454b-c0a7-45b8-9116-c346fd55acb3 a5a8a1d759d4438484f418a50bb3a0fb 1b73f0faf87247a9b58a994e662db8fb - - - -] 10.0.0.232 "PUT /v2.0/security-groups/d37a6a80-43b8-40a9-b75a-b99690db1e70 HTTP/1.1" status: 200 len: 1794 time: 0.4364893
2026-08-26 01:38:17.318 10 INFO neutron.wsgi [None req-0ba144bf-f65e-47f6-bc0c-bb89d574fd20 a5a8a1d759d4438484f418a50bb3a0fb 1b73f0faf87247a9b58a994e662db8fb - - default default] 10.0.0.232 "GET /v2.0/security-groups/d37a6a80-43b8-40a9-b75a-b99690db1e70 HTTP/1.1" status: 200 len: 1794 time: 0.0350118
2026-08-26 01:38:17.341 9 INFO neutron.wsgi [req-6a522da1-e310-41e0-af9b-3594ead2965a req-f15b3119-5bf1-4294-9e5f-65ae22455236 645a217d6cf24cdf8f9f25c58ac4be17 b6a00ac79d274e7899410a440027d5fa - - default default] 10.0.0.82 "GET /v2.0/ports?tenant_id=b6a00ac79d274e7899410a440027d5fa&fields=id HTTP/1.1" status: 200 len: 348 time: 0.0877898
2026-08-26 01:38:17.362 10 INFO neutron.wsgi [None req-0c4f7742-7e34-4fce-8774-1433cbe13670 179e8bdbb1c342d39e671097e84dccd4 d761fbba1a6f49ea86fe1fe4277e79ab - - - -] 10.0.0.232 "DELETE /v2.0/security-groups/49eab0fa-1483-42c8-9f94-e8848643d9af HTTP/1.1" status: 204 len: 168 time: 0.5883906
2026-08-26 01:38:17.412 9 INFO neutron.wsgi [req-6a522da1-e310-41e0-af9b-3594ead2965a req-2ade5843-8b36-4161-aca9-52e8ba15df21 7a18b78282664b068b473887215091ee 08ccdc6a1619498ba73514faa2281105 - - b7b1c90675bb46a2bb8fa6c30a4c48d0 b7b1c90675bb46a2bb8fa6c30a4c48d0] 10.0.0.82 "GET /v2.0/networks/91e5d1e2-040d-45a9-b3b0-897e7724fbca?fields=segments HTTP/1.1" status: 200 len: 212 time: 0.0573263
2026-08-26 01:38:17.438 10 INFO neutron.wsgi [None req-5f9eec42-3c23-4b3f-877f-aaa71e90d50c a5a8a1d759d4438484f418a50bb3a0fb 1b73f0faf87247a9b58a994e662db8fb - - - -] 10.0.0.232 "DELETE /v2.0/security-groups/d37a6a80-43b8-40a9-b75a-b99690db1e70 HTTP/1.1" status: 204 len: 168 time: 0.1153061
2026-08-26 01:38:17.483 10 INFO neutron.wsgi [None req-cd8dcf06-933a-4f42-a5d5-07aa4ab2e52f a5a8a1d759d4438484f418a50bb3a0fb 1b73f0faf87247a9b58a994e662db8fb - - default default] 10.0.0.232 "GET /v2.0/security-groups HTTP/1.1" status: 200 len: 2996 time: 0.0388823
2026-08-26 01:38:17.495 9 INFO neutron.wsgi [req-6a522da1-e310-41e0-af9b-3594ead2965a req-be03198f-c6a3-433b-80b5-5a40d3502132 7a18b78282664b068b473887215091ee 08ccdc6a1619498ba73514faa2281105 - - b7b1c90675bb46a2bb8fa6c30a4c48d0 b7b1c90675bb46a2bb8fa6c30a4c48d0] 10.0.0.82 "GET /v2.0/networks/91e5d1e2-040d-45a9-b3b0-897e7724fbca?fields=provider%3Aphysical_network&fields=provider%3Anetwork_type HTTP/1.1" status: 200 len: 277 time: 0.0758159
2026-08-26 01:38:17.507 10 INFO neutron.api.v2.resource [None req-3e5f85ac-cc12-4469-9c93-ba59229aa21f a5a8a1d759d4438484f418a50bb3a0fb 1b73f0faf87247a9b58a994e662db8fb - - - -] delete failed (client error): The resource could not be found.
2026-08-26 01:38:17.509 10 INFO neutron.wsgi [None req-3e5f85ac-cc12-4469-9c93-ba59229aa21f a5a8a1d759d4438484f418a50bb3a0fb 1b73f0faf87247a9b58a994e662db8fb - - - -] 10.0.0.232 "DELETE /v2.0/security-groups/d37a6a80-43b8-40a9-b75a-b99690db1e70 HTTP/1.1" status: 404 len: 347 time: 0.0156720
2026-08-26 01:38:17.552 10 INFO neutron.wsgi [-] 10.0.0.16 "GET / HTTP/1.1" status: 200 len: 246 time: 0.0019274
2026-08-26 01:38:17.555 10 INFO neutron.wsgi [-] 10.0.0.16 "GET / HTTP/1.1" status: 200 len: 246 time: 0.0019531
2026-08-26 01:38:17.621 10 INFO neutron.db.ovn_revision_numbers_db [None req-9227c2e4-3256-4bfa-9f3f-625b3a5e1fe0 a5a8a1d759d4438484f418a50bb3a0fb 1b73f0faf87247a9b58a994e662db8fb - - - -] Successfully bumped revision number for resource 70086d23-fe09-4379-ab73-8506882dfd93 (type: security_groups) to 1
2026-08-26 01:38:17.648 10 INFO neutron.wsgi [None req-9227c2e4-3256-4bfa-9f3f-625b3a5e1fe0 a5a8a1d759d4438484f418a50bb3a0fb 1b73f0faf87247a9b58a994e662db8fb - - - -] 10.0.0.232 "POST /v2.0/security-groups HTTP/1.1" status: 201 len: 1761 time: 0.1300163
2026-08-26 01:38:17.672 9 INFO neutron.wsgi [req-242fa0c6-fd86-470e-b2a3-bfcdd9365896 req-270e6efb-96a4-4f3a-b936-584b7e0ccfd0 645a217d6cf24cdf8f9f25c58ac4be17 b6a00ac79d274e7899410a440027d5fa - - default default] 10.0.0.82 "GET /v2.0/ports?device_id=ed5cc21b-08f5-4080-a7a2-5990ab4b5425 HTTP/1.1" status: 200 len: 210 time: 0.0356171
2026-08-26 01:38:17.779 9 INFO neutron.db.ovn_revision_numbers_db [None req-80c83788-b970-4df0-9d42-a5bbe8f0c0c1 a5a8a1d759d4438484f418a50bb3a0fb 1b73f0faf87247a9b58a994e662db8fb - - - -] Successfully bumped revision number for resource d61640e9-73a3-4089-a06b-dc35d1646ef1 (type: security_group_rules) to 0
2026-08-26 01:38:17.807 9 INFO neutron.wsgi [None req-80c83788-b970-4df0-9d42-a5bbe8f0c0c1 a5a8a1d759d4438484f418a50bb3a0fb 1b73f0faf87247a9b58a994e662db8fb - - - -] 10.0.0.232 "POST /v2.0/security-group-rules HTTP/1.1" status: 201 len: 768 time: 0.1536901
2026-08-26 01:38:17.829 9 INFO neutron.wsgi [None req-679f6e12-9853-4d57-8cb8-41de5d750b05 a5a8a1d759d4438484f418a50bb3a0fb 1b73f0faf87247a9b58a994e662db8fb - - default default] 10.0.0.232 "GET /v2.0/security-group-rules/d61640e9-73a3-4089-a06b-dc35d1646ef1 HTTP/1.1" status: 200 len: 763 time: 0.0163658
2026-08-26 01:38:17.865 9 INFO neutron.wsgi [None req-31201d88-441b-4f42-9d29-006757e8b2df a5a8a1d759d4438484f418a50bb3a0fb 1b73f0faf87247a9b58a994e662db8fb - - default default] 10.0.0.232 "GET /v2.0/security-group-rules HTTP/1.1" status: 200 len: 4113 time: 0.0301862
2026-08-26 01:38:17.964 9 INFO neutron.wsgi [None req-461c716e-d845-4d93-8dd3-0d16bf4e581f a5a8a1d759d4438484f418a50bb3a0fb 1b73f0faf87247a9b58a994e662db8fb - - - -] 10.0.0.232 "DELETE /v2.0/security-group-rules/d61640e9-73a3-4089-a06b-dc35d1646ef1 HTTP/1.1" status: 204 len: 168 time: 0.0928760
2026-08-26 01:38:17.993 9 INFO neutron.wsgi [None req-426869ac-6475-418a-9334-23f05c7f05ad a5a8a1d759d4438484f418a50bb3a0fb 1b73f0faf87247a9b58a994e662db8fb - - default default] 10.0.0.232 "GET /v2.0/security-group-rules HTTP/1.1" status: 200 len: 3567 time: 0.0235379
2026-08-26 01:38:18.134 9 INFO neutron.db.ovn_revision_numbers_db [None req-d049e152-a6d0-4970-b841-2618dfa57573 a5a8a1d759d4438484f418a50bb3a0fb 1b73f0faf87247a9b58a994e662db8fb - - - -] Successfully bumped revision number for resource 3212aad8-3a52-4bab-8652-645df0fb62bc (type: security_group_rules) to 0
2026-08-26 01:38:18.163 9 INFO neutron.wsgi [None req-d049e152-a6d0-4970-b841-2618dfa57573 a5a8a1d759d4438484f418a50bb3a0fb 1b73f0faf87247a9b58a994e662db8fb - - - -] 10.0.0.232 "POST /v2.0/security-group-rules HTTP/1.1" status: 201 len: 768 time: 0.1597545
2026-08-26 01:38:18.188 9 INFO neutron.wsgi [None req-7c190445-f1c6-409a-b80c-3a2a011de277 a5a8a1d759d4438484f418a50bb3a0fb 1b73f0faf87247a9b58a994e662db8fb - - default default] 10.0.0.232 "GET /v2.0/security-group-rules/3212aad8-3a52-4bab-8652-645df0fb62bc HTTP/1.1" status: 200 len: 763 time: 0.0204139
2026-08-26 01:38:18.230 10 INFO neutron.wsgi [None req-40caae86-1e53-4530-8965-9692c8611905 a5a8a1d759d4438484f418a50bb3a0fb 1b73f0faf87247a9b58a994e662db8fb - - default default] 10.0.0.232 "GET /v2.0/security-group-rules HTTP/1.1" status: 200 len: 4113 time: 0.0371690
2026-08-26 01:38:18.403 10 INFO neutron.wsgi [None req-5bb9a9c6-6479-416a-ad60-bdb88262cf49 a5a8a1d759d4438484f418a50bb3a0fb 1b73f0faf87247a9b58a994e662db8fb - - - -] 10.0.0.232 "DELETE /v2.0/security-group-rules/3212aad8-3a52-4bab-8652-645df0fb62bc HTTP/1.1" status: 204 len: 168 time: 0.1675978
2026-08-26 01:38:18.411 10 INFO neutron.wsgi [req-6a522da1-e310-41e0-af9b-3594ead2965a req-f41b033f-2ae6-493f-b779-c951922196ff 645a217d6cf24cdf8f9f25c58ac4be17 b6a00ac79d274e7899410a440027d5fa - - default default] 162.253.55.223 "GET /v2.0/networks?id=91e5d1e2-040d-45a9-b3b0-897e7724fbca HTTP/1.1" status: 200 len: 860 time: 0.1081376
2026-08-26 01:38:18.462 10 INFO neutron.wsgi [None req-b30ca0b8-b930-4181-a98e-54b7271bd8e8 a5a8a1d759d4438484f418a50bb3a0fb 1b73f0faf87247a9b58a994e662db8fb - - default default] 10.0.0.232 "GET /v2.0/security-group-rules HTTP/1.1" status: 200 len: 3567 time: 0.0497150
2026-08-26 01:38:18.514 10 INFO neutron.wsgi [req-6a522da1-e310-41e0-af9b-3594ead2965a req-84d80822-a101-4e18-ab9a-3909b730d0df 645a217d6cf24cdf8f9f25c58ac4be17 b6a00ac79d274e7899410a440027d5fa - - default default] 162.253.55.223 "GET /v2.0/security-groups?fields=id&fields=name&tenant_id=b6a00ac79d274e7899410a440027d5fa HTTP/1.1" status: 200 len: 472 time: 0.0975285
2026-08-26 01:38:18.653 10 INFO neutron.db.ovn_revision_numbers_db [None req-391c9994-c2d9-4211-85ed-c3b7fa6401d7 a5a8a1d759d4438484f418a50bb3a0fb 1b73f0faf87247a9b58a994e662db8fb - - - -] Successfully bumped revision number for resource 93f62d72-d02c-43fa-a544-5153e34364fd (type: security_group_rules) to 0
2026-08-26 01:38:18.695 10 INFO neutron.wsgi [None req-391c9994-c2d9-4211-85ed-c3b7fa6401d7 a5a8a1d759d4438484f418a50bb3a0fb 1b73f0faf87247a9b58a994e662db8fb - - - -] 10.0.0.232 "POST /v2.0/security-group-rules HTTP/1.1" status: 201 len: 769 time: 0.2271876
2026-08-26 01:38:18.716 10 INFO neutron.wsgi [None req-bfc3e96b-8983-44b4-9be0-65a18f68c9d2 a5a8a1d759d4438484f418a50bb3a0fb 1b73f0faf87247a9b58a994e662db8fb - - default default] 10.0.0.232 "GET /v2.0/security-group-rules/93f62d72-d02c-43fa-a544-5153e34364fd HTTP/1.1" status: 200 len: 764 time: 0.0162809
2026-08-26 01:38:18.766 9 INFO neutron.wsgi [req-49f72cba-0f05-410f-a66d-ca2b298890c2 req-05d1ea69-d7b9-4864-83a2-8483fe46e38f 645a217d6cf24cdf8f9f25c58ac4be17 b6a00ac79d274e7899410a440027d5fa - - default default] 10.0.0.82 "GET /v2.0/ports?device_id=ed5cc21b-08f5-4080-a7a2-5990ab4b5425 HTTP/1.1" status: 200 len: 210 time: 0.0223448
2026-08-26 01:38:18.768 10 INFO neutron.wsgi [None req-ba8db70c-96bd-4a3f-9162-d0c68f53bdbb a5a8a1d759d4438484f418a50bb3a0fb 1b73f0faf87247a9b58a994e662db8fb - - default default] 10.0.0.232 "GET /v2.0/security-group-rules HTTP/1.1" status: 200 len: 4114 time: 0.0442376
2026-08-26 01:38:18.862 10 WARNING neutron.scheduler.dhcp_agent_scheduler [None req-7ddde6ea-a628-405b-99d6-c97c0809030f 645a217d6cf24cdf8f9f25c58ac4be17 b6a00ac79d274e7899410a440027d5fa - - - -] No more DHCP agents
2026-08-26 01:38:18.864 10 WARNING neutron.api.rpc.agentnotifiers.dhcp_rpc_agent_api [None req-7ddde6ea-a628-405b-99d6-c97c0809030f 645a217d6cf24cdf8f9f25c58ac4be17 b6a00ac79d274e7899410a440027d5fa - - - -] Unable to schedule network 91e5d1e2-040d-45a9-b3b0-897e7724fbca: no agents available; will retry on subsequent port and subnet creation events.
2026-08-26 01:38:18.874 9 INFO neutron.wsgi [None req-daab9e06-e515-4088-856b-24e07a39dfe6 a5a8a1d759d4438484f418a50bb3a0fb 1b73f0faf87247a9b58a994e662db8fb - - - -] 10.0.0.232 "DELETE /v2.0/security-group-rules/93f62d72-d02c-43fa-a544-5153e34364fd HTTP/1.1" status: 204 len: 168 time: 0.1004634
2026-08-26 01:38:18.935 9 INFO neutron.wsgi [None req-c3048262-5f17-4463-b23a-394db621e512 a5a8a1d759d4438484f418a50bb3a0fb 1b73f0faf87247a9b58a994e662db8fb - - default default] 10.0.0.232 "GET /v2.0/security-group-rules HTTP/1.1" status: 200 len: 3567 time: 0.0420101
2026-08-26 01:38:19.024 10 INFO neutron.db.ovn_revision_numbers_db [None req-7ddde6ea-a628-405b-99d6-c97c0809030f 645a217d6cf24cdf8f9f25c58ac4be17 b6a00ac79d274e7899410a440027d5fa - - - -] Successfully bumped revision number for resource f199c34f-1860-46b7-b5c5-78b543c44cf2 (type: ports) to 1
2026-08-26 01:38:19.046 10 INFO neutron.wsgi [None req-7ddde6ea-a628-405b-99d6-c97c0809030f 645a217d6cf24cdf8f9f25c58ac4be17 b6a00ac79d274e7899410a440027d5fa - - - -] 162.253.55.223 "POST /v2.0/ports HTTP/1.1" status: 201 len: 1162 time: 0.5259705 /var/lib/openstack/lib/python3.10/site-packages/pycadf/identifier.py:71: UserWarning: Invalid uuid: neutron. To ensure interoperability, identifiers should be a valid uuid. warnings.warn(('Invalid uuid: %s. To ensure interoperability, '
2026-08-26 01:38:19.071 9 INFO neutron.wsgi [None req-03408d13-b23c-4f48-a11a-d1141f4198ab a5a8a1d759d4438484f418a50bb3a0fb 1b73f0faf87247a9b58a994e662db8fb - - - -] 10.0.0.232 "DELETE /v2.0/security-groups/70086d23-fe09-4379-ab73-8506882dfd93 HTTP/1.1" status: 204 len: 168 time: 0.1304295
2026-08-26 01:38:19.106 9 INFO neutron.wsgi [None req-28e7595c-010e-4473-84ae-1ce3e7d28d65 a5a8a1d759d4438484f418a50bb3a0fb 1b73f0faf87247a9b58a994e662db8fb - - default default] 10.0.0.232 "GET /v2.0/security-groups HTTP/1.1" status: 200 len: 2996 time: 0.0293295
2026-08-26 01:38:19.142 9 INFO neutron.wsgi [None req-0aa7924a-452d-4e1a-96ea-df5d23387114 a5a8a1d759d4438484f418a50bb3a0fb 1b73f0faf87247a9b58a994e662db8fb - - default default] 10.0.0.232 "GET /v2.0/security-groups HTTP/1.1" status: 200 len: 2996 time: 0.0287607
2026-08-26 01:38:19.489 10 INFO neutron.db.ovn_revision_numbers_db [None req-3b263b1f-7c2d-4ffa-bf34-59ae3eac87a8 a19b0203e80242888dae356ad5b95af0 bdbe46be77994352bba5a4fd51f4d5ed - - - -] Successfully bumped revision number for resource 2dc5ed81-d8e4-4dd4-8b25-2ab888dcb65a (type: security_groups) to 1
2026-08-26 01:38:19.534 10 INFO neutron.db.ovn_revision_numbers_db [None req-85e5e160-0e2b-4328-825a-4152df52422a 7a18b78282664b068b473887215091ee 08ccdc6a1619498ba73514faa2281105 - - - -] Successfully bumped revision number for resource f199c34f-1860-46b7-b5c5-78b543c44cf2 (type: ports) to 2
2026-08-26 01:38:19.569 10 INFO neutron.db.segments_db [None req-3b263b1f-7c2d-4ffa-bf34-59ae3eac87a8 a19b0203e80242888dae356ad5b95af0 bdbe46be77994352bba5a4fd51f4d5ed - - - -] Added segment 47668dfe-382b-48ce-ae84-4dbe879a59f2 of type geneve for network 53758868-5e9c-45ed-b09c-321f9c345ca7
2026-08-26 01:38:19.741 10 INFO neutron.db.ovn_revision_numbers_db [None req-3b263b1f-7c2d-4ffa-bf34-59ae3eac87a8 a19b0203e80242888dae356ad5b95af0 bdbe46be77994352bba5a4fd51f4d5ed - - - -] Successfully bumped revision number for resource 53758868-5e9c-45ed-b09c-321f9c345ca7 (type: networks) to 1
2026-08-26 01:38:19.815 9 INFO neutron.wsgi [None req-0d5ed2de-352d-45dc-9deb-77797247d3d4 179e8bdbb1c342d39e671097e84dccd4 d761fbba1a6f49ea86fe1fe4277e79ab - - default default] 10.0.0.232 "GET /v2.0/security-groups?tenant_id=1b73f0faf87247a9b58a994e662db8fb&name=default HTTP/1.1" status: 200 len: 2996 time: 0.1481678
2026-08-26 01:38:19.820 10 INFO neutron.db.ovn_revision_numbers_db [None req-85e5e160-0e2b-4328-825a-4152df52422a 7a18b78282664b068b473887215091ee 08ccdc6a1619498ba73514faa2281105 - - - -] Successfully bumped revision number for resource f199c34f-1860-46b7-b5c5-78b543c44cf2 (type: ports) to 2
2026-08-26 01:38:19.859 10 INFO neutron.wsgi [None req-85e5e160-0e2b-4328-825a-4152df52422a 7a18b78282664b068b473887215091ee 08ccdc6a1619498ba73514faa2281105 - - - -] 162.253.55.223 "PUT /v2.0/ports/f199c34f-1860-46b7-b5c5-78b543c44cf2 HTTP/1.1" status: 200 len: 1332 time: 0.8016312
2026-08-26 01:38:19.877 9 INFO neutron.wsgi [req-a4872f9b-94fc-4458-ba04-57404aad5693 req-40a8f243-7696-4d8e-860d-15651775cd67 645a217d6cf24cdf8f9f25c58ac4be17 b6a00ac79d274e7899410a440027d5fa - - default default] 10.0.0.82 "GET /v2.0/ports?device_id=ed5cc21b-08f5-4080-a7a2-5990ab4b5425 HTTP/1.1" status: 200 len: 1172 time: 0.0443933 /var/lib/openstack/lib/python3.10/site-packages/pycadf/identifier.py:71: UserWarning: Invalid uuid: neutron. To ensure interoperability, identifiers should be a valid uuid. warnings.warn(('Invalid uuid: %s. To ensure interoperability, '
2026-08-26 01:38:19.934 10 INFO neutron.notifiers.nova [-] Nova event matching ['req-514683b9-69e6-4f00-a326-9e4916b998b7'] response: {'name': 'network-changed', 'server_uuid': 'ed5cc21b-08f5-4080-a7a2-5990ab4b5425', 'tag': 'f199c34f-1860-46b7-b5c5-78b543c44cf2', 'status': 'completed', 'code': 200}
2026-08-26 01:38:19.943 9 INFO neutron.wsgi [req-a4872f9b-94fc-4458-ba04-57404aad5693 req-722f7526-3ecf-4f93-a0d3-8a1ec2ed6ddf 645a217d6cf24cdf8f9f25c58ac4be17 b6a00ac79d274e7899410a440027d5fa - - default default] 10.0.0.82 "GET /v2.0/security-groups?id=3c5a6603-db00-4346-9c1d-ab90135da305&fields=id&fields=name HTTP/1.1" status: 200 len: 312 time: 0.0585933
2026-08-26 01:38:19.953 9 INFO neutron.db.ovn_revision_numbers_db [None req-cb69080b-f009-488d-ab6a-0d2651b60121 179e8bdbb1c342d39e671097e84dccd4 d761fbba1a6f49ea86fe1fe4277e79ab - - default default] Successfully bumped revision number for resource 391d8cd5-80a6-47d2-8d15-e23b5aa1bef4 (type: security_groups) to 1
2026-08-26 01:38:19.960 10 WARNING neutron.scheduler.dhcp_agent_scheduler [None req-3b263b1f-7c2d-4ffa-bf34-59ae3eac87a8 a19b0203e80242888dae356ad5b95af0 bdbe46be77994352bba5a4fd51f4d5ed - - - -] No more DHCP agents
2026-08-26 01:38:19.963 10 INFO neutron.wsgi [req-6a522da1-e310-41e0-af9b-3594ead2965a req-63d1a2f1-3473-4e1a-83d0-fd0d0306e56b 7a18b78282664b068b473887215091ee 08ccdc6a1619498ba73514faa2281105 - - b7b1c90675bb46a2bb8fa6c30a4c48d0 b7b1c90675bb46a2bb8fa6c30a4c48d0] 162.253.55.223 "GET /v2.0/ports?tenant_id=b6a00ac79d274e7899410a440027d5fa&device_id=ed5cc21b-08f5-4080-a7a2-5990ab4b5425 HTTP/1.1" status: 200 len: 1363 time: 0.0687964
2026-08-26 01:38:19.964 10 WARNING neutron.api.rpc.agentnotifiers.dhcp_rpc_agent_api [None req-3b263b1f-7c2d-4ffa-bf34-59ae3eac87a8 a19b0203e80242888dae356ad5b95af0 bdbe46be77994352bba5a4fd51f4d5ed - - - -] Unable to schedule network 53758868-5e9c-45ed-b09c-321f9c345ca7: no agents available; will retry on subsequent port and subnet creation events.
2026-08-26 01:38:19.994 9 INFO neutron.wsgi [None req-cb69080b-f009-488d-ab6a-0d2651b60121 179e8bdbb1c342d39e671097e84dccd4 d761fbba1a6f49ea86fe1fe4277e79ab - - default default] 10.0.0.232 "GET /v2.0/security-groups?tenant_id=45f919387ee944689031491273623eab&name=default HTTP/1.1" status: 200 len: 2996 time: 0.3141210
2026-08-26 01:38:20.023 10 INFO neutron.wsgi [req-6a522da1-e310-41e0-af9b-3594ead2965a req-4f70eba9-4390-4eb3-a4bd-025ccd169d8d 7a18b78282664b068b473887215091ee 08ccdc6a1619498ba73514faa2281105 - - b7b1c90675bb46a2bb8fa6c30a4c48d0 b7b1c90675bb46a2bb8fa6c30a4c48d0] 162.253.55.223 "GET /v2.0/floatingips?fixed_ip_address=10.100.0.14&port_id=f199c34f-1860-46b7-b5c5-78b543c44cf2 HTTP/1.1" status: 200 len: 217 time: 0.0531924
2026-08-26 01:38:20.083 10 INFO neutron.wsgi [req-6a522da1-e310-41e0-af9b-3594ead2965a req-e925a6e1-4aeb-4296-b968-4db01c131495 7a18b78282664b068b473887215091ee 08ccdc6a1619498ba73514faa2281105 - - b7b1c90675bb46a2bb8fa6c30a4c48d0 b7b1c90675bb46a2bb8fa6c30a4c48d0] 162.253.55.223 "GET /v2.0/subnets?id=4512c2ed-84b7-428a-ae4e-7926baaa97a7 HTTP/1.1" status: 200 len: 853 time: 0.0557282
2026-08-26 01:38:20.097 10 INFO neutron.db.ovn_revision_numbers_db [None req-3b263b1f-7c2d-4ffa-bf34-59ae3eac87a8 a19b0203e80242888dae356ad5b95af0 bdbe46be77994352bba5a4fd51f4d5ed - - - -] Successfully bumped revision number for resource d91f4066-74fc-4eb6-8a97-07dcd5e7a4bc (type: ports) to 1
2026-08-26 01:38:20.110 10 INFO neutron.wsgi [req-6a522da1-e310-41e0-af9b-3594ead2965a req-ebd7d3fd-cd2e-408c-a0cc-c705c1f2ff5e 7a18b78282664b068b473887215091ee 08ccdc6a1619498ba73514faa2281105 - - b7b1c90675bb46a2bb8fa6c30a4c48d0 b7b1c90675bb46a2bb8fa6c30a4c48d0] 162.253.55.223 "GET /v2.0/ports?network_id=91e5d1e2-040d-45a9-b3b0-897e7724fbca&device_owner=network%3Adhcp HTTP/1.1" status: 200 len: 210 time: 0.0218945
2026-08-26 01:38:20.138 10 INFO neutron.wsgi [None req-3b263b1f-7c2d-4ffa-bf34-59ae3eac87a8 a19b0203e80242888dae356ad5b95af0 bdbe46be77994352bba5a4fd51f4d5ed - - - -] 10.0.0.232 "POST /v2.0/networks HTTP/1.1" status: 201 len: 843 time: 1.0549314
2026-08-26 01:38:20.140 9 INFO neutron.wsgi [None req-d641c471-5e03-470c-99a9-91f4cb87df21 179e8bdbb1c342d39e671097e84dccd4 d761fbba1a6f49ea86fe1fe4277e79ab - - - -] 10.0.0.232 "DELETE /v2.0/security-groups/e0b3dfc1-57de-4650-bfc0-7ec1dd14d565 HTTP/1.1" status: 204 len: 168 time: 0.3166699
2026-08-26 01:38:20.172 10 INFO neutron.wsgi [req-6a522da1-e310-41e0-af9b-3594ead2965a req-ca2dd80d-eac0-402d-a75d-1aa7819d072e 7a18b78282664b068b473887215091ee 08ccdc6a1619498ba73514faa2281105 - - b7b1c90675bb46a2bb8fa6c30a4c48d0 b7b1c90675bb46a2bb8fa6c30a4c48d0] 162.253.55.223 "GET /v2.0/networks/91e5d1e2-040d-45a9-b3b0-897e7724fbca?fields=segments HTTP/1.1" status: 200 len: 212 time: 0.0567272
2026-08-26 01:38:20.229 9 INFO neutron.wsgi [None req-a80347d4-3e6c-4c70-97de-5602c933eae7 179e8bdbb1c342d39e671097e84dccd4 d761fbba1a6f49ea86fe1fe4277e79ab - - - -] 10.0.0.232 "DELETE /v2.0/security-groups/391d8cd5-80a6-47d2-8d15-e23b5aa1bef4 HTTP/1.1" status: 204 len: 168 time: 0.2298183
2026-08-26 01:38:20.238 10 INFO neutron.wsgi [req-6a522da1-e310-41e0-af9b-3594ead2965a req-e183cbd7-34d9-484c-9576-2ca2501806d6 7a18b78282664b068b473887215091ee 08ccdc6a1619498ba73514faa2281105 - - b7b1c90675bb46a2bb8fa6c30a4c48d0 b7b1c90675bb46a2bb8fa6c30a4c48d0] 162.253.55.223 "GET /v2.0/networks/91e5d1e2-040d-45a9-b3b0-897e7724fbca?fields=provider%3Aphysical_network&fields=provider%3Anetwork_type HTTP/1.1" status: 200 len: 277 time: 0.0613930
2026-08-26 01:38:20.311 10 INFO neutron.wsgi [req-df20be4e-c228-4244-bc18-ccf9792a2a92 req-54e3b904-ff2e-4608-abc5-5e78f2c6ac59 7a18b78282664b068b473887215091ee 08ccdc6a1619498ba73514faa2281105 - - b7b1c90675bb46a2bb8fa6c30a4c48d0 b7b1c90675bb46a2bb8fa6c30a4c48d0] 162.253.55.223 "GET /v2.0/ports?tenant_id=b6a00ac79d274e7899410a440027d5fa&device_id=ed5cc21b-08f5-4080-a7a2-5990ab4b5425 HTTP/1.1" status: 200 len: 1363 time: 0.0351617
2026-08-26 01:38:20.380 10 INFO neutron.wsgi [req-df20be4e-c228-4244-bc18-ccf9792a2a92 req-592f6df3-d9ee-495c-b96f-eafa0d15d495 7a18b78282664b068b473887215091ee 08ccdc6a1619498ba73514faa2281105 - - b7b1c90675bb46a2bb8fa6c30a4c48d0 b7b1c90675bb46a2bb8fa6c30a4c48d0] 162.253.55.223 "GET /v2.0/networks?id=91e5d1e2-040d-45a9-b3b0-897e7724fbca HTTP/1.1" status: 200 len: 959 time: 0.0634291
2026-08-26 01:38:20.437 10 INFO neutron.wsgi [req-df20be4e-c228-4244-bc18-ccf9792a2a92 req-e009dad2-9eb7-4c83-aaf3-4dc85c1ef384 7a18b78282664b068b473887215091ee 08ccdc6a1619498ba73514faa2281105 - - b7b1c90675bb46a2bb8fa6c30a4c48d0 b7b1c90675bb46a2bb8fa6c30a4c48d0] 162.253.55.223 "GET /v2.0/floatingips?fixed_ip_address=10.100.0.14&port_id=f199c34f-1860-46b7-b5c5-78b543c44cf2 HTTP/1.1" status: 200 len: 217 time: 0.0526564
2026-08-26 01:38:20.472 9 WARNING neutron.scheduler.dhcp_agent_scheduler [None req-9aaf3d4a-5d91-46ce-8225-f1200a7c3f1b a19b0203e80242888dae356ad5b95af0 bdbe46be77994352bba5a4fd51f4d5ed - - - -] No more DHCP agents
2026-08-26 01:38:20.474 9 WARNING neutron.api.rpc.agentnotifiers.dhcp_rpc_agent_api [None req-9aaf3d4a-5d91-46ce-8225-f1200a7c3f1b a19b0203e80242888dae356ad5b95af0 bdbe46be77994352bba5a4fd51f4d5ed - - - -] Unable to schedule network 53758868-5e9c-45ed-b09c-321f9c345ca7: no agents available; will retry on subsequent port and subnet creation events.
2026-08-26 01:38:20.480 10 INFO neutron.plugins.ml2.drivers.ovn.mech_driver.mech_driver [None req-8c15824c-b5df-4752-9ac7-0a1ceda6f524 - - - - - -] OVN reports status up for port: f199c34f-1860-46b7-b5c5-78b543c44cf2
2026-08-26 01:38:20.485 10 INFO neutron.wsgi [req-df20be4e-c228-4244-bc18-ccf9792a2a92 req-2c5b85c6-5270-4ae3-88d3-635b6b5d510e 7a18b78282664b068b473887215091ee 08ccdc6a1619498ba73514faa2281105 - - b7b1c90675bb46a2bb8fa6c30a4c48d0 b7b1c90675bb46a2bb8fa6c30a4c48d0] 162.253.55.223 "GET /v2.0/subnets?id=4512c2ed-84b7-428a-ae4e-7926baaa97a7 HTTP/1.1" status: 200 len: 853 time: 0.0393243
2026-08-26 01:38:20.499 10 INFO neutron.plugins.ml2.plugin [None req-8c15824c-b5df-4752-9ac7-0a1ceda6f524 - - - - - -] Attempt 1 to provision port f199c34f-1860-46b7-b5c5-78b543c44cf2
2026-08-26 01:38:20.514 10 INFO neutron.wsgi [req-df20be4e-c228-4244-bc18-ccf9792a2a92 req-327d5297-d7b7-46da-96d8-4283463b17bc 7a18b78282664b068b473887215091ee 08ccdc6a1619498ba73514faa2281105 - - b7b1c90675bb46a2bb8fa6c30a4c48d0 b7b1c90675bb46a2bb8fa6c30a4c48d0] 162.253.55.223 "GET /v2.0/ports?network_id=91e5d1e2-040d-45a9-b3b0-897e7724fbca&device_owner=network%3Adhcp HTTP/1.1" status: 200 len: 210 time: 0.0234149
2026-08-26 01:38:20.619 10 INFO neutron.wsgi [req-df20be4e-c228-4244-bc18-ccf9792a2a92 req-c0ff7c3a-8eed-4853-9a44-772f4c0aa020 7a18b78282664b068b473887215091ee 08ccdc6a1619498ba73514faa2281105 - - b7b1c90675bb46a2bb8fa6c30a4c48d0 b7b1c90675bb46a2bb8fa6c30a4c48d0] 162.253.55.223 "GET /v2.0/networks/91e5d1e2-040d-45a9-b3b0-897e7724fbca?fields=segments HTTP/1.1" status: 200 len: 212 time: 0.0946696
2026-08-26 01:38:20.710 10 INFO neutron.wsgi [req-df20be4e-c228-4244-bc18-ccf9792a2a92 req-56775dbb-24bd-4995-a569-76cfbfeefa7a 7a18b78282664b068b473887215091ee 08ccdc6a1619498ba73514faa2281105 - - b7b1c90675bb46a2bb8fa6c30a4c48d0 b7b1c90675bb46a2bb8fa6c30a4c48d0] 162.253.55.223 "GET /v2.0/networks/91e5d1e2-040d-45a9-b3b0-897e7724fbca?fields=provider%3Aphysical_network&fields=provider%3Anetwork_type HTTP/1.1" status: 200 len: 277 time: 0.0864396
2026-08-26 01:38:20.859 10 INFO neutron.db.ovn_revision_numbers_db [None req-8c15824c-b5df-4752-9ac7-0a1ceda6f524 - - - - - -] Successfully bumped revision number for resource f199c34f-1860-46b7-b5c5-78b543c44cf2 (type: ports) to 4
