May 14 10:20:46.180560 np0000174126 systemd[1]: Starting devstack@n-api.service - Devstack devstack@n-api.service...
May 14 10:20:46.185870 np0000174126 devstack@n-api.service[99805]: [uWSGI] getting INI configuration from /etc/nova/nova-api-uwsgi.ini
May 14 10:20:46.188324 np0000174126 devstack@n-api.service[99805]: *** Starting uWSGI 2.0.24-debian (64bit) on [Thu May 14 10:20:46 2026] ***
May 14 10:20:46.188324 np0000174126 devstack@n-api.service[99805]: compiled with version: 13.2.0 on 17 April 2024 16:23:48
May 14 10:20:46.188324 np0000174126 devstack@n-api.service[99805]: os: Linux-6.8.0-111-generic #111-Ubuntu SMP PREEMPT_DYNAMIC Sat Apr 11 23:16:02 UTC 2026
May 14 10:20:46.188324 np0000174126 devstack@n-api.service[99805]: nodename: np0000174126
May 14 10:20:46.188324 np0000174126 devstack@n-api.service[99805]: machine: x86_64
May 14 10:20:46.188324 np0000174126 devstack@n-api.service[99805]: clock source: unix
May 14 10:20:46.188324 np0000174126 devstack@n-api.service[99805]: pcre jit disabled
May 14 10:20:46.188324 np0000174126 devstack@n-api.service[99805]: detected number of CPU cores: 16
May 14 10:20:46.188324 np0000174126 devstack@n-api.service[99805]: current working directory: /
May 14 10:20:46.188324 np0000174126 devstack@n-api.service[99805]: detected binary path: /usr/bin/uwsgi-core
May 14 10:20:46.188324 np0000174126 devstack@n-api.service[99805]: your processes number limit is 256917
May 14 10:20:46.188324 np0000174126 devstack@n-api.service[99805]: your memory page size is 4096 bytes
May 14 10:20:46.188324 np0000174126 devstack@n-api.service[99805]: detected max file descriptor number: 2048
May 14 10:20:46.188324 np0000174126 devstack@n-api.service[99805]: lock engine: pthread robust mutexes
May 14 10:20:46.189001 np0000174126 devstack@n-api.service[99805]: thunder lock: enabled
May 14 10:20:46.189001 np0000174126 devstack@n-api.service[99805]: uwsgi socket 0 bound to UNIX address /var/run/uwsgi/nova-api.socket fd 4
May 14 10:20:46.189001 np0000174126 devstack@n-api.service[99805]: Python version: 3.12.3 (main, Mar 23 2026, 19:04:32) [GCC 13.3.0]
May 14 10:20:46.189001 np0000174126 devstack@n-api.service[99805]: PEP 405 virtualenv detected: /opt/stack/data/venv
May 14 10:20:46.189001 np0000174126 devstack@n-api.service[99805]: Set PythonHome to /opt/stack/data/venv
May 14 10:20:46.231098 np0000174126 devstack@n-api.service[99805]: Python main interpreter initialized at 0x793c9a0a3668
May 14 10:20:46.231098 np0000174126 devstack@n-api.service[99805]: python threads support enabled
May 14 10:20:46.231098 np0000174126 devstack@n-api.service[99805]: your server socket listen backlog is limited to 100 connections
May 14 10:20:46.231098 np0000174126 devstack@n-api.service[99805]: your mercy for graceful operations on workers is 80 seconds
May 14 10:20:46.231745 np0000174126 devstack@n-api.service[99805]: mapped 671795 bytes (656 KB) for 4 cores
May 14 10:20:46.231897 np0000174126 devstack@n-api.service[99805]: *** Operational MODE: preforking ***
May 14 10:20:46.232179 np0000174126 devstack@n-api.service[99805]: *** uWSGI is running in multiple interpreter mode ***
May 14 10:20:46.232179 np0000174126 devstack@n-api.service[99805]: spawned uWSGI master process (pid: 99805)
May 14 10:20:46.232370 np0000174126 systemd[1]: Started devstack@n-api.service - Devstack devstack@n-api.service.
May 14 10:20:46.233115 np0000174126 devstack@n-api.service[99805]: spawned uWSGI worker 1 (pid: 99806, cores: 1)
May 14 10:20:46.233838 np0000174126 devstack@n-api.service[99805]: spawned uWSGI worker 2 (pid: 99807, cores: 1)
May 14 10:20:46.234364 np0000174126 devstack@n-api.service[99805]: spawned uWSGI worker 3 (pid: 99808, cores: 1)
May 14 10:20:46.234882 np0000174126 devstack@n-api.service[99805]: spawned uWSGI worker 4 (pid: 99809, cores: 1)
May 14 10:20:46.234953 np0000174126 devstack@n-api.service[99805]: running "unix_signal:15 gracefully_kill_them_all" (master-start)...
May 14 10:20:46.577083 np0000174126 devstack@n-api.service[99809]: /opt/stack/data/venv/lib/python3.12/site-packages/oslo_concurrency/lockutils.py:41: EventletDeprecationWarning:
May 14 10:20:46.577083 np0000174126 devstack@n-api.service[99809]: Eventlet is deprecated. It is currently being maintained in bugfix mode, and
May 14 10:20:46.577083 np0000174126 devstack@n-api.service[99809]: we strongly recommend against using it for new projects.
May 14 10:20:46.577083 np0000174126 devstack@n-api.service[99809]: If you are already using Eventlet, we recommend migrating to a different
May 14 10:20:46.577083 np0000174126 devstack@n-api.service[99809]: framework. For more detail see
May 14 10:20:46.577083 np0000174126 devstack@n-api.service[99809]: https://eventlet.readthedocs.io/en/latest/asyncio/migration.html
May 14 10:20:46.577083 np0000174126 devstack@n-api.service[99809]: import eventlet
May 14 10:20:46.595098 np0000174126 devstack@n-api.service[99807]: /opt/stack/data/venv/lib/python3.12/site-packages/oslo_concurrency/lockutils.py:41: EventletDeprecationWarning:
May 14 10:20:46.595098 np0000174126 devstack@n-api.service[99807]: Eventlet is deprecated. It is currently being maintained in bugfix mode, and
May 14 10:20:46.595098 np0000174126 devstack@n-api.service[99807]: we strongly recommend against using it for new projects.
May 14 10:20:46.595098 np0000174126 devstack@n-api.service[99807]: If you are already using Eventlet, we recommend migrating to a different
May 14 10:20:46.595098 np0000174126 devstack@n-api.service[99807]: framework. For more detail see
May 14 10:20:46.595098 np0000174126 devstack@n-api.service[99807]: https://eventlet.readthedocs.io/en/latest/asyncio/migration.html
May 14 10:20:46.595098 np0000174126 devstack@n-api.service[99807]: import eventlet
May 14 10:20:46.599486 np0000174126 devstack@n-api.service[99808]: /opt/stack/data/venv/lib/python3.12/site-packages/oslo_concurrency/lockutils.py:41: EventletDeprecationWarning:
May 14 10:20:46.599486 np0000174126 devstack@n-api.service[99808]: Eventlet is deprecated. It is currently being maintained in bugfix mode, and
May 14 10:20:46.599486 np0000174126 devstack@n-api.service[99808]: we strongly recommend against using it for new projects.
May 14 10:20:46.599486 np0000174126 devstack@n-api.service[99808]: If you are already using Eventlet, we recommend migrating to a different
May 14 10:20:46.599486 np0000174126 devstack@n-api.service[99808]: framework. For more detail see
May 14 10:20:46.599486 np0000174126 devstack@n-api.service[99808]: https://eventlet.readthedocs.io/en/latest/asyncio/migration.html
May 14 10:20:46.599486 np0000174126 devstack@n-api.service[99808]: import eventlet
May 14 10:20:46.609144 np0000174126 devstack@n-api.service[99806]: /opt/stack/data/venv/lib/python3.12/site-packages/oslo_concurrency/lockutils.py:41: EventletDeprecationWarning:
May 14 10:20:46.609144 np0000174126 devstack@n-api.service[99806]: Eventlet is deprecated. It is currently being maintained in bugfix mode, and
May 14 10:20:46.609144 np0000174126 devstack@n-api.service[99806]: we strongly recommend against using it for new projects.
May 14 10:20:46.609144 np0000174126 devstack@n-api.service[99806]: If you are already using Eventlet, we recommend migrating to a different
May 14 10:20:46.609144 np0000174126 devstack@n-api.service[99806]: framework. For more detail see
May 14 10:20:46.609144 np0000174126 devstack@n-api.service[99806]: https://eventlet.readthedocs.io/en/latest/asyncio/migration.html
May 14 10:20:46.609144 np0000174126 devstack@n-api.service[99806]: import eventlet
May 14 10:20:48.176671 np0000174126 devstack@n-api.service[99809]: INFO dbcounter [None req-b568e622-ee91-4974-86dd-c78dbf6c0099 None None] Registered counter for database nova_api
May 14 10:20:48.185264 np0000174126 devstack@n-api.service[99808]: INFO dbcounter [None req-f41ad6fa-450e-4930-a7cc-f99fdbbf63f4 None None] Registered counter for database nova_api
May 14 10:20:48.190442 np0000174126 devstack@n-api.service[99809]: DEBUG oslo_db.sqlalchemy.engines [None req-b568e622-ee91-4974-86dd-c78dbf6c0099 None None] MySQL server mode set to STRICT_TRANS_TABLES,STRICT_ALL_TABLES,NO_ZERO_IN_DATE,NO_ZERO_DATE,ERROR_FOR_DIVISION_BY_ZERO,TRADITIONAL,NO_ENGINE_SUBSTITUTION {{(pid=99809) _check_effective_sql_mode /opt/stack/data/venv/lib/python3.12/site-packages/oslo_db/sqlalchemy/engines.py:325}}
May 14 10:20:48.201922 np0000174126 devstack@n-api.service[99808]: DEBUG oslo_db.sqlalchemy.engines [None req-f41ad6fa-450e-4930-a7cc-f99fdbbf63f4 None None] MySQL server mode set to STRICT_TRANS_TABLES,STRICT_ALL_TABLES,NO_ZERO_IN_DATE,NO_ZERO_DATE,ERROR_FOR_DIVISION_BY_ZERO,TRADITIONAL,NO_ENGINE_SUBSTITUTION {{(pid=99808) _check_effective_sql_mode /opt/stack/data/venv/lib/python3.12/site-packages/oslo_db/sqlalchemy/engines.py:325}}
May 14 10:20:48.216491 np0000174126 devstack@n-api.service[99807]: INFO dbcounter [None req-bd852984-585c-43a3-9132-539e36d9a49b None None] Registered counter for database nova_api
May 14 10:20:48.225432 np0000174126 devstack@n-api.service[99809]: DEBUG dbcounter [-] [99809] Writer thread running {{(pid=99809) stat_writer /opt/stack/data/venv/lib/python3.12/site-packages/dbcounter.py:102}}
May 14 10:20:48.228351 np0000174126 devstack@n-api.service[99809]: DEBUG nova.context [None req-b568e622-ee91-4974-86dd-c78dbf6c0099 None None] Found 2 cells: 00000000-0000-0000-0000-000000000000(cell0),d29fd7fc-d466-4b66-ae48-48ad6902f025(cell1) {{(pid=99809) load_cells /opt/stack/nova/nova/context.py:509}}
May 14 10:20:48.228576 np0000174126 devstack@n-api.service[99809]: INFO nova.utils [None req-b568e622-ee91-4974-86dd-c78dbf6c0099 None None] The cell worker thread pool MainProcess.cell_worker is initialized
May 14 10:20:48.229537 np0000174126 devstack@n-api.service[99807]: DEBUG oslo_db.sqlalchemy.engines [None req-bd852984-585c-43a3-9132-539e36d9a49b None None] MySQL server mode set to STRICT_TRANS_TABLES,STRICT_ALL_TABLES,NO_ZERO_IN_DATE,NO_ZERO_DATE,ERROR_FOR_DIVISION_BY_ZERO,TRADITIONAL,NO_ENGINE_SUBSTITUTION {{(pid=99807) _check_effective_sql_mode /opt/stack/data/venv/lib/python3.12/site-packages/oslo_db/sqlalchemy/engines.py:325}}
May 14 10:20:48.230471 np0000174126 devstack@n-api.service[99809]: DEBUG oslo_concurrency.lockutils [None req-b568e622-ee91-4974-86dd-c78dbf6c0099 None None] Acquiring lock "00000000-0000-0000-0000-000000000000" by "nova.context.set_target_cell..get_or_set_cached_cell_and_set_connections" {{(pid=99809) inner /opt/stack/data/venv/lib/python3.12/site-packages/oslo_concurrency/lockutils.py:506}}
May 14 10:20:48.230644 np0000174126 devstack@n-api.service[99809]: DEBUG oslo_concurrency.lockutils [None req-b568e622-ee91-4974-86dd-c78dbf6c0099 None None] Lock "00000000-0000-0000-0000-000000000000" acquired by "nova.context.set_target_cell..get_or_set_cached_cell_and_set_connections" :: waited 0.000s {{(pid=99809) inner /opt/stack/data/venv/lib/python3.12/site-packages/oslo_concurrency/lockutils.py:519}}
May 14 10:20:48.231010 np0000174126 devstack@n-api.service[99809]: DEBUG oslo_concurrency.lockutils [None req-b568e622-ee91-4974-86dd-c78dbf6c0099 None None] Lock "00000000-0000-0000-0000-000000000000" "released" by "nova.context.set_target_cell..get_or_set_cached_cell_and_set_connections" :: held 0.000s {{(pid=99809) inner /opt/stack/data/venv/lib/python3.12/site-packages/oslo_concurrency/lockutils.py:538}}
May 14 10:20:48.231949 np0000174126 devstack@n-api.service[99809]: DEBUG oslo_concurrency.lockutils [None req-b568e622-ee91-4974-86dd-c78dbf6c0099 None None] Acquiring lock "d29fd7fc-d466-4b66-ae48-48ad6902f025" by "nova.context.set_target_cell..get_or_set_cached_cell_and_set_connections" {{(pid=99809) inner /opt/stack/data/venv/lib/python3.12/site-packages/oslo_concurrency/lockutils.py:506}}
May 14 10:20:48.232150 np0000174126 devstack@n-api.service[99809]: DEBUG oslo_concurrency.lockutils [None req-b568e622-ee91-4974-86dd-c78dbf6c0099 None None] Lock "d29fd7fc-d466-4b66-ae48-48ad6902f025" acquired by "nova.context.set_target_cell..get_or_set_cached_cell_and_set_connections" :: waited 0.000s {{(pid=99809) inner /opt/stack/data/venv/lib/python3.12/site-packages/oslo_concurrency/lockutils.py:519}}
May 14 10:20:48.233018 np0000174126 devstack@n-api.service[99809]: DEBUG oslo_concurrency.lockutils [None req-b568e622-ee91-4974-86dd-c78dbf6c0099 None None] Lock "d29fd7fc-d466-4b66-ae48-48ad6902f025" "released" by "nova.context.set_target_cell..get_or_set_cached_cell_and_set_connections" :: held 0.001s {{(pid=99809) inner /opt/stack/data/venv/lib/python3.12/site-packages/oslo_concurrency/lockutils.py:538}}
May 14 10:20:48.236445 np0000174126 devstack@n-api.service[99809]: INFO dbcounter [None req-b568e622-ee91-4974-86dd-c78dbf6c0099 None None] Registered counter for database nova_cell0
May 14 10:20:48.237023 np0000174126 devstack@n-api.service[99808]: DEBUG dbcounter [-] [99808] Writer thread running {{(pid=99808) stat_writer /opt/stack/data/venv/lib/python3.12/site-packages/dbcounter.py:102}}
May 14 10:20:48.239434 np0000174126 devstack@n-api.service[99808]: DEBUG nova.context [None req-f41ad6fa-450e-4930-a7cc-f99fdbbf63f4 None None] Found 2 cells: 00000000-0000-0000-0000-000000000000(cell0),d29fd7fc-d466-4b66-ae48-48ad6902f025(cell1) {{(pid=99808) load_cells /opt/stack/nova/nova/context.py:509}}
May 14 10:20:48.239640 np0000174126 devstack@n-api.service[99808]: INFO nova.utils [None req-f41ad6fa-450e-4930-a7cc-f99fdbbf63f4 None None] The cell worker thread pool MainProcess.cell_worker is initialized
May 14 10:20:48.240920 np0000174126 devstack@n-api.service[99809]: INFO dbcounter [None req-b568e622-ee91-4974-86dd-c78dbf6c0099 None None] Registered counter for database nova_cell1
May 14 10:20:48.241477 np0000174126 devstack@n-api.service[99808]: DEBUG oslo_concurrency.lockutils [None req-f41ad6fa-450e-4930-a7cc-f99fdbbf63f4 None None] Acquiring lock "00000000-0000-0000-0000-000000000000" by "nova.context.set_target_cell..get_or_set_cached_cell_and_set_connections" {{(pid=99808) inner /opt/stack/data/venv/lib/python3.12/site-packages/oslo_concurrency/lockutils.py:506}}
May 14 10:20:48.241627 np0000174126 devstack@n-api.service[99808]: DEBUG oslo_concurrency.lockutils [None req-f41ad6fa-450e-4930-a7cc-f99fdbbf63f4 None None] Lock "00000000-0000-0000-0000-000000000000" acquired by "nova.context.set_target_cell..get_or_set_cached_cell_and_set_connections" :: waited 0.000s {{(pid=99808) inner /opt/stack/data/venv/lib/python3.12/site-packages/oslo_concurrency/lockutils.py:519}}
May 14 10:20:48.241997 np0000174126 devstack@n-api.service[99808]: DEBUG oslo_concurrency.lockutils [None req-f41ad6fa-450e-4930-a7cc-f99fdbbf63f4 None None] Lock "00000000-0000-0000-0000-000000000000" "released" by "nova.context.set_target_cell..get_or_set_cached_cell_and_set_connections" :: held 0.000s {{(pid=99808) inner /opt/stack/data/venv/lib/python3.12/site-packages/oslo_concurrency/lockutils.py:538}}
May 14 10:20:48.243063 np0000174126 devstack@n-api.service[99808]: DEBUG oslo_concurrency.lockutils [None req-f41ad6fa-450e-4930-a7cc-f99fdbbf63f4 None None] Acquiring lock "d29fd7fc-d466-4b66-ae48-48ad6902f025" by "nova.context.set_target_cell..get_or_set_cached_cell_and_set_connections" {{(pid=99808) inner /opt/stack/data/venv/lib/python3.12/site-packages/oslo_concurrency/lockutils.py:506}}
May 14 10:20:48.243218 np0000174126 devstack@n-api.service[99808]: DEBUG oslo_concurrency.lockutils [None req-f41ad6fa-450e-4930-a7cc-f99fdbbf63f4 None None] Lock "d29fd7fc-d466-4b66-ae48-48ad6902f025" acquired by "nova.context.set_target_cell..get_or_set_cached_cell_and_set_connections" :: waited 0.000s {{(pid=99808) inner /opt/stack/data/venv/lib/python3.12/site-packages/oslo_concurrency/lockutils.py:519}}
May 14 10:20:48.244032 np0000174126 devstack@n-api.service[99808]: DEBUG oslo_concurrency.lockutils [None req-f41ad6fa-450e-4930-a7cc-f99fdbbf63f4 None None] Lock "d29fd7fc-d466-4b66-ae48-48ad6902f025" "released" by "nova.context.set_target_cell..get_or_set_cached_cell_and_set_connections" :: held 0.001s {{(pid=99808) inner /opt/stack/data/venv/lib/python3.12/site-packages/oslo_concurrency/lockutils.py:538}}
May 14 10:20:48.246126 np0000174126 devstack@n-api.service[99806]: INFO dbcounter [None req-43c08ffd-3506-45ae-bc31-216705bd1e5b None None] Registered counter for database nova_api
May 14 10:20:48.248017 np0000174126 devstack@n-api.service[99808]: INFO dbcounter [None req-f41ad6fa-450e-4930-a7cc-f99fdbbf63f4 None None] Registered counter for database nova_cell0
May 14 10:20:48.250706 np0000174126 devstack@n-api.service[99809]: DEBUG oslo_db.sqlalchemy.engines [None req-b568e622-ee91-4974-86dd-c78dbf6c0099 None None] MySQL server mode set to STRICT_TRANS_TABLES,STRICT_ALL_TABLES,NO_ZERO_IN_DATE,NO_ZERO_DATE,ERROR_FOR_DIVISION_BY_ZERO,TRADITIONAL,NO_ENGINE_SUBSTITUTION {{(pid=99809) _check_effective_sql_mode /opt/stack/data/venv/lib/python3.12/site-packages/oslo_db/sqlalchemy/engines.py:325}}
May 14 10:20:48.253983 np0000174126 devstack@n-api.service[99809]: DEBUG oslo_db.sqlalchemy.engines [None req-b568e622-ee91-4974-86dd-c78dbf6c0099 None None] MySQL server mode set to STRICT_TRANS_TABLES,STRICT_ALL_TABLES,NO_ZERO_IN_DATE,NO_ZERO_DATE,ERROR_FOR_DIVISION_BY_ZERO,TRADITIONAL,NO_ENGINE_SUBSTITUTION {{(pid=99809) _check_effective_sql_mode /opt/stack/data/venv/lib/python3.12/site-packages/oslo_db/sqlalchemy/engines.py:325}}
May 14 10:20:48.255246 np0000174126 devstack@n-api.service[99808]: INFO dbcounter [None req-f41ad6fa-450e-4930-a7cc-f99fdbbf63f4 None None] Registered counter for database nova_cell1
May 14 10:20:48.265090 np0000174126 devstack@n-api.service[99806]: DEBUG oslo_db.sqlalchemy.engines [None req-43c08ffd-3506-45ae-bc31-216705bd1e5b None None] MySQL server mode set to STRICT_TRANS_TABLES,STRICT_ALL_TABLES,NO_ZERO_IN_DATE,NO_ZERO_DATE,ERROR_FOR_DIVISION_BY_ZERO,TRADITIONAL,NO_ENGINE_SUBSTITUTION {{(pid=99806) _check_effective_sql_mode /opt/stack/data/venv/lib/python3.12/site-packages/oslo_db/sqlalchemy/engines.py:325}}
May 14 10:20:48.265255 np0000174126 devstack@n-api.service[99807]: DEBUG dbcounter [-] [99807] Writer thread running {{(pid=99807) stat_writer /opt/stack/data/venv/lib/python3.12/site-packages/dbcounter.py:102}}
May 14 10:20:48.267764 np0000174126 devstack@n-api.service[99807]: DEBUG nova.context [None req-bd852984-585c-43a3-9132-539e36d9a49b None None] Found 2 cells: 00000000-0000-0000-0000-000000000000(cell0),d29fd7fc-d466-4b66-ae48-48ad6902f025(cell1) {{(pid=99807) load_cells /opt/stack/nova/nova/context.py:509}}
May 14 10:20:48.268026 np0000174126 devstack@n-api.service[99807]: INFO nova.utils [None req-bd852984-585c-43a3-9132-539e36d9a49b None None] The cell worker thread pool MainProcess.cell_worker is initialized
May 14 10:20:48.269943 np0000174126 devstack@n-api.service[99807]: DEBUG oslo_concurrency.lockutils [None req-bd852984-585c-43a3-9132-539e36d9a49b None None] Acquiring lock "00000000-0000-0000-0000-000000000000" by "nova.context.set_target_cell..get_or_set_cached_cell_and_set_connections" {{(pid=99807) inner /opt/stack/data/venv/lib/python3.12/site-packages/oslo_concurrency/lockutils.py:506}}
May 14 10:20:48.270145 np0000174126 devstack@n-api.service[99807]: DEBUG oslo_concurrency.lockutils [None req-bd852984-585c-43a3-9132-539e36d9a49b None None] Lock "00000000-0000-0000-0000-000000000000" acquired by "nova.context.set_target_cell..get_or_set_cached_cell_and_set_connections" :: waited 0.000s {{(pid=99807) inner /opt/stack/data/venv/lib/python3.12/site-packages/oslo_concurrency/lockutils.py:519}}
May 14 10:20:48.270516 np0000174126 devstack@n-api.service[99807]: DEBUG oslo_concurrency.lockutils [None req-bd852984-585c-43a3-9132-539e36d9a49b None None] Lock "00000000-0000-0000-0000-000000000000" "released" by "nova.context.set_target_cell..get_or_set_cached_cell_and_set_connections" :: held 0.000s {{(pid=99807) inner /opt/stack/data/venv/lib/python3.12/site-packages/oslo_concurrency/lockutils.py:538}}
May 14 10:20:48.271378 np0000174126 devstack@n-api.service[99807]: DEBUG oslo_concurrency.lockutils [None req-bd852984-585c-43a3-9132-539e36d9a49b None None] Acquiring lock "d29fd7fc-d466-4b66-ae48-48ad6902f025" by "nova.context.set_target_cell..get_or_set_cached_cell_and_set_connections" {{(pid=99807) inner /opt/stack/data/venv/lib/python3.12/site-packages/oslo_concurrency/lockutils.py:506}}
May 14 10:20:48.271522 np0000174126 devstack@n-api.service[99807]: DEBUG oslo_concurrency.lockutils [None req-bd852984-585c-43a3-9132-539e36d9a49b None None] Lock "d29fd7fc-d466-4b66-ae48-48ad6902f025" acquired by "nova.context.set_target_cell..get_or_set_cached_cell_and_set_connections" :: waited 0.000s {{(pid=99807) inner /opt/stack/data/venv/lib/python3.12/site-packages/oslo_concurrency/lockutils.py:519}}
May 14 10:20:48.271626 np0000174126 devstack@n-api.service[99808]: DEBUG oslo_db.sqlalchemy.engines [None req-f41ad6fa-450e-4930-a7cc-f99fdbbf63f4 None None] MySQL server mode set to STRICT_TRANS_TABLES,STRICT_ALL_TABLES,NO_ZERO_IN_DATE,NO_ZERO_DATE,ERROR_FOR_DIVISION_BY_ZERO,TRADITIONAL,NO_ENGINE_SUBSTITUTION {{(pid=99808) _check_effective_sql_mode /opt/stack/data/venv/lib/python3.12/site-packages/oslo_db/sqlalchemy/engines.py:325}}
May 14 10:20:48.272697 np0000174126 devstack@n-api.service[99807]: DEBUG oslo_concurrency.lockutils [None req-bd852984-585c-43a3-9132-539e36d9a49b None None] Lock "d29fd7fc-d466-4b66-ae48-48ad6902f025" "released" by "nova.context.set_target_cell..get_or_set_cached_cell_and_set_connections" :: held 0.001s {{(pid=99807) inner /opt/stack/data/venv/lib/python3.12/site-packages/oslo_concurrency/lockutils.py:538}}
May 14 10:20:48.275883 np0000174126 devstack@n-api.service[99808]: DEBUG oslo_db.sqlalchemy.engines [None req-f41ad6fa-450e-4930-a7cc-f99fdbbf63f4 None None] MySQL server mode set to STRICT_TRANS_TABLES,STRICT_ALL_TABLES,NO_ZERO_IN_DATE,NO_ZERO_DATE,ERROR_FOR_DIVISION_BY_ZERO,TRADITIONAL,NO_ENGINE_SUBSTITUTION {{(pid=99808) _check_effective_sql_mode /opt/stack/data/venv/lib/python3.12/site-packages/oslo_db/sqlalchemy/engines.py:325}}
May 14 10:20:48.276987 np0000174126 devstack@n-api.service[99807]: INFO dbcounter [None req-bd852984-585c-43a3-9132-539e36d9a49b None None] Registered counter for database nova_cell0
May 14 10:20:48.282532 np0000174126 devstack@n-api.service[99807]: INFO dbcounter [None req-bd852984-585c-43a3-9132-539e36d9a49b None None] Registered counter for database nova_cell1
May 14 10:20:48.293207 np0000174126 devstack@n-api.service[99807]: DEBUG oslo_db.sqlalchemy.engines [None req-bd852984-585c-43a3-9132-539e36d9a49b None None] MySQL server mode set to STRICT_TRANS_TABLES,STRICT_ALL_TABLES,NO_ZERO_IN_DATE,NO_ZERO_DATE,ERROR_FOR_DIVISION_BY_ZERO,TRADITIONAL,NO_ENGINE_SUBSTITUTION {{(pid=99807) _check_effective_sql_mode /opt/stack/data/venv/lib/python3.12/site-packages/oslo_db/sqlalchemy/engines.py:325}}
May 14 10:20:48.300385 np0000174126 devstack@n-api.service[99807]: DEBUG oslo_db.sqlalchemy.engines [None req-bd852984-585c-43a3-9132-539e36d9a49b None None] MySQL server mode set to STRICT_TRANS_TABLES,STRICT_ALL_TABLES,NO_ZERO_IN_DATE,NO_ZERO_DATE,ERROR_FOR_DIVISION_BY_ZERO,TRADITIONAL,NO_ENGINE_SUBSTITUTION {{(pid=99807) _check_effective_sql_mode /opt/stack/data/venv/lib/python3.12/site-packages/oslo_db/sqlalchemy/engines.py:325}}
May 14 10:20:48.301533 np0000174126 devstack@n-api.service[99806]: DEBUG dbcounter [-] [99806] Writer thread running {{(pid=99806) stat_writer /opt/stack/data/venv/lib/python3.12/site-packages/dbcounter.py:102}}
May 14 10:20:48.304274 np0000174126 devstack@n-api.service[99806]: DEBUG nova.context [None req-43c08ffd-3506-45ae-bc31-216705bd1e5b None None] Found 2 cells: 00000000-0000-0000-0000-000000000000(cell0),d29fd7fc-d466-4b66-ae48-48ad6902f025(cell1) {{(pid=99806) load_cells /opt/stack/nova/nova/context.py:509}}
May 14 10:20:48.304523 np0000174126 devstack@n-api.service[99806]: INFO nova.utils [None req-43c08ffd-3506-45ae-bc31-216705bd1e5b None None] The cell worker thread pool MainProcess.cell_worker is initialized
May 14 10:20:48.306332 np0000174126 devstack@n-api.service[99806]: DEBUG oslo_concurrency.lockutils [None req-43c08ffd-3506-45ae-bc31-216705bd1e5b None None] Acquiring lock "00000000-0000-0000-0000-000000000000" by "nova.context.set_target_cell..get_or_set_cached_cell_and_set_connections" {{(pid=99806) inner /opt/stack/data/venv/lib/python3.12/site-packages/oslo_concurrency/lockutils.py:506}}
May 14 10:20:48.306466 np0000174126 devstack@n-api.service[99806]: DEBUG oslo_concurrency.lockutils [None req-43c08ffd-3506-45ae-bc31-216705bd1e5b None None] Lock "00000000-0000-0000-0000-000000000000" acquired by "nova.context.set_target_cell..get_or_set_cached_cell_and_set_connections" :: waited 0.000s {{(pid=99806) inner /opt/stack/data/venv/lib/python3.12/site-packages/oslo_concurrency/lockutils.py:519}}
May 14 10:20:48.306867 np0000174126 devstack@n-api.service[99806]: DEBUG oslo_concurrency.lockutils [None req-43c08ffd-3506-45ae-bc31-216705bd1e5b None None] Lock "00000000-0000-0000-0000-000000000000" "released" by "nova.context.set_target_cell..get_or_set_cached_cell_and_set_connections" :: held 0.000s {{(pid=99806) inner /opt/stack/data/venv/lib/python3.12/site-packages/oslo_concurrency/lockutils.py:538}}
May 14 10:20:48.307861 np0000174126 devstack@n-api.service[99806]: DEBUG oslo_concurrency.lockutils [None req-43c08ffd-3506-45ae-bc31-216705bd1e5b None None] Acquiring lock "d29fd7fc-d466-4b66-ae48-48ad6902f025" by "nova.context.set_target_cell..get_or_set_cached_cell_and_set_connections" {{(pid=99806) inner /opt/stack/data/venv/lib/python3.12/site-packages/oslo_concurrency/lockutils.py:506}}
May 14 10:20:48.307963 np0000174126 devstack@n-api.service[99806]: DEBUG oslo_concurrency.lockutils [None req-43c08ffd-3506-45ae-bc31-216705bd1e5b None None] Lock "d29fd7fc-d466-4b66-ae48-48ad6902f025" acquired by "nova.context.set_target_cell..get_or_set_cached_cell_and_set_connections" :: waited 0.000s {{(pid=99806) inner /opt/stack/data/venv/lib/python3.12/site-packages/oslo_concurrency/lockutils.py:519}}
May 14 10:20:48.309216 np0000174126 devstack@n-api.service[99806]: DEBUG oslo_concurrency.lockutils [None req-43c08ffd-3506-45ae-bc31-216705bd1e5b None None] Lock "d29fd7fc-d466-4b66-ae48-48ad6902f025" "released" by "nova.context.set_target_cell..get_or_set_cached_cell_and_set_connections" :: held 0.001s {{(pid=99806) inner /opt/stack/data/venv/lib/python3.12/site-packages/oslo_concurrency/lockutils.py:538}}
May 14 10:20:48.312799 np0000174126 devstack@n-api.service[99806]: INFO dbcounter [None req-43c08ffd-3506-45ae-bc31-216705bd1e5b None None] Registered counter for database nova_cell0
May 14 10:20:48.319236 np0000174126 devstack@n-api.service[99806]: INFO dbcounter [None req-43c08ffd-3506-45ae-bc31-216705bd1e5b None None] Registered counter for database nova_cell1
May 14 10:20:48.333087 np0000174126 devstack@n-api.service[99806]: DEBUG oslo_db.sqlalchemy.engines [None req-43c08ffd-3506-45ae-bc31-216705bd1e5b None None] MySQL server mode set to STRICT_TRANS_TABLES,STRICT_ALL_TABLES,NO_ZERO_IN_DATE,NO_ZERO_DATE,ERROR_FOR_DIVISION_BY_ZERO,TRADITIONAL,NO_ENGINE_SUBSTITUTION {{(pid=99806) _check_effective_sql_mode /opt/stack/data/venv/lib/python3.12/site-packages/oslo_db/sqlalchemy/engines.py:325}}
May 14 10:20:48.337821 np0000174126 devstack@n-api.service[99806]: DEBUG oslo_db.sqlalchemy.engines [None req-43c08ffd-3506-45ae-bc31-216705bd1e5b None None] MySQL server mode set to STRICT_TRANS_TABLES,STRICT_ALL_TABLES,NO_ZERO_IN_DATE,NO_ZERO_DATE,ERROR_FOR_DIVISION_BY_ZERO,TRADITIONAL,NO_ENGINE_SUBSTITUTION {{(pid=99806) _check_effective_sql_mode /opt/stack/data/venv/lib/python3.12/site-packages/oslo_db/sqlalchemy/engines.py:325}}
May 14 10:20:48.352084 np0000174126 devstack@n-api.service[99809]: DEBUG dbcounter [-] [99809] Writer thread running {{(pid=99809) stat_writer /opt/stack/data/venv/lib/python3.12/site-packages/dbcounter.py:102}}
May 14 10:20:48.357186 np0000174126 devstack@n-api.service[99809]: DEBUG dbcounter [-] [99809] Writer thread running {{(pid=99809) stat_writer /opt/stack/data/venv/lib/python3.12/site-packages/dbcounter.py:102}}
May 14 10:20:48.361552 np0000174126 devstack@n-api.service[99809]: INFO dbcounter [None req-b568e622-ee91-4974-86dd-c78dbf6c0099 None None] Registered counter for database nova_cell0
May 14 10:20:48.380734 np0000174126 devstack@n-api.service[99809]: DEBUG oslo_db.sqlalchemy.engines [None req-b568e622-ee91-4974-86dd-c78dbf6c0099 None None] MySQL server mode set to STRICT_TRANS_TABLES,STRICT_ALL_TABLES,NO_ZERO_IN_DATE,NO_ZERO_DATE,ERROR_FOR_DIVISION_BY_ZERO,TRADITIONAL,NO_ENGINE_SUBSTITUTION {{(pid=99809) _check_effective_sql_mode /opt/stack/data/venv/lib/python3.12/site-packages/oslo_db/sqlalchemy/engines.py:325}}
May 14 10:20:48.388649 np0000174126 devstack@n-api.service[99808]: DEBUG dbcounter [-] [99808] Writer thread running {{(pid=99808) stat_writer /opt/stack/data/venv/lib/python3.12/site-packages/dbcounter.py:102}}
May 14 10:20:48.389511 np0000174126 devstack@n-api.service[99808]: DEBUG dbcounter [-] [99808] Writer thread running {{(pid=99808) stat_writer /opt/stack/data/venv/lib/python3.12/site-packages/dbcounter.py:102}}
May 14 10:20:48.391601 np0000174126 devstack@n-api.service[99809]: DEBUG dbcounter [-] [99809] Writer thread running {{(pid=99809) stat_writer /opt/stack/data/venv/lib/python3.12/site-packages/dbcounter.py:102}}
May 14 10:20:48.399218 np0000174126 devstack@n-api.service[99808]: INFO dbcounter [None req-f41ad6fa-450e-4930-a7cc-f99fdbbf63f4 None None] Registered counter for database nova_cell0
May 14 10:20:48.406198 np0000174126 devstack@n-api.service[99807]: DEBUG dbcounter [-] [99807] Writer thread running {{(pid=99807) stat_writer /opt/stack/data/venv/lib/python3.12/site-packages/dbcounter.py:102}}
May 14 10:20:48.406616 np0000174126 devstack@n-api.service[99807]: DEBUG dbcounter [-] [99807] Writer thread running {{(pid=99807) stat_writer /opt/stack/data/venv/lib/python3.12/site-packages/dbcounter.py:102}}
May 14 10:20:48.413323 np0000174126 devstack@n-api.service[99808]: DEBUG oslo_db.sqlalchemy.engines [None req-f41ad6fa-450e-4930-a7cc-f99fdbbf63f4 None None] MySQL server mode set to STRICT_TRANS_TABLES,STRICT_ALL_TABLES,NO_ZERO_IN_DATE,NO_ZERO_DATE,ERROR_FOR_DIVISION_BY_ZERO,TRADITIONAL,NO_ENGINE_SUBSTITUTION {{(pid=99808) _check_effective_sql_mode /opt/stack/data/venv/lib/python3.12/site-packages/oslo_db/sqlalchemy/engines.py:325}}
May 14 10:20:48.423851 np0000174126 devstack@n-api.service[99808]: DEBUG dbcounter [-] [99808] Writer thread running {{(pid=99808) stat_writer /opt/stack/data/venv/lib/python3.12/site-packages/dbcounter.py:102}}
May 14 10:20:48.450598 np0000174126 devstack@n-api.service[99806]: DEBUG dbcounter [-] [99806] Writer thread running {{(pid=99806) stat_writer /opt/stack/data/venv/lib/python3.12/site-packages/dbcounter.py:102}}
May 14 10:20:48.452018 np0000174126 devstack@n-api.service[99806]: DEBUG dbcounter [-] [99806] Writer thread running {{(pid=99806) stat_writer /opt/stack/data/venv/lib/python3.12/site-packages/dbcounter.py:102}}
May 14 10:20:48.477280 np0000174126 devstack@n-api.service[99807]: INFO dbcounter [None req-bd852984-585c-43a3-9132-539e36d9a49b None None] Registered counter for database nova_cell0
May 14 10:20:48.477598 np0000174126 devstack@n-api.service[99806]: INFO dbcounter [None req-43c08ffd-3506-45ae-bc31-216705bd1e5b None None] Registered counter for database nova_cell0
May 14 10:20:48.487748 np0000174126 devstack@n-api.service[99807]: DEBUG oslo_db.sqlalchemy.engines [None req-bd852984-585c-43a3-9132-539e36d9a49b None None] MySQL server mode set to STRICT_TRANS_TABLES,STRICT_ALL_TABLES,NO_ZERO_IN_DATE,NO_ZERO_DATE,ERROR_FOR_DIVISION_BY_ZERO,TRADITIONAL,NO_ENGINE_SUBSTITUTION {{(pid=99807) _check_effective_sql_mode /opt/stack/data/venv/lib/python3.12/site-packages/oslo_db/sqlalchemy/engines.py:325}}
May 14 10:20:48.494596 np0000174126 devstack@n-api.service[99806]: DEBUG oslo_db.sqlalchemy.engines [None req-43c08ffd-3506-45ae-bc31-216705bd1e5b None None] MySQL server mode set to STRICT_TRANS_TABLES,STRICT_ALL_TABLES,NO_ZERO_IN_DATE,NO_ZERO_DATE,ERROR_FOR_DIVISION_BY_ZERO,TRADITIONAL,NO_ENGINE_SUBSTITUTION {{(pid=99806) _check_effective_sql_mode /opt/stack/data/venv/lib/python3.12/site-packages/oslo_db/sqlalchemy/engines.py:325}}
May 14 10:20:48.495851 np0000174126 devstack@n-api.service[99807]: DEBUG dbcounter [-] [99807] Writer thread running {{(pid=99807) stat_writer /opt/stack/data/venv/lib/python3.12/site-packages/dbcounter.py:102}}
May 14 10:20:48.504787 np0000174126 devstack@n-api.service[99806]: DEBUG dbcounter [-] [99806] Writer thread running {{(pid=99806) stat_writer /opt/stack/data/venv/lib/python3.12/site-packages/dbcounter.py:102}}
May 14 10:20:48.982168 np0000174126 devstack@n-api.service[99809]: DEBUG oslo_concurrency.processutils [None req-b568e622-ee91-4974-86dd-c78dbf6c0099 None None] Running cmd (subprocess): grep -F node.session.scan /sbin/iscsiadm {{(pid=99809) execute /opt/stack/data/venv/lib/python3.12/site-packages/oslo_concurrency/processutils.py:440}}
May 14 10:20:48.992680 np0000174126 devstack@n-api.service[99808]: DEBUG oslo_concurrency.processutils [None req-f41ad6fa-450e-4930-a7cc-f99fdbbf63f4 None None] Running cmd (subprocess): grep -F node.session.scan /sbin/iscsiadm {{(pid=99808) execute /opt/stack/data/venv/lib/python3.12/site-packages/oslo_concurrency/processutils.py:440}}
May 14 10:20:49.003160 np0000174126 devstack@n-api.service[99809]: DEBUG oslo_concurrency.processutils [None req-b568e622-ee91-4974-86dd-c78dbf6c0099 None None] CMD "grep -F node.session.scan /sbin/iscsiadm" returned: 0 in 0.021s {{(pid=99809) execute /opt/stack/data/venv/lib/python3.12/site-packages/oslo_concurrency/processutils.py:468}}
May 14 10:20:49.006678 np0000174126 devstack@n-api.service[99807]: DEBUG oslo_concurrency.processutils [None req-bd852984-585c-43a3-9132-539e36d9a49b None None] Running cmd (subprocess): grep -F node.session.scan /sbin/iscsiadm {{(pid=99807) execute /opt/stack/data/venv/lib/python3.12/site-packages/oslo_concurrency/processutils.py:440}}
May 14 10:20:49.011921 np0000174126 devstack@n-api.service[99808]: DEBUG oslo_concurrency.processutils [None req-f41ad6fa-450e-4930-a7cc-f99fdbbf63f4 None None] CMD "grep -F node.session.scan /sbin/iscsiadm" returned: 0 in 0.019s {{(pid=99808) execute /opt/stack/data/venv/lib/python3.12/site-packages/oslo_concurrency/processutils.py:468}}
May 14 10:20:49.028854 np0000174126 devstack@n-api.service[99807]: DEBUG oslo_concurrency.processutils [None req-bd852984-585c-43a3-9132-539e36d9a49b None None] CMD "grep -F node.session.scan /sbin/iscsiadm" returned: 0 in 0.022s {{(pid=99807) execute /opt/stack/data/venv/lib/python3.12/site-packages/oslo_concurrency/processutils.py:468}}
May 14 10:20:49.033034 np0000174126 devstack@n-api.service[99806]: DEBUG oslo_concurrency.processutils [None req-43c08ffd-3506-45ae-bc31-216705bd1e5b None None] Running cmd (subprocess): grep -F node.session.scan /sbin/iscsiadm {{(pid=99806) execute /opt/stack/data/venv/lib/python3.12/site-packages/oslo_concurrency/processutils.py:440}}
May 14 10:20:49.059717 np0000174126 devstack@n-api.service[99806]: DEBUG oslo_concurrency.processutils [None req-43c08ffd-3506-45ae-bc31-216705bd1e5b None None] CMD "grep -F node.session.scan /sbin/iscsiadm" returned: 0 in 0.026s {{(pid=99806) execute /opt/stack/data/venv/lib/python3.12/site-packages/oslo_concurrency/processutils.py:468}}
May 14 10:20:49.434765 np0000174126 devstack@n-api.service[99808]: WARNING keystonemiddleware.auth_token [None req-f41ad6fa-450e-4930-a7cc-f99fdbbf63f4 None None] AuthToken middleware is set with keystone_authtoken.service_token_roles_required set to False. This is backwards compatible but deprecated behaviour. Please set this to True.
May 14 10:20:49.435335 np0000174126 devstack@n-api.service[99806]: WARNING keystonemiddleware.auth_token [None req-43c08ffd-3506-45ae-bc31-216705bd1e5b None None] AuthToken middleware is set with keystone_authtoken.service_token_roles_required set to False. This is backwards compatible but deprecated behaviour. Please set this to True.
May 14 10:20:49.438663 np0000174126 devstack@n-api.service[99807]: WARNING keystonemiddleware.auth_token [None req-bd852984-585c-43a3-9132-539e36d9a49b None None] AuthToken middleware is set with keystone_authtoken.service_token_roles_required set to False. This is backwards compatible but deprecated behaviour. Please set this to True.
May 14 10:20:49.442847 np0000174126 devstack@n-api.service[99809]: WARNING keystonemiddleware.auth_token [None req-b568e622-ee91-4974-86dd-c78dbf6c0099 None None] AuthToken middleware is set with keystone_authtoken.service_token_roles_required set to False. This is backwards compatible but deprecated behaviour. Please set this to True.
May 14 10:20:49.650124 np0000174126 devstack@n-api.service[99808]: WARNING keystonemiddleware.auth_token [None req-f41ad6fa-450e-4930-a7cc-f99fdbbf63f4 None None] AuthToken middleware is set with keystone_authtoken.service_token_roles_required set to False. This is backwards compatible but deprecated behaviour. Please set this to True.
May 14 10:20:49.655452 np0000174126 devstack@n-api.service[99808]: DEBUG nova.api.openstack.wsgi_app [None req-f41ad6fa-450e-4930-a7cc-f99fdbbf63f4 None None] ******************************************************************************** {{(pid=99808) log_opt_values /opt/stack/data/venv/lib/python3.12/site-packages/oslo_config/cfg.py:2979}}
May 14 10:20:49.655632 np0000174126 devstack@n-api.service[99808]: DEBUG nova.api.openstack.wsgi_app [None req-f41ad6fa-450e-4930-a7cc-f99fdbbf63f4 None None] Configuration options gathered from: {{(pid=99808) log_opt_values /opt/stack/data/venv/lib/python3.12/site-packages/oslo_config/cfg.py:2980}}
May 14 10:20:49.655893 np0000174126 devstack@n-api.service[99808]: DEBUG nova.api.openstack.wsgi_app [None req-f41ad6fa-450e-4930-a7cc-f99fdbbf63f4 None None] command line args: [] {{(pid=99808) log_opt_values /opt/stack/data/venv/lib/python3.12/site-packages/oslo_config/cfg.py:2981}}
May 14 10:20:49.656081 np0000174126 devstack@n-api.service[99808]: DEBUG nova.api.openstack.wsgi_app [None req-f41ad6fa-450e-4930-a7cc-f99fdbbf63f4 None None] config files: ['/etc/nova/api-paste.ini', '/etc/nova/nova.conf'] {{(pid=99808) log_opt_values /opt/stack/data/venv/lib/python3.12/site-packages/oslo_config/cfg.py:2982}}
May 14 10:20:49.656178 np0000174126 devstack@n-api.service[99808]: DEBUG nova.api.openstack.wsgi_app [None req-f41ad6fa-450e-4930-a7cc-f99fdbbf63f4 None None] ================================================================================ {{(pid=99808) log_opt_values /opt/stack/data/venv/lib/python3.12/site-packages/oslo_config/cfg.py:2987}}
May 14 10:20:49.656322 np0000174126 devstack@n-api.service[99808]: DEBUG nova.api.openstack.wsgi_app [None req-f41ad6fa-450e-4930-a7cc-f99fdbbf63f4 None None] allow_resize_to_same_host = True {{(pid=99808) log_opt_values /opt/stack/data/venv/lib/python3.12/site-packages/oslo_config/cfg.py:2995}}
May 14 10:20:49.656453 np0000174126 devstack@n-api.service[99808]: DEBUG nova.api.openstack.wsgi_app [None req-f41ad6fa-450e-4930-a7cc-f99fdbbf63f4 None None] arq_binding_timeout = 300 {{(pid=99808) log_opt_values /opt/stack/data/venv/lib/python3.12/site-packages/oslo_config/cfg.py:2995}}
May 14 10:20:49.656586 np0000174126 devstack@n-api.service[99808]: DEBUG nova.api.openstack.wsgi_app [None req-f41ad6fa-450e-4930-a7cc-f99fdbbf63f4 None None] block_device_allocate_retries = 60 {{(pid=99808) log_opt_values /opt/stack/data/venv/lib/python3.12/site-packages/oslo_config/cfg.py:2995}}
May 14 10:20:49.656729 np0000174126 devstack@n-api.service[99808]: DEBUG nova.api.openstack.wsgi_app [None req-f41ad6fa-450e-4930-a7cc-f99fdbbf63f4 None None] block_device_allocate_retries_interval = 3 {{(pid=99808) log_opt_values /opt/stack/data/venv/lib/python3.12/site-packages/oslo_config/cfg.py:2995}}
May 14 10:20:49.656860 np0000174126 devstack@n-api.service[99808]: DEBUG nova.api.openstack.wsgi_app [None req-f41ad6fa-450e-4930-a7cc-f99fdbbf63f4 None None] cell_worker_thread_pool_size = 5 {{(pid=99808) log_opt_values /opt/stack/data/venv/lib/python3.12/site-packages/oslo_config/cfg.py:2995}}
May 14 10:20:49.656996 np0000174126 devstack@n-api.service[99808]: DEBUG nova.api.openstack.wsgi_app [None req-f41ad6fa-450e-4930-a7cc-f99fdbbf63f4 None None] cert = self.pem {{(pid=99808) log_opt_values /opt/stack/data/venv/lib/python3.12/site-packages/oslo_config/cfg.py:2995}}
May 14 10:20:49.657126 np0000174126 devstack@n-api.service[99808]: DEBUG nova.api.openstack.wsgi_app [None req-f41ad6fa-450e-4930-a7cc-f99fdbbf63f4 None None] compute_driver = libvirt.LibvirtDriver {{(pid=99808) log_opt_values /opt/stack/data/venv/lib/python3.12/site-packages/oslo_config/cfg.py:2995}}
May 14 10:20:49.657275 np0000174126 devstack@n-api.service[99808]: DEBUG nova.api.openstack.wsgi_app [None req-f41ad6fa-450e-4930-a7cc-f99fdbbf63f4 None None] compute_monitors = [] {{(pid=99808) log_opt_values /opt/stack/data/venv/lib/python3.12/site-packages/oslo_config/cfg.py:2995}}
May 14 10:20:49.657415 np0000174126 devstack@n-api.service[99808]: DEBUG nova.api.openstack.wsgi_app [None req-f41ad6fa-450e-4930-a7cc-f99fdbbf63f4 None None] config_dir = [] {{(pid=99808) log_opt_values /opt/stack/data/venv/lib/python3.12/site-packages/oslo_config/cfg.py:2995}}
May 14 10:20:49.657553 np0000174126 devstack@n-api.service[99808]: DEBUG nova.api.openstack.wsgi_app [None req-f41ad6fa-450e-4930-a7cc-f99fdbbf63f4 None None] config_drive_format = iso9660 {{(pid=99808) log_opt_values /opt/stack/data/venv/lib/python3.12/site-packages/oslo_config/cfg.py:2995}}
May 14 10:20:49.657659 np0000174126 devstack@n-api.service[99808]: DEBUG nova.api.openstack.wsgi_app [None req-f41ad6fa-450e-4930-a7cc-f99fdbbf63f4 None None] config_file = ['/etc/nova/api-paste.ini', '/etc/nova/nova.conf'] {{(pid=99808) log_opt_values /opt/stack/data/venv/lib/python3.12/site-packages/oslo_config/cfg.py:2995}}
May 14 10:20:49.657789 np0000174126 devstack@n-api.service[99808]: DEBUG nova.api.openstack.wsgi_app [None req-f41ad6fa-450e-4930-a7cc-f99fdbbf63f4 None None] config_source = [] {{(pid=99808) log_opt_values /opt/stack/data/venv/lib/python3.12/site-packages/oslo_config/cfg.py:2995}}
May 14 10:20:49.657923 np0000174126 devstack@n-api.service[99808]: DEBUG nova.api.openstack.wsgi_app [None req-f41ad6fa-450e-4930-a7cc-f99fdbbf63f4 None None] console_host = np0000174126 {{(pid=99808) log_opt_values /opt/stack/data/venv/lib/python3.12/site-packages/oslo_config/cfg.py:2995}}
May 14 10:20:49.658101 np0000174126 devstack@n-api.service[99808]: DEBUG nova.api.openstack.wsgi_app [None req-f41ad6fa-450e-4930-a7cc-f99fdbbf63f4 None None] control_exchange = nova {{(pid=99808) log_opt_values /opt/stack/data/venv/lib/python3.12/site-packages/oslo_config/cfg.py:2995}}
May 14 10:20:49.658229 np0000174126 devstack@n-api.service[99808]: DEBUG nova.api.openstack.wsgi_app [None req-f41ad6fa-450e-4930-a7cc-f99fdbbf63f4 None None] cpu_allocation_ratio = None {{(pid=99808) log_opt_values /opt/stack/data/venv/lib/python3.12/site-packages/oslo_config/cfg.py:2995}}
May 14 10:20:49.658356 np0000174126 devstack@n-api.service[99808]: DEBUG nova.api.openstack.wsgi_app [None req-f41ad6fa-450e-4930-a7cc-f99fdbbf63f4 None None] daemon = False {{(pid=99808) log_opt_values /opt/stack/data/venv/lib/python3.12/site-packages/oslo_config/cfg.py:2995}}
May 14 10:20:49.658486 np0000174126 devstack@n-api.service[99808]: DEBUG nova.api.openstack.wsgi_app [None req-f41ad6fa-450e-4930-a7cc-f99fdbbf63f4 None None] debug = True {{(pid=99808) log_opt_values /opt/stack/data/venv/lib/python3.12/site-packages/oslo_config/cfg.py:2995}}
May 14 10:20:49.658611 np0000174126 devstack@n-api.service[99808]: DEBUG nova.api.openstack.wsgi_app [None req-f41ad6fa-450e-4930-a7cc-f99fdbbf63f4 None None] default_access_ip_network_name = None {{(pid=99808) log_opt_values /opt/stack/data/venv/lib/python3.12/site-packages/oslo_config/cfg.py:2995}}
May 14 10:20:49.658755 np0000174126 devstack@n-api.service[99808]: DEBUG nova.api.openstack.wsgi_app [None req-f41ad6fa-450e-4930-a7cc-f99fdbbf63f4 None None] default_availability_zone = nova {{(pid=99808) log_opt_values /opt/stack/data/venv/lib/python3.12/site-packages/oslo_config/cfg.py:2995}}
May 14 10:20:49.658878 np0000174126 devstack@n-api.service[99808]: DEBUG nova.api.openstack.wsgi_app [None req-f41ad6fa-450e-4930-a7cc-f99fdbbf63f4 None None] default_ephemeral_format = ext4 {{(pid=99808) log_opt_values /opt/stack/data/venv/lib/python3.12/site-packages/oslo_config/cfg.py:2995}}
May 14 10:20:49.659012 np0000174126 devstack@n-api.service[99808]: DEBUG nova.api.openstack.wsgi_app [None req-f41ad6fa-450e-4930-a7cc-f99fdbbf63f4 None None] default_green_pool_size = 1000 {{(pid=99808) log_opt_values /opt/stack/data/venv/lib/python3.12/site-packages/oslo_config/cfg.py:2995}}
May 14 10:20:49.659249 np0000174126 devstack@n-api.service[99808]: DEBUG nova.api.openstack.wsgi_app [None req-f41ad6fa-450e-4930-a7cc-f99fdbbf63f4 None None] default_log_levels = ['amqp=WARN', 'boto=WARN', 'sqlalchemy=WARN', 'suds=INFO', 'oslo.messaging=INFO', 'oslo_messaging=INFO', 'iso8601=WARN', 'requests.packages.urllib3.connectionpool=WARN', 'urllib3.connectionpool=WARN', 'websocket=WARN', 'requests.packages.urllib3.util.retry=WARN', 'urllib3.util.retry=WARN', 'keystonemiddleware=WARN', 'routes.middleware=WARN', 'stevedore=WARN', 'taskflow=WARN', 'keystoneauth=WARN', 'oslo.cache=INFO', 'oslo_policy=INFO', 'dogpile.core.dogpile=INFO', 'glanceclient=WARN', 'oslo.privsep.daemon=INFO'] {{(pid=99808) log_opt_values /opt/stack/data/venv/lib/python3.12/site-packages/oslo_config/cfg.py:2995}}
May 14 10:20:49.659373 np0000174126 devstack@n-api.service[99808]: DEBUG nova.api.openstack.wsgi_app [None req-f41ad6fa-450e-4930-a7cc-f99fdbbf63f4 None None] default_schedule_zone = None {{(pid=99808) log_opt_values /opt/stack/data/venv/lib/python3.12/site-packages/oslo_config/cfg.py:2995}}
May 14 10:20:49.659492 np0000174126 devstack@n-api.service[99808]: DEBUG nova.api.openstack.wsgi_app [None req-f41ad6fa-450e-4930-a7cc-f99fdbbf63f4 None None] default_thread_pool_size = 10 {{(pid=99808) log_opt_values /opt/stack/data/venv/lib/python3.12/site-packages/oslo_config/cfg.py:2995}}
May 14 10:20:49.659617 np0000174126 devstack@n-api.service[99808]: DEBUG nova.api.openstack.wsgi_app [None req-f41ad6fa-450e-4930-a7cc-f99fdbbf63f4 None None] disk_allocation_ratio = None {{(pid=99808) log_opt_values /opt/stack/data/venv/lib/python3.12/site-packages/oslo_config/cfg.py:2995}}
May 14 10:20:49.659744 np0000174126 devstack@n-api.service[99808]: DEBUG nova.api.openstack.wsgi_app [None req-f41ad6fa-450e-4930-a7cc-f99fdbbf63f4 None None] enable_new_services = True {{(pid=99808) log_opt_values /opt/stack/data/venv/lib/python3.12/site-packages/oslo_config/cfg.py:2995}}
May 14 10:20:49.659871 np0000174126 devstack@n-api.service[99808]: DEBUG nova.api.openstack.wsgi_app [None req-f41ad6fa-450e-4930-a7cc-f99fdbbf63f4 None None] flat_injected = False {{(pid=99808) log_opt_values /opt/stack/data/venv/lib/python3.12/site-packages/oslo_config/cfg.py:2995}}
May 14 10:20:49.659998 np0000174126 devstack@n-api.service[99808]: DEBUG nova.api.openstack.wsgi_app [None req-f41ad6fa-450e-4930-a7cc-f99fdbbf63f4 None None] force_config_drive = False {{(pid=99808) log_opt_values /opt/stack/data/venv/lib/python3.12/site-packages/oslo_config/cfg.py:2995}}
May 14 10:20:49.660145 np0000174126 devstack@n-api.service[99808]: DEBUG nova.api.openstack.wsgi_app [None req-f41ad6fa-450e-4930-a7cc-f99fdbbf63f4 None None] force_raw_images = True {{(pid=99808) log_opt_values /opt/stack/data/venv/lib/python3.12/site-packages/oslo_config/cfg.py:2995}}
May 14 10:20:49.660281 np0000174126 devstack@n-api.service[99808]: DEBUG nova.api.openstack.wsgi_app [None req-f41ad6fa-450e-4930-a7cc-f99fdbbf63f4 None None] graceful_shutdown_timeout = 5 {{(pid=99808) log_opt_values /opt/stack/data/venv/lib/python3.12/site-packages/oslo_config/cfg.py:2995}}
May 14 10:20:49.660411 np0000174126 devstack@n-api.service[99808]: DEBUG nova.api.openstack.wsgi_app [None req-f41ad6fa-450e-4930-a7cc-f99fdbbf63f4 None None] heal_instance_info_cache_interval = -1 {{(pid=99808) log_opt_values /opt/stack/data/venv/lib/python3.12/site-packages/oslo_config/cfg.py:2995}}
May 14 10:20:49.660569 np0000174126 devstack@n-api.service[99808]: DEBUG nova.api.openstack.wsgi_app [None req-f41ad6fa-450e-4930-a7cc-f99fdbbf63f4 None None] host = np0000174126 {{(pid=99808) log_opt_values /opt/stack/data/venv/lib/python3.12/site-packages/oslo_config/cfg.py:2995}}
May 14 10:20:49.660712 np0000174126 devstack@n-api.service[99808]: DEBUG nova.api.openstack.wsgi_app [None req-f41ad6fa-450e-4930-a7cc-f99fdbbf63f4 None None] initial_cpu_allocation_ratio = 4.0 {{(pid=99808) log_opt_values /opt/stack/data/venv/lib/python3.12/site-packages/oslo_config/cfg.py:2995}}
May 14 10:20:49.660844 np0000174126 devstack@n-api.service[99808]: DEBUG nova.api.openstack.wsgi_app [None req-f41ad6fa-450e-4930-a7cc-f99fdbbf63f4 None None] initial_disk_allocation_ratio = 1.0 {{(pid=99808) log_opt_values /opt/stack/data/venv/lib/python3.12/site-packages/oslo_config/cfg.py:2995}}
May 14 10:20:49.660971 np0000174126 devstack@n-api.service[99808]: DEBUG nova.api.openstack.wsgi_app [None req-f41ad6fa-450e-4930-a7cc-f99fdbbf63f4 None None] initial_ram_allocation_ratio = 1.0 {{(pid=99808) log_opt_values /opt/stack/data/venv/lib/python3.12/site-packages/oslo_config/cfg.py:2995}}
May 14 10:20:49.661160 np0000174126 devstack@n-api.service[99808]: DEBUG nova.api.openstack.wsgi_app [None req-f41ad6fa-450e-4930-a7cc-f99fdbbf63f4 None None] injected_network_template = /opt/stack/nova/nova/virt/interfaces.template {{(pid=99808) log_opt_values /opt/stack/data/venv/lib/python3.12/site-packages/oslo_config/cfg.py:2995}}
