May 14 10:21:15.752126 np0000174126 devstack@neutron-api.service[103069]: INFO neutron.api.extensions [None req-ce6cebdc-be79-4c65-889b-0d2ebf0d7352 None None] Extension expose-port-forwarding-in-fip not supported by any of loaded plugins
May 14 10:21:15.752221 np0000174126 devstack@neutron-api.service[103069]: DEBUG neutron.api.extensions [None req-ce6cebdc-be79-4c65-889b-0d2ebf0d7352 None None] Loading extension file: external_net.py {{(pid=103069) _load_all_extensions_from_path /opt/stack/neutron/neutron/api/extensions.py:449}}
May 14 10:21:15.752458 np0000174126 devstack@neutron-api.service[103069]: DEBUG neutron.api.extensions [None req-ce6cebdc-be79-4c65-889b-0d2ebf0d7352 None None] Ext name="Neutron external network" alias="external-net" description="Adds external network attribute to network resource." updated="2013-01-14T10:00:00-00:00" {{(pid=103069) _check_extension /opt/stack/neutron/neutron/api/extensions.py:415}}
May 14 10:21:15.752624 np0000174126 devstack@neutron-api.service[103069]: INFO neutron.api.extensions [None req-ce6cebdc-be79-4c65-889b-0d2ebf0d7352 None None] Loaded extension: external-net
May 14 10:21:15.752716 np0000174126 devstack@neutron-api.service[103069]: DEBUG neutron.api.extensions [None req-ce6cebdc-be79-4c65-889b-0d2ebf0d7352 None None] Loading extension file: extra_dhcp_opt.py {{(pid=103069) _load_all_extensions_from_path /opt/stack/neutron/neutron/api/extensions.py:449}}
May 14 10:21:15.752941 np0000174126 devstack@neutron-api.service[103069]: DEBUG neutron.api.extensions [None req-ce6cebdc-be79-4c65-889b-0d2ebf0d7352 None None] Ext name="Neutron Extra DHCP options" alias="extra_dhcp_opt" description="Extra options configuration for DHCP. For example PXE boot options to DHCP clients can be specified (e.g. tftp-server, server-ip-address, bootfile-name)" updated="2013-03-17T12:00:00-00:00" {{(pid=103069) _check_extension /opt/stack/neutron/neutron/api/extensions.py:415}}
May 14 10:21:15.753017 np0000174126 devstack@neutron-api.service[103068]: DEBUG neutron_lib.callbacks.manager [None req-09147caf-97aa-4dad-a4bb-2b5f86dfc040 None None] Subscribe: > router precommit_create 55549900, False {{(pid=103068) subscribe /opt/stack/data/venv/lib/python3.12/site-packages/neutron_lib/callbacks/manager.py:52}}
May 14 10:21:15.753131 np0000174126 devstack@neutron-api.service[103069]: INFO neutron.api.extensions [None req-ce6cebdc-be79-4c65-889b-0d2ebf0d7352 None None] Loaded extension: extra_dhcp_opt
May 14 10:21:15.753174 np0000174126 devstack@neutron-api.service[103068]: DEBUG neutron_lib.callbacks.manager [None req-09147caf-97aa-4dad-a4bb-2b5f86dfc040 None None] Subscribe: > router_interface after_create 55550000, False {{(pid=103068) subscribe /opt/stack/data/venv/lib/python3.12/site-packages/neutron_lib/callbacks/manager.py:52}}
May 14 10:21:15.753222 np0000174126 devstack@neutron-api.service[103069]: DEBUG neutron.api.extensions [None req-ce6cebdc-be79-4c65-889b-0d2ebf0d7352 None None] Loading extension file: extraroute.py {{(pid=103069) _load_all_extensions_from_path /opt/stack/neutron/neutron/api/extensions.py:449}}
May 14 10:21:15.753261 np0000174126 devstack@neutron-api.service[103068]: DEBUG neutron_lib.callbacks.manager [None req-09147caf-97aa-4dad-a4bb-2b5f86dfc040 None None] Subscribe: > floatingip after_create 55550000, False {{(pid=103068) subscribe /opt/stack/data/venv/lib/python3.12/site-packages/neutron_lib/callbacks/manager.py:52}}
May 14 10:21:15.753395 np0000174126 devstack@neutron-api.service[103068]: DEBUG neutron_lib.callbacks.manager [None req-09147caf-97aa-4dad-a4bb-2b5f86dfc040 None None] Subscribe: > floatingip precommit_create 55550000, False {{(pid=103068) subscribe /opt/stack/data/venv/lib/python3.12/site-packages/neutron_lib/callbacks/manager.py:52}}
May 14 10:21:15.753509 np0000174126 devstack@neutron-api.service[103069]: DEBUG neutron.api.extensions [None req-ce6cebdc-be79-4c65-889b-0d2ebf0d7352 None None] Ext name="Neutron Extra Route" alias="extraroute" description="Extra routes configuration for L3 router" updated="2013-02-01T10:00:00-00:00" {{(pid=103069) _check_extension /opt/stack/neutron/neutron/api/extensions.py:415}}
May 14 10:21:15.753543 np0000174126 devstack@neutron-api.service[103068]: DEBUG neutron_lib.callbacks.manager [None req-09147caf-97aa-4dad-a4bb-2b5f86dfc040 None None] Subscribe: > floatingip precommit_update 55550000, False {{(pid=103068) subscribe /opt/stack/data/venv/lib/python3.12/site-packages/neutron_lib/callbacks/manager.py:52}}
May 14 10:21:15.753603 np0000174126 devstack@neutron-api.service[103067]: DEBUG neutron.plugins.ml2.plugin [None req-804c892d-7ed1-4258-9806-0db3c8dad1b9 None None] neutron.plugins.ml2.plugin.Ml2Plugin method _start_rpc_notifiers called with arguments () {} {{(pid=103067) wrapper /opt/stack/data/venv/lib/python3.12/site-packages/oslo_log/helpers.py:77}}
May 14 10:21:15.753648 np0000174126 devstack@neutron-api.service[103068]: DEBUG neutron_lib.callbacks.manager [None req-09147caf-97aa-4dad-a4bb-2b5f86dfc040 None None] Subscribe: > floatingip after_delete 55550000, False {{(pid=103068) subscribe /opt/stack/data/venv/lib/python3.12/site-packages/neutron_lib/callbacks/manager.py:52}}
May 14 10:21:15.753680 np0000174126 devstack@neutron-api.service[103069]: INFO neutron.api.extensions [None req-ce6cebdc-be79-4c65-889b-0d2ebf0d7352 None None] Loaded extension: extraroute
May 14 10:21:15.753760 np0000174126 devstack@neutron-api.service[103068]: DEBUG neutron_lib.callbacks.manager [None req-09147caf-97aa-4dad-a4bb-2b5f86dfc040 None None] Subscribe: > floatingip after_status_update 55550000, False {{(pid=103068) subscribe /opt/stack/data/venv/lib/python3.12/site-packages/neutron_lib/callbacks/manager.py:52}}
May 14 10:21:15.753794 np0000174126 devstack@neutron-api.service[103069]: DEBUG neutron.api.extensions [None req-ce6cebdc-be79-4c65-889b-0d2ebf0d7352 None None] Loading extension file: extraroute_atomic.py {{(pid=103069) _load_all_extensions_from_path /opt/stack/neutron/neutron/api/extensions.py:449}}
May 14 10:21:15.753863 np0000174126 devstack@neutron-api.service[103068]: DEBUG neutron_lib.callbacks.manager [None req-09147caf-97aa-4dad-a4bb-2b5f86dfc040 None None] Subscribe: > floatingip after_update 55550000, False {{(pid=103068) subscribe /opt/stack/data/venv/lib/python3.12/site-packages/neutron_lib/callbacks/manager.py:52}}
May 14 10:21:15.753894 np0000174126 devstack@neutron-api.service[103067]: DEBUG neutron_lib.callbacks.manager [None req-804c892d-7ed1-4258-9806-0db3c8dad1b9 None None] Subscribe: > port after_create 55550000, False {{(pid=103067) subscribe /opt/stack/data/venv/lib/python3.12/site-packages/neutron_lib/callbacks/manager.py:52}}
May 14 10:21:15.753965 np0000174126 devstack@neutron-api.service[103068]: DEBUG neutron_lib.callbacks.manager [None req-09147caf-97aa-4dad-a4bb-2b5f86dfc040 None None] Subscribe: > port_forwarding after_create 55550000, False {{(pid=103068) subscribe /opt/stack/data/venv/lib/python3.12/site-packages/neutron_lib/callbacks/manager.py:52}}
May 14 10:21:15.754018 np0000174126 devstack@neutron-api.service[103067]: DEBUG neutron_lib.callbacks.manager [None req-804c892d-7ed1-4258-9806-0db3c8dad1b9 None None] Subscribe: > port after_update 55550000, False {{(pid=103067) subscribe /opt/stack/data/venv/lib/python3.12/site-packages/neutron_lib/callbacks/manager.py:52}}
May 14 10:21:15.754085 np0000174126 devstack@neutron-api.service[103069]: DEBUG neutron.api.extensions [None req-ce6cebdc-be79-4c65-889b-0d2ebf0d7352 None None] Ext name="Atomically add/remove extra routes" alias="extraroute-atomic" description="Edit extra routes of a router on server side by atomically adding/removing extra routes" updated="2019-07-10T00:00:00+00:00" {{(pid=103069) _check_extension /opt/stack/neutron/neutron/api/extensions.py:415}}
May 14 10:21:15.754120 np0000174126 devstack@neutron-api.service[103068]: DEBUG neutron_lib.callbacks.manager [None req-09147caf-97aa-4dad-a4bb-2b5f86dfc040 None None] Subscribe: > router_interface after_delete 55550000, False {{(pid=103068) subscribe /opt/stack/data/venv/lib/python3.12/site-packages/neutron_lib/callbacks/manager.py:52}}
May 14 10:21:15.754157 np0000174126 devstack@neutron-api.service[103067]: DEBUG neutron_lib.callbacks.manager [None req-804c892d-7ed1-4258-9806-0db3c8dad1b9 None None] Subscribe: > port after_delete 55550000, False {{(pid=103067) subscribe /opt/stack/data/venv/lib/python3.12/site-packages/neutron_lib/callbacks/manager.py:52}}
May 14 10:21:15.754190 np0000174126 devstack@neutron-api.service[103068]: DEBUG neutron_lib.callbacks.manager [None req-09147caf-97aa-4dad-a4bb-2b5f86dfc040 None None] Subscribe: > router after_create 55550000, False {{(pid=103068) subscribe /opt/stack/data/venv/lib/python3.12/site-packages/neutron_lib/callbacks/manager.py:52}}
May 14 10:21:15.754216 np0000174126 devstack@neutron-api.service[103069]: INFO neutron.api.extensions [None req-ce6cebdc-be79-4c65-889b-0d2ebf0d7352 None None] Loaded extension: extraroute-atomic
May 14 10:21:15.754247 np0000174126 devstack@neutron-api.service[103067]: DEBUG neutron_lib.callbacks.manager [None req-804c892d-7ed1-4258-9806-0db3c8dad1b9 None None] Subscribe: > subnet after_create 55550000, False {{(pid=103067) subscribe /opt/stack/data/venv/lib/python3.12/site-packages/neutron_lib/callbacks/manager.py:52}}
May 14 10:21:15.754280 np0000174126 devstack@neutron-api.service[103068]: DEBUG neutron_lib.callbacks.manager [None req-09147caf-97aa-4dad-a4bb-2b5f86dfc040 None None] Subscribe: > router precommit_create 55550000, False {{(pid=103068) subscribe /opt/stack/data/venv/lib/python3.12/site-packages/neutron_lib/callbacks/manager.py:52}}
May 14 10:21:15.754312 np0000174126 devstack@neutron-api.service[103069]: DEBUG neutron.api.extensions [None req-ce6cebdc-be79-4c65-889b-0d2ebf0d7352 None None] Loading extension file: filter_validation.py {{(pid=103069) _load_all_extensions_from_path /opt/stack/neutron/neutron/api/extensions.py:449}}
May 14 10:21:15.754339 np0000174126 devstack@neutron-api.service[103067]: DEBUG neutron_lib.callbacks.manager [None req-804c892d-7ed1-4258-9806-0db3c8dad1b9 None None] Subscribe: > subnet after_update 55550000, False {{(pid=103067) subscribe /opt/stack/data/venv/lib/python3.12/site-packages/neutron_lib/callbacks/manager.py:52}}
May 14 10:21:15.754391 np0000174126 devstack@neutron-api.service[103068]: DEBUG neutron_lib.callbacks.manager [None req-09147caf-97aa-4dad-a4bb-2b5f86dfc040 None None] Subscribe: > router after_delete 55550000, False {{(pid=103068) subscribe /opt/stack/data/venv/lib/python3.12/site-packages/neutron_lib/callbacks/manager.py:52}}
May 14 10:21:15.754446 np0000174126 devstack@neutron-api.service[103067]: DEBUG neutron_lib.callbacks.manager [None req-804c892d-7ed1-4258-9806-0db3c8dad1b9 None None] Subscribe: > subnet after_delete 55550000, False {{(pid=103067) subscribe /opt/stack/data/venv/lib/python3.12/site-packages/neutron_lib/callbacks/manager.py:52}}
May 14 10:21:15.754483 np0000174126 devstack@neutron-api.service[103068]: DEBUG neutron_lib.callbacks.manager [None req-09147caf-97aa-4dad-a4bb-2b5f86dfc040 None None] Subscribe: > router after_update 55550000, False {{(pid=103068) subscribe /opt/stack/data/venv/lib/python3.12/site-packages/neutron_lib/callbacks/manager.py:52}}
May 14 10:21:15.754612 np0000174126 devstack@neutron-api.service[103067]: DEBUG neutron_lib.callbacks.manager [None req-804c892d-7ed1-4258-9806-0db3c8dad1b9 None None] Subscribe: > network after_create 55550000, False {{(pid=103067) subscribe /opt/stack/data/venv/lib/python3.12/site-packages/neutron_lib/callbacks/manager.py:52}}
May 14 10:21:15.754657 np0000174126 devstack@neutron-api.service[103068]: DEBUG neutron.services.service_base [None req-09147caf-97aa-4dad-a4bb-2b5f86dfc040 None None] Loaded 'neutron.services.ovn_l3.service_providers.ovn.OvnDriver' provider for service L3_ROUTER_NAT {{(pid=103068) load_drivers /opt/stack/neutron/neutron/services/service_base.py:49}}
May 14 10:21:15.754684 np0000174126 devstack@neutron-api.service[103069]: DEBUG neutron.api.extensions [None req-ce6cebdc-be79-4c65-889b-0d2ebf0d7352 None None] Ext name="Filter parameters validation" alias="filter-validation" description="Provides validation on filter parameters." updated="2018-07-04T10:00:00-00:00" {{(pid=103069) _check_extension /opt/stack/neutron/neutron/api/extensions.py:415}}
May 14 10:21:15.754715 np0000174126 devstack@neutron-api.service[103067]: DEBUG neutron_lib.callbacks.manager [None req-804c892d-7ed1-4258-9806-0db3c8dad1b9 None None] Subscribe: > network after_update 55550000, False {{(pid=103067) subscribe /opt/stack/data/venv/lib/python3.12/site-packages/neutron_lib/callbacks/manager.py:52}}
May 14 10:21:15.754742 np0000174126 devstack@neutron-api.service[103068]: DEBUG neutron_lib.callbacks.manager [None req-09147caf-97aa-4dad-a4bb-2b5f86dfc040 None None] Subscribe: > process after_init 55550001, True {{(pid=103068) subscribe /opt/stack/data/venv/lib/python3.12/site-packages/neutron_lib/callbacks/manager.py:52}}
May 14 10:21:15.754772 np0000174126 devstack@neutron-api.service[103067]: DEBUG neutron_lib.callbacks.manager [None req-804c892d-7ed1-4258-9806-0db3c8dad1b9 None None] Subscribe: > network after_delete 55550000, False {{(pid=103067) subscribe /opt/stack/data/venv/lib/python3.12/site-packages/neutron_lib/callbacks/manager.py:52}}
May 14 10:21:15.754816 np0000174126 devstack@neutron-api.service[103068]: DEBUG neutron.manager [None req-09147caf-97aa-4dad-a4bb-2b5f86dfc040 None None] Successfully loaded L3_ROUTER_NAT plugin. Description: L3 Router Service Plugin for basic L3 forwarding using OVN {{(pid=103068) _create_and_add_service_plugin /opt/stack/neutron/neutron/manager.py:239}}
May 14 10:21:15.754859 np0000174126 devstack@neutron-api.service[103067]: DEBUG neutron_lib.callbacks.manager [None req-804c892d-7ed1-4258-9806-0db3c8dad1b9 None None] Subscribe: > security_group after_create 55550000, False {{(pid=103067) subscribe /opt/stack/data/venv/lib/python3.12/site-packages/neutron_lib/callbacks/manager.py:52}}
May 14 10:21:15.754892 np0000174126 devstack@neutron-api.service[103069]: INFO neutron.api.extensions [None req-ce6cebdc-be79-4c65-889b-0d2ebf0d7352 None None] Loaded extension: filter-validation
May 14 10:21:15.754919 np0000174126 devstack@neutron-api.service[103068]: INFO neutron.manager [None req-09147caf-97aa-4dad-a4bb-2b5f86dfc040 None None] Loading Plugin: auto_allocate
May 14 10:21:15.754948 np0000174126 devstack@neutron-api.service[103069]: DEBUG neutron.api.extensions [None req-ce6cebdc-be79-4c65-889b-0d2ebf0d7352 None None] Loading extension file: fip_pf_description.py {{(pid=103069) _load_all_extensions_from_path /opt/stack/neutron/neutron/api/extensions.py:449}}
May 14 10:21:15.754979 np0000174126 devstack@neutron-api.service[103067]: DEBUG neutron_lib.callbacks.manager [None req-804c892d-7ed1-4258-9806-0db3c8dad1b9 None None] Subscribe: > security_group after_update 55550000, False {{(pid=103067) subscribe /opt/stack/data/venv/lib/python3.12/site-packages/neutron_lib/callbacks/manager.py:52}}
May 14 10:21:15.755027 np0000174126 devstack@neutron-api.service[103067]: DEBUG neutron_lib.callbacks.manager [None req-804c892d-7ed1-4258-9806-0db3c8dad1b9 None None] Subscribe: > security_group after_delete 55550000, False {{(pid=103067) subscribe /opt/stack/data/venv/lib/python3.12/site-packages/neutron_lib/callbacks/manager.py:52}}
May 14 10:21:15.755152 np0000174126 devstack@neutron-api.service[103067]: DEBUG neutron_lib.callbacks.manager [None req-804c892d-7ed1-4258-9806-0db3c8dad1b9 None None] Subscribe: > security_group_rule after_create 55550000, False {{(pid=103067) subscribe /opt/stack/data/venv/lib/python3.12/site-packages/neutron_lib/callbacks/manager.py:52}}
May 14 10:21:15.755210 np0000174126 devstack@neutron-api.service[103069]: DEBUG neutron.api.extensions [None req-ce6cebdc-be79-4c65-889b-0d2ebf0d7352 None None] Ext name="Floating IP Port Forwarding new attribute description" alias="floating-ip-port-forwarding-description" description="Add a description field to Port Forwarding rules" updated="2019-11-01T10:00:00-00:00" {{(pid=103069) _check_extension /opt/stack/neutron/neutron/api/extensions.py:415}}
May 14 10:21:15.755255 np0000174126 devstack@neutron-api.service[103067]: DEBUG neutron_lib.callbacks.manager [None req-804c892d-7ed1-4258-9806-0db3c8dad1b9 None None] Subscribe: > security_group_rule after_update 55550000, False {{(pid=103067) subscribe /opt/stack/data/venv/lib/python3.12/site-packages/neutron_lib/callbacks/manager.py:52}}
May 14 10:21:15.755336 np0000174126 devstack@neutron-api.service[103069]: INFO neutron.api.extensions [None req-ce6cebdc-be79-4c65-889b-0d2ebf0d7352 None None] Extension floating-ip-port-forwarding-description not supported by any of loaded plugins
May 14 10:21:15.755389 np0000174126 devstack@neutron-api.service[103067]: DEBUG neutron_lib.callbacks.manager [None req-804c892d-7ed1-4258-9806-0db3c8dad1b9 None None] Subscribe: > security_group_rule after_delete 55550000, False {{(pid=103067) subscribe /opt/stack/data/venv/lib/python3.12/site-packages/neutron_lib/callbacks/manager.py:52}}
May 14 10:21:15.755433 np0000174126 devstack@neutron-api.service[103069]: DEBUG neutron.api.extensions [None req-ce6cebdc-be79-4c65-889b-0d2ebf0d7352 None None] Loading extension file: fip_pf_detail.py {{(pid=103069) _load_all_extensions_from_path /opt/stack/neutron/neutron/api/extensions.py:449}}
May 14 10:21:15.755463 np0000174126 devstack@neutron-api.service[103067]: DEBUG neutron_lib.callbacks.manager [None req-804c892d-7ed1-4258-9806-0db3c8dad1b9 None None] Subscribe: > address_group after_create 55550000, False {{(pid=103067) subscribe /opt/stack/data/venv/lib/python3.12/site-packages/neutron_lib/callbacks/manager.py:52}}
May 14 10:21:15.755619 np0000174126 devstack@neutron-api.service[103067]: DEBUG neutron_lib.callbacks.manager [None req-804c892d-7ed1-4258-9806-0db3c8dad1b9 None None] Subscribe: > address_group after_update 55550000, False {{(pid=103067) subscribe /opt/stack/data/venv/lib/python3.12/site-packages/neutron_lib/callbacks/manager.py:52}}
May 14 10:21:15.755688 np0000174126 devstack@neutron-api.service[103069]: DEBUG neutron.api.extensions [None req-ce6cebdc-be79-4c65-889b-0d2ebf0d7352 None None] Ext name="Floating IP port forwarding detail" alias="floating-ip-port-forwarding-detail" description="Allow list floating ip return more port forwarding data, include'id' and 'internal_port_id'" updated="2022-05-06T10:00:00-00:00" {{(pid=103069) _check_extension /opt/stack/neutron/neutron/api/extensions.py:415}}
May 14 10:21:15.755751 np0000174126 devstack@neutron-api.service[103067]: DEBUG neutron_lib.callbacks.manager [None req-804c892d-7ed1-4258-9806-0db3c8dad1b9 None None] Subscribe: > address_group after_delete 55550000, False {{(pid=103067) subscribe /opt/stack/data/venv/lib/python3.12/site-packages/neutron_lib/callbacks/manager.py:52}}
May 14 10:21:15.755822 np0000174126 devstack@neutron-api.service[103067]: DEBUG neutron.plugins.ml2.ovo_rpc [None req-804c892d-7ed1-4258-9806-0db3c8dad1b9 None None] ML2 OVO RPC backend initialized. {{(pid=103067) __init__ /opt/stack/neutron/neutron/plugins/ml2/ovo_rpc.py:117}}
May 14 10:21:15.755855 np0000174126 devstack@neutron-api.service[103069]: INFO neutron.api.extensions [None req-ce6cebdc-be79-4c65-889b-0d2ebf0d7352 None None] Loaded extension: floating-ip-port-forwarding-detail
May 14 10:21:15.755919 np0000174126 devstack@neutron-api.service[103069]: DEBUG neutron.api.extensions [None req-ce6cebdc-be79-4c65-889b-0d2ebf0d7352 None None] Loading extension file: fip_pf_port_range.py {{(pid=103069) _load_all_extensions_from_path /opt/stack/neutron/neutron/api/extensions.py:449}}
May 14 10:21:15.755963 np0000174126 devstack@neutron-api.service[103068]: DEBUG neutron_lib.callbacks.manager [None req-09147caf-97aa-4dad-a4bb-2b5f86dfc040 None None] Subscribe: network precommit_update 55550000, False {{(pid=103068) subscribe /opt/stack/data/venv/lib/python3.12/site-packages/neutron_lib/callbacks/manager.py:52}}
May 14 10:21:15.756130 np0000174126 devstack@neutron-api.service[103068]: DEBUG neutron_lib.callbacks.manager [None req-09147caf-97aa-4dad-a4bb-2b5f86dfc040 None None] Subscribe: network precommit_create 55550000, False {{(pid=103068) subscribe /opt/stack/data/venv/lib/python3.12/site-packages/neutron_lib/callbacks/manager.py:52}}
May 14 10:21:15.756190 np0000174126 devstack@neutron-api.service[103069]: DEBUG neutron.api.extensions [None req-ce6cebdc-be79-4c65-889b-0d2ebf0d7352 None None] Ext name="Floating IP Port Forwarding support port ranges" alias="floating-ip-port-forwarding-port-ranges" description="Add support to port ranges" updated="2020-07-01T10:00:00-00:00" {{(pid=103069) _check_extension /opt/stack/neutron/neutron/api/extensions.py:415}}
May 14 10:21:15.756323 np0000174126 devstack@neutron-api.service[103069]: INFO neutron.api.extensions [None req-ce6cebdc-be79-4c65-889b-0d2ebf0d7352 None None] Extension floating-ip-port-forwarding-port-ranges not supported by any of loaded plugins
May 14 10:21:15.756413 np0000174126 devstack@neutron-api.service[103069]: DEBUG neutron.api.extensions [None req-ce6cebdc-be79-4c65-889b-0d2ebf0d7352 None None] Loading extension file: fip_port_details.py {{(pid=103069) _load_all_extensions_from_path /opt/stack/neutron/neutron/api/extensions.py:449}}
May 14 10:21:15.756445 np0000174126 devstack@neutron-api.service[103068]: DEBUG neutron.manager [None req-09147caf-97aa-4dad-a4bb-2b5f86dfc040 None None] Successfully loaded auto-allocated-topology plugin. Description: Auto Allocated Topology - aka get me a network. {{(pid=103068) _create_and_add_service_plugin /opt/stack/neutron/neutron/manager.py:239}}
May 14 10:21:15.756527 np0000174126 devstack@neutron-api.service[103068]: INFO neutron.manager [None req-09147caf-97aa-4dad-a4bb-2b5f86dfc040 None None] Loading Plugin: tag
May 14 10:21:15.756659 np0000174126 devstack@neutron-api.service[103067]: INFO neutron.quota [None req-804c892d-7ed1-4258-9806-0db3c8dad1b9 None None] Loaded quota_driver: .
May 14 10:21:15.756753 np0000174126 devstack@neutron-api.service[103069]: DEBUG neutron.api.extensions [None req-ce6cebdc-be79-4c65-889b-0d2ebf0d7352 None None] Ext name="Floating IP Port Details Extension" alias="fip-port-details" description="Add port_details attribute to Floating IP resource" updated="2018-04-09T10:00:00-00:00" {{(pid=103069) _check_extension /opt/stack/neutron/neutron/api/extensions.py:415}}
May 14 10:21:15.756787 np0000174126 devstack@neutron-api.service[103067]: INFO neutron.plugins.ml2.plugin [None req-804c892d-7ed1-4258-9806-0db3c8dad1b9 None None] Modular L2 Plugin initialization complete
May 14 10:21:15.756908 np0000174126 devstack@neutron-api.service[103067]: DEBUG neutron.manager [None req-804c892d-7ed1-4258-9806-0db3c8dad1b9 None None] Loading services supported by the core plugin {{(pid=103067) _load_services_from_core_plugin /opt/stack/neutron/neutron/manager.py:170}}
May 14 10:21:15.756941 np0000174126 devstack@neutron-api.service[103069]: INFO neutron.api.extensions [None req-ce6cebdc-be79-4c65-889b-0d2ebf0d7352 None None] Loaded extension: fip-port-details
May 14 10:21:15.757016 np0000174126 devstack@neutron-api.service[103069]: DEBUG neutron.api.extensions [None req-ce6cebdc-be79-4c65-889b-0d2ebf0d7352 None None] Loading extension file: flavors.py {{(pid=103069) _load_all_extensions_from_path /opt/stack/neutron/neutron/api/extensions.py:449}}
May 14 10:21:15.757082 np0000174126 devstack@neutron-api.service[103067]: INFO neutron.plugins.ml2.managers [None req-804c892d-7ed1-4258-9806-0db3c8dad1b9 None None] Got port-security extension from driver 'port_security'
May 14 10:21:15.757296 np0000174126 devstack@neutron-api.service[103069]: DEBUG neutron.api.extensions [None req-ce6cebdc-be79-4c65-889b-0d2ebf0d7352 None None] Ext name="Neutron Service Flavors" alias="flavors" description="Flavor specification for Neutron advanced services." updated="2015-09-17T10:00:00-00:00" {{(pid=103069) _check_extension /opt/stack/neutron/neutron/api/extensions.py:415}}
May 14 10:21:15.757367 np0000174126 devstack@neutron-api.service[103067]: DEBUG neutron.manager [None req-804c892d-7ed1-4258-9806-0db3c8dad1b9 None None] Loading service plugins: ['ovn-router', 'auto_allocate', 'tag', 'timestamp', 'network_ip_availability', 'flavors', 'revisions'] {{(pid=103067) _load_service_plugins /opt/stack/neutron/neutron/manager.py:195}}
May 14 10:21:15.757457 np0000174126 devstack@neutron-api.service[103067]: INFO neutron.manager [None req-804c892d-7ed1-4258-9806-0db3c8dad1b9 None None] Loading Plugin: ovn-router
May 14 10:21:15.757490 np0000174126 devstack@neutron-api.service[103069]: INFO neutron.api.extensions [None req-ce6cebdc-be79-4c65-889b-0d2ebf0d7352 None None] Loaded extension: flavors
May 14 10:21:15.757552 np0000174126 devstack@neutron-api.service[103069]: DEBUG neutron.api.extensions [None req-ce6cebdc-be79-4c65-889b-0d2ebf0d7352 None None] Loading extension file: floating_ip_port_forwarding.py {{(pid=103069) _load_all_extensions_from_path /opt/stack/neutron/neutron/api/extensions.py:449}}
May 14 10:21:15.757923 np0000174126 devstack@neutron-api.service[103069]: DEBUG neutron.api.extensions [None req-ce6cebdc-be79-4c65-889b-0d2ebf0d7352 None None] Ext name="Floating IP Port Forwarding" alias="floating-ip-port-forwarding" description="Allow port forwarding from floating IP port to an internal port" updated="2018-01-19T10:00:00-00:00" {{(pid=103069) _check_extension /opt/stack/neutron/neutron/api/extensions.py:415}}
May 14 10:21:15.758113 np0000174126 devstack@neutron-api.service[103069]: INFO neutron.api.extensions [None req-ce6cebdc-be79-4c65-889b-0d2ebf0d7352 None None] Extension floating-ip-port-forwarding not supported by any of loaded plugins
May 14 10:21:15.758212 np0000174126 devstack@neutron-api.service[103069]: DEBUG neutron.api.extensions [None req-ce6cebdc-be79-4c65-889b-0d2ebf0d7352 None None] Loading extension file: floatingip_pools.py {{(pid=103069) _load_all_extensions_from_path /opt/stack/neutron/neutron/api/extensions.py:449}}
May 14 10:21:15.758491 np0000174126 devstack@neutron-api.service[103069]: DEBUG neutron.api.extensions [None req-ce6cebdc-be79-4c65-889b-0d2ebf0d7352 None None] Ext name="Floating IP Pools Extension" alias="floatingip-pools" description="Provides a floating IP pools API." updated="2018-03-21T10:00:00-00:00" {{(pid=103069) _check_extension /opt/stack/neutron/neutron/api/extensions.py:415}}
May 14 10:21:15.758659 np0000174126 devstack@neutron-api.service[103069]: INFO neutron.api.extensions [None req-ce6cebdc-be79-4c65-889b-0d2ebf0d7352 None None] Loaded extension: floatingip-pools
May 14 10:21:15.758751 np0000174126 devstack@neutron-api.service[103069]: DEBUG neutron.api.extensions [None req-ce6cebdc-be79-4c65-889b-0d2ebf0d7352 None None] Loading extension file: ip_allocation.py {{(pid=103069) _load_all_extensions_from_path /opt/stack/neutron/neutron/api/extensions.py:449}}
May 14 10:21:15.759102 np0000174126 devstack@neutron-api.service[103069]: DEBUG neutron.api.extensions [None req-ce6cebdc-be79-4c65-889b-0d2ebf0d7352 None None] Ext name="IP Allocation" alias="ip_allocation" description="IP allocation extension." updated="2016-06-10T23:00:00-00:00" {{(pid=103069) _check_extension /opt/stack/neutron/neutron/api/extensions.py:415}}
May 14 10:21:15.759269 np0000174126 devstack@neutron-api.service[103069]: INFO neutron.api.extensions [None req-ce6cebdc-be79-4c65-889b-0d2ebf0d7352 None None] Extension ip_allocation not supported by any of loaded plugins
May 14 10:21:15.759361 np0000174126 devstack@neutron-api.service[103069]: DEBUG neutron.api.extensions [None req-ce6cebdc-be79-4c65-889b-0d2ebf0d7352 None None] Loading extension file: ip_substring_port_filtering.py {{(pid=103069) _load_all_extensions_from_path /opt/stack/neutron/neutron/api/extensions.py:449}}
May 14 10:21:15.759638 np0000174126 devstack@neutron-api.service[103069]: DEBUG neutron.api.extensions [None req-ce6cebdc-be79-4c65-889b-0d2ebf0d7352 None None] Ext name="IP address substring filtering" alias="ip-substring-filtering" description="Provides IP address substring filtering when listing ports" updated="2017-11-28T09:00:00-00:00" {{(pid=103069) _check_extension /opt/stack/neutron/neutron/api/extensions.py:415}}
May 14 10:21:15.759678 np0000174126 devstack@neutron-api.service[103068]: DEBUG neutron.manager [None req-09147caf-97aa-4dad-a4bb-2b5f86dfc040 None None] Successfully loaded TAG plugin. Description: Tag support {{(pid=103068) _create_and_add_service_plugin /opt/stack/neutron/neutron/manager.py:239}}
May 14 10:21:15.759743 np0000174126 devstack@neutron-api.service[103068]: INFO neutron.manager [None req-09147caf-97aa-4dad-a4bb-2b5f86dfc040 None None] Loading Plugin: timestamp
May 14 10:21:15.759807 np0000174126 devstack@neutron-api.service[103069]: INFO neutron.api.extensions [None req-ce6cebdc-be79-4c65-889b-0d2ebf0d7352 None None] Extension ip-substring-filtering not supported by any of loaded plugins
May 14 10:21:15.759898 np0000174126 devstack@neutron-api.service[103069]: DEBUG neutron.api.extensions [None req-ce6cebdc-be79-4c65-889b-0d2ebf0d7352 None None] Loading extension file: l2_adjacency.py {{(pid=103069) _load_all_extensions_from_path /opt/stack/neutron/neutron/api/extensions.py:449}}
May 14 10:21:15.760142 np0000174126 devstack@neutron-api.service[103069]: DEBUG neutron.api.extensions [None req-ce6cebdc-be79-4c65-889b-0d2ebf0d7352 None None] Ext name="L2 Adjacency" alias="l2_adjacency" description="Display L2 Adjacency for Neutron Networks." updated="2016-04-12T16:00:00-00:00" {{(pid=103069) _check_extension /opt/stack/neutron/neutron/api/extensions.py:415}}
May 14 10:21:15.760314 np0000174126 devstack@neutron-api.service[103069]: INFO neutron.api.extensions [None req-ce6cebdc-be79-4c65-889b-0d2ebf0d7352 None None] Extension l2_adjacency not supported by any of loaded plugins
May 14 10:21:15.760400 np0000174126 devstack@neutron-api.service[103069]: DEBUG neutron.api.extensions [None req-ce6cebdc-be79-4c65-889b-0d2ebf0d7352 None None] Loading extension file: l3.py {{(pid=103069) _load_all_extensions_from_path /opt/stack/neutron/neutron/api/extensions.py:449}}
May 14 10:21:15.760810 np0000174126 devstack@neutron-api.service[103069]: DEBUG neutron.api.extensions [None req-ce6cebdc-be79-4c65-889b-0d2ebf0d7352 None None] Ext name="Neutron L3 Router" alias="router" description="Router abstraction for basic L3 forwarding between L2 Neutron networks and access to external networks via a NAT gateway." updated="2012-07-20T10:00:00-00:00" {{(pid=103069) _check_extension /opt/stack/neutron/neutron/api/extensions.py:415}}
May 14 10:21:15.760985 np0000174126 devstack@neutron-api.service[103069]: INFO neutron.api.extensions [None req-ce6cebdc-be79-4c65-889b-0d2ebf0d7352 None None] Loaded extension: router
May 14 10:21:15.761021 np0000174126 devstack@neutron-api.service[103068]: DEBUG neutron.manager [None req-09147caf-97aa-4dad-a4bb-2b5f86dfc040 None None] Successfully loaded timestamp plugin. Description: Adds timestamps to Neutron resources with standard attributes {{(pid=103068) _create_and_add_service_plugin /opt/stack/neutron/neutron/manager.py:239}}
May 14 10:21:15.761089 np0000174126 devstack@neutron-api.service[103069]: DEBUG neutron.api.extensions [None req-ce6cebdc-be79-4c65-889b-0d2ebf0d7352 None None] Loading extension file: l3_conntrack_helper.py {{(pid=103069) _load_all_extensions_from_path /opt/stack/neutron/neutron/api/extensions.py:449}}
May 14 10:21:15.761139 np0000174126 devstack@neutron-api.service[103068]: INFO neutron.manager [None req-09147caf-97aa-4dad-a4bb-2b5f86dfc040 None None] Loading Plugin: network_ip_availability
May 14 10:21:15.761720 np0000174126 devstack@neutron-api.service[103069]: DEBUG neutron.api.extensions [None req-ce6cebdc-be79-4c65-889b-0d2ebf0d7352 None None] Ext name="L3 Conntrack helper" alias="l3-conntrack-helper" description="Allow adding CT target rules for conntrack helper" updated="2019-04-04T10:00:00-00:00" {{(pid=103069) _check_extension /opt/stack/neutron/neutron/api/extensions.py:415}}
May 14 10:21:15.761894 np0000174126 devstack@neutron-api.service[103069]: INFO neutron.api.extensions [None req-ce6cebdc-be79-4c65-889b-0d2ebf0d7352 None None] Extension l3-conntrack-helper not supported by any of loaded plugins
May 14 10:21:15.761989 np0000174126 devstack@neutron-api.service[103069]: DEBUG neutron.api.extensions [None req-ce6cebdc-be79-4c65-889b-0d2ebf0d7352 None None] Loading extension file: l3_enable_default_route_bfd.py {{(pid=103069) _load_all_extensions_from_path /opt/stack/neutron/neutron/api/extensions.py:449}}
May 14 10:21:15.762260 np0000174126 devstack@neutron-api.service[103069]: DEBUG neutron.api.extensions [None req-ce6cebdc-be79-4c65-889b-0d2ebf0d7352 None None] Ext name="Enable Default Route BFD" alias="enable-default-route-bfd" description="Enables configurable BFD behavior for default routes" updated="2023-02-27T00:00:00-00:00" {{(pid=103069) _check_extension /opt/stack/neutron/neutron/api/extensions.py:415}}
May 14 10:21:15.762442 np0000174126 devstack@neutron-api.service[103069]: INFO neutron.api.extensions [None req-ce6cebdc-be79-4c65-889b-0d2ebf0d7352 None None] Loaded extension: enable-default-route-bfd
May 14 10:21:15.762518 np0000174126 devstack@neutron-api.service[103069]: DEBUG neutron.api.extensions [None req-ce6cebdc-be79-4c65-889b-0d2ebf0d7352 None None] Loading extension file: l3_enable_default_route_ecmp.py {{(pid=103069) _load_all_extensions_from_path /opt/stack/neutron/neutron/api/extensions.py:449}}
May 14 10:21:15.762667 np0000174126 devstack@neutron-api.service[103068]: DEBUG neutron.manager [None req-09147caf-97aa-4dad-a4bb-2b5f86dfc040 None None] Successfully loaded network-ip-availability plugin. Description: Provides IP availability data for each network and subnet. {{(pid=103068) _create_and_add_service_plugin /opt/stack/neutron/neutron/manager.py:239}}
May 14 10:21:15.762752 np0000174126 devstack@neutron-api.service[103069]: DEBUG neutron.api.extensions [None req-ce6cebdc-be79-4c65-889b-0d2ebf0d7352 None None] Ext name="Enable Default Route ECMP" alias="enable-default-route-ecmp" description="Enables configurable ECMP behavior for default routes" updated="2023-02-27T00:00:00-00:00" {{(pid=103069) _check_extension /opt/stack/neutron/neutron/api/extensions.py:415}}
May 14 10:21:15.762786 np0000174126 devstack@neutron-api.service[103068]: INFO neutron.manager [None req-09147caf-97aa-4dad-a4bb-2b5f86dfc040 None None] Loading Plugin: flavors
May 14 10:21:15.762921 np0000174126 devstack@neutron-api.service[103069]: INFO neutron.api.extensions [None req-ce6cebdc-be79-4c65-889b-0d2ebf0d7352 None None] Loaded extension: enable-default-route-ecmp
May 14 10:21:15.763012 np0000174126 devstack@neutron-api.service[103069]: DEBUG neutron.api.extensions [None req-ce6cebdc-be79-4c65-889b-0d2ebf0d7352 None None] Loading extension file: l3_ext_gw_mode.py {{(pid=103069) _load_all_extensions_from_path /opt/stack/neutron/neutron/api/extensions.py:449}}
May 14 10:21:15.763267 np0000174126 devstack@neutron-api.service[103069]: DEBUG neutron.api.extensions [None req-ce6cebdc-be79-4c65-889b-0d2ebf0d7352 None None] Ext name="Neutron L3 Configurable external gateway mode" alias="ext-gw-mode" description="Extension of the router abstraction for specifying whether SNAT should occur on the external gateway" updated="2013-03-28T10:00:00-00:00" {{(pid=103069) _check_extension /opt/stack/neutron/neutron/api/extensions.py:415}}
May 14 10:21:15.763420 np0000174126 devstack@neutron-api.service[103069]: INFO neutron.api.extensions [None req-ce6cebdc-be79-4c65-889b-0d2ebf0d7352 None None] Loaded extension: ext-gw-mode
May 14 10:21:15.763512 np0000174126 devstack@neutron-api.service[103069]: DEBUG neutron.api.extensions [None req-ce6cebdc-be79-4c65-889b-0d2ebf0d7352 None None] Loading extension file: l3_ext_ha_mode.py {{(pid=103069) _load_all_extensions_from_path /opt/stack/neutron/neutron/api/extensions.py:449}}
May 14 10:21:15.763770 np0000174126 devstack@neutron-api.service[103069]: DEBUG neutron.api.extensions [None req-ce6cebdc-be79-4c65-889b-0d2ebf0d7352 None None] Ext name="HA Router extension" alias="l3-ha" description="Adds HA capability to routers." updated="2014-04-26T00:00:00-00:00" {{(pid=103069) _check_extension /opt/stack/neutron/neutron/api/extensions.py:415}}
May 14 10:21:15.763874 np0000174126 devstack@neutron-api.service[103068]: DEBUG neutron.manager [None req-09147caf-97aa-4dad-a4bb-2b5f86dfc040 None None] Successfully loaded FLAVORS plugin. Description: Neutron Flavors and Service Profiles manager plugin {{(pid=103068) _create_and_add_service_plugin /opt/stack/neutron/neutron/manager.py:239}}
May 14 10:21:15.763956 np0000174126 devstack@neutron-api.service[103069]: INFO neutron.api.extensions [None req-ce6cebdc-be79-4c65-889b-0d2ebf0d7352 None None] Loaded extension: l3-ha
May 14 10:21:15.763988 np0000174126 devstack@neutron-api.service[103068]: INFO neutron.manager [None req-09147caf-97aa-4dad-a4bb-2b5f86dfc040 None None] Loading Plugin: revisions
May 14 10:21:15.764019 np0000174126 devstack@neutron-api.service[103069]: DEBUG neutron.api.extensions [None req-ce6cebdc-be79-4c65-889b-0d2ebf0d7352 None None] Loading extension file: l3_ext_ndp_proxy.py {{(pid=103069) _load_all_extensions_from_path /opt/stack/neutron/neutron/api/extensions.py:449}}
May 14 10:21:15.764256 np0000174126 devstack@neutron-api.service[103069]: DEBUG neutron.api.extensions [None req-ce6cebdc-be79-4c65-889b-0d2ebf0d7352 None None] Ext name="Router support to enable NDP proxy" alias="l3-ext-ndp-proxy" description="Router extension to enable ndp proxy" updated="2020-08-25T00:00:00-00:00" {{(pid=103069) _check_extension /opt/stack/neutron/neutron/api/extensions.py:415}}
May 14 10:21:15.764423 np0000174126 devstack@neutron-api.service[103069]: INFO neutron.api.extensions [None req-ce6cebdc-be79-4c65-889b-0d2ebf0d7352 None None] Extension l3-ext-ndp-proxy not supported by any of loaded plugins
May 14 10:21:15.764513 np0000174126 devstack@neutron-api.service[103069]: DEBUG neutron.api.extensions [None req-ce6cebdc-be79-4c65-889b-0d2ebf0d7352 None None] Loading extension file: l3_extra_gws.py {{(pid=103069) _load_all_extensions_from_path /opt/stack/neutron/neutron/api/extensions.py:449}}
May 14 10:21:15.764738 np0000174126 devstack@neutron-api.service[103069]: DEBUG neutron.api.extensions [None req-ce6cebdc-be79-4c65-889b-0d2ebf0d7352 None None] Ext name="Neutron L3 External Gateway Multihoming" alias="external-gateway-multihoming" description="Allow multiple external gateway ports per router" updated="2023-01-18T00:00:00-00:00" {{(pid=103069) _check_extension /opt/stack/neutron/neutron/api/extensions.py:415}}
May 14 10:21:15.764913 np0000174126 devstack@neutron-api.service[103069]: INFO neutron.api.extensions [None req-ce6cebdc-be79-4c65-889b-0d2ebf0d7352 None None] Loaded extension: external-gateway-multihoming
May 14 10:21:15.764989 np0000174126 devstack@neutron-api.service[103068]: DEBUG neutron.manager [None req-09147caf-97aa-4dad-a4bb-2b5f86dfc040 None None] Successfully loaded revision_plugin plugin. Description: Adds revision numbers to resources. {{(pid=103068) _create_and_add_service_plugin /opt/stack/neutron/neutron/manager.py:239}}
May 14 10:21:15.765066 np0000174126 devstack@neutron-api.service[103069]: DEBUG neutron.api.extensions [None req-ce6cebdc-be79-4c65-889b-0d2ebf0d7352 None None] Loading extension file: l3_flavors.py {{(pid=103069) _load_all_extensions_from_path /opt/stack/neutron/neutron/api/extensions.py:449}}
May 14 10:21:15.765147 np0000174126 devstack@neutron-api.service[103068]: DEBUG oslo_concurrency.lockutils [None req-09147caf-97aa-4dad-a4bb-2b5f86dfc040 None None] Lock "manager" "released" by "neutron.manager.NeutronManager._create_instance" :: held 4.846s {{(pid=103068) inner /opt/stack/data/venv/lib/python3.12/site-packages/oslo_concurrency/lockutils.py:538}}
May 14 10:21:15.765235 np0000174126 devstack@neutron-api.service[103069]: DEBUG neutron.api.extensions [None req-ce6cebdc-be79-4c65-889b-0d2ebf0d7352 None None] Ext name="Router Flavor Extension" alias="l3-flavors" description="Flavor support for routers." updated="2016-05-17T00:00:00-00:00" {{(pid=103069) _check_extension /opt/stack/neutron/neutron/api/extensions.py:415}}
May 14 10:21:15.765394 np0000174126 devstack@neutron-api.service[103068]: DEBUG neutron.api.extensions [None req-09147caf-97aa-4dad-a4bb-2b5f86dfc040 None None] get_extension_paths = OrderedDict({'/opt/stack/neutron/neutron/extensions': 1}) {{(pid=103068) get_extensions_path /opt/stack/neutron/neutron/api/extensions.py:640}}
May 14 10:21:15.765464 np0000174126 devstack@neutron-api.service[103069]: INFO neutron.api.extensions [None req-ce6cebdc-be79-4c65-889b-0d2ebf0d7352 None None] Loaded extension: l3-flavors
May 14 10:21:15.765508 np0000174126 devstack@neutron-api.service[103069]: DEBUG neutron.api.extensions [None req-ce6cebdc-be79-4c65-889b-0d2ebf0d7352 None None] Loading extension file: l3_ndp_proxy.py {{(pid=103069) _load_all_extensions_from_path /opt/stack/neutron/neutron/api/extensions.py:449}}
May 14 10:21:15.765552 np0000174126 devstack@neutron-api.service[103068]: INFO neutron.api.extensions [None req-09147caf-97aa-4dad-a4bb-2b5f86dfc040 None None] Initializing extension manager.
May 14 10:21:15.765805 np0000174126 devstack@neutron-api.service[103068]: DEBUG neutron.api.extensions [None req-09147caf-97aa-4dad-a4bb-2b5f86dfc040 None None] Loading extension file: __init__.py {{(pid=103068) _load_all_extensions_from_path /opt/stack/neutron/neutron/api/extensions.py:449}}
May 14 10:21:15.765852 np0000174126 devstack@neutron-api.service[103069]: DEBUG neutron.api.extensions [None req-ce6cebdc-be79-4c65-889b-0d2ebf0d7352 None None] Ext name="name" alias="l3-ndp-proxy" description="description" updated="2021-06-29T10:00:00-00:00" {{(pid=103069) _check_extension /opt/stack/neutron/neutron/api/extensions.py:415}}
May 14 10:21:15.765911 np0000174126 devstack@neutron-api.service[103068]: DEBUG neutron.api.extensions [None req-09147caf-97aa-4dad-a4bb-2b5f86dfc040 None None] Loading extension file: __pycache__ {{(pid=103068) _load_all_extensions_from_path /opt/stack/neutron/neutron/api/extensions.py:449}}
May 14 10:21:15.766011 np0000174126 devstack@neutron-api.service[103068]: DEBUG neutron.api.extensions [None req-09147caf-97aa-4dad-a4bb-2b5f86dfc040 None None] Loading extension file: address_group.py {{(pid=103068) _load_all_extensions_from_path /opt/stack/neutron/neutron/api/extensions.py:449}}
May 14 10:21:15.766123 np0000174126 devstack@neutron-api.service[103069]: INFO neutron.api.extensions [None req-ce6cebdc-be79-4c65-889b-0d2ebf0d7352 None None] Extension l3-ndp-proxy not supported by any of loaded plugins
May 14 10:21:15.766123 np0000174126 devstack@neutron-api.service[103069]: DEBUG neutron.api.extensions [None req-ce6cebdc-be79-4c65-889b-0d2ebf0d7352 None None] Loading extension file: l3_port_ip_change_not_allowed.py {{(pid=103069) _load_all_extensions_from_path /opt/stack/neutron/neutron/api/extensions.py:449}}
May 14 10:21:15.766373 np0000174126 devstack@neutron-api.service[103069]: DEBUG neutron.api.extensions [None req-ce6cebdc-be79-4c65-889b-0d2ebf0d7352 None None] Ext name="Prevent L3 router ports IP address change extension" alias="l3-port-ip-change-not-allowed" description="Prevent change of IP address for some L3 router ports" updated="2018-10-09T10:00:00-00:00" {{(pid=103069) _check_extension /opt/stack/neutron/neutron/api/extensions.py:415}}
May 14 10:21:15.766445 np0000174126 devstack@neutron-api.service[103068]: DEBUG neutron.api.extensions [None req-09147caf-97aa-4dad-a4bb-2b5f86dfc040 None None] Ext name="Address group" alias="address-group" description="Support address group" updated="2020-07-15T10:00:00-00:00" {{(pid=103068) _check_extension /opt/stack/neutron/neutron/api/extensions.py:415}}
May 14 10:21:15.766534 np0000174126 devstack@neutron-api.service[103069]: INFO neutron.api.extensions [None req-ce6cebdc-be79-4c65-889b-0d2ebf0d7352 None None] Extension l3-port-ip-change-not-allowed not supported by any of loaded plugins
May 14 10:21:15.766614 np0000174126 devstack@neutron-api.service[103068]: INFO neutron.api.extensions [None req-09147caf-97aa-4dad-a4bb-2b5f86dfc040 None None] Loaded extension: address-group
May 14 10:21:15.766658 np0000174126 devstack@neutron-api.service[103069]: DEBUG neutron.api.extensions [None req-ce6cebdc-be79-4c65-889b-0d2ebf0d7352 None None] Loading extension file: l3agentscheduler.py {{(pid=103069) _load_all_extensions_from_path /opt/stack/neutron/neutron/api/extensions.py:449}}
May 14 10:21:15.766706 np0000174126 devstack@neutron-api.service[103068]: DEBUG neutron.api.extensions [None req-09147caf-97aa-4dad-a4bb-2b5f86dfc040 None None] Loading extension file: address_scope.py {{(pid=103068) _load_all_extensions_from_path /opt/stack/neutron/neutron/api/extensions.py:449}}
May 14 10:21:15.767016 np0000174126 devstack@neutron-api.service[103068]: DEBUG neutron.api.extensions [None req-09147caf-97aa-4dad-a4bb-2b5f86dfc040 None None] Ext name="Address scope" alias="address-scope" description="Address scopes extension." updated="2015-07-26T10:00:00-00:00" {{(pid=103068) _check_extension /opt/stack/neutron/neutron/api/extensions.py:415}}
May 14 10:21:15.767219 np0000174126 devstack@neutron-api.service[103069]: DEBUG neutron.api.extensions [None req-ce6cebdc-be79-4c65-889b-0d2ebf0d7352 None None] Ext name="L3 Agent Scheduler" alias="l3_agent_scheduler" description="Schedule routers among l3 agents" updated="2013-02-07T10:00:00-00:00" {{(pid=103069) _check_extension /opt/stack/neutron/neutron/api/extensions.py:415}}
May 14 10:21:15.767273 np0000174126 devstack@neutron-api.service[103068]: INFO neutron.api.extensions [None req-09147caf-97aa-4dad-a4bb-2b5f86dfc040 None None] Loaded extension: address-scope
May 14 10:21:15.767321 np0000174126 devstack@neutron-api.service[103068]: DEBUG neutron.api.extensions [None req-09147caf-97aa-4dad-a4bb-2b5f86dfc040 None None] Loading extension file: admin_state_down_before_update.py {{(pid=103068) _load_all_extensions_from_path /opt/stack/neutron/neutron/api/extensions.py:449}}
May 14 10:21:15.767368 np0000174126 devstack@neutron-api.service[103069]: INFO neutron.api.extensions [None req-ce6cebdc-be79-4c65-889b-0d2ebf0d7352 None None] Extension l3_agent_scheduler not supported by any of loaded plugins
May 14 10:21:15.767477 np0000174126 devstack@neutron-api.service[103069]: DEBUG neutron.api.extensions [None req-ce6cebdc-be79-4c65-889b-0d2ebf0d7352 None None] Loading extension file: local_ip.py {{(pid=103069) _load_all_extensions_from_path /opt/stack/neutron/neutron/api/extensions.py:449}}
May 14 10:21:15.767533 np0000174126 devstack@neutron-api.service[103068]: DEBUG neutron.api.extensions [None req-09147caf-97aa-4dad-a4bb-2b5f86dfc040 None None] Ext name="Enforce Router's Admin State Down Before Update Extension" alias="router-admin-state-down-before-update" description="Ensure that the admin state of a router is DOWN (admin_state_up=False) before updating the distributed attribute" updated="2019-07-02T15:56:00" {{(pid=103068) _check_extension /opt/stack/neutron/neutron/api/extensions.py:415}}
May 14 10:21:15.767751 np0000174126 devstack@neutron-api.service[103068]: INFO neutron.api.extensions [None req-09147caf-97aa-4dad-a4bb-2b5f86dfc040 None None] Extension router-admin-state-down-before-update not supported by any of loaded plugins
May 14 10:21:15.767822 np0000174126 devstack@neutron-api.service[103069]: DEBUG neutron.api.extensions [None req-ce6cebdc-be79-4c65-889b-0d2ebf0d7352 None None] Ext name="Local IP" alias="local_ip" description="Support Node Local Virtual IP" updated="2021-07-26T10:00:00-00:00" {{(pid=103069) _check_extension /opt/stack/neutron/neutron/api/extensions.py:415}}
May 14 10:21:15.767875 np0000174126 devstack@neutron-api.service[103068]: DEBUG neutron.api.extensions [None req-09147caf-97aa-4dad-a4bb-2b5f86dfc040 None None] Loading extension file: agent.py {{(pid=103068) _load_all_extensions_from_path /opt/stack/neutron/neutron/api/extensions.py:449}}
May 14 10:21:15.768003 np0000174126 devstack@neutron-api.service[103069]: INFO neutron.api.extensions [None req-ce6cebdc-be79-4c65-889b-0d2ebf0d7352 None None] Extension local_ip not supported by any of loaded plugins
May 14 10:21:15.768102 np0000174126 devstack@neutron-api.service[103069]: DEBUG neutron.api.extensions [None req-ce6cebdc-be79-4c65-889b-0d2ebf0d7352 None None] Loading extension file: logging.py {{(pid=103069) _load_all_extensions_from_path /opt/stack/neutron/neutron/api/extensions.py:449}}
May 14 10:21:15.768152 np0000174126 devstack@neutron-api.service[103068]: DEBUG neutron.api.extensions [None req-09147caf-97aa-4dad-a4bb-2b5f86dfc040 None None] Ext name="agent" alias="agent" description="The agent management extension." updated="2013-02-03T10:00:00-00:00" {{(pid=103068) _check_extension /opt/stack/neutron/neutron/api/extensions.py:415}}
May 14 10:21:15.768328 np0000174126 devstack@neutron-api.service[103068]: INFO neutron.api.extensions [None req-09147caf-97aa-4dad-a4bb-2b5f86dfc040 None None] Loaded extension: agent
May 14 10:21:15.768374 np0000174126 devstack@neutron-api.service[103067]: DEBUG neutron_lib.callbacks.manager [None req-804c892d-7ed1-4258-9806-0db3c8dad1b9 None None] Subscribe: > router before_delete 55550000, False {{(pid=103067) subscribe /opt/stack/data/venv/lib/python3.12/site-packages/neutron_lib/callbacks/manager.py:52}}
May 14 10:21:15.768423 np0000174126 devstack@neutron-api.service[103069]: DEBUG neutron.api.extensions [None req-ce6cebdc-be79-4c65-889b-0d2ebf0d7352 None None] Ext name="Logging API Extension" alias="logging" description="Provides a logging API for resources such as security group and firewall." updated="2017-01-01T10:00:00-00:00" {{(pid=103069) _check_extension /opt/stack/neutron/neutron/api/extensions.py:415}}
