2026-05-19 17:35:58.894 9 INFO neutron.plugins.ml2.plugin [None req-639ab942-bb1a-483d-a65b-a9a2f3bf6807 - - - - - -] Attempt 1 to provision port 162f92a5-cced-4fbc-b8e4-fe897550ecec /var/lib/openstack/lib/python3.10/site-packages/oslo_db/sqlalchemy/enginefacade.py:676: SAWarning: DELETE statement on table 'portsecuritybindings' expected to delete 1 row(s); 0 were matched. Please set confirm_deleted_rows=False within the mapper configuration to prevent this warning. self.session.flush() /var/lib/openstack/lib/python3.10/site-packages/oslo_db/sqlalchemy/enginefacade.py:676: SAWarning: DELETE statement on table 'ml2_port_bindings' expected to delete 1 row(s); 0 were matched. Please set confirm_deleted_rows=False within the mapper configuration to prevent this warning. self.session.flush() /var/lib/openstack/lib/python3.10/site-packages/oslo_db/sqlalchemy/enginefacade.py:676: SAWarning: DELETE statement on table 'ml2_port_binding_levels' expected to delete 1 row(s); 0 were matched. Please set confirm_deleted_rows=False within the mapper configuration to prevent this warning. self.session.flush() /var/lib/openstack/lib/python3.10/site-packages/oslo_db/sqlalchemy/enginefacade.py:676: SAWarning: DELETE statement on table 'ports' expected to delete 1 row(s); 0 were matched. Please set confirm_deleted_rows=False within the mapper configuration to prevent this warning. self.session.flush()
2026-05-19 17:36:00.270 9 INFO neutron.plugins.ml2.plugin [None req-04886ccd-d367-4af5-a296-1130de232f29 - - - - - -] Attempt 1 to provision port 69ca6dcd-515c-4a20-94a1-e08d37fdc27a
2026-05-19 17:36:02.251 10 INFO neutron.plugins.ml2.plugin [None req-04886ccd-d367-4af5-a296-1130de232f29 - - - - - -] Attempt 1 to provision port 69ca6dcd-515c-4a20-94a1-e08d37fdc27a
2026-05-19 17:36:04.559 10 INFO neutron.plugins.ml2.plugin [None req-04886ccd-d367-4af5-a296-1130de232f29 - - - - - -] Attempt 1 to provision port ea4a0acb-6686-4128-8514-e9f5c31c159c
2026-05-19 17:36:04.601 10 INFO neutron.plugins.ml2.plugin [None req-2ecf927f-99bd-4aac-b21d-1ace7924127a - - - - - -] Attempt 1 to provision port 6f991d86-887d-450e-81af-2bd3235ca796
2026-05-19 17:36:05.596 10 INFO neutron.plugins.ml2.plugin [None req-fc04b34d-7833-4689-9661-04db2b9954f4 - - - - - -] Attempt 1 to provision port eb733d8a-a55b-4e96-bf85-e7ce243b2760
2026-05-19 17:36:06.437 9 INFO neutron.plugins.ml2.plugin [None req-04886ccd-d367-4af5-a296-1130de232f29 - - - - - -] Attempt 1 to provision port 434d89d7-3c03-42e6-a79c-70a297270295
2026-05-19 17:36:06.572 9 INFO neutron.plugins.ml2.plugin [None req-8165cae1-2b4d-4cf8-9ffb-c080c520cf84 - - - - - -] Attempt 1 to provision port ea4a0acb-6686-4128-8514-e9f5c31c159c
2026-05-19 17:36:07.056 9 INFO neutron.plugins.ml2.plugin [None req-04886ccd-d367-4af5-a296-1130de232f29 - - - - - -] Attempt 1 to provision port ea4a0acb-6686-4128-8514-e9f5c31c159c
2026-05-19 17:36:07.094 9 INFO neutron.plugins.ml2.plugin [None req-6eb6dfa8-d755-4b51-90ce-dde6a2b146fc - - - - - -] Attempt 1 to provision port ea4a0acb-6686-4128-8514-e9f5c31c159c
2026-05-19 17:36:07.503 9 INFO neutron.plugins.ml2.plugin [None req-04886ccd-d367-4af5-a296-1130de232f29 - - - - - -] Attempt 1 to provision port 140e2c34-a23b-48b9-b095-f9d0e5030d49
2026-05-19 17:36:07.622 9 INFO neutron.plugins.ml2.plugin [None req-423687de-9890-46f7-b1ec-5b1069673ec7 - - - - - -] Attempt 1 to provision port 03ec91eb-2deb-4372-b4e4-5d225442fef9
2026-05-19 17:36:07.672 9 INFO neutron.plugins.ml2.plugin [None req-423687de-9890-46f7-b1ec-5b1069673ec7 - - - - - -] Attempt 1 to provision port 06f2f771-bdd9-4789-a0bc-44a14f276625
2026-05-19 17:36:08.084 9 INFO neutron.plugins.ml2.plugin [None req-04886ccd-d367-4af5-a296-1130de232f29 - - - - - -] Attempt 1 to provision port 06f2f771-bdd9-4789-a0bc-44a14f276625
2026-05-19 17:36:08.167 9 INFO neutron.plugins.ml2.plugin [None req-f450dadb-6c08-49b9-82a3-b252743a1a61 - - - - - -] Attempt 1 to provision port 140e2c34-a23b-48b9-b095-f9d0e5030d49
2026-05-19 17:36:08.382 9 INFO neutron.plugins.ml2.plugin [None req-c8aadecd-00e1-42f1-a9c3-a9e05cee3d1e - - - - - -] Attempt 1 to provision port 03ec91eb-2deb-4372-b4e4-5d225442fef9
2026-05-19 17:36:08.424 9 INFO neutron.plugins.ml2.plugin [None req-c8aadecd-00e1-42f1-a9c3-a9e05cee3d1e - - - - - -] Attempt 1 to provision port 06f2f771-bdd9-4789-a0bc-44a14f276625
2026-05-19 17:36:08.625 10 INFO neutron.plugins.ml2.plugin [None req-04886ccd-d367-4af5-a296-1130de232f29 - - - - - -] Attempt 1 to provision port 8b51a2e9-0b87-4c19-9624-74e736331a20
2026-05-19 17:36:08.650 9 INFO neutron.plugins.ml2.plugin [None req-65135b62-7fa6-476b-871e-6e5e49d8bbca - - - - - -] Attempt 1 to provision port 434d89d7-3c03-42e6-a79c-70a297270295 /var/lib/openstack/lib/python3.10/site-packages/oslo_db/sqlalchemy/enginefacade.py:676: SAWarning: DELETE statement on table 'portsecuritybindings' expected to delete 1 row(s); 0 were matched. Please set confirm_deleted_rows=False within the mapper configuration to prevent this warning. self.session.flush() /var/lib/openstack/lib/python3.10/site-packages/oslo_db/sqlalchemy/enginefacade.py:676: SAWarning: DELETE statement on table 'ml2_port_bindings' expected to delete 1 row(s); 0 were matched. Please set confirm_deleted_rows=False within the mapper configuration to prevent this warning. self.session.flush() /var/lib/openstack/lib/python3.10/site-packages/oslo_db/sqlalchemy/enginefacade.py:676: SAWarning: DELETE statement on table 'ml2_port_binding_levels' expected to delete 1 row(s); 0 were matched. Please set confirm_deleted_rows=False within the mapper configuration to prevent this warning. self.session.flush() /var/lib/openstack/lib/python3.10/site-packages/oslo_db/sqlalchemy/enginefacade.py:676: SAWarning: DELETE statement on table 'ports' expected to delete 1 row(s); 0 were matched. Please set confirm_deleted_rows=False within the mapper configuration to prevent this warning. self.session.flush()
2026-05-19 17:36:08.858 9 INFO neutron.plugins.ml2.plugin [None req-acbecc84-46e3-440e-af68-d677d5ae4cd3 - - - - - -] Attempt 1 to provision port 434d89d7-3c03-42e6-a79c-70a297270295
2026-05-19 17:36:09.176 10 INFO neutron.plugins.ml2.plugin [None req-04886ccd-d367-4af5-a296-1130de232f29 - - - - - -] Attempt 1 to provision port 434d89d7-3c03-42e6-a79c-70a297270295
2026-05-19 17:36:09.559 10 INFO neutron.plugins.ml2.plugin [None req-04886ccd-d367-4af5-a296-1130de232f29 - - - - - -] Attempt 1 to provision port afccfacb-8390-410c-9a01-9e84f01d3513
2026-05-19 17:36:10.027 10 INFO neutron.plugins.ml2.plugin [None req-015cbcc7-efb2-47ea-bae4-6452955931cf - - - - - -] Attempt 1 to provision port e4094b43-69b3-42d6-851b-5dfd300601df
2026-05-19 17:36:10.185 10 INFO neutron.plugins.ml2.plugin [None req-3b97497f-8845-4f87-975d-b9d872daccf7 - - - - - -] Attempt 1 to provision port 8b51a2e9-0b87-4c19-9624-74e736331a20
2026-05-19 17:36:10.475 9 INFO neutron.plugins.ml2.plugin [None req-bdebe342-deb0-4656-954a-de7e012d6c90 - - - - - -] Attempt 1 to provision port 8b51a2e9-0b87-4c19-9624-74e736331a20
2026-05-19 17:36:10.653 10 INFO neutron.plugins.ml2.plugin [None req-04886ccd-d367-4af5-a296-1130de232f29 - - - - - -] Attempt 1 to provision port afccfacb-8390-410c-9a01-9e84f01d3513
2026-05-19 17:36:10.677 9 INFO neutron.plugins.ml2.plugin [None req-06843314-ff59-47c4-a13f-7f9ecfc2a7cc - - - - - -] Attempt 1 to provision port e4094b43-69b3-42d6-851b-5dfd300601df
2026-05-19 17:36:11.013 10 INFO neutron.plugins.ml2.plugin [None req-04886ccd-d367-4af5-a296-1130de232f29 - - - - - -] Attempt 1 to provision port eb733d8a-a55b-4e96-bf85-e7ce243b2760
2026-05-19 17:36:11.136 10 INFO neutron.notifiers.nova [-] Nova event matching ['req-9e8e3f54-f534-4fd7-9147-794e27082eb0'] response: {'server_uuid': '752f32c0-79f4-48c2-8af7-a7016cc70c62', 'name': 'network-vif-plugged', 'status': 'completed', 'tag': 'eb733d8a-a55b-4e96-bf85-e7ce243b2760', 'code': 200}
2026-05-19 17:36:11.565 10 INFO neutron.plugins.ml2.plugin [None req-04886ccd-d367-4af5-a296-1130de232f29 - - - - - -] Attempt 1 to provision port 8b51a2e9-0b87-4c19-9624-74e736331a20
2026-05-19 17:36:11.787 9 INFO neutron.plugins.ml2.plugin [None req-9fe1072d-8573-4c8d-92b3-009efc154e57 - - - - - -] Attempt 1 to provision port 383ab57c-9259-42cf-b15b-2d3a519f0367
2026-05-19 17:36:12.468 9 INFO neutron.plugins.ml2.plugin [None req-7f82321a-303b-4ea9-8ce9-d0318129e575 - - - - - -] Attempt 1 to provision port 383ab57c-9259-42cf-b15b-2d3a519f0367
2026-05-19 17:36:12.581 10 INFO neutron.plugins.ml2.plugin [None req-04886ccd-d367-4af5-a296-1130de232f29 - - - - - -] Attempt 1 to provision port eb733d8a-a55b-4e96-bf85-e7ce243b2760
2026-05-19 17:36:12.728 9 INFO neutron.plugins.ml2.plugin [None req-62480511-a6af-4be0-9ee7-ff1b4884279a - - - - - -] Attempt 1 to provision port 44386fd6-a177-4ed6-a9c1-9896910d9b6c
2026-05-19 17:36:15.419 9 WARNING neutron.plugins.ml2.plugin [None req-1c6fa44a-bb04-41d4-a527-95975cde259f - - - - - -] Concurrent port binding operations failed on port 43d907a3-676a-4f03-836a-933ecfd0e7a7
2026-05-19 17:36:15.423 9 INFO neutron.plugins.ml2.plugin [None req-1c6fa44a-bb04-41d4-a527-95975cde259f - - - - - -] Attempt 2 to bind port 43d907a3-676a-4f03-836a-933ecfd0e7a7
2026-05-19 17:36:16.928 9 INFO neutron.plugins.ml2.plugin [None req-04886ccd-d367-4af5-a296-1130de232f29 - - - - - -] Attempt 1 to provision port 44386fd6-a177-4ed6-a9c1-9896910d9b6c
2026-05-19 17:36:17.070 9 INFO neutron.notifiers.nova [-] Nova event matching ['req-58268e9d-f539-4f69-9f1f-4e43a54e2d95'] response: {'server_uuid': '0dd832b4-b1b9-40a8-b5cb-59cc4e7c3775', 'name': 'network-vif-plugged', 'status': 'completed', 'tag': '44386fd6-a177-4ed6-a9c1-9896910d9b6c', 'code': 200}
2026-05-19 17:36:17.532 9 INFO neutron.plugins.ml2.plugin [None req-04886ccd-d367-4af5-a296-1130de232f29 - - - - - -] Attempt 1 to provision port 43d907a3-676a-4f03-836a-933ecfd0e7a7
2026-05-19 17:36:17.927 9 INFO neutron.plugins.ml2.plugin [None req-04886ccd-d367-4af5-a296-1130de232f29 - - - - - -] Attempt 1 to provision port 162f92a5-cced-4fbc-b8e4-fe897550ecec
2026-05-19 17:36:18.670 10 INFO neutron.plugins.ml2.plugin [None req-04886ccd-d367-4af5-a296-1130de232f29 - - - - - -] Attempt 1 to provision port 43d907a3-676a-4f03-836a-933ecfd0e7a7
2026-05-19 17:36:18.972 10 INFO neutron.plugins.ml2.plugin [None req-04886ccd-d367-4af5-a296-1130de232f29 - - - - - -] Attempt 1 to provision port 44386fd6-a177-4ed6-a9c1-9896910d9b6c
2026-05-19 17:36:19.529 10 INFO neutron.plugins.ml2.plugin [None req-04886ccd-d367-4af5-a296-1130de232f29 - - - - - -] Attempt 1 to provision port 162f92a5-cced-4fbc-b8e4-fe897550ecec
2026-05-19 17:36:20.607 10 INFO neutron.plugins.ml2.plugin [None req-04886ccd-d367-4af5-a296-1130de232f29 - - - - - -] Attempt 1 to provision port 5dd7955a-6b07-47dd-9599-b9d20b96294a
2026-05-19 17:36:21.792 10 INFO neutron.plugins.ml2.plugin [None req-207b1d52-c2a8-4980-9f25-712602849339 - - - - - -] Attempt 1 to provision port 5dd7955a-6b07-47dd-9599-b9d20b96294a
2026-05-19 17:36:22.072 9 INFO neutron.plugins.ml2.plugin [None req-235bb361-ba8f-4b44-92af-377341f785cc - - - - - -] Attempt 1 to provision port 5dd7955a-6b07-47dd-9599-b9d20b96294a
2026-05-19 17:36:22.155 9 INFO neutron.plugins.ml2.plugin [None req-235bb361-ba8f-4b44-92af-377341f785cc - - - - - -] Attempt 1 to provision port 8a5d302f-7465-4c0c-9dbb-6d32ad4c259f
2026-05-19 17:36:22.399 9 INFO neutron.plugins.ml2.plugin [None req-ac0fb6e2-a53e-4b2b-9734-b312d12857af - - - - - -] Attempt 1 to provision port 8a5d302f-7465-4c0c-9dbb-6d32ad4c259f
2026-05-19 17:36:22.602 10 INFO neutron.plugins.ml2.plugin [None req-04886ccd-d367-4af5-a296-1130de232f29 - - - - - -] Attempt 1 to provision port 5dd7955a-6b07-47dd-9599-b9d20b96294a
2026-05-19 17:36:22.640 9 INFO neutron.plugins.ml2.plugin [None req-89b5f314-c7a3-4e03-baf7-acdfb69c30ba - - - - - -] Attempt 1 to provision port 8a5d302f-7465-4c0c-9dbb-6d32ad4c259f /var/lib/openstack/lib/python3.10/site-packages/oslo_db/sqlalchemy/enginefacade.py:676: SAWarning: DELETE statement on table 'portsecuritybindings' expected to delete 1 row(s); 0 were matched. Please set confirm_deleted_rows=False within the mapper configuration to prevent this warning. self.session.flush() /var/lib/openstack/lib/python3.10/site-packages/oslo_db/sqlalchemy/enginefacade.py:676: SAWarning: DELETE statement on table 'ml2_port_bindings' expected to delete 1 row(s); 0 were matched. Please set confirm_deleted_rows=False within the mapper configuration to prevent this warning. self.session.flush() /var/lib/openstack/lib/python3.10/site-packages/oslo_db/sqlalchemy/enginefacade.py:676: SAWarning: DELETE statement on table 'ml2_port_binding_levels' expected to delete 1 row(s); 0 were matched. Please set confirm_deleted_rows=False within the mapper configuration to prevent this warning. self.session.flush() /var/lib/openstack/lib/python3.10/site-packages/oslo_db/sqlalchemy/enginefacade.py:676: SAWarning: DELETE statement on table 'ports' expected to delete 1 row(s); 0 were matched. Please set confirm_deleted_rows=False within the mapper configuration to prevent this warning. self.session.flush()
2026-05-19 17:36:28.719 9 INFO neutron.plugins.ml2.plugin [None req-04886ccd-d367-4af5-a296-1130de232f29 - - - - - -] Attempt 1 to provision port 8ce41c96-9555-4575-979f-36a8f31efef2
2026-05-19 17:36:29.179 9 INFO neutron.plugins.ml2.plugin [None req-04886ccd-d367-4af5-a296-1130de232f29 - - - - - -] Attempt 1 to provision port 0eb25781-5f61-44a1-95fc-723ef17cde4d
2026-05-19 17:36:29.551 9 INFO neutron.plugins.ml2.plugin [None req-e3e8b309-0e7e-4822-af0a-afcd457fa988 - - - - - -] Attempt 1 to provision port 8ce41c96-9555-4575-979f-36a8f31efef2
2026-05-19 17:36:29.676 9 INFO neutron.plugins.ml2.plugin [None req-04886ccd-d367-4af5-a296-1130de232f29 - - - - - -] Attempt 1 to provision port baebb17b-0577-4a57-836a-27e97b6754f9
2026-05-19 17:36:29.903 10 INFO neutron.plugins.ml2.plugin [None req-1ea32b3c-4f5b-4704-af18-453f42b25663 - - - - - -] Attempt 1 to provision port 8ce41c96-9555-4575-979f-36a8f31efef2
2026-05-19 17:36:29.981 10 INFO neutron.plugins.ml2.plugin [None req-1ea32b3c-4f5b-4704-af18-453f42b25663 - - - - - -] Attempt 1 to provision port f8311ca7-8ae2-4e05-8a36-159a4f2a8f86
2026-05-19 17:36:30.216 10 INFO neutron.plugins.ml2.plugin [None req-7a7b1343-0ff9-4182-a931-cd32d0a88f2a - - - - - -] Attempt 1 to provision port baebb17b-0577-4a57-836a-27e97b6754f9
2026-05-19 17:36:30.285 10 INFO neutron.plugins.ml2.plugin [None req-7a7b1343-0ff9-4182-a931-cd32d0a88f2a - - - - - -] Attempt 1 to provision port f8311ca7-8ae2-4e05-8a36-159a4f2a8f86
2026-05-19 17:36:30.434 9 INFO neutron.plugins.ml2.plugin [None req-ec454729-b569-4707-a0cb-7fd337e4e79e - - - - - -] Attempt 1 to provision port 0eb25781-5f61-44a1-95fc-723ef17cde4d
2026-05-19 17:36:30.515 10 INFO neutron.plugins.ml2.plugin [None req-04886ccd-d367-4af5-a296-1130de232f29 - - - - - -] Attempt 1 to provision port 0eb25781-5f61-44a1-95fc-723ef17cde4d
2026-05-19 17:36:30.608 9 INFO neutron.plugins.ml2.plugin [None req-8bb53044-073e-447a-83aa-f73d750ec360 - - - - - -] Attempt 1 to provision port baebb17b-0577-4a57-836a-27e97b6754f9
2026-05-19 17:36:30.665 9 INFO neutron.plugins.ml2.plugin [None req-8bb53044-073e-447a-83aa-f73d750ec360 - - - - - -] Attempt 1 to provision port f8311ca7-8ae2-4e05-8a36-159a4f2a8f86
2026-05-19 17:36:30.804 10 INFO neutron.plugins.ml2.plugin [None req-04886ccd-d367-4af5-a296-1130de232f29 - - - - - -] Attempt 1 to provision port 8ce41c96-9555-4575-979f-36a8f31efef2
2026-05-19 17:36:30.914 10 INFO neutron.plugins.ml2.plugin [None req-37e51bf0-0395-449a-96a6-c4ffb39fa785 - - - - - -] Attempt 1 to provision port b5fe46aa-f26d-47a2-9fd8-c308fb067e94
2026-05-19 17:36:30.957 10 INFO neutron.plugins.ml2.plugin [None req-37e51bf0-0395-449a-96a6-c4ffb39fa785 - - - - - -] Attempt 1 to provision port 0eb25781-5f61-44a1-95fc-723ef17cde4d
2026-05-19 17:36:31.104 10 INFO neutron.plugins.ml2.plugin [None req-04886ccd-d367-4af5-a296-1130de232f29 - - - - - -] Attempt 1 to provision port baebb17b-0577-4a57-836a-27e97b6754f9
2026-05-19 17:36:31.178 9 INFO neutron.plugins.ml2.plugin [None req-9e22f9ac-cb6b-44e7-9b45-2190bb70af50 - - - - - -] Attempt 1 to provision port d26731b5-f496-4d8c-8f52-ec971e82fae2
2026-05-19 17:36:31.339 10 INFO neutron.plugins.ml2.plugin [None req-ee0070db-099e-4c51-b387-ffd86c161312 - - - - - -] Attempt 1 to provision port b5fe46aa-f26d-47a2-9fd8-c308fb067e94
2026-05-19 17:36:31.582 10 INFO neutron.plugins.ml2.plugin [None req-a2963b61-94e3-4d82-9c6e-448771cab1c2 - - - - - -] Attempt 1 to provision port b5fe46aa-f26d-47a2-9fd8-c308fb067e94
2026-05-19 17:36:31.739 9 INFO neutron.plugins.ml2.plugin [None req-ba671c4b-4e9c-40a9-b8c2-74b75f6e91a7 - - - - - -] Attempt 1 to provision port d26731b5-f496-4d8c-8f52-ec971e82fae2
2026-05-19 17:36:32.791 9 INFO neutron.notifiers.nova [-] Nova event matching ['req-2928508b-8c39-415c-8d50-c9c1f2b14e1c'] response: {'server_uuid': '752f32c0-79f4-48c2-8af7-a7016cc70c62', 'name': 'network-vif-unplugged', 'status': 'completed', 'tag': 'eb733d8a-a55b-4e96-bf85-e7ce243b2760', 'code': 200} /var/lib/openstack/lib/python3.10/site-packages/oslo_db/sqlalchemy/enginefacade.py:676: SAWarning: DELETE statement on table 'portsecuritybindings' expected to delete 1 row(s); 0 were matched. Please set confirm_deleted_rows=False within the mapper configuration to prevent this warning. self.session.flush() /var/lib/openstack/lib/python3.10/site-packages/oslo_db/sqlalchemy/enginefacade.py:676: SAWarning: DELETE statement on table 'ml2_port_bindings' expected to delete 1 row(s); 0 were matched. Please set confirm_deleted_rows=False within the mapper configuration to prevent this warning. self.session.flush() /var/lib/openstack/lib/python3.10/site-packages/oslo_db/sqlalchemy/enginefacade.py:676: SAWarning: DELETE statement on table 'ml2_port_binding_levels' expected to delete 1 row(s); 0 were matched. Please set confirm_deleted_rows=False within the mapper configuration to prevent this warning. self.session.flush() /var/lib/openstack/lib/python3.10/site-packages/oslo_db/sqlalchemy/enginefacade.py:676: SAWarning: DELETE statement on table 'ports' expected to delete 1 row(s); 0 were matched. Please set confirm_deleted_rows=False within the mapper configuration to prevent this warning. self.session.flush()
2026-05-19 17:36:34.575 10 INFO neutron.plugins.ml2.plugin [None req-04886ccd-d367-4af5-a296-1130de232f29 - - - - - -] Attempt 1 to provision port eb733d8a-a55b-4e96-bf85-e7ce243b2760
2026-05-19 17:36:34.743 10 INFO neutron.notifiers.nova [-] Nova event matching ['req-b24d1974-5c35-4ea5-8d3b-0569dfc6a520'] response: {'server_uuid': '752f32c0-79f4-48c2-8af7-a7016cc70c62', 'name': 'network-vif-plugged', 'status': 'completed', 'tag': 'eb733d8a-a55b-4e96-bf85-e7ce243b2760', 'code': 200}
2026-05-19 17:36:35.928 10 INFO neutron.plugins.ml2.plugin [None req-feb8e85c-0e90-40d0-8f68-c809bc993999 - - - - - -] Attempt 1 to provision port 5633e43e-dba4-4ed7-ab30-5fe32bb1ddfb
2026-05-19 17:36:36.570 10 INFO neutron.plugins.ml2.plugin [None req-04886ccd-d367-4af5-a296-1130de232f29 - - - - - -] Attempt 1 to provision port eb733d8a-a55b-4e96-bf85-e7ce243b2760
2026-05-19 17:36:40.568 10 INFO neutron.plugins.ml2.plugin [None req-04886ccd-d367-4af5-a296-1130de232f29 - - - - - -] Attempt 1 to provision port 0e332794-4a8d-45cc-aebe-4ba52951f783
2026-05-19 17:36:40.641 10 INFO neutron.plugins.ml2.plugin [None req-1933edbd-09aa-4e5e-bfa8-5a518da8cf44 - - - - - -] Attempt 1 to provision port 0e332794-4a8d-45cc-aebe-4ba52951f783
2026-05-19 17:36:40.963 9 INFO neutron.plugins.ml2.plugin [None req-b4a57df4-b500-4c28-84fe-361256f95345 - - - - - -] Attempt 1 to provision port 0e332794-4a8d-45cc-aebe-4ba52951f783
2026-05-19 17:36:41.043 9 INFO neutron.plugins.ml2.plugin [None req-b4a57df4-b500-4c28-84fe-361256f95345 - - - - - -] Attempt 1 to provision port fc7e54a1-f49d-4470-9d89-d274648dcaaa
2026-05-19 17:36:41.206 10 INFO neutron.plugins.ml2.plugin [None req-7ee96f6b-457d-4597-a1a9-ecdf03d1886a - - - - - -] Attempt 1 to provision port fc7e54a1-f49d-4470-9d89-d274648dcaaa
2026-05-19 17:36:41.651 9 INFO neutron.plugins.ml2.plugin [None req-32b67f82-0eea-4551-ac8f-bc324e1167e7 - - - - - -] Attempt 1 to provision port fc7e54a1-f49d-4470-9d89-d274648dcaaa
2026-05-19 17:36:42.535 9 INFO neutron.plugins.ml2.plugin [None req-04886ccd-d367-4af5-a296-1130de232f29 - - - - - -] Attempt 1 to provision port 0e332794-4a8d-45cc-aebe-4ba52951f783
2026-05-19 17:36:48.524 9 INFO neutron.plugins.ml2.plugin [None req-04886ccd-d367-4af5-a296-1130de232f29 - - - - - -] Attempt 1 to provision port 3dd80e53-7b4f-4e7f-a5d5-06edc7cd8529
2026-05-19 17:36:49.770 10 INFO neutron.plugins.ml2.plugin [None req-bce380af-7a28-4d90-a6bb-8030b93fd987 - - - - - -] Attempt 1 to provision port 3dd80e53-7b4f-4e7f-a5d5-06edc7cd8529
2026-05-19 17:36:50.084 9 INFO neutron.plugins.ml2.plugin [None req-d3873b27-6d1c-44a8-bd81-8c1c23cceef1 - - - - - -] Attempt 1 to provision port 86c7b1e8-56dc-48af-ac1e-80b1f771f644
2026-05-19 17:36:50.129 9 INFO neutron.plugins.ml2.plugin [None req-d3873b27-6d1c-44a8-bd81-8c1c23cceef1 - - - - - -] Attempt 1 to provision port 3dd80e53-7b4f-4e7f-a5d5-06edc7cd8529
2026-05-19 17:36:50.515 9 INFO neutron.plugins.ml2.plugin [None req-04886ccd-d367-4af5-a296-1130de232f29 - - - - - -] Attempt 1 to provision port 3dd80e53-7b4f-4e7f-a5d5-06edc7cd8529
2026-05-19 17:36:53.644 10 INFO neutron.plugins.ml2.plugin [None req-db5f0af2-a712-4c55-a72c-fd353a20439c - - - - - -] Attempt 1 to provision port ffaab1dc-9189-4eb5-b503-d0f7af34d01d
2026-05-19 17:36:59.956 9 INFO neutron.plugins.ml2.plugin [None req-2db21ff5-ae3f-451f-93a7-6319e4c24211 - - - - - -] Attempt 1 to provision port df37e3e9-2312-4810-b47f-946e62eaf00a
2026-05-19 17:37:19.568 10 INFO neutron.plugins.ml2.plugin [None req-3f011fad-2eee-46f5-8cb5-816413bbb977 - - - - - -] Attempt 1 to provision port e02ce9e0-8d5d-4cd6-91cd-ac4670d47fbd
2026-05-19 17:37:24.608 9 INFO neutron.plugins.ml2.plugin [None req-04886ccd-d367-4af5-a296-1130de232f29 - - - - - -] Attempt 1 to provision port 3a344411-7d99-47d9-acc9-5a80884c55d8
2026-05-19 17:37:25.269 9 INFO neutron.plugins.ml2.plugin [None req-04886ccd-d367-4af5-a296-1130de232f29 - - - - - -] Attempt 1 to provision port 79f72a5b-50fe-4247-91f2-64e36ed49039
2026-05-19 17:37:25.570 10 INFO neutron.plugins.ml2.plugin [None req-d0244940-30b8-44a6-bf23-3e86a7df61b5 - - - - - -] Attempt 1 to provision port 79f72a5b-50fe-4247-91f2-64e36ed49039
2026-05-19 17:37:25.892 10 INFO neutron.plugins.ml2.plugin [None req-17198049-c1dd-437a-b957-5a086e2b2a21 - - - - - -] Attempt 1 to provision port faf191b8-91e0-440d-a3f2-189769d84206
2026-05-19 17:37:25.933 10 INFO neutron.plugins.ml2.plugin [None req-17198049-c1dd-437a-b957-5a086e2b2a21 - - - - - -] Attempt 1 to provision port 79f72a5b-50fe-4247-91f2-64e36ed49039
2026-05-19 17:37:26.154 9 INFO neutron.plugins.ml2.plugin [None req-8c0cdd5b-f54d-40e5-be57-6cc02976c5f4 - - - - - -] Attempt 1 to provision port faf191b8-91e0-440d-a3f2-189769d84206
2026-05-19 17:37:26.638 10 INFO neutron.plugins.ml2.plugin [None req-e424d42d-c089-4f1f-837b-0f4dc979b31f - - - - - -] Attempt 1 to provision port faf191b8-91e0-440d-a3f2-189769d84206
2026-05-19 17:37:26.897 9 INFO neutron.plugins.ml2.plugin [None req-04886ccd-d367-4af5-a296-1130de232f29 - - - - - -] Attempt 1 to provision port 3a344411-7d99-47d9-acc9-5a80884c55d8
2026-05-19 17:37:27.381 9 INFO neutron.plugins.ml2.plugin [None req-04886ccd-d367-4af5-a296-1130de232f29 - - - - - -] Attempt 1 to provision port 79f72a5b-50fe-4247-91f2-64e36ed49039
2026-05-19 17:37:27.745 9 INFO neutron.plugins.ml2.plugin [None req-04886ccd-d367-4af5-a296-1130de232f29 - - - - - -] Attempt 1 to provision port 89b6b862-2641-4dbe-ba4a-96c05f3a3147
2026-05-19 17:37:27.779 9 INFO neutron.plugins.ml2.db [None req-04886ccd-d367-4af5-a296-1130de232f29 - - - - - -] No ports have port_id starting with 89b6b862-2641-4dbe-ba4a-96c05f3a3147
2026-05-19 17:37:31.582 9 INFO neutron.plugins.ml2.plugin [None req-8b7ac376-dd43-4ee1-823d-c7ec97c6d58b - - - - - -] Attempt 1 to provision port 7dd90cd6-af33-4869-8402-e1bbca3aa8b7
2026-05-19 17:37:34.646 10 INFO neutron.plugins.ml2.plugin [None req-04886ccd-d367-4af5-a296-1130de232f29 - - - - - -] Attempt 1 to provision port 7dd90cd6-af33-4869-8402-e1bbca3aa8b7
2026-05-19 17:37:34.761 10 INFO neutron.notifiers.nova [-] Nova event matching ['req-ab4286ce-e85d-4c1f-81c3-f8d0b603c904'] response: {'server_uuid': 'f5b9c952-f454-43a3-89c8-7fe05f6a0be5', 'name': 'network-vif-plugged', 'status': 'completed', 'tag': '7dd90cd6-af33-4869-8402-e1bbca3aa8b7', 'code': 200}
2026-05-19 17:37:36.662 10 INFO neutron.plugins.ml2.plugin [None req-04886ccd-d367-4af5-a296-1130de232f29 - - - - - -] Attempt 1 to provision port 7dd90cd6-af33-4869-8402-e1bbca3aa8b7
2026-05-19 17:37:38.688 10 INFO neutron.plugins.ml2.plugin [None req-04886ccd-d367-4af5-a296-1130de232f29 - - - - - -] Attempt 1 to provision port e02ce9e0-8d5d-4cd6-91cd-ac4670d47fbd
2026-05-19 17:37:39.113 10 INFO neutron.plugins.ml2.plugin [None req-04886ccd-d367-4af5-a296-1130de232f29 - - - - - -] Attempt 1 to provision port a24043f9-3fca-4d8e-a451-5e645de5b83c
2026-05-19 17:37:39.144 10 INFO neutron.plugins.ml2.db [None req-04886ccd-d367-4af5-a296-1130de232f29 - - - - - -] No ports have port_id starting with a24043f9-3fca-4d8e-a451-5e645de5b83c
2026-05-19 17:37:40.606 9 INFO neutron.plugins.ml2.plugin [None req-04886ccd-d367-4af5-a296-1130de232f29 - - - - - -] Attempt 1 to provision port e02ce9e0-8d5d-4cd6-91cd-ac4670d47fbd
2026-05-19 17:37:40.851 9 INFO neutron.plugins.ml2.plugin [None req-04886ccd-d367-4af5-a296-1130de232f29 - - - - - -] Attempt 1 to provision port faf191b8-91e0-440d-a3f2-189769d84206
2026-05-19 17:37:42.579 9 INFO neutron.plugins.ml2.plugin [None req-04886ccd-d367-4af5-a296-1130de232f29 - - - - - -] Attempt 1 to provision port faf191b8-91e0-440d-a3f2-189769d84206
2026-05-19 17:37:58.903 9 INFO neutron.plugins.ml2.plugin [None req-b48ec578-b06e-4eca-9e5a-b3d19eb2c036 - - - - - -] Attempt 1 to provision port 6d8e714a-9ed0-4757-851f-85efdf08a0b0
2026-05-19 17:38:00.662 10 INFO neutron.plugins.ml2.plugin [None req-04886ccd-d367-4af5-a296-1130de232f29 - - - - - -] Attempt 1 to provision port 6d8e714a-9ed0-4757-851f-85efdf08a0b0
2026-05-19 17:38:00.808 10 INFO neutron.notifiers.nova [-] Nova event matching ['req-13f6004b-02fe-425d-bbb6-dee89c80e3bc'] response: {'server_uuid': 'b7d7f924-9283-4653-a4a7-62edd53d1c16', 'name': 'network-vif-plugged', 'status': 'completed', 'tag': '6d8e714a-9ed0-4757-851f-85efdf08a0b0', 'code': 200}
2026-05-19 17:38:02.581 10 INFO neutron.plugins.ml2.plugin [None req-04886ccd-d367-4af5-a296-1130de232f29 - - - - - -] Attempt 1 to provision port 6d8e714a-9ed0-4757-851f-85efdf08a0b0
2026-05-19 17:38:08.659 9 INFO neutron.plugins.ml2.plugin [None req-04886ccd-d367-4af5-a296-1130de232f29 - - - - - -] Attempt 1 to provision port 08171476-6f7a-4bfb-b2e5-dbab66524e82
2026-05-19 17:38:09.451 10 INFO neutron.plugins.ml2.plugin [None req-ccee1b72-f374-4ea0-a7b7-4c00ec100210 - - - - - -] Attempt 1 to provision port 88826c8f-47ea-4a01-87ba-d2644cfbfc95
2026-05-19 17:38:10.002 10 INFO neutron.plugins.ml2.plugin [None req-f5f1d649-5956-4567-b679-c2f1a72d0de7 - - - - - -] Attempt 1 to provision port 08171476-6f7a-4bfb-b2e5-dbab66524e82
2026-05-19 17:38:10.329 9 INFO neutron.plugins.ml2.plugin [None req-6bd4451a-7483-4574-ae91-9dc7fa5c31c6 - - - - - -] Attempt 1 to provision port 08171476-6f7a-4bfb-b2e5-dbab66524e82
2026-05-19 17:38:10.692 9 INFO neutron.plugins.ml2.plugin [None req-04886ccd-d367-4af5-a296-1130de232f29 - - - - - -] Attempt 1 to provision port 1c8dd506-0420-4e1f-a885-2873bc5b0574
2026-05-19 17:38:11.198 9 INFO neutron.plugins.ml2.plugin [None req-0fcc229a-fce2-4f5e-9eee-54779e3cc787 - - - - - -] Attempt 1 to provision port 1c8dd506-0420-4e1f-a885-2873bc5b0574
2026-05-19 17:38:11.507 9 INFO neutron.plugins.ml2.plugin [None req-04886ccd-d367-4af5-a296-1130de232f29 - - - - - -] Attempt 1 to provision port 08171476-6f7a-4bfb-b2e5-dbab66524e82
2026-05-19 17:38:12.730 10 INFO neutron.plugins.ml2.plugin [None req-7b4247e2-d456-4269-8e2f-67ba98508c70 - - - - - -] Attempt 1 to provision port ae8865a6-8bf6-409a-b834-4654b0a33492
2026-05-19 17:38:12.809 9 INFO neutron.plugins.ml2.plugin [None req-04886ccd-d367-4af5-a296-1130de232f29 - - - - - -] Attempt 1 to provision port 1c8dd506-0420-4e1f-a885-2873bc5b0574
2026-05-19 17:38:12.907 9 INFO neutron.plugins.ml2.plugin [None req-ea29153d-c5fe-40be-a128-f1006c5720f4 - - - - - -] Attempt 1 to provision port 1c8dd506-0420-4e1f-a885-2873bc5b0574
2026-05-19 17:38:13.223 9 INFO neutron.plugins.ml2.plugin [None req-04886ccd-d367-4af5-a296-1130de232f29 - - - - - -] Attempt 1 to provision port 7c8df961-4e50-4a61-8611-a60ddd2856af
2026-05-19 17:38:13.335 10 INFO neutron.plugins.ml2.plugin [None req-11fb1962-67aa-404d-876d-fbf1abe4b717 - - - - - -] Attempt 1 to provision port 1c8dd506-0420-4e1f-a885-2873bc5b0574
2026-05-19 17:38:13.622 9 INFO neutron.plugins.ml2.plugin [None req-91b649a2-9672-48bb-99b6-e13f2e90fac6 - - - - - -] Attempt 1 to provision port ae8865a6-8bf6-409a-b834-4654b0a33492
2026-05-19 17:38:13.781 9 INFO neutron.plugins.ml2.plugin [None req-b372b7bf-5ffc-4e8f-baa7-a25197b59c76 - - - - - -] Attempt 1 to provision port 7c8df961-4e50-4a61-8611-a60ddd2856af
2026-05-19 17:38:14.017 9 INFO neutron.plugins.ml2.plugin [None req-5c2893bc-503e-4c10-aa3f-6b5510ebc91d - - - - - -] Attempt 1 to provision port 40063684-751b-499a-97a0-b8d53a31b339
2026-05-19 17:38:14.738 9 INFO neutron.plugins.ml2.plugin [None req-04886ccd-d367-4af5-a296-1130de232f29 - - - - - -] Attempt 1 to provision port 7c8df961-4e50-4a61-8611-a60ddd2856af
2026-05-19 17:38:15.120 9 INFO neutron.plugins.ml2.plugin [None req-74047f53-2c69-4a57-9dfd-1e658fac7339 - - - - - -] Attempt 1 to provision port 7c8df961-4e50-4a61-8611-a60ddd2856af
2026-05-19 17:38:15.367 9 INFO neutron.plugins.ml2.plugin [None req-04886ccd-d367-4af5-a296-1130de232f29 - - - - - -] Attempt 1 to provision port a6d10699-787c-48b9-a531-ca390fbb98e6
2026-05-19 17:38:15.537 9 INFO neutron.plugins.ml2.plugin [None req-7cdcc787-3ec8-49b5-9ad4-7d5944132965 - - - - - -] Attempt 1 to provision port 98d07400-292c-4559-83f9-98e50c48ebf3
2026-05-19 17:38:16.184 10 INFO neutron.plugins.ml2.plugin [None req-3a6e492a-08c7-4705-b45f-d7cb55cc6ca4 - - - - - -] Attempt 1 to provision port 7c8df961-4e50-4a61-8611-a60ddd2856af
2026-05-19 17:38:16.263 9 INFO neutron.plugins.ml2.plugin [None req-04886ccd-d367-4af5-a296-1130de232f29 - - - - - -] Attempt 1 to provision port 98d07400-292c-4559-83f9-98e50c48ebf3
2026-05-19 17:38:16.433 10 INFO neutron.plugins.ml2.plugin [None req-2a97ab13-f6ca-49c6-a5bf-991a553bd28e - - - - - -] Attempt 1 to provision port 98d07400-292c-4559-83f9-98e50c48ebf3
2026-05-19 17:38:17.034 9 INFO neutron.plugins.ml2.plugin [None req-04886ccd-d367-4af5-a296-1130de232f29 - - - - - -] Attempt 1 to provision port a6d10699-787c-48b9-a531-ca390fbb98e6
2026-05-19 17:38:17.069 10 INFO neutron.plugins.ml2.plugin [None req-4ae1e2c1-8833-4c60-b2ca-ab4522a0a9a3 - - - - - -] Attempt 1 to provision port 98d07400-292c-4559-83f9-98e50c48ebf3
2026-05-19 17:38:17.604 9 INFO neutron.plugins.ml2.plugin [None req-9f9ed325-7e45-4fa9-b88d-9d2d1cec5f1f - - - - - -] Attempt 1 to provision port 68e56600-fc8e-46d3-9d8d-1bec1ea7ecc3
2026-05-19 17:38:17.710 9 INFO neutron.plugins.ml2.plugin [None req-04886ccd-d367-4af5-a296-1130de232f29 - - - - - -] Attempt 1 to provision port 98d07400-292c-4559-83f9-98e50c48ebf3
2026-05-19 17:38:18.673 10 INFO neutron.plugins.ml2.plugin [None req-139c3d13-cc0a-425a-a659-471b70ab2a52 - - - - - -] Attempt 1 to provision port 68e56600-fc8e-46d3-9d8d-1bec1ea7ecc3
2026-05-19 17:38:19.078 9 INFO neutron.plugins.ml2.plugin [None req-04886ccd-d367-4af5-a296-1130de232f29 - - - - - -] Attempt 1 to provision port ed0f7a0f-10a7-44f1-933b-a8315236bfea
2026-05-19 17:38:20.556 9 INFO neutron.plugins.ml2.plugin [None req-21c91e70-397a-497d-8568-76c9fd9027b5 - - - - - -] Attempt 1 to provision port daefc275-d6f5-4113-bcf8-6e6747ea5fb0
2026-05-19 17:38:21.032 10 INFO neutron.plugins.ml2.plugin [None req-04886ccd-d367-4af5-a296-1130de232f29 - - - - - -] Attempt 1 to provision port ed0f7a0f-10a7-44f1-933b-a8315236bfea
2026-05-19 17:38:21.715 9 INFO neutron.plugins.ml2.plugin [None req-f95d0151-ad8b-45b2-a175-0330f544b19b - - - - - -] Attempt 1 to provision port daefc275-d6f5-4113-bcf8-6e6747ea5fb0
2026-05-19 17:38:21.864 10 INFO neutron.plugins.ml2.plugin [None req-4645f693-3c33-4712-9973-797f252c7da4 - - - - - -] Attempt 1 to provision port 61a5f8ec-1986-4d24-9c75-64f2cb99cc7d
2026-05-19 17:38:22.922 9 INFO neutron.plugins.ml2.plugin [None req-ed7676ac-3ae5-4289-ad84-abf9b8db2064 - - - - - -] Attempt 1 to provision port 7cb950ad-d5f0-4e28-8ab3-170fccbdee76
2026-05-19 17:38:23.896 10 INFO neutron.plugins.ml2.plugin [None req-19a72338-6612-440e-a5bd-17ab0a76808b - - - - - -] Attempt 1 to provision port 7cb950ad-d5f0-4e28-8ab3-170fccbdee76
2026-05-19 17:38:25.192 10 INFO neutron.plugins.ml2.plugin [None req-04886ccd-d367-4af5-a296-1130de232f29 - - - - - -] Attempt 1 to provision port 61a5f8ec-1986-4d24-9c75-64f2cb99cc7d
2026-05-19 17:38:25.367 10 INFO neutron.notifiers.nova [-] Nova event matching ['req-5908c16b-12f7-4d98-bd04-7d9383833368'] response: {'server_uuid': 'b0d429e4-4463-41a6-bd1d-0d5fec28e8c2', 'name': 'network-vif-plugged', 'status': 'completed', 'tag': '61a5f8ec-1986-4d24-9c75-64f2cb99cc7d', 'code': 200}
2026-05-19 17:38:27.145 10 INFO neutron.plugins.ml2.plugin [None req-04886ccd-d367-4af5-a296-1130de232f29 - - - - - -] Attempt 1 to provision port 61a5f8ec-1986-4d24-9c75-64f2cb99cc7d
2026-05-19 17:38:29.619 10 INFO neutron.plugins.ml2.plugin [None req-6625fb70-e433-42ff-9300-78847e5cd2dd - - - - - -] Attempt 1 to provision port d8270342-3417-4207-bf94-e5dacd31d585
2026-05-19 17:38:31.064 10 INFO neutron.plugins.ml2.plugin [None req-04886ccd-d367-4af5-a296-1130de232f29 - - - - - -] Attempt 1 to provision port d8270342-3417-4207-bf94-e5dacd31d585
2026-05-19 17:38:31.225 10 INFO neutron.notifiers.nova [-] Nova event matching ['req-b3b8706a-dc0c-49b9-9f32-5356daff7d4e'] response: {'server_uuid': '228f3660-013c-42e7-b9cf-fbc162424204', 'name': 'network-vif-plugged', 'status': 'completed', 'tag': 'd8270342-3417-4207-bf94-e5dacd31d585', 'code': 200}
2026-05-19 17:38:33.130 10 INFO neutron.plugins.ml2.plugin [None req-04886ccd-d367-4af5-a296-1130de232f29 - - - - - -] Attempt 1 to provision port 88826c8f-47ea-4a01-87ba-d2644cfbfc95
2026-05-19 17:38:33.489 10 INFO neutron.plugins.ml2.plugin [None req-04886ccd-d367-4af5-a296-1130de232f29 - - - - - -] Attempt 1 to provision port d8270342-3417-4207-bf94-e5dacd31d585
2026-05-19 17:38:39.194 10 INFO neutron.plugins.ml2.plugin [None req-04886ccd-d367-4af5-a296-1130de232f29 - - - - - -] Attempt 1 to provision port 40063684-751b-499a-97a0-b8d53a31b339
2026-05-19 17:38:40.308 10 WARNING neutron.plugins.ml2.plugin [None req-71b72041-24e1-4b21-9e91-2b9ad57905c9 - - - - - -] Concurrent port binding operations failed on port 7cb950ad-d5f0-4e28-8ab3-170fccbdee76
2026-05-19 17:38:40.353 10 INFO neutron.plugins.ml2.plugin [None req-71b72041-24e1-4b21-9e91-2b9ad57905c9 - - - - - -] Attempt 2 to bind port 7cb950ad-d5f0-4e28-8ab3-170fccbdee76
2026-05-19 17:38:41.021 10 INFO neutron.plugins.ml2.plugin [None req-04886ccd-d367-4af5-a296-1130de232f29 - - - - - -] Attempt 1 to provision port 40063684-751b-499a-97a0-b8d53a31b339
2026-05-19 17:38:41.176 10 WARNING neutron.plugins.ml2.plugin [None req-71b72041-24e1-4b21-9e91-2b9ad57905c9 - - - - - -] Concurrent port binding operations failed on port daefc275-d6f5-4113-bcf8-6e6747ea5fb0
2026-05-19 17:38:41.185 10 INFO neutron.plugins.ml2.plugin [None req-71b72041-24e1-4b21-9e91-2b9ad57905c9 - - - - - -] Attempt 2 to bind port daefc275-d6f5-4113-bcf8-6e6747ea5fb0
2026-05-19 17:38:41.475 10 INFO neutron.plugins.ml2.plugin [None req-04886ccd-d367-4af5-a296-1130de232f29 - - - - - -] Attempt 1 to provision port 68e56600-fc8e-46d3-9d8d-1bec1ea7ecc3
2026-05-19 17:38:42.210 10 INFO neutron.plugins.ml2.plugin [None req-04886ccd-d367-4af5-a296-1130de232f29 - - - - - -] Attempt 1 to provision port 7cb950ad-d5f0-4e28-8ab3-170fccbdee76
2026-05-19 17:38:43.107 9 INFO neutron.plugins.ml2.plugin [None req-04886ccd-d367-4af5-a296-1130de232f29 - - - - - -] Attempt 1 to provision port daefc275-d6f5-4113-bcf8-6e6747ea5fb0
2026-05-19 17:38:43.735 9 INFO neutron.plugins.ml2.plugin [None req-e5d82ec1-34f2-422d-9a9e-7ed99a3cfe24 - - - - - -] Attempt 1 to provision port 14004218-cdf0-4385-b1a5-59619decc66f
2026-05-19 17:38:43.803 9 INFO neutron.plugins.ml2.plugin [None req-04886ccd-d367-4af5-a296-1130de232f29 - - - - - -] Attempt 1 to provision port 404ac74b-a297-4e4c-ad27-e89bc5e12d05
2026-05-19 17:38:44.120 9 INFO neutron.plugins.ml2.plugin [None req-9c20cf47-3bf9-4de8-923d-809b3799560d - - - - - -] Attempt 1 to provision port 404ac74b-a297-4e4c-ad27-e89bc5e12d05
2026-05-19 17:38:44.500 9 INFO neutron.plugins.ml2.plugin [None req-f401b1bc-655b-4523-84b7-5e804fe5d52f - - - - - -] Attempt 1 to provision port 404ac74b-a297-4e4c-ad27-e89bc5e12d05
2026-05-19 17:38:44.667 9 INFO neutron.plugins.ml2.plugin [None req-04886ccd-d367-4af5-a296-1130de232f29 - - - - - -] Attempt 1 to provision port 68e56600-fc8e-46d3-9d8d-1bec1ea7ecc3
2026-05-19 17:38:44.971 9 INFO neutron.plugins.ml2.plugin [None req-04886ccd-d367-4af5-a296-1130de232f29 - - - - - -] Attempt 1 to provision port 7cb950ad-d5f0-4e28-8ab3-170fccbdee76
2026-05-19 17:38:45.459 10 INFO neutron.plugins.ml2.plugin [None req-04886ccd-d367-4af5-a296-1130de232f29 - - - - - -] Attempt 1 to provision port 404ac74b-a297-4e4c-ad27-e89bc5e12d05
2026-05-19 17:38:45.896 10 INFO neutron.plugins.ml2.plugin [None req-04886ccd-d367-4af5-a296-1130de232f29 - - - - - -] Attempt 1 to provision port daefc275-d6f5-4113-bcf8-6e6747ea5fb0
2026-05-19 17:38:47.478 9 INFO neutron.plugins.ml2.plugin [None req-008b397d-96ff-4207-b169-2bdb96e03213 - - - - - -] Attempt 1 to provision port 5705521f-07b7-4a76-930c-351077a31db8
2026-05-19 17:38:47.676 10 INFO neutron.plugins.ml2.plugin [None req-d1d4f94e-8b72-4055-a25a-89fe967ca925 - - - - - -] Attempt 1 to provision port a209559b-bfdf-4f06-8cba-484de8dffbb0
2026-05-19 17:38:48.356 10 INFO neutron.plugins.ml2.plugin [None req-0ab2d759-0219-4da3-b31f-9c9dd0a35ba1 - - - - - -] Attempt 1 to provision port 5705521f-07b7-4a76-930c-351077a31db8
2026-05-19 17:38:49.446 10 ERROR neutron.plugins.ml2.managers [None req-81f4b473-c44b-4dc1-a37e-65223508d170 - - - - - -] Mechanism driver openvswitch failed in bind_port: neutron_lib.exceptions.SubnetNotFound: Subnet fee9af65-8419-424b-b960-eba017c2b29b could not be found.
2026-05-19 17:38:49.446 10 ERROR neutron.plugins.ml2.managers
Traceback (most recent call last):
2026-05-19 17:38:49.446 10 ERROR neutron.plugins.ml2.managers
File "/var/lib/openstack/lib/python3.10/site-packages/neutron/plugins/ml2/managers.py", line 866, in _bind_port_level
2026-05-19 17:38:49.446 10 ERROR neutron.plugins.ml2.managers driver.obj.bind_port(context)
2026-05-19 17:38:49.446 10 ERROR neutron.plugins.ml2.managers
File "/var/lib/openstack/lib/python3.10/site-packages/neutron/plugins/ml2/drivers/openvswitch/mech_driver/mech_openvswitch.py", line 133, in bind_port
2026-05-19 17:38:49.446 10 ERROR neutron.plugins.ml2.managers super(OpenvswitchMechanismDriver, self).bind_port(context)
2026-05-19 17:38:49.446 10 ERROR neutron.plugins.ml2.managers
File "/var/lib/openstack/lib/python3.10/site-packages/neutron/plugins/ml2/drivers/mech_agent.py", line 104, in bind_port
2026-05-19 17:38:49.446 10 ERROR neutron.plugins.ml2.managers subnets = self.get_subnets_from_fixed_ips(context)
2026-05-19 17:38:49.446 10 ERROR neutron.plugins.ml2.managers
File "/var/lib/openstack/lib/python3.10/site-packages/neutron/plugins/ml2/drivers/mech_agent.py", line 149, in get_subnets_from_fixed_ips
2026-05-19 17:38:49.446 10 ERROR neutron.plugins.ml2.managers subnets.append(context._plugin.get_subnet(
2026-05-19 17:38:49.446 10 ERROR neutron.plugins.ml2.managers
File "/var/lib/openstack/lib/python3.10/site-packages/neutron_lib/db/api.py", line 226, in wrapped
2026-05-19 17:38:49.446 10 ERROR neutron.plugins.ml2.managers return f_with_retry(*args, **kwargs,
2026-05-19 17:38:49.446 10 ERROR neutron.plugins.ml2.managers
File "/var/lib/openstack/lib/python3.10/site-packages/neutron_lib/db/api.py", line 140, in wrapped
2026-05-19 17:38:49.446 10 ERROR neutron.plugins.ml2.managers with excutils.save_and_reraise_exception():
2026-05-19 17:38:49.446 10 ERROR neutron.plugins.ml2.managers
File "/var/lib/openstack/lib/python3.10/site-packages/oslo_utils/excutils.py", line 227, in __exit__
2026-05-19 17:38:49.446 10 ERROR neutron.plugins.ml2.managers self.force_reraise()
2026-05-19 17:38:49.446 10 ERROR neutron.plugins.ml2.managers
File "/var/lib/openstack/lib/python3.10/site-packages/oslo_utils/excutils.py", line 200, in force_reraise
2026-05-19 17:38:49.446 10 ERROR neutron.plugins.ml2.managers raise self.value
2026-05-19 17:38:49.446 10 ERROR neutron.plugins.ml2.managers
File "/var/lib/openstack/lib/python3.10/site-packages/neutron_lib/db/api.py", line 138, in wrapped
2026-05-19 17:38:49.446 10 ERROR neutron.plugins.ml2.managers return f(*args, **kwargs)
2026-05-19 17:38:49.446 10 ERROR neutron.plugins.ml2.managers
File "/var/lib/openstack/lib/python3.10/site-packages/oslo_db/api.py", line 144, in wrapper
2026-05-19 17:38:49.446 10 ERROR neutron.plugins.ml2.managers with excutils.save_and_reraise_exception() as ectxt:
2026-05-19 17:38:49.446 10 ERROR neutron.plugins.ml2.managers
File "/var/lib/openstack/lib/python3.10/site-packages/oslo_utils/excutils.py", line 227, in __exit__
2026-05-19 17:38:49.446 10 ERROR neutron.plugins.ml2.managers self.force_reraise()
2026-05-19 17:38:49.446 10 ERROR neutron.plugins.ml2.managers
File "/var/lib/openstack/lib/python3.10/site-packages/oslo_utils/excutils.py", line 200, in force_reraise
2026-05-19 17:38:49.446 10 ERROR neutron.plugins.ml2.managers raise self.value
2026-05-19 17:38:49.446 10 ERROR neutron.plugins.ml2.managers
File "/var/lib/openstack/lib/python3.10/site-packages/oslo_db/api.py", line 142, in wrapper
2026-05-19 17:38:49.446 10 ERROR neutron.plugins.ml2.managers return f(*args, **kwargs)
2026-05-19 17:38:49.446 10 ERROR neutron.plugins.ml2.managers
File "/var/lib/openstack/lib/python3.10/site-packages/neutron_lib/db/api.py", line 186, in wrapped
2026-05-19 17:38:49.446 10 ERROR neutron.plugins.ml2.managers with excutils.save_and_reraise_exception():
2026-05-19 17:38:49.446 10 ERROR neutron.plugins.ml2.managers
File "/var/lib/openstack/lib/python3.10/site-packages/oslo_utils/excutils.py", line 227, in __exit__
2026-05-19 17:38:49.446 10 ERROR neutron.plugins.ml2.managers self.force_reraise()
2026-05-19 17:38:49.446 10 ERROR neutron.plugins.ml2.managers
File "/var/lib/openstack/lib/python3.10/site-packages/oslo_utils/excutils.py", line 200, in force_reraise
2026-05-19 17:38:49.446 10 ERROR neutron.plugins.ml2.managers raise self.value
2026-05-19 17:38:49.446 10 ERROR neutron.plugins.ml2.managers
File "/var/lib/openstack/lib/python3.10/site-packages/neutron_lib/db/api.py", line 184, in wrapped
2026-05-19 17:38:49.446 10 ERROR neutron.plugins.ml2.managers return f(*dup_args, **dup_kwargs)
2026-05-19 17:38:49.446 10 ERROR neutron.plugins.ml2.managers
File "/var/lib/openstack/lib/python3.10/site-packages/neutron/db/db_base_plugin_v2.py", line 1121, in get_subnet
2026-05-19 17:38:49.446 10 ERROR neutron.plugins.ml2.managers subnet_obj = self._get_subnet_object(context, id)
2026-05-19 17:38:49.446 10 ERROR neutron.plugins.ml2.managers
File "/var/lib/openstack/lib/python3.10/site-packages/neutron/db/db_base_plugin_common.py", line 279, in _get_subnet_object
2026-05-19 17:38:49.446 10 ERROR neutron.plugins.ml2.managers raise exceptions.SubnetNotFound(subnet_id=id)
2026-05-19 17:38:49.446 10 ERROR neutron.plugins.ml2.managers neutron_lib.exceptions.SubnetNotFound: Subnet fee9af65-8419-424b-b960-eba017c2b29b could not be found.
2026-05-19 17:38:49.446 10 ERROR neutron.plugins.ml2.managers 
2026-05-19 17:38:49.448 10 ERROR neutron.plugins.ml2.managers [None req-81f4b473-c44b-4dc1-a37e-65223508d170 - - - - - -] Failed to bind port e63fcc30-9fcc-4f22-8287-b1fc6fedec70 on host instance for vnic_type normal using segments [{'id': 'a0259be3-bc6c-40dc-9c81-2808512e636d', 'network_type': 'vxlan', 'physical_network': None, 'segmentation_id': 680, 'network_id': 'ece0c509-06b8-49ed-85cb-8e659b0ac5bd'}]
2026-05-19 17:38:49.448 10 INFO neutron.plugins.ml2.plugin [None req-81f4b473-c44b-4dc1-a37e-65223508d170 - - - - - -] Attempt 2 to bind port e63fcc30-9fcc-4f22-8287-b1fc6fedec70
2026-05-19 17:38:49.484 10 ERROR neutron.plugins.ml2.managers [None req-81f4b473-c44b-4dc1-a37e-65223508d170 - - - - - -] Mechanism driver openvswitch failed in bind_port: neutron_lib.exceptions.SubnetNotFound: Subnet fee9af65-8419-424b-b960-eba017c2b29b could not be found.
2026-05-19 17:38:49.484 10 ERROR neutron.plugins.ml2.managers
Traceback (most recent call last):
2026-05-19 17:38:49.484 10 ERROR neutron.plugins.ml2.managers
File "/var/lib/openstack/lib/python3.10/site-packages/neutron/plugins/ml2/managers.py", line 866, in _bind_port_level
2026-05-19 17:38:49.484 10 ERROR neutron.plugins.ml2.managers driver.obj.bind_port(context)
2026-05-19 17:38:49.484 10 ERROR neutron.plugins.ml2.managers
File "/var/lib/openstack/lib/python3.10/site-packages/neutron/plugins/ml2/drivers/openvswitch/mech_driver/mech_openvswitch.py", line 133, in bind_port
2026-05-19 17:38:49.484 10 ERROR neutron.plugins.ml2.managers super(OpenvswitchMechanismDriver, self).bind_port(context)
2026-05-19 17:38:49.484 10 ERROR neutron.plugins.ml2.managers
File "/var/lib/openstack/lib/python3.10/site-packages/neutron/plugins/ml2/drivers/mech_agent.py", line 104, in bind_port
2026-05-19 17:38:49.484 10 ERROR neutron.plugins.ml2.managers subnets = self.get_subnets_from_fixed_ips(context)
2026-05-19 17:38:49.484 10 ERROR neutron.plugins.ml2.managers
File "/var/lib/openstack/lib/python3.10/site-packages/neutron/plugins/ml2/drivers/mech_agent.py", line 149, in get_subnets_from_fixed_ips
2026-05-19 17:38:49.484 10 ERROR neutron.plugins.ml2.managers subnets.append(context._plugin.get_subnet(
2026-05-19 17:38:49.484 10 ERROR neutron.plugins.ml2.managers
File "/var/lib/openstack/lib/python3.10/site-packages/neutron_lib/db/api.py", line 226, in wrapped
2026-05-19 17:38:49.484 10 ERROR neutron.plugins.ml2.managers return f_with_retry(*args, **kwargs,
2026-05-19 17:38:49.484 10 ERROR neutron.plugins.ml2.managers
File "/var/lib/openstack/lib/python3.10/site-packages/neutron_lib/db/api.py", line 140, in wrapped
2026-05-19 17:38:49.484 10 ERROR neutron.plugins.ml2.managers with excutils.save_and_reraise_exception():
2026-05-19 17:38:49.484 10 ERROR neutron.plugins.ml2.managers
File "/var/lib/openstack/lib/python3.10/site-packages/oslo_utils/excutils.py", line 227, in __exit__
2026-05-19 17:38:49.484 10 ERROR neutron.plugins.ml2.managers self.force_reraise()
2026-05-19 17:38:49.484 10 ERROR neutron.plugins.ml2.managers
File "/var/lib/openstack/lib/python3.10/site-packages/oslo_utils/excutils.py", line 200, in force_reraise
2026-05-19 17:38:49.484 10 ERROR neutron.plugins.ml2.managers raise self.value
2026-05-19 17:38:49.484 10 ERROR neutron.plugins.ml2.managers
File "/var/lib/openstack/lib/python3.10/site-packages/neutron_lib/db/api.py", line 138, in wrapped
2026-05-19 17:38:49.484 10 ERROR neutron.plugins.ml2.managers return f(*args, **kwargs)
2026-05-19 17:38:49.484 10 ERROR neutron.plugins.ml2.managers
File "/var/lib/openstack/lib/python3.10/site-packages/oslo_db/api.py", line 144, in wrapper
2026-05-19 17:38:49.484 10 ERROR neutron.plugins.ml2.managers with excutils.save_and_reraise_exception() as ectxt:
2026-05-19 17:38:49.484 10 ERROR neutron.plugins.ml2.managers
File "/var/lib/openstack/lib/python3.10/site-packages/oslo_utils/excutils.py", line 227, in __exit__
2026-05-19 17:38:49.484 10 ERROR neutron.plugins.ml2.managers self.force_reraise()
2026-05-19 17:38:49.484 10 ERROR neutron.plugins.ml2.managers
File "/var/lib/openstack/lib/python3.10/site-packages/oslo_utils/excutils.py", line 200, in force_reraise
2026-05-19 17:38:49.484 10 ERROR neutron.plugins.ml2.managers raise self.value
2026-05-19 17:38:49.484 10 ERROR neutron.plugins.ml2.managers
File "/var/lib/openstack/lib/python3.10/site-packages/oslo_db/api.py", line 142, in wrapper
2026-05-19 17:38:49.484 10 ERROR neutron.plugins.ml2.managers return f(*args, **kwargs)
2026-05-19 17:38:49.484 10 ERROR neutron.plugins.ml2.managers
File "/var/lib/openstack/lib/python3.10/site-packages/neutron_lib/db/api.py", line 186, in wrapped
2026-05-19 17:38:49.484 10 ERROR neutron.plugins.ml2.managers with excutils.save_and_reraise_exception():
2026-05-19 17:38:49.484 10 ERROR neutron.plugins.ml2.managers
File "/var/lib/openstack/lib/python3.10/site-packages/oslo_utils/excutils.py", line 227, in __exit__
2026-05-19 17:38:49.484 10 ERROR neutron.plugins.ml2.managers self.force_reraise()
2026-05-19 17:38:49.484 10 ERROR neutron.plugins.ml2.managers
File "/var/lib/openstack/lib/python3.10/site-packages/oslo_utils/excutils.py", line 200, in force_reraise
2026-05-19 17:38:49.484 10 ERROR neutron.plugins.ml2.managers raise self.value
2026-05-19 17:38:49.484 10 ERROR neutron.plugins.ml2.managers
File "/var/lib/openstack/lib/python3.10/site-packages/neutron_lib/db/api.py", line 184, in wrapped
2026-05-19 17:38:49.484 10 ERROR neutron.plugins.ml2.managers return f(*dup_args, **dup_kwargs)
2026-05-19 17:38:49.484 10 ERROR neutron.plugins.ml2.managers
File "/var/lib/openstack/lib/python3.10/site-packages/neutron/db/db_base_plugin_v2.py", line 1121, in get_subnet
2026-05-19 17:38:49.484 10 ERROR neutron.plugins.ml2.managers subnet_obj = self._get_subnet_object(context, id)
2026-05-19 17:38:49.484 10 ERROR neutron.plugins.ml2.managers
File "/var/lib/openstack/lib/python3.10/site-packages/neutron/db/db_base_plugin_common.py", line 279, in _get_subnet_object
