2026-05-14 02:20:16.533 7 INFO neutron.db.segments_db [None req-8d41fc2b-ba10-4771-8b62-3d2254e5c261 0c3f35ad704244c5899533c797441892 2017e6bfe14a48d7a1d295803ae79642 - - default default] Added segment 8e958edf-4823-41fe-bde6-88e84e3a91ca of type geneve for network c5f97b81-0cf2-49e1-8f29-9f21698a7f13
2026-05-14 02:20:16.687 8 INFO neutron.services.segments.plugin [-] Segment 84a21f6c-a4ae-4b63-864a-7a3569e8f417 resource provider aggregate not found
2026-05-14 02:20:16.695 8 INFO neutron.services.segments.plugin [-] Segment 84a21f6c-a4ae-4b63-864a-7a3569e8f417 resource provider aggregate not found
2026-05-14 02:20:16.697 7 INFO neutron.db.ovn_revision_numbers_db [None req-8d41fc2b-ba10-4771-8b62-3d2254e5c261 0c3f35ad704244c5899533c797441892 2017e6bfe14a48d7a1d295803ae79642 - - default default] Successfully bumped revision number for resource c5f97b81-0cf2-49e1-8f29-9f21698a7f13 (type: networks) to 1
2026-05-14 02:20:16.716 8 INFO neutron.services.segments.plugin [-] Segment 84a21f6c-a4ae-4b63-864a-7a3569e8f417 resource provider not found; error: Placement Client Error (4xx): {"errors": [{"status": 404, "title": "Not Found", "detail": "The resource could not be found.\n\n No resource provider with uuid 84a21f6c-a4ae-4b63-864a-7a3569e8f417 found for delete ", "request_id": "req-7a38e97b-93a7-4e2a-a8a3-bfd7e442253f"}]}
2026-05-14 02:20:16.718 8 INFO neutron.services.segments.plugin [-] Segment 84a21f6c-a4ae-4b63-864a-7a3569e8f417 resource provider not found; error: Placement Client Error (4xx): {"errors": [{"status": 404, "title": "Not Found", "detail": "The resource could not be found.\n\n No resource provider with uuid 84a21f6c-a4ae-4b63-864a-7a3569e8f417 found for delete ", "request_id": "req-11e17e9d-fe89-4b01-9190-bdeabed27039"}]} [pid: 8|app: 0|req: 958/2033] 10.0.0.203 () {32 vars in 726 bytes} [Thu May 14 02:20:16 2026] DELETE /v2.0/networks/7f9ed970-1a9a-4178-849f-acc8b248ed00 => generated 0 bytes in 619 msecs (HTTP/1.1 204) 3 headers in 131 bytes (1 switches on core 0)
2026-05-14 02:20:16.890 7 WARNING neutron.scheduler.dhcp_agent_scheduler [None req-8d41fc2b-ba10-4771-8b62-3d2254e5c261 0c3f35ad704244c5899533c797441892 2017e6bfe14a48d7a1d295803ae79642 - - default default] No more DHCP agents
2026-05-14 02:20:16.891 7 WARNING neutron.api.rpc.agentnotifiers.dhcp_rpc_agent_api [None req-8d41fc2b-ba10-4771-8b62-3d2254e5c261 0c3f35ad704244c5899533c797441892 2017e6bfe14a48d7a1d295803ae79642 - - default default] Unable to schedule network c5f97b81-0cf2-49e1-8f29-9f21698a7f13: no agents available; will retry on subsequent port and subnet creation events.
2026-05-14 02:20:16.974 7 INFO neutron.db.ovn_revision_numbers_db [None req-8d41fc2b-ba10-4771-8b62-3d2254e5c261 0c3f35ad704244c5899533c797441892 2017e6bfe14a48d7a1d295803ae79642 - - default default] Successfully bumped revision number for resource 39237c87-dd28-403d-b34c-0d8dd8b0461d (type: ports) to 1 [pid: 7|app: 0|req: 1076/2034] 10.0.0.203 () {34 vars in 670 bytes} [Thu May 14 02:20:16 2026] POST /v2.0/networks => generated 649 bytes in 598 msecs (HTTP/1.1 201) 4 headers in 162 bytes (1 switches on core 0)
2026-05-14 02:20:17.079 7 INFO neutron.db.segments_db [None req-9143665d-5cd3-4a80-851f-b8068177eae0 958306b242f44238aa61a1a262e44445 99107a192888454baec8a7d02da1fbe0 - - default default] Added segment bad17679-c553-4796-a95b-dc409d26e396 of type geneve for network 60464574-f255-4ee7-a082-9389ef2fe284
2026-05-14 02:20:17.183 7 INFO neutron.db.ovn_revision_numbers_db [None req-9143665d-5cd3-4a80-851f-b8068177eae0 958306b242f44238aa61a1a262e44445 99107a192888454baec8a7d02da1fbe0 - - default default] Successfully bumped revision number for resource 60464574-f255-4ee7-a082-9389ef2fe284 (type: networks) to 1
2026-05-14 02:20:17.201 8 WARNING neutron.scheduler.dhcp_agent_scheduler [None req-6b551c22-dbdb-4171-9b8b-57b1c7fdf1ed 09a1d7e9f7454b3caad08d1bfe359571 4c82eb1e25c8488581763241f431a12e - - default default] No more DHCP agents
2026-05-14 02:20:17.203 8 WARNING neutron.api.rpc.agentnotifiers.dhcp_rpc_agent_api [None req-6b551c22-dbdb-4171-9b8b-57b1c7fdf1ed 09a1d7e9f7454b3caad08d1bfe359571 4c82eb1e25c8488581763241f431a12e - - default default] Unable to schedule network 27c97b17-d000-41b2-82a2-b8fec7945e16: no agents available; will retry on subsequent port and subnet creation events.
2026-05-14 02:20:17.342 7 WARNING neutron.scheduler.dhcp_agent_scheduler [None req-9143665d-5cd3-4a80-851f-b8068177eae0 958306b242f44238aa61a1a262e44445 99107a192888454baec8a7d02da1fbe0 - - default default] No more DHCP agents
2026-05-14 02:20:17.344 7 WARNING neutron.api.rpc.agentnotifiers.dhcp_rpc_agent_api [None req-9143665d-5cd3-4a80-851f-b8068177eae0 958306b242f44238aa61a1a262e44445 99107a192888454baec8a7d02da1fbe0 - - default default] Unable to schedule network 60464574-f255-4ee7-a082-9389ef2fe284: no agents available; will retry on subsequent port and subnet creation events.
2026-05-14 02:20:17.417 7 INFO neutron.plugins.ml2.drivers.ovn.mech_driver.mech_driver [None req-86b0896c-40c7-4dd8-a963-0d4e2f6b42cd - - - - - -] OVN reports status down for port: 7ab090b8-f179-4e9b-9378-1d010b6c4fbf
2026-05-14 02:20:17.452 8 INFO neutron.db.ovn_revision_numbers_db [None req-6b551c22-dbdb-4171-9b8b-57b1c7fdf1ed 09a1d7e9f7454b3caad08d1bfe359571 4c82eb1e25c8488581763241f431a12e - - default default] Successfully bumped revision number for resource 60ec238e-2021-427e-ae97-1dffaaaf5ad9 (type: ports) to 1
2026-05-14 02:20:17.484 7 INFO neutron.db.ovn_revision_numbers_db [None req-9143665d-5cd3-4a80-851f-b8068177eae0 958306b242f44238aa61a1a262e44445 99107a192888454baec8a7d02da1fbe0 - - default default] Successfully bumped revision number for resource 7ab090b8-f179-4e9b-9378-1d010b6c4fbf (type: ports) to 1 [pid: 7|app: 0|req: 1077/2035] 10.0.0.203 () {34 vars in 670 bytes} [Thu May 14 02:20:16 2026] POST /v2.0/networks => generated 749 bytes in 560 msecs (HTTP/1.1 201) 4 headers in 162 bytes (1 switches on core 0)
2026-05-14 02:20:17.771 7 WARNING neutron.scheduler.dhcp_agent_scheduler [None req-7cce1901-4096-4315-a11f-0dc413e95be4 0c3f35ad704244c5899533c797441892 2017e6bfe14a48d7a1d295803ae79642 - - default default] No more DHCP agents
2026-05-14 02:20:17.773 7 WARNING neutron.api.rpc.agentnotifiers.dhcp_rpc_agent_api [None req-7cce1901-4096-4315-a11f-0dc413e95be4 0c3f35ad704244c5899533c797441892 2017e6bfe14a48d7a1d295803ae79642 - - default default] Unable to schedule network c5f97b81-0cf2-49e1-8f29-9f21698a7f13: no agents available; will retry on subsequent port and subnet creation events.
2026-05-14 02:20:17.877 8 WARNING neutron.plugins.ml2.drivers.ovn.mech_driver.ovsdb.ovn_client [None req-618e94da-0ead-44db-a2dc-e7f7d8b91519 - - - - - -] No hosting information found for port 1544fcf0-457d-4198-afdc-5b7b742f7ff1: RuntimeError: No hosting information found for port 1544fcf0-457d-4198-afdc-5b7b742f7ff1
2026-05-14 02:20:17.883 7 INFO neutron.db.ovn_revision_numbers_db [None req-7cce1901-4096-4315-a11f-0dc413e95be4 0c3f35ad704244c5899533c797441892 2017e6bfe14a48d7a1d295803ae79642 - - default default] Successfully bumped revision number for resource 373588f3-23c9-44d4-aaa8-552b86e63dc2 (type: ports) to 1 [pid: 7|app: 0|req: 1078/2036] 10.0.0.203 () {34 vars in 664 bytes} [Thu May 14 02:20:17 2026] POST /v2.0/ports => generated 743 bytes in 380 msecs (HTTP/1.1 201) 4 headers in 162 bytes (1 switches on core 0) /var/lib/openstack/lib/python3.12/site-packages/pycadf/identifier.py:70: UserWarning: Invalid uuid: neutron. To ensure interoperability, identifiers should be a valid uuid. warnings.warn(('Invalid uuid: %s. To ensure interoperability, ' [pid: 7|app: 0|req: 1081/2039] 10.0.0.45 () {34 vars in 989 bytes} [Thu May 14 02:20:17 2026] GET /v2.0/ports?device_id=4b67e832-b66b-4a53-9d43-ffd976783251 => generated 1213 bytes in 39 msecs (HTTP/1.1 200) 4 headers in 158 bytes (1 switches on core 0)
2026-05-14 02:20:18.040 8 INFO neutron.db.ovn_revision_numbers_db [None req-618e94da-0ead-44db-a2dc-e7f7d8b91519 - - - - - -] Successfully bumped revision number for resource 1544fcf0-457d-4198-afdc-5b7b742f7ff1 (type: router_ports) to 2
2026-05-14 02:20:18.041 8 INFO neutron.plugins.ml2.drivers.ovn.mech_driver.mech_driver [None req-618e94da-0ead-44db-a2dc-e7f7d8b91519 - - - - - -] OVN reports status down for port: dc9df692-a34f-4093-b294-3124db55f8f9
2026-05-14 02:20:18.126 7 WARNING neutron.scheduler.dhcp_agent_scheduler [None req-d9f7461f-e19e-47e7-adaf-672eaaa333b2 958306b242f44238aa61a1a262e44445 99107a192888454baec8a7d02da1fbe0 - - default default] No more DHCP agents
2026-05-14 02:20:18.128 7 WARNING neutron.api.rpc.agentnotifiers.dhcp_rpc_agent_api [None req-d9f7461f-e19e-47e7-adaf-672eaaa333b2 958306b242f44238aa61a1a262e44445 99107a192888454baec8a7d02da1fbe0 - - default default] Unable to schedule network 60464574-f255-4ee7-a082-9389ef2fe284: no agents available; will retry on subsequent port and subnet creation events.
2026-05-14 02:20:18.149 8 INFO neutron.plugins.ml2.drivers.ovn.mech_driver.mech_driver [None req-618e94da-0ead-44db-a2dc-e7f7d8b91519 - - - - - -] OVN reports status down for port: 299a930d-7b43-4ef1-9547-ff7ab6edc5c9
2026-05-14 02:20:18.278 8 INFO neutron.plugins.ml2.drivers.ovn.mech_driver.mech_driver [None req-618e94da-0ead-44db-a2dc-e7f7d8b91519 - - - - - -] OVN reports status down for port: 39237c87-dd28-403d-b34c-0d8dd8b0461d
2026-05-14 02:20:18.341 8 INFO neutron.plugins.ml2.drivers.ovn.mech_driver.ovsdb.commands [None req-5799476d-d353-414f-9a31-1286b1ff7fdc - - - - - -] Schedule LRP lrp-60ec238e-2021-427e-ae97-1dffaaaf5ad9 on gateway f1ab026f-c82b-490c-8e98-be7a08d2b34c with priority 1
2026-05-14 02:20:18.422 8 INFO neutron.plugins.ml2.drivers.ovn.mech_driver.mech_driver [None req-618e94da-0ead-44db-a2dc-e7f7d8b91519 - - - - - -] OVN reports status down for port: 60ec238e-2021-427e-ae97-1dffaaaf5ad9
2026-05-14 02:20:18.430 8 INFO neutron.plugins.ml2.drivers.ovn.mech_driver.ovsdb.ovsdb_monitor [None req-53bf5912-a8e9-4a75-afe6-dc85a6758b2f - - - - - -] Router b2867df4-5942-4b69-835a-8ee165d5c1c9 is bound to host instance
2026-05-14 02:20:18.514 8 INFO neutron.db.ovn_revision_numbers_db [None req-6b551c22-dbdb-4171-9b8b-57b1c7fdf1ed 09a1d7e9f7454b3caad08d1bfe359571 4c82eb1e25c8488581763241f431a12e - - default default] Successfully bumped revision number for resource 60ec238e-2021-427e-ae97-1dffaaaf5ad9 (type: router_ports) to 1
2026-05-14 02:20:18.632 7 INFO neutron.db.ovn_revision_numbers_db [None req-491c11bf-6fe9-487b-a152-c87e17708eca - - - - - -] Successfully bumped revision number for resource 7ab090b8-f179-4e9b-9378-1d010b6c4fbf (type: ports) to 2
2026-05-14 02:20:18.653 8 WARNING neutron.plugins.ml2.drivers.ovn.mech_driver.ovsdb.ovn_client [None req-618e94da-0ead-44db-a2dc-e7f7d8b91519 - - - - - -] Logical_Switch_Port %s host information not removed, the port state is up
2026-05-14 02:20:18.654 8 INFO neutron.plugins.ml2.drivers.ovn.mech_driver.mech_driver [None req-618e94da-0ead-44db-a2dc-e7f7d8b91519 - - - - - -] OVN reports status down for port: 373588f3-23c9-44d4-aaa8-552b86e63dc2
2026-05-14 02:20:18.668 7 INFO neutron.db.ovn_revision_numbers_db [None req-491c11bf-6fe9-487b-a152-c87e17708eca - - - - - -] Successfully bumped revision number for resource 72af4280-3948-482a-8207-d3784a5f9242 (type: subnets) to 0 [pid: 7|app: 0|req: 1082/2040] 10.0.0.203 () {34 vars in 669 bytes} [Thu May 14 02:20:17 2026] POST /v2.0/subnets => generated 647 bytes in 704 msecs (HTTP/1.1 201) 4 headers in 162 bytes (1 switches on core 0)
2026-05-14 02:20:18.712 8 INFO neutron.db.ovn_revision_numbers_db [None req-6b551c22-dbdb-4171-9b8b-57b1c7fdf1ed 09a1d7e9f7454b3caad08d1bfe359571 4c82eb1e25c8488581763241f431a12e - - default default] Successfully bumped revision number for resource b2867df4-5942-4b69-835a-8ee165d5c1c9 (type: routers) to 2 [pid: 8|app: 0|req: 959/2041] 10.0.0.203 () {34 vars in 669 bytes} [Thu May 14 02:20:16 2026] POST /v2.0/routers => generated 966 bytes in 2014 msecs (HTTP/1.1 201) 4 headers in 162 bytes (1 switches on core 0)
2026-05-14 02:20:18.769 7 INFO neutron.db.segments_db [None req-9203f8f7-c5fd-4f56-84f4-fe9fcf94ec73 0c3f35ad704244c5899533c797441892 2017e6bfe14a48d7a1d295803ae79642 - - default default] Added segment 77764ccc-cb3f-4e42-ba1d-04014a7eda5f of type geneve for network f2f9c9ef-7a5a-4b0b-a68b-898994bfb577 [pid: 8|app: 0|req: 960/2042] 10.0.0.45 () {34 vars in 1039 bytes} [Thu May 14 02:20:18 2026] GET /v2.0/security-groups?id=2733b303-b8f5-4e5b-8462-197ce72d1130&fields=id&fields=name => generated 113 bytes in 79 msecs (HTTP/1.1 200) 4 headers in 157 bytes (1 switches on core 0)
2026-05-14 02:20:18.889 7 INFO neutron.db.ovn_revision_numbers_db [None req-9203f8f7-c5fd-4f56-84f4-fe9fcf94ec73 0c3f35ad704244c5899533c797441892 2017e6bfe14a48d7a1d295803ae79642 - - default default] Successfully bumped revision number for resource f2f9c9ef-7a5a-4b0b-a68b-898994bfb577 (type: networks) to 1
2026-05-14 02:20:18.915 8 INFO neutron.plugins.ml2.drivers.ovn.mech_driver.mech_driver [None req-618e94da-0ead-44db-a2dc-e7f7d8b91519 - - - - - -] OVN reports status up for port: 60ec238e-2021-427e-ae97-1dffaaaf5ad9
2026-05-14 02:20:18.956 8 INFO neutron.plugins.ml2.plugin [None req-618e94da-0ead-44db-a2dc-e7f7d8b91519 - - - - - -] Attempt 1 to provision port 60ec238e-2021-427e-ae97-1dffaaaf5ad9
2026-05-14 02:20:19.078 7 WARNING neutron.scheduler.dhcp_agent_scheduler [None req-9203f8f7-c5fd-4f56-84f4-fe9fcf94ec73 0c3f35ad704244c5899533c797441892 2017e6bfe14a48d7a1d295803ae79642 - - default default] No more DHCP agents
2026-05-14 02:20:19.079 7 WARNING neutron.api.rpc.agentnotifiers.dhcp_rpc_agent_api [None req-9203f8f7-c5fd-4f56-84f4-fe9fcf94ec73 0c3f35ad704244c5899533c797441892 2017e6bfe14a48d7a1d295803ae79642 - - default default] Unable to schedule network f2f9c9ef-7a5a-4b0b-a68b-898994bfb577: no agents available; will retry on subsequent port and subnet creation events.
2026-05-14 02:20:19.130 7 INFO neutron.plugins.ml2.drivers.ovn.mech_driver.mech_driver [None req-86b0896c-40c7-4dd8-a963-0d4e2f6b42cd - - - - - -] OVN reports status down for port: e641d428-e0a0-40db-a4da-8f7aa312c744
2026-05-14 02:20:19.195 7 INFO neutron.db.ovn_revision_numbers_db [None req-9203f8f7-c5fd-4f56-84f4-fe9fcf94ec73 0c3f35ad704244c5899533c797441892 2017e6bfe14a48d7a1d295803ae79642 - - default default] Successfully bumped revision number for resource e641d428-e0a0-40db-a4da-8f7aa312c744 (type: ports) to 1 [pid: 7|app: 0|req: 1083/2043] 10.0.0.203 () {34 vars in 670 bytes} [Thu May 14 02:20:18 2026] POST /v2.0/networks => generated 651 bytes in 569 msecs (HTTP/1.1 201) 4 headers in 162 bytes (1 switches on core 0) [pid: 8|app: 0|req: 961/2044] 10.0.0.203 () {34 vars in 681 bytes} [Thu May 14 02:20:18 2026] POST /v2.0/rbac-policies => generated 324 bytes in 633 msecs (HTTP/1.1 201) 4 headers in 162 bytes (1 switches on core 0)
2026-05-14 02:20:19.750 7 WARNING neutron.scheduler.dhcp_agent_scheduler [None req-6512f875-6d43-4a47-8bd0-418ce3697141 09a1d7e9f7454b3caad08d1bfe359571 4c82eb1e25c8488581763241f431a12e - - default default] No more DHCP agents
2026-05-14 02:20:19.751 7 WARNING neutron.api.rpc.agentnotifiers.dhcp_rpc_agent_api [None req-6512f875-6d43-4a47-8bd0-418ce3697141 09a1d7e9f7454b3caad08d1bfe359571 4c82eb1e25c8488581763241f431a12e - - default default] Unable to schedule network ffc520f5-625c-420e-91a7-a21c2e04a418: no agents available; will retry on subsequent port and subnet creation events.
2026-05-14 02:20:19.927 7 INFO neutron.db.ovn_revision_numbers_db [None req-6512f875-6d43-4a47-8bd0-418ce3697141 09a1d7e9f7454b3caad08d1bfe359571 4c82eb1e25c8488581763241f431a12e - - default default] Successfully bumped revision number for resource a62fe303-c99b-42e5-a2ff-5d4e5af82048 (type: ports) to 1
2026-05-14 02:20:19.962 8 WARNING neutron.scheduler.dhcp_agent_scheduler [None req-8685c311-7187-4238-a900-f452fa7e2fae 0c3f35ad704244c5899533c797441892 2017e6bfe14a48d7a1d295803ae79642 - - default default] No more DHCP agents
2026-05-14 02:20:19.964 8 WARNING neutron.api.rpc.agentnotifiers.dhcp_rpc_agent_api [None req-8685c311-7187-4238-a900-f452fa7e2fae 0c3f35ad704244c5899533c797441892 2017e6bfe14a48d7a1d295803ae79642 - - default default] Unable to schedule network f2f9c9ef-7a5a-4b0b-a68b-898994bfb577: no agents available; will retry on subsequent port and subnet creation events.
2026-05-14 02:20:20.053 7 INFO neutron.plugins.ml2.drivers.ovn.mech_driver.mech_driver [None req-86b0896c-40c7-4dd8-a963-0d4e2f6b42cd - - - - - -] OVN reports status down for port: 2101639c-9c01-4167-9c1f-ede90dba9e72
2026-05-14 02:20:20.104 8 INFO neutron.db.ovn_revision_numbers_db [None req-8685c311-7187-4238-a900-f452fa7e2fae 0c3f35ad704244c5899533c797441892 2017e6bfe14a48d7a1d295803ae79642 - - default default] Successfully bumped revision number for resource 2101639c-9c01-4167-9c1f-ede90dba9e72 (type: ports) to 1 [pid: 8|app: 0|req: 962/2045] 10.0.0.203 () {34 vars in 664 bytes} [Thu May 14 02:20:19 2026] POST /v2.0/ports => generated 743 bytes in 725 msecs (HTTP/1.1 201) 4 headers in 162 bytes (1 switches on core 0) /var/lib/openstack/lib/python3.12/site-packages/pycadf/identifier.py:70: UserWarning: Invalid uuid: neutron. To ensure interoperability, identifiers should be a valid uuid. warnings.warn(('Invalid uuid: %s. To ensure interoperability, ' [pid: 8|app: 0|req: 963/2046] 10.0.0.203 () {32 vars in 723 bytes} [Thu May 14 02:20:20 2026] GET /v2.0/networks/60464574-f255-4ee7-a082-9389ef2fe284 => generated 693 bytes in 120 msecs (HTTP/1.1 200) 4 headers in 157 bytes (1 switches on core 0)
2026-05-14 02:20:20.347 8 INFO neutron.db.ovn_revision_numbers_db [None req-e7aba31a-6348-4d13-8fcd-2879daaad059 - - - - - -] Successfully bumped revision number for resource 60ec238e-2021-427e-ae97-1dffaaaf5ad9 (type: ports) to 4
2026-05-14 02:20:20.444 8 INFO neutron.db.segments_db [None req-11408ad6-184e-4eae-8860-d2c4471bec7d 0c3f35ad704244c5899533c797441892 2017e6bfe14a48d7a1d295803ae79642 - - default default] Added segment 955e094a-575b-4103-9ab5-f06b7d8dd84c of type geneve for network ef3ec7b5-3eca-4dd7-a95f-48c03dff2117
2026-05-14 02:20:20.679 8 INFO neutron.db.ovn_revision_numbers_db [None req-11408ad6-184e-4eae-8860-d2c4471bec7d 0c3f35ad704244c5899533c797441892 2017e6bfe14a48d7a1d295803ae79642 - - default default] Successfully bumped revision number for resource ef3ec7b5-3eca-4dd7-a95f-48c03dff2117 (type: networks) to 1
2026-05-14 02:20:20.686 7 WARNING neutron.scheduler.dhcp_agent_scheduler [None req-6512f875-6d43-4a47-8bd0-418ce3697141 09a1d7e9f7454b3caad08d1bfe359571 4c82eb1e25c8488581763241f431a12e - - default default] No more DHCP agents
2026-05-14 02:20:20.687 7 WARNING neutron.api.rpc.agentnotifiers.dhcp_rpc_agent_api [None req-6512f875-6d43-4a47-8bd0-418ce3697141 09a1d7e9f7454b3caad08d1bfe359571 4c82eb1e25c8488581763241f431a12e - - default default] Unable to schedule network ffc520f5-625c-420e-91a7-a21c2e04a418: no agents available; will retry on subsequent port and subnet creation events.
2026-05-14 02:20:20.919 8 INFO neutron.db.ovn_revision_numbers_db [None req-e7aba31a-6348-4d13-8fcd-2879daaad059 - - - - - -] Successfully bumped revision number for resource 60ec238e-2021-427e-ae97-1dffaaaf5ad9 (type: ports) to 5
2026-05-14 02:20:20.992 8 WARNING neutron.scheduler.dhcp_agent_scheduler [None req-11408ad6-184e-4eae-8860-d2c4471bec7d 0c3f35ad704244c5899533c797441892 2017e6bfe14a48d7a1d295803ae79642 - - default default] No more DHCP agents
2026-05-14 02:20:20.998 8 WARNING neutron.api.rpc.agentnotifiers.dhcp_rpc_agent_api [None req-11408ad6-184e-4eae-8860-d2c4471bec7d 0c3f35ad704244c5899533c797441892 2017e6bfe14a48d7a1d295803ae79642 - - default default] Unable to schedule network ef3ec7b5-3eca-4dd7-a95f-48c03dff2117: no agents available; will retry on subsequent port and subnet creation events.
2026-05-14 02:20:21.150 8 INFO neutron.db.ovn_revision_numbers_db [None req-11408ad6-184e-4eae-8860-d2c4471bec7d 0c3f35ad704244c5899533c797441892 2017e6bfe14a48d7a1d295803ae79642 - - default default] Successfully bumped revision number for resource 9936667e-a827-41f4-b18f-21f5b459e80c (type: ports) to 1
2026-05-14 02:20:21.197 7 INFO neutron.db.ovn_revision_numbers_db [None req-6512f875-6d43-4a47-8bd0-418ce3697141 09a1d7e9f7454b3caad08d1bfe359571 4c82eb1e25c8488581763241f431a12e - - default default] Successfully bumped revision number for resource a62fe303-c99b-42e5-a2ff-5d4e5af82048 (type: router_ports) to 1 [pid: 8|app: 0|req: 964/2047] 10.0.0.203 () {34 vars in 670 bytes} [Thu May 14 02:20:20 2026] POST /v2.0/networks => generated 651 bytes in 879 msecs (HTTP/1.1 201) 4 headers in 162 bytes (1 switches on core 0) [pid: 7|app: 0|req: 1084/2048] 10.0.0.203 () {34 vars in 783 bytes} [Thu May 14 02:20:19 2026] PUT /v2.0/routers/b2867df4-5942-4b69-835a-8ee165d5c1c9/add_router_interface => generated 309 bytes in 1948 msecs (HTTP/1.1 200) 4 headers in 157 bytes (1 switches on core 0)
2026-05-14 02:20:21.259 8 INFO neutron.pecan_wsgi.hooks.translation [None req-1dacb9db-acb8-44c4-b8ab-28c58481cda0 5009d2def6854001a571c0c675164521 1ad295c1e20145c2bb3a81f685b55628 - - default default] GET failed (client error): The resource could not be found. [pid: 8|app: 0|req: 965/2049] 10.0.0.203 () {32 vars in 723 bytes} [Thu May 14 02:20:21 2026] GET /v2.0/networks/60464574-f255-4ee7-a082-9389ef2fe284 => generated 138 bytes in 60 msecs (HTTP/1.1 404) 4 headers in 164 bytes (1 switches on core 0)
2026-05-14 02:20:21.420 8 INFO neutron_taas.services.taas.taas_plugin [None req-bb171d59-6a54-4ea2-b7f7-e781d1e87500 958306b242f44238aa61a1a262e44445 99107a192888454baec8a7d02da1fbe0 - - default default] TaaS: Handle Delete Port: 7ab090b8-f179-4e9b-9378-1d010b6c4fbf
2026-05-14 02:20:21.423 8 INFO neutron_taas.services.taas.tap_mirror_plugin [None req-bb171d59-6a54-4ea2-b7f7-e781d1e87500 958306b242f44238aa61a1a262e44445 99107a192888454baec8a7d02da1fbe0 - - default default] Tap Mirror: Handle Delete Port: 7ab090b8-f179-4e9b-9378-1d010b6c4fbf
2026-05-14 02:20:21.441 7 WARNING neutron.scheduler.dhcp_agent_scheduler [None req-9cdab0df-590d-4d2f-a9f4-f2bae5a94846 0c3f35ad704244c5899533c797441892 2017e6bfe14a48d7a1d295803ae79642 - - default default] No more DHCP agents
2026-05-14 02:20:21.445 7 WARNING neutron.api.rpc.agentnotifiers.dhcp_rpc_agent_api [None req-9cdab0df-590d-4d2f-a9f4-f2bae5a94846 0c3f35ad704244c5899533c797441892 2017e6bfe14a48d7a1d295803ae79642 - - default default] Unable to schedule network ef3ec7b5-3eca-4dd7-a95f-48c03dff2117: no agents available; will retry on subsequent port and subnet creation events.
2026-05-14 02:20:21.495 7 INFO neutron.plugins.ml2.drivers.ovn.mech_driver.mech_driver [None req-86b0896c-40c7-4dd8-a963-0d4e2f6b42cd - - - - - -] OVN reports status down for port: 2e274f71-3f23-4a68-adf9-851c636e3bfe
2026-05-14 02:20:21.569 7 INFO neutron.db.ovn_revision_numbers_db [None req-9cdab0df-590d-4d2f-a9f4-f2bae5a94846 0c3f35ad704244c5899533c797441892 2017e6bfe14a48d7a1d295803ae79642 - - default default] Successfully bumped revision number for resource 2e274f71-3f23-4a68-adf9-851c636e3bfe (type: ports) to 1 [pid: 7|app: 0|req: 1085/2050] 10.0.0.203 () {34 vars in 664 bytes} [Thu May 14 02:20:21 2026] POST /v2.0/ports => generated 743 bytes in 469 msecs (HTTP/1.1 201) 4 headers in 162 bytes (1 switches on core 0) /var/lib/openstack/lib/python3.12/site-packages/pycadf/identifier.py:70: UserWarning: Invalid uuid: neutron. To ensure interoperability, identifiers should be a valid uuid. warnings.warn(('Invalid uuid: %s. To ensure interoperability, '
2026-05-14 02:20:21.768 8 INFO neutron.services.segments.plugin [-] Segment bad17679-c553-4796-a95b-dc409d26e396 resource provider aggregate not found
2026-05-14 02:20:21.774 8 INFO neutron.services.segments.plugin [-] Segment bad17679-c553-4796-a95b-dc409d26e396 resource provider aggregate not found
2026-05-14 02:20:21.783 7 INFO neutron.db.segments_db [None req-f98b797a-e6f1-48e7-8b87-a0943cdfd829 0c3f35ad704244c5899533c797441892 2017e6bfe14a48d7a1d295803ae79642 - - default default] Added segment 539d93ad-f0e6-48ad-ba62-2b3f58ea1845 of type geneve for network cb8bb5f2-e1bc-4ead-8d66-b357ba6f04ea
2026-05-14 02:20:21.789 8 INFO neutron.services.segments.plugin [-] Segment bad17679-c553-4796-a95b-dc409d26e396 resource provider not found; error: Placement Client Error (4xx): {"errors": [{"status": 404, "title": "Not Found", "detail": "The resource could not be found.\n\n No resource provider with uuid bad17679-c553-4796-a95b-dc409d26e396 found for delete ", "request_id": "req-860444c3-a8a5-4a2e-8737-a1fb1cb04156"}]}
2026-05-14 02:20:21.795 8 INFO neutron.services.segments.plugin [-] Segment bad17679-c553-4796-a95b-dc409d26e396 resource provider not found; error: Placement Client Error (4xx): {"errors": [{"status": 404, "title": "Not Found", "detail": "The resource could not be found.\n\n No resource provider with uuid bad17679-c553-4796-a95b-dc409d26e396 found for delete ", "request_id": "req-b5232a4a-a13f-47be-aec4-d194b5a483b3"}]} [pid: 8|app: 0|req: 966/2051] 10.0.0.203 () {32 vars in 726 bytes} [Thu May 14 02:20:21 2026] DELETE /v2.0/networks/60464574-f255-4ee7-a082-9389ef2fe284 => generated 0 bytes in 560 msecs (HTTP/1.1 204) 3 headers in 131 bytes (1 switches on core 0)
2026-05-14 02:20:21.901 7 INFO neutron.db.ovn_revision_numbers_db [None req-f98b797a-e6f1-48e7-8b87-a0943cdfd829 0c3f35ad704244c5899533c797441892 2017e6bfe14a48d7a1d295803ae79642 - - default default] Successfully bumped revision number for resource cb8bb5f2-e1bc-4ead-8d66-b357ba6f04ea (type: networks) to 1
2026-05-14 02:20:21.937 8 INFO neutron.plugins.ml2.drivers.ovn.mech_driver.mech_driver [None req-618e94da-0ead-44db-a2dc-e7f7d8b91519 - - - - - -] OVN reports status down for port: a62fe303-c99b-42e5-a2ff-5d4e5af82048 [pid: 8|app: 0|req: 967/2052] 10.0.0.102 () {34 vars in 990 bytes} [Thu May 14 02:20:21 2026] GET /v2.0/ports?device_id=4b67e832-b66b-4a53-9d43-ffd976783251 => generated 975 bytes in 141 msecs (HTTP/1.1 200) 4 headers in 157 bytes (1 switches on core 0)
2026-05-14 02:20:21.990 8 INFO neutron.pecan_wsgi.hooks.translation [None req-7dc44a8e-cad3-4fd7-b07c-4956bd545ea2 958306b242f44238aa61a1a262e44445 99107a192888454baec8a7d02da1fbe0 - - default default] DELETE failed (client error): The resource could not be found. [pid: 8|app: 0|req: 968/2053] 10.0.0.203 () {32 vars in 724 bytes} [Thu May 14 02:20:21 2026] DELETE /v2.0/subnets/a105d376-2d69-4817-bb42-e8289c7a3bfa => generated 136 bytes in 20 msecs (HTTP/1.1 404) 4 headers in 164 bytes (1 switches on core 0)
2026-05-14 02:20:22.040 8 WARNING neutron.plugins.ml2.drivers.ovn.mech_driver.ovsdb.ovn_client [None req-618e94da-0ead-44db-a2dc-e7f7d8b91519 - - - - - -] Logical_Switch_Port %s host information not removed, the port state is up
2026-05-14 02:20:22.040 8 INFO neutron.plugins.ml2.drivers.ovn.mech_driver.mech_driver [None req-618e94da-0ead-44db-a2dc-e7f7d8b91519 - - - - - -] OVN reports status up for port: a62fe303-c99b-42e5-a2ff-5d4e5af82048
2026-05-14 02:20:22.068 8 INFO neutron.plugins.ml2.plugin [None req-618e94da-0ead-44db-a2dc-e7f7d8b91519 - - - - - -] Attempt 1 to provision port a62fe303-c99b-42e5-a2ff-5d4e5af82048
2026-05-14 02:20:22.074 7 WARNING neutron.scheduler.dhcp_agent_scheduler [None req-f98b797a-e6f1-48e7-8b87-a0943cdfd829 0c3f35ad704244c5899533c797441892 2017e6bfe14a48d7a1d295803ae79642 - - default default] No more DHCP agents
2026-05-14 02:20:22.075 7 WARNING neutron.api.rpc.agentnotifiers.dhcp_rpc_agent_api [None req-f98b797a-e6f1-48e7-8b87-a0943cdfd829 0c3f35ad704244c5899533c797441892 2017e6bfe14a48d7a1d295803ae79642 - - default default] Unable to schedule network cb8bb5f2-e1bc-4ead-8d66-b357ba6f04ea: no agents available; will retry on subsequent port and subnet creation events.
2026-05-14 02:20:22.158 7 INFO neutron.db.ovn_revision_numbers_db [None req-f98b797a-e6f1-48e7-8b87-a0943cdfd829 0c3f35ad704244c5899533c797441892 2017e6bfe14a48d7a1d295803ae79642 - - default default] Successfully bumped revision number for resource 8ec8ea88-aaf9-4f7c-9c62-7cb9e3c70167 (type: ports) to 1 [pid: 7|app: 0|req: 1086/2054] 10.0.0.203 () {34 vars in 670 bytes} [Thu May 14 02:20:21 2026] POST /v2.0/networks => generated 650 bytes in 510 msecs (HTTP/1.1 201) 4 headers in 162 bytes (1 switches on core 0)
2026-05-14 02:20:22.207 8 INFO neutron.db.ovn_revision_numbers_db [None req-8163b6ae-dbd0-41b9-9a58-78dfdc33fc17 099d5d3b4ef646de9fb9ebfbcda3fb95 21859c31fb484f7bb04597947bf75d46 - - default default] Successfully bumped revision number for resource ac9195d8-48d4-48ec-9f54-e7d86095fe40 (type: security_groups) to 1
2026-05-14 02:20:22.227 8 INFO neutron.db.ovn_revision_numbers_db [None req-8163b6ae-dbd0-41b9-9a58-78dfdc33fc17 099d5d3b4ef646de9fb9ebfbcda3fb95 21859c31fb484f7bb04597947bf75d46 - - default default] Successfully bumped revision number for resource 73ca513b-7309-4071-8678-fea98c7d5074 (type: security_group_rules) to 0 [pid: 7|app: 0|req: 1087/2055] 10.0.0.102 () {34 vars in 1040 bytes} [Thu May 14 02:20:22 2026] GET /v2.0/security-groups?id=2733b303-b8f5-4e5b-8462-197ce72d1130&fields=id&fields=name => generated 113 bytes in 45 msecs (HTTP/1.1 200) 4 headers in 157 bytes (1 switches on core 0)
2026-05-14 02:20:22.252 7 INFO neutron.pecan_wsgi.hooks.translation [None req-44cbdad9-d561-44c8-ab35-88635a0a5c35 958306b242f44238aa61a1a262e44445 99107a192888454baec8a7d02da1fbe0 - - default default] DELETE failed (client error): The resource could not be found. [pid: 7|app: 0|req: 1088/2056] 10.0.0.203 () {32 vars in 724 bytes} [Thu May 14 02:20:22 2026] DELETE /v2.0/subnets/da55398e-d917-47ae-8754-c1a820f25c2c => generated 136 bytes in 20 msecs (HTTP/1.1 404) 4 headers in 164 bytes (1 switches on core 0)
2026-05-14 02:20:22.265 8 INFO neutron.db.ovn_revision_numbers_db [None req-8163b6ae-dbd0-41b9-9a58-78dfdc33fc17 099d5d3b4ef646de9fb9ebfbcda3fb95 21859c31fb484f7bb04597947bf75d46 - - default default] Successfully bumped revision number for resource c2aef267-d923-45d9-a648-c9d07b80d2da (type: security_group_rules) to 0 [pid: 8|app: 0|req: 969/2057] 10.0.0.203 () {34 vars in 685 bytes} [Thu May 14 02:20:21 2026] POST /v2.0/security-groups => generated 1675 bytes in 340 msecs (HTTP/1.1 201) 4 headers in 163 bytes (1 switches on core 0)
2026-05-14 02:20:22.368 8 INFO neutron.pecan_wsgi.hooks.translation [None req-4d685fe2-8ff7-4fce-af80-1e5d35872a82 958306b242f44238aa61a1a262e44445 99107a192888454baec8a7d02da1fbe0 - - default default] DELETE failed (client error): The resource could not be found. [pid: 8|app: 0|req: 970/2058] 10.0.0.203 () {32 vars in 724 bytes} [Thu May 14 02:20:22 2026] DELETE /v2.0/subnets/72af4280-3948-482a-8207-d3784a5f9242 => generated 136 bytes in 36 msecs (HTTP/1.1 404) 4 headers in 164 bytes (1 switches on core 0)
2026-05-14 02:20:22.508 7 WARNING neutron.scheduler.dhcp_agent_scheduler [None req-7f250977-01aa-4baf-bcd8-cd1d9e5a91c9 0c3f35ad704244c5899533c797441892 2017e6bfe14a48d7a1d295803ae79642 - - default default] No more DHCP agents
2026-05-14 02:20:22.510 7 WARNING neutron.api.rpc.agentnotifiers.dhcp_rpc_agent_api [None req-7f250977-01aa-4baf-bcd8-cd1d9e5a91c9 0c3f35ad704244c5899533c797441892 2017e6bfe14a48d7a1d295803ae79642 - - default default] Unable to schedule network cb8bb5f2-e1bc-4ead-8d66-b357ba6f04ea: no agents available; will retry on subsequent port and subnet creation events.
2026-05-14 02:20:22.616 7 INFO neutron.db.ovn_revision_numbers_db [None req-7f250977-01aa-4baf-bcd8-cd1d9e5a91c9 0c3f35ad704244c5899533c797441892 2017e6bfe14a48d7a1d295803ae79642 - - default default] Successfully bumped revision number for resource 464d364a-065d-4fcb-8fbe-78e3989c2f6b (type: ports) to 1
2026-05-14 02:20:22.637 8 INFO neutron.db.ovn_revision_numbers_db [None req-a0383cf6-83a0-4ce9-9fda-e6fcd3edb2e0 099d5d3b4ef646de9fb9ebfbcda3fb95 21859c31fb484f7bb04597947bf75d46 - - default default] Successfully bumped revision number for resource a800e844-515a-499e-bb2f-3897820b607e (type: security_group_rules) to 0 [pid: 7|app: 0|req: 1089/2059] 10.0.0.203 () {34 vars in 664 bytes} [Thu May 14 02:20:22 2026] POST /v2.0/ports => generated 743 bytes in 431 msecs (HTTP/1.1 201) 4 headers in 162 bytes (1 switches on core 0) /var/lib/openstack/lib/python3.12/site-packages/pycadf/identifier.py:70: UserWarning: Invalid uuid: neutron. To ensure interoperability, identifiers should be a valid uuid. warnings.warn(('Invalid uuid: %s. To ensure interoperability, ' [pid: 8|app: 0|req: 971/2060] 10.0.0.203 () {34 vars in 695 bytes} [Thu May 14 02:20:22 2026] POST /v2.0/security-group-rules => generated 597 bytes in 341 msecs (HTTP/1.1 201) 4 headers in 162 bytes (1 switches on core 0) [pid: 7|app: 0|req: 1090/2061] 10.0.0.203 () {34 vars in 747 bytes} [Thu May 14 02:20:22 2026] PUT /v2.0/ports/299a930d-7b43-4ef1-9547-ff7ab6edc5c9/tags => generated 17 bytes in 66 msecs (HTTP/1.1 200) 4 headers in 156 bytes (1 switches on core 0) /var/lib/openstack/lib/python3.12/site-packages/pycadf/identifier.py:70: UserWarning: Invalid uuid: neutron. To ensure interoperability, identifiers should be a valid uuid. warnings.warn(('Invalid uuid: %s. To ensure interoperability, '
2026-05-14 02:20:22.826 8 INFO neutron.db.ovn_revision_numbers_db [None req-618e94da-0ead-44db-a2dc-e7f7d8b91519 - - - - - -] Successfully bumped revision number for resource a62fe303-c99b-42e5-a2ff-5d4e5af82048 (type: ports) to 2 [pid: 7|app: 0|req: 1091/2062] 10.0.0.203 () {34 vars in 747 bytes} [Thu May 14 02:20:22 2026] PUT /v2.0/ports/373588f3-23c9-44d4-aaa8-552b86e63dc2/tags => generated 25 bytes in 78 msecs (HTTP/1.1 200) 4 headers in 156 bytes (1 switches on core 0) /var/lib/openstack/lib/python3.12/site-packages/pycadf/identifier.py:70: UserWarning: Invalid uuid: neutron. To ensure interoperability, identifiers should be a valid uuid. warnings.warn(('Invalid uuid: %s. To ensure interoperability, ' [pid: 7|app: 0|req: 1092/2063] 10.0.0.203 () {34 vars in 747 bytes} [Thu May 14 02:20:22 2026] PUT /v2.0/ports/2101639c-9c01-4167-9c1f-ede90dba9e72/tags => generated 34 bytes in 72 msecs (HTTP/1.1 200) 4 headers in 156 bytes (1 switches on core 0) /var/lib/openstack/lib/python3.12/site-packages/pycadf/identifier.py:70: UserWarning: Invalid uuid: neutron. To ensure interoperability, identifiers should be a valid uuid. warnings.warn(('Invalid uuid: %s. To ensure interoperability, '
2026-05-14 02:20:22.985 8 INFO neutron.db.ovn_revision_numbers_db [None req-afdb3fa2-9187-462a-865c-b2feacf5d1c1 099d5d3b4ef646de9fb9ebfbcda3fb95 21859c31fb484f7bb04597947bf75d46 - - default default] Successfully bumped revision number for resource b9aa0b90-ecd1-4602-b021-c1ecd518d19c (type: security_group_rules) to 0 [pid: 7|app: 0|req: 1093/2064] 10.0.0.203 () {34 vars in 747 bytes} [Thu May 14 02:20:22 2026] PUT /v2.0/ports/2e274f71-3f23-4a68-adf9-851c636e3bfe/tags => generated 19 bytes in 68 msecs (HTTP/1.1 200) 4 headers in 156 bytes (1 switches on core 0) /var/lib/openstack/lib/python3.12/site-packages/pycadf/identifier.py:70: UserWarning: Invalid uuid: neutron. To ensure interoperability, identifiers should be a valid uuid. warnings.warn(('Invalid uuid: %s. To ensure interoperability, ' [pid: 8|app: 0|req: 972/2065] 10.0.0.203 () {34 vars in 695 bytes} [Thu May 14 02:20:22 2026] POST /v2.0/security-group-rules => generated 596 bytes in 303 msecs (HTTP/1.1 201) 4 headers in 162 bytes (1 switches on core 0) [pid: 7|app: 0|req: 1094/2066] 10.0.0.203 () {32 vars in 660 bytes} [Thu May 14 02:20:22 2026] GET /v2.0/ports?tags=red => generated 2253 bytes in 143 msecs (HTTP/1.1 200) 4 headers in 158 bytes (1 switches on core 0)
2026-05-14 02:20:23.153 8 INFO neutron.db.ovn_revision_numbers_db [None req-dd45edd6-7a17-4bfc-94f3-bd694124a9bf 099d5d3b4ef646de9fb9ebfbcda3fb95 21859c31fb484f7bb04597947bf75d46 - - default default] Successfully bumped revision number for resource 1299f7a7-2b80-4cb7-b125-8d003075bbac (type: security_group_rules) to 0 [pid: 8|app: 0|req: 973/2067] 10.0.0.203 () {34 vars in 695 bytes} [Thu May 14 02:20:23 2026] POST /v2.0/security-group-rules => generated 602 bytes in 162 msecs (HTTP/1.1 201) 4 headers in 162 bytes (1 switches on core 0) [pid: 7|app: 0|req: 1095/2068] 10.0.0.203 () {32 vars in 674 bytes} [Thu May 14 02:20:23 2026] GET /v2.0/ports?tags=red%2Cblue => generated 1513 bytes in 68 msecs (HTTP/1.1 200) 4 headers in 158 bytes (1 switches on core 0)
2026-05-14 02:20:23.334 8 INFO neutron.db.ovn_revision_numbers_db [None req-046f4cde-3643-4b70-9527-e4a9a7c07a54 099d5d3b4ef646de9fb9ebfbcda3fb95 21859c31fb484f7bb04597947bf75d46 - - default default] Successfully bumped revision number for resource 96bfb6c0-bb23-4aaa-8c5a-754ccbdeb124 (type: security_group_rules) to 0 [pid: 8|app: 0|req: 974/2069] 10.0.0.203 () {34 vars in 695 bytes} [Thu May 14 02:20:23 2026] POST /v2.0/security-group-rules => generated 601 bytes in 182 msecs (HTTP/1.1 201) 4 headers in 162 bytes (1 switches on core 0) [pid: 7|app: 0|req: 1096/2070] 10.0.0.203 () {32 vars in 774 bytes} [Thu May 14 02:20:23 2026] GET /v2.0/security-groups?tenant_id=99107a192888454baec8a7d02da1fbe0&name=default => generated 2925 bytes in 190 msecs (HTTP/1.1 200) 4 headers in 158 bytes (1 switches on core 0) [pid: 8|app: 0|req: 975/2071] 10.0.0.203 () {32 vars in 670 bytes} [Thu May 14 02:20:23 2026] GET /v2.0/ports?tags-any=blue => generated 1513 bytes in 80 msecs (HTTP/1.1 200) 4 headers in 158 bytes (1 switches on core 0)
2026-05-14 02:20:23.484 8 INFO neutron.db.securitygroups_db [None req-31626eef-eea3-40cb-a4ae-365155e81006 099d5d3b4ef646de9fb9ebfbcda3fb95 21859c31fb484f7bb04597947bf75d46 - - default default] Project 21859c31fb484f7bb04597947bf75d46 added a security group rule with legacy IPv6 ICMP protocol name icmp, ipv6-icmp should be used instead. It was automatically converted. [pid: 7|app: 0|req: 1097/2072] 10.0.0.102 () {34 vars in 990 bytes} [Thu May 14 02:20:23 2026] GET /v2.0/ports?device_id=4b67e832-b66b-4a53-9d43-ffd976783251 => generated 975 bytes in 79 msecs (HTTP/1.1 200) 4 headers in 157 bytes (1 switches on core 0)
2026-05-14 02:20:23.600 8 INFO neutron.db.ovn_revision_numbers_db [None req-31626eef-eea3-40cb-a4ae-365155e81006 099d5d3b4ef646de9fb9ebfbcda3fb95 21859c31fb484f7bb04597947bf75d46 - - default default] Successfully bumped revision number for resource f5fec3e9-ed10-41ef-a231-07d6fcb5b3de (type: security_group_rules) to 0 [pid: 8|app: 0|req: 976/2073] 10.0.0.203 () {34 vars in 695 bytes} [Thu May 14 02:20:23 2026] POST /v2.0/security-group-rules => generated 607 bytes in 190 msecs (HTTP/1.1 201) 4 headers in 162 bytes (1 switches on core 0) [pid: 7|app: 0|req: 1098/2074] 10.0.0.203 () {32 vars in 740 bytes} [Thu May 14 02:20:23 2026] DELETE /v2.0/security-groups/a04739c3-7688-4284-8155-db42bc45f09e => generated 0 bytes in 271 msecs (HTTP/1.1 204) 2 headers in 112 bytes (1 switches on core 0) [pid: 8|app: 0|req: 977/2075] 10.0.0.203 () {32 vars in 682 bytes} [Thu May 14 02:20:23 2026] GET /v2.0/ports?tags-any=red%2Cblue => generated 2253 bytes in 121 msecs (HTTP/1.1 200) 4 headers in 158 bytes (1 switches on core 0) [pid: 7|app: 0|req: 1099/2076] 10.0.0.102 () {34 vars in 1040 bytes} [Thu May 14 02:20:23 2026] GET /v2.0/security-groups?id=2733b303-b8f5-4e5b-8462-197ce72d1130&fields=id&fields=name => generated 113 bytes in 38 msecs (HTTP/1.1 200) 4 headers in 157 bytes (1 switches on core 0)
2026-05-14 02:20:23.808 8 INFO neutron.db.securitygroups_db [None req-463fc272-2d0f-46e7-a003-c9b131535aba 099d5d3b4ef646de9fb9ebfbcda3fb95 21859c31fb484f7bb04597947bf75d46 - - default default] Project 21859c31fb484f7bb04597947bf75d46 added a security group rule with legacy IPv6 ICMP protocol name icmp, ipv6-icmp should be used instead. It was automatically converted. [pid: 7|app: 0|req: 1100/2077] 10.0.0.203 () {32 vars in 668 bytes} [Thu May 14 02:20:23 2026] GET /v2.0/ports?not-tags=red => generated 5268 bytes in 78 msecs (HTTP/1.1 200) 4 headers in 158 bytes (1 switches on core 0)
2026-05-14 02:20:23.928 8 INFO neutron.db.ovn_revision_numbers_db [None req-463fc272-2d0f-46e7-a003-c9b131535aba 099d5d3b4ef646de9fb9ebfbcda3fb95 21859c31fb484f7bb04597947bf75d46 - - default default] Successfully bumped revision number for resource b67fa8cf-9f9d-4bc9-9ff3-200d7b6c6c07 (type: security_group_rules) to 0 [pid: 8|app: 0|req: 978/2078] 10.0.0.203 () {34 vars in 695 bytes} [Thu May 14 02:20:23 2026] POST /v2.0/security-group-rules => generated 606 bytes in 202 msecs (HTTP/1.1 201) 4 headers in 162 bytes (1 switches on core 0)
2026-05-14 02:20:24.010 7 INFO neutron.db.ovn_revision_numbers_db [None req-17685fbd-3f06-4e58-96de-62186d61cc42 09a1d7e9f7454b3caad08d1bfe359571 4c82eb1e25c8488581763241f431a12e - - default default] Successfully bumped revision number for resource 9417f442-3acd-4f2f-b2b0-91df73b4de57 (type: security_groups) to 1
2026-05-14 02:20:24.022 7 INFO neutron.db.ovn_revision_numbers_db [None req-17685fbd-3f06-4e58-96de-62186d61cc42 09a1d7e9f7454b3caad08d1bfe359571 4c82eb1e25c8488581763241f431a12e - - default default] Successfully bumped revision number for resource 22fcd808-ecfd-4bd6-bbdd-6c0893d5c0bb (type: security_group_rules) to 0
2026-05-14 02:20:24.034 7 INFO neutron.db.ovn_revision_numbers_db [None req-17685fbd-3f06-4e58-96de-62186d61cc42 09a1d7e9f7454b3caad08d1bfe359571 4c82eb1e25c8488581763241f431a12e - - default default] Successfully bumped revision number for resource 7cdc9536-e943-4ecf-87fd-75d53dd662d3 (type: security_group_rules) to 0
2026-05-14 02:20:24.047 7 INFO neutron.db.ovn_revision_numbers_db [None req-17685fbd-3f06-4e58-96de-62186d61cc42 09a1d7e9f7454b3caad08d1bfe359571 4c82eb1e25c8488581763241f431a12e - - default default] Successfully bumped revision number for resource e171c604-453b-480a-ae57-443bc887dc8e (type: security_group_rules) to 0
2026-05-14 02:20:24.061 7 INFO neutron.db.ovn_revision_numbers_db [None req-17685fbd-3f06-4e58-96de-62186d61cc42 09a1d7e9f7454b3caad08d1bfe359571 4c82eb1e25c8488581763241f431a12e - - default default] Successfully bumped revision number for resource f82e2fbd-cbd0-45d1-9158-a60c7a05232b (type: security_group_rules) to 0 [pid: 7|app: 0|req: 1101/2079] 10.0.0.203 () {32 vars in 774 bytes} [Thu May 14 02:20:23 2026] GET /v2.0/security-groups?tenant_id=1ad295c1e20145c2bb3a81f685b55628&name=default => generated 2925 bytes in 220 msecs (HTTP/1.1 200) 4 headers in 158 bytes (1 switches on core 0) [pid: 7|app: 0|req: 1102/2080] 199.204.45.235 () {34 vars in 994 bytes} [Thu May 14 02:20:24 2026] GET /v2.0/ports?device_id=4b67e832-b66b-4a53-9d43-ffd976783251 => generated 975 bytes in 30 msecs (HTTP/1.1 200) 4 headers in 157 bytes (1 switches on core 0) [pid: 8|app: 0|req: 979/2081] 10.0.0.203 () {32 vars in 682 bytes} [Thu May 14 02:20:23 2026] GET /v2.0/ports?not-tags=red%2Cblue => generated 6008 bytes in 169 msecs (HTTP/1.1 200) 4 headers in 158 bytes (1 switches on core 0)
2026-05-14 02:20:24.275 8 INFO neutron_taas.services.taas.taas_plugin [req-ecc079d1-6dab-499b-aab9-64ad31260f55 req-9baa737f-c4b5-4ef6-94f8-f3f4dc72706c a060954624d14ef89d4dd6d398c4e88f 8963358de86743f496a1c6edcbf1f378 - - default default] TaaS: Handle Delete Port: 55708967-eac2-4250-8f85-d03378d10514
2026-05-14 02:20:24.277 8 INFO neutron_taas.services.taas.tap_mirror_plugin [req-ecc079d1-6dab-499b-aab9-64ad31260f55 req-9baa737f-c4b5-4ef6-94f8-f3f4dc72706c a060954624d14ef89d4dd6d398c4e88f 8963358de86743f496a1c6edcbf1f378 - - default default] Tap Mirror: Handle Delete Port: 55708967-eac2-4250-8f85-d03378d10514 [pid: 7|app: 0|req: 1103/2082] 10.0.0.203 () {32 vars in 740 bytes} [Thu May 14 02:20:24 2026] DELETE /v2.0/security-groups/9417f442-3acd-4f2f-b2b0-91df73b4de57 => generated 0 bytes in 205 msecs (HTTP/1.1 204) 2 headers in 112 bytes (1 switches on core 0) [pid: 7|app: 0|req: 1104/2083] 10.0.0.203 () {32 vars in 678 bytes} [Thu May 14 02:20:24 2026] GET /v2.0/ports?not-tags-any=blue => generated 6008 bytes in 110 msecs (HTTP/1.1 200) 4 headers in 158 bytes (1 switches on core 0)
2026-05-14 02:20:24.455 8 INFO neutron.db.l3_db [req-ecc079d1-6dab-499b-aab9-64ad31260f55 req-9baa737f-c4b5-4ef6-94f8-f3f4dc72706c a060954624d14ef89d4dd6d398c4e88f 8963358de86743f496a1c6edcbf1f378 - - default default] Floating IP 56b3d41b-7af0-4d5b-9f72-b02221043962 disassociated. External IP: 10.96.250.208, port: 55708967-eac2-4250-8f85-d03378d10514. [pid: 7|app: 0|req: 1105/2084] 10.0.0.203 () {32 vars in 690 bytes} [Thu May 14 02:20:24 2026] GET /v2.0/ports?not-tags-any=red%2Cblue => generated 5268 bytes in 58 msecs (HTTP/1.1 200) 4 headers in 158 bytes (1 switches on core 0) [pid: 8|app: 0|req: 980/2085] 199.204.45.235 () {36 vars in 997 bytes} [Thu May 14 02:20:24 2026] DELETE /v2.0/ports/55708967-eac2-4250-8f85-d03378d10514 => generated 0 bytes in 457 msecs (HTTP/1.1 204) 3 headers in 131 bytes (1 switches on core 0)
2026-05-14 02:20:24.639 8 INFO neutron.notifiers.nova [-] Nova event matching ['req-ffba970c-07c2-4c6e-a925-099313ca3369'] response: {'server_uuid': '4b67e832-b66b-4a53-9d43-ffd976783251', 'name': 'network-vif-deleted', 'tag': '55708967-eac2-4250-8f85-d03378d10514', 'status': 'completed', 'code': 200}
2026-05-14 02:20:24.658 7 INFO neutron.db.ovn_revision_numbers_db [None req-8f0d6914-9707-44cc-a598-131c6c4495b6 099d5d3b4ef646de9fb9ebfbcda3fb95 21859c31fb484f7bb04597947bf75d46 - - default default] Successfully bumped revision number for resource b859da45-88dd-4bc5-9ace-2046a8980804 (type: security_groups) to 1
2026-05-14 02:20:24.670 7 INFO neutron.db.ovn_revision_numbers_db [None req-8f0d6914-9707-44cc-a598-131c6c4495b6 099d5d3b4ef646de9fb9ebfbcda3fb95 21859c31fb484f7bb04597947bf75d46 - - default default] Successfully bumped revision number for resource 034f6287-003f-4804-ab3e-9bf6f6dcf0d4 (type: security_group_rules) to 0
2026-05-14 02:20:24.683 7 INFO neutron.db.ovn_revision_numbers_db [None req-8f0d6914-9707-44cc-a598-131c6c4495b6 099d5d3b4ef646de9fb9ebfbcda3fb95 21859c31fb484f7bb04597947bf75d46 - - default default] Successfully bumped revision number for resource 4daa284e-5408-4270-82c1-a5f1ab8c700a (type: security_group_rules) to 0 [pid: 7|app: 0|req: 1106/2086] 10.0.0.203 () {34 vars in 685 bytes} [Thu May 14 02:20:24 2026] POST /v2.0/security-groups => generated 1661 bytes in 228 msecs (HTTP/1.1 201) 4 headers in 163 bytes (1 switches on core 0)
2026-05-14 02:20:24.756 8 INFO neutron.db.ovn_revision_numbers_db [None req-013088c7-de82-4e8c-b772-149c6313a65f 09a1d7e9f7454b3caad08d1bfe359571 4c82eb1e25c8488581763241f431a12e - - default default] Successfully bumped revision number for resource 7578575e-59e5-4762-aa5b-454ec8864445 (type: security_groups) to 1
2026-05-14 02:20:24.772 8 INFO neutron.db.ovn_revision_numbers_db [None req-013088c7-de82-4e8c-b772-149c6313a65f 09a1d7e9f7454b3caad08d1bfe359571 4c82eb1e25c8488581763241f431a12e - - default default] Successfully bumped revision number for resource 07756f55-1993-40a6-95db-ae657549f961 (type: security_group_rules) to 0
2026-05-14 02:20:24.783 8 INFO neutron.db.ovn_revision_numbers_db [None req-013088c7-de82-4e8c-b772-149c6313a65f 09a1d7e9f7454b3caad08d1bfe359571 4c82eb1e25c8488581763241f431a12e - - default default] Successfully bumped revision number for resource 0bf3a372-3130-4fc1-88f9-c53f73c4ba10 (type: security_group_rules) to 0
2026-05-14 02:20:24.796 8 INFO neutron.db.ovn_revision_numbers_db [None req-013088c7-de82-4e8c-b772-149c6313a65f 09a1d7e9f7454b3caad08d1bfe359571 4c82eb1e25c8488581763241f431a12e - - default default] Successfully bumped revision number for resource b9ed1fdb-e13a-4738-9182-a96480e3189a (type: security_group_rules) to 0
2026-05-14 02:20:24.839 8 INFO neutron.db.ovn_revision_numbers_db [None req-013088c7-de82-4e8c-b772-149c6313a65f 09a1d7e9f7454b3caad08d1bfe359571 4c82eb1e25c8488581763241f431a12e - - default default] Successfully bumped revision number for resource dd67a7d5-be8f-44d2-9f85-6ac943553e1e (type: security_group_rules) to 0
2026-05-14 02:20:24.876 7 INFO neutron_taas.services.taas.taas_plugin [None req-25cf9093-46f3-4548-a58c-9247e7637ffe 0c3f35ad704244c5899533c797441892 2017e6bfe14a48d7a1d295803ae79642 - - default default] TaaS: Handle Delete Port: 299a930d-7b43-4ef1-9547-ff7ab6edc5c9
2026-05-14 02:20:24.879 7 INFO neutron_taas.services.taas.tap_mirror_plugin [None req-25cf9093-46f3-4548-a58c-9247e7637ffe 0c3f35ad704244c5899533c797441892 2017e6bfe14a48d7a1d295803ae79642 - - default default] Tap Mirror: Handle Delete Port: 299a930d-7b43-4ef1-9547-ff7ab6edc5c9 [pid: 8|app: 0|req: 981/2087] 10.0.0.203 () {32 vars in 774 bytes} [Thu May 14 02:20:24 2026] GET /v2.0/security-groups?tenant_id=42efcb9f330e489f93748bd43d3458f8&name=default => generated 2925 bytes in 285 msecs (HTTP/1.1 200) 4 headers in 158 bytes (1 switches on core 0) [pid: 7|app: 0|req: 1107/2088] 10.0.0.203 () {32 vars in 720 bytes} [Thu May 14 02:20:24 2026] DELETE /v2.0/ports/299a930d-7b43-4ef1-9547-ff7ab6edc5c9 => generated 0 bytes in 296 msecs (HTTP/1.1 204) 3 headers in 131 bytes (1 switches on core 0)
2026-05-14 02:20:25.058 8 INFO neutron.db.ovn_revision_numbers_db [None req-50d15459-1254-4ac9-9a34-b9fa49a0f293 099d5d3b4ef646de9fb9ebfbcda3fb95 21859c31fb484f7bb04597947bf75d46 - - default default] Successfully bumped revision number for resource 92e66141-112b-4584-8161-b2b22b098a11 (type: security_group_rules) to 0 [pid: 7|app: 0|req: 1108/2089] 10.0.0.102 () {34 vars in 990 bytes} [Thu May 14 02:20:25 2026] GET /v2.0/ports?device_id=4b67e832-b66b-4a53-9d43-ffd976783251 => generated 12 bytes in 27 msecs (HTTP/1.1 200) 4 headers in 156 bytes (1 switches on core 0) [pid: 8|app: 0|req: 982/2090] 10.0.0.203 () {34 vars in 695 bytes} [Thu May 14 02:20:24 2026] POST /v2.0/security-group-rules => generated 597 bytes in 205 msecs (HTTP/1.1 201) 4 headers in 162 bytes (1 switches on core 0)
2026-05-14 02:20:25.232 8 INFO neutron_taas.services.taas.taas_plugin [None req-cdb1d2df-7d55-4a04-8d10-971335c68ac2 0c3f35ad704244c5899533c797441892 2017e6bfe14a48d7a1d295803ae79642 - - default default] TaaS: Handle Delete Port: 373588f3-23c9-44d4-aaa8-552b86e63dc2
