2026-05-14 02:21:23.401 7 INFO neutron.db.ovn_revision_numbers_db [None req-e569760e-99d0-489e-9ff2-dd7df975bda1 - - - - - -] Successfully bumped revision number for resource 7a639b5e-60b4-4b43-9274-31507dca1b62 (type: subnets) to 0 [pid: 7|app: 0|req: 1360/2626] 10.0.0.203 () {34 vars in 669 bytes} [Thu May 14 02:21:22 2026] POST /v2.0/subnets => generated 658 bytes in 662 msecs (HTTP/1.1 201) 4 headers in 162 bytes (1 switches on core 0) [pid: 8|app: 0|req: 1267/2627] 10.0.0.203 () {32 vars in 688 bytes} [Thu May 14 02:21:23 2026] GET /v2.0/networks?tags-any=red%2Cblue => generated 1987 bytes in 41 msecs (HTTP/1.1 200) 4 headers in 158 bytes (1 switches on core 0) [pid: 7|app: 0|req: 1361/2628] 10.0.0.203 () {32 vars in 731 bytes} [Thu May 14 02:21:23 2026] GET /v2.0/subnets/ea2def20-670d-43e4-b8b0-fdcf89987fb3/tags => generated 37 bytes in 30 msecs (HTTP/1.1 200) 4 headers in 156 bytes (1 switches on core 0) [pid: 7|app: 0|req: 1362/2629] 10.0.0.203 () {32 vars in 674 bytes} [Thu May 14 02:21:23 2026] GET /v2.0/networks?not-tags=red => generated 1987 bytes in 65 msecs (HTTP/1.1 200) 4 headers in 158 bytes (1 switches on core 0) [pid: 7|app: 0|req: 1363/2630] 10.0.0.203 () {32 vars in 739 bytes} [Thu May 14 02:21:23 2026] GET /v2.0/subnets/ea2def20-670d-43e4-b8b0-fdcf89987fb3/tags/red => generated 0 bytes in 35 msecs (HTTP/1.1 204) 2 headers in 112 bytes (1 switches on core 0) [pid: 8|app: 0|req: 1268/2631] 10.0.0.203 () {32 vars in 722 bytes} [Thu May 14 02:21:23 2026] GET /v2.0/subnetpools?name=shared-default-subnetpool-v6 => generated 19 bytes in 138 msecs (HTTP/1.1 200) 4 headers in 156 bytes (1 switches on core 0) [pid: 7|app: 0|req: 1364/2632] 10.0.0.203 () {32 vars in 688 bytes} [Thu May 14 02:21:23 2026] GET /v2.0/networks?not-tags=red%2Cblue => generated 2637 bytes in 54 msecs (HTTP/1.1 200) 4 headers in 158 bytes (1 switches on core 0)
2026-05-14 02:21:23.608 8 INFO neutron.api.v2.resource [None req-5c900416-3b53-4324-b4ec-41d22f9cb11e 749ad325e375400293fef73bde0b4979 543ae35f138b467998e8d9b54c9a285c - - default default] show failed (client error): The resource could not be found. [pid: 8|app: 0|req: 1269/2633] 10.0.0.203 () {32 vars in 743 bytes} [Thu May 14 02:21:23 2026] GET /v2.0/subnets/ea2def20-670d-43e4-b8b0-fdcf89987fb3/tags/green => generated 99 bytes in 28 msecs (HTTP/1.1 404) 4 headers in 163 bytes (1 switches on core 0) [pid: 8|app: 0|req: 1270/2634] 10.0.0.203 () {32 vars in 684 bytes} [Thu May 14 02:21:23 2026] GET /v2.0/networks?not-tags-any=blue => generated 2637 bytes in 70 msecs (HTTP/1.1 200) 4 headers in 158 bytes (1 switches on core 0) [pid: 8|app: 0|req: 1271/2635] 10.0.0.203 () {32 vars in 742 bytes} [Thu May 14 02:21:23 2026] DELETE /v2.0/subnets/ea2def20-670d-43e4-b8b0-fdcf89987fb3/tags/red => generated 0 bytes in 43 msecs (HTTP/1.1 204) 2 headers in 112 bytes (1 switches on core 0)
2026-05-14 02:21:23.768 7 WARNING neutron.scheduler.dhcp_agent_scheduler [None req-7efaac6f-73a4-4182-9159-43d0903ac090 5a1dd9028b3a4e18a64f239079c56863 be5b5c6068f540e7beb9c0dba68ed796 - - default default] No more DHCP agents
2026-05-14 02:21:23.769 7 WARNING neutron.api.rpc.agentnotifiers.dhcp_rpc_agent_api [None req-7efaac6f-73a4-4182-9159-43d0903ac090 5a1dd9028b3a4e18a64f239079c56863 be5b5c6068f540e7beb9c0dba68ed796 - - default default] Unable to schedule network 62359494-6010-442e-b2da-f3c1934c564f: no agents available; will retry on subsequent port and subnet creation events. [pid: 8|app: 0|req: 1272/2636] 10.0.0.203 () {32 vars in 696 bytes} [Thu May 14 02:21:23 2026] GET /v2.0/networks?not-tags-any=red%2Cblue => generated 1987 bytes in 58 msecs (HTTP/1.1 200) 4 headers in 158 bytes (1 switches on core 0)
2026-05-14 02:21:23.803 7 INFO neutron.db.ovn_revision_numbers_db [None req-7efaac6f-73a4-4182-9159-43d0903ac090 5a1dd9028b3a4e18a64f239079c56863 be5b5c6068f540e7beb9c0dba68ed796 - - default default] Successfully bumped revision number for resource f6e72d04-2605-47d2-aa6e-546edf8f54a3 (type: subnets) to 0 [pid: 7|app: 0|req: 1365/2637] 10.0.0.203 () {34 vars in 669 bytes} [Thu May 14 02:21:23 2026] POST /v2.0/subnets => generated 731 bytes in 213 msecs (HTTP/1.1 201) 4 headers in 162 bytes (1 switches on core 0) [pid: 8|app: 0|req: 1273/2638] 10.0.0.203 () {32 vars in 731 bytes} [Thu May 14 02:21:23 2026] GET /v2.0/subnets/ea2def20-670d-43e4-b8b0-fdcf89987fb3/tags => generated 30 bytes in 44 msecs (HTTP/1.1 200) 4 headers in 156 bytes (1 switches on core 0)
2026-05-14 02:21:23.913 8 INFO neutron.db.segments_db [None req-591ef99e-e519-48ad-af07-c1737ffcb2b5 5a1dd9028b3a4e18a64f239079c56863 be5b5c6068f540e7beb9c0dba68ed796 - - default default] Added segment 87cf52a7-3ec1-4833-977e-3eb2fac0eb4b of type geneve for network 2f58d0ea-6bcf-44fe-b368-fd0c3f8b5fd6
2026-05-14 02:21:23.934 7 INFO neutron_taas.services.taas.taas_plugin [None req-8ec5d7cf-716d-4810-8513-b7786fa9daf3 611941131c444fe49560c51a98a809a1 2b9b70a976c14052a61fe11931704161 - - default default] TaaS: Handle Delete Port: e7035815-60e4-4c43-9679-fabe2dc04541
2026-05-14 02:21:23.936 7 INFO neutron_taas.services.taas.tap_mirror_plugin [None req-8ec5d7cf-716d-4810-8513-b7786fa9daf3 611941131c444fe49560c51a98a809a1 2b9b70a976c14052a61fe11931704161 - - default default] Tap Mirror: Handle Delete Port: e7035815-60e4-4c43-9679-fabe2dc04541
2026-05-14 02:21:24.032 8 INFO neutron.db.ovn_revision_numbers_db [None req-591ef99e-e519-48ad-af07-c1737ffcb2b5 5a1dd9028b3a4e18a64f239079c56863 be5b5c6068f540e7beb9c0dba68ed796 - - default default] Successfully bumped revision number for resource 2f58d0ea-6bcf-44fe-b368-fd0c3f8b5fd6 (type: networks) to 1
2026-05-14 02:21:24.110 7 INFO neutron.services.segments.plugin [-] Segment 7451e5ae-ffe7-4ec9-80cf-a383972d810b resource provider aggregate not found
2026-05-14 02:21:24.114 7 INFO neutron.services.segments.plugin [-] Segment 7451e5ae-ffe7-4ec9-80cf-a383972d810b resource provider aggregate not found
2026-05-14 02:21:24.132 7 INFO neutron.services.segments.plugin [-] Segment 7451e5ae-ffe7-4ec9-80cf-a383972d810b resource provider not found; error: Placement Client Error (4xx): {"errors": [{"status": 404, "title": "Not Found", "detail": "The resource could not be found.\n\n No resource provider with uuid 7451e5ae-ffe7-4ec9-80cf-a383972d810b found for delete ", "request_id": "req-28762e59-f879-464c-9be7-0aeb3ec9c075"}]}
2026-05-14 02:21:24.138 7 INFO neutron.services.segments.plugin [-] Segment 7451e5ae-ffe7-4ec9-80cf-a383972d810b resource provider not found; error: Placement Client Error (4xx): {"errors": [{"status": 404, "title": "Not Found", "detail": "The resource could not be found.\n\n No resource provider with uuid 7451e5ae-ffe7-4ec9-80cf-a383972d810b found for delete ", "request_id": "req-ab295a9c-755d-4fa4-8dc4-e69bd83f983d"}]} [pid: 7|app: 0|req: 1366/2639] 10.0.0.203 () {32 vars in 726 bytes} [Thu May 14 02:21:23 2026] DELETE /v2.0/networks/0d3c5797-1af3-4408-8f80-ba706d22895c => generated 0 bytes in 343 msecs (HTTP/1.1 204) 3 headers in 131 bytes (1 switches on core 0)
2026-05-14 02:21:24.203 7 INFO neutron.api.v2.resource [None req-92ad4dde-e1da-4d74-9abc-f6778d8edb4f 749ad325e375400293fef73bde0b4979 543ae35f138b467998e8d9b54c9a285c - - default default] delete failed (client error): The resource could not be found. [pid: 7|app: 0|req: 1367/2640] 10.0.0.203 () {32 vars in 746 bytes} [Thu May 14 02:21:24 2026] DELETE /v2.0/subnets/ea2def20-670d-43e4-b8b0-fdcf89987fb3/tags/green => generated 99 bytes in 42 msecs (HTTP/1.1 404) 4 headers in 163 bytes (1 switches on core 0)
2026-05-14 02:21:24.221 8 WARNING neutron.scheduler.dhcp_agent_scheduler [None req-591ef99e-e519-48ad-af07-c1737ffcb2b5 5a1dd9028b3a4e18a64f239079c56863 be5b5c6068f540e7beb9c0dba68ed796 - - default default] No more DHCP agents
2026-05-14 02:21:24.223 8 WARNING neutron.api.rpc.agentnotifiers.dhcp_rpc_agent_api [None req-591ef99e-e519-48ad-af07-c1737ffcb2b5 5a1dd9028b3a4e18a64f239079c56863 be5b5c6068f540e7beb9c0dba68ed796 - - default default] Unable to schedule network 2f58d0ea-6bcf-44fe-b368-fd0c3f8b5fd6: no agents available; will retry on subsequent port and subnet creation events.
2026-05-14 02:21:24.295 8 INFO neutron.plugins.ml2.drivers.ovn.mech_driver.mech_driver [None req-d9e1696e-d529-45de-b24a-9f715a0f0cc6 - - - - - -] OVN reports status down for port: 75816e82-f8e1-435d-ad69-8112de5ece1c
2026-05-14 02:21:24.338 7 INFO neutron_taas.services.taas.taas_plugin [None req-c9689767-b9de-4d37-82c9-dddaa4261f41 611941131c444fe49560c51a98a809a1 2b9b70a976c14052a61fe11931704161 - - default default] TaaS: Handle Delete Port: 0134c305-b9bb-493d-8e9d-2f81505465b2
2026-05-14 02:21:24.340 7 INFO neutron_taas.services.taas.tap_mirror_plugin [None req-c9689767-b9de-4d37-82c9-dddaa4261f41 611941131c444fe49560c51a98a809a1 2b9b70a976c14052a61fe11931704161 - - default default] Tap Mirror: Handle Delete Port: 0134c305-b9bb-493d-8e9d-2f81505465b2
2026-05-14 02:21:24.367 8 INFO neutron.db.ovn_revision_numbers_db [None req-591ef99e-e519-48ad-af07-c1737ffcb2b5 5a1dd9028b3a4e18a64f239079c56863 be5b5c6068f540e7beb9c0dba68ed796 - - default default] Successfully bumped revision number for resource 75816e82-f8e1-435d-ad69-8112de5ece1c (type: ports) to 1 [pid: 8|app: 0|req: 1274/2641] 10.0.0.203 () {34 vars in 670 bytes} [Thu May 14 02:21:23 2026] POST /v2.0/networks => generated 656 bytes in 609 msecs (HTTP/1.1 201) 4 headers in 162 bytes (1 switches on core 0) [pid: 8|app: 0|req: 1275/2642] 10.0.0.203 () {32 vars in 734 bytes} [Thu May 14 02:21:24 2026] DELETE /v2.0/subnets/ea2def20-670d-43e4-b8b0-fdcf89987fb3/tags => generated 0 bytes in 50 msecs (HTTP/1.1 204) 2 headers in 112 bytes (1 switches on core 0) [pid: 7|app: 0|req: 1368/2643] 10.0.0.203 () {32 vars in 726 bytes} [Thu May 14 02:21:24 2026] DELETE /v2.0/networks/ec908b05-bb81-4d73-b982-60025880ff32 => generated 0 bytes in 324 msecs (HTTP/1.1 204) 3 headers in 131 bytes (1 switches on core 0) [pid: 7|app: 0|req: 1369/2644] 10.0.0.203 () {32 vars in 731 bytes} [Thu May 14 02:21:24 2026] GET /v2.0/subnets/ea2def20-670d-43e4-b8b0-fdcf89987fb3/tags => generated 12 bytes in 40 msecs (HTTP/1.1 200) 4 headers in 156 bytes (1 switches on core 0)
2026-05-14 02:21:24.667 8 WARNING neutron.scheduler.dhcp_agent_scheduler [None req-66d5c527-3c5e-46e5-8f17-f056ed66fc60 5a1dd9028b3a4e18a64f239079c56863 be5b5c6068f540e7beb9c0dba68ed796 - - default default] No more DHCP agents
2026-05-14 02:21:24.669 8 WARNING neutron.api.rpc.agentnotifiers.dhcp_rpc_agent_api [None req-66d5c527-3c5e-46e5-8f17-f056ed66fc60 5a1dd9028b3a4e18a64f239079c56863 be5b5c6068f540e7beb9c0dba68ed796 - - default default] Unable to schedule network 2f58d0ea-6bcf-44fe-b368-fd0c3f8b5fd6: no agents available; will retry on subsequent port and subnet creation events.
2026-05-14 02:21:24.684 7 INFO neutron_taas.services.taas.taas_plugin [None req-033a857f-4df2-47c4-9bc8-909fda4d3b80 611941131c444fe49560c51a98a809a1 2b9b70a976c14052a61fe11931704161 - - default default] TaaS: Handle Delete Port: 672781a5-01d0-433d-a9b8-2d789e0caa02
2026-05-14 02:21:24.686 7 INFO neutron_taas.services.taas.tap_mirror_plugin [None req-033a857f-4df2-47c4-9bc8-909fda4d3b80 611941131c444fe49560c51a98a809a1 2b9b70a976c14052a61fe11931704161 - - default default] Tap Mirror: Handle Delete Port: 672781a5-01d0-433d-a9b8-2d789e0caa02 [pid: 7|app: 0|req: 1370/2645] 10.0.0.203 () {32 vars in 726 bytes} [Thu May 14 02:21:24 2026] DELETE /v2.0/networks/e34afb06-086c-41d0-b06f-a368661d65ec => generated 0 bytes in 344 msecs (HTTP/1.1 204) 3 headers in 131 bytes (1 switches on core 0) [pid: 7|app: 0|req: 1371/2646] 10.0.0.203 () {32 vars in 724 bytes} [Thu May 14 02:21:24 2026] DELETE /v2.0/subnets/ea2def20-670d-43e4-b8b0-fdcf89987fb3 => generated 0 bytes in 192 msecs (HTTP/1.1 204) 3 headers in 131 bytes (1 switches on core 0)
2026-05-14 02:21:25.225 8 INFO neutron.db.ovn_revision_numbers_db [None req-ac94960c-4a0a-4258-86c5-89cf860e9d64 - - - - - -] Successfully bumped revision number for resource 75816e82-f8e1-435d-ad69-8112de5ece1c (type: ports) to 2
2026-05-14 02:21:25.251 7 INFO neutron_taas.services.taas.taas_plugin [None req-1ff0c96e-4f3a-495d-b3fb-ae19dbc59ca8 611941131c444fe49560c51a98a809a1 2b9b70a976c14052a61fe11931704161 - - default default] TaaS: Handle Delete Port: 5e018bbd-2f91-4160-a3c8-e099c3114590
2026-05-14 02:21:25.254 7 INFO neutron_taas.services.taas.tap_mirror_plugin [None req-1ff0c96e-4f3a-495d-b3fb-ae19dbc59ca8 611941131c444fe49560c51a98a809a1 2b9b70a976c14052a61fe11931704161 - - default default] Tap Mirror: Handle Delete Port: 5e018bbd-2f91-4160-a3c8-e099c3114590
2026-05-14 02:21:25.261 8 INFO neutron.db.ovn_revision_numbers_db [None req-ac94960c-4a0a-4258-86c5-89cf860e9d64 - - - - - -] Successfully bumped revision number for resource a6795a7f-b055-4aeb-8ae1-e1fc16030a40 (type: subnets) to 0 [pid: 8|app: 0|req: 1276/2647] 10.0.0.203 () {34 vars in 669 bytes} [Thu May 14 02:21:24 2026] POST /v2.0/subnets => generated 655 bytes in 790 msecs (HTTP/1.1 201) 4 headers in 162 bytes (1 switches on core 0)
2026-05-14 02:21:25.416 8 INFO neutron_taas.services.taas.taas_plugin [None req-e6b5ddaa-14ae-4bcd-b2e7-62496a14f58e 749ad325e375400293fef73bde0b4979 543ae35f138b467998e8d9b54c9a285c - - default default] TaaS: Handle Delete Port: 196d9601-39d4-4fc0-b98b-4cb17b5758d8
2026-05-14 02:21:25.419 8 INFO neutron_taas.services.taas.tap_mirror_plugin [None req-e6b5ddaa-14ae-4bcd-b2e7-62496a14f58e 749ad325e375400293fef73bde0b4979 543ae35f138b467998e8d9b54c9a285c - - default default] Tap Mirror: Handle Delete Port: 196d9601-39d4-4fc0-b98b-4cb17b5758d8 [pid: 7|app: 0|req: 1372/2648] 10.0.0.203 () {32 vars in 726 bytes} [Thu May 14 02:21:25 2026] DELETE /v2.0/networks/707bcb5e-a47e-444d-b8c4-6f3666f96f5d => generated 0 bytes in 375 msecs (HTTP/1.1 204) 3 headers in 131 bytes (1 switches on core 0)
2026-05-14 02:21:25.637 8 INFO neutron.services.segments.plugin [-] Segment b975aaf1-1845-4404-a4f5-5eabb28ea210 resource provider aggregate not found
2026-05-14 02:21:25.638 8 INFO neutron.services.segments.plugin [-] Segment b975aaf1-1845-4404-a4f5-5eabb28ea210 resource provider aggregate not found
2026-05-14 02:21:25.661 8 INFO neutron.services.segments.plugin [-] Segment b975aaf1-1845-4404-a4f5-5eabb28ea210 resource provider not found; error: Placement Client Error (4xx): {"errors": [{"status": 404, "title": "Not Found", "detail": "The resource could not be found.\n\n No resource provider with uuid b975aaf1-1845-4404-a4f5-5eabb28ea210 found for delete ", "request_id": "req-1032d572-ae5f-4df6-96d6-df81ec593e72"}]}
2026-05-14 02:21:25.661 8 INFO neutron.services.segments.plugin [-] Segment b975aaf1-1845-4404-a4f5-5eabb28ea210 resource provider not found; error: Placement Client Error (4xx): {"errors": [{"status": 404, "title": "Not Found", "detail": "The resource could not be found.\n\n No resource provider with uuid b975aaf1-1845-4404-a4f5-5eabb28ea210 found for delete ", "request_id": "req-015d7c3b-ac17-4356-be09-41a42474d317"}]} [pid: 8|app: 0|req: 1277/2649] 10.0.0.203 () {32 vars in 726 bytes} [Thu May 14 02:21:25 2026] DELETE /v2.0/networks/d78ac8c4-a64a-4a1e-a664-3a924dde37aa => generated 0 bytes in 401 msecs (HTTP/1.1 204) 3 headers in 131 bytes (1 switches on core 0)
2026-05-14 02:21:25.762 7 WARNING neutron.scheduler.dhcp_agent_scheduler [None req-dbc6c445-505d-43c5-b4b6-db81df8455ed 5a1dd9028b3a4e18a64f239079c56863 be5b5c6068f540e7beb9c0dba68ed796 - - default default] No more DHCP agents
2026-05-14 02:21:25.763 7 WARNING neutron.api.rpc.agentnotifiers.dhcp_rpc_agent_api [None req-dbc6c445-505d-43c5-b4b6-db81df8455ed 5a1dd9028b3a4e18a64f239079c56863 be5b5c6068f540e7beb9c0dba68ed796 - - default default] Unable to schedule network 2f58d0ea-6bcf-44fe-b368-fd0c3f8b5fd6: no agents available; will retry on subsequent port and subnet creation events.
2026-05-14 02:21:25.793 7 INFO neutron.db.ovn_revision_numbers_db [None req-dbc6c445-505d-43c5-b4b6-db81df8455ed 5a1dd9028b3a4e18a64f239079c56863 be5b5c6068f540e7beb9c0dba68ed796 - - default default] Successfully bumped revision number for resource 34d7df17-7f68-4de9-a5a9-d9cca5cd1655 (type: subnets) to 0
2026-05-14 02:21:25.806 8 INFO neutron_taas.services.taas.taas_plugin [None req-484bbb3c-ea2f-4b0a-a544-d568bfe4c9ee 611941131c444fe49560c51a98a809a1 2b9b70a976c14052a61fe11931704161 - - default default] TaaS: Handle Delete Port: 73ad954d-542b-40ca-b2ab-d474a4da927e
2026-05-14 02:21:25.809 8 INFO neutron_taas.services.taas.tap_mirror_plugin [None req-484bbb3c-ea2f-4b0a-a544-d568bfe4c9ee 611941131c444fe49560c51a98a809a1 2b9b70a976c14052a61fe11931704161 - - default default] Tap Mirror: Handle Delete Port: 73ad954d-542b-40ca-b2ab-d474a4da927e [pid: 7|app: 0|req: 1373/2650] 10.0.0.203 () {34 vars in 669 bytes} [Thu May 14 02:21:25 2026] POST /v2.0/subnets => generated 726 bytes in 326 msecs (HTTP/1.1 201) 4 headers in 162 bytes (1 switches on core 0)
2026-05-14 02:21:25.897 7 INFO neutron.db.segments_db [None req-64054c71-6cf4-4d53-89b0-3c637487f75f 5a1dd9028b3a4e18a64f239079c56863 be5b5c6068f540e7beb9c0dba68ed796 - - default default] Added segment f940674a-3492-472b-a1b3-6f24523d41a1 of type geneve for network 2fadff96-8531-486c-807d-197b2f46762d [pid: 8|app: 0|req: 1278/2651] 10.0.0.203 () {32 vars in 726 bytes} [Thu May 14 02:21:25 2026] DELETE /v2.0/networks/7816b74e-a3c0-4104-bfff-7ea0e6c9b4f9 => generated 0 bytes in 360 msecs (HTTP/1.1 204) 3 headers in 131 bytes (1 switches on core 0)
2026-05-14 02:21:26.042 7 INFO neutron.db.ovn_revision_numbers_db [None req-64054c71-6cf4-4d53-89b0-3c637487f75f 5a1dd9028b3a4e18a64f239079c56863 be5b5c6068f540e7beb9c0dba68ed796 - - default default] Successfully bumped revision number for resource 2fadff96-8531-486c-807d-197b2f46762d (type: networks) to 1
2026-05-14 02:21:26.167 7 INFO neutron.services.segments.plugin [-] Segment 690c9c8e-84dc-4a50-9320-640d00dc2bda resource provider aggregate not found
2026-05-14 02:21:26.174 7 INFO neutron.services.segments.plugin [-] Segment 690c9c8e-84dc-4a50-9320-640d00dc2bda resource provider aggregate not found
2026-05-14 02:21:26.188 7 INFO neutron.services.segments.plugin [-] Segment 690c9c8e-84dc-4a50-9320-640d00dc2bda resource provider not found; error: Placement Client Error (4xx): {"errors": [{"status": 404, "title": "Not Found", "detail": "The resource could not be found.\n\n No resource provider with uuid 690c9c8e-84dc-4a50-9320-640d00dc2bda found for delete ", "request_id": "req-d31a9994-8a6a-4ee9-83e1-06c784c99621"}]}
2026-05-14 02:21:26.198 7 INFO neutron.services.segments.plugin [-] Segment 690c9c8e-84dc-4a50-9320-640d00dc2bda resource provider not found; error: Placement Client Error (4xx): {"errors": [{"status": 404, "title": "Not Found", "detail": "The resource could not be found.\n\n No resource provider with uuid 690c9c8e-84dc-4a50-9320-640d00dc2bda found for delete ", "request_id": "req-4bd1cc2a-828a-4bf0-8e8b-4020a37d54bb"}]}
2026-05-14 02:21:26.217 7 INFO neutron.services.segments.plugin [-] Segment 640ff084-e7c7-45c1-bd77-515475f79639 resource provider aggregate not found
2026-05-14 02:21:26.229 7 INFO neutron.services.segments.plugin [-] Segment 640ff084-e7c7-45c1-bd77-515475f79639 resource provider aggregate not found
2026-05-14 02:21:26.248 7 INFO neutron.services.segments.plugin [-] Segment 640ff084-e7c7-45c1-bd77-515475f79639 resource provider not found; error: Placement Client Error (4xx): {"errors": [{"status": 404, "title": "Not Found", "detail": "The resource could not be found.\n\n No resource provider with uuid 640ff084-e7c7-45c1-bd77-515475f79639 found for delete ", "request_id": "req-90cc0845-d057-4e55-a52c-ed12c80ad3c3"}]}
2026-05-14 02:21:26.254 7 INFO neutron.services.segments.plugin [-] Segment 640ff084-e7c7-45c1-bd77-515475f79639 resource provider not found; error: Placement Client Error (4xx): {"errors": [{"status": 404, "title": "Not Found", "detail": "The resource could not be found.\n\n No resource provider with uuid 640ff084-e7c7-45c1-bd77-515475f79639 found for delete ", "request_id": "req-d24584b9-28d8-499e-9ec5-d22cbc173374"}]}
2026-05-14 02:21:26.270 7 WARNING neutron.scheduler.dhcp_agent_scheduler [None req-64054c71-6cf4-4d53-89b0-3c637487f75f 5a1dd9028b3a4e18a64f239079c56863 be5b5c6068f540e7beb9c0dba68ed796 - - default default] No more DHCP agents
2026-05-14 02:21:26.273 7 INFO neutron.services.segments.plugin [-] Segment 539d1f82-0ab9-43d0-958d-42542df96958 resource provider aggregate not found
2026-05-14 02:21:26.274 7 WARNING neutron.api.rpc.agentnotifiers.dhcp_rpc_agent_api [None req-64054c71-6cf4-4d53-89b0-3c637487f75f 5a1dd9028b3a4e18a64f239079c56863 be5b5c6068f540e7beb9c0dba68ed796 - - default default] Unable to schedule network 2fadff96-8531-486c-807d-197b2f46762d: no agents available; will retry on subsequent port and subnet creation events.
2026-05-14 02:21:26.277 7 INFO neutron.services.segments.plugin [-] Segment 539d1f82-0ab9-43d0-958d-42542df96958 resource provider aggregate not found
2026-05-14 02:21:26.295 7 INFO neutron.services.segments.plugin [-] Segment 539d1f82-0ab9-43d0-958d-42542df96958 resource provider not found; error: Placement Client Error (4xx): {"errors": [{"status": 404, "title": "Not Found", "detail": "The resource could not be found.\n\n No resource provider with uuid 539d1f82-0ab9-43d0-958d-42542df96958 found for delete ", "request_id": "req-8b9aa206-8382-4c6e-b946-6e9893b125e4"}]}
2026-05-14 02:21:26.296 7 INFO neutron.services.segments.plugin [-] Segment 539d1f82-0ab9-43d0-958d-42542df96958 resource provider not found; error: Placement Client Error (4xx): {"errors": [{"status": 404, "title": "Not Found", "detail": "The resource could not be found.\n\n No resource provider with uuid 539d1f82-0ab9-43d0-958d-42542df96958 found for delete ", "request_id": "req-05167295-00b9-4275-9fc6-c6927ecc16c6"}]}
2026-05-14 02:21:26.341 8 INFO neutron.plugins.ml2.drivers.ovn.mech_driver.mech_driver [None req-d9e1696e-d529-45de-b24a-9f715a0f0cc6 - - - - - -] OVN reports status down for port: 09fda861-3254-4c70-abac-5247db36ec17
2026-05-14 02:21:26.373 7 INFO neutron.db.ovn_revision_numbers_db [None req-64054c71-6cf4-4d53-89b0-3c637487f75f 5a1dd9028b3a4e18a64f239079c56863 be5b5c6068f540e7beb9c0dba68ed796 - - default default] Successfully bumped revision number for resource 09fda861-3254-4c70-abac-5247db36ec17 (type: ports) to 1 [pid: 7|app: 0|req: 1374/2652] 10.0.0.203 () {34 vars in 670 bytes} [Thu May 14 02:21:25 2026] POST /v2.0/networks => generated 657 bytes in 582 msecs (HTTP/1.1 201) 4 headers in 162 bytes (1 switches on core 0)
2026-05-14 02:21:26.584 7 WARNING neutron.scheduler.dhcp_agent_scheduler [None req-475111b1-f317-482a-bc7e-f730361abd8d 5a1dd9028b3a4e18a64f239079c56863 be5b5c6068f540e7beb9c0dba68ed796 - - default default] No more DHCP agents
2026-05-14 02:21:26.585 7 WARNING neutron.api.rpc.agentnotifiers.dhcp_rpc_agent_api [None req-475111b1-f317-482a-bc7e-f730361abd8d 5a1dd9028b3a4e18a64f239079c56863 be5b5c6068f540e7beb9c0dba68ed796 - - default default] Unable to schedule network 2fadff96-8531-486c-807d-197b2f46762d: no agents available; will retry on subsequent port and subnet creation events.
2026-05-14 02:21:26.631 8 INFO neutron.db.ovn_revision_numbers_db [None req-c597eb64-367d-4247-b8e6-73787d9e5684 09a1d7e9f7454b3caad08d1bfe359571 4c82eb1e25c8488581763241f431a12e - - default default] Successfully bumped revision number for resource 632a38e6-ca25-40b5-852c-312cc6fe89ef (type: security_groups) to 1
2026-05-14 02:21:26.647 8 INFO neutron.db.ovn_revision_numbers_db [None req-c597eb64-367d-4247-b8e6-73787d9e5684 09a1d7e9f7454b3caad08d1bfe359571 4c82eb1e25c8488581763241f431a12e - - default default] Successfully bumped revision number for resource 334c3ca8-595f-4d63-921f-f28af556e7aa (type: security_group_rules) to 0
2026-05-14 02:21:26.658 8 INFO neutron.db.ovn_revision_numbers_db [None req-c597eb64-367d-4247-b8e6-73787d9e5684 09a1d7e9f7454b3caad08d1bfe359571 4c82eb1e25c8488581763241f431a12e - - default default] Successfully bumped revision number for resource 56e7ab33-cacf-43af-9463-cff63e09e666 (type: security_group_rules) to 0
2026-05-14 02:21:26.668 8 INFO neutron.db.ovn_revision_numbers_db [None req-c597eb64-367d-4247-b8e6-73787d9e5684 09a1d7e9f7454b3caad08d1bfe359571 4c82eb1e25c8488581763241f431a12e - - default default] Successfully bumped revision number for resource 62153ff6-f3bb-4bba-ab72-70330e1f19a8 (type: security_group_rules) to 0
2026-05-14 02:21:26.679 8 INFO neutron.db.ovn_revision_numbers_db [None req-c597eb64-367d-4247-b8e6-73787d9e5684 09a1d7e9f7454b3caad08d1bfe359571 4c82eb1e25c8488581763241f431a12e - - default default] Successfully bumped revision number for resource eab73da8-09b2-4b98-ae51-d1bc2209ae1d (type: security_group_rules) to 0 [pid: 8|app: 0|req: 1279/2653] 10.0.0.203 () {32 vars in 774 bytes} [Thu May 14 02:21:26 2026] GET /v2.0/security-groups?tenant_id=8c35966bcf734c42826448e7350b19c4&name=default => generated 2929 bytes in 396 msecs (HTTP/1.1 200) 4 headers in 158 bytes (1 switches on core 0) [pid: 8|app: 0|req: 1280/2654] 10.0.0.203 () {32 vars in 740 bytes} [Thu May 14 02:21:26 2026] DELETE /v2.0/security-groups/632a38e6-ca25-40b5-852c-312cc6fe89ef => generated 0 bytes in 236 msecs (HTTP/1.1 204) 2 headers in 112 bytes (1 switches on core 0)
2026-05-14 02:21:27.021 7 INFO neutron.db.ovn_revision_numbers_db [None req-5a18429b-27fb-4380-ad64-382df1b86a7c - - - - - -] Successfully bumped revision number for resource 09fda861-3254-4c70-abac-5247db36ec17 (type: ports) to 2
2026-05-14 02:21:27.055 7 INFO neutron.db.ovn_revision_numbers_db [None req-5a18429b-27fb-4380-ad64-382df1b86a7c - - - - - -] Successfully bumped revision number for resource 287c22d9-02db-408a-8377-3e62e3a9fc1f (type: subnets) to 0 [pid: 7|app: 0|req: 1375/2655] 10.0.0.203 () {34 vars in 669 bytes} [Thu May 14 02:21:26 2026] POST /v2.0/subnets => generated 655 bytes in 671 msecs (HTTP/1.1 201) 4 headers in 162 bytes (1 switches on core 0) [pid: 8|app: 0|req: 1281/2656] 10.0.0.203 () {32 vars in 774 bytes} [Thu May 14 02:21:26 2026] GET /v2.0/security-groups?tenant_id=2b9b70a976c14052a61fe11931704161&name=default => generated 2927 bytes in 121 msecs (HTTP/1.1 200) 4 headers in 158 bytes (1 switches on core 0) [pid: 7|app: 0|req: 1376/2657] 10.0.0.203 () {32 vars in 774 bytes} [Thu May 14 02:21:27 2026] GET /v2.0/security-groups?tenant_id=543ae35f138b467998e8d9b54c9a285c&name=default => generated 2929 bytes in 27 msecs (HTTP/1.1 200) 4 headers in 158 bytes (1 switches on core 0)
2026-05-14 02:21:27.315 8 WARNING neutron.scheduler.dhcp_agent_scheduler [None req-7b3ec6aa-5d62-4119-85f5-5d7d9304481b 5a1dd9028b3a4e18a64f239079c56863 be5b5c6068f540e7beb9c0dba68ed796 - - default default] No more DHCP agents
2026-05-14 02:21:27.316 8 WARNING neutron.api.rpc.agentnotifiers.dhcp_rpc_agent_api [None req-7b3ec6aa-5d62-4119-85f5-5d7d9304481b 5a1dd9028b3a4e18a64f239079c56863 be5b5c6068f540e7beb9c0dba68ed796 - - default default] Unable to schedule network 2fadff96-8531-486c-807d-197b2f46762d: no agents available; will retry on subsequent port and subnet creation events. [pid: 7|app: 0|req: 1377/2658] 10.0.0.203 () {32 vars in 740 bytes} [Thu May 14 02:21:27 2026] DELETE /v2.0/security-groups/78d3d58d-495f-4666-8815-eb04f9660f4a => generated 0 bytes in 232 msecs (HTTP/1.1 204) 2 headers in 112 bytes (1 switches on core 0)
2026-05-14 02:21:27.342 8 INFO neutron.db.ovn_revision_numbers_db [None req-7b3ec6aa-5d62-4119-85f5-5d7d9304481b 5a1dd9028b3a4e18a64f239079c56863 be5b5c6068f540e7beb9c0dba68ed796 - - default default] Successfully bumped revision number for resource 62f84e3b-1e10-4af8-bb7c-159d91e7cddd (type: subnets) to 0 [pid: 8|app: 0|req: 1282/2659] 10.0.0.203 () {34 vars in 669 bytes} [Thu May 14 02:21:27 2026] POST /v2.0/subnets => generated 730 bytes in 275 msecs (HTTP/1.1 201) 4 headers in 162 bytes (1 switches on core 0) [pid: 7|app: 0|req: 1378/2660] 10.0.0.203 () {32 vars in 740 bytes} [Thu May 14 02:21:27 2026] DELETE /v2.0/security-groups/2ecacbf4-bc42-4d76-9fea-df07b1d9a56e => generated 0 bytes in 239 msecs (HTTP/1.1 204) 2 headers in 112 bytes (1 switches on core 0)
2026-05-14 02:21:27.690 8 INFO neutron.services.segments.plugin [-] Segment 0fcc40fd-823c-44b4-96b9-1f93943715a7 resource provider aggregate not found
2026-05-14 02:21:27.694 8 INFO neutron.services.segments.plugin [-] Segment 0fcc40fd-823c-44b4-96b9-1f93943715a7 resource provider aggregate not found
2026-05-14 02:21:27.703 7 INFO neutron.db.ovn_revision_numbers_db [None req-73173321-338b-44b3-9fd1-6cd8a66dcdb9 09a1d7e9f7454b3caad08d1bfe359571 4c82eb1e25c8488581763241f431a12e - - default default] Successfully bumped revision number for resource 1f8ade18-540f-42b3-9f18-39c91be60e46 (type: security_groups) to 1
2026-05-14 02:21:27.711 8 INFO neutron.services.segments.plugin [-] Segment 0fcc40fd-823c-44b4-96b9-1f93943715a7 resource provider not found; error: Placement Client Error (4xx): {"errors": [{"status": 404, "title": "Not Found", "detail": "The resource could not be found.\n\n No resource provider with uuid 0fcc40fd-823c-44b4-96b9-1f93943715a7 found for delete ", "request_id": "req-a5802d0d-816a-4b73-a6f4-c581aa1651ef"}]}
2026-05-14 02:21:27.718 7 INFO neutron.db.ovn_revision_numbers_db [None req-73173321-338b-44b3-9fd1-6cd8a66dcdb9 09a1d7e9f7454b3caad08d1bfe359571 4c82eb1e25c8488581763241f431a12e - - default default] Successfully bumped revision number for resource 33bfbb80-d520-4fd7-8436-100fdae082be (type: security_group_rules) to 0
2026-05-14 02:21:27.720 8 INFO neutron.services.segments.plugin [-] Segment 0fcc40fd-823c-44b4-96b9-1f93943715a7 resource provider not found; error: Placement Client Error (4xx): {"errors": [{"status": 404, "title": "Not Found", "detail": "The resource could not be found.\n\n No resource provider with uuid 0fcc40fd-823c-44b4-96b9-1f93943715a7 found for delete ", "request_id": "req-1d5f861e-d46a-4555-9ec4-19cf45f96629"}]}
2026-05-14 02:21:27.731 7 INFO neutron.db.ovn_revision_numbers_db [None req-73173321-338b-44b3-9fd1-6cd8a66dcdb9 09a1d7e9f7454b3caad08d1bfe359571 4c82eb1e25c8488581763241f431a12e - - default default] Successfully bumped revision number for resource 54a8d14c-359d-48d7-8cd1-7bbb64a2a244 (type: security_group_rules) to 0
2026-05-14 02:21:27.745 7 INFO neutron.db.ovn_revision_numbers_db [None req-73173321-338b-44b3-9fd1-6cd8a66dcdb9 09a1d7e9f7454b3caad08d1bfe359571 4c82eb1e25c8488581763241f431a12e - - default default] Successfully bumped revision number for resource 665b242b-d734-469f-bfc8-b0a21345b572 (type: security_group_rules) to 0
2026-05-14 02:21:27.760 7 INFO neutron.db.ovn_revision_numbers_db [None req-73173321-338b-44b3-9fd1-6cd8a66dcdb9 09a1d7e9f7454b3caad08d1bfe359571 4c82eb1e25c8488581763241f431a12e - - default default] Successfully bumped revision number for resource eb36f071-72c9-48b7-bfe3-350d078ac2c4 (type: security_group_rules) to 0 [pid: 7|app: 0|req: 1379/2661] 10.0.0.203 () {32 vars in 774 bytes} [Thu May 14 02:21:27 2026] GET /v2.0/security-groups?tenant_id=d10af87fb6794b779fb12143c4d556a9&name=default => generated 2929 bytes in 223 msecs (HTTP/1.1 200) 4 headers in 158 bytes (1 switches on core 0)
2026-05-14 02:21:27.845 8 WARNING neutron.scheduler.dhcp_agent_scheduler [None req-9d76e33b-bb83-4088-920e-5ccdc1877e28 5a1dd9028b3a4e18a64f239079c56863 be5b5c6068f540e7beb9c0dba68ed796 - - default default] No more DHCP agents
2026-05-14 02:21:27.846 8 WARNING neutron.api.rpc.agentnotifiers.dhcp_rpc_agent_api [None req-9d76e33b-bb83-4088-920e-5ccdc1877e28 5a1dd9028b3a4e18a64f239079c56863 be5b5c6068f540e7beb9c0dba68ed796 - - default default] Unable to schedule network 27c97b17-d000-41b2-82a2-b8fec7945e16: no agents available; will retry on subsequent port and subnet creation events.
2026-05-14 02:21:27.988 8 INFO neutron.plugins.ml2.drivers.ovn.mech_driver.mech_driver [None req-d9e1696e-d529-45de-b24a-9f715a0f0cc6 - - - - - -] OVN reports status down for port: b8d274ef-5c17-4d1f-b33e-f01949458c49 [pid: 7|app: 0|req: 1380/2662] 10.0.0.203 () {32 vars in 740 bytes} [Thu May 14 02:21:27 2026] DELETE /v2.0/security-groups/1f8ade18-540f-42b3-9f18-39c91be60e46 => generated 0 bytes in 254 msecs (HTTP/1.1 204) 2 headers in 112 bytes (1 switches on core 0)
2026-05-14 02:21:28.062 8 INFO neutron.db.ovn_revision_numbers_db [None req-9d76e33b-bb83-4088-920e-5ccdc1877e28 5a1dd9028b3a4e18a64f239079c56863 be5b5c6068f540e7beb9c0dba68ed796 - - default default] Successfully bumped revision number for resource b8d274ef-5c17-4d1f-b33e-f01949458c49 (type: ports) to 1
2026-05-14 02:21:28.405 7 INFO neutron.db.ovn_revision_numbers_db [None req-39db9996-3f2a-4e13-81cb-814125917295 09a1d7e9f7454b3caad08d1bfe359571 4c82eb1e25c8488581763241f431a12e - - default default] Successfully bumped revision number for resource 8449a425-f469-4030-9c26-56e682021bb2 (type: security_groups) to 1
2026-05-14 02:21:28.418 7 INFO neutron.db.ovn_revision_numbers_db [None req-39db9996-3f2a-4e13-81cb-814125917295 09a1d7e9f7454b3caad08d1bfe359571 4c82eb1e25c8488581763241f431a12e - - default default] Successfully bumped revision number for resource 156c4550-4122-49e6-a0e2-fc48b429d77d (type: security_group_rules) to 0
2026-05-14 02:21:28.430 7 INFO neutron.db.ovn_revision_numbers_db [None req-39db9996-3f2a-4e13-81cb-814125917295 09a1d7e9f7454b3caad08d1bfe359571 4c82eb1e25c8488581763241f431a12e - - default default] Successfully bumped revision number for resource 2a565396-4643-4610-b357-a1930247e538 (type: security_group_rules) to 0
2026-05-14 02:21:28.440 7 INFO neutron.db.ovn_revision_numbers_db [None req-39db9996-3f2a-4e13-81cb-814125917295 09a1d7e9f7454b3caad08d1bfe359571 4c82eb1e25c8488581763241f431a12e - - default default] Successfully bumped revision number for resource 911f883f-3c7c-43f4-9056-e512b17cfcd2 (type: security_group_rules) to 0
2026-05-14 02:21:28.452 7 INFO neutron.db.ovn_revision_numbers_db [None req-39db9996-3f2a-4e13-81cb-814125917295 09a1d7e9f7454b3caad08d1bfe359571 4c82eb1e25c8488581763241f431a12e - - default default] Successfully bumped revision number for resource a7e325ea-70e3-4b65-810b-b1055060322f (type: security_group_rules) to 0 [pid: 7|app: 0|req: 1381/2663] 10.0.0.203 () {32 vars in 774 bytes} [Thu May 14 02:21:28 2026] GET /v2.0/security-groups?tenant_id=c2c5cf48ad2b4cf5a23264db76ea4bfb&name=default => generated 2929 bytes in 242 msecs (HTTP/1.1 200) 4 headers in 158 bytes (1 switches on core 0) [pid: 7|app: 0|req: 1382/2664] 10.0.0.203 () {32 vars in 740 bytes} [Thu May 14 02:21:28 2026] DELETE /v2.0/security-groups/8449a425-f469-4030-9c26-56e682021bb2 => generated 0 bytes in 227 msecs (HTTP/1.1 204) 2 headers in 112 bytes (1 switches on core 0)
2026-05-14 02:21:28.773 8 INFO neutron.plugins.ml2.drivers.ovn.mech_driver.ovsdb.commands [None req-5799476d-d353-414f-9a31-1286b1ff7fdc - - - - - -] Schedule LRP lrp-b8d274ef-5c17-4d1f-b33e-f01949458c49 on gateway f1ab026f-c82b-490c-8e98-be7a08d2b34c with priority 1
2026-05-14 02:21:28.810 8 INFO neutron.plugins.ml2.drivers.ovn.mech_driver.mech_driver [None req-d9e1696e-d529-45de-b24a-9f715a0f0cc6 - - - - - -] OVN reports status up for port: b8d274ef-5c17-4d1f-b33e-f01949458c49
2026-05-14 02:21:28.823 7 INFO neutron.plugins.ml2.drivers.ovn.mech_driver.ovsdb.ovsdb_monitor [None req-53f911df-3628-4cb7-951c-e97aaab0afd8 - - - - - -] Router 03a6e2f2-bcef-470e-9193-7d561d1556f5 is bound to host instance
2026-05-14 02:21:28.839 8 INFO neutron.plugins.ml2.plugin [None req-d9e1696e-d529-45de-b24a-9f715a0f0cc6 - - - - - -] Attempt 1 to provision port b8d274ef-5c17-4d1f-b33e-f01949458c49
2026-05-14 02:21:28.862 8 INFO neutron.db.ovn_revision_numbers_db [None req-9d76e33b-bb83-4088-920e-5ccdc1877e28 5a1dd9028b3a4e18a64f239079c56863 be5b5c6068f540e7beb9c0dba68ed796 - - default default] Successfully bumped revision number for resource b8d274ef-5c17-4d1f-b33e-f01949458c49 (type: router_ports) to 1
2026-05-14 02:21:28.976 8 INFO neutron.db.ovn_revision_numbers_db [None req-9d76e33b-bb83-4088-920e-5ccdc1877e28 5a1dd9028b3a4e18a64f239079c56863 be5b5c6068f540e7beb9c0dba68ed796 - - default default] Successfully bumped revision number for resource 03a6e2f2-bcef-470e-9193-7d561d1556f5 (type: routers) to 2 [pid: 8|app: 0|req: 1283/2665] 10.0.0.203 () {34 vars in 669 bytes} [Thu May 14 02:21:27 2026] POST /v2.0/routers => generated 943 bytes in 1631 msecs (HTTP/1.1 201) 4 headers in 162 bytes (1 switches on core 0)
2026-05-14 02:21:29.875 7 WARNING neutron.scheduler.dhcp_agent_scheduler [None req-ab1b2503-e660-44c3-8bd0-af89e1cf9c9a 5a1dd9028b3a4e18a64f239079c56863 be5b5c6068f540e7beb9c0dba68ed796 - - default default] No more DHCP agents
2026-05-14 02:21:29.877 7 WARNING neutron.api.rpc.agentnotifiers.dhcp_rpc_agent_api [None req-ab1b2503-e660-44c3-8bd0-af89e1cf9c9a 5a1dd9028b3a4e18a64f239079c56863 be5b5c6068f540e7beb9c0dba68ed796 - - default default] Unable to schedule network 62359494-6010-442e-b2da-f3c1934c564f: no agents available; will retry on subsequent port and subnet creation events.
2026-05-14 02:21:30.128 7 INFO neutron.db.ovn_revision_numbers_db [None req-ab1b2503-e660-44c3-8bd0-af89e1cf9c9a 5a1dd9028b3a4e18a64f239079c56863 be5b5c6068f540e7beb9c0dba68ed796 - - default default] Successfully bumped revision number for resource f3e5a208-c190-4e44-bcb6-82e1c34a8db5 (type: ports) to 1
2026-05-14 02:21:30.132 7 INFO neutron.db.ovn_revision_numbers_db [None req-efa01096-37cb-4286-bf75-1c67584bf300 - - - - - -] Successfully bumped revision number for resource b8d274ef-5c17-4d1f-b33e-f01949458c49 (type: ports) to 4
2026-05-14 02:21:30.797 7 INFO neutron.db.ovn_revision_numbers_db [None req-efa01096-37cb-4286-bf75-1c67584bf300 - - - - - -] Successfully bumped revision number for resource b8d274ef-5c17-4d1f-b33e-f01949458c49 (type: ports) to 5
2026-05-14 02:21:31.267 7 WARNING neutron.scheduler.dhcp_agent_scheduler [None req-ab1b2503-e660-44c3-8bd0-af89e1cf9c9a 5a1dd9028b3a4e18a64f239079c56863 be5b5c6068f540e7beb9c0dba68ed796 - - default default] No more DHCP agents
2026-05-14 02:21:31.268 7 WARNING neutron.api.rpc.agentnotifiers.dhcp_rpc_agent_api [None req-ab1b2503-e660-44c3-8bd0-af89e1cf9c9a 5a1dd9028b3a4e18a64f239079c56863 be5b5c6068f540e7beb9c0dba68ed796 - - default default] Unable to schedule network 62359494-6010-442e-b2da-f3c1934c564f: no agents available; will retry on subsequent port and subnet creation events.
2026-05-14 02:21:31.627 7 INFO neutron.db.ovn_revision_numbers_db [None req-ab1b2503-e660-44c3-8bd0-af89e1cf9c9a 5a1dd9028b3a4e18a64f239079c56863 be5b5c6068f540e7beb9c0dba68ed796 - - default default] Successfully bumped revision number for resource f3e5a208-c190-4e44-bcb6-82e1c34a8db5 (type: router_ports) to 1 [pid: 7|app: 0|req: 1383/2666] 10.0.0.203 () {34 vars in 783 bytes} [Thu May 14 02:21:29 2026] PUT /v2.0/routers/03a6e2f2-bcef-470e-9193-7d561d1556f5/add_router_interface => generated 309 bytes in 2633 msecs (HTTP/1.1 200) 4 headers in 157 bytes (1 switches on core 0)
2026-05-14 02:21:31.949 8 INFO neutron.plugins.ml2.drivers.ovn.mech_driver.mech_driver [None req-d9e1696e-d529-45de-b24a-9f715a0f0cc6 - - - - - -] OVN reports status down for port: f3e5a208-c190-4e44-bcb6-82e1c34a8db5
2026-05-14 02:21:32.089 8 WARNING neutron.plugins.ml2.drivers.ovn.mech_driver.ovsdb.ovn_client [None req-d9e1696e-d529-45de-b24a-9f715a0f0cc6 - - - - - -] Logical_Switch_Port %s host information not removed, the port state is up
2026-05-14 02:21:32.090 8 INFO neutron.plugins.ml2.drivers.ovn.mech_driver.mech_driver [None req-d9e1696e-d529-45de-b24a-9f715a0f0cc6 - - - - - -] OVN reports status up for port: f3e5a208-c190-4e44-bcb6-82e1c34a8db5
2026-05-14 02:21:32.107 8 INFO neutron.plugins.ml2.plugin [None req-d9e1696e-d529-45de-b24a-9f715a0f0cc6 - - - - - -] Attempt 1 to provision port f3e5a208-c190-4e44-bcb6-82e1c34a8db5
2026-05-14 02:21:32.464 8 WARNING neutron.scheduler.dhcp_agent_scheduler [None req-d5f4ce2c-591b-4278-bdb1-2393ceeabb01 5a1dd9028b3a4e18a64f239079c56863 be5b5c6068f540e7beb9c0dba68ed796 - - default default] No more DHCP agents
2026-05-14 02:21:32.467 8 WARNING neutron.api.rpc.agentnotifiers.dhcp_rpc_agent_api [None req-d5f4ce2c-591b-4278-bdb1-2393ceeabb01 5a1dd9028b3a4e18a64f239079c56863 be5b5c6068f540e7beb9c0dba68ed796 - - default default] Unable to schedule network 2f58d0ea-6bcf-44fe-b368-fd0c3f8b5fd6: no agents available; will retry on subsequent port and subnet creation events.
2026-05-14 02:21:32.668 7 INFO neutron.plugins.ml2.drivers.ovn.mech_driver.mech_driver [None req-86b0896c-40c7-4dd8-a963-0d4e2f6b42cd - - - - - -] OVN reports status down for port: 7a51baab-bbfc-4a60-ac9f-c9d9ff348f53
2026-05-14 02:21:32.730 8 INFO neutron.db.ovn_revision_numbers_db [None req-d5f4ce2c-591b-4278-bdb1-2393ceeabb01 5a1dd9028b3a4e18a64f239079c56863 be5b5c6068f540e7beb9c0dba68ed796 - - default default] Successfully bumped revision number for resource 7a51baab-bbfc-4a60-ac9f-c9d9ff348f53 (type: ports) to 1
2026-05-14 02:21:32.901 8 INFO neutron.db.ovn_revision_numbers_db [None req-d9e1696e-d529-45de-b24a-9f715a0f0cc6 - - - - - -] Successfully bumped revision number for resource f3e5a208-c190-4e44-bcb6-82e1c34a8db5 (type: ports) to 2
2026-05-14 02:21:33.102 7 INFO neutron.db.ovn_revision_numbers_db [None req-a268ba69-4792-4cda-b3c2-e547fc178e55 52d55c46a9da481380e431285d19b6a3 c20fb4b470e74227ac849c398725fd3e - - default default] Successfully bumped revision number for resource 1ae95bcf-0b92-4c9d-98f6-1480ed8dfa85 (type: security_groups) to 1
2026-05-14 02:21:33.115 7 INFO neutron.db.ovn_revision_numbers_db [None req-a268ba69-4792-4cda-b3c2-e547fc178e55 52d55c46a9da481380e431285d19b6a3 c20fb4b470e74227ac849c398725fd3e - - default default] Successfully bumped revision number for resource 4430237a-1694-432d-a57b-e0f4fe14cc3d (type: security_group_rules) to 0
2026-05-14 02:21:33.131 7 INFO neutron.db.ovn_revision_numbers_db [None req-a268ba69-4792-4cda-b3c2-e547fc178e55 52d55c46a9da481380e431285d19b6a3 c20fb4b470e74227ac849c398725fd3e - - default default] Successfully bumped revision number for resource 48655240-8eb6-49b7-9114-a1f94b0996e0 (type: security_group_rules) to 0
2026-05-14 02:21:33.145 7 INFO neutron.db.ovn_revision_numbers_db [None req-a268ba69-4792-4cda-b3c2-e547fc178e55 52d55c46a9da481380e431285d19b6a3 c20fb4b470e74227ac849c398725fd3e - - default default] Successfully bumped revision number for resource cb7899a2-1935-4a2f-a258-2ac3dcde9937 (type: security_group_rules) to 0
2026-05-14 02:21:33.158 7 INFO neutron.db.ovn_revision_numbers_db [None req-a268ba69-4792-4cda-b3c2-e547fc178e55 52d55c46a9da481380e431285d19b6a3 c20fb4b470e74227ac849c398725fd3e - - default default] Successfully bumped revision number for resource d7dd062a-4e4f-4494-a621-fa34f0c0d07d (type: security_group_rules) to 0
2026-05-14 02:21:33.278 7 INFO neutron.db.ovn_revision_numbers_db [None req-a268ba69-4792-4cda-b3c2-e547fc178e55 52d55c46a9da481380e431285d19b6a3 c20fb4b470e74227ac849c398725fd3e - - default default] Successfully bumped revision number for resource fee02a2f-40dc-4959-a297-726e1ece6979 (type: security_groups) to 1
2026-05-14 02:21:33.295 7 INFO neutron.db.ovn_revision_numbers_db [None req-a268ba69-4792-4cda-b3c2-e547fc178e55 52d55c46a9da481380e431285d19b6a3 c20fb4b470e74227ac849c398725fd3e - - default default] Successfully bumped revision number for resource 88b4f4aa-709e-494f-985b-a06e2d4555b0 (type: security_group_rules) to 0
2026-05-14 02:21:33.313 7 INFO neutron.db.ovn_revision_numbers_db [None req-a268ba69-4792-4cda-b3c2-e547fc178e55 52d55c46a9da481380e431285d19b6a3 c20fb4b470e74227ac849c398725fd3e - - default default] Successfully bumped revision number for resource e7c68454-002a-448d-93e9-434d075a640d (type: security_group_rules) to 0 [pid: 7|app: 0|req: 1386/2669] 10.0.0.203 () {34 vars in 684 bytes} [Thu May 14 02:21:32 2026] POST /v2.0/security-groups => generated 1603 bytes in 558 msecs (HTTP/1.1 201) 4 headers in 163 bytes (1 switches on core 0)
2026-05-14 02:21:33.482 7 INFO neutron.db.ovn_revision_numbers_db [None req-7ad3a026-9c7c-4069-b21a-dda2c341f0ad 52d55c46a9da481380e431285d19b6a3 c20fb4b470e74227ac849c398725fd3e - - default default] Successfully bumped revision number for resource b3dba007-c6b0-4589-bf60-8026781eb530 (type: security_groups) to 1
2026-05-14 02:21:33.495 7 INFO neutron.db.ovn_revision_numbers_db [None req-7ad3a026-9c7c-4069-b21a-dda2c341f0ad 52d55c46a9da481380e431285d19b6a3 c20fb4b470e74227ac849c398725fd3e - - default default] Successfully bumped revision number for resource 1ec3780c-bc57-4474-91c7-583f35b3a55b (type: security_group_rules) to 0
2026-05-14 02:21:33.507 7 INFO neutron.db.ovn_revision_numbers_db [None req-7ad3a026-9c7c-4069-b21a-dda2c341f0ad 52d55c46a9da481380e431285d19b6a3 c20fb4b470e74227ac849c398725fd3e - - default default] Successfully bumped revision number for resource 20579d8d-c511-4a3e-9bce-6779374d8cac (type: security_group_rules) to 0 [pid: 7|app: 0|req: 1387/2670] 10.0.0.203 () {34 vars in 684 bytes} [Thu May 14 02:21:33 2026] POST /v2.0/security-groups => generated 1603 bytes in 193 msecs (HTTP/1.1 201) 4 headers in 163 bytes (1 switches on core 0)
2026-05-14 02:21:33.655 7 INFO neutron.plugins.ml2.drivers.ovn.mech_driver.mech_driver [None req-86b0896c-40c7-4dd8-a963-0d4e2f6b42cd - - - - - -] OVN reports status up for port: 7a51baab-bbfc-4a60-ac9f-c9d9ff348f53
2026-05-14 02:21:33.680 7 INFO neutron.plugins.ml2.plugin [None req-86b0896c-40c7-4dd8-a963-0d4e2f6b42cd - - - - - -] Attempt 1 to provision port 7a51baab-bbfc-4a60-ac9f-c9d9ff348f53
2026-05-14 02:21:33.709 8 WARNING neutron.scheduler.dhcp_agent_scheduler [None req-d5f4ce2c-591b-4278-bdb1-2393ceeabb01 5a1dd9028b3a4e18a64f239079c56863 be5b5c6068f540e7beb9c0dba68ed796 - - default default] No more DHCP agents
2026-05-14 02:21:33.710 8 WARNING neutron.api.rpc.agentnotifiers.dhcp_rpc_agent_api [None req-d5f4ce2c-591b-4278-bdb1-2393ceeabb01 5a1dd9028b3a4e18a64f239079c56863 be5b5c6068f540e7beb9c0dba68ed796 - - default default] Unable to schedule network 2f58d0ea-6bcf-44fe-b368-fd0c3f8b5fd6: no agents available; will retry on subsequent port and subnet creation events.
2026-05-14 02:21:33.755 7 INFO neutron.db.ovn_revision_numbers_db [None req-98cc564b-babd-49c4-b8df-c84d5c79a2d5 52d55c46a9da481380e431285d19b6a3 c20fb4b470e74227ac849c398725fd3e - - default default] Successfully bumped revision number for resource 1a8cb593-c362-4ad0-9c33-e9ffeff6d3dc (type: security_groups) to 1
2026-05-14 02:21:33.778 7 INFO neutron.db.ovn_revision_numbers_db [None req-98cc564b-babd-49c4-b8df-c84d5c79a2d5 52d55c46a9da481380e431285d19b6a3 c20fb4b470e74227ac849c398725fd3e - - default default] Successfully bumped revision number for resource 372a1100-40bd-4ee1-8afd-3829910fd1e1 (type: security_group_rules) to 0
2026-05-14 02:21:33.798 7 INFO neutron.db.ovn_revision_numbers_db [None req-98cc564b-babd-49c4-b8df-c84d5c79a2d5 52d55c46a9da481380e431285d19b6a3 c20fb4b470e74227ac849c398725fd3e - - default default] Successfully bumped revision number for resource 8cea4364-fea5-42a1-a87f-8352645bc4e8 (type: security_group_rules) to 0 [pid: 7|app: 0|req: 1388/2671] 10.0.0.203 () {34 vars in 684 bytes} [Thu May 14 02:21:33 2026] POST /v2.0/security-groups => generated 1603 bytes in 325 msecs (HTTP/1.1 201) 4 headers in 163 bytes (1 switches on core 0)
2026-05-14 02:21:34.057 8 INFO neutron.db.ovn_revision_numbers_db [None req-d5f4ce2c-591b-4278-bdb1-2393ceeabb01 5a1dd9028b3a4e18a64f239079c56863 be5b5c6068f540e7beb9c0dba68ed796 - - default default] Successfully bumped revision number for resource 7a51baab-bbfc-4a60-ac9f-c9d9ff348f53 (type: router_ports) to 1 [pid: 8|app: 0|req: 1284/2672] 10.0.0.203 () {34 vars in 783 bytes} [Thu May 14 02:21:31 2026] PUT /v2.0/routers/03a6e2f2-bcef-470e-9193-7d561d1556f5/add_router_interface => generated 309 bytes in 2424 msecs (HTTP/1.1 200) 4 headers in 157 bytes (1 switches on core 0)
2026-05-14 02:21:34.218 7 INFO neutron.db.ovn_revision_numbers_db [None req-c484f372-324c-4159-af87-c81a6dfee5d6 52d55c46a9da481380e431285d19b6a3 c20fb4b470e74227ac849c398725fd3e - - default default] Successfully bumped revision number for resource 75b45c21-3971-4765-b15a-ffab4f5cce01 (type: security_groups) to 1
2026-05-14 02:21:34.246 7 INFO neutron.db.ovn_revision_numbers_db [None req-c484f372-324c-4159-af87-c81a6dfee5d6 52d55c46a9da481380e431285d19b6a3 c20fb4b470e74227ac849c398725fd3e - - default default] Successfully bumped revision number for resource 7bc57a9b-51a1-42f2-aa90-e2f2eae91bd3 (type: security_group_rules) to 0
2026-05-14 02:21:34.265 7 INFO neutron.db.ovn_revision_numbers_db [None req-c484f372-324c-4159-af87-c81a6dfee5d6 52d55c46a9da481380e431285d19b6a3 c20fb4b470e74227ac849c398725fd3e - - default default] Successfully bumped revision number for resource eac130b7-c3f9-4414-9dcf-a9281ba10080 (type: security_group_rules) to 0 [pid: 7|app: 0|req: 1389/2673] 10.0.0.203 () {34 vars in 684 bytes} [Thu May 14 02:21:33 2026] POST /v2.0/security-groups => generated 1603 bytes in 449 msecs (HTTP/1.1 201) 4 headers in 163 bytes (1 switches on core 0)
2026-05-14 02:21:34.483 7 INFO neutron.db.ovn_revision_numbers_db [None req-86b0896c-40c7-4dd8-a963-0d4e2f6b42cd - - - - - -] Successfully bumped revision number for resource 7a51baab-bbfc-4a60-ac9f-c9d9ff348f53 (type: ports) to 2
2026-05-14 02:21:34.564 7 INFO neutron.db.ovn_revision_numbers_db [None req-13ae671b-5cb8-41e1-96c8-0ae068777e68 52d55c46a9da481380e431285d19b6a3 c20fb4b470e74227ac849c398725fd3e - - default default] Successfully bumped revision number for resource 617da573-20bd-4fa5-825c-de22e8ebf186 (type: security_groups) to 1
2026-05-14 02:21:34.585 7 INFO neutron.db.ovn_revision_numbers_db [None req-13ae671b-5cb8-41e1-96c8-0ae068777e68 52d55c46a9da481380e431285d19b6a3 c20fb4b470e74227ac849c398725fd3e - - default default] Successfully bumped revision number for resource 1101dedb-d557-45b5-bffb-607879d2995a (type: security_group_rules) to 0
2026-05-14 02:21:34.598 8 WARNING neutron.scheduler.dhcp_agent_scheduler [None req-7874113d-34c7-449d-ae6d-27a1c91cc05f 5a1dd9028b3a4e18a64f239079c56863 be5b5c6068f540e7beb9c0dba68ed796 - - default default] No more DHCP agents
