2026-05-14 02:18:42.561 8 WARNING neutron.api.rpc.agentnotifiers.dhcp_rpc_agent_api [None req-9d05866d-0747-45a0-b35e-071ae63a67c0 0db9150251654113bb2533dd4606ffae 579abb219d0e4aa2923c1917b91d89f7 - - default default] Unable to schedule network b4e52245-ee5b-48ba-b38c-d3d0fa8a5656: no agents available; will retry on subsequent port and subnet creation events.
2026-05-14 02:18:42.613 8 INFO neutron.plugins.ml2.drivers.ovn.mech_driver.mech_driver [None req-d28e5528-e147-4936-a4f6-d68dc438cdbb - - - - - -] OVN reports status down for port: 3c9351de-fc73-4b26-91aa-3bd0c6ef8228 [pid: 7|app: 0|req: 787/1437] 10.0.0.203 () {34 vars in 677 bytes} [Thu May 14 02:18:42 2026] POST /v2.0/subnetpools => generated 549 bytes in 185 msecs (HTTP/1.1 201) 4 headers in 162 bytes (1 switches on core 0) [pid: 7|app: 0|req: 788/1438] 10.0.0.203 () {32 vars in 729 bytes} [Thu May 14 02:18:42 2026] GET /v2.0/subnetpools/f21b9519-9df3-4f72-8f6f-fa4603031bc7 => generated 549 bytes in 22 msecs (HTTP/1.1 200) 4 headers in 157 bytes (1 switches on core 0)
2026-05-14 02:18:42.666 8 INFO neutron.db.ovn_revision_numbers_db [None req-9d05866d-0747-45a0-b35e-071ae63a67c0 0db9150251654113bb2533dd4606ffae 579abb219d0e4aa2923c1917b91d89f7 - - default default] Successfully bumped revision number for resource 3c9351de-fc73-4b26-91aa-3bd0c6ef8228 (type: ports) to 1 [pid: 8|app: 0|req: 651/1439] 10.0.0.203 () {34 vars in 670 bytes} [Thu May 14 02:18:41 2026] POST /v2.0/networks => generated 652 bytes in 903 msecs (HTTP/1.1 201) 4 headers in 162 bytes (1 switches on core 0) [pid: 7|app: 0|req: 789/1440] 10.0.0.203 () {34 vars in 749 bytes} [Thu May 14 02:18:42 2026] PUT /v2.0/subnetpools/f21b9519-9df3-4f72-8f6f-fa4603031bc7 => generated 501 bytes in 61 msecs (HTTP/1.1 200) 4 headers in 157 bytes (1 switches on core 0) [pid: 7|app: 0|req: 790/1441] 10.0.0.203 () {32 vars in 732 bytes} [Thu May 14 02:18:42 2026] DELETE /v2.0/subnetpools/f21b9519-9df3-4f72-8f6f-fa4603031bc7 => generated 0 bytes in 48 msecs (HTTP/1.1 204) 2 headers in 112 bytes (1 switches on core 0)
2026-05-14 02:18:42.796 8 INFO neutron.db.segments_db [None req-272efb04-13c7-4d20-aef3-f30cfdcedf56 0db9150251654113bb2533dd4606ffae 579abb219d0e4aa2923c1917b91d89f7 - - default default] Added segment cc770c09-e3da-4657-b925-56336ca9dc97 of type geneve for network 0fce0612-df28-4fae-ac2d-9540614f8921
2026-05-14 02:18:42.799 7 INFO neutron.api.v2.resource [None req-eb83760d-7021-4035-9fa4-f54539e0c01a 921eaaf607a04af68f93fa71e3a64d09 b3d4862c19814a4d87b7370fd0bcbc1d - - default default] show failed (client error): The resource could not be found. [pid: 7|app: 0|req: 791/1442] 10.0.0.203 () {32 vars in 729 bytes} [Thu May 14 02:18:42 2026] GET /v2.0/subnetpools/f21b9519-9df3-4f72-8f6f-fa4603031bc7 => generated 145 bytes in 12 msecs (HTTP/1.1 404) 4 headers in 164 bytes (1 switches on core 0)
2026-05-14 02:18:42.815 7 INFO neutron.api.v2.resource [None req-625526a6-4a4a-4f38-ae66-c6a2117eae56 921eaaf607a04af68f93fa71e3a64d09 b3d4862c19814a4d87b7370fd0bcbc1d - - default default] delete failed (client error): The resource could not be found. [pid: 7|app: 0|req: 792/1443] 10.0.0.203 () {32 vars in 732 bytes} [Thu May 14 02:18:42 2026] DELETE /v2.0/subnetpools/f21b9519-9df3-4f72-8f6f-fa4603031bc7 => generated 145 bytes in 10 msecs (HTTP/1.1 404) 4 headers in 164 bytes (1 switches on core 0) [pid: 7|app: 0|req: 793/1444] 10.0.0.45 () {34 vars in 989 bytes} [Thu May 14 02:18:42 2026] GET /v2.0/ports?device_id=60c54c8b-5f70-4ec5-94a3-5488666c0ce1 => generated 1213 bytes in 36 msecs (HTTP/1.1 200) 4 headers in 158 bytes (1 switches on core 0)
2026-05-14 02:18:42.935 8 INFO neutron.db.ovn_revision_numbers_db [None req-272efb04-13c7-4d20-aef3-f30cfdcedf56 0db9150251654113bb2533dd4606ffae 579abb219d0e4aa2923c1917b91d89f7 - - default default] Successfully bumped revision number for resource 0fce0612-df28-4fae-ac2d-9540614f8921 (type: networks) to 1 [pid: 7|app: 0|req: 794/1445] 10.0.0.203 () {32 vars in 740 bytes} [Thu May 14 02:18:42 2026] DELETE /v2.0/security-groups/81de8275-0653-4d10-8da7-4c6417748aaf => generated 0 bytes in 144 msecs (HTTP/1.1 204) 2 headers in 112 bytes (1 switches on core 0) [pid: 7|app: 0|req: 795/1446] 10.0.0.45 () {34 vars in 1039 bytes} [Thu May 14 02:18:43 2026] GET /v2.0/security-groups?id=e2fbf287-5341-455c-95b3-e983ffbc3b3d&fields=id&fields=name => generated 113 bytes in 34 msecs (HTTP/1.1 200) 4 headers in 157 bytes (1 switches on core 0)
2026-05-14 02:18:43.104 7 INFO neutron.api.v2.resource [None req-6430e131-fb65-47c0-8f7d-30aaf0ef9383 b587212c3d6c4f8dae8c605ed2784520 6a1e803409594230a21d81b13bfa2a48 - - default default] show failed (client error): The resource could not be found. [pid: 7|app: 0|req: 796/1447] 10.0.0.203 () {32 vars in 737 bytes} [Thu May 14 02:18:43 2026] GET /v2.0/security-groups/81de8275-0653-4d10-8da7-4c6417748aaf => generated 146 bytes in 8 msecs (HTTP/1.1 404) 4 headers in 164 bytes (1 switches on core 0)
2026-05-14 02:18:43.118 8 WARNING neutron.scheduler.dhcp_agent_scheduler [None req-272efb04-13c7-4d20-aef3-f30cfdcedf56 0db9150251654113bb2533dd4606ffae 579abb219d0e4aa2923c1917b91d89f7 - - default default] No more DHCP agents
2026-05-14 02:18:43.120 8 WARNING neutron.api.rpc.agentnotifiers.dhcp_rpc_agent_api [None req-272efb04-13c7-4d20-aef3-f30cfdcedf56 0db9150251654113bb2533dd4606ffae 579abb219d0e4aa2923c1917b91d89f7 - - default default] Unable to schedule network 0fce0612-df28-4fae-ac2d-9540614f8921: no agents available; will retry on subsequent port and subnet creation events.
2026-05-14 02:18:43.192 7 INFO neutron.plugins.ml2.drivers.ovn.mech_driver.mech_driver [None req-155ac432-0604-446e-b7a2-339fafa02be2 - - - - - -] OVN reports status down for port: 79018b5e-9802-4159-8018-32f4fd9914f0
2026-05-14 02:18:43.245 8 INFO neutron.db.ovn_revision_numbers_db [None req-272efb04-13c7-4d20-aef3-f30cfdcedf56 0db9150251654113bb2533dd4606ffae 579abb219d0e4aa2923c1917b91d89f7 - - default default] Successfully bumped revision number for resource 79018b5e-9802-4159-8018-32f4fd9914f0 (type: ports) to 1 [pid: 8|app: 0|req: 652/1448] 10.0.0.203 () {34 vars in 670 bytes} [Thu May 14 02:18:42 2026] POST /v2.0/networks => generated 653 bytes in 556 msecs (HTTP/1.1 201) 4 headers in 162 bytes (1 switches on core 0)
2026-05-14 02:18:43.340 7 INFO neutron_taas.services.taas.taas_plugin [None req-49a2f4bb-297b-49bb-90f5-e76d6ac57d86 b587212c3d6c4f8dae8c605ed2784520 6a1e803409594230a21d81b13bfa2a48 - - default default] TaaS: Handle Delete Port: c7007aeb-2ab6-4728-93c3-db0b8348ba47
2026-05-14 02:18:43.343 7 INFO neutron_taas.services.taas.tap_mirror_plugin [None req-49a2f4bb-297b-49bb-90f5-e76d6ac57d86 b587212c3d6c4f8dae8c605ed2784520 6a1e803409594230a21d81b13bfa2a48 - - default default] Tap Mirror: Handle Delete Port: c7007aeb-2ab6-4728-93c3-db0b8348ba47
2026-05-14 02:18:43.485 8 WARNING neutron.scheduler.dhcp_agent_scheduler [None req-ae1b2336-d69b-4476-8c8c-622ea2108d44 0db9150251654113bb2533dd4606ffae 579abb219d0e4aa2923c1917b91d89f7 - - default default] No more DHCP agents
2026-05-14 02:18:43.486 8 WARNING neutron.api.rpc.agentnotifiers.dhcp_rpc_agent_api [None req-ae1b2336-d69b-4476-8c8c-622ea2108d44 0db9150251654113bb2533dd4606ffae 579abb219d0e4aa2923c1917b91d89f7 - - default default] Unable to schedule network b4e52245-ee5b-48ba-b38c-d3d0fa8a5656: no agents available; will retry on subsequent port and subnet creation events.
2026-05-14 02:18:43.520 8 INFO neutron.db.ovn_revision_numbers_db [None req-ae1b2336-d69b-4476-8c8c-622ea2108d44 0db9150251654113bb2533dd4606ffae 579abb219d0e4aa2923c1917b91d89f7 - - default default] Successfully bumped revision number for resource 292c946a-5967-40d3-b748-e0e5b1351ec3 (type: subnets) to 0 [pid: 7|app: 0|req: 797/1449] 10.0.0.203 () {32 vars in 732 bytes} [Thu May 14 02:18:43 2026] DELETE /v2.0/floatingips/39dbca9e-075d-4850-9535-09a6efbdd831 => generated 0 bytes in 420 msecs (HTTP/1.1 204) 2 headers in 112 bytes (1 switches on core 0) [pid: 8|app: 0|req: 653/1450] 10.0.0.203 () {34 vars in 669 bytes} [Thu May 14 02:18:43 2026] POST /v2.0/subnets => generated 646 bytes in 265 msecs (HTTP/1.1 201) 4 headers in 162 bytes (1 switches on core 0)
2026-05-14 02:18:43.760 7 INFO neutron.db.ovn_revision_numbers_db [None req-5e3fdec9-b068-4a19-82fc-0b3f92a5d905 09a1d7e9f7454b3caad08d1bfe359571 4c82eb1e25c8488581763241f431a12e - - default default] Successfully bumped revision number for resource 640cbf3c-44da-48e0-876b-561a37c07e0d (type: security_groups) to 1
2026-05-14 02:18:43.772 7 INFO neutron.db.ovn_revision_numbers_db [None req-5e3fdec9-b068-4a19-82fc-0b3f92a5d905 09a1d7e9f7454b3caad08d1bfe359571 4c82eb1e25c8488581763241f431a12e - - default default] Successfully bumped revision number for resource 48b72354-83a6-4190-8f69-ed1e72703ec8 (type: security_group_rules) to 0
2026-05-14 02:18:43.783 7 INFO neutron.db.ovn_revision_numbers_db [None req-5e3fdec9-b068-4a19-82fc-0b3f92a5d905 09a1d7e9f7454b3caad08d1bfe359571 4c82eb1e25c8488581763241f431a12e - - default default] Successfully bumped revision number for resource 56af0aba-82ee-45d8-858f-885aaa74c717 (type: security_group_rules) to 0
2026-05-14 02:18:43.796 7 INFO neutron.db.ovn_revision_numbers_db [None req-5e3fdec9-b068-4a19-82fc-0b3f92a5d905 09a1d7e9f7454b3caad08d1bfe359571 4c82eb1e25c8488581763241f431a12e - - default default] Successfully bumped revision number for resource 64d121d2-39fa-4764-8297-4eee7da76202 (type: security_group_rules) to 0
2026-05-14 02:18:43.807 7 INFO neutron.db.ovn_revision_numbers_db [None req-5e3fdec9-b068-4a19-82fc-0b3f92a5d905 09a1d7e9f7454b3caad08d1bfe359571 4c82eb1e25c8488581763241f431a12e - - default default] Successfully bumped revision number for resource ceddee82-81ad-43a1-810b-77ad4bd0ad98 (type: security_group_rules) to 0
2026-05-14 02:18:43.817 8 INFO neutron_taas.services.taas.taas_plugin [None req-0f9de21b-ca8c-4475-9e85-d6b71c0b1f65 09a1d7e9f7454b3caad08d1bfe359571 4c82eb1e25c8488581763241f431a12e - - default default] TaaS: Handle Delete Port: eb582b00-332e-4d9d-90b2-63dc9a6e81de
2026-05-14 02:18:43.820 8 INFO neutron_taas.services.taas.tap_mirror_plugin [None req-0f9de21b-ca8c-4475-9e85-d6b71c0b1f65 09a1d7e9f7454b3caad08d1bfe359571 4c82eb1e25c8488581763241f431a12e - - default default] Tap Mirror: Handle Delete Port: eb582b00-332e-4d9d-90b2-63dc9a6e81de [pid: 7|app: 0|req: 798/1451] 10.0.0.203 () {32 vars in 774 bytes} [Thu May 14 02:18:43 2026] GET /v2.0/security-groups?tenant_id=b3d4862c19814a4d87b7370fd0bcbc1d&name=default => generated 2925 bytes in 304 msecs (HTTP/1.1 200) 4 headers in 158 bytes (1 switches on core 0)
2026-05-14 02:18:44.015 7 WARNING neutron.scheduler.dhcp_agent_scheduler [None req-1be7f843-4cc7-40c3-920b-06a5fef4d165 0db9150251654113bb2533dd4606ffae 579abb219d0e4aa2923c1917b91d89f7 - - default default] No more DHCP agents
2026-05-14 02:18:44.017 7 WARNING neutron.api.rpc.agentnotifiers.dhcp_rpc_agent_api [None req-1be7f843-4cc7-40c3-920b-06a5fef4d165 0db9150251654113bb2533dd4606ffae 579abb219d0e4aa2923c1917b91d89f7 - - default default] Unable to schedule network 0fce0612-df28-4fae-ac2d-9540614f8921: no agents available; will retry on subsequent port and subnet creation events.
2026-05-14 02:18:44.052 7 INFO neutron.db.ovn_revision_numbers_db [None req-1be7f843-4cc7-40c3-920b-06a5fef4d165 0db9150251654113bb2533dd4606ffae 579abb219d0e4aa2923c1917b91d89f7 - - default default] Successfully bumped revision number for resource 96f321d2-4c10-4e76-9358-01357436e80e (type: subnets) to 0 [pid: 7|app: 0|req: 799/1452] 10.0.0.203 () {34 vars in 669 bytes} [Thu May 14 02:18:43 2026] POST /v2.0/subnets => generated 655 bytes in 235 msecs (HTTP/1.1 201) 4 headers in 162 bytes (1 switches on core 0) [pid: 7|app: 0|req: 800/1453] 10.0.0.203 () {32 vars in 740 bytes} [Thu May 14 02:18:44 2026] DELETE /v2.0/security-groups/640cbf3c-44da-48e0-876b-561a37c07e0d => generated 0 bytes in 258 msecs (HTTP/1.1 204) 2 headers in 112 bytes (1 switches on core 0)
2026-05-14 02:18:44.461 7 INFO neutron.db.ovn_revision_numbers_db [None req-d9e9bfa4-1645-48b8-91ec-dc7ba4d82c34 0db9150251654113bb2533dd4606ffae 579abb219d0e4aa2923c1917b91d89f7 - - default default] Successfully bumped revision number for resource e53609d4-a429-4d7d-9b35-6304fa178e43 (type: routers) to 1 [pid: 7|app: 0|req: 801/1454] 10.0.0.203 () {34 vars in 669 bytes} [Thu May 14 02:18:44 2026] POST /v2.0/routers => generated 606 bytes in 153 msecs (HTTP/1.1 201) 4 headers in 162 bytes (1 switches on core 0) [pid: 8|app: 0|req: 654/1455] 10.0.0.203 () {34 vars in 789 bytes} [Thu May 14 02:18:43 2026] PUT /v2.0/routers/f9841b56-f421-4767-8ac8-3ec40a3b9962/remove_router_interface => generated 309 bytes in 1028 msecs (HTTP/1.1 200) 4 headers in 157 bytes (1 switches on core 0) /var/lib/openstack/lib/python3.12/site-packages/pycadf/identifier.py:70: UserWarning: Invalid uuid: neutron. To ensure interoperability, identifiers should be a valid uuid. warnings.warn(('Invalid uuid: %s. To ensure interoperability, '
2026-05-14 02:18:44.910 7 WARNING neutron.scheduler.dhcp_agent_scheduler [None req-32b07c46-0fcc-4e8e-b394-1866fae4384e 0db9150251654113bb2533dd4606ffae 579abb219d0e4aa2923c1917b91d89f7 - - default default] No more DHCP agents
2026-05-14 02:18:44.912 7 WARNING neutron.api.rpc.agentnotifiers.dhcp_rpc_agent_api [None req-32b07c46-0fcc-4e8e-b394-1866fae4384e 0db9150251654113bb2533dd4606ffae 579abb219d0e4aa2923c1917b91d89f7 - - default default] Unable to schedule network b4e52245-ee5b-48ba-b38c-d3d0fa8a5656: no agents available; will retry on subsequent port and subnet creation events.
2026-05-14 02:18:44.948 8 INFO neutron_taas.services.taas.taas_plugin [None req-093ce0fe-274e-49b6-ba18-113d058846da 09a1d7e9f7454b3caad08d1bfe359571 4c82eb1e25c8488581763241f431a12e - - default default] TaaS: Handle Delete Port: 938d8f92-2d11-4058-85b5-70dd006d2501
2026-05-14 02:18:44.951 8 INFO neutron_taas.services.taas.tap_mirror_plugin [None req-093ce0fe-274e-49b6-ba18-113d058846da 09a1d7e9f7454b3caad08d1bfe359571 4c82eb1e25c8488581763241f431a12e - - default default] Tap Mirror: Handle Delete Port: 938d8f92-2d11-4058-85b5-70dd006d2501
2026-05-14 02:18:45.009 8 INFO neutron.plugins.ml2.drivers.ovn.mech_driver.mech_driver [None req-d28e5528-e147-4936-a4f6-d68dc438cdbb - - - - - -] OVN reports status down for port: 868723db-6ba5-4cc6-a15b-98b2c6b9562f
2026-05-14 02:18:45.026 7 INFO neutron.db.ovn_revision_numbers_db [None req-32b07c46-0fcc-4e8e-b394-1866fae4384e 0db9150251654113bb2533dd4606ffae 579abb219d0e4aa2923c1917b91d89f7 - - default default] Successfully bumped revision number for resource 868723db-6ba5-4cc6-a15b-98b2c6b9562f (type: ports) to 1
2026-05-14 02:18:45.591 8 INFO neutron.plugins.ml2.drivers.ovn.mech_driver.mech_driver [None req-d28e5528-e147-4936-a4f6-d68dc438cdbb - - - - - -] OVN reports status up for port: 868723db-6ba5-4cc6-a15b-98b2c6b9562f [pid: 8|app: 0|req: 655/1456] 10.0.0.203 () {32 vars in 724 bytes} [Thu May 14 02:18:44 2026] DELETE /v2.0/routers/f9841b56-f421-4767-8ac8-3ec40a3b9962 => generated 0 bytes in 1029 msecs (HTTP/1.1 204) 2 headers in 112 bytes (1 switches on core 0)
2026-05-14 02:18:45.612 8 INFO neutron.plugins.ml2.plugin [None req-d28e5528-e147-4936-a4f6-d68dc438cdbb - - - - - -] Attempt 1 to provision port 868723db-6ba5-4cc6-a15b-98b2c6b9562f
2026-05-14 02:18:45.675 7 WARNING neutron.scheduler.dhcp_agent_scheduler [None req-32b07c46-0fcc-4e8e-b394-1866fae4384e 0db9150251654113bb2533dd4606ffae 579abb219d0e4aa2923c1917b91d89f7 - - default default] No more DHCP agents
2026-05-14 02:18:45.677 7 WARNING neutron.api.rpc.agentnotifiers.dhcp_rpc_agent_api [None req-32b07c46-0fcc-4e8e-b394-1866fae4384e 0db9150251654113bb2533dd4606ffae 579abb219d0e4aa2923c1917b91d89f7 - - default default] Unable to schedule network b4e52245-ee5b-48ba-b38c-d3d0fa8a5656: no agents available; will retry on subsequent port and subnet creation events. [pid: 8|app: 0|req: 656/1457] 10.0.0.102 () {34 vars in 990 bytes} [Thu May 14 02:18:45 2026] GET /v2.0/ports?device_id=60c54c8b-5f70-4ec5-94a3-5488666c0ce1 => generated 975 bytes in 161 msecs (HTTP/1.1 200) 4 headers in 157 bytes (1 switches on core 0)
2026-05-14 02:18:45.918 7 INFO neutron.db.ovn_revision_numbers_db [None req-32b07c46-0fcc-4e8e-b394-1866fae4384e 0db9150251654113bb2533dd4606ffae 579abb219d0e4aa2923c1917b91d89f7 - - default default] Successfully bumped revision number for resource 868723db-6ba5-4cc6-a15b-98b2c6b9562f (type: router_ports) to 1 [pid: 7|app: 0|req: 802/1458] 10.0.0.203 () {34 vars in 783 bytes} [Thu May 14 02:18:44 2026] PUT /v2.0/routers/e53609d4-a429-4d7d-9b35-6304fa178e43/add_router_interface => generated 309 bytes in 1438 msecs (HTTP/1.1 200) 4 headers in 157 bytes (1 switches on core 0) [pid: 7|app: 0|req: 803/1459] 10.0.0.102 () {34 vars in 1040 bytes} [Thu May 14 02:18:45 2026] GET /v2.0/security-groups?id=e2fbf287-5341-455c-95b3-e983ffbc3b3d&fields=id&fields=name => generated 113 bytes in 34 msecs (HTTP/1.1 200) 4 headers in 157 bytes (1 switches on core 0) [pid: 7|app: 0|req: 804/1460] 10.0.0.203 () {32 vars in 717 bytes} [Thu May 14 02:18:45 2026] GET /v2.0/ports/868723db-6ba5-4cc6-a15b-98b2c6b9562f => generated 947 bytes in 95 msecs (HTTP/1.1 200) 4 headers in 157 bytes (1 switches on core 0) [pid: 8|app: 0|req: 657/1461] 10.0.0.203 () {32 vars in 724 bytes} [Thu May 14 02:18:45 2026] DELETE /v2.0/subnets/a491f2ed-298f-4de8-82e7-19edd85fdec2 => generated 0 bytes in 406 msecs (HTTP/1.1 204) 3 headers in 131 bytes (1 switches on core 0) [pid: 8|app: 0|req: 658/1462] 10.0.0.102 () {34 vars in 990 bytes} [Thu May 14 02:18:46 2026] GET /v2.0/ports?device_id=60c54c8b-5f70-4ec5-94a3-5488666c0ce1 => generated 975 bytes in 107 msecs (HTTP/1.1 200) 4 headers in 157 bytes (1 switches on core 0)
2026-05-14 02:18:46.380 8 INFO neutron.db.ovn_revision_numbers_db [None req-d28e5528-e147-4936-a4f6-d68dc438cdbb - - - - - -] Successfully bumped revision number for resource 868723db-6ba5-4cc6-a15b-98b2c6b9562f (type: ports) to 2
2026-05-14 02:18:46.538 8 INFO neutron_taas.services.taas.taas_plugin [None req-c43021c2-5ade-41ab-830e-1718e0422b55 09a1d7e9f7454b3caad08d1bfe359571 4c82eb1e25c8488581763241f431a12e - - default default] TaaS: Handle Delete Port: bfee1b09-b86c-4366-ba35-26e2c6adec84
2026-05-14 02:18:46.541 8 INFO neutron_taas.services.taas.tap_mirror_plugin [None req-c43021c2-5ade-41ab-830e-1718e0422b55 09a1d7e9f7454b3caad08d1bfe359571 4c82eb1e25c8488581763241f431a12e - - default default] Tap Mirror: Handle Delete Port: bfee1b09-b86c-4366-ba35-26e2c6adec84
2026-05-14 02:18:46.574 7 WARNING neutron.scheduler.dhcp_agent_scheduler [None req-ebfde6b0-fa71-483f-befc-e0bc7357eb27 0db9150251654113bb2533dd4606ffae 579abb219d0e4aa2923c1917b91d89f7 - - default default] No more DHCP agents
2026-05-14 02:18:46.577 7 WARNING neutron.api.rpc.agentnotifiers.dhcp_rpc_agent_api [None req-ebfde6b0-fa71-483f-befc-e0bc7357eb27 0db9150251654113bb2533dd4606ffae 579abb219d0e4aa2923c1917b91d89f7 - - default default] Unable to schedule network 0fce0612-df28-4fae-ac2d-9540614f8921: no agents available; will retry on subsequent port and subnet creation events.
2026-05-14 02:18:46.653 7 INFO neutron.plugins.ml2.drivers.ovn.mech_driver.mech_driver [None req-155ac432-0604-446e-b7a2-339fafa02be2 - - - - - -] OVN reports status down for port: c26a6a76-04c6-480d-8831-85cbd103d6f9
2026-05-14 02:18:46.731 7 INFO neutron.db.ovn_revision_numbers_db [None req-ebfde6b0-fa71-483f-befc-e0bc7357eb27 0db9150251654113bb2533dd4606ffae 579abb219d0e4aa2923c1917b91d89f7 - - default default] Successfully bumped revision number for resource c26a6a76-04c6-480d-8831-85cbd103d6f9 (type: ports) to 1
2026-05-14 02:18:46.790 8 INFO neutron.services.segments.plugin [-] Segment 6818b725-f29f-4a1e-b748-51aa59f4693b resource provider aggregate not found
2026-05-14 02:18:46.795 8 INFO neutron.services.segments.plugin [-] Segment 6818b725-f29f-4a1e-b748-51aa59f4693b resource provider aggregate not found
2026-05-14 02:18:46.814 8 INFO neutron.services.segments.plugin [-] Segment 6818b725-f29f-4a1e-b748-51aa59f4693b resource provider not found; error: Placement Client Error (4xx): {"errors": [{"status": 404, "title": "Not Found", "detail": "The resource could not be found.\n\n No resource provider with uuid 6818b725-f29f-4a1e-b748-51aa59f4693b found for delete ", "request_id": "req-320604d4-4934-4f69-ae19-3140139e086a"}]}
2026-05-14 02:18:46.816 8 INFO neutron.services.segments.plugin [-] Segment 6818b725-f29f-4a1e-b748-51aa59f4693b resource provider not found; error: Placement Client Error (4xx): {"errors": [{"status": 404, "title": "Not Found", "detail": "The resource could not be found.\n\n No resource provider with uuid 6818b725-f29f-4a1e-b748-51aa59f4693b found for delete ", "request_id": "req-3055b9ae-03c1-40a7-adeb-741eb1784de3"}]} [pid: 8|app: 0|req: 659/1463] 10.0.0.203 () {32 vars in 726 bytes} [Thu May 14 02:18:46 2026] DELETE /v2.0/networks/b018ebaf-4c29-4ee6-8ba5-23e31187fbfe => generated 0 bytes in 555 msecs (HTTP/1.1 204) 3 headers in 131 bytes (1 switches on core 0) [pid: 8|app: 0|req: 660/1464] 10.0.0.102 () {34 vars in 1040 bytes} [Thu May 14 02:18:46 2026] GET /v2.0/security-groups?id=e2fbf287-5341-455c-95b3-e983ffbc3b3d&fields=id&fields=name => generated 113 bytes in 35 msecs (HTTP/1.1 200) 4 headers in 157 bytes (1 switches on core 0) [pid: 8|app: 0|req: 661/1465] 10.0.0.203 () {32 vars in 774 bytes} [Thu May 14 02:18:46 2026] GET /v2.0/security-groups?tenant_id=6a1e803409594230a21d81b13bfa2a48&name=default => generated 2925 bytes in 28 msecs (HTTP/1.1 200) 4 headers in 158 bytes (1 switches on core 0) [pid: 8|app: 0|req: 662/1466] 10.0.0.203 () {32 vars in 740 bytes} [Thu May 14 02:18:47 2026] DELETE /v2.0/security-groups/2a6cbe57-6523-4c72-aeb6-5f149069df18 => generated 0 bytes in 285 msecs (HTTP/1.1 204) 2 headers in 112 bytes (1 switches on core 0)
2026-05-14 02:18:47.437 7 INFO neutron.plugins.ml2.drivers.ovn.mech_driver.mech_driver [None req-155ac432-0604-446e-b7a2-339fafa02be2 - - - - - -] OVN reports status up for port: c26a6a76-04c6-480d-8831-85cbd103d6f9
2026-05-14 02:18:47.463 7 INFO neutron.plugins.ml2.plugin [None req-155ac432-0604-446e-b7a2-339fafa02be2 - - - - - -] Attempt 1 to provision port c26a6a76-04c6-480d-8831-85cbd103d6f9
2026-05-14 02:18:47.564 7 WARNING neutron.scheduler.dhcp_agent_scheduler [None req-ebfde6b0-fa71-483f-befc-e0bc7357eb27 0db9150251654113bb2533dd4606ffae 579abb219d0e4aa2923c1917b91d89f7 - - default default] No more DHCP agents
2026-05-14 02:18:47.566 7 WARNING neutron.api.rpc.agentnotifiers.dhcp_rpc_agent_api [None req-ebfde6b0-fa71-483f-befc-e0bc7357eb27 0db9150251654113bb2533dd4606ffae 579abb219d0e4aa2923c1917b91d89f7 - - default default] Unable to schedule network 0fce0612-df28-4fae-ac2d-9540614f8921: no agents available; will retry on subsequent port and subnet creation events.
2026-05-14 02:18:47.951 7 INFO neutron.db.ovn_revision_numbers_db [None req-ebfde6b0-fa71-483f-befc-e0bc7357eb27 0db9150251654113bb2533dd4606ffae 579abb219d0e4aa2923c1917b91d89f7 - - default default] Successfully bumped revision number for resource c26a6a76-04c6-480d-8831-85cbd103d6f9 (type: router_ports) to 1 [pid: 7|app: 0|req: 805/1469] 10.0.0.203 () {34 vars in 783 bytes} [Thu May 14 02:18:46 2026] PUT /v2.0/routers/e53609d4-a429-4d7d-9b35-6304fa178e43/add_router_interface => generated 309 bytes in 1896 msecs (HTTP/1.1 200) 4 headers in 157 bytes (1 switches on core 0) [pid: 8|app: 0|req: 665/1470] 10.0.0.102 () {34 vars in 990 bytes} [Thu May 14 02:18:47 2026] GET /v2.0/ports?device_id=60c54c8b-5f70-4ec5-94a3-5488666c0ce1 => generated 975 bytes in 62 msecs (HTTP/1.1 200) 4 headers in 157 bytes (1 switches on core 0) [pid: 8|app: 0|req: 666/1471] 10.0.0.102 () {34 vars in 1040 bytes} [Thu May 14 02:18:48 2026] GET /v2.0/security-groups?id=e2fbf287-5341-455c-95b3-e983ffbc3b3d&fields=id&fields=name => generated 113 bytes in 31 msecs (HTTP/1.1 200) 4 headers in 157 bytes (1 switches on core 0) [pid: 7|app: 0|req: 806/1472] 10.0.0.203 () {32 vars in 717 bytes} [Thu May 14 02:18:47 2026] GET /v2.0/ports/c26a6a76-04c6-480d-8831-85cbd103d6f9 => generated 955 bytes in 83 msecs (HTTP/1.1 200) 4 headers in 157 bytes (1 switches on core 0)
2026-05-14 02:18:48.103 7 INFO neutron.db.ovn_revision_numbers_db [None req-155ac432-0604-446e-b7a2-339fafa02be2 - - - - - -] Successfully bumped revision number for resource c26a6a76-04c6-480d-8831-85cbd103d6f9 (type: ports) to 2 [pid: 8|app: 0|req: 667/1473] 10.0.0.203 () {32 vars in 717 bytes} [Thu May 14 02:18:48 2026] GET /v2.0/ports/c26a6a76-04c6-480d-8831-85cbd103d6f9 => generated 955 bytes in 82 msecs (HTTP/1.1 200) 4 headers in 157 bytes (1 switches on core 0)
2026-05-14 02:18:48.450 7 INFO neutron_taas.services.taas.taas_plugin [None req-0cd9806a-882f-49f8-895c-cf4aeaeb2e20 0db9150251654113bb2533dd4606ffae 579abb219d0e4aa2923c1917b91d89f7 - - default default] TaaS: Handle Delete Port: c26a6a76-04c6-480d-8831-85cbd103d6f9 [pid: 8|app: 0|req: 668/1474] 199.204.45.235 () {34 vars in 994 bytes} [Thu May 14 02:18:48 2026] GET /v2.0/ports?device_id=60c54c8b-5f70-4ec5-94a3-5488666c0ce1 => generated 975 bytes in 44 msecs (HTTP/1.1 200) 4 headers in 157 bytes (1 switches on core 0)
2026-05-14 02:18:48.454 7 INFO neutron_taas.services.taas.tap_mirror_plugin [None req-0cd9806a-882f-49f8-895c-cf4aeaeb2e20 0db9150251654113bb2533dd4606ffae 579abb219d0e4aa2923c1917b91d89f7 - - default default] Tap Mirror: Handle Delete Port: c26a6a76-04c6-480d-8831-85cbd103d6f9
2026-05-14 02:18:48.598 8 INFO neutron_taas.services.taas.taas_plugin [req-e9ad43ae-0293-4cd3-b7ee-00cdd067e626 req-9411ed22-9426-4aeb-8a1f-6afb8fe3b132 29705455e1d0408bb5ab28d5aac99f45 bd49a26bdd1341ef96ab5a2be220a820 - - default default] TaaS: Handle Delete Port: 25b40ba2-0f78-4a65-80ff-9dd9e54f5974
2026-05-14 02:18:48.602 8 INFO neutron_taas.services.taas.tap_mirror_plugin [req-e9ad43ae-0293-4cd3-b7ee-00cdd067e626 req-9411ed22-9426-4aeb-8a1f-6afb8fe3b132 29705455e1d0408bb5ab28d5aac99f45 bd49a26bdd1341ef96ab5a2be220a820 - - default default] Tap Mirror: Handle Delete Port: 25b40ba2-0f78-4a65-80ff-9dd9e54f5974 [pid: 7|app: 0|req: 807/1475] 10.0.0.203 () {34 vars in 789 bytes} [Thu May 14 02:18:48 2026] PUT /v2.0/routers/e53609d4-a429-4d7d-9b35-6304fa178e43/remove_router_interface => generated 309 bytes in 656 msecs (HTTP/1.1 200) 4 headers in 157 bytes (1 switches on core 0)
2026-05-14 02:18:48.799 8 INFO neutron.db.l3_db [req-e9ad43ae-0293-4cd3-b7ee-00cdd067e626 req-9411ed22-9426-4aeb-8a1f-6afb8fe3b132 29705455e1d0408bb5ab28d5aac99f45 bd49a26bdd1341ef96ab5a2be220a820 - - default default] Floating IP b3efc124-6bda-44f7-86c1-f60df844be62 disassociated. External IP: 10.96.250.202, port: 25b40ba2-0f78-4a65-80ff-9dd9e54f5974. /var/lib/openstack/lib/python3.12/site-packages/pycadf/identifier.py:70: UserWarning: Invalid uuid: neutron. To ensure interoperability, identifiers should be a valid uuid. warnings.warn(('Invalid uuid: %s. To ensure interoperability, ' [pid: 7|app: 0|req: 808/1476] 10.0.0.203 () {32 vars in 717 bytes} [Thu May 14 02:18:48 2026] GET /v2.0/ports/868723db-6ba5-4cc6-a15b-98b2c6b9562f => generated 947 bytes in 35 msecs (HTTP/1.1 200) 4 headers in 157 bytes (1 switches on core 0) [pid: 8|app: 0|req: 669/1477] 199.204.45.235 () {36 vars in 997 bytes} [Thu May 14 02:18:48 2026] DELETE /v2.0/ports/25b40ba2-0f78-4a65-80ff-9dd9e54f5974 => generated 0 bytes in 449 msecs (HTTP/1.1 204) 3 headers in 131 bytes (1 switches on core 0)
2026-05-14 02:18:48.948 8 INFO neutron.notifiers.nova [-] Nova event matching ['req-a3f3c558-0089-49ab-ac9b-7ed9f9cca017'] response: {'server_uuid': '60c54c8b-5f70-4ec5-94a3-5488666c0ce1', 'name': 'network-vif-deleted', 'tag': '25b40ba2-0f78-4a65-80ff-9dd9e54f5974', 'status': 'completed', 'code': 200} [pid: 8|app: 0|req: 670/1478] 10.0.0.102 () {34 vars in 990 bytes} [Thu May 14 02:18:49 2026] GET /v2.0/ports?device_id=60c54c8b-5f70-4ec5-94a3-5488666c0ce1 => generated 12 bytes in 29 msecs (HTTP/1.1 200) 4 headers in 156 bytes (1 switches on core 0)
2026-05-14 02:18:49.617 7 INFO neutron_taas.services.taas.taas_plugin [None req-9e1d1513-ceb6-442c-b68e-3273c76b815a 0db9150251654113bb2533dd4606ffae 579abb219d0e4aa2923c1917b91d89f7 - - default default] TaaS: Handle Delete Port: 868723db-6ba5-4cc6-a15b-98b2c6b9562f
2026-05-14 02:18:49.622 7 INFO neutron_taas.services.taas.tap_mirror_plugin [None req-9e1d1513-ceb6-442c-b68e-3273c76b815a 0db9150251654113bb2533dd4606ffae 579abb219d0e4aa2923c1917b91d89f7 - - default default] Tap Mirror: Handle Delete Port: 868723db-6ba5-4cc6-a15b-98b2c6b9562f [pid: 7|app: 0|req: 809/1479] 10.0.0.203 () {34 vars in 789 bytes} [Thu May 14 02:18:48 2026] PUT /v2.0/routers/e53609d4-a429-4d7d-9b35-6304fa178e43/remove_router_interface => generated 309 bytes in 1066 msecs (HTTP/1.1 200) 4 headers in 157 bytes (1 switches on core 0) [pid: 8|app: 0|req: 671/1480] 10.0.0.203 () {32 vars in 736 bytes} [Thu May 14 02:18:49 2026] GET /v2.0/ports?device_id=e53609d4-a429-4d7d-9b35-6304fa178e43 => generated 12 bytes in 21 msecs (HTTP/1.1 200) 4 headers in 156 bytes (1 switches on core 0) /var/lib/openstack/lib/python3.12/site-packages/pycadf/identifier.py:70: UserWarning: Invalid uuid: neutron. To ensure interoperability, identifiers should be a valid uuid. warnings.warn(('Invalid uuid: %s. To ensure interoperability, ' [pid: 7|app: 0|req: 810/1481] 10.0.0.203 () {32 vars in 724 bytes} [Thu May 14 02:18:49 2026] DELETE /v2.0/routers/e53609d4-a429-4d7d-9b35-6304fa178e43 => generated 0 bytes in 208 msecs (HTTP/1.1 204) 2 headers in 112 bytes (1 switches on core 0) [pid: 7|app: 0|req: 811/1482] 10.0.0.102 () {34 vars in 990 bytes} [Thu May 14 02:18:50 2026] GET /v2.0/ports?device_id=60c54c8b-5f70-4ec5-94a3-5488666c0ce1 => generated 12 bytes in 19 msecs (HTTP/1.1 200) 4 headers in 156 bytes (1 switches on core 0) [pid: 8|app: 0|req: 672/1483] 10.0.0.203 () {32 vars in 724 bytes} [Thu May 14 02:18:50 2026] DELETE /v2.0/subnets/96f321d2-4c10-4e76-9358-01357436e80e => generated 0 bytes in 142 msecs (HTTP/1.1 204) 3 headers in 131 bytes (1 switches on core 0) [pid: 7|app: 0|req: 812/1484] 10.0.0.203 () {32 vars in 724 bytes} [Thu May 14 02:18:50 2026] DELETE /v2.0/subnets/292c946a-5967-40d3-b748-e0e5b1351ec3 => generated 0 bytes in 146 msecs (HTTP/1.1 204) 3 headers in 131 bytes (1 switches on core 0)
2026-05-14 02:18:50.566 8 INFO neutron_taas.services.taas.taas_plugin [None req-f88d286d-4627-42e2-9f76-804086588dea 0db9150251654113bb2533dd4606ffae 579abb219d0e4aa2923c1917b91d89f7 - - default default] TaaS: Handle Delete Port: 79018b5e-9802-4159-8018-32f4fd9914f0
2026-05-14 02:18:50.570 8 INFO neutron_taas.services.taas.tap_mirror_plugin [None req-f88d286d-4627-42e2-9f76-804086588dea 0db9150251654113bb2533dd4606ffae 579abb219d0e4aa2923c1917b91d89f7 - - default default] Tap Mirror: Handle Delete Port: 79018b5e-9802-4159-8018-32f4fd9914f0
2026-05-14 02:18:50.765 8 INFO neutron.services.segments.plugin [-] Segment cc770c09-e3da-4657-b925-56336ca9dc97 resource provider aggregate not found
2026-05-14 02:18:50.780 8 INFO neutron.services.segments.plugin [-] Segment cc770c09-e3da-4657-b925-56336ca9dc97 resource provider aggregate not found
2026-05-14 02:18:50.790 8 INFO neutron.services.segments.plugin [-] Segment cc770c09-e3da-4657-b925-56336ca9dc97 resource provider not found; error: Placement Client Error (4xx): {"errors": [{"status": 404, "title": "Not Found", "detail": "The resource could not be found.\n\n No resource provider with uuid cc770c09-e3da-4657-b925-56336ca9dc97 found for delete ", "request_id": "req-443c9dc3-a452-48e1-8330-745d2de14a1f"}]}
2026-05-14 02:18:50.797 8 INFO neutron.services.segments.plugin [-] Segment cc770c09-e3da-4657-b925-56336ca9dc97 resource provider not found; error: Placement Client Error (4xx): {"errors": [{"status": 404, "title": "Not Found", "detail": "The resource could not be found.\n\n No resource provider with uuid cc770c09-e3da-4657-b925-56336ca9dc97 found for delete ", "request_id": "req-fd01fd40-4c77-4a79-bdf5-b3a97faac47b"}]} [pid: 8|app: 0|req: 673/1485] 10.0.0.203 () {32 vars in 726 bytes} [Thu May 14 02:18:50 2026] DELETE /v2.0/networks/0fce0612-df28-4fae-ac2d-9540614f8921 => generated 0 bytes in 375 msecs (HTTP/1.1 204) 3 headers in 131 bytes (1 switches on core 0)
2026-05-14 02:18:50.948 7 INFO neutron_taas.services.taas.taas_plugin [None req-a6a7ecec-3d4d-4b58-9e25-818a2a933bd8 0db9150251654113bb2533dd4606ffae 579abb219d0e4aa2923c1917b91d89f7 - - default default] TaaS: Handle Delete Port: 3c9351de-fc73-4b26-91aa-3bd0c6ef8228
2026-05-14 02:18:50.951 7 INFO neutron_taas.services.taas.tap_mirror_plugin [None req-a6a7ecec-3d4d-4b58-9e25-818a2a933bd8 0db9150251654113bb2533dd4606ffae 579abb219d0e4aa2923c1917b91d89f7 - - default default] Tap Mirror: Handle Delete Port: 3c9351de-fc73-4b26-91aa-3bd0c6ef8228
2026-05-14 02:18:51.115 7 INFO neutron.services.segments.plugin [-] Segment 9ef59c5a-52bb-4bdc-9286-d1f867b761d3 resource provider aggregate not found
2026-05-14 02:18:51.123 7 INFO neutron.services.segments.plugin [-] Segment 9ef59c5a-52bb-4bdc-9286-d1f867b761d3 resource provider aggregate not found
2026-05-14 02:18:51.140 7 INFO neutron.services.segments.plugin [-] Segment 9ef59c5a-52bb-4bdc-9286-d1f867b761d3 resource provider not found; error: Placement Client Error (4xx): {"errors": [{"status": 404, "title": "Not Found", "detail": "The resource could not be found.\n\n No resource provider with uuid 9ef59c5a-52bb-4bdc-9286-d1f867b761d3 found for delete ", "request_id": "req-2354ff40-d55f-47a9-babb-fcb5ef410f58"}]}
2026-05-14 02:18:51.148 7 INFO neutron.services.segments.plugin [-] Segment 9ef59c5a-52bb-4bdc-9286-d1f867b761d3 resource provider not found; error: Placement Client Error (4xx): {"errors": [{"status": 404, "title": "Not Found", "detail": "The resource could not be found.\n\n No resource provider with uuid 9ef59c5a-52bb-4bdc-9286-d1f867b761d3 found for delete ", "request_id": "req-4cff6b9e-0c91-4689-80d5-0da6158a5e9e"}]} [pid: 7|app: 0|req: 813/1486] 10.0.0.203 () {32 vars in 726 bytes} [Thu May 14 02:18:50 2026] DELETE /v2.0/networks/b4e52245-ee5b-48ba-b38c-d3d0fa8a5656 => generated 0 bytes in 347 msecs (HTTP/1.1 204) 3 headers in 131 bytes (1 switches on core 0)
2026-05-14 02:18:51.296 7 INFO neutron.db.segments_db [None req-b9e3d154-f31a-47f7-b2f3-539918cbfa4d 0db9150251654113bb2533dd4606ffae 579abb219d0e4aa2923c1917b91d89f7 - - default default] Added segment 76ec31d5-80ad-41c0-ac5a-c8bcc1528b3a of type geneve for network 2395870c-ca17-45b9-8905-9a46505bef8c
2026-05-14 02:18:51.445 7 INFO neutron.db.ovn_revision_numbers_db [None req-b9e3d154-f31a-47f7-b2f3-539918cbfa4d 0db9150251654113bb2533dd4606ffae 579abb219d0e4aa2923c1917b91d89f7 - - default default] Successfully bumped revision number for resource 2395870c-ca17-45b9-8905-9a46505bef8c (type: networks) to 1
2026-05-14 02:18:51.506 8 INFO neutron.db.ovn_revision_numbers_db [None req-0964d741-ed61-455d-bef3-c388747f3d49 09a1d7e9f7454b3caad08d1bfe359571 4c82eb1e25c8488581763241f431a12e - - default default] Successfully bumped revision number for resource f4d2500b-d4b0-469f-a34b-c48ffa9d133d (type: security_groups) to 1
2026-05-14 02:18:51.527 8 INFO neutron.db.ovn_revision_numbers_db [None req-0964d741-ed61-455d-bef3-c388747f3d49 09a1d7e9f7454b3caad08d1bfe359571 4c82eb1e25c8488581763241f431a12e - - default default] Successfully bumped revision number for resource 1cab6d49-a7ba-4e3e-bb1a-3c8119a2e249 (type: security_group_rules) to 0
2026-05-14 02:18:51.539 8 INFO neutron.db.ovn_revision_numbers_db [None req-0964d741-ed61-455d-bef3-c388747f3d49 09a1d7e9f7454b3caad08d1bfe359571 4c82eb1e25c8488581763241f431a12e - - default default] Successfully bumped revision number for resource e7584229-a148-4648-996a-aba404385e40 (type: security_group_rules) to 0
2026-05-14 02:18:51.552 8 INFO neutron.db.ovn_revision_numbers_db [None req-0964d741-ed61-455d-bef3-c388747f3d49 09a1d7e9f7454b3caad08d1bfe359571 4c82eb1e25c8488581763241f431a12e - - default default] Successfully bumped revision number for resource f954d9a0-537c-4c31-923c-1d2fdc6d8774 (type: security_group_rules) to 0
2026-05-14 02:18:51.566 8 INFO neutron.db.ovn_revision_numbers_db [None req-0964d741-ed61-455d-bef3-c388747f3d49 09a1d7e9f7454b3caad08d1bfe359571 4c82eb1e25c8488581763241f431a12e - - default default] Successfully bumped revision number for resource fa1e9992-8d7f-42c6-a88c-a6898071d900 (type: security_group_rules) to 0
2026-05-14 02:18:51.596 8 WARNING neutron.plugins.ml2.drivers.ovn.mech_driver.ovsdb.ovn_client [None req-142f853f-619b-46e4-a300-b2c9cc197cc0 - - - - - -] No port found with ID 868723db-6ba5-4cc6-a15b-98b2c6b9562f: RuntimeError: No port found with ID 868723db-6ba5-4cc6-a15b-98b2c6b9562f
2026-05-14 02:18:51.620 8 INFO neutron.plugins.ml2.drivers.ovn.mech_driver.mech_driver [None req-142f853f-619b-46e4-a300-b2c9cc197cc0 - - - - - -] OVN reports status down for port: 25b40ba2-0f78-4a65-80ff-9dd9e54f5974 [pid: 8|app: 0|req: 674/1487] 10.0.0.203 () {32 vars in 774 bytes} [Thu May 14 02:18:51 2026] GET /v2.0/security-groups?tenant_id=ec7d5df19e79489588cb34685dcff48e&name=default => generated 2925 bytes in 472 msecs (HTTP/1.1 200) 4 headers in 158 bytes (1 switches on core 0)
2026-05-14 02:18:51.633 7 WARNING neutron.scheduler.dhcp_agent_scheduler [None req-b9e3d154-f31a-47f7-b2f3-539918cbfa4d 0db9150251654113bb2533dd4606ffae 579abb219d0e4aa2923c1917b91d89f7 - - default default] No more DHCP agents
2026-05-14 02:18:51.634 7 WARNING neutron.api.rpc.agentnotifiers.dhcp_rpc_agent_api [None req-b9e3d154-f31a-47f7-b2f3-539918cbfa4d 0db9150251654113bb2533dd4606ffae 579abb219d0e4aa2923c1917b91d89f7 - - default default] Unable to schedule network 2395870c-ca17-45b9-8905-9a46505bef8c: no agents available; will retry on subsequent port and subnet creation events. [pid: 8|app: 0|req: 675/1488] 10.0.0.102 () {34 vars in 990 bytes} [Thu May 14 02:18:51 2026] GET /v2.0/ports?device_id=60c54c8b-5f70-4ec5-94a3-5488666c0ce1 => generated 12 bytes in 65 msecs (HTTP/1.1 200) 4 headers in 156 bytes (1 switches on core 0)
2026-05-14 02:18:51.698 8 INFO neutron.plugins.ml2.drivers.ovn.mech_driver.mech_driver [None req-142f853f-619b-46e4-a300-b2c9cc197cc0 - - - - - -] OVN reports status down for port: a6925aa8-8ac3-4fa3-ad08-eb31dafcad94 /var/lib/openstack/lib/python3.12/site-packages/pycadf/identifier.py:70: UserWarning: Invalid uuid: neutron. To ensure interoperability, identifiers should be a valid uuid. warnings.warn(('Invalid uuid: %s. To ensure interoperability, '
2026-05-14 02:18:51.726 7 INFO neutron.db.ovn_revision_numbers_db [None req-b9e3d154-f31a-47f7-b2f3-539918cbfa4d 0db9150251654113bb2533dd4606ffae 579abb219d0e4aa2923c1917b91d89f7 - - default default] Successfully bumped revision number for resource a6925aa8-8ac3-4fa3-ad08-eb31dafcad94 (type: ports) to 1 [pid: 7|app: 0|req: 814/1489] 10.0.0.203 () {34 vars in 670 bytes} [Thu May 14 02:18:51 2026] POST /v2.0/networks => generated 652 bytes in 565 msecs (HTTP/1.1 201) 4 headers in 162 bytes (1 switches on core 0)
2026-05-14 02:18:51.977 7 WARNING neutron.scheduler.dhcp_agent_scheduler [None req-7cd9f031-e0c0-4028-9020-34572295ef69 0db9150251654113bb2533dd4606ffae 579abb219d0e4aa2923c1917b91d89f7 - - default default] No more DHCP agents
2026-05-14 02:18:51.987 7 WARNING neutron.api.rpc.agentnotifiers.dhcp_rpc_agent_api [None req-7cd9f031-e0c0-4028-9020-34572295ef69 0db9150251654113bb2533dd4606ffae 579abb219d0e4aa2923c1917b91d89f7 - - default default] Unable to schedule network 2395870c-ca17-45b9-8905-9a46505bef8c: no agents available; will retry on subsequent port and subnet creation events.
2026-05-14 02:18:52.021 7 INFO neutron.db.ovn_revision_numbers_db [None req-7cd9f031-e0c0-4028-9020-34572295ef69 0db9150251654113bb2533dd4606ffae 579abb219d0e4aa2923c1917b91d89f7 - - default default] Successfully bumped revision number for resource 53713543-4235-4782-9774-44679f734163 (type: subnets) to 0 [pid: 8|app: 0|req: 676/1490] 10.0.0.203 () {32 vars in 740 bytes} [Thu May 14 02:18:51 2026] DELETE /v2.0/security-groups/f4d2500b-d4b0-469f-a34b-c48ffa9d133d => generated 0 bytes in 337 msecs (HTTP/1.1 204) 2 headers in 112 bytes (1 switches on core 0) [pid: 7|app: 0|req: 815/1491] 10.0.0.203 () {34 vars in 669 bytes} [Thu May 14 02:18:51 2026] POST /v2.0/subnets => generated 646 bytes in 280 msecs (HTTP/1.1 201) 4 headers in 162 bytes (1 switches on core 0)
2026-05-14 02:18:52.186 8 INFO neutron.db.ovn_revision_numbers_db [None req-b6c05e69-9bba-47f6-a898-0052e25b4759 0db9150251654113bb2533dd4606ffae 579abb219d0e4aa2923c1917b91d89f7 - - default default] Successfully bumped revision number for resource d8838769-c21c-494d-a0ab-7f7ec051a1d8 (type: routers) to 1 [pid: 8|app: 0|req: 677/1492] 10.0.0.203 () {34 vars in 669 bytes} [Thu May 14 02:18:52 2026] POST /v2.0/routers => generated 607 bytes in 163 msecs (HTTP/1.1 201) 4 headers in 162 bytes (1 switches on core 0)
2026-05-14 02:18:52.271 7 INFO neutron.db.ovn_revision_numbers_db [None req-06f9ab51-2f5a-4579-b0dd-7ee2f84cb60e 09a1d7e9f7454b3caad08d1bfe359571 4c82eb1e25c8488581763241f431a12e - - default default] Successfully bumped revision number for resource 69967ad2-7443-45db-96c5-b7f3f078aea5 (type: security_groups) to 1
2026-05-14 02:18:52.289 7 INFO neutron.db.ovn_revision_numbers_db [None req-06f9ab51-2f5a-4579-b0dd-7ee2f84cb60e 09a1d7e9f7454b3caad08d1bfe359571 4c82eb1e25c8488581763241f431a12e - - default default] Successfully bumped revision number for resource 0143b64f-acd9-464c-8c06-57dbca582555 (type: security_group_rules) to 0
2026-05-14 02:18:52.306 7 INFO neutron.db.ovn_revision_numbers_db [None req-06f9ab51-2f5a-4579-b0dd-7ee2f84cb60e 09a1d7e9f7454b3caad08d1bfe359571 4c82eb1e25c8488581763241f431a12e - - default default] Successfully bumped revision number for resource 3d73abf5-d08b-41b5-b5e7-36aa6eb412c1 (type: security_group_rules) to 0
2026-05-14 02:18:52.322 7 INFO neutron.db.ovn_revision_numbers_db [None req-06f9ab51-2f5a-4579-b0dd-7ee2f84cb60e 09a1d7e9f7454b3caad08d1bfe359571 4c82eb1e25c8488581763241f431a12e - - default default] Successfully bumped revision number for resource 5ed7efe6-9461-4518-bf02-9fddd10e3884 (type: security_group_rules) to 0
2026-05-14 02:18:52.336 7 INFO neutron.db.ovn_revision_numbers_db [None req-06f9ab51-2f5a-4579-b0dd-7ee2f84cb60e 09a1d7e9f7454b3caad08d1bfe359571 4c82eb1e25c8488581763241f431a12e - - default default] Successfully bumped revision number for resource f6e820c4-9080-4a1d-a01e-a6c8f2034ab3 (type: security_group_rules) to 0 [pid: 7|app: 0|req: 816/1493] 10.0.0.203 () {32 vars in 774 bytes} [Thu May 14 02:18:52 2026] GET /v2.0/security-groups?tenant_id=7ddff5a50ad24112a4eac786df1d1bd9&name=default => generated 2925 bytes in 261 msecs (HTTP/1.1 200) 4 headers in 158 bytes (1 switches on core 0)
2026-05-14 02:18:52.587 8 WARNING neutron.scheduler.dhcp_agent_scheduler [None req-9b788eb5-791f-49c8-a043-d94fbf6fb9be 0db9150251654113bb2533dd4606ffae 579abb219d0e4aa2923c1917b91d89f7 - - default default] No more DHCP agents
2026-05-14 02:18:52.589 8 WARNING neutron.api.rpc.agentnotifiers.dhcp_rpc_agent_api [None req-9b788eb5-791f-49c8-a043-d94fbf6fb9be 0db9150251654113bb2533dd4606ffae 579abb219d0e4aa2923c1917b91d89f7 - - default default] Unable to schedule network 2395870c-ca17-45b9-8905-9a46505bef8c: no agents available; will retry on subsequent port and subnet creation events. [pid: 7|app: 0|req: 817/1494] 10.0.0.203 () {32 vars in 740 bytes} [Thu May 14 02:18:52 2026] DELETE /v2.0/security-groups/69967ad2-7443-45db-96c5-b7f3f078aea5 => generated 0 bytes in 227 msecs (HTTP/1.1 204) 2 headers in 112 bytes (1 switches on core 0)
2026-05-14 02:18:52.721 8 INFO neutron.db.ovn_revision_numbers_db [None req-9b788eb5-791f-49c8-a043-d94fbf6fb9be 0db9150251654113bb2533dd4606ffae 579abb219d0e4aa2923c1917b91d89f7 - - default default] Successfully bumped revision number for resource d504774a-2422-4822-8095-2f604712d51f (type: ports) to 1 [pid: 8|app: 0|req: 678/1495] 10.0.0.203 () {34 vars in 665 bytes} [Thu May 14 02:18:52 2026] POST /v2.0/ports => generated 963 bytes in 568 msecs (HTTP/1.1 201) 4 headers in 162 bytes (1 switches on core 0) /var/lib/openstack/lib/python3.12/site-packages/pycadf/identifier.py:70: UserWarning: Invalid uuid: neutron. To ensure interoperability, identifiers should be a valid uuid. warnings.warn(('Invalid uuid: %s. To ensure interoperability, '
2026-05-14 02:18:52.895 7 WARNING neutron.plugins.ml2.drivers.ovn.mech_driver.ovsdb.ovn_client [None req-aeda27f7-4bb0-4f1f-bc6f-ef8d20afdc02 - - - - - -] No port found with ID c26a6a76-04c6-480d-8831-85cbd103d6f9: RuntimeError: No port found with ID c26a6a76-04c6-480d-8831-85cbd103d6f9
2026-05-14 02:18:52.917 7 INFO neutron.plugins.ml2.drivers.ovn.mech_driver.mech_driver [None req-aeda27f7-4bb0-4f1f-bc6f-ef8d20afdc02 - - - - - -] OVN reports status down for port: d504774a-2422-4822-8095-2f604712d51f [pid: 7|app: 0|req: 818/1496] 10.0.0.203 () {32 vars in 740 bytes} [Thu May 14 02:18:52 2026] DELETE /v2.0/security-groups/e2fbf287-5341-455c-95b3-e983ffbc3b3d => generated 0 bytes in 188 msecs (HTTP/1.1 204) 2 headers in 112 bytes (1 switches on core 0)
2026-05-14 02:18:52.996 7 INFO neutron.api.v2.resource [None req-379b37c8-a960-41c6-b7c7-a6546a004d8f 29705455e1d0408bb5ab28d5aac99f45 bd49a26bdd1341ef96ab5a2be220a820 - - default default] show failed (client error): The resource could not be found. [pid: 7|app: 0|req: 819/1497] 10.0.0.203 () {32 vars in 737 bytes} [Thu May 14 02:18:52 2026] GET /v2.0/security-groups/e2fbf287-5341-455c-95b3-e983ffbc3b3d => generated 146 bytes in 27 msecs (HTTP/1.1 404) 4 headers in 164 bytes (1 switches on core 0)
2026-05-14 02:18:53.123 7 INFO neutron_taas.services.taas.taas_plugin [None req-c7e180ea-fd5f-4967-a663-53c4a90b3177 29705455e1d0408bb5ab28d5aac99f45 bd49a26bdd1341ef96ab5a2be220a820 - - default default] TaaS: Handle Delete Port: 40ea1aa4-588d-49eb-b38a-d5ada6a75165
2026-05-14 02:18:53.125 7 INFO neutron_taas.services.taas.tap_mirror_plugin [None req-c7e180ea-fd5f-4967-a663-53c4a90b3177 29705455e1d0408bb5ab28d5aac99f45 bd49a26bdd1341ef96ab5a2be220a820 - - default default] Tap Mirror: Handle Delete Port: 40ea1aa4-588d-49eb-b38a-d5ada6a75165 [pid: 7|app: 0|req: 820/1498] 10.0.0.203 () {32 vars in 732 bytes} [Thu May 14 02:18:53 2026] DELETE /v2.0/floatingips/b3efc124-6bda-44f7-86c1-f60df844be62 => generated 0 bytes in 305 msecs (HTTP/1.1 204) 2 headers in 112 bytes (1 switches on core 0)
2026-05-14 02:18:53.615 7 INFO neutron_taas.services.taas.taas_plugin [None req-f2627ed6-945f-4928-8b9a-464a2430f3f5 09a1d7e9f7454b3caad08d1bfe359571 4c82eb1e25c8488581763241f431a12e - - default default] TaaS: Handle Delete Port: 3877cee6-7815-465b-b52b-bbfd4891a681
2026-05-14 02:18:53.618 7 INFO neutron_taas.services.taas.tap_mirror_plugin [None req-f2627ed6-945f-4928-8b9a-464a2430f3f5 09a1d7e9f7454b3caad08d1bfe359571 4c82eb1e25c8488581763241f431a12e - - default default] Tap Mirror: Handle Delete Port: 3877cee6-7815-465b-b52b-bbfd4891a681
2026-05-14 02:18:53.759 8 INFO neutron.db.ovn_revision_numbers_db [None req-184c045f-6dc1-416d-88d7-ae34540c56c2 0db9150251654113bb2533dd4606ffae 579abb219d0e4aa2923c1917b91d89f7 - - default default] Successfully bumped revision number for resource d504774a-2422-4822-8095-2f604712d51f (type: ports) to 2
2026-05-14 02:18:53.764 7 INFO neutron.plugins.ml2.drivers.ovn.mech_driver.mech_driver [None req-aeda27f7-4bb0-4f1f-bc6f-ef8d20afdc02 - - - - - -] OVN reports status up for port: d504774a-2422-4822-8095-2f604712d51f
2026-05-14 02:18:53.787 7 INFO neutron.plugins.ml2.plugin [None req-aeda27f7-4bb0-4f1f-bc6f-ef8d20afdc02 - - - - - -] Attempt 1 to provision port d504774a-2422-4822-8095-2f604712d51f
2026-05-14 02:18:54.454 7 INFO neutron.db.ovn_revision_numbers_db [None req-aeda27f7-4bb0-4f1f-bc6f-ef8d20afdc02 - - - - - -] Successfully bumped revision number for resource d504774a-2422-4822-8095-2f604712d51f (type: ports) to 3 [pid: 7|app: 0|req: 821/1499] 10.0.0.203 () {34 vars in 789 bytes} [Thu May 14 02:18:53 2026] PUT /v2.0/routers/622ab7a8-1770-4fe3-a377-580db5e2ca20/remove_router_interface => generated 309 bytes in 1360 msecs (HTTP/1.1 200) 4 headers in 157 bytes (1 switches on core 0) /var/lib/openstack/lib/python3.12/site-packages/pycadf/identifier.py:70: UserWarning: Invalid uuid: neutron. To ensure interoperability, identifiers should be a valid uuid. warnings.warn(('Invalid uuid: %s. To ensure interoperability, '
2026-05-14 02:18:55.065 7 INFO neutron_taas.services.taas.taas_plugin [None req-8783ef5f-081d-47b8-9200-ddc8b4b216df 09a1d7e9f7454b3caad08d1bfe359571 4c82eb1e25c8488581763241f431a12e - - default default] TaaS: Handle Delete Port: c4d2eafb-45fe-463a-82c2-c554c202f359
2026-05-14 02:18:55.068 7 INFO neutron_taas.services.taas.tap_mirror_plugin [None req-8783ef5f-081d-47b8-9200-ddc8b4b216df 09a1d7e9f7454b3caad08d1bfe359571 4c82eb1e25c8488581763241f431a12e - - default default] Tap Mirror: Handle Delete Port: c4d2eafb-45fe-463a-82c2-c554c202f359
2026-05-14 02:18:55.117 8 WARNING neutron.scheduler.dhcp_agent_scheduler [None req-184c045f-6dc1-416d-88d7-ae34540c56c2 0db9150251654113bb2533dd4606ffae 579abb219d0e4aa2923c1917b91d89f7 - - default default] No more DHCP agents
2026-05-14 02:18:55.119 8 WARNING neutron.api.rpc.agentnotifiers.dhcp_rpc_agent_api [None req-184c045f-6dc1-416d-88d7-ae34540c56c2 0db9150251654113bb2533dd4606ffae 579abb219d0e4aa2923c1917b91d89f7 - - default default] Unable to schedule network 2395870c-ca17-45b9-8905-9a46505bef8c: no agents available; will retry on subsequent port and subnet creation events.
