2026-05-14 02:12:48.670 8 INFO placement.requestlog [req-e8dbdf42-1ad3-4950-bcd9-e94face06e3b req-4bd70072-7a08-4ea3-bf65-a0915d3e464c 3294f16e16a949168201d69911261539 225d4ce3dadc46118cda3b724e3fac49 - - 7d437a18c02145c1ba8e97a418156759 7d437a18c02145c1ba8e97a418156759] 199.204.45.235 "GET /resource_providers/87289a4d-e0e8-49a7-a46e-6c9c369b86f1/allocations" status: 200 len: 54 microversion: 1.0 [pid: 8|app: 0|req: 291/580] 199.204.45.235 () {32 vars in 857 bytes} [Thu May 14 02:12:48 2026] GET /resource_providers/87289a4d-e0e8-49a7-a46e-6c9c369b86f1/allocations => generated 54 bytes in 154 msecs (HTTP/1.1 200) 6 headers in 223 bytes (1 switches on core 0)
2026-05-14 02:12:48.690 7 INFO placement.requestlog [req-e8dbdf42-1ad3-4950-bcd9-e94face06e3b req-a2155f26-dace-4dfe-b41b-1ff6896068b6 3294f16e16a949168201d69911261539 225d4ce3dadc46118cda3b724e3fac49 - - 7d437a18c02145c1ba8e97a418156759 7d437a18c02145c1ba8e97a418156759] 199.204.45.235 "GET /resource_providers?in_tree=87289a4d-e0e8-49a7-a46e-6c9c369b86f1" status: 200 len: 797 microversion: 1.14 [pid: 7|app: 0|req: 290/581] 199.204.45.235 () {34 vars in 892 bytes} [Thu May 14 02:12:48 2026] GET /resource_providers?in_tree=87289a4d-e0e8-49a7-a46e-6c9c369b86f1 => generated 797 bytes in 15 msecs (HTTP/1.1 200) 6 headers in 225 bytes (1 switches on core 0)
2026-05-14 02:12:48.708 8 INFO placement.requestlog [req-e8dbdf42-1ad3-4950-bcd9-e94face06e3b req-65d28c71-f463-4918-afb4-1b303bb845e8 3294f16e16a949168201d69911261539 225d4ce3dadc46118cda3b724e3fac49 - - 7d437a18c02145c1ba8e97a418156759 7d437a18c02145c1ba8e97a418156759] 199.204.45.235 "GET /resource_providers/87289a4d-e0e8-49a7-a46e-6c9c369b86f1/inventories" status: 200 len: 400 microversion: 1.0 [pid: 8|app: 0|req: 292/582] 199.204.45.235 () {32 vars in 857 bytes} [Thu May 14 02:12:48 2026] GET /resource_providers/87289a4d-e0e8-49a7-a46e-6c9c369b86f1/inventories => generated 400 bytes in 14 msecs (HTTP/1.1 200) 6 headers in 224 bytes (1 switches on core 0)
2026-05-14 02:12:48.724 7 INFO placement.requestlog [req-e8dbdf42-1ad3-4950-bcd9-e94face06e3b req-10c7bf6a-0f3c-49fc-984e-efe9dac90ce8 3294f16e16a949168201d69911261539 225d4ce3dadc46118cda3b724e3fac49 - - 7d437a18c02145c1ba8e97a418156759 7d437a18c02145c1ba8e97a418156759] 199.204.45.235 "GET /resource_providers/87289a4d-e0e8-49a7-a46e-6c9c369b86f1/aggregates" status: 200 len: 53 microversion: 1.19 [pid: 7|app: 0|req: 291/583] 199.204.45.235 () {34 vars in 899 bytes} [Thu May 14 02:12:48 2026] GET /resource_providers/87289a4d-e0e8-49a7-a46e-6c9c369b86f1/aggregates => generated 53 bytes in 12 msecs (HTTP/1.1 200) 8 headers in 295 bytes (1 switches on core 0)
2026-05-14 02:12:48.747 8 INFO placement.requestlog [req-e8dbdf42-1ad3-4950-bcd9-e94face06e3b req-d3067d9f-d72c-4e4c-881b-d87f4b8479c4 3294f16e16a949168201d69911261539 225d4ce3dadc46118cda3b724e3fac49 - - 7d437a18c02145c1ba8e97a418156759 7d437a18c02145c1ba8e97a418156759] 199.204.45.235 "GET /resource_providers/87289a4d-e0e8-49a7-a46e-6c9c369b86f1/traits" status: 200 len: 2316 microversion: 1.6 [pid: 8|app: 0|req: 293/584] 199.204.45.235 () {34 vars in 890 bytes} [Thu May 14 02:12:48 2026] GET /resource_providers/87289a4d-e0e8-49a7-a46e-6c9c369b86f1/traits => generated 2316 bytes in 19 msecs (HTTP/1.1 200) 6 headers in 225 bytes (1 switches on core 0)
2026-05-14 02:12:48.771 7 INFO placement.requestlog [req-e8dbdf42-1ad3-4950-bcd9-e94face06e3b req-bea48c5e-d781-4d38-94da-e9a81dff528c 3294f16e16a949168201d69911261539 225d4ce3dadc46118cda3b724e3fac49 - - 7d437a18c02145c1ba8e97a418156759 7d437a18c02145c1ba8e97a418156759] 199.204.45.235 "GET /resource_providers/87289a4d-e0e8-49a7-a46e-6c9c369b86f1/allocations" status: 200 len: 54 microversion: 1.0 [pid: 7|app: 0|req: 292/585] 199.204.45.235 () {32 vars in 857 bytes} [Thu May 14 02:12:48 2026] GET /resource_providers/87289a4d-e0e8-49a7-a46e-6c9c369b86f1/allocations => generated 54 bytes in 20 msecs (HTTP/1.1 200) 6 headers in 223 bytes (1 switches on core 0)
2026-05-14 02:12:55.544 8 INFO placement.requestlog [None req-30c97ba2-37f1-4d06-aceb-dae2b8e47435 - - - - - -] 10.0.0.136 "GET /" status: 200 len: 136 microversion: 1.0
2026-05-14 02:12:55.544 7 INFO placement.requestlog [None req-b446403c-63ac-4972-b259-b8839dffd30b - - - - - -] 10.0.0.136 "GET /" status: 200 len: 136 microversion: 1.0
2026-05-14 02:13:05.542 8 INFO placement.requestlog [None req-9f3f5892-4e78-435b-9028-c567eec8d466 - - - - - -] 10.0.0.136 "GET /" status: 200 len: 136 microversion: 1.0
2026-05-14 02:13:05.542 7 INFO placement.requestlog [None req-455a89ff-df9a-42c7-99ee-913e621ac37d - - - - - -] 10.0.0.136 "GET /" status: 200 len: 136 microversion: 1.0
2026-05-14 02:13:15.541 8 INFO placement.requestlog [None req-86ea7f51-0a98-4853-9e96-8bed393a9a2a - - - - - -] 10.0.0.136 "GET /" status: 200 len: 136 microversion: 1.0
2026-05-14 02:13:15.542 7 INFO placement.requestlog [None req-648ef5b5-bba7-49e2-91ed-b162eba998b0 - - - - - -] 10.0.0.136 "GET /" status: 200 len: 136 microversion: 1.0
2026-05-14 02:13:25.542 7 INFO placement.requestlog [None req-dd8d526d-72a9-4f1e-b079-c8de8f684e8e - - - - - -] 10.0.0.136 "GET /" status: 200 len: 136 microversion: 1.0
2026-05-14 02:13:25.542 8 INFO placement.requestlog [None req-cb1caf46-26ac-466f-af4d-14601f3076ef - - - - - -] 10.0.0.136 "GET /" status: 200 len: 136 microversion: 1.0
2026-05-14 02:13:35.542 7 INFO placement.requestlog [None req-309e07e6-b2f9-4b30-b2e5-7cdecc5227af - - - - - -] 10.0.0.136 "GET /" status: 200 len: 136 microversion: 1.0
2026-05-14 02:13:35.542 8 INFO placement.requestlog [None req-6334b2fd-1fda-411b-9f68-4976d499167f - - - - - -] 10.0.0.136 "GET /" status: 200 len: 136 microversion: 1.0
2026-05-14 02:13:45.542 8 INFO placement.requestlog [None req-22f35331-03f6-4b6a-95a6-3dd520bb61c3 - - - - - -] 10.0.0.136 "GET /" status: 200 len: 136 microversion: 1.0
2026-05-14 02:13:45.542 7 INFO placement.requestlog [None req-1771da12-909b-49a6-93fe-5dbe0e4cba16 - - - - - -] 10.0.0.136 "GET /" status: 200 len: 136 microversion: 1.0
2026-05-14 02:13:50.719 7 INFO placement.requestlog [req-5437875f-a6f5-427c-998c-d5c11644cc86 req-6760d145-7240-4b31-adfc-f5d54e451c86 3294f16e16a949168201d69911261539 225d4ce3dadc46118cda3b724e3fac49 - - 7d437a18c02145c1ba8e97a418156759 7d437a18c02145c1ba8e97a418156759] 199.204.45.235 "GET /resource_providers/87289a4d-e0e8-49a7-a46e-6c9c369b86f1/allocations" status: 200 len: 54 microversion: 1.0 [pid: 7|app: 0|req: 299/598] 199.204.45.235 () {32 vars in 857 bytes} [Thu May 14 02:13:50 2026] GET /resource_providers/87289a4d-e0e8-49a7-a46e-6c9c369b86f1/allocations => generated 54 bytes in 16 msecs (HTTP/1.1 200) 6 headers in 223 bytes (1 switches on core 0)
2026-05-14 02:13:50.744 8 INFO placement.requestlog [req-5437875f-a6f5-427c-998c-d5c11644cc86 req-a52f55d6-2bc6-4462-b9f1-943c0542ab2a 3294f16e16a949168201d69911261539 225d4ce3dadc46118cda3b724e3fac49 - - 7d437a18c02145c1ba8e97a418156759 7d437a18c02145c1ba8e97a418156759] 199.204.45.235 "GET /resource_providers/87289a4d-e0e8-49a7-a46e-6c9c369b86f1/allocations" status: 200 len: 54 microversion: 1.0 [pid: 8|app: 0|req: 300/599] 199.204.45.235 () {32 vars in 857 bytes} [Thu May 14 02:13:50 2026] GET /resource_providers/87289a4d-e0e8-49a7-a46e-6c9c369b86f1/allocations => generated 54 bytes in 17 msecs (HTTP/1.1 200) 6 headers in 223 bytes (1 switches on core 0)
2026-05-14 02:13:55.541 7 INFO placement.requestlog [None req-158f89df-2f7f-4af8-951d-d40478f58daa - - - - - -] 10.0.0.136 "GET /" status: 200 len: 136 microversion: 1.0
2026-05-14 02:13:55.542 8 INFO placement.requestlog [None req-b9402247-65f1-4114-b6b2-2dd51772ef3d - - - - - -] 10.0.0.136 "GET /" status: 200 len: 136 microversion: 1.0
2026-05-14 02:14:05.542 7 INFO placement.requestlog [None req-29378aa5-c9b7-4f24-894a-a3dd68fa1ad0 - - - - - -] 10.0.0.136 "GET /" status: 200 len: 136 microversion: 1.0
2026-05-14 02:14:05.542 8 INFO placement.requestlog [None req-fff038fd-75b6-4d20-82a1-588a0429e350 - - - - - -] 10.0.0.136 "GET /" status: 200 len: 136 microversion: 1.0
2026-05-14 02:14:15.543 8 INFO placement.requestlog [None req-7db7c075-4f33-48c3-a4e6-bffaacc84b9a - - - - - -] 10.0.0.136 "GET /" status: 200 len: 136 microversion: 1.0
2026-05-14 02:14:15.544 7 INFO placement.requestlog [None req-307540f3-9ea4-4c52-856b-360a8e0340bd - - - - - -] 10.0.0.136 "GET /" status: 200 len: 136 microversion: 1.0
2026-05-14 02:14:25.543 8 INFO placement.requestlog [None req-a13cdd42-1811-46a8-a538-9f3f040b8da8 - - - - - -] 10.0.0.136 "GET /" status: 200 len: 136 microversion: 1.0
2026-05-14 02:14:25.543 7 INFO placement.requestlog [None req-4d3ab827-d4af-4791-a4b6-9cf33e836948 - - - - - -] 10.0.0.136 "GET /" status: 200 len: 136 microversion: 1.0
2026-05-14 02:14:35.542 7 INFO placement.requestlog [None req-b5891bba-f250-47eb-b87c-7418b11566a0 - - - - - -] 10.0.0.136 "GET /" status: 200 len: 136 microversion: 1.0
2026-05-14 02:14:35.542 8 INFO placement.requestlog [None req-9dbdd23d-c5d1-420c-a8b0-a702f296e0f0 - - - - - -] 10.0.0.136 "GET /" status: 200 len: 136 microversion: 1.0
2026-05-14 02:14:45.542 7 INFO placement.requestlog [None req-7fddefbe-efdb-45b5-b70a-6a8f0dd98c16 - - - - - -] 10.0.0.136 "GET /" status: 200 len: 136 microversion: 1.0
2026-05-14 02:14:45.542 8 INFO placement.requestlog [None req-efba4cb3-d0cc-4e83-a93f-3bc6d910e7c3 - - - - - -] 10.0.0.136 "GET /" status: 200 len: 136 microversion: 1.0
2026-05-14 02:14:52.465 7 INFO placement.requestlog [req-4a2bb99b-a288-4a3a-91de-72cebcdc03a3 req-8f798220-9a9c-4f5e-922c-2cfcb5c1c17c 3294f16e16a949168201d69911261539 225d4ce3dadc46118cda3b724e3fac49 - - 7d437a18c02145c1ba8e97a418156759 7d437a18c02145c1ba8e97a418156759] 199.204.45.235 "GET /resource_providers/87289a4d-e0e8-49a7-a46e-6c9c369b86f1/allocations" status: 200 len: 54 microversion: 1.0 [pid: 7|app: 0|req: 306/612] 199.204.45.235 () {32 vars in 857 bytes} [Thu May 14 02:14:52 2026] GET /resource_providers/87289a4d-e0e8-49a7-a46e-6c9c369b86f1/allocations => generated 54 bytes in 15 msecs (HTTP/1.1 200) 6 headers in 223 bytes (1 switches on core 0)
2026-05-14 02:14:52.488 8 INFO placement.requestlog [req-4a2bb99b-a288-4a3a-91de-72cebcdc03a3 req-265d95f2-f294-46f9-bb1a-5ec8cfa3d284 3294f16e16a949168201d69911261539 225d4ce3dadc46118cda3b724e3fac49 - - 7d437a18c02145c1ba8e97a418156759 7d437a18c02145c1ba8e97a418156759] 199.204.45.235 "GET /resource_providers/87289a4d-e0e8-49a7-a46e-6c9c369b86f1/allocations" status: 200 len: 54 microversion: 1.0 [pid: 8|app: 0|req: 307/613] 199.204.45.235 () {32 vars in 857 bytes} [Thu May 14 02:14:52 2026] GET /resource_providers/87289a4d-e0e8-49a7-a46e-6c9c369b86f1/allocations => generated 54 bytes in 15 msecs (HTTP/1.1 200) 6 headers in 223 bytes (1 switches on core 0)
2026-05-14 02:14:55.541 7 INFO placement.requestlog [None req-e7e924e9-69d0-4a25-8320-90b4c3e44678 - - - - - -] 10.0.0.136 "GET /" status: 200 len: 136 microversion: 1.0
2026-05-14 02:14:55.542 8 INFO placement.requestlog [None req-01fb5c99-18e2-4cfe-86a4-9af8d27b45f1 - - - - - -] 10.0.0.136 "GET /" status: 200 len: 136 microversion: 1.0
2026-05-14 02:15:05.542 8 INFO placement.requestlog [None req-44b545f0-2db2-414a-b29d-07de12c8a9c6 - - - - - -] 10.0.0.136 "GET /" status: 200 len: 136 microversion: 1.0
2026-05-14 02:15:05.542 7 INFO placement.requestlog [None req-c0688fef-d097-4b4e-8896-69189cbb79f8 - - - - - -] 10.0.0.136 "GET /" status: 200 len: 136 microversion: 1.0
2026-05-14 02:15:15.541 8 INFO placement.requestlog [None req-b6f54ecb-42e5-43a9-b910-7667e8d7d530 - - - - - -] 10.0.0.136 "GET /" status: 200 len: 136 microversion: 1.0
2026-05-14 02:15:15.542 7 INFO placement.requestlog [None req-6114ca1f-c957-42b0-b83d-24fd3d4d2f02 - - - - - -] 10.0.0.136 "GET /" status: 200 len: 136 microversion: 1.0
2026-05-14 02:15:25.541 8 INFO placement.requestlog [None req-a89fe524-03ee-432b-ac8f-94a594a47b2e - - - - - -] 10.0.0.136 "GET /" status: 200 len: 136 microversion: 1.0
2026-05-14 02:15:25.542 7 INFO placement.requestlog [None req-37a0dffc-47c6-41c3-9454-808f224e64c5 - - - - - -] 10.0.0.136 "GET /" status: 200 len: 136 microversion: 1.0
2026-05-14 02:15:35.542 8 INFO placement.requestlog [None req-4a734053-5fda-4dbb-8289-49b6ce40bdc2 - - - - - -] 10.0.0.136 "GET /" status: 200 len: 136 microversion: 1.0
2026-05-14 02:15:35.542 7 INFO placement.requestlog [None req-52ecd47d-61cb-4859-a0dd-343a96d006ec - - - - - -] 10.0.0.136 "GET /" status: 200 len: 136 microversion: 1.0
2026-05-14 02:15:45.542 7 INFO placement.requestlog [None req-7df37531-6342-4c9e-bd1f-e3983609730a - - - - - -] 10.0.0.136 "GET /" status: 200 len: 136 microversion: 1.0
2026-05-14 02:15:45.542 8 INFO placement.requestlog [None req-1ab151f9-1f07-44f4-aabd-768977938803 - - - - - -] 10.0.0.136 "GET /" status: 200 len: 136 microversion: 1.0
2026-05-14 02:15:53.552 7 INFO placement.requestlog [req-287384c8-7fd5-44a9-9d51-928158ced43a req-15b7f967-2b9d-41c2-afc2-0e364ab009c8 3294f16e16a949168201d69911261539 225d4ce3dadc46118cda3b724e3fac49 - - 7d437a18c02145c1ba8e97a418156759 7d437a18c02145c1ba8e97a418156759] 199.204.45.235 "GET /resource_providers/87289a4d-e0e8-49a7-a46e-6c9c369b86f1/allocations" status: 200 len: 54 microversion: 1.0 [pid: 7|app: 0|req: 313/626] 199.204.45.235 () {32 vars in 857 bytes} [Thu May 14 02:15:53 2026] GET /resource_providers/87289a4d-e0e8-49a7-a46e-6c9c369b86f1/allocations => generated 54 bytes in 15 msecs (HTTP/1.1 200) 6 headers in 223 bytes (1 switches on core 0)
2026-05-14 02:15:53.574 8 INFO placement.requestlog [req-287384c8-7fd5-44a9-9d51-928158ced43a req-e3ac2cfc-14d6-465a-bcb2-cc666006d7bd 3294f16e16a949168201d69911261539 225d4ce3dadc46118cda3b724e3fac49 - - 7d437a18c02145c1ba8e97a418156759 7d437a18c02145c1ba8e97a418156759] 199.204.45.235 "GET /resource_providers/87289a4d-e0e8-49a7-a46e-6c9c369b86f1/allocations" status: 200 len: 54 microversion: 1.0 [pid: 8|app: 0|req: 314/627] 199.204.45.235 () {32 vars in 857 bytes} [Thu May 14 02:15:53 2026] GET /resource_providers/87289a4d-e0e8-49a7-a46e-6c9c369b86f1/allocations => generated 54 bytes in 17 msecs (HTTP/1.1 200) 6 headers in 223 bytes (1 switches on core 0)
2026-05-14 02:15:55.542 7 INFO placement.requestlog [None req-91c7465e-59cf-45e0-a24f-c8e15a662677 - - - - - -] 10.0.0.136 "GET /" status: 200 len: 136 microversion: 1.0
2026-05-14 02:15:55.543 8 INFO placement.requestlog [None req-2cb1d5f1-6ce0-4332-b61b-336ea7f1ccc8 - - - - - -] 10.0.0.136 "GET /" status: 200 len: 136 microversion: 1.0
2026-05-14 02:16:05.542 7 INFO placement.requestlog [None req-0ab450fb-95ae-4761-960c-131f8f199f41 - - - - - -] 10.0.0.136 "GET /" status: 200 len: 136 microversion: 1.0
2026-05-14 02:16:05.542 8 INFO placement.requestlog [None req-b9b93ec0-887e-44de-a0a5-6bedb73b2864 - - - - - -] 10.0.0.136 "GET /" status: 200 len: 136 microversion: 1.0
2026-05-14 02:16:15.542 7 INFO placement.requestlog [None req-bb0850f9-7188-496d-b2bb-f2f77f2ae93d - - - - - -] 10.0.0.136 "GET /" status: 200 len: 136 microversion: 1.0
2026-05-14 02:16:15.542 8 INFO placement.requestlog [None req-aafba537-5b96-4b04-8fa2-4706df7115f3 - - - - - -] 10.0.0.136 "GET /" status: 200 len: 136 microversion: 1.0
2026-05-14 02:16:25.542 8 INFO placement.requestlog [None req-b8f187fa-3879-4347-97ff-e2465665aa09 - - - - - -] 10.0.0.136 "GET /" status: 200 len: 136 microversion: 1.0
2026-05-14 02:16:25.542 7 INFO placement.requestlog [None req-a4bd3018-d6f0-47b6-a272-c7506f1c1f3a - - - - - -] 10.0.0.136 "GET /" status: 200 len: 136 microversion: 1.0
2026-05-14 02:16:35.542 7 INFO placement.requestlog [None req-b899b1ac-820d-467e-a42c-066d1776852a - - - - - -] 10.0.0.136 "GET /" status: 200 len: 136 microversion: 1.0
2026-05-14 02:16:35.542 8 INFO placement.requestlog [None req-36e23d7c-8053-4a74-a6f7-7f098096222d - - - - - -] 10.0.0.136 "GET /" status: 200 len: 136 microversion: 1.0
2026-05-14 02:16:45.543 7 INFO placement.requestlog [None req-7c749076-da90-44de-bab5-f4a52064ff9c - - - - - -] 10.0.0.136 "GET /" status: 200 len: 136 microversion: 1.0
2026-05-14 02:16:45.543 8 INFO placement.requestlog [None req-679664b4-ae88-414b-a2ba-cd37b96e0d44 - - - - - -] 10.0.0.136 "GET /" status: 200 len: 136 microversion: 1.0
2026-05-14 02:16:53.677 7 INFO placement.requestlog [req-89b87ad9-dbdf-444b-af20-48d7e4504dcc req-58f50b6a-4a79-4549-a86d-47943fe35e50 3294f16e16a949168201d69911261539 225d4ce3dadc46118cda3b724e3fac49 - - 7d437a18c02145c1ba8e97a418156759 7d437a18c02145c1ba8e97a418156759] 199.204.45.235 "GET /resource_providers/87289a4d-e0e8-49a7-a46e-6c9c369b86f1/allocations" status: 200 len: 54 microversion: 1.0 [pid: 7|app: 0|req: 320/640] 199.204.45.235 () {32 vars in 857 bytes} [Thu May 14 02:16:53 2026] GET /resource_providers/87289a4d-e0e8-49a7-a46e-6c9c369b86f1/allocations => generated 54 bytes in 19 msecs (HTTP/1.1 200) 6 headers in 223 bytes (1 switches on core 0)
2026-05-14 02:16:53.697 8 INFO placement.requestlog [req-89b87ad9-dbdf-444b-af20-48d7e4504dcc req-74c655c3-1063-4489-86f7-4b7bfca3ed8e 3294f16e16a949168201d69911261539 225d4ce3dadc46118cda3b724e3fac49 - - 7d437a18c02145c1ba8e97a418156759 7d437a18c02145c1ba8e97a418156759] 199.204.45.235 "GET /resource_providers/87289a4d-e0e8-49a7-a46e-6c9c369b86f1/allocations" status: 200 len: 54 microversion: 1.0 [pid: 8|app: 0|req: 321/641] 199.204.45.235 () {32 vars in 857 bytes} [Thu May 14 02:16:53 2026] GET /resource_providers/87289a4d-e0e8-49a7-a46e-6c9c369b86f1/allocations => generated 54 bytes in 13 msecs (HTTP/1.1 200) 6 headers in 223 bytes (1 switches on core 0)
2026-05-14 02:16:55.542 7 INFO placement.requestlog [None req-e4c09ad9-2e05-453d-b8cd-35d119d6b898 - - - - - -] 10.0.0.136 "GET /" status: 200 len: 136 microversion: 1.0
2026-05-14 02:16:55.542 8 INFO placement.requestlog [None req-3e12b97d-a520-4268-9041-edf78855707b - - - - - -] 10.0.0.136 "GET /" status: 200 len: 136 microversion: 1.0
2026-05-14 02:17:05.542 7 INFO placement.requestlog [None req-8e4c7c8c-c084-4d4e-bec0-3ef3bf20fb49 - - - - - -] 10.0.0.136 "GET /" status: 200 len: 136 microversion: 1.0
2026-05-14 02:17:05.542 8 INFO placement.requestlog [None req-eff82003-a954-4695-8f61-3cc76bbfce72 - - - - - -] 10.0.0.136 "GET /" status: 200 len: 136 microversion: 1.0
2026-05-14 02:17:09.982 7 INFO placement.requestlog [req-06fa00cc-bdf2-49a8-a709-254e2d32bcbd req-70c71858-85b5-410a-84ce-e639eae7b73b 3294f16e16a949168201d69911261539 225d4ce3dadc46118cda3b724e3fac49 - - 7d437a18c02145c1ba8e97a418156759 7d437a18c02145c1ba8e97a418156759] 10.0.0.17 "GET /allocation_candidates?limit=1000&resources=DISK_GB%3A1%2CMEMORY_MB%3A512%2CVCPU%3A1&root_required=%21COMPUTE_STATUS_DISABLED" status: 200 len: 2781 microversion: 1.36 [pid: 7|app: 0|req: 323/646] 10.0.0.17 () {34 vars in 1011 bytes} [Thu May 14 02:17:09 2026] GET /allocation_candidates?limit=1000&resources=DISK_GB%3A1%2CMEMORY_MB%3A512%2CVCPU%3A1&root_required=%21COMPUTE_STATUS_DISABLED => generated 2781 bytes in 462 msecs (HTTP/1.1 200) 8 headers in 297 bytes (1 switches on core 0)
2026-05-14 02:17:10.023 8 INFO placement.requestlog [req-06fa00cc-bdf2-49a8-a709-254e2d32bcbd req-615e47f3-5a26-483c-9ea6-de73046c87fb 3294f16e16a949168201d69911261539 225d4ce3dadc46118cda3b724e3fac49 - - 7d437a18c02145c1ba8e97a418156759 7d437a18c02145c1ba8e97a418156759] 10.0.0.17 "GET /allocations/dca12e4f-e4d9-4914-a21f-872f1b1b0681" status: 200 len: 19 microversion: 1.28 [pid: 8|app: 0|req: 324/647] 10.0.0.17 () {34 vars in 860 bytes} [Thu May 14 02:17:10 2026] GET /allocations/dca12e4f-e4d9-4914-a21f-872f1b1b0681 => generated 19 bytes in 11 msecs (HTTP/1.1 200) 8 headers in 295 bytes (1 switches on core 0)
2026-05-14 02:17:10.102 7 INFO placement.requestlog [req-06fa00cc-bdf2-49a8-a709-254e2d32bcbd req-f5ef9a41-faea-4a9d-b603-f84716767eb6 3294f16e16a949168201d69911261539 225d4ce3dadc46118cda3b724e3fac49 - - 7d437a18c02145c1ba8e97a418156759 7d437a18c02145c1ba8e97a418156759] 10.0.0.17 "PUT /allocations/dca12e4f-e4d9-4914-a21f-872f1b1b0681" status: 204 len: 0 microversion: 1.36 [pid: 7|app: 0|req: 324/648] 10.0.0.17 () {38 vars in 913 bytes} [Thu May 14 02:17:10 2026] PUT /allocations/dca12e4f-e4d9-4914-a21f-872f1b1b0681 => generated 0 bytes in 74 msecs (HTTP/1.1 204) 5 headers in 199 bytes (1 switches on core 0)
2026-05-14 02:17:10.647 8 INFO placement.requestlog [req-7c269cc4-468a-469f-8ced-f5de8a7250bf req-02e68cf5-9826-4f5e-8ee2-4e15de475123 3294f16e16a949168201d69911261539 225d4ce3dadc46118cda3b724e3fac49 - - 7d437a18c02145c1ba8e97a418156759 7d437a18c02145c1ba8e97a418156759] 10.0.0.17 "GET /allocation_candidates?limit=1000&resources=DISK_GB%3A1%2CMEMORY_MB%3A512%2CVCPU%3A1&root_required=%21COMPUTE_STATUS_DISABLED" status: 200 len: 2783 microversion: 1.36 [pid: 8|app: 0|req: 325/649] 10.0.0.17 () {34 vars in 1011 bytes} [Thu May 14 02:17:10 2026] GET /allocation_candidates?limit=1000&resources=DISK_GB%3A1%2CMEMORY_MB%3A512%2CVCPU%3A1&root_required=%21COMPUTE_STATUS_DISABLED => generated 2783 bytes in 58 msecs (HTTP/1.1 200) 8 headers in 297 bytes (1 switches on core 0)
2026-05-14 02:17:10.682 7 INFO placement.requestlog [req-7c269cc4-468a-469f-8ced-f5de8a7250bf req-64866131-4d80-4831-9a8b-492ede3f4883 3294f16e16a949168201d69911261539 225d4ce3dadc46118cda3b724e3fac49 - - 7d437a18c02145c1ba8e97a418156759 7d437a18c02145c1ba8e97a418156759] 10.0.0.17 "GET /allocations/09220c6e-c817-42c0-bc16-2f61ef7daff2" status: 200 len: 19 microversion: 1.28 [pid: 7|app: 0|req: 325/650] 10.0.0.17 () {34 vars in 860 bytes} [Thu May 14 02:17:10 2026] GET /allocations/09220c6e-c817-42c0-bc16-2f61ef7daff2 => generated 19 bytes in 9 msecs (HTTP/1.1 200) 8 headers in 295 bytes (1 switches on core 0)
2026-05-14 02:17:10.756 8 INFO placement.requestlog [req-7c269cc4-468a-469f-8ced-f5de8a7250bf req-0f8bc5f5-1a63-4ffd-8715-a9ddc4b7b274 3294f16e16a949168201d69911261539 225d4ce3dadc46118cda3b724e3fac49 - - 7d437a18c02145c1ba8e97a418156759 7d437a18c02145c1ba8e97a418156759] 10.0.0.17 "PUT /allocations/09220c6e-c817-42c0-bc16-2f61ef7daff2" status: 204 len: 0 microversion: 1.36 [pid: 8|app: 0|req: 326/651] 10.0.0.17 () {38 vars in 913 bytes} [Thu May 14 02:17:10 2026] PUT /allocations/09220c6e-c817-42c0-bc16-2f61ef7daff2 => generated 0 bytes in 69 msecs (HTTP/1.1 204) 5 headers in 199 bytes (1 switches on core 0)
2026-05-14 02:17:11.845 7 INFO placement.requestlog [req-06fa00cc-bdf2-49a8-a709-254e2d32bcbd req-11f660b3-501b-47cc-82cb-fce5eb9c5485 3294f16e16a949168201d69911261539 225d4ce3dadc46118cda3b724e3fac49 - - 7d437a18c02145c1ba8e97a418156759 7d437a18c02145c1ba8e97a418156759] 199.204.45.235 "GET /allocations/dca12e4f-e4d9-4914-a21f-872f1b1b0681" status: 200 len: 257 microversion: 1.28 [pid: 7|app: 0|req: 326/652] 199.204.45.235 () {34 vars in 863 bytes} [Thu May 14 02:17:11 2026] GET /allocations/dca12e4f-e4d9-4914-a21f-872f1b1b0681 => generated 257 bytes in 16 msecs (HTTP/1.1 200) 8 headers in 296 bytes (1 switches on core 0)
2026-05-14 02:17:12.405 8 INFO placement.requestlog [req-7c269cc4-468a-469f-8ced-f5de8a7250bf req-20c5bd26-716b-4f36-99d4-5da1f14a71a6 3294f16e16a949168201d69911261539 225d4ce3dadc46118cda3b724e3fac49 - - 7d437a18c02145c1ba8e97a418156759 7d437a18c02145c1ba8e97a418156759] 199.204.45.235 "GET /allocations/09220c6e-c817-42c0-bc16-2f61ef7daff2" status: 200 len: 257 microversion: 1.28 [pid: 8|app: 0|req: 327/653] 199.204.45.235 () {34 vars in 863 bytes} [Thu May 14 02:17:12 2026] GET /allocations/09220c6e-c817-42c0-bc16-2f61ef7daff2 => generated 257 bytes in 16 msecs (HTTP/1.1 200) 8 headers in 296 bytes (1 switches on core 0)
2026-05-14 02:17:12.884 7 INFO placement.requestlog [req-06fa00cc-bdf2-49a8-a709-254e2d32bcbd req-2cee2756-3a3e-4408-ae2b-98926cfe1434 3294f16e16a949168201d69911261539 225d4ce3dadc46118cda3b724e3fac49 - - 7d437a18c02145c1ba8e97a418156759 7d437a18c02145c1ba8e97a418156759] 199.204.45.235 "GET /resource_providers/87289a4d-e0e8-49a7-a46e-6c9c369b86f1/allocations" status: 200 len: 252 microversion: 1.0 [pid: 7|app: 0|req: 327/654] 199.204.45.235 () {32 vars in 857 bytes} [Thu May 14 02:17:12 2026] GET /resource_providers/87289a4d-e0e8-49a7-a46e-6c9c369b86f1/allocations => generated 252 bytes in 17 msecs (HTTP/1.1 200) 6 headers in 224 bytes (1 switches on core 0)
2026-05-14 02:17:12.904 8 INFO placement.requestlog [req-06fa00cc-bdf2-49a8-a709-254e2d32bcbd req-8c38a798-d6b4-4d8b-a94d-4f0924ba5936 3294f16e16a949168201d69911261539 225d4ce3dadc46118cda3b724e3fac49 - - 7d437a18c02145c1ba8e97a418156759 7d437a18c02145c1ba8e97a418156759] 199.204.45.235 "GET /allocations/dca12e4f-e4d9-4914-a21f-872f1b1b0681" status: 200 len: 257 microversion: 1.28 [pid: 8|app: 0|req: 328/655] 199.204.45.235 () {34 vars in 863 bytes} [Thu May 14 02:17:12 2026] GET /allocations/dca12e4f-e4d9-4914-a21f-872f1b1b0681 => generated 257 bytes in 14 msecs (HTTP/1.1 200) 8 headers in 296 bytes (1 switches on core 0)
2026-05-14 02:17:12.928 7 INFO placement.requestlog [req-06fa00cc-bdf2-49a8-a709-254e2d32bcbd req-201dcbea-1ab7-4f04-9b3e-d276d60968fb 3294f16e16a949168201d69911261539 225d4ce3dadc46118cda3b724e3fac49 - - 7d437a18c02145c1ba8e97a418156759 7d437a18c02145c1ba8e97a418156759] 199.204.45.235 "GET /allocations/09220c6e-c817-42c0-bc16-2f61ef7daff2" status: 200 len: 257 microversion: 1.28 [pid: 7|app: 0|req: 328/656] 199.204.45.235 () {34 vars in 863 bytes} [Thu May 14 02:17:12 2026] GET /allocations/09220c6e-c817-42c0-bc16-2f61ef7daff2 => generated 257 bytes in 17 msecs (HTTP/1.1 200) 8 headers in 296 bytes (1 switches on core 0)
2026-05-14 02:17:13.806 8 INFO placement.requestlog [None req-3c06a730-c34b-4b34-b53a-aad17c7601e2 4078eab20d764fa0ae8b5beca549e252 225d4ce3dadc46118cda3b724e3fac49 - - 7d437a18c02145c1ba8e97a418156759 7d437a18c02145c1ba8e97a418156759] 10.0.0.81 "GET /resource_providers/63e81760-49b1-4603-be9a-bf70d2867a2b/aggregates" status: 404 len: 235 microversion: 1.1 [pid: 8|app: 0|req: 329/657] 10.0.0.81 () {32 vars in 815 bytes} [Thu May 14 02:17:13 2026] GET /resource_providers/63e81760-49b1-4603-be9a-bf70d2867a2b/aggregates => generated 235 bytes in 98 msecs (HTTP/1.1 404) 5 headers in 202 bytes (1 switches on core 0)
2026-05-14 02:17:13.828 8 INFO placement.requestlog [None req-85767368-92ff-42fe-9939-af004bbb1929 4078eab20d764fa0ae8b5beca549e252 225d4ce3dadc46118cda3b724e3fac49 - - 7d437a18c02145c1ba8e97a418156759 7d437a18c02145c1ba8e97a418156759] 10.0.0.81 "DELETE /resource_providers/63e81760-49b1-4603-be9a-bf70d2867a2b" status: 404 len: 246 microversion: 1.1 [pid: 8|app: 0|req: 330/658] 10.0.0.81 () {34 vars in 815 bytes} [Thu May 14 02:17:13 2026] DELETE /resource_providers/63e81760-49b1-4603-be9a-bf70d2867a2b => generated 246 bytes in 12 msecs (HTTP/1.1 404) 6 headers in 231 bytes (1 switches on core 0)
2026-05-14 02:17:13.832 7 INFO placement.requestlog [None req-f443211a-4a34-420a-b798-d363b43811c1 4078eab20d764fa0ae8b5beca549e252 225d4ce3dadc46118cda3b724e3fac49 - - 7d437a18c02145c1ba8e97a418156759 7d437a18c02145c1ba8e97a418156759] 10.0.0.81 "GET /resource_providers/63e81760-49b1-4603-be9a-bf70d2867a2b/aggregates" status: 404 len: 235 microversion: 1.1 [pid: 7|app: 0|req: 329/659] 10.0.0.81 () {32 vars in 815 bytes} [Thu May 14 02:17:13 2026] GET /resource_providers/63e81760-49b1-4603-be9a-bf70d2867a2b/aggregates => generated 235 bytes in 104 msecs (HTTP/1.1 404) 5 headers in 202 bytes (1 switches on core 0)
2026-05-14 02:17:13.859 8 INFO placement.requestlog [None req-c0fd9c7b-239a-469b-b79c-5ace5610413c 4078eab20d764fa0ae8b5beca549e252 225d4ce3dadc46118cda3b724e3fac49 - - 7d437a18c02145c1ba8e97a418156759 7d437a18c02145c1ba8e97a418156759] 10.0.0.81 "DELETE /resource_providers/63e81760-49b1-4603-be9a-bf70d2867a2b" status: 404 len: 246 microversion: 1.1 [pid: 8|app: 0|req: 331/660] 10.0.0.81 () {34 vars in 815 bytes} [Thu May 14 02:17:13 2026] DELETE /resource_providers/63e81760-49b1-4603-be9a-bf70d2867a2b => generated 246 bytes in 15 msecs (HTTP/1.1 404) 6 headers in 231 bytes (1 switches on core 0)
2026-05-14 02:17:15.015 7 INFO placement.requestlog [req-7c269cc4-468a-469f-8ced-f5de8a7250bf req-7f86a517-ea1c-40f0-8263-d35d70836925 3294f16e16a949168201d69911261539 225d4ce3dadc46118cda3b724e3fac49 - - 7d437a18c02145c1ba8e97a418156759 7d437a18c02145c1ba8e97a418156759] 199.204.45.235 "GET /resource_providers/87289a4d-e0e8-49a7-a46e-6c9c369b86f1/allocations" status: 200 len: 252 microversion: 1.0 [pid: 7|app: 0|req: 330/661] 199.204.45.235 () {32 vars in 857 bytes} [Thu May 14 02:17:14 2026] GET /resource_providers/87289a4d-e0e8-49a7-a46e-6c9c369b86f1/allocations => generated 252 bytes in 28 msecs (HTTP/1.1 200) 6 headers in 224 bytes (1 switches on core 0)
2026-05-14 02:17:15.040 8 INFO placement.requestlog [req-7c269cc4-468a-469f-8ced-f5de8a7250bf req-277fed24-ec5c-4d43-b328-46eefdadb935 3294f16e16a949168201d69911261539 225d4ce3dadc46118cda3b724e3fac49 - - 7d437a18c02145c1ba8e97a418156759 7d437a18c02145c1ba8e97a418156759] 199.204.45.235 "GET /allocations/dca12e4f-e4d9-4914-a21f-872f1b1b0681" status: 200 len: 257 microversion: 1.28 [pid: 8|app: 0|req: 332/662] 199.204.45.235 () {34 vars in 863 bytes} [Thu May 14 02:17:15 2026] GET /allocations/dca12e4f-e4d9-4914-a21f-872f1b1b0681 => generated 257 bytes in 18 msecs (HTTP/1.1 200) 8 headers in 296 bytes (1 switches on core 0)
2026-05-14 02:17:15.070 7 INFO placement.requestlog [req-7c269cc4-468a-469f-8ced-f5de8a7250bf req-8c138470-d363-45b3-9fe1-0f37b91c2f77 3294f16e16a949168201d69911261539 225d4ce3dadc46118cda3b724e3fac49 - - 7d437a18c02145c1ba8e97a418156759 7d437a18c02145c1ba8e97a418156759] 199.204.45.235 "GET /allocations/09220c6e-c817-42c0-bc16-2f61ef7daff2" status: 200 len: 257 microversion: 1.28 [pid: 7|app: 0|req: 331/663] 199.204.45.235 () {34 vars in 863 bytes} [Thu May 14 02:17:15 2026] GET /allocations/09220c6e-c817-42c0-bc16-2f61ef7daff2 => generated 257 bytes in 24 msecs (HTTP/1.1 200) 8 headers in 296 bytes (1 switches on core 0)
2026-05-14 02:17:15.543 7 INFO placement.requestlog [None req-f31fb711-e290-4793-8bef-a20463de3897 - - - - - -] 10.0.0.136 "GET /" status: 200 len: 136 microversion: 1.0
2026-05-14 02:17:15.544 7 INFO placement.requestlog [None req-358915c7-4178-4788-a6dd-176e86d8e87a - - - - - -] 10.0.0.136 "GET /" status: 200 len: 136 microversion: 1.0
2026-05-14 02:17:15.583 8 INFO placement.requestlog [req-f436c27f-160e-4d20-9b1e-f6131496aa96 req-bfe6fb71-7ba5-4937-92c2-1b23877fc809 3294f16e16a949168201d69911261539 225d4ce3dadc46118cda3b724e3fac49 - - 7d437a18c02145c1ba8e97a418156759 7d437a18c02145c1ba8e97a418156759] 10.0.0.17 "GET /allocation_candidates?limit=1000&resources=MEMORY_MB%3A512%2CVCPU%3A1&root_required=%21COMPUTE_STATUS_DISABLED" status: 200 len: 2770 microversion: 1.36 [pid: 8|app: 0|req: 333/666] 10.0.0.17 () {34 vars in 983 bytes} [Thu May 14 02:17:15 2026] GET /allocation_candidates?limit=1000&resources=MEMORY_MB%3A512%2CVCPU%3A1&root_required=%21COMPUTE_STATUS_DISABLED => generated 2770 bytes in 68 msecs (HTTP/1.1 200) 8 headers in 297 bytes (1 switches on core 0)
2026-05-14 02:17:15.629 7 INFO placement.requestlog [req-f436c27f-160e-4d20-9b1e-f6131496aa96 req-6e7da504-0805-4ac1-a4fd-fad0d7eb7b29 3294f16e16a949168201d69911261539 225d4ce3dadc46118cda3b724e3fac49 - - 7d437a18c02145c1ba8e97a418156759 7d437a18c02145c1ba8e97a418156759] 10.0.0.17 "GET /allocations/0703787b-9728-49fb-b85c-bdf7c9f18499" status: 200 len: 19 microversion: 1.28 [pid: 7|app: 0|req: 334/667] 10.0.0.17 () {34 vars in 860 bytes} [Thu May 14 02:17:15 2026] GET /allocations/0703787b-9728-49fb-b85c-bdf7c9f18499 => generated 19 bytes in 10 msecs (HTTP/1.1 200) 8 headers in 295 bytes (1 switches on core 0)
2026-05-14 02:17:15.717 8 INFO placement.requestlog [req-f436c27f-160e-4d20-9b1e-f6131496aa96 req-6af87570-ba07-433e-b61f-b27d0a34777d 3294f16e16a949168201d69911261539 225d4ce3dadc46118cda3b724e3fac49 - - 7d437a18c02145c1ba8e97a418156759 7d437a18c02145c1ba8e97a418156759] 10.0.0.17 "PUT /allocations/0703787b-9728-49fb-b85c-bdf7c9f18499" status: 204 len: 0 microversion: 1.36 [pid: 8|app: 0|req: 334/668] 10.0.0.17 () {38 vars in 913 bytes} [Thu May 14 02:17:15 2026] PUT /allocations/0703787b-9728-49fb-b85c-bdf7c9f18499 => generated 0 bytes in 81 msecs (HTTP/1.1 204) 5 headers in 199 bytes (1 switches on core 0)
2026-05-14 02:17:17.244 7 INFO placement.requestlog [req-f436c27f-160e-4d20-9b1e-f6131496aa96 req-7cac3f16-3da9-4b7e-82d6-a0eb53b0d6bf 3294f16e16a949168201d69911261539 225d4ce3dadc46118cda3b724e3fac49 - - 7d437a18c02145c1ba8e97a418156759 7d437a18c02145c1ba8e97a418156759] 199.204.45.235 "GET /allocations/0703787b-9728-49fb-b85c-bdf7c9f18499" status: 200 len: 243 microversion: 1.28 [pid: 7|app: 0|req: 335/669] 199.204.45.235 () {34 vars in 863 bytes} [Thu May 14 02:17:17 2026] GET /allocations/0703787b-9728-49fb-b85c-bdf7c9f18499 => generated 243 bytes in 33 msecs (HTTP/1.1 200) 8 headers in 296 bytes (1 switches on core 0)
2026-05-14 02:17:18.281 8 INFO placement.requestlog [req-f436c27f-160e-4d20-9b1e-f6131496aa96 req-d3480a85-e982-416c-84f2-1608e3f4cb29 3294f16e16a949168201d69911261539 225d4ce3dadc46118cda3b724e3fac49 - - 7d437a18c02145c1ba8e97a418156759 7d437a18c02145c1ba8e97a418156759] 199.204.45.235 "GET /resource_providers/87289a4d-e0e8-49a7-a46e-6c9c369b86f1/allocations" status: 200 len: 338 microversion: 1.0 [pid: 8|app: 0|req: 335/670] 199.204.45.235 () {32 vars in 857 bytes} [Thu May 14 02:17:18 2026] GET /resource_providers/87289a4d-e0e8-49a7-a46e-6c9c369b86f1/allocations => generated 338 bytes in 16 msecs (HTTP/1.1 200) 6 headers in 224 bytes (1 switches on core 0)
2026-05-14 02:17:18.303 7 INFO placement.requestlog [req-f436c27f-160e-4d20-9b1e-f6131496aa96 req-243c2d8c-f6e4-4619-a25b-eec5fb1f68f8 3294f16e16a949168201d69911261539 225d4ce3dadc46118cda3b724e3fac49 - - 7d437a18c02145c1ba8e97a418156759 7d437a18c02145c1ba8e97a418156759] 199.204.45.235 "GET /allocations/dca12e4f-e4d9-4914-a21f-872f1b1b0681" status: 200 len: 257 microversion: 1.28 [pid: 7|app: 0|req: 336/671] 199.204.45.235 () {34 vars in 863 bytes} [Thu May 14 02:17:18 2026] GET /allocations/dca12e4f-e4d9-4914-a21f-872f1b1b0681 => generated 257 bytes in 16 msecs (HTTP/1.1 200) 8 headers in 296 bytes (1 switches on core 0)
2026-05-14 02:17:18.321 8 INFO placement.requestlog [req-f436c27f-160e-4d20-9b1e-f6131496aa96 req-3057df03-1bee-487d-9c32-5a56880d5784 3294f16e16a949168201d69911261539 225d4ce3dadc46118cda3b724e3fac49 - - 7d437a18c02145c1ba8e97a418156759 7d437a18c02145c1ba8e97a418156759] 199.204.45.235 "GET /allocations/0703787b-9728-49fb-b85c-bdf7c9f18499" status: 200 len: 243 microversion: 1.28 [pid: 8|app: 0|req: 336/672] 199.204.45.235 () {34 vars in 863 bytes} [Thu May 14 02:17:18 2026] GET /allocations/0703787b-9728-49fb-b85c-bdf7c9f18499 => generated 243 bytes in 12 msecs (HTTP/1.1 200) 8 headers in 296 bytes (1 switches on core 0)
2026-05-14 02:17:18.341 7 INFO placement.requestlog [req-f436c27f-160e-4d20-9b1e-f6131496aa96 req-8d9d3f2c-4b8a-423c-a3b3-3af4cfb1e5cc 3294f16e16a949168201d69911261539 225d4ce3dadc46118cda3b724e3fac49 - - 7d437a18c02145c1ba8e97a418156759 7d437a18c02145c1ba8e97a418156759] 199.204.45.235 "GET /allocations/09220c6e-c817-42c0-bc16-2f61ef7daff2" status: 200 len: 257 microversion: 1.28 [pid: 7|app: 0|req: 337/673] 199.204.45.235 () {34 vars in 863 bytes} [Thu May 14 02:17:18 2026] GET /allocations/09220c6e-c817-42c0-bc16-2f61ef7daff2 => generated 257 bytes in 13 msecs (HTTP/1.1 200) 8 headers in 296 bytes (1 switches on core 0)
2026-05-14 02:17:25.542 7 INFO placement.requestlog [None req-f3ef8d6a-05c7-4aeb-b621-7b87f67d291a - - - - - -] 10.0.0.136 "GET /" status: 200 len: 136 microversion: 1.0
2026-05-14 02:17:25.542 8 INFO placement.requestlog [None req-1f555577-4560-4dee-ba2b-1f4945a78bcd - - - - - -] 10.0.0.136 "GET /" status: 200 len: 136 microversion: 1.0
2026-05-14 02:17:27.984 7 INFO placement.requestlog [None req-e6e27a2e-b847-4847-94ed-736ec2844484 4078eab20d764fa0ae8b5beca549e252 225d4ce3dadc46118cda3b724e3fac49 - - 7d437a18c02145c1ba8e97a418156759 7d437a18c02145c1ba8e97a418156759] 10.0.0.81 "GET /resource_providers/4e401bb6-3887-4133-8a10-548285ec7d72/aggregates" status: 404 len: 235 microversion: 1.1 [pid: 7|app: 0|req: 339/676] 10.0.0.81 () {32 vars in 815 bytes} [Thu May 14 02:17:27 2026] GET /resource_providers/4e401bb6-3887-4133-8a10-548285ec7d72/aggregates => generated 235 bytes in 201 msecs (HTTP/1.1 404) 5 headers in 202 bytes (1 switches on core 0)
2026-05-14 02:17:28.008 7 INFO placement.requestlog [None req-0eaf6519-096c-4f26-92d8-d6f760cdd5c7 4078eab20d764fa0ae8b5beca549e252 225d4ce3dadc46118cda3b724e3fac49 - - 7d437a18c02145c1ba8e97a418156759 7d437a18c02145c1ba8e97a418156759] 10.0.0.81 "DELETE /resource_providers/4e401bb6-3887-4133-8a10-548285ec7d72" status: 404 len: 246 microversion: 1.1 [pid: 7|app: 0|req: 340/677] 10.0.0.81 () {34 vars in 815 bytes} [Thu May 14 02:17:27 2026] DELETE /resource_providers/4e401bb6-3887-4133-8a10-548285ec7d72 => generated 246 bytes in 12 msecs (HTTP/1.1 404) 6 headers in 231 bytes (1 switches on core 0)
2026-05-14 02:17:28.018 8 INFO placement.requestlog [None req-899318eb-607c-43ff-8e89-2c602490c1b8 4078eab20d764fa0ae8b5beca549e252 225d4ce3dadc46118cda3b724e3fac49 - - 7d437a18c02145c1ba8e97a418156759 7d437a18c02145c1ba8e97a418156759] 10.0.0.81 "GET /resource_providers/4e401bb6-3887-4133-8a10-548285ec7d72/aggregates" status: 404 len: 235 microversion: 1.1 [pid: 8|app: 0|req: 338/678] 10.0.0.81 () {32 vars in 815 bytes} [Thu May 14 02:17:27 2026] GET /resource_providers/4e401bb6-3887-4133-8a10-548285ec7d72/aggregates => generated 235 bytes in 145 msecs (HTTP/1.1 404) 5 headers in 202 bytes (1 switches on core 0)
2026-05-14 02:17:28.046 7 INFO placement.requestlog [None req-33e146fe-083f-4784-a5a7-ee689d491435 4078eab20d764fa0ae8b5beca549e252 225d4ce3dadc46118cda3b724e3fac49 - - 7d437a18c02145c1ba8e97a418156759 7d437a18c02145c1ba8e97a418156759] 10.0.0.81 "DELETE /resource_providers/4e401bb6-3887-4133-8a10-548285ec7d72" status: 404 len: 246 microversion: 1.1 [pid: 7|app: 0|req: 341/679] 10.0.0.81 () {34 vars in 815 bytes} [Thu May 14 02:17:28 2026] DELETE /resource_providers/4e401bb6-3887-4133-8a10-548285ec7d72 => generated 246 bytes in 9 msecs (HTTP/1.1 404) 6 headers in 231 bytes (1 switches on core 0)
2026-05-14 02:17:35.188 8 INFO placement.requestlog [req-c338850d-2904-44be-bfcf-2e42cc350765 req-ecc42f55-fe9b-46ce-88fb-a95c1e0f7db1 3294f16e16a949168201d69911261539 225d4ce3dadc46118cda3b724e3fac49 - - 7d437a18c02145c1ba8e97a418156759 7d437a18c02145c1ba8e97a418156759] 199.204.45.235 "GET /resource_providers/87289a4d-e0e8-49a7-a46e-6c9c369b86f1/allocations" status: 200 len: 338 microversion: 1.0 [pid: 8|app: 0|req: 339/680] 199.204.45.235 () {32 vars in 857 bytes} [Thu May 14 02:17:35 2026] GET /resource_providers/87289a4d-e0e8-49a7-a46e-6c9c369b86f1/allocations => generated 338 bytes in 23 msecs (HTTP/1.1 200) 6 headers in 224 bytes (1 switches on core 0)
2026-05-14 02:17:35.205 7 INFO placement.requestlog [req-c338850d-2904-44be-bfcf-2e42cc350765 req-1f288eda-a7f0-4b28-845c-d9b4ffb2af20 3294f16e16a949168201d69911261539 225d4ce3dadc46118cda3b724e3fac49 - - 7d437a18c02145c1ba8e97a418156759 7d437a18c02145c1ba8e97a418156759] 199.204.45.235 "GET /allocations/dca12e4f-e4d9-4914-a21f-872f1b1b0681" status: 200 len: 257 microversion: 1.28 [pid: 7|app: 0|req: 342/681] 199.204.45.235 () {34 vars in 863 bytes} [Thu May 14 02:17:35 2026] GET /allocations/dca12e4f-e4d9-4914-a21f-872f1b1b0681 => generated 257 bytes in 11 msecs (HTTP/1.1 200) 8 headers in 296 bytes (1 switches on core 0)
2026-05-14 02:17:35.222 8 INFO placement.requestlog [req-c338850d-2904-44be-bfcf-2e42cc350765 req-7696eea9-3e66-4ef0-b5df-09fd6c4baa84 3294f16e16a949168201d69911261539 225d4ce3dadc46118cda3b724e3fac49 - - 7d437a18c02145c1ba8e97a418156759 7d437a18c02145c1ba8e97a418156759] 199.204.45.235 "GET /allocations/0703787b-9728-49fb-b85c-bdf7c9f18499" status: 200 len: 243 microversion: 1.28 [pid: 8|app: 0|req: 340/682] 199.204.45.235 () {34 vars in 863 bytes} [Thu May 14 02:17:35 2026] GET /allocations/0703787b-9728-49fb-b85c-bdf7c9f18499 => generated 243 bytes in 13 msecs (HTTP/1.1 200) 8 headers in 296 bytes (1 switches on core 0)
2026-05-14 02:17:35.242 7 INFO placement.requestlog [req-c338850d-2904-44be-bfcf-2e42cc350765 req-335174c3-35f5-46da-8214-8a0084cccdde 3294f16e16a949168201d69911261539 225d4ce3dadc46118cda3b724e3fac49 - - 7d437a18c02145c1ba8e97a418156759 7d437a18c02145c1ba8e97a418156759] 199.204.45.235 "GET /allocations/09220c6e-c817-42c0-bc16-2f61ef7daff2" status: 200 len: 257 microversion: 1.28 [pid: 7|app: 0|req: 343/683] 199.204.45.235 () {34 vars in 863 bytes} [Thu May 14 02:17:35 2026] GET /allocations/09220c6e-c817-42c0-bc16-2f61ef7daff2 => generated 257 bytes in 13 msecs (HTTP/1.1 200) 8 headers in 296 bytes (1 switches on core 0)
2026-05-14 02:17:35.542 7 INFO placement.requestlog [None req-ff6b3402-f47f-4c3d-9437-c68d44d905e1 - - - - - -] 10.0.0.136 "GET /" status: 200 len: 136 microversion: 1.0
2026-05-14 02:17:35.542 8 INFO placement.requestlog [None req-986faff7-9866-4b3d-be9f-30e7e5b1dea3 - - - - - -] 10.0.0.136 "GET /" status: 200 len: 136 microversion: 1.0
2026-05-14 02:17:36.290 7 INFO placement.requestlog [req-c338850d-2904-44be-bfcf-2e42cc350765 req-77927ecd-231c-4772-a3cd-c6c61c988f1b 3294f16e16a949168201d69911261539 225d4ce3dadc46118cda3b724e3fac49 - - 7d437a18c02145c1ba8e97a418156759 7d437a18c02145c1ba8e97a418156759] 199.204.45.235 "DELETE /allocations/09220c6e-c817-42c0-bc16-2f61ef7daff2" status: 204 len: 0 microversion: 1.0 [pid: 7|app: 0|req: 345/686] 199.204.45.235 () {34 vars in 841 bytes} [Thu May 14 02:17:36 2026] DELETE /allocations/09220c6e-c817-42c0-bc16-2f61ef7daff2 => generated 0 bytes in 22 msecs (HTTP/1.1 204) 5 headers in 198 bytes (1 switches on core 0)
2026-05-14 02:17:37.717 8 INFO placement.requestlog [req-661475e1-3d41-4b67-87cc-9daee077eae3 req-9285d96b-dae7-4f27-b1d4-c854c6457824 3294f16e16a949168201d69911261539 225d4ce3dadc46118cda3b724e3fac49 - - 7d437a18c02145c1ba8e97a418156759 7d437a18c02145c1ba8e97a418156759] 199.204.45.235 "GET /resource_providers/87289a4d-e0e8-49a7-a46e-6c9c369b86f1/allocations" status: 200 len: 238 microversion: 1.0 [pid: 8|app: 0|req: 342/687] 199.204.45.235 () {32 vars in 857 bytes} [Thu May 14 02:17:37 2026] GET /resource_providers/87289a4d-e0e8-49a7-a46e-6c9c369b86f1/allocations => generated 238 bytes in 31 msecs (HTTP/1.1 200) 6 headers in 224 bytes (1 switches on core 0)
2026-05-14 02:17:37.740 7 INFO placement.requestlog [req-661475e1-3d41-4b67-87cc-9daee077eae3 req-fe97bad4-cb62-44fd-98c9-7ad838916d6d 3294f16e16a949168201d69911261539 225d4ce3dadc46118cda3b724e3fac49 - - 7d437a18c02145c1ba8e97a418156759 7d437a18c02145c1ba8e97a418156759] 199.204.45.235 "GET /allocations/dca12e4f-e4d9-4914-a21f-872f1b1b0681" status: 200 len: 257 microversion: 1.28 [pid: 7|app: 0|req: 346/688] 199.204.45.235 () {34 vars in 863 bytes} [Thu May 14 02:17:37 2026] GET /allocations/dca12e4f-e4d9-4914-a21f-872f1b1b0681 => generated 257 bytes in 19 msecs (HTTP/1.1 200) 8 headers in 296 bytes (1 switches on core 0)
2026-05-14 02:17:37.757 8 INFO placement.requestlog [req-661475e1-3d41-4b67-87cc-9daee077eae3 req-72a8a18f-e5e4-44b2-9470-58c0c2812770 3294f16e16a949168201d69911261539 225d4ce3dadc46118cda3b724e3fac49 - - 7d437a18c02145c1ba8e97a418156759 7d437a18c02145c1ba8e97a418156759] 199.204.45.235 "GET /allocations/0703787b-9728-49fb-b85c-bdf7c9f18499" status: 200 len: 243 microversion: 1.28 [pid: 8|app: 0|req: 343/689] 199.204.45.235 () {34 vars in 863 bytes} [Thu May 14 02:17:37 2026] GET /allocations/0703787b-9728-49fb-b85c-bdf7c9f18499 => generated 243 bytes in 11 msecs (HTTP/1.1 200) 8 headers in 296 bytes (1 switches on core 0)
2026-05-14 02:17:38.807 7 INFO placement.requestlog [req-661475e1-3d41-4b67-87cc-9daee077eae3 req-7acf1845-908c-49e5-8410-5f4a877972d0 3294f16e16a949168201d69911261539 225d4ce3dadc46118cda3b724e3fac49 - - 7d437a18c02145c1ba8e97a418156759 7d437a18c02145c1ba8e97a418156759] 199.204.45.235 "DELETE /allocations/0703787b-9728-49fb-b85c-bdf7c9f18499" status: 204 len: 0 microversion: 1.0 [pid: 7|app: 0|req: 347/690] 199.204.45.235 () {34 vars in 841 bytes} [Thu May 14 02:17:38 2026] DELETE /allocations/0703787b-9728-49fb-b85c-bdf7c9f18499 => generated 0 bytes in 25 msecs (HTTP/1.1 204) 5 headers in 198 bytes (1 switches on core 0)
2026-05-14 02:17:40.779 8 INFO placement.requestlog [None req-007bb20a-e304-4131-bee8-e855586b15b0 4078eab20d764fa0ae8b5beca549e252 225d4ce3dadc46118cda3b724e3fac49 - - 7d437a18c02145c1ba8e97a418156759 7d437a18c02145c1ba8e97a418156759] 10.0.0.81 "GET /resource_providers/8c3bf375-2982-4fa6-8516-50d16b58ff12/aggregates" status: 404 len: 235 microversion: 1.1 [pid: 8|app: 0|req: 344/691] 10.0.0.81 () {32 vars in 815 bytes} [Thu May 14 02:17:40 2026] GET /resource_providers/8c3bf375-2982-4fa6-8516-50d16b58ff12/aggregates => generated 235 bytes in 10 msecs (HTTP/1.1 404) 5 headers in 202 bytes (1 switches on core 0)
2026-05-14 02:17:40.782 7 INFO placement.requestlog [None req-44ffe053-04ac-44a2-85f9-dd685a864910 4078eab20d764fa0ae8b5beca549e252 225d4ce3dadc46118cda3b724e3fac49 - - 7d437a18c02145c1ba8e97a418156759 7d437a18c02145c1ba8e97a418156759] 10.0.0.81 "GET /resource_providers/8c3bf375-2982-4fa6-8516-50d16b58ff12/aggregates" status: 404 len: 235 microversion: 1.1 [pid: 7|app: 0|req: 348/692] 10.0.0.81 () {32 vars in 815 bytes} [Thu May 14 02:17:40 2026] GET /resource_providers/8c3bf375-2982-4fa6-8516-50d16b58ff12/aggregates => generated 235 bytes in 9 msecs (HTTP/1.1 404) 5 headers in 202 bytes (1 switches on core 0)
2026-05-14 02:17:40.802 8 INFO placement.requestlog [None req-09cbed0c-bb99-4f37-90f4-fd8d8609b0ca 4078eab20d764fa0ae8b5beca549e252 225d4ce3dadc46118cda3b724e3fac49 - - 7d437a18c02145c1ba8e97a418156759 7d437a18c02145c1ba8e97a418156759] 10.0.0.81 "DELETE /resource_providers/8c3bf375-2982-4fa6-8516-50d16b58ff12" status: 404 len: 246 microversion: 1.1 [pid: 8|app: 0|req: 345/693] 10.0.0.81 () {34 vars in 815 bytes} [Thu May 14 02:17:40 2026] DELETE /resource_providers/8c3bf375-2982-4fa6-8516-50d16b58ff12 => generated 246 bytes in 12 msecs (HTTP/1.1 404) 6 headers in 231 bytes (1 switches on core 0)
2026-05-14 02:17:40.808 7 INFO placement.requestlog [None req-280b5a70-ec3e-4511-bb97-a146f9c0954d 4078eab20d764fa0ae8b5beca549e252 225d4ce3dadc46118cda3b724e3fac49 - - 7d437a18c02145c1ba8e97a418156759 7d437a18c02145c1ba8e97a418156759] 10.0.0.81 "DELETE /resource_providers/8c3bf375-2982-4fa6-8516-50d16b58ff12" status: 404 len: 246 microversion: 1.1 [pid: 7|app: 0|req: 349/694] 10.0.0.81 () {34 vars in 815 bytes} [Thu May 14 02:17:40 2026] DELETE /resource_providers/8c3bf375-2982-4fa6-8516-50d16b58ff12 => generated 246 bytes in 10 msecs (HTTP/1.1 404) 6 headers in 231 bytes (1 switches on core 0)
2026-05-14 02:17:43.315 8 INFO placement.requestlog [None req-0909823a-b5d1-4b5c-80d5-2fce4e514443 4078eab20d764fa0ae8b5beca549e252 225d4ce3dadc46118cda3b724e3fac49 - - 7d437a18c02145c1ba8e97a418156759 7d437a18c02145c1ba8e97a418156759] 10.0.0.81 "GET /resource_providers/c21b940d-f5eb-4060-86cb-91ed4d28aa5e/aggregates" status: 404 len: 235 microversion: 1.1 [pid: 8|app: 0|req: 346/695] 10.0.0.81 () {32 vars in 815 bytes} [Thu May 14 02:17:43 2026] GET /resource_providers/c21b940d-f5eb-4060-86cb-91ed4d28aa5e/aggregates => generated 235 bytes in 15 msecs (HTTP/1.1 404) 5 headers in 202 bytes (1 switches on core 0)
2026-05-14 02:17:43.331 7 INFO placement.requestlog [None req-4aabd493-997b-49f9-8007-2529a174ddc1 4078eab20d764fa0ae8b5beca549e252 225d4ce3dadc46118cda3b724e3fac49 - - 7d437a18c02145c1ba8e97a418156759 7d437a18c02145c1ba8e97a418156759] 10.0.0.81 "GET /resource_providers/c21b940d-f5eb-4060-86cb-91ed4d28aa5e/aggregates" status: 404 len: 235 microversion: 1.1 [pid: 7|app: 0|req: 350/696] 10.0.0.81 () {32 vars in 815 bytes} [Thu May 14 02:17:43 2026] GET /resource_providers/c21b940d-f5eb-4060-86cb-91ed4d28aa5e/aggregates => generated 235 bytes in 13 msecs (HTTP/1.1 404) 5 headers in 202 bytes (1 switches on core 0)
2026-05-14 02:17:43.334 8 INFO placement.requestlog [None req-5c006c5c-4267-4c14-adf5-5a052fabd13f 4078eab20d764fa0ae8b5beca549e252 225d4ce3dadc46118cda3b724e3fac49 - - 7d437a18c02145c1ba8e97a418156759 7d437a18c02145c1ba8e97a418156759] 10.0.0.81 "DELETE /resource_providers/c21b940d-f5eb-4060-86cb-91ed4d28aa5e" status: 404 len: 246 microversion: 1.1 [pid: 8|app: 0|req: 347/697] 10.0.0.81 () {34 vars in 815 bytes} [Thu May 14 02:17:43 2026] DELETE /resource_providers/c21b940d-f5eb-4060-86cb-91ed4d28aa5e => generated 246 bytes in 8 msecs (HTTP/1.1 404) 6 headers in 231 bytes (1 switches on core 0)
2026-05-14 02:17:43.356 7 INFO placement.requestlog [None req-589a5c83-782a-4db9-9c01-acb8422ec43f 4078eab20d764fa0ae8b5beca549e252 225d4ce3dadc46118cda3b724e3fac49 - - 7d437a18c02145c1ba8e97a418156759 7d437a18c02145c1ba8e97a418156759] 10.0.0.81 "DELETE /resource_providers/c21b940d-f5eb-4060-86cb-91ed4d28aa5e" status: 404 len: 246 microversion: 1.1 [pid: 7|app: 0|req: 351/698] 10.0.0.81 () {34 vars in 815 bytes} [Thu May 14 02:17:43 2026] DELETE /resource_providers/c21b940d-f5eb-4060-86cb-91ed4d28aa5e => generated 246 bytes in 13 msecs (HTTP/1.1 404) 6 headers in 231 bytes (1 switches on core 0)
2026-05-14 02:17:45.542 8 INFO placement.requestlog [None req-37bc03e7-e306-44fe-882b-77fc1dde5ac9 - - - - - -] 10.0.0.136 "GET /" status: 200 len: 136 microversion: 1.0
2026-05-14 02:17:45.543 7 INFO placement.requestlog [None req-f5c8f579-f83c-4540-8790-42fcce9a3080 - - - - - -] 10.0.0.136 "GET /" status: 200 len: 136 microversion: 1.0
