Apr 28 20:15:18.374544 np0000171167 systemd[1]: Starting devstack@n-api-meta.service - Devstack devstack@n-api-meta.service...
Apr 28 20:15:18.382873 np0000171167 devstack@n-api-meta.service[109756]: [uWSGI] getting INI configuration from /etc/nova/nova-metadata-uwsgi.ini
Apr 28 20:15:18.382873 np0000171167 devstack@n-api-meta.service[109756]: open("./http_plugin.so"): No such file or directory [core/utils.c line 3709]
Apr 28 20:15:18.382873 np0000171167 devstack@n-api-meta.service[109756]: !!! UNABLE to load uWSGI plugin: ./http_plugin.so: cannot open shared object file: No such file or directory !!!
Apr 28 20:15:18.382873 np0000171167 devstack@n-api-meta.service[109756]: open("./python3_plugin.so"): No such file or directory [core/utils.c line 3709]
Apr 28 20:15:18.382873 np0000171167 devstack@n-api-meta.service[109756]: !!! UNABLE to load uWSGI plugin: ./python3_plugin.so: cannot open shared object file: No such file or directory !!!
Apr 28 20:15:18.384247 np0000171167 devstack@n-api-meta.service[109756]: *** Starting uWSGI 2.0.31 (64bit) on [Tue Apr 28 20:15:18 2026] ***
Apr 28 20:15:18.384247 np0000171167 devstack@n-api-meta.service[109756]: compiled with version: 13.3.0 on 28 April 2026 20:03:57
Apr 28 20:15:18.384247 np0000171167 devstack@n-api-meta.service[109756]: os: Linux-6.8.0-110-generic #110-Ubuntu SMP PREEMPT_DYNAMIC Thu Mar 19 15:09:20 UTC 2026
Apr 28 20:15:18.384247 np0000171167 devstack@n-api-meta.service[109756]: nodename: np0000171167
Apr 28 20:15:18.384247 np0000171167 devstack@n-api-meta.service[109756]: machine: x86_64
Apr 28 20:15:18.384247 np0000171167 devstack@n-api-meta.service[109756]: clock source: unix
Apr 28 20:15:18.384247 np0000171167 devstack@n-api-meta.service[109756]: pcre jit disabled
Apr 28 20:15:18.384247 np0000171167 devstack@n-api-meta.service[109756]: detected number of CPU cores: 16
Apr 28 20:15:18.384247 np0000171167 devstack@n-api-meta.service[109756]: current working directory: /
Apr 28 20:15:18.384247 np0000171167 devstack@n-api-meta.service[109756]: detected binary path: /opt/stack/data/venv/bin/uwsgi
Apr 28 20:15:18.384247 np0000171167 devstack@n-api-meta.service[109756]: your processes number limit is 256917
Apr 28 20:15:18.384247 np0000171167 devstack@n-api-meta.service[109756]: your memory page size is 4096 bytes
Apr 28 20:15:18.384247 np0000171167 devstack@n-api-meta.service[109756]: detected max file descriptor number: 2048
Apr 28 20:15:18.384247 np0000171167 devstack@n-api-meta.service[109756]: lock engine: pthread robust mutexes
Apr 28 20:15:18.384247 np0000171167 devstack@n-api-meta.service[109756]: thunder lock: enabled
Apr 28 20:15:18.384247 np0000171167 devstack@n-api-meta.service[109756]: uWSGI http bound on 0.0.0.0:8775 fd 5
Apr 28 20:15:18.384247 np0000171167 devstack@n-api-meta.service[109756]: uwsgi socket 0 bound to TCP address 127.0.0.1:37139 (port auto-assigned) fd 4
Apr 28 20:15:18.384247 np0000171167 devstack@n-api-meta.service[109756]: Python version: 3.12.3 (main, Mar 23 2026, 19:04:32) [GCC 13.3.0]
Apr 28 20:15:18.384247 np0000171167 devstack@n-api-meta.service[109756]: PEP 405 virtualenv detected: /opt/stack/data/venv
Apr 28 20:15:18.384247 np0000171167 devstack@n-api-meta.service[109756]: Set PythonHome to /opt/stack/data/venv
Apr 28 20:15:18.429191 np0000171167 devstack@n-api-meta.service[109756]: Python main interpreter initialized at 0x75ee430a3668
Apr 28 20:15:18.429191 np0000171167 devstack@n-api-meta.service[109756]: python threads support enabled
Apr 28 20:15:18.429191 np0000171167 devstack@n-api-meta.service[109756]: your server socket listen backlog is limited to 100 connections
Apr 28 20:15:18.429191 np0000171167 devstack@n-api-meta.service[109756]: your mercy for graceful operations on workers is 80 seconds
Apr 28 20:15:18.429827 np0000171167 devstack@n-api-meta.service[109756]: mapped 671795 bytes (656 KB) for 4 cores
Apr 28 20:15:18.429962 np0000171167 devstack@n-api-meta.service[109756]: *** Operational MODE: preforking ***
Apr 28 20:15:18.430264 np0000171167 devstack@n-api-meta.service[109756]: *** uWSGI is running in multiple interpreter mode ***
Apr 28 20:15:18.430264 np0000171167 devstack@n-api-meta.service[109756]: spawned uWSGI master process (pid: 109756)
Apr 28 20:15:18.430461 np0000171167 systemd[1]: Started devstack@n-api-meta.service - Devstack devstack@n-api-meta.service.
Apr 28 20:15:18.431053 np0000171167 devstack@n-api-meta.service[109756]: spawned uWSGI worker 1 (pid: 109757, cores: 1)
Apr 28 20:15:18.431707 np0000171167 devstack@n-api-meta.service[109756]: spawned uWSGI worker 2 (pid: 109758, cores: 1)
Apr 28 20:15:18.432184 np0000171167 devstack@n-api-meta.service[109756]: spawned uWSGI worker 3 (pid: 109759, cores: 1)
Apr 28 20:15:18.432628 np0000171167 devstack@n-api-meta.service[109756]: spawned uWSGI worker 4 (pid: 109760, cores: 1)
Apr 28 20:15:18.433173 np0000171167 devstack@n-api-meta.service[109756]: spawned uWSGI http 1 (pid: 109761)
Apr 28 20:15:18.433173 np0000171167 devstack@n-api-meta.service[109756]: running "unix_signal:15 gracefully_kill_them_all" (master-start)...
Apr 28 20:15:18.774766 np0000171167 devstack@n-api-meta.service[109759]: /opt/stack/data/venv/lib/python3.12/site-packages/oslo_concurrency/lockutils.py:41: EventletDeprecationWarning:
Apr 28 20:15:18.774766 np0000171167 devstack@n-api-meta.service[109759]: Eventlet is deprecated. It is currently being maintained in bugfix mode, and
Apr 28 20:15:18.774766 np0000171167 devstack@n-api-meta.service[109759]: we strongly recommend against using it for new projects.
Apr 28 20:15:18.774766 np0000171167 devstack@n-api-meta.service[109759]: If you are already using Eventlet, we recommend migrating to a different
Apr 28 20:15:18.774766 np0000171167 devstack@n-api-meta.service[109759]: framework. For more detail see
Apr 28 20:15:18.774766 np0000171167 devstack@n-api-meta.service[109759]: https://eventlet.readthedocs.io/en/latest/asyncio/migration.html
Apr 28 20:15:18.774766 np0000171167 devstack@n-api-meta.service[109759]: import eventlet
Apr 28 20:15:18.776658 np0000171167 devstack@n-api-meta.service[109757]: /opt/stack/data/venv/lib/python3.12/site-packages/oslo_concurrency/lockutils.py:41: EventletDeprecationWarning:
Apr 28 20:15:18.776658 np0000171167 devstack@n-api-meta.service[109757]: Eventlet is deprecated. It is currently being maintained in bugfix mode, and
Apr 28 20:15:18.776658 np0000171167 devstack@n-api-meta.service[109757]: we strongly recommend against using it for new projects.
Apr 28 20:15:18.776658 np0000171167 devstack@n-api-meta.service[109757]: If you are already using Eventlet, we recommend migrating to a different
Apr 28 20:15:18.776658 np0000171167 devstack@n-api-meta.service[109757]: framework. For more detail see
Apr 28 20:15:18.776658 np0000171167 devstack@n-api-meta.service[109757]: https://eventlet.readthedocs.io/en/latest/asyncio/migration.html
Apr 28 20:15:18.776658 np0000171167 devstack@n-api-meta.service[109757]: import eventlet
Apr 28 20:15:18.782345 np0000171167 devstack@n-api-meta.service[109760]: /opt/stack/data/venv/lib/python3.12/site-packages/oslo_concurrency/lockutils.py:41: EventletDeprecationWarning:
Apr 28 20:15:18.782345 np0000171167 devstack@n-api-meta.service[109760]: Eventlet is deprecated. It is currently being maintained in bugfix mode, and
Apr 28 20:15:18.782345 np0000171167 devstack@n-api-meta.service[109760]: we strongly recommend against using it for new projects.
Apr 28 20:15:18.782345 np0000171167 devstack@n-api-meta.service[109760]: If you are already using Eventlet, we recommend migrating to a different
Apr 28 20:15:18.782345 np0000171167 devstack@n-api-meta.service[109760]: framework. For more detail see
Apr 28 20:15:18.782345 np0000171167 devstack@n-api-meta.service[109760]: https://eventlet.readthedocs.io/en/latest/asyncio/migration.html
Apr 28 20:15:18.782345 np0000171167 devstack@n-api-meta.service[109760]: import eventlet
Apr 28 20:15:18.785170 np0000171167 devstack@n-api-meta.service[109758]: /opt/stack/data/venv/lib/python3.12/site-packages/oslo_concurrency/lockutils.py:41: EventletDeprecationWarning:
Apr 28 20:15:18.785170 np0000171167 devstack@n-api-meta.service[109758]: Eventlet is deprecated. It is currently being maintained in bugfix mode, and
Apr 28 20:15:18.785170 np0000171167 devstack@n-api-meta.service[109758]: we strongly recommend against using it for new projects.
Apr 28 20:15:18.785170 np0000171167 devstack@n-api-meta.service[109758]: If you are already using Eventlet, we recommend migrating to a different
Apr 28 20:15:18.785170 np0000171167 devstack@n-api-meta.service[109758]: framework. For more detail see
Apr 28 20:15:18.785170 np0000171167 devstack@n-api-meta.service[109758]: https://eventlet.readthedocs.io/en/latest/asyncio/migration.html
Apr 28 20:15:18.785170 np0000171167 devstack@n-api-meta.service[109758]: import eventlet
Apr 28 20:15:18.824281 np0000171167 devstack@n-api-meta.service[109759]: Service is starting with native threading. This is currently experimental. Do not use it in production without first testing it in pre-production.
Apr 28 20:15:18.831754 np0000171167 devstack@n-api-meta.service[109757]: Service is starting with native threading. This is currently experimental. Do not use it in production without first testing it in pre-production.
Apr 28 20:15:18.832347 np0000171167 devstack@n-api-meta.service[109760]: Service is starting with native threading. This is currently experimental. Do not use it in production without first testing it in pre-production.
Apr 28 20:15:18.834001 np0000171167 devstack@n-api-meta.service[109758]: Service is starting with native threading. This is currently experimental. Do not use it in production without first testing it in pre-production.
Apr 28 20:15:20.340364 np0000171167 devstack@n-api-meta.service[109759]: INFO dbcounter [None req-5ac7d8e9-e761-4228-a9d8-7c9007f78172 None None] Registered counter for database nova_api
Apr 28 20:15:20.357013 np0000171167 devstack@n-api-meta.service[109759]: DEBUG oslo_db.sqlalchemy.engines [None req-5ac7d8e9-e761-4228-a9d8-7c9007f78172 None None] MySQL server mode set to STRICT_TRANS_TABLES,STRICT_ALL_TABLES,NO_ZERO_IN_DATE,NO_ZERO_DATE,ERROR_FOR_DIVISION_BY_ZERO,TRADITIONAL,NO_ENGINE_SUBSTITUTION {{(pid=109759) _check_effective_sql_mode /opt/stack/data/venv/lib/python3.12/site-packages/oslo_db/sqlalchemy/engines.py:325}}
Apr 28 20:15:20.375073 np0000171167 devstack@n-api-meta.service[109758]: INFO dbcounter [None req-8366b2cc-5cc8-45d8-b3f2-a4e617ceb986 None None] Registered counter for database nova_api
Apr 28 20:15:20.390743 np0000171167 devstack@n-api-meta.service[109759]: DEBUG dbcounter [-] [109759] Writer thread running {{(pid=109759) stat_writer /opt/stack/data/venv/lib/python3.12/site-packages/dbcounter.py:102}}
Apr 28 20:15:20.393453 np0000171167 devstack@n-api-meta.service[109759]: DEBUG nova.context [None req-5ac7d8e9-e761-4228-a9d8-7c9007f78172 None None] Found 2 cells: 00000000-0000-0000-0000-000000000000(cell0),13a6abcf-d802-4e64-88f0-2b3e07c46201(cell1) {{(pid=109759) load_cells /opt/stack/nova/nova/context.py:509}}
Apr 28 20:15:20.393671 np0000171167 devstack@n-api-meta.service[109759]: INFO nova.utils [None req-5ac7d8e9-e761-4228-a9d8-7c9007f78172 None None] The cell worker thread pool MainProcess.cell_worker is initialized
Apr 28 20:15:20.395543 np0000171167 devstack@n-api-meta.service[109759]: DEBUG oslo_concurrency.lockutils [None req-5ac7d8e9-e761-4228-a9d8-7c9007f78172 None None] Acquiring lock "00000000-0000-0000-0000-000000000000" by "nova.context.set_target_cell..get_or_set_cached_cell_and_set_connections" {{(pid=109759) inner /opt/stack/data/venv/lib/python3.12/site-packages/oslo_concurrency/lockutils.py:506}}
Apr 28 20:15:20.395652 np0000171167 devstack@n-api-meta.service[109759]: DEBUG oslo_concurrency.lockutils [None req-5ac7d8e9-e761-4228-a9d8-7c9007f78172 None None] Lock "00000000-0000-0000-0000-000000000000" acquired by "nova.context.set_target_cell..get_or_set_cached_cell_and_set_connections" :: waited 0.000s {{(pid=109759) inner /opt/stack/data/venv/lib/python3.12/site-packages/oslo_concurrency/lockutils.py:519}}
Apr 28 20:15:20.396049 np0000171167 devstack@n-api-meta.service[109759]: DEBUG oslo_concurrency.lockutils [None req-5ac7d8e9-e761-4228-a9d8-7c9007f78172 None None] Lock "00000000-0000-0000-0000-000000000000" "released" by "nova.context.set_target_cell..get_or_set_cached_cell_and_set_connections" :: held 0.000s {{(pid=109759) inner /opt/stack/data/venv/lib/python3.12/site-packages/oslo_concurrency/lockutils.py:538}}
Apr 28 20:15:20.396313 np0000171167 devstack@n-api-meta.service[109758]: DEBUG oslo_db.sqlalchemy.engines [None req-8366b2cc-5cc8-45d8-b3f2-a4e617ceb986 None None] MySQL server mode set to STRICT_TRANS_TABLES,STRICT_ALL_TABLES,NO_ZERO_IN_DATE,NO_ZERO_DATE,ERROR_FOR_DIVISION_BY_ZERO,TRADITIONAL,NO_ENGINE_SUBSTITUTION {{(pid=109758) _check_effective_sql_mode /opt/stack/data/venv/lib/python3.12/site-packages/oslo_db/sqlalchemy/engines.py:325}}
Apr 28 20:15:20.397128 np0000171167 devstack@n-api-meta.service[109759]: DEBUG oslo_concurrency.lockutils [None req-5ac7d8e9-e761-4228-a9d8-7c9007f78172 None None] Acquiring lock "13a6abcf-d802-4e64-88f0-2b3e07c46201" by "nova.context.set_target_cell..get_or_set_cached_cell_and_set_connections" {{(pid=109759) inner /opt/stack/data/venv/lib/python3.12/site-packages/oslo_concurrency/lockutils.py:506}}
Apr 28 20:15:20.397395 np0000171167 devstack@n-api-meta.service[109759]: DEBUG oslo_concurrency.lockutils [None req-5ac7d8e9-e761-4228-a9d8-7c9007f78172 None None] Lock "13a6abcf-d802-4e64-88f0-2b3e07c46201" acquired by "nova.context.set_target_cell..get_or_set_cached_cell_and_set_connections" :: waited 0.000s {{(pid=109759) inner /opt/stack/data/venv/lib/python3.12/site-packages/oslo_concurrency/lockutils.py:519}}
Apr 28 20:15:20.398109 np0000171167 devstack@n-api-meta.service[109759]: DEBUG oslo_concurrency.lockutils [None req-5ac7d8e9-e761-4228-a9d8-7c9007f78172 None None] Lock "13a6abcf-d802-4e64-88f0-2b3e07c46201" "released" by "nova.context.set_target_cell..get_or_set_cached_cell_and_set_connections" :: held 0.001s {{(pid=109759) inner /opt/stack/data/venv/lib/python3.12/site-packages/oslo_concurrency/lockutils.py:538}}
Apr 28 20:15:20.402115 np0000171167 devstack@n-api-meta.service[109759]: INFO dbcounter [None req-5ac7d8e9-e761-4228-a9d8-7c9007f78172 None None] Registered counter for database nova_cell0
Apr 28 20:15:20.407661 np0000171167 devstack@n-api-meta.service[109759]: INFO dbcounter [None req-5ac7d8e9-e761-4228-a9d8-7c9007f78172 None None] Registered counter for database nova_cell1
Apr 28 20:15:20.417181 np0000171167 devstack@n-api-meta.service[109759]: DEBUG oslo_db.sqlalchemy.engines [None req-5ac7d8e9-e761-4228-a9d8-7c9007f78172 None None] MySQL server mode set to STRICT_TRANS_TABLES,STRICT_ALL_TABLES,NO_ZERO_IN_DATE,NO_ZERO_DATE,ERROR_FOR_DIVISION_BY_ZERO,TRADITIONAL,NO_ENGINE_SUBSTITUTION {{(pid=109759) _check_effective_sql_mode /opt/stack/data/venv/lib/python3.12/site-packages/oslo_db/sqlalchemy/engines.py:325}}
Apr 28 20:15:20.432841 np0000171167 devstack@n-api-meta.service[109759]: DEBUG oslo_db.sqlalchemy.engines [None req-5ac7d8e9-e761-4228-a9d8-7c9007f78172 None None] MySQL server mode set to STRICT_TRANS_TABLES,STRICT_ALL_TABLES,NO_ZERO_IN_DATE,NO_ZERO_DATE,ERROR_FOR_DIVISION_BY_ZERO,TRADITIONAL,NO_ENGINE_SUBSTITUTION {{(pid=109759) _check_effective_sql_mode /opt/stack/data/venv/lib/python3.12/site-packages/oslo_db/sqlalchemy/engines.py:325}}
Apr 28 20:15:20.433461 np0000171167 devstack@n-api-meta.service[109758]: DEBUG dbcounter [-] [109758] Writer thread running {{(pid=109758) stat_writer /opt/stack/data/venv/lib/python3.12/site-packages/dbcounter.py:102}}
Apr 28 20:15:20.436007 np0000171167 devstack@n-api-meta.service[109758]: DEBUG nova.context [None req-8366b2cc-5cc8-45d8-b3f2-a4e617ceb986 None None] Found 2 cells: 00000000-0000-0000-0000-000000000000(cell0),13a6abcf-d802-4e64-88f0-2b3e07c46201(cell1) {{(pid=109758) load_cells /opt/stack/nova/nova/context.py:509}}
Apr 28 20:15:20.436282 np0000171167 devstack@n-api-meta.service[109758]: INFO nova.utils [None req-8366b2cc-5cc8-45d8-b3f2-a4e617ceb986 None None] The cell worker thread pool MainProcess.cell_worker is initialized
Apr 28 20:15:20.437533 np0000171167 devstack@n-api-meta.service[109757]: INFO dbcounter [None req-2a361672-1134-4cbf-8991-1740385e9153 None None] Registered counter for database nova_api
Apr 28 20:15:20.438103 np0000171167 devstack@n-api-meta.service[109758]: DEBUG oslo_concurrency.lockutils [None req-8366b2cc-5cc8-45d8-b3f2-a4e617ceb986 None None] Acquiring lock "00000000-0000-0000-0000-000000000000" by "nova.context.set_target_cell..get_or_set_cached_cell_and_set_connections" {{(pid=109758) inner /opt/stack/data/venv/lib/python3.12/site-packages/oslo_concurrency/lockutils.py:506}}
Apr 28 20:15:20.438276 np0000171167 devstack@n-api-meta.service[109758]: DEBUG oslo_concurrency.lockutils [None req-8366b2cc-5cc8-45d8-b3f2-a4e617ceb986 None None] Lock "00000000-0000-0000-0000-000000000000" acquired by "nova.context.set_target_cell..get_or_set_cached_cell_and_set_connections" :: waited 0.000s {{(pid=109758) inner /opt/stack/data/venv/lib/python3.12/site-packages/oslo_concurrency/lockutils.py:519}}
Apr 28 20:15:20.438669 np0000171167 devstack@n-api-meta.service[109758]: DEBUG oslo_concurrency.lockutils [None req-8366b2cc-5cc8-45d8-b3f2-a4e617ceb986 None None] Lock "00000000-0000-0000-0000-000000000000" "released" by "nova.context.set_target_cell..get_or_set_cached_cell_and_set_connections" :: held 0.000s {{(pid=109758) inner /opt/stack/data/venv/lib/python3.12/site-packages/oslo_concurrency/lockutils.py:538}}
Apr 28 20:15:20.439455 np0000171167 devstack@n-api-meta.service[109758]: DEBUG oslo_concurrency.lockutils [None req-8366b2cc-5cc8-45d8-b3f2-a4e617ceb986 None None] Acquiring lock "13a6abcf-d802-4e64-88f0-2b3e07c46201" by "nova.context.set_target_cell..get_or_set_cached_cell_and_set_connections" {{(pid=109758) inner /opt/stack/data/venv/lib/python3.12/site-packages/oslo_concurrency/lockutils.py:506}}
Apr 28 20:15:20.439606 np0000171167 devstack@n-api-meta.service[109758]: DEBUG oslo_concurrency.lockutils [None req-8366b2cc-5cc8-45d8-b3f2-a4e617ceb986 None None] Lock "13a6abcf-d802-4e64-88f0-2b3e07c46201" acquired by "nova.context.set_target_cell..get_or_set_cached_cell_and_set_connections" :: waited 0.000s {{(pid=109758) inner /opt/stack/data/venv/lib/python3.12/site-packages/oslo_concurrency/lockutils.py:519}}
Apr 28 20:15:20.440558 np0000171167 devstack@n-api-meta.service[109758]: DEBUG oslo_concurrency.lockutils [None req-8366b2cc-5cc8-45d8-b3f2-a4e617ceb986 None None] Lock "13a6abcf-d802-4e64-88f0-2b3e07c46201" "released" by "nova.context.set_target_cell..get_or_set_cached_cell_and_set_connections" :: held 0.001s {{(pid=109758) inner /opt/stack/data/venv/lib/python3.12/site-packages/oslo_concurrency/lockutils.py:538}}
Apr 28 20:15:20.443785 np0000171167 devstack@n-api-meta.service[109758]: INFO dbcounter [None req-8366b2cc-5cc8-45d8-b3f2-a4e617ceb986 None None] Registered counter for database nova_cell0
Apr 28 20:15:20.449765 np0000171167 devstack@n-api-meta.service[109758]: INFO dbcounter [None req-8366b2cc-5cc8-45d8-b3f2-a4e617ceb986 None None] Registered counter for database nova_cell1
Apr 28 20:15:20.455282 np0000171167 devstack@n-api-meta.service[109757]: DEBUG oslo_db.sqlalchemy.engines [None req-2a361672-1134-4cbf-8991-1740385e9153 None None] MySQL server mode set to STRICT_TRANS_TABLES,STRICT_ALL_TABLES,NO_ZERO_IN_DATE,NO_ZERO_DATE,ERROR_FOR_DIVISION_BY_ZERO,TRADITIONAL,NO_ENGINE_SUBSTITUTION {{(pid=109757) _check_effective_sql_mode /opt/stack/data/venv/lib/python3.12/site-packages/oslo_db/sqlalchemy/engines.py:325}}
Apr 28 20:15:20.457186 np0000171167 devstack@n-api-meta.service[109760]: INFO dbcounter [None req-fdc6209a-bf84-49c6-82e5-b72efd43768e None None] Registered counter for database nova_api
Apr 28 20:15:20.462719 np0000171167 devstack@n-api-meta.service[109758]: DEBUG oslo_db.sqlalchemy.engines [None req-8366b2cc-5cc8-45d8-b3f2-a4e617ceb986 None None] MySQL server mode set to STRICT_TRANS_TABLES,STRICT_ALL_TABLES,NO_ZERO_IN_DATE,NO_ZERO_DATE,ERROR_FOR_DIVISION_BY_ZERO,TRADITIONAL,NO_ENGINE_SUBSTITUTION {{(pid=109758) _check_effective_sql_mode /opt/stack/data/venv/lib/python3.12/site-packages/oslo_db/sqlalchemy/engines.py:325}}
Apr 28 20:15:20.470565 np0000171167 devstack@n-api-meta.service[109758]: DEBUG oslo_db.sqlalchemy.engines [None req-8366b2cc-5cc8-45d8-b3f2-a4e617ceb986 None None] MySQL server mode set to STRICT_TRANS_TABLES,STRICT_ALL_TABLES,NO_ZERO_IN_DATE,NO_ZERO_DATE,ERROR_FOR_DIVISION_BY_ZERO,TRADITIONAL,NO_ENGINE_SUBSTITUTION {{(pid=109758) _check_effective_sql_mode /opt/stack/data/venv/lib/python3.12/site-packages/oslo_db/sqlalchemy/engines.py:325}}
Apr 28 20:15:20.476653 np0000171167 devstack@n-api-meta.service[109760]: DEBUG oslo_db.sqlalchemy.engines [None req-fdc6209a-bf84-49c6-82e5-b72efd43768e None None] MySQL server mode set to STRICT_TRANS_TABLES,STRICT_ALL_TABLES,NO_ZERO_IN_DATE,NO_ZERO_DATE,ERROR_FOR_DIVISION_BY_ZERO,TRADITIONAL,NO_ENGINE_SUBSTITUTION {{(pid=109760) _check_effective_sql_mode /opt/stack/data/venv/lib/python3.12/site-packages/oslo_db/sqlalchemy/engines.py:325}}
Apr 28 20:15:20.492832 np0000171167 devstack@n-api-meta.service[109757]: DEBUG dbcounter [-] [109757] Writer thread running {{(pid=109757) stat_writer /opt/stack/data/venv/lib/python3.12/site-packages/dbcounter.py:102}}
Apr 28 20:15:20.496175 np0000171167 devstack@n-api-meta.service[109757]: DEBUG nova.context [None req-2a361672-1134-4cbf-8991-1740385e9153 None None] Found 2 cells: 00000000-0000-0000-0000-000000000000(cell0),13a6abcf-d802-4e64-88f0-2b3e07c46201(cell1) {{(pid=109757) load_cells /opt/stack/nova/nova/context.py:509}}
Apr 28 20:15:20.496429 np0000171167 devstack@n-api-meta.service[109757]: INFO nova.utils [None req-2a361672-1134-4cbf-8991-1740385e9153 None None] The cell worker thread pool MainProcess.cell_worker is initialized
Apr 28 20:15:20.498352 np0000171167 devstack@n-api-meta.service[109757]: DEBUG oslo_concurrency.lockutils [None req-2a361672-1134-4cbf-8991-1740385e9153 None None] Acquiring lock "00000000-0000-0000-0000-000000000000" by "nova.context.set_target_cell..get_or_set_cached_cell_and_set_connections" {{(pid=109757) inner /opt/stack/data/venv/lib/python3.12/site-packages/oslo_concurrency/lockutils.py:506}}
Apr 28 20:15:20.498516 np0000171167 devstack@n-api-meta.service[109757]: DEBUG oslo_concurrency.lockutils [None req-2a361672-1134-4cbf-8991-1740385e9153 None None] Lock "00000000-0000-0000-0000-000000000000" acquired by "nova.context.set_target_cell..get_or_set_cached_cell_and_set_connections" :: waited 0.000s {{(pid=109757) inner /opt/stack/data/venv/lib/python3.12/site-packages/oslo_concurrency/lockutils.py:519}}
Apr 28 20:15:20.498900 np0000171167 devstack@n-api-meta.service[109757]: DEBUG oslo_concurrency.lockutils [None req-2a361672-1134-4cbf-8991-1740385e9153 None None] Lock "00000000-0000-0000-0000-000000000000" "released" by "nova.context.set_target_cell..get_or_set_cached_cell_and_set_connections" :: held 0.000s {{(pid=109757) inner /opt/stack/data/venv/lib/python3.12/site-packages/oslo_concurrency/lockutils.py:538}}
Apr 28 20:15:20.499949 np0000171167 devstack@n-api-meta.service[109757]: DEBUG oslo_concurrency.lockutils [None req-2a361672-1134-4cbf-8991-1740385e9153 None None] Acquiring lock "13a6abcf-d802-4e64-88f0-2b3e07c46201" by "nova.context.set_target_cell..get_or_set_cached_cell_and_set_connections" {{(pid=109757) inner /opt/stack/data/venv/lib/python3.12/site-packages/oslo_concurrency/lockutils.py:506}}
Apr 28 20:15:20.500261 np0000171167 devstack@n-api-meta.service[109757]: DEBUG oslo_concurrency.lockutils [None req-2a361672-1134-4cbf-8991-1740385e9153 None None] Lock "13a6abcf-d802-4e64-88f0-2b3e07c46201" acquired by "nova.context.set_target_cell..get_or_set_cached_cell_and_set_connections" :: waited 0.000s {{(pid=109757) inner /opt/stack/data/venv/lib/python3.12/site-packages/oslo_concurrency/lockutils.py:519}}
Apr 28 20:15:20.501362 np0000171167 devstack@n-api-meta.service[109757]: DEBUG oslo_concurrency.lockutils [None req-2a361672-1134-4cbf-8991-1740385e9153 None None] Lock "13a6abcf-d802-4e64-88f0-2b3e07c46201" "released" by "nova.context.set_target_cell..get_or_set_cached_cell_and_set_connections" :: held 0.001s {{(pid=109757) inner /opt/stack/data/venv/lib/python3.12/site-packages/oslo_concurrency/lockutils.py:538}}
Apr 28 20:15:20.505009 np0000171167 devstack@n-api-meta.service[109757]: INFO dbcounter [None req-2a361672-1134-4cbf-8991-1740385e9153 None None] Registered counter for database nova_cell0
Apr 28 20:15:20.506437 np0000171167 devstack@n-api-meta.service[109759]: DEBUG dbcounter [-] [109759] Writer thread running {{(pid=109759) stat_writer /opt/stack/data/venv/lib/python3.12/site-packages/dbcounter.py:102}}
Apr 28 20:15:20.510419 np0000171167 devstack@n-api-meta.service[109757]: INFO dbcounter [None req-2a361672-1134-4cbf-8991-1740385e9153 None None] Registered counter for database nova_cell1
Apr 28 20:15:20.511405 np0000171167 devstack@n-api-meta.service[109760]: DEBUG dbcounter [-] [109760] Writer thread running {{(pid=109760) stat_writer /opt/stack/data/venv/lib/python3.12/site-packages/dbcounter.py:102}}
Apr 28 20:15:20.515377 np0000171167 devstack@n-api-meta.service[109759]: DEBUG dbcounter [-] [109759] Writer thread running {{(pid=109759) stat_writer /opt/stack/data/venv/lib/python3.12/site-packages/dbcounter.py:102}}
Apr 28 20:15:20.515453 np0000171167 devstack@n-api-meta.service[109760]: DEBUG nova.context [None req-fdc6209a-bf84-49c6-82e5-b72efd43768e None None] Found 2 cells: 00000000-0000-0000-0000-000000000000(cell0),13a6abcf-d802-4e64-88f0-2b3e07c46201(cell1) {{(pid=109760) load_cells /opt/stack/nova/nova/context.py:509}}
Apr 28 20:15:20.515811 np0000171167 devstack@n-api-meta.service[109760]: INFO nova.utils [None req-fdc6209a-bf84-49c6-82e5-b72efd43768e None None] The cell worker thread pool MainProcess.cell_worker is initialized
Apr 28 20:15:20.518614 np0000171167 devstack@n-api-meta.service[109760]: DEBUG oslo_concurrency.lockutils [None req-fdc6209a-bf84-49c6-82e5-b72efd43768e None None] Acquiring lock "00000000-0000-0000-0000-000000000000" by "nova.context.set_target_cell..get_or_set_cached_cell_and_set_connections" {{(pid=109760) inner /opt/stack/data/venv/lib/python3.12/site-packages/oslo_concurrency/lockutils.py:506}}
Apr 28 20:15:20.518851 np0000171167 devstack@n-api-meta.service[109760]: DEBUG oslo_concurrency.lockutils [None req-fdc6209a-bf84-49c6-82e5-b72efd43768e None None] Lock "00000000-0000-0000-0000-000000000000" acquired by "nova.context.set_target_cell..get_or_set_cached_cell_and_set_connections" :: waited 0.000s {{(pid=109760) inner /opt/stack/data/venv/lib/python3.12/site-packages/oslo_concurrency/lockutils.py:519}}
Apr 28 20:15:20.519046 np0000171167 devstack@n-api-meta.service[109759]: INFO dbcounter [None req-5ac7d8e9-e761-4228-a9d8-7c9007f78172 None None] Registered counter for database nova_cell0
Apr 28 20:15:20.519242 np0000171167 devstack@n-api-meta.service[109757]: DEBUG oslo_db.sqlalchemy.engines [None req-2a361672-1134-4cbf-8991-1740385e9153 None None] MySQL server mode set to STRICT_TRANS_TABLES,STRICT_ALL_TABLES,NO_ZERO_IN_DATE,NO_ZERO_DATE,ERROR_FOR_DIVISION_BY_ZERO,TRADITIONAL,NO_ENGINE_SUBSTITUTION {{(pid=109757) _check_effective_sql_mode /opt/stack/data/venv/lib/python3.12/site-packages/oslo_db/sqlalchemy/engines.py:325}}
Apr 28 20:15:20.519457 np0000171167 devstack@n-api-meta.service[109760]: DEBUG oslo_concurrency.lockutils [None req-fdc6209a-bf84-49c6-82e5-b72efd43768e None None] Lock "00000000-0000-0000-0000-000000000000" "released" by "nova.context.set_target_cell..get_or_set_cached_cell_and_set_connections" :: held 0.001s {{(pid=109760) inner /opt/stack/data/venv/lib/python3.12/site-packages/oslo_concurrency/lockutils.py:538}}
Apr 28 20:15:20.520642 np0000171167 devstack@n-api-meta.service[109760]: DEBUG oslo_concurrency.lockutils [None req-fdc6209a-bf84-49c6-82e5-b72efd43768e None None] Acquiring lock "13a6abcf-d802-4e64-88f0-2b3e07c46201" by "nova.context.set_target_cell..get_or_set_cached_cell_and_set_connections" {{(pid=109760) inner /opt/stack/data/venv/lib/python3.12/site-packages/oslo_concurrency/lockutils.py:506}}
Apr 28 20:15:20.520841 np0000171167 devstack@n-api-meta.service[109760]: DEBUG oslo_concurrency.lockutils [None req-fdc6209a-bf84-49c6-82e5-b72efd43768e None None] Lock "13a6abcf-d802-4e64-88f0-2b3e07c46201" acquired by "nova.context.set_target_cell..get_or_set_cached_cell_and_set_connections" :: waited 0.000s {{(pid=109760) inner /opt/stack/data/venv/lib/python3.12/site-packages/oslo_concurrency/lockutils.py:519}}
Apr 28 20:15:20.522131 np0000171167 devstack@n-api-meta.service[109760]: DEBUG oslo_concurrency.lockutils [None req-fdc6209a-bf84-49c6-82e5-b72efd43768e None None] Lock "13a6abcf-d802-4e64-88f0-2b3e07c46201" "released" by "nova.context.set_target_cell..get_or_set_cached_cell_and_set_connections" :: held 0.001s {{(pid=109760) inner /opt/stack/data/venv/lib/python3.12/site-packages/oslo_concurrency/lockutils.py:538}}
Apr 28 20:15:20.526003 np0000171167 devstack@n-api-meta.service[109760]: INFO dbcounter [None req-fdc6209a-bf84-49c6-82e5-b72efd43768e None None] Registered counter for database nova_cell0
Apr 28 20:15:20.530479 np0000171167 devstack@n-api-meta.service[109759]: DEBUG oslo_db.sqlalchemy.engines [None req-5ac7d8e9-e761-4228-a9d8-7c9007f78172 None None] MySQL server mode set to STRICT_TRANS_TABLES,STRICT_ALL_TABLES,NO_ZERO_IN_DATE,NO_ZERO_DATE,ERROR_FOR_DIVISION_BY_ZERO,TRADITIONAL,NO_ENGINE_SUBSTITUTION {{(pid=109759) _check_effective_sql_mode /opt/stack/data/venv/lib/python3.12/site-packages/oslo_db/sqlalchemy/engines.py:325}}
Apr 28 20:15:20.531871 np0000171167 devstack@n-api-meta.service[109760]: INFO dbcounter [None req-fdc6209a-bf84-49c6-82e5-b72efd43768e None None] Registered counter for database nova_cell1
Apr 28 20:15:20.531937 np0000171167 devstack@n-api-meta.service[109757]: DEBUG oslo_db.sqlalchemy.engines [None req-2a361672-1134-4cbf-8991-1740385e9153 None None] MySQL server mode set to STRICT_TRANS_TABLES,STRICT_ALL_TABLES,NO_ZERO_IN_DATE,NO_ZERO_DATE,ERROR_FOR_DIVISION_BY_ZERO,TRADITIONAL,NO_ENGINE_SUBSTITUTION {{(pid=109757) _check_effective_sql_mode /opt/stack/data/venv/lib/python3.12/site-packages/oslo_db/sqlalchemy/engines.py:325}}
Apr 28 20:15:20.538127 np0000171167 devstack@n-api-meta.service[109759]: DEBUG dbcounter [-] [109759] Writer thread running {{(pid=109759) stat_writer /opt/stack/data/venv/lib/python3.12/site-packages/dbcounter.py:102}}
Apr 28 20:15:20.544276 np0000171167 devstack@n-api-meta.service[109760]: DEBUG oslo_db.sqlalchemy.engines [None req-fdc6209a-bf84-49c6-82e5-b72efd43768e None None] MySQL server mode set to STRICT_TRANS_TABLES,STRICT_ALL_TABLES,NO_ZERO_IN_DATE,NO_ZERO_DATE,ERROR_FOR_DIVISION_BY_ZERO,TRADITIONAL,NO_ENGINE_SUBSTITUTION {{(pid=109760) _check_effective_sql_mode /opt/stack/data/venv/lib/python3.12/site-packages/oslo_db/sqlalchemy/engines.py:325}}
Apr 28 20:15:20.548170 np0000171167 devstack@n-api-meta.service[109760]: DEBUG oslo_db.sqlalchemy.engines [None req-fdc6209a-bf84-49c6-82e5-b72efd43768e None None] MySQL server mode set to STRICT_TRANS_TABLES,STRICT_ALL_TABLES,NO_ZERO_IN_DATE,NO_ZERO_DATE,ERROR_FOR_DIVISION_BY_ZERO,TRADITIONAL,NO_ENGINE_SUBSTITUTION {{(pid=109760) _check_effective_sql_mode /opt/stack/data/venv/lib/python3.12/site-packages/oslo_db/sqlalchemy/engines.py:325}}
Apr 28 20:15:20.561758 np0000171167 devstack@n-api-meta.service[109758]: DEBUG dbcounter [-] [109758] Writer thread running {{(pid=109758) stat_writer /opt/stack/data/venv/lib/python3.12/site-packages/dbcounter.py:102}}
Apr 28 20:15:20.569612 np0000171167 devstack@n-api-meta.service[109758]: DEBUG dbcounter [-] [109758] Writer thread running {{(pid=109758) stat_writer /opt/stack/data/venv/lib/python3.12/site-packages/dbcounter.py:102}}
Apr 28 20:15:20.574660 np0000171167 devstack@n-api-meta.service[109758]: INFO dbcounter [None req-8366b2cc-5cc8-45d8-b3f2-a4e617ceb986 None None] Registered counter for database nova_cell0
Apr 28 20:15:20.585740 np0000171167 devstack@n-api-meta.service[109758]: DEBUG oslo_db.sqlalchemy.engines [None req-8366b2cc-5cc8-45d8-b3f2-a4e617ceb986 None None] MySQL server mode set to STRICT_TRANS_TABLES,STRICT_ALL_TABLES,NO_ZERO_IN_DATE,NO_ZERO_DATE,ERROR_FOR_DIVISION_BY_ZERO,TRADITIONAL,NO_ENGINE_SUBSTITUTION {{(pid=109758) _check_effective_sql_mode /opt/stack/data/venv/lib/python3.12/site-packages/oslo_db/sqlalchemy/engines.py:325}}
Apr 28 20:15:20.589993 np0000171167 devstack@n-api-meta.service[109759]: WARNING nova.api.metadata.handler [None req-5ac7d8e9-e761-4228-a9d8-7c9007f78172 None None] metadata_proxy_shared_secret is not configured, the metadata information returned by the proxy cannot be trusted
Apr 28 20:15:20.592345 np0000171167 devstack@n-api-meta.service[109759]: DEBUG nova.api.openstack.wsgi_app [None req-5ac7d8e9-e761-4228-a9d8-7c9007f78172 None None] ******************************************************************************** {{(pid=109759) log_opt_values /opt/stack/data/venv/lib/python3.12/site-packages/oslo_config/cfg.py:2979}}
Apr 28 20:15:20.592461 np0000171167 devstack@n-api-meta.service[109759]: DEBUG nova.api.openstack.wsgi_app [None req-5ac7d8e9-e761-4228-a9d8-7c9007f78172 None None] Configuration options gathered from: {{(pid=109759) log_opt_values /opt/stack/data/venv/lib/python3.12/site-packages/oslo_config/cfg.py:2980}}
Apr 28 20:15:20.592566 np0000171167 devstack@n-api-meta.service[109759]: DEBUG nova.api.openstack.wsgi_app [None req-5ac7d8e9-e761-4228-a9d8-7c9007f78172 None None] command line args: [] {{(pid=109759) log_opt_values /opt/stack/data/venv/lib/python3.12/site-packages/oslo_config/cfg.py:2981}}
Apr 28 20:15:20.592726 np0000171167 devstack@n-api-meta.service[109759]: DEBUG nova.api.openstack.wsgi_app [None req-5ac7d8e9-e761-4228-a9d8-7c9007f78172 None None] config files: ['/etc/nova/api-paste.ini', '/etc/nova/nova.conf'] {{(pid=109759) log_opt_values /opt/stack/data/venv/lib/python3.12/site-packages/oslo_config/cfg.py:2982}}
Apr 28 20:15:20.592833 np0000171167 devstack@n-api-meta.service[109759]: DEBUG nova.api.openstack.wsgi_app [None req-5ac7d8e9-e761-4228-a9d8-7c9007f78172 None None] ================================================================================ {{(pid=109759) log_opt_values /opt/stack/data/venv/lib/python3.12/site-packages/oslo_config/cfg.py:2987}}
Apr 28 20:15:20.593006 np0000171167 devstack@n-api-meta.service[109759]: DEBUG nova.api.openstack.wsgi_app [None req-5ac7d8e9-e761-4228-a9d8-7c9007f78172 None None] allow_resize_to_same_host = True {{(pid=109759) log_opt_values /opt/stack/data/venv/lib/python3.12/site-packages/oslo_config/cfg.py:2995}}
Apr 28 20:15:20.593135 np0000171167 devstack@n-api-meta.service[109759]: DEBUG nova.api.openstack.wsgi_app [None req-5ac7d8e9-e761-4228-a9d8-7c9007f78172 None None] arq_binding_timeout = 300 {{(pid=109759) log_opt_values /opt/stack/data/venv/lib/python3.12/site-packages/oslo_config/cfg.py:2995}}
Apr 28 20:15:20.593291 np0000171167 devstack@n-api-meta.service[109759]: DEBUG nova.api.openstack.wsgi_app [None req-5ac7d8e9-e761-4228-a9d8-7c9007f78172 None None] block_device_allocate_retries = 60 {{(pid=109759) log_opt_values /opt/stack/data/venv/lib/python3.12/site-packages/oslo_config/cfg.py:2995}}
Apr 28 20:15:20.593421 np0000171167 devstack@n-api-meta.service[109759]: DEBUG nova.api.openstack.wsgi_app [None req-5ac7d8e9-e761-4228-a9d8-7c9007f78172 None None] block_device_allocate_retries_interval = 3 {{(pid=109759) log_opt_values /opt/stack/data/venv/lib/python3.12/site-packages/oslo_config/cfg.py:2995}}
Apr 28 20:15:20.593551 np0000171167 devstack@n-api-meta.service[109759]: DEBUG nova.api.openstack.wsgi_app [None req-5ac7d8e9-e761-4228-a9d8-7c9007f78172 None None] cell_worker_thread_pool_size = 5 {{(pid=109759) log_opt_values /opt/stack/data/venv/lib/python3.12/site-packages/oslo_config/cfg.py:2995}}
Apr 28 20:15:20.593685 np0000171167 devstack@n-api-meta.service[109759]: DEBUG nova.api.openstack.wsgi_app [None req-5ac7d8e9-e761-4228-a9d8-7c9007f78172 None None] cert = self.pem {{(pid=109759) log_opt_values /opt/stack/data/venv/lib/python3.12/site-packages/oslo_config/cfg.py:2995}}
Apr 28 20:15:20.593820 np0000171167 devstack@n-api-meta.service[109759]: DEBUG nova.api.openstack.wsgi_app [None req-5ac7d8e9-e761-4228-a9d8-7c9007f78172 None None] compute_driver = libvirt.LibvirtDriver {{(pid=109759) log_opt_values /opt/stack/data/venv/lib/python3.12/site-packages/oslo_config/cfg.py:2995}}
Apr 28 20:15:20.593952 np0000171167 devstack@n-api-meta.service[109759]: DEBUG nova.api.openstack.wsgi_app [None req-5ac7d8e9-e761-4228-a9d8-7c9007f78172 None None] compute_monitors = [] {{(pid=109759) log_opt_values /opt/stack/data/venv/lib/python3.12/site-packages/oslo_config/cfg.py:2995}}
Apr 28 20:15:20.594083 np0000171167 devstack@n-api-meta.service[109759]: DEBUG nova.api.openstack.wsgi_app [None req-5ac7d8e9-e761-4228-a9d8-7c9007f78172 None None] config_dir = [] {{(pid=109759) log_opt_values /opt/stack/data/venv/lib/python3.12/site-packages/oslo_config/cfg.py:2995}}
Apr 28 20:15:20.594269 np0000171167 devstack@n-api-meta.service[109759]: DEBUG nova.api.openstack.wsgi_app [None req-5ac7d8e9-e761-4228-a9d8-7c9007f78172 None None] config_drive_format = iso9660 {{(pid=109759) log_opt_values /opt/stack/data/venv/lib/python3.12/site-packages/oslo_config/cfg.py:2995}}
Apr 28 20:15:20.594399 np0000171167 devstack@n-api-meta.service[109759]: DEBUG nova.api.openstack.wsgi_app [None req-5ac7d8e9-e761-4228-a9d8-7c9007f78172 None None] config_file = ['/etc/nova/api-paste.ini', '/etc/nova/nova.conf'] {{(pid=109759) log_opt_values /opt/stack/data/venv/lib/python3.12/site-packages/oslo_config/cfg.py:2995}}
Apr 28 20:15:20.594491 np0000171167 devstack@n-api-meta.service[109759]: DEBUG nova.api.openstack.wsgi_app [None req-5ac7d8e9-e761-4228-a9d8-7c9007f78172 None None] config_source = [] {{(pid=109759) log_opt_values /opt/stack/data/venv/lib/python3.12/site-packages/oslo_config/cfg.py:2995}}
Apr 28 20:15:20.594622 np0000171167 devstack@n-api-meta.service[109759]: DEBUG nova.api.openstack.wsgi_app [None req-5ac7d8e9-e761-4228-a9d8-7c9007f78172 None None] console_host = np0000171167 {{(pid=109759) log_opt_values /opt/stack/data/venv/lib/python3.12/site-packages/oslo_config/cfg.py:2995}}
Apr 28 20:15:20.594754 np0000171167 devstack@n-api-meta.service[109759]: DEBUG nova.api.openstack.wsgi_app [None req-5ac7d8e9-e761-4228-a9d8-7c9007f78172 None None] control_exchange = nova {{(pid=109759) log_opt_values /opt/stack/data/venv/lib/python3.12/site-packages/oslo_config/cfg.py:2995}}
Apr 28 20:15:20.594881 np0000171167 devstack@n-api-meta.service[109759]: DEBUG nova.api.openstack.wsgi_app [None req-5ac7d8e9-e761-4228-a9d8-7c9007f78172 None None] cpu_allocation_ratio = None {{(pid=109759) log_opt_values /opt/stack/data/venv/lib/python3.12/site-packages/oslo_config/cfg.py:2995}}
Apr 28 20:15:20.595008 np0000171167 devstack@n-api-meta.service[109759]: DEBUG nova.api.openstack.wsgi_app [None req-5ac7d8e9-e761-4228-a9d8-7c9007f78172 None None] daemon = False {{(pid=109759) log_opt_values /opt/stack/data/venv/lib/python3.12/site-packages/oslo_config/cfg.py:2995}}
Apr 28 20:15:20.595145 np0000171167 devstack@n-api-meta.service[109759]: DEBUG nova.api.openstack.wsgi_app [None req-5ac7d8e9-e761-4228-a9d8-7c9007f78172 None None] debug = True {{(pid=109759) log_opt_values /opt/stack/data/venv/lib/python3.12/site-packages/oslo_config/cfg.py:2995}}
Apr 28 20:15:20.595290 np0000171167 devstack@n-api-meta.service[109759]: DEBUG nova.api.openstack.wsgi_app [None req-5ac7d8e9-e761-4228-a9d8-7c9007f78172 None None] default_access_ip_network_name = None {{(pid=109759) log_opt_values /opt/stack/data/venv/lib/python3.12/site-packages/oslo_config/cfg.py:2995}}
Apr 28 20:15:20.595423 np0000171167 devstack@n-api-meta.service[109759]: DEBUG nova.api.openstack.wsgi_app [None req-5ac7d8e9-e761-4228-a9d8-7c9007f78172 None None] default_availability_zone = nova {{(pid=109759) log_opt_values /opt/stack/data/venv/lib/python3.12/site-packages/oslo_config/cfg.py:2995}}
Apr 28 20:15:20.595554 np0000171167 devstack@n-api-meta.service[109759]: DEBUG nova.api.openstack.wsgi_app [None req-5ac7d8e9-e761-4228-a9d8-7c9007f78172 None None] default_ephemeral_format = ext4 {{(pid=109759) log_opt_values /opt/stack/data/venv/lib/python3.12/site-packages/oslo_config/cfg.py:2995}}
Apr 28 20:15:20.595681 np0000171167 devstack@n-api-meta.service[109759]: DEBUG nova.api.openstack.wsgi_app [None req-5ac7d8e9-e761-4228-a9d8-7c9007f78172 None None] default_green_pool_size = 1000 {{(pid=109759) log_opt_values /opt/stack/data/venv/lib/python3.12/site-packages/oslo_config/cfg.py:2995}}
Apr 28 20:15:20.595933 np0000171167 devstack@n-api-meta.service[109759]: DEBUG nova.api.openstack.wsgi_app [None req-5ac7d8e9-e761-4228-a9d8-7c9007f78172 None None] default_log_levels = ['amqp=WARN', 'boto=WARN', 'sqlalchemy=WARN', 'suds=INFO', 'oslo.messaging=INFO', 'oslo_messaging=INFO', 'iso8601=WARN', 'requests.packages.urllib3.connectionpool=WARN', 'urllib3.connectionpool=WARN', 'websocket=WARN', 'requests.packages.urllib3.util.retry=WARN', 'urllib3.util.retry=WARN', 'keystonemiddleware=WARN', 'routes.middleware=WARN', 'stevedore=WARN', 'taskflow=WARN', 'keystoneauth=WARN', 'oslo.cache=INFO', 'oslo_policy=INFO', 'dogpile.core.dogpile=INFO', 'glanceclient=WARN', 'oslo.privsep.daemon=INFO'] {{(pid=109759) log_opt_values /opt/stack/data/venv/lib/python3.12/site-packages/oslo_config/cfg.py:2995}}
Apr 28 20:15:20.596051 np0000171167 devstack@n-api-meta.service[109759]: DEBUG nova.api.openstack.wsgi_app [None req-5ac7d8e9-e761-4228-a9d8-7c9007f78172 None None] default_schedule_zone = None {{(pid=109759) log_opt_values /opt/stack/data/venv/lib/python3.12/site-packages/oslo_config/cfg.py:2995}}
Apr 28 20:15:20.596192 np0000171167 devstack@n-api-meta.service[109759]: DEBUG nova.api.openstack.wsgi_app [None req-5ac7d8e9-e761-4228-a9d8-7c9007f78172 None None] default_thread_pool_size = 10 {{(pid=109759) log_opt_values /opt/stack/data/venv/lib/python3.12/site-packages/oslo_config/cfg.py:2995}}
Apr 28 20:15:20.596319 np0000171167 devstack@n-api-meta.service[109759]: DEBUG nova.api.openstack.wsgi_app [None req-5ac7d8e9-e761-4228-a9d8-7c9007f78172 None None] disk_allocation_ratio = None {{(pid=109759) log_opt_values /opt/stack/data/venv/lib/python3.12/site-packages/oslo_config/cfg.py:2995}}
Apr 28 20:15:20.596445 np0000171167 devstack@n-api-meta.service[109759]: DEBUG nova.api.openstack.wsgi_app [None req-5ac7d8e9-e761-4228-a9d8-7c9007f78172 None None] enable_new_services = True {{(pid=109759) log_opt_values /opt/stack/data/venv/lib/python3.12/site-packages/oslo_config/cfg.py:2995}}
Apr 28 20:15:20.596679 np0000171167 devstack@n-api-meta.service[109759]: DEBUG nova.api.openstack.wsgi_app [None req-5ac7d8e9-e761-4228-a9d8-7c9007f78172 None None] flat_injected = False {{(pid=109759) log_opt_values /opt/stack/data/venv/lib/python3.12/site-packages/oslo_config/cfg.py:2995}}
Apr 28 20:15:20.596779 np0000171167 devstack@n-api-meta.service[109759]: DEBUG nova.api.openstack.wsgi_app [None req-5ac7d8e9-e761-4228-a9d8-7c9007f78172 None None] force_config_drive = False {{(pid=109759) log_opt_values /opt/stack/data/venv/lib/python3.12/site-packages/oslo_config/cfg.py:2995}}
Apr 28 20:15:20.596968 np0000171167 devstack@n-api-meta.service[109759]: DEBUG nova.api.openstack.wsgi_app [None req-5ac7d8e9-e761-4228-a9d8-7c9007f78172 None None] force_raw_images = True {{(pid=109759) log_opt_values /opt/stack/data/venv/lib/python3.12/site-packages/oslo_config/cfg.py:2995}}
Apr 28 20:15:20.597039 np0000171167 devstack@n-api-meta.service[109759]: DEBUG nova.api.openstack.wsgi_app [None req-5ac7d8e9-e761-4228-a9d8-7c9007f78172 None None] graceful_shutdown_timeout = 5 {{(pid=109759) log_opt_values /opt/stack/data/venv/lib/python3.12/site-packages/oslo_config/cfg.py:2995}}
Apr 28 20:15:20.597146 np0000171167 devstack@n-api-meta.service[109759]: DEBUG nova.api.openstack.wsgi_app [None req-5ac7d8e9-e761-4228-a9d8-7c9007f78172 None None] heal_instance_info_cache_interval = -1 {{(pid=109759) log_opt_values /opt/stack/data/venv/lib/python3.12/site-packages/oslo_config/cfg.py:2995}}
Apr 28 20:15:20.597347 np0000171167 devstack@n-api-meta.service[109759]: DEBUG nova.api.openstack.wsgi_app [None req-5ac7d8e9-e761-4228-a9d8-7c9007f78172 None None] host = np0000171167 {{(pid=109759) log_opt_values /opt/stack/data/venv/lib/python3.12/site-packages/oslo_config/cfg.py:2995}}
Apr 28 20:15:20.597480 np0000171167 devstack@n-api-meta.service[109759]: DEBUG nova.api.openstack.wsgi_app [None req-5ac7d8e9-e761-4228-a9d8-7c9007f78172 None None] initial_cpu_allocation_ratio = 4.0 {{(pid=109759) log_opt_values /opt/stack/data/venv/lib/python3.12/site-packages/oslo_config/cfg.py:2995}}
Apr 28 20:15:20.597612 np0000171167 devstack@n-api-meta.service[109759]: DEBUG nova.api.openstack.wsgi_app [None req-5ac7d8e9-e761-4228-a9d8-7c9007f78172 None None] initial_disk_allocation_ratio = 1.0 {{(pid=109759) log_opt_values /opt/stack/data/venv/lib/python3.12/site-packages/oslo_config/cfg.py:2995}}
Apr 28 20:15:20.597813 np0000171167 devstack@n-api-meta.service[109759]: DEBUG nova.api.openstack.wsgi_app [None req-5ac7d8e9-e761-4228-a9d8-7c9007f78172 None None] initial_ram_allocation_ratio = 1.0 {{(pid=109759) log_opt_values /opt/stack/data/venv/lib/python3.12/site-packages/oslo_config/cfg.py:2995}}
Apr 28 20:15:20.597911 np0000171167 devstack@n-api-meta.service[109758]: DEBUG dbcounter [-] [109758] Writer thread running {{(pid=109758) stat_writer /opt/stack/data/venv/lib/python3.12/site-packages/dbcounter.py:102}}
Apr 28 20:15:20.597973 np0000171167 devstack@n-api-meta.service[109759]: DEBUG nova.api.openstack.wsgi_app [None req-5ac7d8e9-e761-4228-a9d8-7c9007f78172 None None] injected_network_template = /opt/stack/nova/nova/virt/interfaces.template {{(pid=109759) log_opt_values /opt/stack/data/venv/lib/python3.12/site-packages/oslo_config/cfg.py:2995}}
Apr 28 20:15:20.598054 np0000171167 devstack@n-api-meta.service[109759]: DEBUG nova.api.openstack.wsgi_app [None req-5ac7d8e9-e761-4228-a9d8-7c9007f78172 None None] instance_build_timeout = 0 {{(pid=109759) log_opt_values /opt/stack/data/venv/lib/python3.12/site-packages/oslo_config/cfg.py:2995}}
Apr 28 20:15:20.598173 np0000171167 devstack@n-api-meta.service[109759]: DEBUG nova.api.openstack.wsgi_app [None req-5ac7d8e9-e761-4228-a9d8-7c9007f78172 None None] instance_delete_interval = 300 {{(pid=109759) log_opt_values /opt/stack/data/venv/lib/python3.12/site-packages/oslo_config/cfg.py:2995}}
Apr 28 20:15:20.598308 np0000171167 devstack@n-api-meta.service[109759]: DEBUG nova.api.openstack.wsgi_app [None req-5ac7d8e9-e761-4228-a9d8-7c9007f78172 None None] instance_format = [instance: %(uuid)s] {{(pid=109759) log_opt_values /opt/stack/data/venv/lib/python3.12/site-packages/oslo_config/cfg.py:2995}}
Apr 28 20:15:20.598435 np0000171167 devstack@n-api-meta.service[109759]: DEBUG nova.api.openstack.wsgi_app [None req-5ac7d8e9-e761-4228-a9d8-7c9007f78172 None None] instance_name_template = instance-%08x {{(pid=109759) log_opt_values /opt/stack/data/venv/lib/python3.12/site-packages/oslo_config/cfg.py:2995}}
Apr 28 20:15:20.598560 np0000171167 devstack@n-api-meta.service[109759]: DEBUG nova.api.openstack.wsgi_app [None req-5ac7d8e9-e761-4228-a9d8-7c9007f78172 None None] instance_usage_audit = False {{(pid=109759) log_opt_values /opt/stack/data/venv/lib/python3.12/site-packages/oslo_config/cfg.py:2995}}
Apr 28 20:15:20.598692 np0000171167 devstack@n-api-meta.service[109759]: DEBUG nova.api.openstack.wsgi_app [None req-5ac7d8e9-e761-4228-a9d8-7c9007f78172 None None] instance_usage_audit_period = month {{(pid=109759) log_opt_values /opt/stack/data/venv/lib/python3.12/site-packages/oslo_config/cfg.py:2995}}
Apr 28 20:15:20.598822 np0000171167 devstack@n-api-meta.service[109759]: DEBUG nova.api.openstack.wsgi_app [None req-5ac7d8e9-e761-4228-a9d8-7c9007f78172 None None] instance_uuid_format = [instance: %(uuid)s] {{(pid=109759) log_opt_values /opt/stack/data/venv/lib/python3.12/site-packages/oslo_config/cfg.py:2995}}
Apr 28 20:15:20.598950 np0000171167 devstack@n-api-meta.service[109759]: DEBUG nova.api.openstack.wsgi_app [None req-5ac7d8e9-e761-4228-a9d8-7c9007f78172 None None] instances_path = /opt/stack/data/nova/instances {{(pid=109759) log_opt_values /opt/stack/data/venv/lib/python3.12/site-packages/oslo_config/cfg.py:2995}}
Apr 28 20:15:20.599081 np0000171167 devstack@n-api-meta.service[109759]: DEBUG nova.api.openstack.wsgi_app [None req-5ac7d8e9-e761-4228-a9d8-7c9007f78172 None None] internal_service_availability_zone = internal {{(pid=109759) log_opt_values /opt/stack/data/venv/lib/python3.12/site-packages/oslo_config/cfg.py:2995}}
Apr 28 20:15:20.599248 np0000171167 devstack@n-api-meta.service[109759]: DEBUG nova.api.openstack.wsgi_app [None req-5ac7d8e9-e761-4228-a9d8-7c9007f78172 None None] key = None {{(pid=109759) log_opt_values /opt/stack/data/venv/lib/python3.12/site-packages/oslo_config/cfg.py:2995}}
Apr 28 20:15:20.599379 np0000171167 devstack@n-api-meta.service[109759]: DEBUG nova.api.openstack.wsgi_app [None req-5ac7d8e9-e761-4228-a9d8-7c9007f78172 None None] live_migration_retry_count = 30 {{(pid=109759) log_opt_values /opt/stack/data/venv/lib/python3.12/site-packages/oslo_config/cfg.py:2995}}
Apr 28 20:15:20.599509 np0000171167 devstack@n-api-meta.service[109759]: DEBUG nova.api.openstack.wsgi_app [None req-5ac7d8e9-e761-4228-a9d8-7c9007f78172 None None] log_color = False {{(pid=109759) log_opt_values /opt/stack/data/venv/lib/python3.12/site-packages/oslo_config/cfg.py:2995}}
