May 20 22:05:43.558759 np0000175539 systemd[1]: Starting devstack@n-api-meta.service - Devstack devstack@n-api-meta.service...
May 20 22:05:43.565431 np0000175539 devstack@n-api-meta.service[108082]: [uWSGI] getting INI configuration from /etc/nova/nova-metadata-uwsgi.ini
May 20 22:05:43.568242 np0000175539 devstack@n-api-meta.service[108082]: *** Starting uWSGI 2.0.24-debian (64bit) on [Wed May 20 22:05:43 2026] ***
May 20 22:05:43.568242 np0000175539 devstack@n-api-meta.service[108082]: compiled with version: 13.2.0 on 17 April 2024 16:23:48
May 20 22:05:43.568242 np0000175539 devstack@n-api-meta.service[108082]: os: Linux-6.8.0-111-generic #111-Ubuntu SMP PREEMPT_DYNAMIC Sat Apr 11 23:16:02 UTC 2026
May 20 22:05:43.568242 np0000175539 devstack@n-api-meta.service[108082]: nodename: np0000175539
May 20 22:05:43.568242 np0000175539 devstack@n-api-meta.service[108082]: machine: x86_64
May 20 22:05:43.568242 np0000175539 devstack@n-api-meta.service[108082]: clock source: unix
May 20 22:05:43.568242 np0000175539 devstack@n-api-meta.service[108082]: pcre jit disabled
May 20 22:05:43.568242 np0000175539 devstack@n-api-meta.service[108082]: detected number of CPU cores: 16
May 20 22:05:43.568242 np0000175539 devstack@n-api-meta.service[108082]: current working directory: /
May 20 22:05:43.568242 np0000175539 devstack@n-api-meta.service[108082]: detected binary path: /usr/bin/uwsgi-core
May 20 22:05:43.568242 np0000175539 devstack@n-api-meta.service[108082]: your processes number limit is 256917
May 20 22:05:43.568242 np0000175539 devstack@n-api-meta.service[108082]: your memory page size is 4096 bytes
May 20 22:05:43.568242 np0000175539 devstack@n-api-meta.service[108082]: detected max file descriptor number: 2048
May 20 22:05:43.568242 np0000175539 devstack@n-api-meta.service[108082]: lock engine: pthread robust mutexes
May 20 22:05:43.569213 np0000175539 devstack@n-api-meta.service[108082]: thunder lock: enabled
May 20 22:05:43.569213 np0000175539 devstack@n-api-meta.service[108082]: uWSGI http bound on 0.0.0.0:8775 fd 5
May 20 22:05:43.569213 np0000175539 devstack@n-api-meta.service[108082]: uwsgi socket 0 bound to TCP address 127.0.0.1:41801 (port auto-assigned) fd 4
May 20 22:05:43.569213 np0000175539 devstack@n-api-meta.service[108082]: Python version: 3.12.3 (main, Mar 23 2026, 19:04:32) [GCC 13.3.0]
May 20 22:05:43.569213 np0000175539 devstack@n-api-meta.service[108082]: PEP 405 virtualenv detected: /opt/stack/data/venv
May 20 22:05:43.569213 np0000175539 devstack@n-api-meta.service[108082]: Set PythonHome to /opt/stack/data/venv
May 20 22:05:43.604912 np0000175539 devstack@n-api-meta.service[108082]: Python main interpreter initialized at 0x7bc34f2a3668
May 20 22:05:43.604912 np0000175539 devstack@n-api-meta.service[108082]: python threads support enabled
May 20 22:05:43.604912 np0000175539 devstack@n-api-meta.service[108082]: your server socket listen backlog is limited to 100 connections
May 20 22:05:43.604912 np0000175539 devstack@n-api-meta.service[108082]: your mercy for graceful operations on workers is 80 seconds
May 20 22:05:43.605540 np0000175539 devstack@n-api-meta.service[108082]: mapped 671795 bytes (656 KB) for 4 cores
May 20 22:05:43.605674 np0000175539 devstack@n-api-meta.service[108082]: *** Operational MODE: preforking ***
May 20 22:05:43.605828 np0000175539 devstack@n-api-meta.service[108082]: *** uWSGI is running in multiple interpreter mode ***
May 20 22:05:43.605828 np0000175539 devstack@n-api-meta.service[108082]: spawned uWSGI master process (pid: 108082)
May 20 22:05:43.606110 np0000175539 systemd[1]: Started devstack@n-api-meta.service - Devstack devstack@n-api-meta.service.
May 20 22:05:43.606586 np0000175539 devstack@n-api-meta.service[108082]: spawned uWSGI worker 1 (pid: 108083, cores: 1)
May 20 22:05:43.607199 np0000175539 devstack@n-api-meta.service[108082]: spawned uWSGI worker 2 (pid: 108084, cores: 1)
May 20 22:05:43.607747 np0000175539 devstack@n-api-meta.service[108082]: spawned uWSGI worker 3 (pid: 108085, cores: 1)
May 20 22:05:43.608296 np0000175539 devstack@n-api-meta.service[108082]: spawned uWSGI worker 4 (pid: 108086, cores: 1)
May 20 22:05:43.608901 np0000175539 devstack@n-api-meta.service[108082]: spawned uWSGI http 1 (pid: 108087)
May 20 22:05:43.608901 np0000175539 devstack@n-api-meta.service[108082]: running "unix_signal:15 gracefully_kill_them_all" (master-start)...
May 20 22:05:45.433835 np0000175539 devstack@n-api-meta.service[108086]: INFO dbcounter [None req-86439ee0-9556-4d38-957c-a4588cacd8c3 None None] Registered counter for database nova_api
May 20 22:05:45.446690 np0000175539 devstack@n-api-meta.service[108084]: INFO dbcounter [None req-122c3b0a-fca8-45ea-b7b1-85b3c451a32f None None] Registered counter for database nova_api
May 20 22:05:45.451413 np0000175539 devstack@n-api-meta.service[108086]: DEBUG oslo_db.sqlalchemy.engines [None req-86439ee0-9556-4d38-957c-a4588cacd8c3 None None] MySQL server mode set to STRICT_TRANS_TABLES,STRICT_ALL_TABLES,NO_ZERO_IN_DATE,NO_ZERO_DATE,ERROR_FOR_DIVISION_BY_ZERO,TRADITIONAL,NO_ENGINE_SUBSTITUTION {{(pid=108086) _check_effective_sql_mode /opt/stack/data/venv/lib/python3.12/site-packages/oslo_db/sqlalchemy/engines.py:325}}
May 20 22:05:45.464107 np0000175539 devstack@n-api-meta.service[108084]: DEBUG oslo_db.sqlalchemy.engines [None req-122c3b0a-fca8-45ea-b7b1-85b3c451a32f None None] MySQL server mode set to STRICT_TRANS_TABLES,STRICT_ALL_TABLES,NO_ZERO_IN_DATE,NO_ZERO_DATE,ERROR_FOR_DIVISION_BY_ZERO,TRADITIONAL,NO_ENGINE_SUBSTITUTION {{(pid=108084) _check_effective_sql_mode /opt/stack/data/venv/lib/python3.12/site-packages/oslo_db/sqlalchemy/engines.py:325}}
May 20 22:05:45.485061 np0000175539 devstack@n-api-meta.service[108086]: DEBUG dbcounter [-] [108086] Writer thread running {{(pid=108086) stat_writer /opt/stack/data/venv/lib/python3.12/site-packages/dbcounter.py:102}}
May 20 22:05:45.487367 np0000175539 devstack@n-api-meta.service[108086]: DEBUG nova.context [None req-86439ee0-9556-4d38-957c-a4588cacd8c3 None None] Found 2 cells: 00000000-0000-0000-0000-000000000000(cell0),25077d40-5830-44ef-9951-6dfef14fc51a(cell1) {{(pid=108086) load_cells /opt/stack/nova/nova/context.py:509}}
May 20 22:05:45.487606 np0000175539 devstack@n-api-meta.service[108086]: INFO nova.utils [None req-86439ee0-9556-4d38-957c-a4588cacd8c3 None None] The cell worker thread pool MainProcess.cell_worker is initialized
May 20 22:05:45.489301 np0000175539 devstack@n-api-meta.service[108086]: DEBUG oslo_concurrency.lockutils [None req-86439ee0-9556-4d38-957c-a4588cacd8c3 None None] Acquiring lock "00000000-0000-0000-0000-000000000000" by "nova.context.set_target_cell..get_or_set_cached_cell_and_set_connections" {{(pid=108086) inner /opt/stack/data/venv/lib/python3.12/site-packages/oslo_concurrency/lockutils.py:511}}
May 20 22:05:45.489481 np0000175539 devstack@n-api-meta.service[108086]: DEBUG oslo_concurrency.lockutils [None req-86439ee0-9556-4d38-957c-a4588cacd8c3 None None] Lock "00000000-0000-0000-0000-000000000000" acquired by "nova.context.set_target_cell..get_or_set_cached_cell_and_set_connections" :: waited 0.000s {{(pid=108086) inner /opt/stack/data/venv/lib/python3.12/site-packages/oslo_concurrency/lockutils.py:524}}
May 20 22:05:45.489831 np0000175539 devstack@n-api-meta.service[108086]: DEBUG oslo_concurrency.lockutils [None req-86439ee0-9556-4d38-957c-a4588cacd8c3 None None] Lock "00000000-0000-0000-0000-000000000000" "released" by "nova.context.set_target_cell..get_or_set_cached_cell_and_set_connections" :: held 0.000s {{(pid=108086) inner /opt/stack/data/venv/lib/python3.12/site-packages/oslo_concurrency/lockutils.py:543}}
May 20 22:05:45.490730 np0000175539 devstack@n-api-meta.service[108086]: DEBUG oslo_concurrency.lockutils [None req-86439ee0-9556-4d38-957c-a4588cacd8c3 None None] Acquiring lock "25077d40-5830-44ef-9951-6dfef14fc51a" by "nova.context.set_target_cell..get_or_set_cached_cell_and_set_connections" {{(pid=108086) inner /opt/stack/data/venv/lib/python3.12/site-packages/oslo_concurrency/lockutils.py:511}}
May 20 22:05:45.490874 np0000175539 devstack@n-api-meta.service[108086]: DEBUG oslo_concurrency.lockutils [None req-86439ee0-9556-4d38-957c-a4588cacd8c3 None None] Lock "25077d40-5830-44ef-9951-6dfef14fc51a" acquired by "nova.context.set_target_cell..get_or_set_cached_cell_and_set_connections" :: waited 0.000s {{(pid=108086) inner /opt/stack/data/venv/lib/python3.12/site-packages/oslo_concurrency/lockutils.py:524}}
May 20 22:05:45.491704 np0000175539 devstack@n-api-meta.service[108086]: DEBUG oslo_concurrency.lockutils [None req-86439ee0-9556-4d38-957c-a4588cacd8c3 None None] Lock "25077d40-5830-44ef-9951-6dfef14fc51a" "released" by "nova.context.set_target_cell..get_or_set_cached_cell_and_set_connections" :: held 0.001s {{(pid=108086) inner /opt/stack/data/venv/lib/python3.12/site-packages/oslo_concurrency/lockutils.py:543}}
May 20 22:05:45.496139 np0000175539 devstack@n-api-meta.service[108086]: INFO dbcounter [None req-86439ee0-9556-4d38-957c-a4588cacd8c3 None None] Registered counter for database nova_cell0
May 20 22:05:45.498178 np0000175539 devstack@n-api-meta.service[108084]: DEBUG dbcounter [-] [108084] Writer thread running {{(pid=108084) stat_writer /opt/stack/data/venv/lib/python3.12/site-packages/dbcounter.py:102}}
May 20 22:05:45.500448 np0000175539 devstack@n-api-meta.service[108084]: DEBUG nova.context [None req-122c3b0a-fca8-45ea-b7b1-85b3c451a32f None None] Found 2 cells: 00000000-0000-0000-0000-000000000000(cell0),25077d40-5830-44ef-9951-6dfef14fc51a(cell1) {{(pid=108084) load_cells /opt/stack/nova/nova/context.py:509}}
May 20 22:05:45.500674 np0000175539 devstack@n-api-meta.service[108084]: INFO nova.utils [None req-122c3b0a-fca8-45ea-b7b1-85b3c451a32f None None] The cell worker thread pool MainProcess.cell_worker is initialized
May 20 22:05:45.502097 np0000175539 devstack@n-api-meta.service[108086]: INFO dbcounter [None req-86439ee0-9556-4d38-957c-a4588cacd8c3 None None] Registered counter for database nova_cell1
May 20 22:05:45.502544 np0000175539 devstack@n-api-meta.service[108084]: DEBUG oslo_concurrency.lockutils [None req-122c3b0a-fca8-45ea-b7b1-85b3c451a32f None None] Acquiring lock "00000000-0000-0000-0000-000000000000" by "nova.context.set_target_cell..get_or_set_cached_cell_and_set_connections" {{(pid=108084) inner /opt/stack/data/venv/lib/python3.12/site-packages/oslo_concurrency/lockutils.py:511}}
May 20 22:05:45.502718 np0000175539 devstack@n-api-meta.service[108084]: DEBUG oslo_concurrency.lockutils [None req-122c3b0a-fca8-45ea-b7b1-85b3c451a32f None None] Lock "00000000-0000-0000-0000-000000000000" acquired by "nova.context.set_target_cell..get_or_set_cached_cell_and_set_connections" :: waited 0.000s {{(pid=108084) inner /opt/stack/data/venv/lib/python3.12/site-packages/oslo_concurrency/lockutils.py:524}}
May 20 22:05:45.503076 np0000175539 devstack@n-api-meta.service[108084]: DEBUG oslo_concurrency.lockutils [None req-122c3b0a-fca8-45ea-b7b1-85b3c451a32f None None] Lock "00000000-0000-0000-0000-000000000000" "released" by "nova.context.set_target_cell..get_or_set_cached_cell_and_set_connections" :: held 0.000s {{(pid=108084) inner /opt/stack/data/venv/lib/python3.12/site-packages/oslo_concurrency/lockutils.py:543}}
May 20 22:05:45.503746 np0000175539 devstack@n-api-meta.service[108084]: DEBUG oslo_concurrency.lockutils [None req-122c3b0a-fca8-45ea-b7b1-85b3c451a32f None None] Acquiring lock "25077d40-5830-44ef-9951-6dfef14fc51a" by "nova.context.set_target_cell..get_or_set_cached_cell_and_set_connections" {{(pid=108084) inner /opt/stack/data/venv/lib/python3.12/site-packages/oslo_concurrency/lockutils.py:511}}
May 20 22:05:45.503885 np0000175539 devstack@n-api-meta.service[108084]: DEBUG oslo_concurrency.lockutils [None req-122c3b0a-fca8-45ea-b7b1-85b3c451a32f None None] Lock "25077d40-5830-44ef-9951-6dfef14fc51a" acquired by "nova.context.set_target_cell..get_or_set_cached_cell_and_set_connections" :: waited 0.000s {{(pid=108084) inner /opt/stack/data/venv/lib/python3.12/site-packages/oslo_concurrency/lockutils.py:524}}
May 20 22:05:45.504793 np0000175539 devstack@n-api-meta.service[108084]: DEBUG oslo_concurrency.lockutils [None req-122c3b0a-fca8-45ea-b7b1-85b3c451a32f None None] Lock "25077d40-5830-44ef-9951-6dfef14fc51a" "released" by "nova.context.set_target_cell..get_or_set_cached_cell_and_set_connections" :: held 0.001s {{(pid=108084) inner /opt/stack/data/venv/lib/python3.12/site-packages/oslo_concurrency/lockutils.py:543}}
May 20 22:05:45.507553 np0000175539 devstack@n-api-meta.service[108083]: INFO dbcounter [None req-d88db2d6-c915-4365-90db-a1411bbf7a83 None None] Registered counter for database nova_api
May 20 22:05:45.509046 np0000175539 devstack@n-api-meta.service[108084]: INFO dbcounter [None req-122c3b0a-fca8-45ea-b7b1-85b3c451a32f None None] Registered counter for database nova_cell0
May 20 22:05:45.511902 np0000175539 devstack@n-api-meta.service[108086]: DEBUG oslo_db.sqlalchemy.engines [None req-86439ee0-9556-4d38-957c-a4588cacd8c3 None None] MySQL server mode set to STRICT_TRANS_TABLES,STRICT_ALL_TABLES,NO_ZERO_IN_DATE,NO_ZERO_DATE,ERROR_FOR_DIVISION_BY_ZERO,TRADITIONAL,NO_ENGINE_SUBSTITUTION {{(pid=108086) _check_effective_sql_mode /opt/stack/data/venv/lib/python3.12/site-packages/oslo_db/sqlalchemy/engines.py:325}}
May 20 22:05:45.514694 np0000175539 devstack@n-api-meta.service[108084]: INFO dbcounter [None req-122c3b0a-fca8-45ea-b7b1-85b3c451a32f None None] Registered counter for database nova_cell1
May 20 22:05:45.518780 np0000175539 devstack@n-api-meta.service[108086]: DEBUG oslo_db.sqlalchemy.engines [None req-86439ee0-9556-4d38-957c-a4588cacd8c3 None None] MySQL server mode set to STRICT_TRANS_TABLES,STRICT_ALL_TABLES,NO_ZERO_IN_DATE,NO_ZERO_DATE,ERROR_FOR_DIVISION_BY_ZERO,TRADITIONAL,NO_ENGINE_SUBSTITUTION {{(pid=108086) _check_effective_sql_mode /opt/stack/data/venv/lib/python3.12/site-packages/oslo_db/sqlalchemy/engines.py:325}}
May 20 22:05:45.525691 np0000175539 devstack@n-api-meta.service[108084]: DEBUG oslo_db.sqlalchemy.engines [None req-122c3b0a-fca8-45ea-b7b1-85b3c451a32f None None] MySQL server mode set to STRICT_TRANS_TABLES,STRICT_ALL_TABLES,NO_ZERO_IN_DATE,NO_ZERO_DATE,ERROR_FOR_DIVISION_BY_ZERO,TRADITIONAL,NO_ENGINE_SUBSTITUTION {{(pid=108084) _check_effective_sql_mode /opt/stack/data/venv/lib/python3.12/site-packages/oslo_db/sqlalchemy/engines.py:325}}
May 20 22:05:45.530230 np0000175539 devstack@n-api-meta.service[108083]: DEBUG oslo_db.sqlalchemy.engines [None req-d88db2d6-c915-4365-90db-a1411bbf7a83 None None] MySQL server mode set to STRICT_TRANS_TABLES,STRICT_ALL_TABLES,NO_ZERO_IN_DATE,NO_ZERO_DATE,ERROR_FOR_DIVISION_BY_ZERO,TRADITIONAL,NO_ENGINE_SUBSTITUTION {{(pid=108083) _check_effective_sql_mode /opt/stack/data/venv/lib/python3.12/site-packages/oslo_db/sqlalchemy/engines.py:325}}
May 20 22:05:45.539840 np0000175539 devstack@n-api-meta.service[108084]: DEBUG oslo_db.sqlalchemy.engines [None req-122c3b0a-fca8-45ea-b7b1-85b3c451a32f None None] MySQL server mode set to STRICT_TRANS_TABLES,STRICT_ALL_TABLES,NO_ZERO_IN_DATE,NO_ZERO_DATE,ERROR_FOR_DIVISION_BY_ZERO,TRADITIONAL,NO_ENGINE_SUBSTITUTION {{(pid=108084) _check_effective_sql_mode /opt/stack/data/venv/lib/python3.12/site-packages/oslo_db/sqlalchemy/engines.py:325}}
May 20 22:05:45.566049 np0000175539 devstack@n-api-meta.service[108083]: DEBUG dbcounter [-] [108083] Writer thread running {{(pid=108083) stat_writer /opt/stack/data/venv/lib/python3.12/site-packages/dbcounter.py:102}}
May 20 22:05:45.569411 np0000175539 devstack@n-api-meta.service[108083]: DEBUG nova.context [None req-d88db2d6-c915-4365-90db-a1411bbf7a83 None None] Found 2 cells: 00000000-0000-0000-0000-000000000000(cell0),25077d40-5830-44ef-9951-6dfef14fc51a(cell1) {{(pid=108083) load_cells /opt/stack/nova/nova/context.py:509}}
May 20 22:05:45.569715 np0000175539 devstack@n-api-meta.service[108083]: INFO nova.utils [None req-d88db2d6-c915-4365-90db-a1411bbf7a83 None None] The cell worker thread pool MainProcess.cell_worker is initialized
May 20 22:05:45.572075 np0000175539 devstack@n-api-meta.service[108083]: DEBUG oslo_concurrency.lockutils [None req-d88db2d6-c915-4365-90db-a1411bbf7a83 None None] Acquiring lock "00000000-0000-0000-0000-000000000000" by "nova.context.set_target_cell..get_or_set_cached_cell_and_set_connections" {{(pid=108083) inner /opt/stack/data/venv/lib/python3.12/site-packages/oslo_concurrency/lockutils.py:511}}
May 20 22:05:45.576703 np0000175539 devstack@n-api-meta.service[108083]: DEBUG oslo_concurrency.lockutils [None req-d88db2d6-c915-4365-90db-a1411bbf7a83 None None] Lock "00000000-0000-0000-0000-000000000000" acquired by "nova.context.set_target_cell..get_or_set_cached_cell_and_set_connections" :: waited 0.000s {{(pid=108083) inner /opt/stack/data/venv/lib/python3.12/site-packages/oslo_concurrency/lockutils.py:524}}
May 20 22:05:45.578080 np0000175539 devstack@n-api-meta.service[108083]: DEBUG oslo_concurrency.lockutils [None req-d88db2d6-c915-4365-90db-a1411bbf7a83 None None] Lock "00000000-0000-0000-0000-000000000000" "released" by "nova.context.set_target_cell..get_or_set_cached_cell_and_set_connections" :: held 0.005s {{(pid=108083) inner /opt/stack/data/venv/lib/python3.12/site-packages/oslo_concurrency/lockutils.py:543}}
May 20 22:05:45.579531 np0000175539 devstack@n-api-meta.service[108083]: DEBUG oslo_concurrency.lockutils [None req-d88db2d6-c915-4365-90db-a1411bbf7a83 None None] Acquiring lock "25077d40-5830-44ef-9951-6dfef14fc51a" by "nova.context.set_target_cell..get_or_set_cached_cell_and_set_connections" {{(pid=108083) inner /opt/stack/data/venv/lib/python3.12/site-packages/oslo_concurrency/lockutils.py:511}}
May 20 22:05:45.579790 np0000175539 devstack@n-api-meta.service[108083]: DEBUG oslo_concurrency.lockutils [None req-d88db2d6-c915-4365-90db-a1411bbf7a83 None None] Lock "25077d40-5830-44ef-9951-6dfef14fc51a" acquired by "nova.context.set_target_cell..get_or_set_cached_cell_and_set_connections" :: waited 0.000s {{(pid=108083) inner /opt/stack/data/venv/lib/python3.12/site-packages/oslo_concurrency/lockutils.py:524}}
May 20 22:05:45.581535 np0000175539 devstack@n-api-meta.service[108083]: DEBUG oslo_concurrency.lockutils [None req-d88db2d6-c915-4365-90db-a1411bbf7a83 None None] Lock "25077d40-5830-44ef-9951-6dfef14fc51a" "released" by "nova.context.set_target_cell..get_or_set_cached_cell_and_set_connections" :: held 0.002s {{(pid=108083) inner /opt/stack/data/venv/lib/python3.12/site-packages/oslo_concurrency/lockutils.py:543}}
May 20 22:05:45.584589 np0000175539 devstack@n-api-meta.service[108083]: INFO dbcounter [None req-d88db2d6-c915-4365-90db-a1411bbf7a83 None None] Registered counter for database nova_cell0
May 20 22:05:45.586838 np0000175539 devstack@n-api-meta.service[108085]: INFO dbcounter [None req-33740e0b-4cc4-498b-aeb6-1444616032f9 None None] Registered counter for database nova_api
May 20 22:05:45.591166 np0000175539 devstack@n-api-meta.service[108083]: INFO dbcounter [None req-d88db2d6-c915-4365-90db-a1411bbf7a83 None None] Registered counter for database nova_cell1
May 20 22:05:45.601340 np0000175539 devstack@n-api-meta.service[108083]: DEBUG oslo_db.sqlalchemy.engines [None req-d88db2d6-c915-4365-90db-a1411bbf7a83 None None] MySQL server mode set to STRICT_TRANS_TABLES,STRICT_ALL_TABLES,NO_ZERO_IN_DATE,NO_ZERO_DATE,ERROR_FOR_DIVISION_BY_ZERO,TRADITIONAL,NO_ENGINE_SUBSTITUTION {{(pid=108083) _check_effective_sql_mode /opt/stack/data/venv/lib/python3.12/site-packages/oslo_db/sqlalchemy/engines.py:325}}
May 20 22:05:45.605039 np0000175539 devstack@n-api-meta.service[108083]: DEBUG oslo_db.sqlalchemy.engines [None req-d88db2d6-c915-4365-90db-a1411bbf7a83 None None] MySQL server mode set to STRICT_TRANS_TABLES,STRICT_ALL_TABLES,NO_ZERO_IN_DATE,NO_ZERO_DATE,ERROR_FOR_DIVISION_BY_ZERO,TRADITIONAL,NO_ENGINE_SUBSTITUTION {{(pid=108083) _check_effective_sql_mode /opt/stack/data/venv/lib/python3.12/site-packages/oslo_db/sqlalchemy/engines.py:325}}
May 20 22:05:45.611169 np0000175539 devstack@n-api-meta.service[108085]: DEBUG oslo_db.sqlalchemy.engines [None req-33740e0b-4cc4-498b-aeb6-1444616032f9 None None] MySQL server mode set to STRICT_TRANS_TABLES,STRICT_ALL_TABLES,NO_ZERO_IN_DATE,NO_ZERO_DATE,ERROR_FOR_DIVISION_BY_ZERO,TRADITIONAL,NO_ENGINE_SUBSTITUTION {{(pid=108085) _check_effective_sql_mode /opt/stack/data/venv/lib/python3.12/site-packages/oslo_db/sqlalchemy/engines.py:325}}
May 20 22:05:45.617819 np0000175539 devstack@n-api-meta.service[108084]: DEBUG dbcounter [-] [108084] Writer thread running {{(pid=108084) stat_writer /opt/stack/data/venv/lib/python3.12/site-packages/dbcounter.py:102}}
May 20 22:05:45.625674 np0000175539 devstack@n-api-meta.service[108084]: DEBUG dbcounter [-] [108084] Writer thread running {{(pid=108084) stat_writer /opt/stack/data/venv/lib/python3.12/site-packages/dbcounter.py:102}}
May 20 22:05:45.628975 np0000175539 devstack@n-api-meta.service[108086]: DEBUG dbcounter [-] [108086] Writer thread running {{(pid=108086) stat_writer /opt/stack/data/venv/lib/python3.12/site-packages/dbcounter.py:102}}
May 20 22:05:45.630307 np0000175539 devstack@n-api-meta.service[108084]: INFO dbcounter [None req-122c3b0a-fca8-45ea-b7b1-85b3c451a32f None None] Registered counter for database nova_cell0
May 20 22:05:45.632860 np0000175539 devstack@n-api-meta.service[108086]: DEBUG dbcounter [-] [108086] Writer thread running {{(pid=108086) stat_writer /opt/stack/data/venv/lib/python3.12/site-packages/dbcounter.py:102}}
May 20 22:05:45.637460 np0000175539 devstack@n-api-meta.service[108086]: INFO dbcounter [None req-86439ee0-9556-4d38-957c-a4588cacd8c3 None None] Registered counter for database nova_cell0
May 20 22:05:45.642845 np0000175539 devstack@n-api-meta.service[108084]: DEBUG oslo_db.sqlalchemy.engines [None req-122c3b0a-fca8-45ea-b7b1-85b3c451a32f None None] MySQL server mode set to STRICT_TRANS_TABLES,STRICT_ALL_TABLES,NO_ZERO_IN_DATE,NO_ZERO_DATE,ERROR_FOR_DIVISION_BY_ZERO,TRADITIONAL,NO_ENGINE_SUBSTITUTION {{(pid=108084) _check_effective_sql_mode /opt/stack/data/venv/lib/python3.12/site-packages/oslo_db/sqlalchemy/engines.py:325}}
May 20 22:05:45.649966 np0000175539 devstack@n-api-meta.service[108085]: DEBUG dbcounter [-] [108085] Writer thread running {{(pid=108085) stat_writer /opt/stack/data/venv/lib/python3.12/site-packages/dbcounter.py:102}}
May 20 22:05:45.650746 np0000175539 devstack@n-api-meta.service[108086]: DEBUG oslo_db.sqlalchemy.engines [None req-86439ee0-9556-4d38-957c-a4588cacd8c3 None None] MySQL server mode set to STRICT_TRANS_TABLES,STRICT_ALL_TABLES,NO_ZERO_IN_DATE,NO_ZERO_DATE,ERROR_FOR_DIVISION_BY_ZERO,TRADITIONAL,NO_ENGINE_SUBSTITUTION {{(pid=108086) _check_effective_sql_mode /opt/stack/data/venv/lib/python3.12/site-packages/oslo_db/sqlalchemy/engines.py:325}}
May 20 22:05:45.651191 np0000175539 devstack@n-api-meta.service[108084]: DEBUG dbcounter [-] [108084] Writer thread running {{(pid=108084) stat_writer /opt/stack/data/venv/lib/python3.12/site-packages/dbcounter.py:102}}
May 20 22:05:45.652468 np0000175539 devstack@n-api-meta.service[108085]: DEBUG nova.context [None req-33740e0b-4cc4-498b-aeb6-1444616032f9 None None] Found 2 cells: 00000000-0000-0000-0000-000000000000(cell0),25077d40-5830-44ef-9951-6dfef14fc51a(cell1) {{(pid=108085) load_cells /opt/stack/nova/nova/context.py:509}}
May 20 22:05:45.652702 np0000175539 devstack@n-api-meta.service[108085]: INFO nova.utils [None req-33740e0b-4cc4-498b-aeb6-1444616032f9 None None] The cell worker thread pool MainProcess.cell_worker is initialized
May 20 22:05:45.655118 np0000175539 devstack@n-api-meta.service[108085]: DEBUG oslo_concurrency.lockutils [None req-33740e0b-4cc4-498b-aeb6-1444616032f9 None None] Acquiring lock "00000000-0000-0000-0000-000000000000" by "nova.context.set_target_cell..get_or_set_cached_cell_and_set_connections" {{(pid=108085) inner /opt/stack/data/venv/lib/python3.12/site-packages/oslo_concurrency/lockutils.py:511}}
May 20 22:05:45.655350 np0000175539 devstack@n-api-meta.service[108085]: DEBUG oslo_concurrency.lockutils [None req-33740e0b-4cc4-498b-aeb6-1444616032f9 None None] Lock "00000000-0000-0000-0000-000000000000" acquired by "nova.context.set_target_cell..get_or_set_cached_cell_and_set_connections" :: waited 0.000s {{(pid=108085) inner /opt/stack/data/venv/lib/python3.12/site-packages/oslo_concurrency/lockutils.py:524}}
May 20 22:05:45.655868 np0000175539 devstack@n-api-meta.service[108085]: DEBUG oslo_concurrency.lockutils [None req-33740e0b-4cc4-498b-aeb6-1444616032f9 None None] Lock "00000000-0000-0000-0000-000000000000" "released" by "nova.context.set_target_cell..get_or_set_cached_cell_and_set_connections" :: held 0.001s {{(pid=108085) inner /opt/stack/data/venv/lib/python3.12/site-packages/oslo_concurrency/lockutils.py:543}}
May 20 22:05:45.656888 np0000175539 devstack@n-api-meta.service[108085]: DEBUG oslo_concurrency.lockutils [None req-33740e0b-4cc4-498b-aeb6-1444616032f9 None None] Acquiring lock "25077d40-5830-44ef-9951-6dfef14fc51a" by "nova.context.set_target_cell..get_or_set_cached_cell_and_set_connections" {{(pid=108085) inner /opt/stack/data/venv/lib/python3.12/site-packages/oslo_concurrency/lockutils.py:511}}
May 20 22:05:45.657091 np0000175539 devstack@n-api-meta.service[108085]: DEBUG oslo_concurrency.lockutils [None req-33740e0b-4cc4-498b-aeb6-1444616032f9 None None] Lock "25077d40-5830-44ef-9951-6dfef14fc51a" acquired by "nova.context.set_target_cell..get_or_set_cached_cell_and_set_connections" :: waited 0.000s {{(pid=108085) inner /opt/stack/data/venv/lib/python3.12/site-packages/oslo_concurrency/lockutils.py:524}}
May 20 22:05:45.658262 np0000175539 devstack@n-api-meta.service[108085]: DEBUG oslo_concurrency.lockutils [None req-33740e0b-4cc4-498b-aeb6-1444616032f9 None None] Lock "25077d40-5830-44ef-9951-6dfef14fc51a" "released" by "nova.context.set_target_cell..get_or_set_cached_cell_and_set_connections" :: held 0.001s {{(pid=108085) inner /opt/stack/data/venv/lib/python3.12/site-packages/oslo_concurrency/lockutils.py:543}}
May 20 22:05:45.663978 np0000175539 devstack@n-api-meta.service[108085]: INFO dbcounter [None req-33740e0b-4cc4-498b-aeb6-1444616032f9 None None] Registered counter for database nova_cell0
May 20 22:05:45.664156 np0000175539 devstack@n-api-meta.service[108086]: DEBUG dbcounter [-] [108086] Writer thread running {{(pid=108086) stat_writer /opt/stack/data/venv/lib/python3.12/site-packages/dbcounter.py:102}}
May 20 22:05:45.667472 np0000175539 devstack@n-api-meta.service[108085]: INFO dbcounter [None req-33740e0b-4cc4-498b-aeb6-1444616032f9 None None] Registered counter for database nova_cell1
May 20 22:05:45.680438 np0000175539 devstack@n-api-meta.service[108085]: DEBUG oslo_db.sqlalchemy.engines [None req-33740e0b-4cc4-498b-aeb6-1444616032f9 None None] MySQL server mode set to STRICT_TRANS_TABLES,STRICT_ALL_TABLES,NO_ZERO_IN_DATE,NO_ZERO_DATE,ERROR_FOR_DIVISION_BY_ZERO,TRADITIONAL,NO_ENGINE_SUBSTITUTION {{(pid=108085) _check_effective_sql_mode /opt/stack/data/venv/lib/python3.12/site-packages/oslo_db/sqlalchemy/engines.py:325}}
May 20 22:05:45.686037 np0000175539 devstack@n-api-meta.service[108085]: DEBUG oslo_db.sqlalchemy.engines [None req-33740e0b-4cc4-498b-aeb6-1444616032f9 None None] MySQL server mode set to STRICT_TRANS_TABLES,STRICT_ALL_TABLES,NO_ZERO_IN_DATE,NO_ZERO_DATE,ERROR_FOR_DIVISION_BY_ZERO,TRADITIONAL,NO_ENGINE_SUBSTITUTION {{(pid=108085) _check_effective_sql_mode /opt/stack/data/venv/lib/python3.12/site-packages/oslo_db/sqlalchemy/engines.py:325}}
May 20 22:05:45.700317 np0000175539 devstack@n-api-meta.service[108084]: WARNING nova.api.metadata.handler [None req-122c3b0a-fca8-45ea-b7b1-85b3c451a32f None None] metadata_proxy_shared_secret is not configured, the metadata information returned by the proxy cannot be trusted
May 20 22:05:45.703005 np0000175539 devstack@n-api-meta.service[108084]: DEBUG nova.api.openstack.wsgi_app [None req-122c3b0a-fca8-45ea-b7b1-85b3c451a32f None None] ******************************************************************************** {{(pid=108084) log_opt_values /opt/stack/data/venv/lib/python3.12/site-packages/oslo_config/cfg.py:3229}}
May 20 22:05:45.703181 np0000175539 devstack@n-api-meta.service[108084]: DEBUG nova.api.openstack.wsgi_app [None req-122c3b0a-fca8-45ea-b7b1-85b3c451a32f None None] Configuration options gathered from: {{(pid=108084) log_opt_values /opt/stack/data/venv/lib/python3.12/site-packages/oslo_config/cfg.py:3230}}
May 20 22:05:45.703364 np0000175539 devstack@n-api-meta.service[108084]: DEBUG nova.api.openstack.wsgi_app [None req-122c3b0a-fca8-45ea-b7b1-85b3c451a32f None None] command line args: [] {{(pid=108084) log_opt_values /opt/stack/data/venv/lib/python3.12/site-packages/oslo_config/cfg.py:3231}}
May 20 22:05:45.703865 np0000175539 devstack@n-api-meta.service[108084]: DEBUG nova.api.openstack.wsgi_app [None req-122c3b0a-fca8-45ea-b7b1-85b3c451a32f None None] config files: ['/etc/nova/api-paste.ini', '/etc/nova/nova.conf'] {{(pid=108084) log_opt_values /opt/stack/data/venv/lib/python3.12/site-packages/oslo_config/cfg.py:3232}}
May 20 22:05:45.703915 np0000175539 devstack@n-api-meta.service[108084]: DEBUG nova.api.openstack.wsgi_app [None req-122c3b0a-fca8-45ea-b7b1-85b3c451a32f None None] ================================================================================ {{(pid=108084) log_opt_values /opt/stack/data/venv/lib/python3.12/site-packages/oslo_config/cfg.py:3237}}
May 20 22:05:45.704261 np0000175539 devstack@n-api-meta.service[108084]: DEBUG nova.api.openstack.wsgi_app [None req-122c3b0a-fca8-45ea-b7b1-85b3c451a32f None None] allow_resize_to_same_host = True {{(pid=108084) log_opt_values /opt/stack/data/venv/lib/python3.12/site-packages/oslo_config/cfg.py:3245}}
May 20 22:05:45.704521 np0000175539 devstack@n-api-meta.service[108084]: DEBUG nova.api.openstack.wsgi_app [None req-122c3b0a-fca8-45ea-b7b1-85b3c451a32f None None] arq_binding_timeout = 300 {{(pid=108084) log_opt_values /opt/stack/data/venv/lib/python3.12/site-packages/oslo_config/cfg.py:3245}}
May 20 22:05:45.704721 np0000175539 devstack@n-api-meta.service[108084]: DEBUG nova.api.openstack.wsgi_app [None req-122c3b0a-fca8-45ea-b7b1-85b3c451a32f None None] block_device_allocate_retries = 60 {{(pid=108084) log_opt_values /opt/stack/data/venv/lib/python3.12/site-packages/oslo_config/cfg.py:3245}}
May 20 22:05:45.704942 np0000175539 devstack@n-api-meta.service[108084]: DEBUG nova.api.openstack.wsgi_app [None req-122c3b0a-fca8-45ea-b7b1-85b3c451a32f None None] block_device_allocate_retries_interval = 3 {{(pid=108084) log_opt_values /opt/stack/data/venv/lib/python3.12/site-packages/oslo_config/cfg.py:3245}}
May 20 22:05:45.705165 np0000175539 devstack@n-api-meta.service[108084]: DEBUG nova.api.openstack.wsgi_app [None req-122c3b0a-fca8-45ea-b7b1-85b3c451a32f None None] cell_worker_thread_pool_size = 5 {{(pid=108084) log_opt_values /opt/stack/data/venv/lib/python3.12/site-packages/oslo_config/cfg.py:3245}}
May 20 22:05:45.705348 np0000175539 devstack@n-api-meta.service[108084]: DEBUG nova.api.openstack.wsgi_app [None req-122c3b0a-fca8-45ea-b7b1-85b3c451a32f None None] cert = self.pem {{(pid=108084) log_opt_values /opt/stack/data/venv/lib/python3.12/site-packages/oslo_config/cfg.py:3245}}
May 20 22:05:45.705532 np0000175539 devstack@n-api-meta.service[108084]: DEBUG nova.api.openstack.wsgi_app [None req-122c3b0a-fca8-45ea-b7b1-85b3c451a32f None None] compute_driver = libvirt.LibvirtDriver {{(pid=108084) log_opt_values /opt/stack/data/venv/lib/python3.12/site-packages/oslo_config/cfg.py:3245}}
May 20 22:05:45.705844 np0000175539 devstack@n-api-meta.service[108084]: DEBUG nova.api.openstack.wsgi_app [None req-122c3b0a-fca8-45ea-b7b1-85b3c451a32f None None] compute_monitors = [] {{(pid=108084) log_opt_values /opt/stack/data/venv/lib/python3.12/site-packages/oslo_config/cfg.py:3245}}
May 20 22:05:45.705919 np0000175539 devstack@n-api-meta.service[108084]: DEBUG nova.api.openstack.wsgi_app [None req-122c3b0a-fca8-45ea-b7b1-85b3c451a32f None None] config_dir = [] {{(pid=108084) log_opt_values /opt/stack/data/venv/lib/python3.12/site-packages/oslo_config/cfg.py:3245}}
May 20 22:05:45.706122 np0000175539 devstack@n-api-meta.service[108084]: DEBUG nova.api.openstack.wsgi_app [None req-122c3b0a-fca8-45ea-b7b1-85b3c451a32f None None] config_drive_format = iso9660 {{(pid=108084) log_opt_values /opt/stack/data/venv/lib/python3.12/site-packages/oslo_config/cfg.py:3245}}
May 20 22:05:45.706249 np0000175539 devstack@n-api-meta.service[108084]: DEBUG nova.api.openstack.wsgi_app [None req-122c3b0a-fca8-45ea-b7b1-85b3c451a32f None None] config_file = ['/etc/nova/api-paste.ini', '/etc/nova/nova.conf'] {{(pid=108084) log_opt_values /opt/stack/data/venv/lib/python3.12/site-packages/oslo_config/cfg.py:3245}}
May 20 22:05:45.706436 np0000175539 devstack@n-api-meta.service[108084]: DEBUG nova.api.openstack.wsgi_app [None req-122c3b0a-fca8-45ea-b7b1-85b3c451a32f None None] config_source = [] {{(pid=108084) log_opt_values /opt/stack/data/venv/lib/python3.12/site-packages/oslo_config/cfg.py:3245}}
May 20 22:05:45.706575 np0000175539 devstack@n-api-meta.service[108084]: DEBUG nova.api.openstack.wsgi_app [None req-122c3b0a-fca8-45ea-b7b1-85b3c451a32f None None] console_host = np0000175539 {{(pid=108084) log_opt_values /opt/stack/data/venv/lib/python3.12/site-packages/oslo_config/cfg.py:3245}}
May 20 22:05:45.706744 np0000175539 devstack@n-api-meta.service[108084]: DEBUG nova.api.openstack.wsgi_app [None req-122c3b0a-fca8-45ea-b7b1-85b3c451a32f None None] control_exchange = nova {{(pid=108084) log_opt_values /opt/stack/data/venv/lib/python3.12/site-packages/oslo_config/cfg.py:3245}}
May 20 22:05:45.706877 np0000175539 devstack@n-api-meta.service[108084]: DEBUG nova.api.openstack.wsgi_app [None req-122c3b0a-fca8-45ea-b7b1-85b3c451a32f None None] cpu_allocation_ratio = None {{(pid=108084) log_opt_values /opt/stack/data/venv/lib/python3.12/site-packages/oslo_config/cfg.py:3245}}
May 20 22:05:45.707005 np0000175539 devstack@n-api-meta.service[108084]: DEBUG nova.api.openstack.wsgi_app [None req-122c3b0a-fca8-45ea-b7b1-85b3c451a32f None None] daemon = False {{(pid=108084) log_opt_values /opt/stack/data/venv/lib/python3.12/site-packages/oslo_config/cfg.py:3245}}
May 20 22:05:45.707146 np0000175539 devstack@n-api-meta.service[108084]: DEBUG nova.api.openstack.wsgi_app [None req-122c3b0a-fca8-45ea-b7b1-85b3c451a32f None None] debug = True {{(pid=108084) log_opt_values /opt/stack/data/venv/lib/python3.12/site-packages/oslo_config/cfg.py:3245}}
May 20 22:05:45.707318 np0000175539 devstack@n-api-meta.service[108084]: DEBUG nova.api.openstack.wsgi_app [None req-122c3b0a-fca8-45ea-b7b1-85b3c451a32f None None] default_access_ip_network_name = None {{(pid=108084) log_opt_values /opt/stack/data/venv/lib/python3.12/site-packages/oslo_config/cfg.py:3245}}
May 20 22:05:45.707524 np0000175539 devstack@n-api-meta.service[108084]: DEBUG nova.api.openstack.wsgi_app [None req-122c3b0a-fca8-45ea-b7b1-85b3c451a32f None None] default_availability_zone = nova {{(pid=108084) log_opt_values /opt/stack/data/venv/lib/python3.12/site-packages/oslo_config/cfg.py:3245}}
May 20 22:05:45.707667 np0000175539 devstack@n-api-meta.service[108084]: DEBUG nova.api.openstack.wsgi_app [None req-122c3b0a-fca8-45ea-b7b1-85b3c451a32f None None] default_ephemeral_format = ext4 {{(pid=108084) log_opt_values /opt/stack/data/venv/lib/python3.12/site-packages/oslo_config/cfg.py:3245}}
May 20 22:05:45.707798 np0000175539 devstack@n-api-meta.service[108084]: DEBUG nova.api.openstack.wsgi_app [None req-122c3b0a-fca8-45ea-b7b1-85b3c451a32f None None] default_green_pool_size = 1000 {{(pid=108084) log_opt_values /opt/stack/data/venv/lib/python3.12/site-packages/oslo_config/cfg.py:3245}}
May 20 22:05:45.708012 np0000175539 devstack@n-api-meta.service[108084]: DEBUG nova.api.openstack.wsgi_app [None req-122c3b0a-fca8-45ea-b7b1-85b3c451a32f None None] default_log_levels = ['amqp=WARN', 'boto=WARN', 'sqlalchemy=WARN', 'suds=INFO', 'oslo.messaging=INFO', 'oslo_messaging=INFO', 'iso8601=WARN', 'requests.packages.urllib3.connectionpool=WARN', 'urllib3.connectionpool=WARN', 'websocket=WARN', 'requests.packages.urllib3.util.retry=WARN', 'urllib3.util.retry=WARN', 'keystonemiddleware=WARN', 'routes.middleware=WARN', 'stevedore=WARN', 'taskflow=WARN', 'keystoneauth=WARN', 'oslo.cache=INFO', 'oslo_policy=INFO', 'dogpile.core.dogpile=INFO', 'glanceclient=WARN', 'oslo.privsep.daemon=INFO'] {{(pid=108084) log_opt_values /opt/stack/data/venv/lib/python3.12/site-packages/oslo_config/cfg.py:3245}}
May 20 22:05:45.708238 np0000175539 devstack@n-api-meta.service[108084]: DEBUG nova.api.openstack.wsgi_app [None req-122c3b0a-fca8-45ea-b7b1-85b3c451a32f None None] default_schedule_zone = None {{(pid=108084) log_opt_values /opt/stack/data/venv/lib/python3.12/site-packages/oslo_config/cfg.py:3245}}
May 20 22:05:45.708276 np0000175539 devstack@n-api-meta.service[108084]: DEBUG nova.api.openstack.wsgi_app [None req-122c3b0a-fca8-45ea-b7b1-85b3c451a32f None None] default_thread_pool_size = 10 {{(pid=108084) log_opt_values /opt/stack/data/venv/lib/python3.12/site-packages/oslo_config/cfg.py:3245}}
May 20 22:05:45.708435 np0000175539 devstack@n-api-meta.service[108084]: DEBUG nova.api.openstack.wsgi_app [None req-122c3b0a-fca8-45ea-b7b1-85b3c451a32f None None] disk_allocation_ratio = None {{(pid=108084) log_opt_values /opt/stack/data/venv/lib/python3.12/site-packages/oslo_config/cfg.py:3245}}
May 20 22:05:45.708565 np0000175539 devstack@n-api-meta.service[108084]: DEBUG nova.api.openstack.wsgi_app [None req-122c3b0a-fca8-45ea-b7b1-85b3c451a32f None None] enable_new_services = True {{(pid=108084) log_opt_values /opt/stack/data/venv/lib/python3.12/site-packages/oslo_config/cfg.py:3245}}
May 20 22:05:45.708690 np0000175539 devstack@n-api-meta.service[108084]: DEBUG nova.api.openstack.wsgi_app [None req-122c3b0a-fca8-45ea-b7b1-85b3c451a32f None None] flat_injected = False {{(pid=108084) log_opt_values /opt/stack/data/venv/lib/python3.12/site-packages/oslo_config/cfg.py:3245}}
May 20 22:05:45.708818 np0000175539 devstack@n-api-meta.service[108084]: DEBUG nova.api.openstack.wsgi_app [None req-122c3b0a-fca8-45ea-b7b1-85b3c451a32f None None] force_config_drive = False {{(pid=108084) log_opt_values /opt/stack/data/venv/lib/python3.12/site-packages/oslo_config/cfg.py:3245}}
May 20 22:05:45.708943 np0000175539 devstack@n-api-meta.service[108084]: DEBUG nova.api.openstack.wsgi_app [None req-122c3b0a-fca8-45ea-b7b1-85b3c451a32f None None] force_raw_images = True {{(pid=108084) log_opt_values /opt/stack/data/venv/lib/python3.12/site-packages/oslo_config/cfg.py:3245}}
May 20 22:05:45.709081 np0000175539 devstack@n-api-meta.service[108084]: DEBUG nova.api.openstack.wsgi_app [None req-122c3b0a-fca8-45ea-b7b1-85b3c451a32f None None] graceful_shutdown_timeout = 5 {{(pid=108084) log_opt_values /opt/stack/data/venv/lib/python3.12/site-packages/oslo_config/cfg.py:3245}}
May 20 22:05:45.709208 np0000175539 devstack@n-api-meta.service[108084]: DEBUG nova.api.openstack.wsgi_app [None req-122c3b0a-fca8-45ea-b7b1-85b3c451a32f None None] heal_instance_info_cache_interval = -1 {{(pid=108084) log_opt_values /opt/stack/data/venv/lib/python3.12/site-packages/oslo_config/cfg.py:3245}}
May 20 22:05:45.709409 np0000175539 devstack@n-api-meta.service[108084]: DEBUG nova.api.openstack.wsgi_app [None req-122c3b0a-fca8-45ea-b7b1-85b3c451a32f None None] host = np0000175539 {{(pid=108084) log_opt_values /opt/stack/data/venv/lib/python3.12/site-packages/oslo_config/cfg.py:3245}}
May 20 22:05:45.709546 np0000175539 devstack@n-api-meta.service[108084]: DEBUG nova.api.openstack.wsgi_app [None req-122c3b0a-fca8-45ea-b7b1-85b3c451a32f None None] initial_cpu_allocation_ratio = 4.0 {{(pid=108084) log_opt_values /opt/stack/data/venv/lib/python3.12/site-packages/oslo_config/cfg.py:3245}}
May 20 22:05:45.709675 np0000175539 devstack@n-api-meta.service[108084]: DEBUG nova.api.openstack.wsgi_app [None req-122c3b0a-fca8-45ea-b7b1-85b3c451a32f None None] initial_disk_allocation_ratio = 1.0 {{(pid=108084) log_opt_values /opt/stack/data/venv/lib/python3.12/site-packages/oslo_config/cfg.py:3245}}
May 20 22:05:45.709802 np0000175539 devstack@n-api-meta.service[108084]: DEBUG nova.api.openstack.wsgi_app [None req-122c3b0a-fca8-45ea-b7b1-85b3c451a32f None None] initial_ram_allocation_ratio = 1.0 {{(pid=108084) log_opt_values /opt/stack/data/venv/lib/python3.12/site-packages/oslo_config/cfg.py:3245}}
May 20 22:05:45.709977 np0000175539 devstack@n-api-meta.service[108084]: DEBUG nova.api.openstack.wsgi_app [None req-122c3b0a-fca8-45ea-b7b1-85b3c451a32f None None] injected_network_template = /opt/stack/nova/nova/virt/interfaces.template {{(pid=108084) log_opt_values /opt/stack/data/venv/lib/python3.12/site-packages/oslo_config/cfg.py:3245}}
May 20 22:05:45.710103 np0000175539 devstack@n-api-meta.service[108084]: DEBUG nova.api.openstack.wsgi_app [None req-122c3b0a-fca8-45ea-b7b1-85b3c451a32f None None] instance_build_timeout = 0 {{(pid=108084) log_opt_values /opt/stack/data/venv/lib/python3.12/site-packages/oslo_config/cfg.py:3245}}
May 20 22:05:45.710233 np0000175539 devstack@n-api-meta.service[108084]: DEBUG nova.api.openstack.wsgi_app [None req-122c3b0a-fca8-45ea-b7b1-85b3c451a32f None None] instance_delete_interval = 300 {{(pid=108084) log_opt_values /opt/stack/data/venv/lib/python3.12/site-packages/oslo_config/cfg.py:3245}}
May 20 22:05:45.710368 np0000175539 devstack@n-api-meta.service[108084]: DEBUG nova.api.openstack.wsgi_app [None req-122c3b0a-fca8-45ea-b7b1-85b3c451a32f None None] instance_format = [instance: %(uuid)s] {{(pid=108084) log_opt_values /opt/stack/data/venv/lib/python3.12/site-packages/oslo_config/cfg.py:3245}}
May 20 22:05:45.710519 np0000175539 devstack@n-api-meta.service[108084]: DEBUG nova.api.openstack.wsgi_app [None req-122c3b0a-fca8-45ea-b7b1-85b3c451a32f None None] instance_name_template = instance-%08x {{(pid=108084) log_opt_values /opt/stack/data/venv/lib/python3.12/site-packages/oslo_config/cfg.py:3245}}
May 20 22:05:45.710645 np0000175539 devstack@n-api-meta.service[108084]: DEBUG nova.api.openstack.wsgi_app [None req-122c3b0a-fca8-45ea-b7b1-85b3c451a32f None None] instance_usage_audit = False {{(pid=108084) log_opt_values /opt/stack/data/venv/lib/python3.12/site-packages/oslo_config/cfg.py:3245}}
May 20 22:05:45.710780 np0000175539 devstack@n-api-meta.service[108084]: DEBUG nova.api.openstack.wsgi_app [None req-122c3b0a-fca8-45ea-b7b1-85b3c451a32f None None] instance_usage_audit_period = month {{(pid=108084) log_opt_values /opt/stack/data/venv/lib/python3.12/site-packages/oslo_config/cfg.py:3245}}
May 20 22:05:45.710910 np0000175539 devstack@n-api-meta.service[108084]: DEBUG nova.api.openstack.wsgi_app [None req-122c3b0a-fca8-45ea-b7b1-85b3c451a32f None None] instance_uuid_format = [instance: %(uuid)s] {{(pid=108084) log_opt_values /opt/stack/data/venv/lib/python3.12/site-packages/oslo_config/cfg.py:3245}}
May 20 22:05:45.711041 np0000175539 devstack@n-api-meta.service[108084]: DEBUG nova.api.openstack.wsgi_app [None req-122c3b0a-fca8-45ea-b7b1-85b3c451a32f None None] instances_path = /opt/stack/data/nova/instances {{(pid=108084) log_opt_values /opt/stack/data/venv/lib/python3.12/site-packages/oslo_config/cfg.py:3245}}
May 20 22:05:45.711116 np0000175539 devstack@n-api-meta.service[108086]: WARNING nova.api.metadata.handler [None req-86439ee0-9556-4d38-957c-a4588cacd8c3 None None] metadata_proxy_shared_secret is not configured, the metadata information returned by the proxy cannot be trusted
May 20 22:05:45.711162 np0000175539 devstack@n-api-meta.service[108084]: DEBUG nova.api.openstack.wsgi_app [None req-122c3b0a-fca8-45ea-b7b1-85b3c451a32f None None] internal_service_availability_zone = internal {{(pid=108084) log_opt_values /opt/stack/data/venv/lib/python3.12/site-packages/oslo_config/cfg.py:3245}}
May 20 22:05:45.711292 np0000175539 devstack@n-api-meta.service[108084]: DEBUG nova.api.openstack.wsgi_app [None req-122c3b0a-fca8-45ea-b7b1-85b3c451a32f None None] key = None {{(pid=108084) log_opt_values /opt/stack/data/venv/lib/python3.12/site-packages/oslo_config/cfg.py:3245}}
May 20 22:05:45.711435 np0000175539 devstack@n-api-meta.service[108084]: DEBUG nova.api.openstack.wsgi_app [None req-122c3b0a-fca8-45ea-b7b1-85b3c451a32f None None] live_migration_retry_count = 30 {{(pid=108084) log_opt_values /opt/stack/data/venv/lib/python3.12/site-packages/oslo_config/cfg.py:3245}}
May 20 22:05:45.711571 np0000175539 devstack@n-api-meta.service[108084]: DEBUG nova.api.openstack.wsgi_app [None req-122c3b0a-fca8-45ea-b7b1-85b3c451a32f None None] log_color = False {{(pid=108084) log_opt_values /opt/stack/data/venv/lib/python3.12/site-packages/oslo_config/cfg.py:3245}}
May 20 22:05:45.711704 np0000175539 devstack@n-api-meta.service[108084]: DEBUG nova.api.openstack.wsgi_app [None req-122c3b0a-fca8-45ea-b7b1-85b3c451a32f None None] log_config_append = None {{(pid=108084) log_opt_values /opt/stack/data/venv/lib/python3.12/site-packages/oslo_config/cfg.py:3245}}
May 20 22:05:45.711836 np0000175539 devstack@n-api-meta.service[108084]: DEBUG nova.api.openstack.wsgi_app [None req-122c3b0a-fca8-45ea-b7b1-85b3c451a32f None None] log_date_format = %Y-%m-%d %H:%M:%S {{(pid=108084) log_opt_values /opt/stack/data/venv/lib/python3.12/site-packages/oslo_config/cfg.py:3245}}
May 20 22:05:45.711966 np0000175539 devstack@n-api-meta.service[108084]: DEBUG nova.api.openstack.wsgi_app [None req-122c3b0a-fca8-45ea-b7b1-85b3c451a32f None None] log_dir = None {{(pid=108084) log_opt_values /opt/stack/data/venv/lib/python3.12/site-packages/oslo_config/cfg.py:3245}}
May 20 22:05:45.712092 np0000175539 devstack@n-api-meta.service[108084]: DEBUG nova.api.openstack.wsgi_app [None req-122c3b0a-fca8-45ea-b7b1-85b3c451a32f None None] log_file = None {{(pid=108084) log_opt_values /opt/stack/data/venv/lib/python3.12/site-packages/oslo_config/cfg.py:3245}}
May 20 22:05:45.712225 np0000175539 devstack@n-api-meta.service[108084]: DEBUG nova.api.openstack.wsgi_app [None req-122c3b0a-fca8-45ea-b7b1-85b3c451a32f None None] log_options = True {{(pid=108084) log_opt_values /opt/stack/data/venv/lib/python3.12/site-packages/oslo_config/cfg.py:3245}}
May 20 22:05:45.712371 np0000175539 devstack@n-api-meta.service[108084]: DEBUG nova.api.openstack.wsgi_app [None req-122c3b0a-fca8-45ea-b7b1-85b3c451a32f None None] log_rotate_interval = 1 {{(pid=108084) log_opt_values /opt/stack/data/venv/lib/python3.12/site-packages/oslo_config/cfg.py:3245}}
May 20 22:05:45.712540 np0000175539 devstack@n-api-meta.service[108084]: DEBUG nova.api.openstack.wsgi_app [None req-122c3b0a-fca8-45ea-b7b1-85b3c451a32f None None] log_rotate_interval_type = days {{(pid=108084) log_opt_values /opt/stack/data/venv/lib/python3.12/site-packages/oslo_config/cfg.py:3245}}
May 20 22:05:45.712667 np0000175539 devstack@n-api-meta.service[108084]: DEBUG nova.api.openstack.wsgi_app [None req-122c3b0a-fca8-45ea-b7b1-85b3c451a32f None None] log_rotation_type = none {{(pid=108084) log_opt_values /opt/stack/data/venv/lib/python3.12/site-packages/oslo_config/cfg.py:3245}}
May 20 22:05:45.712762 np0000175539 devstack@n-api-meta.service[108084]: DEBUG nova.api.openstack.wsgi_app [None req-122c3b0a-fca8-45ea-b7b1-85b3c451a32f None None] logging_context_format_string = %(color)s%(levelname)s %(name)s [%(global_request_id)s %(request_id)s %(project_name)s %(user_name)s%(color)s] %(instance)s%(color)s%(message)s {{(pid=108084) log_opt_values /opt/stack/data/venv/lib/python3.12/site-packages/oslo_config/cfg.py:3245}}
May 20 22:05:45.713492 np0000175539 devstack@n-api-meta.service[108084]: DEBUG nova.api.openstack.wsgi_app [None req-122c3b0a-fca8-45ea-b7b1-85b3c451a32f None None] logging_debug_format_suffix = {{(pid=%(process)d) %(funcName)s %(pathname)s:%(lineno)d}} {{(pid=108084) log_opt_values /opt/stack/data/venv/lib/python3.12/site-packages/oslo_config/cfg.py:3245}}
May 20 22:05:45.713492 np0000175539 devstack@n-api-meta.service[108084]: DEBUG nova.api.openstack.wsgi_app [None req-122c3b0a-fca8-45ea-b7b1-85b3c451a32f None None] logging_default_format_string = %(color)s%(levelname)s %(name)s [-%(color)s] %(instance)s%(color)s%(message)s {{(pid=108084) log_opt_values /opt/stack/data/venv/lib/python3.12/site-packages/oslo_config/cfg.py:3245}}
May 20 22:05:45.713492 np0000175539 devstack@n-api-meta.service[108084]: DEBUG nova.api.openstack.wsgi_app [None req-122c3b0a-fca8-45ea-b7b1-85b3c451a32f None None] logging_exception_prefix = ERROR %(name)s %(instance)s {{(pid=108084) log_opt_values /opt/stack/data/venv/lib/python3.12/site-packages/oslo_config/cfg.py:3245}}
May 20 22:05:45.713619 np0000175539 devstack@n-api-meta.service[108084]: DEBUG nova.api.openstack.wsgi_app [None req-122c3b0a-fca8-45ea-b7b1-85b3c451a32f None None] logging_user_identity_format = %(user)s %(project)s %(domain)s %(system_scope)s %(user_domain)s %(project_domain)s {{(pid=108084) log_opt_values /opt/stack/data/venv/lib/python3.12/site-packages/oslo_config/cfg.py:3245}}
May 20 22:05:45.713780 np0000175539 devstack@n-api-meta.service[108084]: DEBUG nova.api.openstack.wsgi_app [None req-122c3b0a-fca8-45ea-b7b1-85b3c451a32f None None] long_rpc_timeout = 1800 {{(pid=108084) log_opt_values /opt/stack/data/venv/lib/python3.12/site-packages/oslo_config/cfg.py:3245}}
May 20 22:05:45.713827 np0000175539 devstack@n-api-meta.service[108086]: DEBUG nova.api.openstack.wsgi_app [None req-86439ee0-9556-4d38-957c-a4588cacd8c3 None None] ******************************************************************************** {{(pid=108086) log_opt_values /opt/stack/data/venv/lib/python3.12/site-packages/oslo_config/cfg.py:3229}}
May 20 22:05:45.713920 np0000175539 devstack@n-api-meta.service[108086]: DEBUG nova.api.openstack.wsgi_app [None req-86439ee0-9556-4d38-957c-a4588cacd8c3 None None] Configuration options gathered from: {{(pid=108086) log_opt_values /opt/stack/data/venv/lib/python3.12/site-packages/oslo_config/cfg.py:3230}}
