May 21 23:16:55.807117 np0000176062 systemd[1]: Starting devstack@n-api.service - Devstack devstack@n-api.service...
May 21 23:16:55.814653 np0000176062 devstack@n-api.service[99876]: [uWSGI] getting INI configuration from /etc/nova/nova-api-uwsgi.ini
May 21 23:16:55.818140 np0000176062 devstack@n-api.service[99876]: *** Starting uWSGI 2.0.24-debian (64bit) on [Thu May 21 23:16:55 2026] ***
May 21 23:16:55.818140 np0000176062 devstack@n-api.service[99876]: compiled with version: 13.2.0 on 17 April 2024 16:23:48
May 21 23:16:55.818140 np0000176062 devstack@n-api.service[99876]: os: Linux-6.8.0-117-generic #117-Ubuntu SMP PREEMPT_DYNAMIC Tue May 5 19:26:24 UTC 2026
May 21 23:16:55.818140 np0000176062 devstack@n-api.service[99876]: nodename: np0000176062
May 21 23:16:55.818140 np0000176062 devstack@n-api.service[99876]: machine: x86_64
May 21 23:16:55.818140 np0000176062 devstack@n-api.service[99876]: clock source: unix
May 21 23:16:55.818140 np0000176062 devstack@n-api.service[99876]: pcre jit disabled
May 21 23:16:55.818140 np0000176062 devstack@n-api.service[99876]: detected number of CPU cores: 16
May 21 23:16:55.818140 np0000176062 devstack@n-api.service[99876]: current working directory: /
May 21 23:16:55.818140 np0000176062 devstack@n-api.service[99876]: detected binary path: /usr/bin/uwsgi-core
May 21 23:16:55.818140 np0000176062 devstack@n-api.service[99876]: your processes number limit is 256917
May 21 23:16:55.818140 np0000176062 devstack@n-api.service[99876]: your memory page size is 4096 bytes
May 21 23:16:55.818140 np0000176062 devstack@n-api.service[99876]: detected max file descriptor number: 2048
May 21 23:16:55.818140 np0000176062 devstack@n-api.service[99876]: lock engine: pthread robust mutexes
May 21 23:16:55.818860 np0000176062 devstack@n-api.service[99876]: thunder lock: enabled
May 21 23:16:55.818860 np0000176062 devstack@n-api.service[99876]: uwsgi socket 0 bound to UNIX address /var/run/uwsgi/nova-api.socket fd 4
May 21 23:16:55.818860 np0000176062 devstack@n-api.service[99876]: Python version: 3.12.3 (main, Mar 23 2026, 19:04:32) [GCC 13.3.0]
May 21 23:16:55.818860 np0000176062 devstack@n-api.service[99876]: PEP 405 virtualenv detected: /opt/stack/data/venv
May 21 23:16:55.818860 np0000176062 devstack@n-api.service[99876]: Set PythonHome to /opt/stack/data/venv
May 21 23:16:55.855267 np0000176062 devstack@n-api.service[99876]: Python main interpreter initialized at 0x7fdfdc4a3668
May 21 23:16:55.855267 np0000176062 devstack@n-api.service[99876]: python threads support enabled
May 21 23:16:55.855267 np0000176062 devstack@n-api.service[99876]: your server socket listen backlog is limited to 100 connections
May 21 23:16:55.855267 np0000176062 devstack@n-api.service[99876]: your mercy for graceful operations on workers is 80 seconds
May 21 23:16:55.855865 np0000176062 devstack@n-api.service[99876]: mapped 671795 bytes (656 KB) for 4 cores
May 21 23:16:55.856006 np0000176062 devstack@n-api.service[99876]: *** Operational MODE: preforking ***
May 21 23:16:55.856168 np0000176062 devstack@n-api.service[99876]: *** uWSGI is running in multiple interpreter mode ***
May 21 23:16:55.856168 np0000176062 devstack@n-api.service[99876]: spawned uWSGI master process (pid: 99876)
May 21 23:16:55.856368 np0000176062 systemd[1]: Started devstack@n-api.service - Devstack devstack@n-api.service.
May 21 23:16:55.857018 np0000176062 devstack@n-api.service[99876]: spawned uWSGI worker 1 (pid: 99877, cores: 1)
May 21 23:16:55.858018 np0000176062 devstack@n-api.service[99876]: spawned uWSGI worker 2 (pid: 99878, cores: 1)
May 21 23:16:55.858611 np0000176062 devstack@n-api.service[99876]: spawned uWSGI worker 3 (pid: 99879, cores: 1)
May 21 23:16:55.859173 np0000176062 devstack@n-api.service[99876]: spawned uWSGI worker 4 (pid: 99880, cores: 1)
May 21 23:16:55.859247 np0000176062 devstack@n-api.service[99876]: running "unix_signal:15 gracefully_kill_them_all" (master-start)...
May 21 23:16:57.653847 np0000176062 devstack@n-api.service[99878]: INFO dbcounter [None req-6027d7af-42bd-4f57-aa81-810adae4cb54 None None] Registered counter for database nova_api
May 21 23:16:57.667832 np0000176062 devstack@n-api.service[99878]: DEBUG oslo_db.sqlalchemy.engines [None req-6027d7af-42bd-4f57-aa81-810adae4cb54 None None] MySQL server mode set to STRICT_TRANS_TABLES,STRICT_ALL_TABLES,NO_ZERO_IN_DATE,NO_ZERO_DATE,ERROR_FOR_DIVISION_BY_ZERO,TRADITIONAL,NO_ENGINE_SUBSTITUTION {{(pid=99878) _check_effective_sql_mode /opt/stack/data/venv/lib/python3.12/site-packages/oslo_db/sqlalchemy/engines.py:325}}
May 21 23:16:57.672731 np0000176062 devstack@n-api.service[99880]: INFO dbcounter [None req-a7174d0b-498d-4d1e-ad88-e5b31ec78562 None None] Registered counter for database nova_api
May 21 23:16:57.687197 np0000176062 devstack@n-api.service[99880]: DEBUG oslo_db.sqlalchemy.engines [None req-a7174d0b-498d-4d1e-ad88-e5b31ec78562 None None] MySQL server mode set to STRICT_TRANS_TABLES,STRICT_ALL_TABLES,NO_ZERO_IN_DATE,NO_ZERO_DATE,ERROR_FOR_DIVISION_BY_ZERO,TRADITIONAL,NO_ENGINE_SUBSTITUTION {{(pid=99880) _check_effective_sql_mode /opt/stack/data/venv/lib/python3.12/site-packages/oslo_db/sqlalchemy/engines.py:325}}
May 21 23:16:57.696958 np0000176062 devstack@n-api.service[99877]: INFO dbcounter [None req-7b1be299-7eca-459a-9169-d4207d13b2df None None] Registered counter for database nova_api
May 21 23:16:57.702798 np0000176062 devstack@n-api.service[99878]: DEBUG dbcounter [-] [99878] Writer thread running {{(pid=99878) stat_writer /opt/stack/data/venv/lib/python3.12/site-packages/dbcounter.py:102}}
May 21 23:16:57.705651 np0000176062 devstack@n-api.service[99878]: DEBUG nova.context [None req-6027d7af-42bd-4f57-aa81-810adae4cb54 None None] Found 2 cells: 00000000-0000-0000-0000-000000000000(cell0),a62d3479-e675-4464-bd2d-2df1b22fad90(cell1) {{(pid=99878) load_cells /opt/stack/nova/nova/context.py:509}}
May 21 23:16:57.705891 np0000176062 devstack@n-api.service[99878]: INFO nova.utils [None req-6027d7af-42bd-4f57-aa81-810adae4cb54 None None] The cell worker thread pool MainProcess.cell_worker is initialized
May 21 23:16:57.708592 np0000176062 devstack@n-api.service[99878]: DEBUG oslo_concurrency.lockutils [None req-6027d7af-42bd-4f57-aa81-810adae4cb54 None None] Acquiring lock "00000000-0000-0000-0000-000000000000" by "nova.context.set_target_cell..get_or_set_cached_cell_and_set_connections" {{(pid=99878) inner /opt/stack/data/venv/lib/python3.12/site-packages/oslo_concurrency/lockutils.py:511}}
May 21 23:16:57.708724 np0000176062 devstack@n-api.service[99878]: DEBUG oslo_concurrency.lockutils [None req-6027d7af-42bd-4f57-aa81-810adae4cb54 None None] Lock "00000000-0000-0000-0000-000000000000" acquired by "nova.context.set_target_cell..get_or_set_cached_cell_and_set_connections" :: waited 0.000s {{(pid=99878) inner /opt/stack/data/venv/lib/python3.12/site-packages/oslo_concurrency/lockutils.py:524}}
May 21 23:16:57.709295 np0000176062 devstack@n-api.service[99878]: DEBUG oslo_concurrency.lockutils [None req-6027d7af-42bd-4f57-aa81-810adae4cb54 None None] Lock "00000000-0000-0000-0000-000000000000" "released" by "nova.context.set_target_cell..get_or_set_cached_cell_and_set_connections" :: held 0.001s {{(pid=99878) inner /opt/stack/data/venv/lib/python3.12/site-packages/oslo_concurrency/lockutils.py:543}}
May 21 23:16:57.710496 np0000176062 devstack@n-api.service[99878]: DEBUG oslo_concurrency.lockutils [None req-6027d7af-42bd-4f57-aa81-810adae4cb54 None None] Acquiring lock "a62d3479-e675-4464-bd2d-2df1b22fad90" by "nova.context.set_target_cell..get_or_set_cached_cell_and_set_connections" {{(pid=99878) inner /opt/stack/data/venv/lib/python3.12/site-packages/oslo_concurrency/lockutils.py:511}}
May 21 23:16:57.713161 np0000176062 devstack@n-api.service[99878]: DEBUG oslo_concurrency.lockutils [None req-6027d7af-42bd-4f57-aa81-810adae4cb54 None None] Lock "a62d3479-e675-4464-bd2d-2df1b22fad90" acquired by "nova.context.set_target_cell..get_or_set_cached_cell_and_set_connections" :: waited 0.000s {{(pid=99878) inner /opt/stack/data/venv/lib/python3.12/site-packages/oslo_concurrency/lockutils.py:524}}
May 21 23:16:57.713161 np0000176062 devstack@n-api.service[99878]: DEBUG oslo_concurrency.lockutils [None req-6027d7af-42bd-4f57-aa81-810adae4cb54 None None] Lock "a62d3479-e675-4464-bd2d-2df1b22fad90" "released" by "nova.context.set_target_cell..get_or_set_cached_cell_and_set_connections" :: held 0.001s {{(pid=99878) inner /opt/stack/data/venv/lib/python3.12/site-packages/oslo_concurrency/lockutils.py:543}}
May 21 23:16:57.714409 np0000176062 devstack@n-api.service[99877]: DEBUG oslo_db.sqlalchemy.engines [None req-7b1be299-7eca-459a-9169-d4207d13b2df None None] MySQL server mode set to STRICT_TRANS_TABLES,STRICT_ALL_TABLES,NO_ZERO_IN_DATE,NO_ZERO_DATE,ERROR_FOR_DIVISION_BY_ZERO,TRADITIONAL,NO_ENGINE_SUBSTITUTION {{(pid=99877) _check_effective_sql_mode /opt/stack/data/venv/lib/python3.12/site-packages/oslo_db/sqlalchemy/engines.py:325}}
May 21 23:16:57.716244 np0000176062 devstack@n-api.service[99878]: INFO dbcounter [None req-6027d7af-42bd-4f57-aa81-810adae4cb54 None None] Registered counter for database nova_cell0
May 21 23:16:57.718117 np0000176062 devstack@n-api.service[99880]: DEBUG dbcounter [-] [99880] Writer thread running {{(pid=99880) stat_writer /opt/stack/data/venv/lib/python3.12/site-packages/dbcounter.py:102}}
May 21 23:16:57.720838 np0000176062 devstack@n-api.service[99880]: DEBUG nova.context [None req-a7174d0b-498d-4d1e-ad88-e5b31ec78562 None None] Found 2 cells: 00000000-0000-0000-0000-000000000000(cell0),a62d3479-e675-4464-bd2d-2df1b22fad90(cell1) {{(pid=99880) load_cells /opt/stack/nova/nova/context.py:509}}
May 21 23:16:57.721316 np0000176062 devstack@n-api.service[99880]: INFO nova.utils [None req-a7174d0b-498d-4d1e-ad88-e5b31ec78562 None None] The cell worker thread pool MainProcess.cell_worker is initialized
May 21 23:16:57.722952 np0000176062 devstack@n-api.service[99880]: DEBUG oslo_concurrency.lockutils [None req-a7174d0b-498d-4d1e-ad88-e5b31ec78562 None None] Acquiring lock "00000000-0000-0000-0000-000000000000" by "nova.context.set_target_cell..get_or_set_cached_cell_and_set_connections" {{(pid=99880) inner /opt/stack/data/venv/lib/python3.12/site-packages/oslo_concurrency/lockutils.py:511}}
May 21 23:16:57.723121 np0000176062 devstack@n-api.service[99880]: DEBUG oslo_concurrency.lockutils [None req-a7174d0b-498d-4d1e-ad88-e5b31ec78562 None None] Lock "00000000-0000-0000-0000-000000000000" acquired by "nova.context.set_target_cell..get_or_set_cached_cell_and_set_connections" :: waited 0.000s {{(pid=99880) inner /opt/stack/data/venv/lib/python3.12/site-packages/oslo_concurrency/lockutils.py:524}}
May 21 23:16:57.723499 np0000176062 devstack@n-api.service[99880]: DEBUG oslo_concurrency.lockutils [None req-a7174d0b-498d-4d1e-ad88-e5b31ec78562 None None] Lock "00000000-0000-0000-0000-000000000000" "released" by "nova.context.set_target_cell..get_or_set_cached_cell_and_set_connections" :: held 0.000s {{(pid=99880) inner /opt/stack/data/venv/lib/python3.12/site-packages/oslo_concurrency/lockutils.py:543}}
May 21 23:16:57.724669 np0000176062 devstack@n-api.service[99880]: DEBUG oslo_concurrency.lockutils [None req-a7174d0b-498d-4d1e-ad88-e5b31ec78562 None None] Acquiring lock "a62d3479-e675-4464-bd2d-2df1b22fad90" by "nova.context.set_target_cell..get_or_set_cached_cell_and_set_connections" {{(pid=99880) inner /opt/stack/data/venv/lib/python3.12/site-packages/oslo_concurrency/lockutils.py:511}}
May 21 23:16:57.724808 np0000176062 devstack@n-api.service[99878]: INFO dbcounter [None req-6027d7af-42bd-4f57-aa81-810adae4cb54 None None] Registered counter for database nova_cell1
May 21 23:16:57.724936 np0000176062 devstack@n-api.service[99880]: DEBUG oslo_concurrency.lockutils [None req-a7174d0b-498d-4d1e-ad88-e5b31ec78562 None None] Lock "a62d3479-e675-4464-bd2d-2df1b22fad90" acquired by "nova.context.set_target_cell..get_or_set_cached_cell_and_set_connections" :: waited 0.000s {{(pid=99880) inner /opt/stack/data/venv/lib/python3.12/site-packages/oslo_concurrency/lockutils.py:524}}
May 21 23:16:57.725888 np0000176062 devstack@n-api.service[99880]: DEBUG oslo_concurrency.lockutils [None req-a7174d0b-498d-4d1e-ad88-e5b31ec78562 None None] Lock "a62d3479-e675-4464-bd2d-2df1b22fad90" "released" by "nova.context.set_target_cell..get_or_set_cached_cell_and_set_connections" :: held 0.001s {{(pid=99880) inner /opt/stack/data/venv/lib/python3.12/site-packages/oslo_concurrency/lockutils.py:543}}
May 21 23:16:57.729751 np0000176062 devstack@n-api.service[99880]: INFO dbcounter [None req-a7174d0b-498d-4d1e-ad88-e5b31ec78562 None None] Registered counter for database nova_cell0
May 21 23:16:57.735382 np0000176062 devstack@n-api.service[99880]: INFO dbcounter [None req-a7174d0b-498d-4d1e-ad88-e5b31ec78562 None None] Registered counter for database nova_cell1
May 21 23:16:57.737359 np0000176062 devstack@n-api.service[99878]: DEBUG oslo_db.sqlalchemy.engines [None req-6027d7af-42bd-4f57-aa81-810adae4cb54 None None] MySQL server mode set to STRICT_TRANS_TABLES,STRICT_ALL_TABLES,NO_ZERO_IN_DATE,NO_ZERO_DATE,ERROR_FOR_DIVISION_BY_ZERO,TRADITIONAL,NO_ENGINE_SUBSTITUTION {{(pid=99878) _check_effective_sql_mode /opt/stack/data/venv/lib/python3.12/site-packages/oslo_db/sqlalchemy/engines.py:325}}
May 21 23:16:57.744258 np0000176062 devstack@n-api.service[99878]: DEBUG oslo_db.sqlalchemy.engines [None req-6027d7af-42bd-4f57-aa81-810adae4cb54 None None] MySQL server mode set to STRICT_TRANS_TABLES,STRICT_ALL_TABLES,NO_ZERO_IN_DATE,NO_ZERO_DATE,ERROR_FOR_DIVISION_BY_ZERO,TRADITIONAL,NO_ENGINE_SUBSTITUTION {{(pid=99878) _check_effective_sql_mode /opt/stack/data/venv/lib/python3.12/site-packages/oslo_db/sqlalchemy/engines.py:325}}
May 21 23:16:57.748177 np0000176062 devstack@n-api.service[99880]: DEBUG oslo_db.sqlalchemy.engines [None req-a7174d0b-498d-4d1e-ad88-e5b31ec78562 None None] MySQL server mode set to STRICT_TRANS_TABLES,STRICT_ALL_TABLES,NO_ZERO_IN_DATE,NO_ZERO_DATE,ERROR_FOR_DIVISION_BY_ZERO,TRADITIONAL,NO_ENGINE_SUBSTITUTION {{(pid=99880) _check_effective_sql_mode /opt/stack/data/venv/lib/python3.12/site-packages/oslo_db/sqlalchemy/engines.py:325}}
May 21 23:16:57.750846 np0000176062 devstack@n-api.service[99877]: DEBUG dbcounter [-] [99877] Writer thread running {{(pid=99877) stat_writer /opt/stack/data/venv/lib/python3.12/site-packages/dbcounter.py:102}}
May 21 23:16:57.752666 np0000176062 devstack@n-api.service[99879]: INFO dbcounter [None req-1dcca61a-04b2-4abf-a738-bd9ece5b6987 None None] Registered counter for database nova_api
May 21 23:16:57.754237 np0000176062 devstack@n-api.service[99880]: DEBUG oslo_db.sqlalchemy.engines [None req-a7174d0b-498d-4d1e-ad88-e5b31ec78562 None None] MySQL server mode set to STRICT_TRANS_TABLES,STRICT_ALL_TABLES,NO_ZERO_IN_DATE,NO_ZERO_DATE,ERROR_FOR_DIVISION_BY_ZERO,TRADITIONAL,NO_ENGINE_SUBSTITUTION {{(pid=99880) _check_effective_sql_mode /opt/stack/data/venv/lib/python3.12/site-packages/oslo_db/sqlalchemy/engines.py:325}}
May 21 23:16:57.754748 np0000176062 devstack@n-api.service[99877]: DEBUG nova.context [None req-7b1be299-7eca-459a-9169-d4207d13b2df None None] Found 2 cells: 00000000-0000-0000-0000-000000000000(cell0),a62d3479-e675-4464-bd2d-2df1b22fad90(cell1) {{(pid=99877) load_cells /opt/stack/nova/nova/context.py:509}}
May 21 23:16:57.755065 np0000176062 devstack@n-api.service[99877]: INFO nova.utils [None req-7b1be299-7eca-459a-9169-d4207d13b2df None None] The cell worker thread pool MainProcess.cell_worker is initialized
May 21 23:16:57.757503 np0000176062 devstack@n-api.service[99877]: DEBUG oslo_concurrency.lockutils [None req-7b1be299-7eca-459a-9169-d4207d13b2df None None] Acquiring lock "00000000-0000-0000-0000-000000000000" by "nova.context.set_target_cell..get_or_set_cached_cell_and_set_connections" {{(pid=99877) inner /opt/stack/data/venv/lib/python3.12/site-packages/oslo_concurrency/lockutils.py:511}}
May 21 23:16:57.757772 np0000176062 devstack@n-api.service[99877]: DEBUG oslo_concurrency.lockutils [None req-7b1be299-7eca-459a-9169-d4207d13b2df None None] Lock "00000000-0000-0000-0000-000000000000" acquired by "nova.context.set_target_cell..get_or_set_cached_cell_and_set_connections" :: waited 0.000s {{(pid=99877) inner /opt/stack/data/venv/lib/python3.12/site-packages/oslo_concurrency/lockutils.py:524}}
May 21 23:16:57.758262 np0000176062 devstack@n-api.service[99877]: DEBUG oslo_concurrency.lockutils [None req-7b1be299-7eca-459a-9169-d4207d13b2df None None] Lock "00000000-0000-0000-0000-000000000000" "released" by "nova.context.set_target_cell..get_or_set_cached_cell_and_set_connections" :: held 0.000s {{(pid=99877) inner /opt/stack/data/venv/lib/python3.12/site-packages/oslo_concurrency/lockutils.py:543}}
May 21 23:16:57.759260 np0000176062 devstack@n-api.service[99877]: DEBUG oslo_concurrency.lockutils [None req-7b1be299-7eca-459a-9169-d4207d13b2df None None] Acquiring lock "a62d3479-e675-4464-bd2d-2df1b22fad90" by "nova.context.set_target_cell..get_or_set_cached_cell_and_set_connections" {{(pid=99877) inner /opt/stack/data/venv/lib/python3.12/site-packages/oslo_concurrency/lockutils.py:511}}
May 21 23:16:57.759486 np0000176062 devstack@n-api.service[99877]: DEBUG oslo_concurrency.lockutils [None req-7b1be299-7eca-459a-9169-d4207d13b2df None None] Lock "a62d3479-e675-4464-bd2d-2df1b22fad90" acquired by "nova.context.set_target_cell..get_or_set_cached_cell_and_set_connections" :: waited 0.000s {{(pid=99877) inner /opt/stack/data/venv/lib/python3.12/site-packages/oslo_concurrency/lockutils.py:524}}
May 21 23:16:57.760679 np0000176062 devstack@n-api.service[99877]: DEBUG oslo_concurrency.lockutils [None req-7b1be299-7eca-459a-9169-d4207d13b2df None None] Lock "a62d3479-e675-4464-bd2d-2df1b22fad90" "released" by "nova.context.set_target_cell..get_or_set_cached_cell_and_set_connections" :: held 0.001s {{(pid=99877) inner /opt/stack/data/venv/lib/python3.12/site-packages/oslo_concurrency/lockutils.py:543}}
May 21 23:16:57.764632 np0000176062 devstack@n-api.service[99877]: INFO dbcounter [None req-7b1be299-7eca-459a-9169-d4207d13b2df None None] Registered counter for database nova_cell0
May 21 23:16:57.768270 np0000176062 devstack@n-api.service[99879]: DEBUG oslo_db.sqlalchemy.engines [None req-1dcca61a-04b2-4abf-a738-bd9ece5b6987 None None] MySQL server mode set to STRICT_TRANS_TABLES,STRICT_ALL_TABLES,NO_ZERO_IN_DATE,NO_ZERO_DATE,ERROR_FOR_DIVISION_BY_ZERO,TRADITIONAL,NO_ENGINE_SUBSTITUTION {{(pid=99879) _check_effective_sql_mode /opt/stack/data/venv/lib/python3.12/site-packages/oslo_db/sqlalchemy/engines.py:325}}
May 21 23:16:57.771576 np0000176062 devstack@n-api.service[99877]: INFO dbcounter [None req-7b1be299-7eca-459a-9169-d4207d13b2df None None] Registered counter for database nova_cell1
May 21 23:16:57.783432 np0000176062 devstack@n-api.service[99877]: DEBUG oslo_db.sqlalchemy.engines [None req-7b1be299-7eca-459a-9169-d4207d13b2df None None] MySQL server mode set to STRICT_TRANS_TABLES,STRICT_ALL_TABLES,NO_ZERO_IN_DATE,NO_ZERO_DATE,ERROR_FOR_DIVISION_BY_ZERO,TRADITIONAL,NO_ENGINE_SUBSTITUTION {{(pid=99877) _check_effective_sql_mode /opt/stack/data/venv/lib/python3.12/site-packages/oslo_db/sqlalchemy/engines.py:325}}
May 21 23:16:57.790082 np0000176062 devstack@n-api.service[99877]: DEBUG oslo_db.sqlalchemy.engines [None req-7b1be299-7eca-459a-9169-d4207d13b2df None None] MySQL server mode set to STRICT_TRANS_TABLES,STRICT_ALL_TABLES,NO_ZERO_IN_DATE,NO_ZERO_DATE,ERROR_FOR_DIVISION_BY_ZERO,TRADITIONAL,NO_ENGINE_SUBSTITUTION {{(pid=99877) _check_effective_sql_mode /opt/stack/data/venv/lib/python3.12/site-packages/oslo_db/sqlalchemy/engines.py:325}}
May 21 23:16:57.800924 np0000176062 devstack@n-api.service[99879]: DEBUG dbcounter [-] [99879] Writer thread running {{(pid=99879) stat_writer /opt/stack/data/venv/lib/python3.12/site-packages/dbcounter.py:102}}
May 21 23:16:57.801829 np0000176062 devstack@n-api.service[99879]: DEBUG nova.context [None req-1dcca61a-04b2-4abf-a738-bd9ece5b6987 None None] Found 2 cells: 00000000-0000-0000-0000-000000000000(cell0),a62d3479-e675-4464-bd2d-2df1b22fad90(cell1) {{(pid=99879) load_cells /opt/stack/nova/nova/context.py:509}}
May 21 23:16:57.802071 np0000176062 devstack@n-api.service[99879]: INFO nova.utils [None req-1dcca61a-04b2-4abf-a738-bd9ece5b6987 None None] The cell worker thread pool MainProcess.cell_worker is initialized
May 21 23:16:57.804371 np0000176062 devstack@n-api.service[99879]: DEBUG oslo_concurrency.lockutils [None req-1dcca61a-04b2-4abf-a738-bd9ece5b6987 None None] Acquiring lock "00000000-0000-0000-0000-000000000000" by "nova.context.set_target_cell..get_or_set_cached_cell_and_set_connections" {{(pid=99879) inner /opt/stack/data/venv/lib/python3.12/site-packages/oslo_concurrency/lockutils.py:511}}
May 21 23:16:57.804642 np0000176062 devstack@n-api.service[99879]: DEBUG oslo_concurrency.lockutils [None req-1dcca61a-04b2-4abf-a738-bd9ece5b6987 None None] Lock "00000000-0000-0000-0000-000000000000" acquired by "nova.context.set_target_cell..get_or_set_cached_cell_and_set_connections" :: waited 0.000s {{(pid=99879) inner /opt/stack/data/venv/lib/python3.12/site-packages/oslo_concurrency/lockutils.py:524}}
May 21 23:16:57.805129 np0000176062 devstack@n-api.service[99879]: DEBUG oslo_concurrency.lockutils [None req-1dcca61a-04b2-4abf-a738-bd9ece5b6987 None None] Lock "00000000-0000-0000-0000-000000000000" "released" by "nova.context.set_target_cell..get_or_set_cached_cell_and_set_connections" :: held 0.001s {{(pid=99879) inner /opt/stack/data/venv/lib/python3.12/site-packages/oslo_concurrency/lockutils.py:543}}
May 21 23:16:57.806137 np0000176062 devstack@n-api.service[99879]: DEBUG oslo_concurrency.lockutils [None req-1dcca61a-04b2-4abf-a738-bd9ece5b6987 None None] Acquiring lock "a62d3479-e675-4464-bd2d-2df1b22fad90" by "nova.context.set_target_cell..get_or_set_cached_cell_and_set_connections" {{(pid=99879) inner /opt/stack/data/venv/lib/python3.12/site-packages/oslo_concurrency/lockutils.py:511}}
May 21 23:16:57.806334 np0000176062 devstack@n-api.service[99879]: DEBUG oslo_concurrency.lockutils [None req-1dcca61a-04b2-4abf-a738-bd9ece5b6987 None None] Lock "a62d3479-e675-4464-bd2d-2df1b22fad90" acquired by "nova.context.set_target_cell..get_or_set_cached_cell_and_set_connections" :: waited 0.000s {{(pid=99879) inner /opt/stack/data/venv/lib/python3.12/site-packages/oslo_concurrency/lockutils.py:524}}
May 21 23:16:57.807530 np0000176062 devstack@n-api.service[99879]: DEBUG oslo_concurrency.lockutils [None req-1dcca61a-04b2-4abf-a738-bd9ece5b6987 None None] Lock "a62d3479-e675-4464-bd2d-2df1b22fad90" "released" by "nova.context.set_target_cell..get_or_set_cached_cell_and_set_connections" :: held 0.001s {{(pid=99879) inner /opt/stack/data/venv/lib/python3.12/site-packages/oslo_concurrency/lockutils.py:543}}
May 21 23:16:57.811417 np0000176062 devstack@n-api.service[99879]: INFO dbcounter [None req-1dcca61a-04b2-4abf-a738-bd9ece5b6987 None None] Registered counter for database nova_cell0
May 21 23:16:57.816841 np0000176062 devstack@n-api.service[99879]: INFO dbcounter [None req-1dcca61a-04b2-4abf-a738-bd9ece5b6987 None None] Registered counter for database nova_cell1
May 21 23:16:57.827564 np0000176062 devstack@n-api.service[99879]: DEBUG oslo_db.sqlalchemy.engines [None req-1dcca61a-04b2-4abf-a738-bd9ece5b6987 None None] MySQL server mode set to STRICT_TRANS_TABLES,STRICT_ALL_TABLES,NO_ZERO_IN_DATE,NO_ZERO_DATE,ERROR_FOR_DIVISION_BY_ZERO,TRADITIONAL,NO_ENGINE_SUBSTITUTION {{(pid=99879) _check_effective_sql_mode /opt/stack/data/venv/lib/python3.12/site-packages/oslo_db/sqlalchemy/engines.py:325}}
May 21 23:16:57.833680 np0000176062 devstack@n-api.service[99879]: DEBUG oslo_db.sqlalchemy.engines [None req-1dcca61a-04b2-4abf-a738-bd9ece5b6987 None None] MySQL server mode set to STRICT_TRANS_TABLES,STRICT_ALL_TABLES,NO_ZERO_IN_DATE,NO_ZERO_DATE,ERROR_FOR_DIVISION_BY_ZERO,TRADITIONAL,NO_ENGINE_SUBSTITUTION {{(pid=99879) _check_effective_sql_mode /opt/stack/data/venv/lib/python3.12/site-packages/oslo_db/sqlalchemy/engines.py:325}}
May 21 23:16:57.834136 np0000176062 devstack@n-api.service[99878]: DEBUG dbcounter [-] [99878] Writer thread running {{(pid=99878) stat_writer /opt/stack/data/venv/lib/python3.12/site-packages/dbcounter.py:102}}
May 21 23:16:57.840772 np0000176062 devstack@n-api.service[99878]: DEBUG dbcounter [-] [99878] Writer thread running {{(pid=99878) stat_writer /opt/stack/data/venv/lib/python3.12/site-packages/dbcounter.py:102}}
May 21 23:16:57.847108 np0000176062 devstack@n-api.service[99878]: INFO dbcounter [None req-6027d7af-42bd-4f57-aa81-810adae4cb54 None None] Registered counter for database nova_cell0
May 21 23:16:57.855670 np0000176062 devstack@n-api.service[99880]: DEBUG dbcounter [-] [99880] Writer thread running {{(pid=99880) stat_writer /opt/stack/data/venv/lib/python3.12/site-packages/dbcounter.py:102}}
May 21 23:16:57.856684 np0000176062 devstack@n-api.service[99880]: DEBUG dbcounter [-] [99880] Writer thread running {{(pid=99880) stat_writer /opt/stack/data/venv/lib/python3.12/site-packages/dbcounter.py:102}}
May 21 23:16:57.858888 np0000176062 devstack@n-api.service[99878]: DEBUG oslo_db.sqlalchemy.engines [None req-6027d7af-42bd-4f57-aa81-810adae4cb54 None None] MySQL server mode set to STRICT_TRANS_TABLES,STRICT_ALL_TABLES,NO_ZERO_IN_DATE,NO_ZERO_DATE,ERROR_FOR_DIVISION_BY_ZERO,TRADITIONAL,NO_ENGINE_SUBSTITUTION {{(pid=99878) _check_effective_sql_mode /opt/stack/data/venv/lib/python3.12/site-packages/oslo_db/sqlalchemy/engines.py:325}}
May 21 23:16:57.866631 np0000176062 devstack@n-api.service[99878]: DEBUG dbcounter [-] [99878] Writer thread running {{(pid=99878) stat_writer /opt/stack/data/venv/lib/python3.12/site-packages/dbcounter.py:102}}
May 21 23:16:57.888206 np0000176062 devstack@n-api.service[99877]: DEBUG dbcounter [-] [99877] Writer thread running {{(pid=99877) stat_writer /opt/stack/data/venv/lib/python3.12/site-packages/dbcounter.py:102}}
May 21 23:16:57.889050 np0000176062 devstack@n-api.service[99877]: DEBUG dbcounter [-] [99877] Writer thread running {{(pid=99877) stat_writer /opt/stack/data/venv/lib/python3.12/site-packages/dbcounter.py:102}}
May 21 23:16:57.914370 np0000176062 devstack@n-api.service[99880]: INFO dbcounter [None req-a7174d0b-498d-4d1e-ad88-e5b31ec78562 None None] Registered counter for database nova_cell0
May 21 23:16:57.917432 np0000176062 devstack@n-api.service[99877]: INFO dbcounter [None req-7b1be299-7eca-459a-9169-d4207d13b2df None None] Registered counter for database nova_cell0
May 21 23:16:57.924238 np0000176062 devstack@n-api.service[99880]: DEBUG oslo_db.sqlalchemy.engines [None req-a7174d0b-498d-4d1e-ad88-e5b31ec78562 None None] MySQL server mode set to STRICT_TRANS_TABLES,STRICT_ALL_TABLES,NO_ZERO_IN_DATE,NO_ZERO_DATE,ERROR_FOR_DIVISION_BY_ZERO,TRADITIONAL,NO_ENGINE_SUBSTITUTION {{(pid=99880) _check_effective_sql_mode /opt/stack/data/venv/lib/python3.12/site-packages/oslo_db/sqlalchemy/engines.py:325}}
May 21 23:16:57.926739 np0000176062 devstack@n-api.service[99877]: DEBUG oslo_db.sqlalchemy.engines [None req-7b1be299-7eca-459a-9169-d4207d13b2df None None] MySQL server mode set to STRICT_TRANS_TABLES,STRICT_ALL_TABLES,NO_ZERO_IN_DATE,NO_ZERO_DATE,ERROR_FOR_DIVISION_BY_ZERO,TRADITIONAL,NO_ENGINE_SUBSTITUTION {{(pid=99877) _check_effective_sql_mode /opt/stack/data/venv/lib/python3.12/site-packages/oslo_db/sqlalchemy/engines.py:325}}
May 21 23:16:57.932483 np0000176062 devstack@n-api.service[99879]: DEBUG dbcounter [-] [99879] Writer thread running {{(pid=99879) stat_writer /opt/stack/data/venv/lib/python3.12/site-packages/dbcounter.py:102}}
May 21 23:16:57.933772 np0000176062 devstack@n-api.service[99879]: DEBUG dbcounter [-] [99879] Writer thread running {{(pid=99879) stat_writer /opt/stack/data/venv/lib/python3.12/site-packages/dbcounter.py:102}}
May 21 23:16:57.935203 np0000176062 devstack@n-api.service[99880]: DEBUG dbcounter [-] [99880] Writer thread running {{(pid=99880) stat_writer /opt/stack/data/venv/lib/python3.12/site-packages/dbcounter.py:102}}
May 21 23:16:57.936081 np0000176062 devstack@n-api.service[99877]: DEBUG dbcounter [-] [99877] Writer thread running {{(pid=99877) stat_writer /opt/stack/data/venv/lib/python3.12/site-packages/dbcounter.py:102}}
May 21 23:16:57.940025 np0000176062 devstack@n-api.service[99879]: INFO dbcounter [None req-1dcca61a-04b2-4abf-a738-bd9ece5b6987 None None] Registered counter for database nova_cell0
May 21 23:16:57.951188 np0000176062 devstack@n-api.service[99879]: DEBUG oslo_db.sqlalchemy.engines [None req-1dcca61a-04b2-4abf-a738-bd9ece5b6987 None None] MySQL server mode set to STRICT_TRANS_TABLES,STRICT_ALL_TABLES,NO_ZERO_IN_DATE,NO_ZERO_DATE,ERROR_FOR_DIVISION_BY_ZERO,TRADITIONAL,NO_ENGINE_SUBSTITUTION {{(pid=99879) _check_effective_sql_mode /opt/stack/data/venv/lib/python3.12/site-packages/oslo_db/sqlalchemy/engines.py:325}}
May 21 23:16:57.961945 np0000176062 devstack@n-api.service[99879]: DEBUG dbcounter [-] [99879] Writer thread running {{(pid=99879) stat_writer /opt/stack/data/venv/lib/python3.12/site-packages/dbcounter.py:102}}
May 21 23:16:58.416919 np0000176062 devstack@n-api.service[99877]: DEBUG oslo_concurrency.processutils [None req-7b1be299-7eca-459a-9169-d4207d13b2df None None] Running cmd (subprocess): grep -F node.session.scan /sbin/iscsiadm {{(pid=99877) execute /opt/stack/data/venv/lib/python3.12/site-packages/oslo_concurrency/processutils.py:440}}
May 21 23:16:58.437075 np0000176062 devstack@n-api.service[99878]: DEBUG oslo_concurrency.processutils [None req-6027d7af-42bd-4f57-aa81-810adae4cb54 None None] Running cmd (subprocess): grep -F node.session.scan /sbin/iscsiadm {{(pid=99878) execute /opt/stack/data/venv/lib/python3.12/site-packages/oslo_concurrency/processutils.py:440}}
May 21 23:16:58.438845 np0000176062 devstack@n-api.service[99877]: DEBUG oslo_concurrency.processutils [None req-7b1be299-7eca-459a-9169-d4207d13b2df None None] CMD "grep -F node.session.scan /sbin/iscsiadm" returned: 0 in 0.022s {{(pid=99877) execute /opt/stack/data/venv/lib/python3.12/site-packages/oslo_concurrency/processutils.py:468}}
May 21 23:16:58.443880 np0000176062 devstack@n-api.service[99879]: DEBUG oslo_concurrency.processutils [None req-1dcca61a-04b2-4abf-a738-bd9ece5b6987 None None] Running cmd (subprocess): grep -F node.session.scan /sbin/iscsiadm {{(pid=99879) execute /opt/stack/data/venv/lib/python3.12/site-packages/oslo_concurrency/processutils.py:440}}
May 21 23:16:58.459434 np0000176062 devstack@n-api.service[99880]: DEBUG oslo_concurrency.processutils [None req-a7174d0b-498d-4d1e-ad88-e5b31ec78562 None None] Running cmd (subprocess): grep -F node.session.scan /sbin/iscsiadm {{(pid=99880) execute /opt/stack/data/venv/lib/python3.12/site-packages/oslo_concurrency/processutils.py:440}}
May 21 23:16:58.459864 np0000176062 devstack@n-api.service[99878]: DEBUG oslo_concurrency.processutils [None req-6027d7af-42bd-4f57-aa81-810adae4cb54 None None] CMD "grep -F node.session.scan /sbin/iscsiadm" returned: 0 in 0.023s {{(pid=99878) execute /opt/stack/data/venv/lib/python3.12/site-packages/oslo_concurrency/processutils.py:468}}
May 21 23:16:58.468167 np0000176062 devstack@n-api.service[99879]: DEBUG oslo_concurrency.processutils [None req-1dcca61a-04b2-4abf-a738-bd9ece5b6987 None None] CMD "grep -F node.session.scan /sbin/iscsiadm" returned: 0 in 0.024s {{(pid=99879) execute /opt/stack/data/venv/lib/python3.12/site-packages/oslo_concurrency/processutils.py:468}}
May 21 23:16:58.482106 np0000176062 devstack@n-api.service[99880]: DEBUG oslo_concurrency.processutils [None req-a7174d0b-498d-4d1e-ad88-e5b31ec78562 None None] CMD "grep -F node.session.scan /sbin/iscsiadm" returned: 0 in 0.023s {{(pid=99880) execute /opt/stack/data/venv/lib/python3.12/site-packages/oslo_concurrency/processutils.py:468}}
May 21 23:16:59.091028 np0000176062 devstack@n-api.service[99877]: DEBUG nova.api.openstack.wsgi_app [None req-7b1be299-7eca-459a-9169-d4207d13b2df None None] ******************************************************************************** {{(pid=99877) log_opt_values /opt/stack/data/venv/lib/python3.12/site-packages/oslo_config/cfg.py:3229}}
May 21 23:16:59.092154 np0000176062 devstack@n-api.service[99877]: DEBUG nova.api.openstack.wsgi_app [None req-7b1be299-7eca-459a-9169-d4207d13b2df None None] Configuration options gathered from: {{(pid=99877) log_opt_values /opt/stack/data/venv/lib/python3.12/site-packages/oslo_config/cfg.py:3230}}
May 21 23:16:59.092154 np0000176062 devstack@n-api.service[99877]: DEBUG nova.api.openstack.wsgi_app [None req-7b1be299-7eca-459a-9169-d4207d13b2df None None] command line args: [] {{(pid=99877) log_opt_values /opt/stack/data/venv/lib/python3.12/site-packages/oslo_config/cfg.py:3231}}
May 21 23:16:59.092154 np0000176062 devstack@n-api.service[99877]: DEBUG nova.api.openstack.wsgi_app [None req-7b1be299-7eca-459a-9169-d4207d13b2df None None] config files: ['/etc/nova/api-paste.ini', '/etc/nova/nova.conf'] {{(pid=99877) log_opt_values /opt/stack/data/venv/lib/python3.12/site-packages/oslo_config/cfg.py:3232}}
May 21 23:16:59.092154 np0000176062 devstack@n-api.service[99877]: DEBUG nova.api.openstack.wsgi_app [None req-7b1be299-7eca-459a-9169-d4207d13b2df None None] ================================================================================ {{(pid=99877) log_opt_values /opt/stack/data/venv/lib/python3.12/site-packages/oslo_config/cfg.py:3237}}
May 21 23:16:59.092154 np0000176062 devstack@n-api.service[99877]: DEBUG nova.api.openstack.wsgi_app [None req-7b1be299-7eca-459a-9169-d4207d13b2df None None] allow_resize_to_same_host = True {{(pid=99877) log_opt_values /opt/stack/data/venv/lib/python3.12/site-packages/oslo_config/cfg.py:3245}}
May 21 23:16:59.092770 np0000176062 devstack@n-api.service[99877]: DEBUG nova.api.openstack.wsgi_app [None req-7b1be299-7eca-459a-9169-d4207d13b2df None None] arq_binding_timeout = 300 {{(pid=99877) log_opt_values /opt/stack/data/venv/lib/python3.12/site-packages/oslo_config/cfg.py:3245}}
May 21 23:16:59.092770 np0000176062 devstack@n-api.service[99877]: DEBUG nova.api.openstack.wsgi_app [None req-7b1be299-7eca-459a-9169-d4207d13b2df None None] block_device_allocate_retries = 60 {{(pid=99877) log_opt_values /opt/stack/data/venv/lib/python3.12/site-packages/oslo_config/cfg.py:3245}}
May 21 23:16:59.092770 np0000176062 devstack@n-api.service[99877]: DEBUG nova.api.openstack.wsgi_app [None req-7b1be299-7eca-459a-9169-d4207d13b2df None None] block_device_allocate_retries_interval = 3 {{(pid=99877) log_opt_values /opt/stack/data/venv/lib/python3.12/site-packages/oslo_config/cfg.py:3245}}
May 21 23:16:59.092770 np0000176062 devstack@n-api.service[99877]: DEBUG nova.api.openstack.wsgi_app [None req-7b1be299-7eca-459a-9169-d4207d13b2df None None] cell_worker_thread_pool_size = 5 {{(pid=99877) log_opt_values /opt/stack/data/venv/lib/python3.12/site-packages/oslo_config/cfg.py:3245}}
May 21 23:16:59.092770 np0000176062 devstack@n-api.service[99877]: DEBUG nova.api.openstack.wsgi_app [None req-7b1be299-7eca-459a-9169-d4207d13b2df None None] cert = self.pem {{(pid=99877) log_opt_values /opt/stack/data/venv/lib/python3.12/site-packages/oslo_config/cfg.py:3245}}
May 21 23:16:59.093290 np0000176062 devstack@n-api.service[99877]: DEBUG nova.api.openstack.wsgi_app [None req-7b1be299-7eca-459a-9169-d4207d13b2df None None] compute_driver = libvirt.LibvirtDriver {{(pid=99877) log_opt_values /opt/stack/data/venv/lib/python3.12/site-packages/oslo_config/cfg.py:3245}}
May 21 23:16:59.093290 np0000176062 devstack@n-api.service[99877]: DEBUG nova.api.openstack.wsgi_app [None req-7b1be299-7eca-459a-9169-d4207d13b2df None None] compute_monitors = [] {{(pid=99877) log_opt_values /opt/stack/data/venv/lib/python3.12/site-packages/oslo_config/cfg.py:3245}}
May 21 23:16:59.093290 np0000176062 devstack@n-api.service[99877]: DEBUG nova.api.openstack.wsgi_app [None req-7b1be299-7eca-459a-9169-d4207d13b2df None None] config_dir = [] {{(pid=99877) log_opt_values /opt/stack/data/venv/lib/python3.12/site-packages/oslo_config/cfg.py:3245}}
May 21 23:16:59.093654 np0000176062 devstack@n-api.service[99877]: DEBUG nova.api.openstack.wsgi_app [None req-7b1be299-7eca-459a-9169-d4207d13b2df None None] config_drive_format = iso9660 {{(pid=99877) log_opt_values /opt/stack/data/venv/lib/python3.12/site-packages/oslo_config/cfg.py:3245}}
May 21 23:16:59.093654 np0000176062 devstack@n-api.service[99877]: DEBUG nova.api.openstack.wsgi_app [None req-7b1be299-7eca-459a-9169-d4207d13b2df None None] config_file = ['/etc/nova/api-paste.ini', '/etc/nova/nova.conf'] {{(pid=99877) log_opt_values /opt/stack/data/venv/lib/python3.12/site-packages/oslo_config/cfg.py:3245}}
May 21 23:16:59.093855 np0000176062 devstack@n-api.service[99877]: DEBUG nova.api.openstack.wsgi_app [None req-7b1be299-7eca-459a-9169-d4207d13b2df None None] config_source = [] {{(pid=99877) log_opt_values /opt/stack/data/venv/lib/python3.12/site-packages/oslo_config/cfg.py:3245}}
May 21 23:16:59.093855 np0000176062 devstack@n-api.service[99877]: DEBUG nova.api.openstack.wsgi_app [None req-7b1be299-7eca-459a-9169-d4207d13b2df None None] console_host = np0000176062 {{(pid=99877) log_opt_values /opt/stack/data/venv/lib/python3.12/site-packages/oslo_config/cfg.py:3245}}
May 21 23:16:59.094061 np0000176062 devstack@n-api.service[99877]: DEBUG nova.api.openstack.wsgi_app [None req-7b1be299-7eca-459a-9169-d4207d13b2df None None] control_exchange = nova {{(pid=99877) log_opt_values /opt/stack/data/venv/lib/python3.12/site-packages/oslo_config/cfg.py:3245}}
May 21 23:16:59.094170 np0000176062 devstack@n-api.service[99877]: DEBUG nova.api.openstack.wsgi_app [None req-7b1be299-7eca-459a-9169-d4207d13b2df None None] cpu_allocation_ratio = None {{(pid=99877) log_opt_values /opt/stack/data/venv/lib/python3.12/site-packages/oslo_config/cfg.py:3245}}
May 21 23:16:59.094279 np0000176062 devstack@n-api.service[99877]: DEBUG nova.api.openstack.wsgi_app [None req-7b1be299-7eca-459a-9169-d4207d13b2df None None] daemon = False {{(pid=99877) log_opt_values /opt/stack/data/venv/lib/python3.12/site-packages/oslo_config/cfg.py:3245}}
May 21 23:16:59.094385 np0000176062 devstack@n-api.service[99877]: DEBUG nova.api.openstack.wsgi_app [None req-7b1be299-7eca-459a-9169-d4207d13b2df None None] debug = True {{(pid=99877) log_opt_values /opt/stack/data/venv/lib/python3.12/site-packages/oslo_config/cfg.py:3245}}
May 21 23:16:59.094524 np0000176062 devstack@n-api.service[99877]: DEBUG nova.api.openstack.wsgi_app [None req-7b1be299-7eca-459a-9169-d4207d13b2df None None] default_access_ip_network_name = None {{(pid=99877) log_opt_values /opt/stack/data/venv/lib/python3.12/site-packages/oslo_config/cfg.py:3245}}
May 21 23:16:59.094635 np0000176062 devstack@n-api.service[99877]: DEBUG nova.api.openstack.wsgi_app [None req-7b1be299-7eca-459a-9169-d4207d13b2df None None] default_availability_zone = nova {{(pid=99877) log_opt_values /opt/stack/data/venv/lib/python3.12/site-packages/oslo_config/cfg.py:3245}}
May 21 23:16:59.094799 np0000176062 devstack@n-api.service[99877]: DEBUG nova.api.openstack.wsgi_app [None req-7b1be299-7eca-459a-9169-d4207d13b2df None None] default_ephemeral_format = ext4 {{(pid=99877) log_opt_values /opt/stack/data/venv/lib/python3.12/site-packages/oslo_config/cfg.py:3245}}
May 21 23:16:59.094933 np0000176062 devstack@n-api.service[99877]: DEBUG nova.api.openstack.wsgi_app [None req-7b1be299-7eca-459a-9169-d4207d13b2df None None] default_green_pool_size = 1000 {{(pid=99877) log_opt_values /opt/stack/data/venv/lib/python3.12/site-packages/oslo_config/cfg.py:3245}}
May 21 23:16:59.095183 np0000176062 devstack@n-api.service[99877]: DEBUG nova.api.openstack.wsgi_app [None req-7b1be299-7eca-459a-9169-d4207d13b2df None None] default_log_levels = ['amqp=WARN', 'boto=WARN', 'sqlalchemy=WARN', 'suds=INFO', 'oslo.messaging=INFO', 'oslo_messaging=INFO', 'iso8601=WARN', 'requests.packages.urllib3.connectionpool=WARN', 'urllib3.connectionpool=WARN', 'websocket=WARN', 'requests.packages.urllib3.util.retry=WARN', 'urllib3.util.retry=WARN', 'keystonemiddleware=WARN', 'routes.middleware=WARN', 'stevedore=WARN', 'taskflow=WARN', 'keystoneauth=WARN', 'oslo.cache=INFO', 'oslo_policy=INFO', 'dogpile.core.dogpile=INFO', 'glanceclient=WARN', 'oslo.privsep.daemon=INFO'] {{(pid=99877) log_opt_values /opt/stack/data/venv/lib/python3.12/site-packages/oslo_config/cfg.py:3245}}
May 21 23:16:59.095400 np0000176062 devstack@n-api.service[99877]: DEBUG nova.api.openstack.wsgi_app [None req-7b1be299-7eca-459a-9169-d4207d13b2df None None] default_schedule_zone = None {{(pid=99877) log_opt_values /opt/stack/data/venv/lib/python3.12/site-packages/oslo_config/cfg.py:3245}}
May 21 23:16:59.095591 np0000176062 devstack@n-api.service[99877]: DEBUG nova.api.openstack.wsgi_app [None req-7b1be299-7eca-459a-9169-d4207d13b2df None None] default_thread_pool_size = 10 {{(pid=99877) log_opt_values /opt/stack/data/venv/lib/python3.12/site-packages/oslo_config/cfg.py:3245}}
May 21 23:16:59.095591 np0000176062 devstack@n-api.service[99877]: DEBUG nova.api.openstack.wsgi_app [None req-7b1be299-7eca-459a-9169-d4207d13b2df None None] disk_allocation_ratio = None {{(pid=99877) log_opt_values /opt/stack/data/venv/lib/python3.12/site-packages/oslo_config/cfg.py:3245}}
May 21 23:16:59.095828 np0000176062 devstack@n-api.service[99877]: DEBUG nova.api.openstack.wsgi_app [None req-7b1be299-7eca-459a-9169-d4207d13b2df None None] enable_new_services = True {{(pid=99877) log_opt_values /opt/stack/data/venv/lib/python3.12/site-packages/oslo_config/cfg.py:3245}}
May 21 23:16:59.095828 np0000176062 devstack@n-api.service[99877]: DEBUG nova.api.openstack.wsgi_app [None req-7b1be299-7eca-459a-9169-d4207d13b2df None None] flat_injected = False {{(pid=99877) log_opt_values /opt/stack/data/venv/lib/python3.12/site-packages/oslo_config/cfg.py:3245}}
May 21 23:16:59.096037 np0000176062 devstack@n-api.service[99877]: DEBUG nova.api.openstack.wsgi_app [None req-7b1be299-7eca-459a-9169-d4207d13b2df None None] force_config_drive = False {{(pid=99877) log_opt_values /opt/stack/data/venv/lib/python3.12/site-packages/oslo_config/cfg.py:3245}}
May 21 23:16:59.096146 np0000176062 devstack@n-api.service[99877]: DEBUG nova.api.openstack.wsgi_app [None req-7b1be299-7eca-459a-9169-d4207d13b2df None None] force_raw_images = True {{(pid=99877) log_opt_values /opt/stack/data/venv/lib/python3.12/site-packages/oslo_config/cfg.py:3245}}
May 21 23:16:59.096225 np0000176062 devstack@n-api.service[99877]: DEBUG nova.api.openstack.wsgi_app [None req-7b1be299-7eca-459a-9169-d4207d13b2df None None] graceful_shutdown_timeout = 5 {{(pid=99877) log_opt_values /opt/stack/data/venv/lib/python3.12/site-packages/oslo_config/cfg.py:3245}}
May 21 23:16:59.096371 np0000176062 devstack@n-api.service[99877]: DEBUG nova.api.openstack.wsgi_app [None req-7b1be299-7eca-459a-9169-d4207d13b2df None None] heal_instance_info_cache_interval = -1 {{(pid=99877) log_opt_values /opt/stack/data/venv/lib/python3.12/site-packages/oslo_config/cfg.py:3245}}
May 21 23:16:59.096543 np0000176062 devstack@n-api.service[99877]: DEBUG nova.api.openstack.wsgi_app [None req-7b1be299-7eca-459a-9169-d4207d13b2df None None] host = np0000176062 {{(pid=99877) log_opt_values /opt/stack/data/venv/lib/python3.12/site-packages/oslo_config/cfg.py:3245}}
May 21 23:16:59.096681 np0000176062 devstack@n-api.service[99877]: DEBUG nova.api.openstack.wsgi_app [None req-7b1be299-7eca-459a-9169-d4207d13b2df None None] initial_cpu_allocation_ratio = 4.0 {{(pid=99877) log_opt_values /opt/stack/data/venv/lib/python3.12/site-packages/oslo_config/cfg.py:3245}}
May 21 23:16:59.096821 np0000176062 devstack@n-api.service[99877]: DEBUG nova.api.openstack.wsgi_app [None req-7b1be299-7eca-459a-9169-d4207d13b2df None None] initial_disk_allocation_ratio = 1.0 {{(pid=99877) log_opt_values /opt/stack/data/venv/lib/python3.12/site-packages/oslo_config/cfg.py:3245}}
May 21 23:16:59.096944 np0000176062 devstack@n-api.service[99877]: DEBUG nova.api.openstack.wsgi_app [None req-7b1be299-7eca-459a-9169-d4207d13b2df None None] initial_ram_allocation_ratio = 1.0 {{(pid=99877) log_opt_values /opt/stack/data/venv/lib/python3.12/site-packages/oslo_config/cfg.py:3245}}
May 21 23:16:59.097131 np0000176062 devstack@n-api.service[99877]: DEBUG nova.api.openstack.wsgi_app [None req-7b1be299-7eca-459a-9169-d4207d13b2df None None] injected_network_template = /opt/stack/nova/nova/virt/interfaces.template {{(pid=99877) log_opt_values /opt/stack/data/venv/lib/python3.12/site-packages/oslo_config/cfg.py:3245}}
May 21 23:16:59.097255 np0000176062 devstack@n-api.service[99877]: DEBUG nova.api.openstack.wsgi_app [None req-7b1be299-7eca-459a-9169-d4207d13b2df None None] instance_build_timeout = 0 {{(pid=99877) log_opt_values /opt/stack/data/venv/lib/python3.12/site-packages/oslo_config/cfg.py:3245}}
May 21 23:16:59.097385 np0000176062 devstack@n-api.service[99877]: DEBUG nova.api.openstack.wsgi_app [None req-7b1be299-7eca-459a-9169-d4207d13b2df None None] instance_delete_interval = 300 {{(pid=99877) log_opt_values /opt/stack/data/venv/lib/python3.12/site-packages/oslo_config/cfg.py:3245}}
May 21 23:16:59.097659 np0000176062 devstack@n-api.service[99877]: DEBUG nova.api.openstack.wsgi_app [None req-7b1be299-7eca-459a-9169-d4207d13b2df None None] instance_format = [instance: %(uuid)s] {{(pid=99877) log_opt_values /opt/stack/data/venv/lib/python3.12/site-packages/oslo_config/cfg.py:3245}}
May 21 23:16:59.097752 np0000176062 devstack@n-api.service[99877]: DEBUG nova.api.openstack.wsgi_app [None req-7b1be299-7eca-459a-9169-d4207d13b2df None None] instance_name_template = instance-%08x {{(pid=99877) log_opt_values /opt/stack/data/venv/lib/python3.12/site-packages/oslo_config/cfg.py:3245}}
May 21 23:16:59.097824 np0000176062 devstack@n-api.service[99877]: DEBUG nova.api.openstack.wsgi_app [None req-7b1be299-7eca-459a-9169-d4207d13b2df None None] instance_usage_audit = False {{(pid=99877) log_opt_values /opt/stack/data/venv/lib/python3.12/site-packages/oslo_config/cfg.py:3245}}
May 21 23:16:59.097941 np0000176062 devstack@n-api.service[99877]: DEBUG nova.api.openstack.wsgi_app [None req-7b1be299-7eca-459a-9169-d4207d13b2df None None] instance_usage_audit_period = month {{(pid=99877) log_opt_values /opt/stack/data/venv/lib/python3.12/site-packages/oslo_config/cfg.py:3245}}
May 21 23:16:59.098074 np0000176062 devstack@n-api.service[99877]: DEBUG nova.api.openstack.wsgi_app [None req-7b1be299-7eca-459a-9169-d4207d13b2df None None] instance_uuid_format = [instance: %(uuid)s] {{(pid=99877) log_opt_values /opt/stack/data/venv/lib/python3.12/site-packages/oslo_config/cfg.py:3245}}
May 21 23:16:59.098207 np0000176062 devstack@n-api.service[99877]: DEBUG nova.api.openstack.wsgi_app [None req-7b1be299-7eca-459a-9169-d4207d13b2df None None] instances_path = /opt/stack/data/nova/instances {{(pid=99877) log_opt_values /opt/stack/data/venv/lib/python3.12/site-packages/oslo_config/cfg.py:3245}}
May 21 23:16:59.098341 np0000176062 devstack@n-api.service[99877]: DEBUG nova.api.openstack.wsgi_app [None req-7b1be299-7eca-459a-9169-d4207d13b2df None None] internal_service_availability_zone = internal {{(pid=99877) log_opt_values /opt/stack/data/venv/lib/python3.12/site-packages/oslo_config/cfg.py:3245}}
May 21 23:16:59.098475 np0000176062 devstack@n-api.service[99877]: DEBUG nova.api.openstack.wsgi_app [None req-7b1be299-7eca-459a-9169-d4207d13b2df None None] key = None {{(pid=99877) log_opt_values /opt/stack/data/venv/lib/python3.12/site-packages/oslo_config/cfg.py:3245}}
May 21 23:16:59.098617 np0000176062 devstack@n-api.service[99877]: DEBUG nova.api.openstack.wsgi_app [None req-7b1be299-7eca-459a-9169-d4207d13b2df None None] live_migration_retry_count = 30 {{(pid=99877) log_opt_values /opt/stack/data/venv/lib/python3.12/site-packages/oslo_config/cfg.py:3245}}
May 21 23:16:59.098751 np0000176062 devstack@n-api.service[99877]: DEBUG nova.api.openstack.wsgi_app [None req-7b1be299-7eca-459a-9169-d4207d13b2df None None] log_color = False {{(pid=99877) log_opt_values /opt/stack/data/venv/lib/python3.12/site-packages/oslo_config/cfg.py:3245}}
May 21 23:16:59.098885 np0000176062 devstack@n-api.service[99877]: DEBUG nova.api.openstack.wsgi_app [None req-7b1be299-7eca-459a-9169-d4207d13b2df None None] log_config_append = None {{(pid=99877) log_opt_values /opt/stack/data/venv/lib/python3.12/site-packages/oslo_config/cfg.py:3245}}
May 21 23:16:59.099042 np0000176062 devstack@n-api.service[99877]: DEBUG nova.api.openstack.wsgi_app [None req-7b1be299-7eca-459a-9169-d4207d13b2df None None] log_date_format = %Y-%m-%d %H:%M:%S {{(pid=99877) log_opt_values /opt/stack/data/venv/lib/python3.12/site-packages/oslo_config/cfg.py:3245}}
May 21 23:16:59.099180 np0000176062 devstack@n-api.service[99877]: DEBUG nova.api.openstack.wsgi_app [None req-7b1be299-7eca-459a-9169-d4207d13b2df None None] log_dir = None {{(pid=99877) log_opt_values /opt/stack/data/venv/lib/python3.12/site-packages/oslo_config/cfg.py:3245}}
May 21 23:16:59.099357 np0000176062 devstack@n-api.service[99877]: DEBUG nova.api.openstack.wsgi_app [None req-7b1be299-7eca-459a-9169-d4207d13b2df None None] log_file = None {{(pid=99877) log_opt_values /opt/stack/data/venv/lib/python3.12/site-packages/oslo_config/cfg.py:3245}}
May 21 23:16:59.099475 np0000176062 devstack@n-api.service[99877]: DEBUG nova.api.openstack.wsgi_app [None req-7b1be299-7eca-459a-9169-d4207d13b2df None None] log_options = True {{(pid=99877) log_opt_values /opt/stack/data/venv/lib/python3.12/site-packages/oslo_config/cfg.py:3245}}
May 21 23:16:59.099620 np0000176062 devstack@n-api.service[99877]: DEBUG nova.api.openstack.wsgi_app [None req-7b1be299-7eca-459a-9169-d4207d13b2df None None] log_rotate_interval = 1 {{(pid=99877) log_opt_values /opt/stack/data/venv/lib/python3.12/site-packages/oslo_config/cfg.py:3245}}
