Feb 25 03:13:59.320384 np0000156878 devstack@neutron-api.service[103584]: DEBUG ovsdbapp.backend.ovs_idl [None req-ccfc3c62-5d66-4d51-b841-a7ee1c038fd4 None None] Created schema index Meter.name {{(pid=103584) autocreate_indices /opt/stack/data/venv/lib/python3.12/site-packages/ovsdbapp/backend/ovs_idl/__init__.py:106}}
Feb 25 03:13:59.320384 np0000156878 devstack@neutron-api.service[103584]: DEBUG ovsdbapp.backend.ovs_idl [None req-ccfc3c62-5d66-4d51-b841-a7ee1c038fd4 None None] Created schema index Load_Balancer_Group.name {{(pid=103584) autocreate_indices /opt/stack/data/venv/lib/python3.12/site-packages/ovsdbapp/backend/ovs_idl/__init__.py:106}}
Feb 25 03:13:59.320732 np0000156878 devstack@neutron-api.service[103584]: DEBUG ovsdbapp.backend.ovs_idl [None req-ccfc3c62-5d66-4d51-b841-a7ee1c038fd4 None None] Created schema index HA_Chassis_Group.name {{(pid=103584) autocreate_indices /opt/stack/data/venv/lib/python3.12/site-packages/ovsdbapp/backend/ovs_idl/__init__.py:106}}
Feb 25 03:13:59.320732 np0000156878 devstack@neutron-api.service[103584]: DEBUG ovsdbapp.backend.ovs_idl [None req-ccfc3c62-5d66-4d51-b841-a7ee1c038fd4 None None] Created schema index Address_Set.name {{(pid=103584) autocreate_indices /opt/stack/data/venv/lib/python3.12/site-packages/ovsdbapp/backend/ovs_idl/__init__.py:106}}
Feb 25 03:13:59.320732 np0000156878 devstack@neutron-api.service[103584]: DEBUG ovsdbapp.backend.ovs_idl [None req-ccfc3c62-5d66-4d51-b841-a7ee1c038fd4 None None] Created schema index Connection.target {{(pid=103584) autocreate_indices /opt/stack/data/venv/lib/python3.12/site-packages/ovsdbapp/backend/ovs_idl/__init__.py:106}}
Feb 25 03:13:59.321033 np0000156878 devstack@neutron-api.service[103584]: DEBUG ovsdbapp.backend.ovs_idl [None req-ccfc3c62-5d66-4d51-b841-a7ee1c038fd4 None None] Created schema index Gateway_Chassis.name {{(pid=103584) autocreate_indices /opt/stack/data/venv/lib/python3.12/site-packages/ovsdbapp/backend/ovs_idl/__init__.py:106}}
Feb 25 03:13:59.321033 np0000156878 devstack@neutron-api.service[103584]: DEBUG ovsdbapp.backend.ovs_idl [None req-ccfc3c62-5d66-4d51-b841-a7ee1c038fd4 None None] Created schema index Mirror.name {{(pid=103584) autocreate_indices /opt/stack/data/venv/lib/python3.12/site-packages/ovsdbapp/backend/ovs_idl/__init__.py:106}}
Feb 25 03:13:59.321270 np0000156878 devstack@neutron-api.service[103584]: DEBUG ovsdbapp.backend.ovs_idl [None req-ccfc3c62-5d66-4d51-b841-a7ee1c038fd4 None None] Created schema index Chassis_Template_Var.chassis {{(pid=103584) autocreate_indices /opt/stack/data/venv/lib/python3.12/site-packages/ovsdbapp/backend/ovs_idl/__init__.py:106}}
Feb 25 03:13:59.321270 np0000156878 devstack@neutron-api.service[103584]: DEBUG ovsdbapp.backend.ovs_idl [None req-ccfc3c62-5d66-4d51-b841-a7ee1c038fd4 None None] Created schema index Logical_Router_Port.name {{(pid=103584) autocreate_indices /opt/stack/data/venv/lib/python3.12/site-packages/ovsdbapp/backend/ovs_idl/__init__.py:106}}
Feb 25 03:13:59.321776 np0000156878 devstack@neutron-api.service[103584]: DEBUG ovsdbapp.backend.ovs_idl [None req-ccfc3c62-5d66-4d51-b841-a7ee1c038fd4 None None] Created schema index Port_Group.name {{(pid=103584) autocreate_indices /opt/stack/data/venv/lib/python3.12/site-packages/ovsdbapp/backend/ovs_idl/__init__.py:106}}
Feb 25 03:13:59.321776 np0000156878 devstack@neutron-api.service[103584]: DEBUG ovsdbapp.backend.ovs_idl [None req-ccfc3c62-5d66-4d51-b841-a7ee1c038fd4 None None] Created schema index Logical_Switch_Port.name {{(pid=103584) autocreate_indices /opt/stack/data/venv/lib/python3.12/site-packages/ovsdbapp/backend/ovs_idl/__init__.py:106}}
Feb 25 03:13:59.321985 np0000156878 devstack@neutron-api.service[103585]: DEBUG ovsdbapp.backend.ovs_idl [None req-7c70dc30-2901-4ed8-b967-4d949e95f725 None None] Created lookup_table index Chassis.name {{(pid=103585) autocreate_indices /opt/stack/data/venv/lib/python3.12/site-packages/ovsdbapp/backend/ovs_idl/__init__.py:87}}
Feb 25 03:13:59.322124 np0000156878 devstack@neutron-api.service[103585]: DEBUG ovsdbapp.backend.ovs_idl [None req-7c70dc30-2901-4ed8-b967-4d949e95f725 None None] Created lookup_table index Port_Binding.logical_port {{(pid=103585) autocreate_indices /opt/stack/data/venv/lib/python3.12/site-packages/ovsdbapp/backend/ovs_idl/__init__.py:87}}
Feb 25 03:13:59.322382 np0000156878 devstack@neutron-api.service[103585]: DEBUG ovsdbapp.backend.ovs_idl [None req-7c70dc30-2901-4ed8-b967-4d949e95f725 None None] Created schema index Chassis_Private.name {{(pid=103585) autocreate_indices /opt/stack/data/venv/lib/python3.12/site-packages/ovsdbapp/backend/ovs_idl/__init__.py:106}}
Feb 25 03:13:59.322382 np0000156878 devstack@neutron-api.service[103585]: DEBUG ovsdbapp.backend.ovs_idl [None req-7c70dc30-2901-4ed8-b967-4d949e95f725 None None] Created schema index Datapath_Binding.tunnel_key {{(pid=103585) autocreate_indices /opt/stack/data/venv/lib/python3.12/site-packages/ovsdbapp/backend/ovs_idl/__init__.py:106}}
Feb 25 03:13:59.324887 np0000156878 devstack@neutron-api.service[103585]: INFO ovsdbapp.backend.ovs_idl.vlog [None req-7c70dc30-2901-4ed8-b967-4d949e95f725 None None] ssl:162.253.55.36:6642: connecting...
Feb 25 03:13:59.325183 np0000156878 devstack@neutron-api.service[103584]: INFO ovsdbapp.backend.ovs_idl.vlog [None req-ccfc3c62-5d66-4d51-b841-a7ee1c038fd4 None None] ssl:162.253.55.36:6641: connecting...
Feb 25 03:13:59.328680 np0000156878 devstack@neutron-api.service[103585]: INFO ovsdbapp.backend.ovs_idl.vlog [None req-7c70dc30-2901-4ed8-b967-4d949e95f725 None None] ssl:162.253.55.36:6642: connected
Feb 25 03:13:59.331309 np0000156878 devstack@neutron-api.service[103584]: INFO ovsdbapp.backend.ovs_idl.vlog [None req-ccfc3c62-5d66-4d51-b841-a7ee1c038fd4 None None] ssl:162.253.55.36:6641: connected
Feb 25 03:13:59.352414 np0000156878 devstack@neutron-api.service[103583]: DEBUG neutron.common.ovn.hash_ring_manager [None req-2c0b7972-7b92-464b-8783-f048674142aa None None] Allow caching, nodes 4>=4 {{(pid=103583) _wait_startup_before_caching /opt/stack/neutron/neutron/common/ovn/hash_ring_manager.py:65}}
Feb 25 03:13:59.358143 np0000156878 devstack@neutron-api.service[103585]: DEBUG neutron.common.ovn.hash_ring_manager [None req-7c70dc30-2901-4ed8-b967-4d949e95f725 None None] Allow caching, nodes 4>=4 {{(pid=103585) _wait_startup_before_caching /opt/stack/neutron/neutron/common/ovn/hash_ring_manager.py:65}}
Feb 25 03:13:59.360056 np0000156878 devstack@neutron-api.service[103583]: DEBUG neutron.common.ovn.hash_ring_manager [None req-2c0b7972-7b92-464b-8783-f048674142aa None None] Hash Ring loaded. 4 active nodes. 0 offline nodes {{(pid=103583) _load_hash_ring /opt/stack/neutron/neutron/common/ovn/hash_ring_manager.py:102}}
Feb 25 03:13:59.360237 np0000156878 devstack@neutron-api.service[103583]: DEBUG neutron.plugins.ml2.drivers.ovn.mech_driver.ovsdb.ovsdb_monitor [None req-2c0b7972-7b92-464b-8783-f048674142aa None None] Hash Ring: Node e18b311a993157c1986b94af237ce890 (host: np0000156878) handling event "create" for row a318b492-c9a5-49b9-9a45-117750646ae5 (table: ACL) {{(pid=103583) notify /opt/stack/neutron/neutron/plugins/ml2/drivers/ovn/mech_driver/ovsdb/ovsdb_monitor.py:920}}
Feb 25 03:13:59.363025 np0000156878 devstack@neutron-api.service[103583]: INFO neutron.plugins.ml2.drivers.ovn.mech_driver.ovsdb.impl_idl_ovn [None req-2c0b7972-7b92-464b-8783-f048674142aa None None] Getting OvsdbSbOvnIdl for WorkerService with retry
Feb 25 03:13:59.363141 np0000156878 devstack@neutron-api.service[103584]: DEBUG neutron.common.ovn.hash_ring_manager [None req-ccfc3c62-5d66-4d51-b841-a7ee1c038fd4 None None] Allow caching, nodes 4>=4 {{(pid=103584) _wait_startup_before_caching /opt/stack/neutron/neutron/common/ovn/hash_ring_manager.py:65}}
Feb 25 03:13:59.367849 np0000156878 devstack@neutron-api.service[103585]: DEBUG neutron.common.ovn.hash_ring_manager [None req-7c70dc30-2901-4ed8-b967-4d949e95f725 None None] Hash Ring loaded. 4 active nodes. 0 offline nodes {{(pid=103585) _load_hash_ring /opt/stack/neutron/neutron/common/ovn/hash_ring_manager.py:102}}
Feb 25 03:13:59.367996 np0000156878 devstack@neutron-api.service[103585]: DEBUG neutron.plugins.ml2.drivers.ovn.mech_driver.ovsdb.ovsdb_monitor [None req-7c70dc30-2901-4ed8-b967-4d949e95f725 None None] ChassisAgentWriteEvent : Matched Chassis_Private, create, None None {{(pid=103585) matches /opt/stack/neutron/neutron/plugins/ml2/drivers/ovn/mech_driver/ovsdb/ovsdb_monitor.py:65}}
Feb 25 03:13:59.368141 np0000156878 devstack@neutron-api.service[103585]: DEBUG neutron.plugins.ml2.drivers.ovn.mech_driver.ovsdb.ovsdb_monitor [None req-7c70dc30-2901-4ed8-b967-4d949e95f725 None None] ChassisOVNAgentWriteEvent : Matched Chassis_Private, create, None None {{(pid=103585) matches /opt/stack/neutron/neutron/plugins/ml2/drivers/ovn/mech_driver/ovsdb/ovsdb_monitor.py:65}}
Feb 25 03:13:59.370264 np0000156878 devstack@neutron-api.service[103584]: DEBUG neutron.common.ovn.hash_ring_manager [None req-ccfc3c62-5d66-4d51-b841-a7ee1c038fd4 None None] Hash Ring loaded. 4 active nodes. 0 offline nodes {{(pid=103584) _load_hash_ring /opt/stack/neutron/neutron/common/ovn/hash_ring_manager.py:102}}
Feb 25 03:13:59.370404 np0000156878 devstack@neutron-api.service[103585]: INFO neutron.plugins.ml2.drivers.ovn.mech_driver.mech_driver [None req-7c70dc30-2901-4ed8-b967-4d949e95f725 None None] WorkerService process has finished the post initialization
Feb 25 03:13:59.370585 np0000156878 devstack@neutron-api.service[103584]: DEBUG neutron.plugins.ml2.drivers.ovn.mech_driver.ovsdb.ovsdb_monitor [None req-ccfc3c62-5d66-4d51-b841-a7ee1c038fd4 None None] Hash Ring: Node b173f3d6fb1b59cdaddad63295c04031 (host: np0000156878) handling event "create" for row 8aac3eb6-58b1-46ec-9360-0b812c9a820d (table: Port_Group) {{(pid=103584) notify /opt/stack/neutron/neutron/plugins/ml2/drivers/ovn/mech_driver/ovsdb/ovsdb_monitor.py:920}}
Feb 25 03:13:59.371582 np0000156878 devstack@neutron-api.service[103585]: WSGI app 0 (mountpoint='') ready in 8 seconds on interpreter 0x7b72736a3668 pid: 103585 (default app)
Feb 25 03:13:59.371740 np0000156878 devstack@neutron-api.service[103584]: INFO neutron.plugins.ml2.drivers.ovn.mech_driver.ovsdb.impl_idl_ovn [None req-ccfc3c62-5d66-4d51-b841-a7ee1c038fd4 None None] Getting OvsdbSbOvnIdl for WorkerService with retry
Feb 25 03:13:59.387093 np0000156878 devstack@neutron-api.service[103583]: DEBUG ovsdbapp.backend.ovs_idl [None req-2c0b7972-7b92-464b-8783-f048674142aa None None] Created lookup_table index Chassis.name {{(pid=103583) autocreate_indices /opt/stack/data/venv/lib/python3.12/site-packages/ovsdbapp/backend/ovs_idl/__init__.py:87}}
Feb 25 03:13:59.387169 np0000156878 devstack@neutron-api.service[103583]: DEBUG ovsdbapp.backend.ovs_idl [None req-2c0b7972-7b92-464b-8783-f048674142aa None None] Created lookup_table index Port_Binding.logical_port {{(pid=103583) autocreate_indices /opt/stack/data/venv/lib/python3.12/site-packages/ovsdbapp/backend/ovs_idl/__init__.py:87}}
Feb 25 03:13:59.387287 np0000156878 devstack@neutron-api.service[103583]: DEBUG ovsdbapp.backend.ovs_idl [None req-2c0b7972-7b92-464b-8783-f048674142aa None None] Created schema index Chassis_Private.name {{(pid=103583) autocreate_indices /opt/stack/data/venv/lib/python3.12/site-packages/ovsdbapp/backend/ovs_idl/__init__.py:106}}
Feb 25 03:13:59.387378 np0000156878 devstack@neutron-api.service[103583]: DEBUG ovsdbapp.backend.ovs_idl [None req-2c0b7972-7b92-464b-8783-f048674142aa None None] Created schema index Datapath_Binding.tunnel_key {{(pid=103583) autocreate_indices /opt/stack/data/venv/lib/python3.12/site-packages/ovsdbapp/backend/ovs_idl/__init__.py:106}}
Feb 25 03:13:59.389196 np0000156878 devstack@neutron-api.service[103583]: INFO ovsdbapp.backend.ovs_idl.vlog [None req-2c0b7972-7b92-464b-8783-f048674142aa None None] ssl:162.253.55.36:6642: connecting...
Feb 25 03:13:59.392922 np0000156878 devstack@neutron-api.service[103583]: INFO ovsdbapp.backend.ovs_idl.vlog [None req-2c0b7972-7b92-464b-8783-f048674142aa None None] ssl:162.253.55.36:6642: connected
Feb 25 03:13:59.397123 np0000156878 devstack@neutron-api.service[103584]: DEBUG ovsdbapp.backend.ovs_idl [None req-ccfc3c62-5d66-4d51-b841-a7ee1c038fd4 None None] Created lookup_table index Chassis.name {{(pid=103584) autocreate_indices /opt/stack/data/venv/lib/python3.12/site-packages/ovsdbapp/backend/ovs_idl/__init__.py:87}}
Feb 25 03:13:59.397211 np0000156878 devstack@neutron-api.service[103584]: DEBUG ovsdbapp.backend.ovs_idl [None req-ccfc3c62-5d66-4d51-b841-a7ee1c038fd4 None None] Created lookup_table index Port_Binding.logical_port {{(pid=103584) autocreate_indices /opt/stack/data/venv/lib/python3.12/site-packages/ovsdbapp/backend/ovs_idl/__init__.py:87}}
Feb 25 03:13:59.397290 np0000156878 devstack@neutron-api.service[103584]: DEBUG ovsdbapp.backend.ovs_idl [None req-ccfc3c62-5d66-4d51-b841-a7ee1c038fd4 None None] Created schema index Chassis_Private.name {{(pid=103584) autocreate_indices /opt/stack/data/venv/lib/python3.12/site-packages/ovsdbapp/backend/ovs_idl/__init__.py:106}}
Feb 25 03:13:59.397397 np0000156878 devstack@neutron-api.service[103584]: DEBUG ovsdbapp.backend.ovs_idl [None req-ccfc3c62-5d66-4d51-b841-a7ee1c038fd4 None None] Created schema index Datapath_Binding.tunnel_key {{(pid=103584) autocreate_indices /opt/stack/data/venv/lib/python3.12/site-packages/ovsdbapp/backend/ovs_idl/__init__.py:106}}
Feb 25 03:13:59.399448 np0000156878 devstack@neutron-api.service[103584]: INFO ovsdbapp.backend.ovs_idl.vlog [None req-ccfc3c62-5d66-4d51-b841-a7ee1c038fd4 None None] ssl:162.253.55.36:6642: connecting...
Feb 25 03:13:59.403384 np0000156878 devstack@neutron-api.service[103584]: INFO ovsdbapp.backend.ovs_idl.vlog [None req-ccfc3c62-5d66-4d51-b841-a7ee1c038fd4 None None] ssl:162.253.55.36:6642: connected
Feb 25 03:13:59.417462 np0000156878 devstack@neutron-api.service[103583]: DEBUG neutron.common.ovn.hash_ring_manager [None req-2c0b7972-7b92-464b-8783-f048674142aa None None] Allow caching, nodes 4>=4 {{(pid=103583) _wait_startup_before_caching /opt/stack/neutron/neutron/common/ovn/hash_ring_manager.py:65}}
Feb 25 03:13:59.422030 np0000156878 devstack@neutron-api.service[103583]: DEBUG neutron.common.ovn.hash_ring_manager [None req-2c0b7972-7b92-464b-8783-f048674142aa None None] Hash Ring loaded. 4 active nodes. 0 offline nodes {{(pid=103583) _load_hash_ring /opt/stack/neutron/neutron/common/ovn/hash_ring_manager.py:102}}
Feb 25 03:13:59.422131 np0000156878 devstack@neutron-api.service[103583]: DEBUG neutron.plugins.ml2.drivers.ovn.mech_driver.ovsdb.ovsdb_monitor [None req-2c0b7972-7b92-464b-8783-f048674142aa None None] ChassisAgentWriteEvent : Matched Chassis_Private, create, None None {{(pid=103583) matches /opt/stack/neutron/neutron/plugins/ml2/drivers/ovn/mech_driver/ovsdb/ovsdb_monitor.py:65}}
Feb 25 03:13:59.422312 np0000156878 devstack@neutron-api.service[103583]: DEBUG neutron.plugins.ml2.drivers.ovn.mech_driver.ovsdb.ovsdb_monitor [None req-2c0b7972-7b92-464b-8783-f048674142aa None None] ChassisOVNAgentWriteEvent : Matched Chassis_Private, create, None None {{(pid=103583) matches /opt/stack/neutron/neutron/plugins/ml2/drivers/ovn/mech_driver/ovsdb/ovsdb_monitor.py:65}}
Feb 25 03:13:59.422679 np0000156878 devstack@neutron-api.service[103583]: DEBUG neutron.plugins.ml2.drivers.ovn.mech_driver.ovsdb.ovsdb_monitor [None req-2c0b7972-7b92-464b-8783-f048674142aa None None] Hash Ring: Node e18b311a993157c1986b94af237ce890 (host: np0000156878) handling event "create" for row 1d1fded5-5625-42ec-bb92-d1ae6e902941 (table: Encap) {{(pid=103583) notify /opt/stack/neutron/neutron/plugins/ml2/drivers/ovn/mech_driver/ovsdb/ovsdb_monitor.py:920}}
Feb 25 03:13:59.425308 np0000156878 devstack@neutron-api.service[103583]: INFO neutron.plugins.ml2.drivers.ovn.mech_driver.mech_driver [None req-2c0b7972-7b92-464b-8783-f048674142aa None None] WorkerService process has finished the post initialization
Feb 25 03:13:59.427968 np0000156878 devstack@neutron-api.service[103583]: WSGI app 0 (mountpoint='') ready in 8 seconds on interpreter 0x7b72736a3668 pid: 103583 (default app)
Feb 25 03:13:59.428736 np0000156878 devstack@neutron-api.service[103584]: DEBUG neutron.common.ovn.hash_ring_manager [None req-ccfc3c62-5d66-4d51-b841-a7ee1c038fd4 None None] Allow caching, nodes 4>=4 {{(pid=103584) _wait_startup_before_caching /opt/stack/neutron/neutron/common/ovn/hash_ring_manager.py:65}}
Feb 25 03:13:59.432277 np0000156878 devstack@neutron-api.service[103584]: DEBUG neutron.common.ovn.hash_ring_manager [None req-ccfc3c62-5d66-4d51-b841-a7ee1c038fd4 None None] Hash Ring loaded. 4 active nodes. 0 offline nodes {{(pid=103584) _load_hash_ring /opt/stack/neutron/neutron/common/ovn/hash_ring_manager.py:102}}
Feb 25 03:13:59.432395 np0000156878 devstack@neutron-api.service[103584]: DEBUG neutron.plugins.ml2.drivers.ovn.mech_driver.ovsdb.ovsdb_monitor [None req-ccfc3c62-5d66-4d51-b841-a7ee1c038fd4 None None] Hash Ring: Node b173f3d6fb1b59cdaddad63295c04031 (host: np0000156878) handling event "create" for row a5895970-0a4d-4edc-802a-3b2558bbd423 (table: Chassis) {{(pid=103584) notify /opt/stack/neutron/neutron/plugins/ml2/drivers/ovn/mech_driver/ovsdb/ovsdb_monitor.py:920}}
Feb 25 03:13:59.433225 np0000156878 devstack@neutron-api.service[103584]: DEBUG ovsdbapp.backend.ovs_idl.event [None req-ccfc3c62-5d66-4d51-b841-a7ee1c038fd4 None None] Matched CREATE: ChassisBandwidthConfigEvent(events=('create', 'update'), table='Chassis', conditions=None, old_conditions=None), priority=20 to row=Chassis(uuid=a5895970-0a4d-4edc-802a-3b2558bbd423, encaps=[1d1fded5-5625-42ec-bb92-d1ae6e902941], external_ids={}, hostname='np0000156878', name='c8ceacc4-1e8f-4e06-8533-0c9895731f16', nb_cfg=0, other_config={'ct-commit-nat-v2': 'true', 'ct-commit-to-zone': 'true', 'ct-next-zone': 'true', 'ct-no-masked-label': 'true', 'ct-state-save': 'true', 'datapath-type': 'system', 'fdb-timestamp': 'true', 'iface-types': 'afxdp,afxdp-nonpmd,bareudp,erspan,geneve,gre,gtpu,internal,ip6erspan,ip6gre,lisp,patch,srv6,stt,system,tap,vxlan', 'is-interconn': 'false', 'ls-dpg-column': 'true', 'mac-binding-timestamp': 'true', 'ovn-bridge-mappings': 'public:br-ex', 'ovn-chassis-mac-mappings': '', 'ovn-cms-options': 'enable-chassis-as-gw', 'ovn-ct-lb-related': 'true', 'ovn-enable-lflow-cache': 'true', 'ovn-limit-lflow-cache': '', 'ovn-memlimit-lflow-cache-kb': '', 'ovn-monitor-all': 'false', 'ovn-trim-limit-lflow-cache': '', 'ovn-trim-timeout-ms': '', 'ovn-trim-wmark-perc-lflow-cache': '', 'port-up-notif': 'true'}, transport_zones=[], vtep_logical_switches=[]) old= {{(pid=103584) matches /opt/stack/data/venv/lib/python3.12/site-packages/ovsdbapp/backend/ovs_idl/event.py:55}}
Feb 25 03:13:59.433757 np0000156878 devstack@neutron-api.service[103584]: DEBUG neutron.plugins.ml2.drivers.ovn.mech_driver.ovsdb.ovsdb_monitor [None req-ccfc3c62-5d66-4d51-b841-a7ee1c038fd4 None None] ChassisOVNAgentWriteEvent : Matched Chassis_Private, create, None None {{(pid=103584) matches /opt/stack/neutron/neutron/plugins/ml2/drivers/ovn/mech_driver/ovsdb/ovsdb_monitor.py:65}}
Feb 25 03:13:59.433858 np0000156878 devstack@neutron-api.service[103584]: DEBUG neutron.plugins.ml2.drivers.ovn.mech_driver.ovsdb.ovsdb_monitor [None req-ccfc3c62-5d66-4d51-b841-a7ee1c038fd4 None None] ChassisAgentWriteEvent : Matched Chassis_Private, create, None None {{(pid=103584) matches /opt/stack/neutron/neutron/plugins/ml2/drivers/ovn/mech_driver/ovsdb/ovsdb_monitor.py:65}}
Feb 25 03:13:59.434131 np0000156878 devstack@neutron-api.service[103584]: DEBUG neutron.plugins.ml2.drivers.ovn.mech_driver.ovsdb.ovsdb_monitor [None req-ccfc3c62-5d66-4d51-b841-a7ee1c038fd4 None None] Hash Ring: Node b173f3d6fb1b59cdaddad63295c04031 (host: np0000156878) handling event "create" for row e7826157-1afc-4821-bced-9897bfda4d4b (table: Chassis_Private) {{(pid=103584) notify /opt/stack/neutron/neutron/plugins/ml2/drivers/ovn/mech_driver/ovsdb/ovsdb_monitor.py:920}}
Feb 25 03:13:59.435861 np0000156878 devstack@neutron-api.service[103584]: INFO neutron.plugins.ml2.drivers.ovn.mech_driver.mech_driver [None req-ccfc3c62-5d66-4d51-b841-a7ee1c038fd4 None None] WorkerService process has finished the post initialization
Feb 25 03:13:59.437002 np0000156878 devstack@neutron-api.service[103584]: INFO neutron.plugins.ml2.drivers.ovn.mech_driver.ovsdb.extensions.qos [-] Starting OVNClientQosExtension
Feb 25 03:13:59.437872 np0000156878 devstack@neutron-api.service[103584]: INFO neutron.plugins.ml2.drivers.ovn.mech_driver.ovsdb.extensions.placement [-] Starting OVNClientPlacementExtension
Feb 25 03:13:59.438773 np0000156878 devstack@neutron-api.service[103584]: WSGI app 0 (mountpoint='') ready in 8 seconds on interpreter 0x7b72736a3668 pid: 103584 (default app)
Feb 25 03:14:00.884455 np0000156878 devstack@neutron-api.service[103582]: DEBUG neutron.common.ovn.hash_ring_manager [-] Allow caching, nodes 4>=4 {{(pid=103582) _wait_startup_before_caching /opt/stack/neutron/neutron/common/ovn/hash_ring_manager.py:65}}
Feb 25 03:14:00.884455 np0000156878 devstack@neutron-api.service[103582]: DEBUG neutron.plugins.ml2.drivers.ovn.mech_driver.ovsdb.ovsdb_monitor [-] Hash Ring: Node e277a1dd81e15854b68fa82a81a87efa (host: np0000156878) handling event "update" for row f3cb3670-48b3-4e8d-89e4-eb920c54bfd6 (table: Connection) {{(pid=103582) notify /opt/stack/neutron/neutron/plugins/ml2/drivers/ovn/mech_driver/ovsdb/ovsdb_monitor.py:920}}
Feb 25 03:14:03.377640 np0000156878 devstack@neutron-api.service[103582]: DEBUG neutron.plugins.ml2.drivers.ovn.mech_driver.ovsdb.ovsdb_monitor [-] Hash Ring: Node e277a1dd81e15854b68fa82a81a87efa (host: np0000156878) handling event "update" for row f3cb3670-48b3-4e8d-89e4-eb920c54bfd6 (table: Connection) {{(pid=103582) notify /opt/stack/neutron/neutron/plugins/ml2/drivers/ovn/mech_driver/ovsdb/ovsdb_monitor.py:920}}
Feb 25 03:14:05.271469 np0000156878 devstack@neutron-api.service[103582]: DEBUG neutron.api.wsgi [None req-4ae8ab0a-5155-482c-b4b9-86048050983c admin admin] Missing Content-Type {{(pid=103582) get_content_type /opt/stack/neutron/neutron/api/wsgi.py:85}}
Feb 25 03:14:05.272629 np0000156878 devstack@neutron-api.service[103582]: DEBUG neutron.api.wsgi [None req-4ae8ab0a-5155-482c-b4b9-86048050983c admin admin] https://162.253.55.36/networking/v2.0/extensions returned with HTTP 200 {{(pid=103582) __call__ /opt/stack/neutron/neutron/api/wsgi.py:545}}
Feb 25 03:14:05.272629 np0000156878 devstack@neutron-api.service[103582]: [pid: 103582|app: 0|req: 2/2] 162.253.55.36 () {64 vars in 1316 bytes} [Wed Feb 25 03:14:05 2026] GET /networking/v2.0/extensions => generated 15208 bytes in 262 msecs (HTTP/1.1 200) 4 headers in 159 bytes (1 switches on core 0)
Feb 25 03:14:05.678481 np0000156878 devstack@neutron-api.service[103585]: DEBUG neutron.api.v2.base [None req-3efdacc7-a215-4ec6-a2a0-db829ce27a21 admin admin] Request body: {'subnetpool': {'prefixes': ['10.1.0.0/20'], 'shared': True, 'name': 'shared-default-subnetpool-v4', 'is_default': True, 'default_prefixlen': 26}} {{(pid=103585) prepare_request_body /opt/stack/neutron/neutron/api/v2/base.py:729}}
Feb 25 03:14:05.876459 np0000156878 devstack@neutron-api.service[103585]: DEBUG neutron.policy [None req-3efdacc7-a215-4ec6-a2a0-db829ce27a21 admin admin] Loaded default policies from ['neutron'] under neutron.policies entry points {{(pid=103585) register_rules /opt/stack/neutron/neutron/policy.py:65}}
Feb 25 03:14:06.018457 np0000156878 devstack@neutron-api.service[103585]: DEBUG neutron_lib.callbacks.manager [None req-3efdacc7-a215-4ec6-a2a0-db829ce27a21 admin admin] Publish callbacks ['neutron.objects.securitygroup.RbacNeutronDbObjectMixin.validate_rbac_policy_change-2352468784431', 'neutron.objects.address_group.RbacNeutronDbObjectMixin.validate_rbac_policy_change-2352468805845', 'neutron.objects.network.RbacNeutronDbObjectMixin.validate_rbac_policy_change-2352468949372', 'neutron.objects.qos.policy.RbacNeutronDbObjectMixin.validate_rbac_policy_change-2352468924875', 'neutron.objects.subnetpool.RbacNeutronDbObjectMixin.validate_rbac_policy_change-2352468959073', 'neutron.objects.address_scope.RbacNeutronDbObjectMixin.validate_rbac_policy_change-2352468955281', 'neutron.plugins.ml2.plugin.External_net_db_mixin._process_ext_policy_create-477516', 'neutron.plugins.ml2.plugin.NeutronDbPluginV2.validate_network_rbac_policy_change-488192', 'neutron.services.network_ip_availability.plugin.NeutronDbPluginV2.validate_network_rbac_policy_change-7920384', 'neutron.services.network_ip_availability.plugin.NeutronDbPluginV2.validate_network_rbac_policy_change-7606862'] for rbac-policy (None), before_create {{(pid=103585) _notify_loop /opt/stack/data/venv/lib/python3.12/site-packages/neutron_lib/callbacks/manager.py:184}}
Feb 25 03:14:06.063040 np0000156878 devstack@neutron-api.service[103585]: DEBUG neutron_lib.callbacks.manager [None req-3efdacc7-a215-4ec6-a2a0-db829ce27a21 admin admin] Publish callbacks [] for subnetpool (None), before_response {{(pid=103585) _notify_loop /opt/stack/data/venv/lib/python3.12/site-packages/neutron_lib/callbacks/manager.py:184}}
Feb 25 03:14:06.063518 np0000156878 devstack@neutron-api.service[103585]: [pid: 103585|app: 0|req: 1/3] 162.253.55.36 () {68 vars in 1360 bytes} [Wed Feb 25 03:14:05 2026] POST /networking/v2.0/subnetpools => generated 533 bytes in 491 msecs (HTTP/1.1 201) 4 headers in 162 bytes (1 switches on core 0)
Feb 25 03:14:06.384332 np0000156878 devstack@neutron-api.service[103583]: DEBUG neutron.api.v2.base [None req-33591d84-cc63-410f-b17e-5bef1af4015a admin admin] Request body: {'subnetpool': {'prefixes': ['fd00:4950:914c::/56'], 'shared': True, 'name': 'shared-default-subnetpool-v6', 'is_default': True, 'default_prefixlen': 64}} {{(pid=103583) prepare_request_body /opt/stack/neutron/neutron/api/v2/base.py:729}}
Feb 25 03:14:06.552066 np0000156878 devstack@neutron-api.service[103583]: DEBUG neutron.policy [None req-33591d84-cc63-410f-b17e-5bef1af4015a admin admin] Loaded default policies from ['neutron'] under neutron.policies entry points {{(pid=103583) register_rules /opt/stack/neutron/neutron/policy.py:65}}
Feb 25 03:14:06.708388 np0000156878 devstack@neutron-api.service[103583]: DEBUG neutron_lib.callbacks.manager [None req-33591d84-cc63-410f-b17e-5bef1af4015a admin admin] Publish callbacks ['neutron.objects.securitygroup.RbacNeutronDbObjectMixin.validate_rbac_policy_change-2352468859916', 'neutron.objects.address_group.RbacNeutronDbObjectMixin.validate_rbac_policy_change-2352468895092', 'neutron.objects.network.RbacNeutronDbObjectMixin.validate_rbac_policy_change-2352468946508', 'neutron.objects.qos.policy.RbacNeutronDbObjectMixin.validate_rbac_policy_change-2352468949803', 'neutron.objects.subnetpool.RbacNeutronDbObjectMixin.validate_rbac_policy_change-2352468978306', 'neutron.objects.address_scope.RbacNeutronDbObjectMixin.validate_rbac_policy_change-2352468978647', 'neutron.plugins.ml2.plugin.External_net_db_mixin._process_ext_policy_create-1210', 'neutron.plugins.ml2.plugin.NeutronDbPluginV2.validate_network_rbac_policy_change-9382', 'neutron.services.network_ip_availability.plugin.NeutronDbPluginV2.validate_network_rbac_policy_change-6454422', 'neutron.services.network_ip_availability.plugin.NeutronDbPluginV2.validate_network_rbac_policy_change-7063482'] for rbac-policy (None), before_create {{(pid=103583) _notify_loop /opt/stack/data/venv/lib/python3.12/site-packages/neutron_lib/callbacks/manager.py:184}}
Feb 25 03:14:06.755912 np0000156878 devstack@neutron-api.service[103583]: DEBUG neutron_lib.callbacks.manager [None req-33591d84-cc63-410f-b17e-5bef1af4015a admin admin] Publish callbacks [] for subnetpool (None), before_response {{(pid=103583) _notify_loop /opt/stack/data/venv/lib/python3.12/site-packages/neutron_lib/callbacks/manager.py:184}}
Feb 25 03:14:06.756685 np0000156878 devstack@neutron-api.service[103583]: [pid: 103583|app: 0|req: 1/4] 162.253.55.36 () {68 vars in 1360 bytes} [Wed Feb 25 03:14:06 2026] POST /networking/v2.0/subnetpools => generated 543 bytes in 478 msecs (HTTP/1.1 201) 4 headers in 162 bytes (1 switches on core 0)
Feb 25 03:14:07.183426 np0000156878 devstack@neutron-api.service[103584]: DEBUG neutron.api.v2.base [None req-7a200476-e7b5-4da7-83c3-fffa10458260 admin admin] Request body: {'network': {'admin_state_up': True, 'name': 'private'}} {{(pid=103584) prepare_request_body /opt/stack/neutron/neutron/api/v2/base.py:729}}
Feb 25 03:14:07.213162 np0000156878 devstack@neutron-api.service[103584]: DEBUG neutron.pecan_wsgi.hooks.quota_enforcement [None req-7a200476-e7b5-4da7-83c3-fffa10458260 admin admin] Made reservation on behalf of 6186dcf3ea29473aa79adbe6af2bd9db for: {'network': 1} {{(pid=103584) before /opt/stack/neutron/neutron/pecan_wsgi/hooks/quota_enforcement.py:66}}
Feb 25 03:14:07.391341 np0000156878 devstack@neutron-api.service[103584]: DEBUG neutron.policy [None req-7a200476-e7b5-4da7-83c3-fffa10458260 admin admin] Loaded default policies from ['neutron'] under neutron.policies entry points {{(pid=103584) register_rules /opt/stack/neutron/neutron/policy.py:65}}
Feb 25 03:14:07.495812 np0000156878 devstack@neutron-api.service[103584]: DEBUG neutron_lib.callbacks.manager [None req-7a200476-e7b5-4da7-83c3-fffa10458260 admin admin] Publish callbacks ['neutron.plugins.ml2.plugin.SecurityGroupDbMixin._ensure_default_security_group_handler-248294'] for network (None), before_create {{(pid=103584) _notify_loop /opt/stack/data/venv/lib/python3.12/site-packages/neutron_lib/callbacks/manager.py:184}}
Feb 25 03:14:07.517276 np0000156878 devstack@neutron-api.service[103584]: DEBUG neutron_lib.callbacks.manager [None req-7a200476-e7b5-4da7-83c3-fffa10458260 admin admin] Publish callbacks [] for security_group (None), before_create {{(pid=103584) _notify_loop /opt/stack/data/venv/lib/python3.12/site-packages/neutron_lib/callbacks/manager.py:184}}
Feb 25 03:14:07.613242 np0000156878 devstack@neutron-api.service[103584]: DEBUG neutron_lib.callbacks.manager [None req-7a200476-e7b5-4da7-83c3-fffa10458260 admin admin] Publish callbacks ['neutron.plugins.ml2.drivers.ovn.mech_driver.mech_driver.OVNMechanismDriver._create_security_group_precommit-865232'] for security_group (e844984e-76e4-433b-84e3-2cb5c5fd2aa3), precommit_create {{(pid=103584) _notify_loop /opt/stack/data/venv/lib/python3.12/site-packages/neutron_lib/callbacks/manager.py:184}}
Feb 25 03:14:07.613422 np0000156878 devstack@neutron-api.service[103584]: DEBUG neutron.db.ovn_revision_numbers_db [None req-7a200476-e7b5-4da7-83c3-fffa10458260 admin admin] create_initial_revision uuid=e844984e-76e4-433b-84e3-2cb5c5fd2aa3, type=security_groups, rev=-1 {{(pid=103584) create_initial_revision /opt/stack/neutron/neutron/db/ovn_revision_numbers_db.py:98}}
Feb 25 03:14:07.615645 np0000156878 devstack@neutron-api.service[103584]: DEBUG neutron.db.ovn_revision_numbers_db [None req-7a200476-e7b5-4da7-83c3-fffa10458260 admin admin] create_initial_revision uuid=4b9ae25d-d176-436b-bd7f-37908e8a481a, type=security_group_rules, rev=-1 {{(pid=103584) create_initial_revision /opt/stack/neutron/neutron/db/ovn_revision_numbers_db.py:98}}
Feb 25 03:14:07.616778 np0000156878 devstack@neutron-api.service[103584]: DEBUG neutron.db.ovn_revision_numbers_db [None req-7a200476-e7b5-4da7-83c3-fffa10458260 admin admin] create_initial_revision uuid=87d0d329-e8d7-4ce0-a56e-9e674d9aa71b, type=security_group_rules, rev=-1 {{(pid=103584) create_initial_revision /opt/stack/neutron/neutron/db/ovn_revision_numbers_db.py:98}}
Feb 25 03:14:07.617860 np0000156878 devstack@neutron-api.service[103584]: DEBUG neutron.db.ovn_revision_numbers_db [None req-7a200476-e7b5-4da7-83c3-fffa10458260 admin admin] create_initial_revision uuid=9ba120fa-4038-4a9b-9508-608a1a646b13, type=security_group_rules, rev=-1 {{(pid=103584) create_initial_revision /opt/stack/neutron/neutron/db/ovn_revision_numbers_db.py:98}}
Feb 25 03:14:07.619033 np0000156878 devstack@neutron-api.service[103584]: DEBUG neutron.db.ovn_revision_numbers_db [None req-7a200476-e7b5-4da7-83c3-fffa10458260 admin admin] create_initial_revision uuid=c2815a92-d2d3-4098-b332-6fc7c090b484, type=security_group_rules, rev=-1 {{(pid=103584) create_initial_revision /opt/stack/neutron/neutron/db/ovn_revision_numbers_db.py:98}}
Feb 25 03:14:07.625501 np0000156878 devstack@neutron-api.service[103584]: DEBUG neutron_lib.callbacks.manager [None req-7a200476-e7b5-4da7-83c3-fffa10458260 admin admin] Publish callbacks ['neutron.plugins.ml2.drivers.ovn.mech_driver.mech_driver.OVNMechanismDriver._create_security_group-865190', 'neutron.plugins.ml2.ovo_rpc._ObjectChangeHandler.handle_event-7817134'] for security_group (e844984e-76e4-433b-84e3-2cb5c5fd2aa3), after_create {{(pid=103584) _notify_loop /opt/stack/data/venv/lib/python3.12/site-packages/neutron_lib/callbacks/manager.py:184}}
Feb 25 03:14:07.627225 np0000156878 devstack@neutron-api.service[103584]: DEBUG ovsdbapp.backend.ovs_idl.transaction [-] Running txn n=1 command(idx=0): PgAddCommand(_result=None, name=pg_e844984e_76e4_433b_84e3_2cb5c5fd2aa3, may_exist=False, columns={'acls': [], 'external_ids': {'neutron:security_group_id': 'e844984e-76e4-433b-84e3-2cb5c5fd2aa3'}}) {{(pid=103584) do_commit /opt/stack/data/venv/lib/python3.12/site-packages/ovsdbapp/backend/ovs_idl/transaction.py:89}}
Feb 25 03:14:07.630518 np0000156878 devstack@neutron-api.service[103584]: DEBUG ovsdbapp.backend.ovs_idl.transaction [-] Running txn n=1 command(idx=1): PgAclAddCommand(_result=None, entity=pg_e844984e_76e4_433b_84e3_2cb5c5fd2aa3, direction=from-lport, priority=1002, match=inport == @pg_e844984e_76e4_433b_84e3_2cb5c5fd2aa3 && ip6, action=allow-related, log=False, may_exist=True, severity=[], name=[], meter=[], external_ids={'neutron:security_group_rule_id': '4b9ae25d-d176-436b-bd7f-37908e8a481a'}) {{(pid=103584) do_commit /opt/stack/data/venv/lib/python3.12/site-packages/ovsdbapp/backend/ovs_idl/transaction.py:89}}
Feb 25 03:14:07.631636 np0000156878 devstack@neutron-api.service[103584]: DEBUG ovsdbapp.backend.ovs_idl.transaction [-] Running txn n=1 command(idx=2): PgAclAddCommand(_result=None, entity=pg_e844984e_76e4_433b_84e3_2cb5c5fd2aa3, direction=to-lport, priority=1002, match=outport == @pg_e844984e_76e4_433b_84e3_2cb5c5fd2aa3 && ip4 && ip4.src == $pg_e844984e_76e4_433b_84e3_2cb5c5fd2aa3_ip4, action=allow-related, log=False, may_exist=True, severity=[], name=[], meter=[], external_ids={'neutron:security_group_rule_id': '87d0d329-e8d7-4ce0-a56e-9e674d9aa71b'}) {{(pid=103584) do_commit /opt/stack/data/venv/lib/python3.12/site-packages/ovsdbapp/backend/ovs_idl/transaction.py:89}}
Feb 25 03:14:07.632322 np0000156878 devstack@neutron-api.service[103584]: DEBUG ovsdbapp.backend.ovs_idl.transaction [-] Running txn n=1 command(idx=3): PgAclAddCommand(_result=None, entity=pg_e844984e_76e4_433b_84e3_2cb5c5fd2aa3, direction=from-lport, priority=1002, match=inport == @pg_e844984e_76e4_433b_84e3_2cb5c5fd2aa3 && ip4, action=allow-related, log=False, may_exist=True, severity=[], name=[], meter=[], external_ids={'neutron:security_group_rule_id': '9ba120fa-4038-4a9b-9508-608a1a646b13'}) {{(pid=103584) do_commit /opt/stack/data/venv/lib/python3.12/site-packages/ovsdbapp/backend/ovs_idl/transaction.py:89}}
Feb 25 03:14:07.632974 np0000156878 devstack@neutron-api.service[103584]: DEBUG ovsdbapp.backend.ovs_idl.transaction [-] Running txn n=1 command(idx=4): PgAclAddCommand(_result=None, entity=pg_e844984e_76e4_433b_84e3_2cb5c5fd2aa3, direction=to-lport, priority=1002, match=outport == @pg_e844984e_76e4_433b_84e3_2cb5c5fd2aa3 && ip6 && ip6.src == $pg_e844984e_76e4_433b_84e3_2cb5c5fd2aa3_ip6, action=allow-related, log=False, may_exist=True, severity=[], name=[], meter=[], external_ids={'neutron:security_group_rule_id': 'c2815a92-d2d3-4098-b332-6fc7c090b484'}) {{(pid=103584) do_commit /opt/stack/data/venv/lib/python3.12/site-packages/ovsdbapp/backend/ovs_idl/transaction.py:89}}
Feb 25 03:14:07.664459 np0000156878 devstack@neutron-api.service[103582]: DEBUG neutron.plugins.ml2.drivers.ovn.mech_driver.ovsdb.ovsdb_monitor [-] Hash Ring: Node e277a1dd81e15854b68fa82a81a87efa (host: np0000156878) handling event "create" for row 082b7d34-f823-406c-9b6b-ce246fdcbdca (table: ACL) {{(pid=103582) notify /opt/stack/neutron/neutron/plugins/ml2/drivers/ovn/mech_driver/ovsdb/ovsdb_monitor.py:920}}
Feb 25 03:14:07.665272 np0000156878 devstack@neutron-api.service[103582]: DEBUG neutron.plugins.ml2.drivers.ovn.mech_driver.ovsdb.ovsdb_monitor [-] Hash Ring: Node e277a1dd81e15854b68fa82a81a87efa (host: np0000156878) handling event "create" for row 1b3a6f85-4aea-4c82-ada6-47c471117a55 (table: ACL) {{(pid=103582) notify /opt/stack/neutron/neutron/plugins/ml2/drivers/ovn/mech_driver/ovsdb/ovsdb_monitor.py:920}}
Feb 25 03:14:07.665272 np0000156878 devstack@neutron-api.service[103582]: DEBUG neutron.plugins.ml2.drivers.ovn.mech_driver.ovsdb.ovsdb_monitor [-] Hash Ring: Node e277a1dd81e15854b68fa82a81a87efa (host: np0000156878) handling event "create" for row 2226a067-6d9e-449f-b91e-8752e14f8c21 (table: ACL) {{(pid=103582) notify /opt/stack/neutron/neutron/plugins/ml2/drivers/ovn/mech_driver/ovsdb/ovsdb_monitor.py:920}}
Feb 25 03:14:07.665272 np0000156878 devstack@neutron-api.service[103582]: DEBUG neutron.plugins.ml2.drivers.ovn.mech_driver.ovsdb.ovsdb_monitor [-] Hash Ring: Node e277a1dd81e15854b68fa82a81a87efa (host: np0000156878) handling event "create" for row f9a8d0a4-57ec-48d5-9561-b8c98b73ac2c (table: ACL) {{(pid=103582) notify /opt/stack/neutron/neutron/plugins/ml2/drivers/ovn/mech_driver/ovsdb/ovsdb_monitor.py:920}}
Feb 25 03:14:07.665739 np0000156878 devstack@neutron-api.service[103582]: DEBUG neutron.plugins.ml2.drivers.ovn.mech_driver.ovsdb.ovsdb_monitor [-] Hash Ring: Node e277a1dd81e15854b68fa82a81a87efa (host: np0000156878) handling event "create" for row a18f0fc5-b369-4daf-be01-484aa25d0add (table: Port_Group) {{(pid=103582) notify /opt/stack/neutron/neutron/plugins/ml2/drivers/ovn/mech_driver/ovsdb/ovsdb_monitor.py:920}}
Feb 25 03:14:07.666565 np0000156878 devstack@neutron-api.service[103584]: DEBUG neutron.plugins.ml2.drivers.ovn.mech_driver.ovsdb.ovsdb_monitor [-] Hash Ring: Node b173f3d6fb1b59cdaddad63295c04031 (host: np0000156878) handling event "create" for row 1b3a6f85-4aea-4c82-ada6-47c471117a55 (table: ACL) {{(pid=103584) notify /opt/stack/neutron/neutron/plugins/ml2/drivers/ovn/mech_driver/ovsdb/ovsdb_monitor.py:920}}
Feb 25 03:14:07.667028 np0000156878 devstack@neutron-api.service[103584]: DEBUG neutron.plugins.ml2.drivers.ovn.mech_driver.ovsdb.ovsdb_monitor [-] Hash Ring: Node b173f3d6fb1b59cdaddad63295c04031 (host: np0000156878) handling event "create" for row a18f0fc5-b369-4daf-be01-484aa25d0add (table: Port_Group) {{(pid=103584) notify /opt/stack/neutron/neutron/plugins/ml2/drivers/ovn/mech_driver/ovsdb/ovsdb_monitor.py:920}}
Feb 25 03:14:07.667665 np0000156878 devstack@neutron-api.service[103585]: DEBUG neutron.plugins.ml2.drivers.ovn.mech_driver.ovsdb.ovsdb_monitor [-] Hash Ring: Node ad43b551941c509d9c8b20a92d39cd36 (host: np0000156878) handling event "create" for row 082b7d34-f823-406c-9b6b-ce246fdcbdca (table: ACL) {{(pid=103585) notify /opt/stack/neutron/neutron/plugins/ml2/drivers/ovn/mech_driver/ovsdb/ovsdb_monitor.py:920}}
Feb 25 03:14:07.668024 np0000156878 devstack@neutron-api.service[103585]: DEBUG neutron.plugins.ml2.drivers.ovn.mech_driver.ovsdb.ovsdb_monitor [-] Hash Ring: Node ad43b551941c509d9c8b20a92d39cd36 (host: np0000156878) handling event "create" for row 2226a067-6d9e-449f-b91e-8752e14f8c21 (table: ACL) {{(pid=103585) notify /opt/stack/neutron/neutron/plugins/ml2/drivers/ovn/mech_driver/ovsdb/ovsdb_monitor.py:920}}
Feb 25 03:14:07.668286 np0000156878 devstack@neutron-api.service[103585]: DEBUG neutron.plugins.ml2.drivers.ovn.mech_driver.ovsdb.ovsdb_monitor [-] Hash Ring: Node ad43b551941c509d9c8b20a92d39cd36 (host: np0000156878) handling event "create" for row f9a8d0a4-57ec-48d5-9561-b8c98b73ac2c (table: ACL) {{(pid=103585) notify /opt/stack/neutron/neutron/plugins/ml2/drivers/ovn/mech_driver/ovsdb/ovsdb_monitor.py:920}}
Feb 25 03:14:07.700330 np0000156878 devstack@neutron-api.service[103584]: INFO neutron.db.ovn_revision_numbers_db [None req-7a200476-e7b5-4da7-83c3-fffa10458260 admin admin] Successfully bumped revision number for resource e844984e-76e4-433b-84e3-2cb5c5fd2aa3 (type: security_groups) to 1
Feb 25 03:14:07.713282 np0000156878 devstack@neutron-api.service[103584]: INFO neutron.db.ovn_revision_numbers_db [None req-7a200476-e7b5-4da7-83c3-fffa10458260 admin admin] Successfully bumped revision number for resource 4b9ae25d-d176-436b-bd7f-37908e8a481a (type: security_group_rules) to 0
Feb 25 03:14:07.726280 np0000156878 devstack@neutron-api.service[103584]: INFO neutron.db.ovn_revision_numbers_db [None req-7a200476-e7b5-4da7-83c3-fffa10458260 admin admin] Successfully bumped revision number for resource 87d0d329-e8d7-4ce0-a56e-9e674d9aa71b (type: security_group_rules) to 0
Feb 25 03:14:07.740129 np0000156878 devstack@neutron-api.service[103584]: INFO neutron.db.ovn_revision_numbers_db [None req-7a200476-e7b5-4da7-83c3-fffa10458260 admin admin] Successfully bumped revision number for resource 9ba120fa-4038-4a9b-9508-608a1a646b13 (type: security_group_rules) to 0
Feb 25 03:14:07.753658 np0000156878 devstack@neutron-api.service[103584]: INFO neutron.db.ovn_revision_numbers_db [None req-7a200476-e7b5-4da7-83c3-fffa10458260 admin admin] Successfully bumped revision number for resource c2815a92-d2d3-4098-b332-6fc7c090b484 (type: security_group_rules) to 0
Feb 25 03:14:07.776323 np0000156878 devstack@neutron-api.service[103584]: DEBUG neutron.api.rpc.handlers.resources_rpc [None req-7a200476-e7b5-4da7-83c3-fffa10458260 admin admin] Pushing event updated for resources: {'SecurityGroup': ['ID=e844984e-76e4-433b-84e3-2cb5c5fd2aa3,revision_number=1']} {{(pid=103584) push /opt/stack/neutron/neutron/api/rpc/handlers/resources_rpc.py:237}}
Feb 25 03:14:07.785346 np0000156878 devstack@neutron-api.service[103584]: DEBUG ovsdbapp.backend.ovs_idl.transaction [-] Running txn n=1 command(idx=0): CheckLivenessCommand(_result=None) {{(pid=103584) do_commit /opt/stack/data/venv/lib/python3.12/site-packages/ovsdbapp/backend/ovs_idl/transaction.py:89}}
Feb 25 03:14:07.788586 np0000156878 devstack@neutron-api.service[103582]: DEBUG neutron.plugins.ml2.drivers.ovn.mech_driver.ovsdb.ovsdb_monitor [-] Hash Ring: Node e277a1dd81e15854b68fa82a81a87efa (host: np0000156878) handling event "update" for row e2501e52-59aa-42ab-bda6-16cdf106608c (table: NB_Global) {{(pid=103582) notify /opt/stack/neutron/neutron/plugins/ml2/drivers/ovn/mech_driver/ovsdb/ovsdb_monitor.py:920}}
Feb 25 03:14:07.788799 np0000156878 devstack@neutron-api.service[103585]: DEBUG neutron.plugins.ml2.drivers.ovn.mech_driver.ovsdb.ovsdb_monitor [-] Hash Ring: Node ad43b551941c509d9c8b20a92d39cd36 (host: np0000156878) handling event "update" for row e2501e52-59aa-42ab-bda6-16cdf106608c (table: NB_Global) {{(pid=103585) notify /opt/stack/neutron/neutron/plugins/ml2/drivers/ovn/mech_driver/ovsdb/ovsdb_monitor.py:920}}
Feb 25 03:14:07.789404 np0000156878 devstack@neutron-api.service[103585]: DEBUG neutron.plugins.ml2.drivers.ovn.mech_driver.ovsdb.ovsdb_monitor [-] Hash Ring: Node ad43b551941c509d9c8b20a92d39cd36 (host: np0000156878) handling event "update" for row e2501e52-59aa-42ab-bda6-16cdf106608c (table: NB_Global) {{(pid=103585) notify /opt/stack/neutron/neutron/plugins/ml2/drivers/ovn/mech_driver/ovsdb/ovsdb_monitor.py:920}}
Feb 25 03:14:07.790079 np0000156878 devstack@neutron-api.service[103585]: DEBUG neutron.plugins.ml2.drivers.ovn.mech_driver.ovsdb.ovsdb_monitor [-] Hash Ring: Node ad43b551941c509d9c8b20a92d39cd36 (host: np0000156878) handling event "update" for row e2501e52-59aa-42ab-bda6-16cdf106608c (table: NB_Global) {{(pid=103585) notify /opt/stack/neutron/neutron/plugins/ml2/drivers/ovn/mech_driver/ovsdb/ovsdb_monitor.py:920}}
Feb 25 03:14:07.790236 np0000156878 devstack@neutron-api.service[103582]: DEBUG neutron.plugins.ml2.drivers.ovn.mech_driver.ovsdb.ovsdb_monitor [-] Hash Ring: Node e277a1dd81e15854b68fa82a81a87efa (host: np0000156878) handling event "update" for row e2501e52-59aa-42ab-bda6-16cdf106608c (table: NB_Global) {{(pid=103582) notify /opt/stack/neutron/neutron/plugins/ml2/drivers/ovn/mech_driver/ovsdb/ovsdb_monitor.py:920}}
Feb 25 03:14:07.791272 np0000156878 devstack@neutron-api.service[103582]: DEBUG neutron.plugins.ml2.drivers.ovn.mech_driver.ovsdb.ovsdb_monitor [-] Hash Ring: Node e277a1dd81e15854b68fa82a81a87efa (host: np0000156878) handling event "update" for row e2501e52-59aa-42ab-bda6-16cdf106608c (table: NB_Global) {{(pid=103582) notify /opt/stack/neutron/neutron/plugins/ml2/drivers/ovn/mech_driver/ovsdb/ovsdb_monitor.py:920}}
Feb 25 03:14:07.792740 np0000156878 devstack@neutron-api.service[103585]: DEBUG neutron.plugins.ml2.drivers.ovn.mech_driver.ovsdb.ovsdb_monitor [-] ChassisAgentWriteEvent : Matched Chassis_Private, update, None None {{(pid=103585) matches /opt/stack/neutron/neutron/plugins/ml2/drivers/ovn/mech_driver/ovsdb/ovsdb_monitor.py:65}}
Feb 25 03:14:07.792910 np0000156878 devstack@neutron-api.service[103583]: DEBUG neutron.plugins.ml2.drivers.ovn.mech_driver.ovsdb.ovsdb_monitor [-] ChassisAgentWriteEvent : Matched Chassis_Private, update, None None {{(pid=103583) matches /opt/stack/neutron/neutron/plugins/ml2/drivers/ovn/mech_driver/ovsdb/ovsdb_monitor.py:65}}
Feb 25 03:14:07.794344 np0000156878 devstack@neutron-api.service[103582]: DEBUG neutron.plugins.ml2.drivers.ovn.mech_driver.ovsdb.ovsdb_monitor [-] Hash Ring: Node e277a1dd81e15854b68fa82a81a87efa (host: np0000156878) handling event "update" for row e2501e52-59aa-42ab-bda6-16cdf106608c (table: NB_Global) {{(pid=103582) notify /opt/stack/neutron/neutron/plugins/ml2/drivers/ovn/mech_driver/ovsdb/ovsdb_monitor.py:920}}
Feb 25 03:14:07.794344 np0000156878 devstack@neutron-api.service[103582]: DEBUG neutron.plugins.ml2.drivers.ovn.mech_driver.ovsdb.ovsdb_monitor [-] ChassisAgentWriteEvent : Matched Chassis_Private, update, None None {{(pid=103582) matches /opt/stack/neutron/neutron/plugins/ml2/drivers/ovn/mech_driver/ovsdb/ovsdb_monitor.py:65}}
Feb 25 03:14:07.794900 np0000156878 devstack@neutron-api.service[103584]: DEBUG neutron.api.rpc.callbacks.version_manager [None req-7a200476-e7b5-4da7-83c3-fffa10458260 admin admin] Tracked resource versions report:
Feb 25 03:14:07.794900 np0000156878 devstack@neutron-api.service[103584]: pushed versions:
Feb 25 03:14:07.794900 np0000156878 devstack@neutron-api.service[103584]: { 'AddressGroup': {'1.2'},
Feb 25 03:14:07.794900 np0000156878 devstack@neutron-api.service[103584]: 'Agent': {'1.1'},
Feb 25 03:14:07.794900 np0000156878 devstack@neutron-api.service[103584]: 'ConntrackHelper': {'1.0'},
Feb 25 03:14:07.794900 np0000156878 devstack@neutron-api.service[103584]: 'LocalIPAssociation': {'1.0'},
Feb 25 03:14:07.794900 np0000156878 devstack@neutron-api.service[103584]: 'Log': {'1.0'},
Feb 25 03:14:07.794900 np0000156878 devstack@neutron-api.service[103584]: 'NDPProxy': {'1.0'},
Feb 25 03:14:07.794900 np0000156878 devstack@neutron-api.service[103584]: 'Network': {'1.2'},
Feb 25 03:14:07.794900 np0000156878 devstack@neutron-api.service[103584]: 'Port': {'1.10'},
Feb 25 03:14:07.794900 np0000156878 devstack@neutron-api.service[103584]: 'PortForwarding': {'1.3'},
Feb 25 03:14:07.794900 np0000156878 devstack@neutron-api.service[103584]: 'QosPolicy': {'1.10'},
Feb 25 03:14:07.794900 np0000156878 devstack@neutron-api.service[103584]: 'SecurityGroup': {'1.6'},
Feb 25 03:14:07.794900 np0000156878 devstack@neutron-api.service[103584]: 'SecurityGroupRule': {'1.3'},
Feb 25 03:14:07.794900 np0000156878 devstack@neutron-api.service[103584]: 'SubPort': {'1.0'},
Feb 25 03:14:07.794900 np0000156878 devstack@neutron-api.service[103584]: 'Subnet': {'1.2'},
Feb 25 03:14:07.794900 np0000156878 devstack@neutron-api.service[103584]: 'Trunk': {'1.1'}}
Feb 25 03:14:07.794900 np0000156878 devstack@neutron-api.service[103584]: consumer versions:
Feb 25 03:14:07.794900 np0000156878 devstack@neutron-api.service[103584]: {}
Feb 25 03:14:07.794900 np0000156878 devstack@neutron-api.service[103584]: {{(pid=103584) report /opt/stack/neutron/neutron/api/rpc/callbacks/version_manager.py:183}}
Feb 25 03:14:07.795392 np0000156878 devstack@neutron-api.service[103585]: DEBUG neutron.plugins.ml2.drivers.ovn.mech_driver.ovsdb.ovsdb_monitor [-] Hash Ring: Node ad43b551941c509d9c8b20a92d39cd36 (host: np0000156878) handling event "update" for row e2501e52-59aa-42ab-bda6-16cdf106608c (table: NB_Global) {{(pid=103585) notify /opt/stack/neutron/neutron/plugins/ml2/drivers/ovn/mech_driver/ovsdb/ovsdb_monitor.py:920}}
Feb 25 03:14:07.797860 np0000156878 devstack@neutron-api.service[103583]: DEBUG neutron.plugins.ml2.drivers.ovn.mech_driver.ovsdb.ovsdb_monitor [-] ChassisOVNAgentWriteEvent : Matched Chassis_Private, update, None None {{(pid=103583) matches /opt/stack/neutron/neutron/plugins/ml2/drivers/ovn/mech_driver/ovsdb/ovsdb_monitor.py:65}}
Feb 25 03:14:07.798808 np0000156878 devstack@neutron-api.service[103582]: DEBUG neutron.common.ovn.hash_ring_manager [-] Allow caching, nodes 4>=4 {{(pid=103582) _wait_startup_before_caching /opt/stack/neutron/neutron/common/ovn/hash_ring_manager.py:65}}
Feb 25 03:14:07.798949 np0000156878 devstack@neutron-api.service[103582]: DEBUG neutron.plugins.ml2.drivers.ovn.mech_driver.ovsdb.ovsdb_monitor [-] Hash Ring: Node e277a1dd81e15854b68fa82a81a87efa (host: np0000156878) handling event "update" for row e7826157-1afc-4821-bced-9897bfda4d4b (table: Chassis_Private) {{(pid=103582) notify /opt/stack/neutron/neutron/plugins/ml2/drivers/ovn/mech_driver/ovsdb/ovsdb_monitor.py:920}}
Feb 25 03:14:07.799532 np0000156878 devstack@neutron-api.service[103585]: DEBUG neutron.plugins.ml2.drivers.ovn.mech_driver.ovsdb.ovsdb_monitor [-] ChassisOVNAgentWriteEvent : Matched Chassis_Private, update, None None {{(pid=103585) matches /opt/stack/neutron/neutron/plugins/ml2/drivers/ovn/mech_driver/ovsdb/ovsdb_monitor.py:65}}
