2026-04-23 01:26:25.819 7 INFO placement.requestlog [None req-08a21e0b-2233-4ec5-a527-64422c3ed22d bb155bb0f0834183a7fcdff9238eae75 d9b5c3499f4a4428b8a99531c319cb63 - - 496aee4d0ce24aeab5cb67106bb21643 496aee4d0ce24aeab5cb67106bb21643] 10.0.0.52 "DELETE /resource_providers/2746f6f3-734d-4288-9efa-f696bc6003fc" status: 404 len: 246 microversion: 1.1 [pid: 7|app: 0|req: 372/742] 10.0.0.52 () {34 vars in 815 bytes} [Thu Apr 23 01:26:25 2026] DELETE /resource_providers/2746f6f3-734d-4288-9efa-f696bc6003fc => generated 246 bytes in 16 msecs (HTTP/1.1 404) 6 headers in 231 bytes (1 switches on core 0)
2026-04-23 01:26:25.830 8 INFO placement.requestlog [None req-3055c1f3-f22a-4921-bc65-64de788336fd bb155bb0f0834183a7fcdff9238eae75 d9b5c3499f4a4428b8a99531c319cb63 - - 496aee4d0ce24aeab5cb67106bb21643 496aee4d0ce24aeab5cb67106bb21643] 10.0.0.52 "GET /resource_providers/68382ba4-f457-438d-8aab-43bc44d92fb4/aggregates" status: 404 len: 235 microversion: 1.1 [pid: 8|app: 0|req: 371/743] 10.0.0.52 () {32 vars in 815 bytes} [Thu Apr 23 01:26:25 2026] GET /resource_providers/68382ba4-f457-438d-8aab-43bc44d92fb4/aggregates => generated 235 bytes in 18 msecs (HTTP/1.1 404) 5 headers in 202 bytes (1 switches on core 0)
2026-04-23 01:26:25.847 7 INFO placement.requestlog [None req-65a185bc-e600-4444-ab7d-487fa01dc4e4 bb155bb0f0834183a7fcdff9238eae75 d9b5c3499f4a4428b8a99531c319cb63 - - 496aee4d0ce24aeab5cb67106bb21643 496aee4d0ce24aeab5cb67106bb21643] 10.0.0.52 "GET /resource_providers/68382ba4-f457-438d-8aab-43bc44d92fb4/aggregates" status: 404 len: 235 microversion: 1.1 [pid: 7|app: 0|req: 373/744] 10.0.0.52 () {32 vars in 815 bytes} [Thu Apr 23 01:26:25 2026] GET /resource_providers/68382ba4-f457-438d-8aab-43bc44d92fb4/aggregates => generated 235 bytes in 9 msecs (HTTP/1.1 404) 5 headers in 202 bytes (1 switches on core 0)
2026-04-23 01:26:25.859 7 INFO placement.requestlog [None req-c7c6f57d-da39-4eba-b8e9-337744f63196 bb155bb0f0834183a7fcdff9238eae75 d9b5c3499f4a4428b8a99531c319cb63 - - 496aee4d0ce24aeab5cb67106bb21643 496aee4d0ce24aeab5cb67106bb21643] 10.0.0.52 "DELETE /resource_providers/68382ba4-f457-438d-8aab-43bc44d92fb4" status: 404 len: 246 microversion: 1.1 [pid: 7|app: 0|req: 374/745] 10.0.0.52 () {34 vars in 815 bytes} [Thu Apr 23 01:26:25 2026] DELETE /resource_providers/68382ba4-f457-438d-8aab-43bc44d92fb4 => generated 246 bytes in 6 msecs (HTTP/1.1 404) 6 headers in 231 bytes (1 switches on core 0)
2026-04-23 01:26:25.861 8 INFO placement.requestlog [None req-81257974-775a-4887-b93f-6f39b8f72446 bb155bb0f0834183a7fcdff9238eae75 d9b5c3499f4a4428b8a99531c319cb63 - - 496aee4d0ce24aeab5cb67106bb21643 496aee4d0ce24aeab5cb67106bb21643] 10.0.0.52 "DELETE /resource_providers/68382ba4-f457-438d-8aab-43bc44d92fb4" status: 404 len: 246 microversion: 1.1 [pid: 8|app: 0|req: 372/746] 10.0.0.52 () {34 vars in 815 bytes} [Thu Apr 23 01:26:25 2026] DELETE /resource_providers/68382ba4-f457-438d-8aab-43bc44d92fb4 => generated 246 bytes in 17 msecs (HTTP/1.1 404) 6 headers in 231 bytes (1 switches on core 0)
2026-04-23 01:26:25.875 7 INFO placement.requestlog [None req-5837430e-eee0-4914-89a0-09b98f6f9dd7 bb155bb0f0834183a7fcdff9238eae75 d9b5c3499f4a4428b8a99531c319cb63 - - 496aee4d0ce24aeab5cb67106bb21643 496aee4d0ce24aeab5cb67106bb21643] 10.0.0.52 "GET /resource_providers/0211aa5a-213c-475b-a467-bbf53811910f/aggregates" status: 404 len: 235 microversion: 1.1 [pid: 7|app: 0|req: 375/747] 10.0.0.52 () {32 vars in 815 bytes} [Thu Apr 23 01:26:25 2026] GET /resource_providers/0211aa5a-213c-475b-a467-bbf53811910f/aggregates => generated 235 bytes in 6 msecs (HTTP/1.1 404) 5 headers in 202 bytes (1 switches on core 0)
2026-04-23 01:26:25.880 8 INFO placement.requestlog [None req-95e0906b-4111-48d3-8d27-5fffdc83cc99 bb155bb0f0834183a7fcdff9238eae75 d9b5c3499f4a4428b8a99531c319cb63 - - 496aee4d0ce24aeab5cb67106bb21643 496aee4d0ce24aeab5cb67106bb21643] 10.0.0.52 "GET /resource_providers/0211aa5a-213c-475b-a467-bbf53811910f/aggregates" status: 404 len: 235 microversion: 1.1 [pid: 8|app: 0|req: 373/748] 10.0.0.52 () {32 vars in 815 bytes} [Thu Apr 23 01:26:25 2026] GET /resource_providers/0211aa5a-213c-475b-a467-bbf53811910f/aggregates => generated 235 bytes in 10 msecs (HTTP/1.1 404) 5 headers in 202 bytes (1 switches on core 0)
2026-04-23 01:26:25.893 7 INFO placement.requestlog [None req-600e22db-bdcb-434e-bb38-b9466a647c77 bb155bb0f0834183a7fcdff9238eae75 d9b5c3499f4a4428b8a99531c319cb63 - - 496aee4d0ce24aeab5cb67106bb21643 496aee4d0ce24aeab5cb67106bb21643] 10.0.0.52 "DELETE /resource_providers/0211aa5a-213c-475b-a467-bbf53811910f" status: 404 len: 246 microversion: 1.1 [pid: 7|app: 0|req: 376/749] 10.0.0.52 () {34 vars in 815 bytes} [Thu Apr 23 01:26:25 2026] DELETE /resource_providers/0211aa5a-213c-475b-a467-bbf53811910f => generated 246 bytes in 8 msecs (HTTP/1.1 404) 6 headers in 231 bytes (1 switches on core 0)
2026-04-23 01:26:25.895 8 INFO placement.requestlog [None req-81d0509e-c2e0-493a-b352-5f8272945be6 bb155bb0f0834183a7fcdff9238eae75 d9b5c3499f4a4428b8a99531c319cb63 - - 496aee4d0ce24aeab5cb67106bb21643 496aee4d0ce24aeab5cb67106bb21643] 10.0.0.52 "DELETE /resource_providers/0211aa5a-213c-475b-a467-bbf53811910f" status: 404 len: 246 microversion: 1.1 [pid: 8|app: 0|req: 374/750] 10.0.0.52 () {34 vars in 815 bytes} [Thu Apr 23 01:26:25 2026] DELETE /resource_providers/0211aa5a-213c-475b-a467-bbf53811910f => generated 246 bytes in 9 msecs (HTTP/1.1 404) 6 headers in 231 bytes (1 switches on core 0)
2026-04-23 01:26:26.651 8 INFO placement.requestlog [None req-e9b4993d-f5fa-42cb-8ed3-7c744c85d48f bb155bb0f0834183a7fcdff9238eae75 d9b5c3499f4a4428b8a99531c319cb63 - - 496aee4d0ce24aeab5cb67106bb21643 496aee4d0ce24aeab5cb67106bb21643] 10.0.0.52 "GET /resource_providers/b01a0de6-f3e6-4d8c-995a-59af5c64b9a7/aggregates" status: 404 len: 235 microversion: 1.1 [pid: 8|app: 0|req: 375/751] 10.0.0.52 () {32 vars in 815 bytes} [Thu Apr 23 01:26:26 2026] GET /resource_providers/b01a0de6-f3e6-4d8c-995a-59af5c64b9a7/aggregates => generated 235 bytes in 9 msecs (HTTP/1.1 404) 5 headers in 202 bytes (1 switches on core 0)
2026-04-23 01:26:26.653 7 INFO placement.requestlog [None req-4f85d03c-cea6-4ae2-b772-b4858a4e5c71 bb155bb0f0834183a7fcdff9238eae75 d9b5c3499f4a4428b8a99531c319cb63 - - 496aee4d0ce24aeab5cb67106bb21643 496aee4d0ce24aeab5cb67106bb21643] 10.0.0.52 "GET /resource_providers/b01a0de6-f3e6-4d8c-995a-59af5c64b9a7/aggregates" status: 404 len: 235 microversion: 1.1 [pid: 7|app: 0|req: 377/752] 10.0.0.52 () {32 vars in 815 bytes} [Thu Apr 23 01:26:26 2026] GET /resource_providers/b01a0de6-f3e6-4d8c-995a-59af5c64b9a7/aggregates => generated 235 bytes in 11 msecs (HTTP/1.1 404) 5 headers in 202 bytes (1 switches on core 0)
2026-04-23 01:26:26.670 8 INFO placement.requestlog [None req-c90d3796-98f9-4c61-870b-75ae469af4b3 bb155bb0f0834183a7fcdff9238eae75 d9b5c3499f4a4428b8a99531c319cb63 - - 496aee4d0ce24aeab5cb67106bb21643 496aee4d0ce24aeab5cb67106bb21643] 10.0.0.52 "DELETE /resource_providers/b01a0de6-f3e6-4d8c-995a-59af5c64b9a7" status: 404 len: 246 microversion: 1.1 [pid: 8|app: 0|req: 376/753] 10.0.0.52 () {34 vars in 815 bytes} [Thu Apr 23 01:26:26 2026] DELETE /resource_providers/b01a0de6-f3e6-4d8c-995a-59af5c64b9a7 => generated 246 bytes in 7 msecs (HTTP/1.1 404) 6 headers in 231 bytes (1 switches on core 0)
2026-04-23 01:26:26.674 7 INFO placement.requestlog [None req-fe83d7b0-4555-4426-b068-3af0c04dafc8 bb155bb0f0834183a7fcdff9238eae75 d9b5c3499f4a4428b8a99531c319cb63 - - 496aee4d0ce24aeab5cb67106bb21643 496aee4d0ce24aeab5cb67106bb21643] 10.0.0.52 "DELETE /resource_providers/b01a0de6-f3e6-4d8c-995a-59af5c64b9a7" status: 404 len: 246 microversion: 1.1 [pid: 7|app: 0|req: 378/754] 10.0.0.52 () {34 vars in 815 bytes} [Thu Apr 23 01:26:26 2026] DELETE /resource_providers/b01a0de6-f3e6-4d8c-995a-59af5c64b9a7 => generated 246 bytes in 11 msecs (HTTP/1.1 404) 6 headers in 231 bytes (1 switches on core 0)
2026-04-23 01:26:26.689 8 INFO placement.requestlog [None req-6ace182d-1cdd-4ccd-a57b-7a7298c7e2ba bb155bb0f0834183a7fcdff9238eae75 d9b5c3499f4a4428b8a99531c319cb63 - - 496aee4d0ce24aeab5cb67106bb21643 496aee4d0ce24aeab5cb67106bb21643] 10.0.0.52 "GET /resource_providers/51934081-0a01-48c1-9533-cbde88036613/aggregates" status: 404 len: 235 microversion: 1.1 [pid: 8|app: 0|req: 377/755] 10.0.0.52 () {32 vars in 815 bytes} [Thu Apr 23 01:26:26 2026] GET /resource_providers/51934081-0a01-48c1-9533-cbde88036613/aggregates => generated 235 bytes in 8 msecs (HTTP/1.1 404) 5 headers in 202 bytes (1 switches on core 0)
2026-04-23 01:26:26.694 7 INFO placement.requestlog [None req-1f047c76-974f-492b-8f08-d11e4b301527 bb155bb0f0834183a7fcdff9238eae75 d9b5c3499f4a4428b8a99531c319cb63 - - 496aee4d0ce24aeab5cb67106bb21643 496aee4d0ce24aeab5cb67106bb21643] 10.0.0.52 "GET /resource_providers/51934081-0a01-48c1-9533-cbde88036613/aggregates" status: 404 len: 235 microversion: 1.1 [pid: 7|app: 0|req: 379/756] 10.0.0.52 () {32 vars in 815 bytes} [Thu Apr 23 01:26:26 2026] GET /resource_providers/51934081-0a01-48c1-9533-cbde88036613/aggregates => generated 235 bytes in 6 msecs (HTTP/1.1 404) 5 headers in 202 bytes (1 switches on core 0)
2026-04-23 01:26:26.719 8 INFO placement.requestlog [None req-5f789393-17cc-4521-b238-1455b38bfc0d bb155bb0f0834183a7fcdff9238eae75 d9b5c3499f4a4428b8a99531c319cb63 - - 496aee4d0ce24aeab5cb67106bb21643 496aee4d0ce24aeab5cb67106bb21643] 10.0.0.52 "DELETE /resource_providers/51934081-0a01-48c1-9533-cbde88036613" status: 404 len: 246 microversion: 1.1 [pid: 8|app: 0|req: 378/757] 10.0.0.52 () {34 vars in 815 bytes} [Thu Apr 23 01:26:26 2026] DELETE /resource_providers/51934081-0a01-48c1-9533-cbde88036613 => generated 246 bytes in 8 msecs (HTTP/1.1 404) 6 headers in 231 bytes (1 switches on core 0)
2026-04-23 01:26:26.724 7 INFO placement.requestlog [None req-d4098b63-ba2d-4182-8601-a38e6ba808ff bb155bb0f0834183a7fcdff9238eae75 d9b5c3499f4a4428b8a99531c319cb63 - - 496aee4d0ce24aeab5cb67106bb21643 496aee4d0ce24aeab5cb67106bb21643] 10.0.0.52 "DELETE /resource_providers/51934081-0a01-48c1-9533-cbde88036613" status: 404 len: 246 microversion: 1.1 [pid: 7|app: 0|req: 380/758] 10.0.0.52 () {34 vars in 815 bytes} [Thu Apr 23 01:26:26 2026] DELETE /resource_providers/51934081-0a01-48c1-9533-cbde88036613 => generated 246 bytes in 11 msecs (HTTP/1.1 404) 6 headers in 231 bytes (1 switches on core 0)
2026-04-23 01:26:27.851 8 INFO placement.requestlog [None req-c6eecac6-d0a5-4507-9458-9b520b5e3421 - - - - - -] 10.0.0.73 "GET /" status: 200 len: 136 microversion: 1.0
2026-04-23 01:26:27.851 7 INFO placement.requestlog [None req-e16820b6-3d57-4ffb-b192-62a60bc7ea0e - - - - - -] 10.0.0.73 "GET /" status: 200 len: 136 microversion: 1.0
2026-04-23 01:26:31.606 7 INFO placement.requestlog [None req-0ca9b827-755c-42ff-92a9-eb5a16f2d659 bb155bb0f0834183a7fcdff9238eae75 d9b5c3499f4a4428b8a99531c319cb63 - - 496aee4d0ce24aeab5cb67106bb21643 496aee4d0ce24aeab5cb67106bb21643] 10.0.0.52 "GET /resource_providers/e19bd38f-6009-4f47-a8e6-898467a8ac92/aggregates" status: 404 len: 235 microversion: 1.1 [pid: 7|app: 0|req: 382/761] 10.0.0.52 () {32 vars in 815 bytes} [Thu Apr 23 01:26:31 2026] GET /resource_providers/e19bd38f-6009-4f47-a8e6-898467a8ac92/aggregates => generated 235 bytes in 16 msecs (HTTP/1.1 404) 5 headers in 202 bytes (1 switches on core 0)
2026-04-23 01:26:31.608 8 INFO placement.requestlog [None req-27372318-5b96-4d59-a3e7-26a55591e6c3 bb155bb0f0834183a7fcdff9238eae75 d9b5c3499f4a4428b8a99531c319cb63 - - 496aee4d0ce24aeab5cb67106bb21643 496aee4d0ce24aeab5cb67106bb21643] 10.0.0.52 "GET /resource_providers/e19bd38f-6009-4f47-a8e6-898467a8ac92/aggregates" status: 404 len: 235 microversion: 1.1 [pid: 8|app: 0|req: 380/762] 10.0.0.52 () {32 vars in 815 bytes} [Thu Apr 23 01:26:31 2026] GET /resource_providers/e19bd38f-6009-4f47-a8e6-898467a8ac92/aggregates => generated 235 bytes in 11 msecs (HTTP/1.1 404) 5 headers in 202 bytes (1 switches on core 0)
2026-04-23 01:26:31.634 8 INFO placement.requestlog [None req-1bf76d95-fda5-420d-857a-f6f640a6eb18 bb155bb0f0834183a7fcdff9238eae75 d9b5c3499f4a4428b8a99531c319cb63 - - 496aee4d0ce24aeab5cb67106bb21643 496aee4d0ce24aeab5cb67106bb21643] 10.0.0.52 "DELETE /resource_providers/e19bd38f-6009-4f47-a8e6-898467a8ac92" status: 404 len: 246 microversion: 1.1 [pid: 8|app: 0|req: 381/763] 10.0.0.52 () {34 vars in 815 bytes} [Thu Apr 23 01:26:31 2026] DELETE /resource_providers/e19bd38f-6009-4f47-a8e6-898467a8ac92 => generated 246 bytes in 9 msecs (HTTP/1.1 404) 6 headers in 231 bytes (1 switches on core 0)
2026-04-23 01:26:31.638 7 INFO placement.requestlog [None req-ef770767-8c5f-4c23-a167-e99389eca835 bb155bb0f0834183a7fcdff9238eae75 d9b5c3499f4a4428b8a99531c319cb63 - - 496aee4d0ce24aeab5cb67106bb21643 496aee4d0ce24aeab5cb67106bb21643] 10.0.0.52 "DELETE /resource_providers/e19bd38f-6009-4f47-a8e6-898467a8ac92" status: 404 len: 246 microversion: 1.1 [pid: 7|app: 0|req: 383/764] 10.0.0.52 () {34 vars in 815 bytes} [Thu Apr 23 01:26:31 2026] DELETE /resource_providers/e19bd38f-6009-4f47-a8e6-898467a8ac92 => generated 246 bytes in 14 msecs (HTTP/1.1 404) 6 headers in 231 bytes (1 switches on core 0)
2026-04-23 01:26:31.689 8 INFO placement.requestlog [req-7ad90f01-bac1-4ea3-9f9c-1331a5144414 req-7d1ded30-8313-4b90-990d-4d96dc10a7dc ac7eaa4f652b4672ac543ad99c9b26cc d9b5c3499f4a4428b8a99531c319cb63 - - 496aee4d0ce24aeab5cb67106bb21643 496aee4d0ce24aeab5cb67106bb21643] 10.0.0.134 "GET /allocation_candidates?limit=1000&resources=DISK_GB%3A1%2CMEMORY_MB%3A512%2CVCPU%3A1&root_required=%21COMPUTE_STATUS_DISABLED" status: 200 len: 2640 microversion: 1.36 [pid: 8|app: 0|req: 382/765] 10.0.0.134 () {34 vars in 1012 bytes} [Thu Apr 23 01:26:31 2026] GET /allocation_candidates?limit=1000&resources=DISK_GB%3A1%2CMEMORY_MB%3A512%2CVCPU%3A1&root_required=%21COMPUTE_STATUS_DISABLED => generated 2640 bytes in 55 msecs (HTTP/1.1 200) 8 headers in 297 bytes (1 switches on core 0)
2026-04-23 01:26:31.724 7 INFO placement.requestlog [req-7ad90f01-bac1-4ea3-9f9c-1331a5144414 req-bb4a5f60-e53a-46ad-9724-2725d9eabda1 ac7eaa4f652b4672ac543ad99c9b26cc d9b5c3499f4a4428b8a99531c319cb63 - - 496aee4d0ce24aeab5cb67106bb21643 496aee4d0ce24aeab5cb67106bb21643] 10.0.0.134 "GET /allocations/69779040-487c-4154-8dee-90f7a4ae96f7" status: 200 len: 19 microversion: 1.28 [pid: 7|app: 0|req: 384/766] 10.0.0.134 () {34 vars in 861 bytes} [Thu Apr 23 01:26:31 2026] GET /allocations/69779040-487c-4154-8dee-90f7a4ae96f7 => generated 19 bytes in 10 msecs (HTTP/1.1 200) 8 headers in 295 bytes (1 switches on core 0)
2026-04-23 01:26:31.800 8 INFO placement.requestlog [req-7ad90f01-bac1-4ea3-9f9c-1331a5144414 req-9e080edc-8fbe-4c84-bb39-9af09bd08be6 ac7eaa4f652b4672ac543ad99c9b26cc d9b5c3499f4a4428b8a99531c319cb63 - - 496aee4d0ce24aeab5cb67106bb21643 496aee4d0ce24aeab5cb67106bb21643] 10.0.0.134 "PUT /allocations/69779040-487c-4154-8dee-90f7a4ae96f7" status: 204 len: 0 microversion: 1.36 [pid: 8|app: 0|req: 383/767] 10.0.0.134 () {38 vars in 914 bytes} [Thu Apr 23 01:26:31 2026] PUT /allocations/69779040-487c-4154-8dee-90f7a4ae96f7 => generated 0 bytes in 70 msecs (HTTP/1.1 204) 5 headers in 199 bytes (1 switches on core 0)
2026-04-23 01:26:32.369 7 INFO placement.requestlog [req-8e0f34eb-1404-4291-b7b2-a3066accf936 req-3f246ca5-f0c3-4e2b-934f-b518b7c52ae0 ac7eaa4f652b4672ac543ad99c9b26cc d9b5c3499f4a4428b8a99531c319cb63 - - 496aee4d0ce24aeab5cb67106bb21643 496aee4d0ce24aeab5cb67106bb21643] 10.0.0.134 "GET /allocation_candidates?limit=1000&resources=DISK_GB%3A1%2CMEMORY_MB%3A512%2CVCPU%3A1&root_required=%21COMPUTE_STATUS_DISABLED" status: 200 len: 2642 microversion: 1.36 [pid: 7|app: 0|req: 385/768] 10.0.0.134 () {34 vars in 1012 bytes} [Thu Apr 23 01:26:32 2026] GET /allocation_candidates?limit=1000&resources=DISK_GB%3A1%2CMEMORY_MB%3A512%2CVCPU%3A1&root_required=%21COMPUTE_STATUS_DISABLED => generated 2642 bytes in 41 msecs (HTTP/1.1 200) 8 headers in 297 bytes (1 switches on core 0)
2026-04-23 01:26:32.392 8 INFO placement.requestlog [req-8e0f34eb-1404-4291-b7b2-a3066accf936 req-826fbdd9-a61a-482b-a5bf-9ef671d58f28 ac7eaa4f652b4672ac543ad99c9b26cc d9b5c3499f4a4428b8a99531c319cb63 - - 496aee4d0ce24aeab5cb67106bb21643 496aee4d0ce24aeab5cb67106bb21643] 10.0.0.134 "GET /allocations/38e51f5e-75db-45a4-962a-db01ffc7e850" status: 200 len: 19 microversion: 1.28 [pid: 8|app: 0|req: 384/769] 10.0.0.134 () {34 vars in 861 bytes} [Thu Apr 23 01:26:32 2026] GET /allocations/38e51f5e-75db-45a4-962a-db01ffc7e850 => generated 19 bytes in 9 msecs (HTTP/1.1 200) 8 headers in 295 bytes (1 switches on core 0)
2026-04-23 01:26:32.457 7 INFO placement.requestlog [req-8e0f34eb-1404-4291-b7b2-a3066accf936 req-ee06f078-48a3-4bdc-99a7-6109a4a076fa ac7eaa4f652b4672ac543ad99c9b26cc d9b5c3499f4a4428b8a99531c319cb63 - - 496aee4d0ce24aeab5cb67106bb21643 496aee4d0ce24aeab5cb67106bb21643] 10.0.0.134 "PUT /allocations/38e51f5e-75db-45a4-962a-db01ffc7e850" status: 204 len: 0 microversion: 1.36 [pid: 7|app: 0|req: 386/770] 10.0.0.134 () {38 vars in 914 bytes} [Thu Apr 23 01:26:32 2026] PUT /allocations/38e51f5e-75db-45a4-962a-db01ffc7e850 => generated 0 bytes in 61 msecs (HTTP/1.1 204) 5 headers in 199 bytes (1 switches on core 0)
2026-04-23 01:26:33.351 8 INFO placement.requestlog [req-7ad90f01-bac1-4ea3-9f9c-1331a5144414 req-432b4206-2c52-4c77-b761-1fa3e5c8f0c6 ac7eaa4f652b4672ac543ad99c9b26cc d9b5c3499f4a4428b8a99531c319cb63 - - 496aee4d0ce24aeab5cb67106bb21643 496aee4d0ce24aeab5cb67106bb21643] 199.204.45.229 "GET /allocations/69779040-487c-4154-8dee-90f7a4ae96f7" status: 200 len: 257 microversion: 1.28 [pid: 8|app: 0|req: 385/771] 199.204.45.229 () {34 vars in 863 bytes} [Thu Apr 23 01:26:33 2026] GET /allocations/69779040-487c-4154-8dee-90f7a4ae96f7 => generated 257 bytes in 18 msecs (HTTP/1.1 200) 8 headers in 296 bytes (1 switches on core 0)
2026-04-23 01:26:33.656 7 INFO placement.requestlog [None req-b1688fa2-1ae7-4867-923f-d65c5beb4bcd bb155bb0f0834183a7fcdff9238eae75 d9b5c3499f4a4428b8a99531c319cb63 - - 496aee4d0ce24aeab5cb67106bb21643 496aee4d0ce24aeab5cb67106bb21643] 10.0.0.52 "GET /resource_providers/07560eb9-8da2-4bec-9574-7bf3fab717cc/aggregates" status: 404 len: 235 microversion: 1.1 [pid: 7|app: 0|req: 387/772] 10.0.0.52 () {32 vars in 815 bytes} [Thu Apr 23 01:26:33 2026] GET /resource_providers/07560eb9-8da2-4bec-9574-7bf3fab717cc/aggregates => generated 235 bytes in 8 msecs (HTTP/1.1 404) 5 headers in 202 bytes (1 switches on core 0)
2026-04-23 01:26:33.661 8 INFO placement.requestlog [None req-4cf83119-3af7-417c-bda8-c15ed0ae52a7 bb155bb0f0834183a7fcdff9238eae75 d9b5c3499f4a4428b8a99531c319cb63 - - 496aee4d0ce24aeab5cb67106bb21643 496aee4d0ce24aeab5cb67106bb21643] 10.0.0.52 "GET /resource_providers/07560eb9-8da2-4bec-9574-7bf3fab717cc/aggregates" status: 404 len: 235 microversion: 1.1 [pid: 8|app: 0|req: 386/773] 10.0.0.52 () {32 vars in 815 bytes} [Thu Apr 23 01:26:33 2026] GET /resource_providers/07560eb9-8da2-4bec-9574-7bf3fab717cc/aggregates => generated 235 bytes in 11 msecs (HTTP/1.1 404) 5 headers in 202 bytes (1 switches on core 0)
2026-04-23 01:26:33.672 8 INFO placement.requestlog [None req-0462082c-c2d8-4d84-adcc-e69566e8fab8 bb155bb0f0834183a7fcdff9238eae75 d9b5c3499f4a4428b8a99531c319cb63 - - 496aee4d0ce24aeab5cb67106bb21643 496aee4d0ce24aeab5cb67106bb21643] 10.0.0.52 "DELETE /resource_providers/07560eb9-8da2-4bec-9574-7bf3fab717cc" status: 404 len: 246 microversion: 1.1 [pid: 8|app: 0|req: 387/774] 10.0.0.52 () {34 vars in 815 bytes} [Thu Apr 23 01:26:33 2026] DELETE /resource_providers/07560eb9-8da2-4bec-9574-7bf3fab717cc => generated 246 bytes in 6 msecs (HTTP/1.1 404) 6 headers in 231 bytes (1 switches on core 0)
2026-04-23 01:26:33.676 7 INFO placement.requestlog [None req-60d3c71d-260f-4041-853c-756e24f0f5fd bb155bb0f0834183a7fcdff9238eae75 d9b5c3499f4a4428b8a99531c319cb63 - - 496aee4d0ce24aeab5cb67106bb21643 496aee4d0ce24aeab5cb67106bb21643] 10.0.0.52 "DELETE /resource_providers/07560eb9-8da2-4bec-9574-7bf3fab717cc" status: 404 len: 246 microversion: 1.1 [pid: 7|app: 0|req: 388/775] 10.0.0.52 () {34 vars in 815 bytes} [Thu Apr 23 01:26:33 2026] DELETE /resource_providers/07560eb9-8da2-4bec-9574-7bf3fab717cc => generated 246 bytes in 15 msecs (HTTP/1.1 404) 6 headers in 231 bytes (1 switches on core 0)
2026-04-23 01:26:34.016 8 INFO placement.requestlog [req-8e0f34eb-1404-4291-b7b2-a3066accf936 req-049a1fa5-971c-42cf-9e81-9ceded809d9a ac7eaa4f652b4672ac543ad99c9b26cc d9b5c3499f4a4428b8a99531c319cb63 - - 496aee4d0ce24aeab5cb67106bb21643 496aee4d0ce24aeab5cb67106bb21643] 199.204.45.229 "GET /allocations/38e51f5e-75db-45a4-962a-db01ffc7e850" status: 200 len: 257 microversion: 1.28 [pid: 8|app: 0|req: 388/776] 199.204.45.229 () {34 vars in 863 bytes} [Thu Apr 23 01:26:34 2026] GET /allocations/38e51f5e-75db-45a4-962a-db01ffc7e850 => generated 257 bytes in 13 msecs (HTTP/1.1 200) 8 headers in 296 bytes (1 switches on core 0)
2026-04-23 01:26:34.391 7 INFO placement.requestlog [req-7ad90f01-bac1-4ea3-9f9c-1331a5144414 req-12e54bec-5dc1-418a-9709-48a51ec01a96 ac7eaa4f652b4672ac543ad99c9b26cc d9b5c3499f4a4428b8a99531c319cb63 - - 496aee4d0ce24aeab5cb67106bb21643 496aee4d0ce24aeab5cb67106bb21643] 199.204.45.229 "GET /resource_providers/0faf92c5-c59d-4f58-9308-9af1d2d3214d/allocations" status: 200 len: 252 microversion: 1.0 [pid: 7|app: 0|req: 389/777] 199.204.45.229 () {32 vars in 857 bytes} [Thu Apr 23 01:26:34 2026] GET /resource_providers/0faf92c5-c59d-4f58-9308-9af1d2d3214d/allocations => generated 252 bytes in 17 msecs (HTTP/1.1 200) 6 headers in 224 bytes (1 switches on core 0)
2026-04-23 01:26:34.407 8 INFO placement.requestlog [req-7ad90f01-bac1-4ea3-9f9c-1331a5144414 req-90b20ae1-8c20-40e2-8267-dcb80a4695e2 ac7eaa4f652b4672ac543ad99c9b26cc d9b5c3499f4a4428b8a99531c319cb63 - - 496aee4d0ce24aeab5cb67106bb21643 496aee4d0ce24aeab5cb67106bb21643] 199.204.45.229 "GET /allocations/38e51f5e-75db-45a4-962a-db01ffc7e850" status: 200 len: 257 microversion: 1.28 [pid: 8|app: 0|req: 389/778] 199.204.45.229 () {34 vars in 863 bytes} [Thu Apr 23 01:26:34 2026] GET /allocations/38e51f5e-75db-45a4-962a-db01ffc7e850 => generated 257 bytes in 11 msecs (HTTP/1.1 200) 8 headers in 296 bytes (1 switches on core 0)
2026-04-23 01:26:34.431 7 INFO placement.requestlog [req-7ad90f01-bac1-4ea3-9f9c-1331a5144414 req-9b5dcd03-cfe0-4c92-aaab-b6a41b6f74d4 ac7eaa4f652b4672ac543ad99c9b26cc d9b5c3499f4a4428b8a99531c319cb63 - - 496aee4d0ce24aeab5cb67106bb21643 496aee4d0ce24aeab5cb67106bb21643] 199.204.45.229 "GET /allocations/69779040-487c-4154-8dee-90f7a4ae96f7" status: 200 len: 257 microversion: 1.28 [pid: 7|app: 0|req: 390/779] 199.204.45.229 () {34 vars in 863 bytes} [Thu Apr 23 01:26:34 2026] GET /allocations/69779040-487c-4154-8dee-90f7a4ae96f7 => generated 257 bytes in 17 msecs (HTTP/1.1 200) 8 headers in 296 bytes (1 switches on core 0)
2026-04-23 01:26:36.489 8 INFO placement.requestlog [req-8e0f34eb-1404-4291-b7b2-a3066accf936 req-2cfb6463-0229-4806-8ea6-28f14e9eb6b0 ac7eaa4f652b4672ac543ad99c9b26cc d9b5c3499f4a4428b8a99531c319cb63 - - 496aee4d0ce24aeab5cb67106bb21643 496aee4d0ce24aeab5cb67106bb21643] 199.204.45.229 "GET /resource_providers/0faf92c5-c59d-4f58-9308-9af1d2d3214d/allocations" status: 200 len: 252 microversion: 1.0 [pid: 8|app: 0|req: 390/780] 199.204.45.229 () {32 vars in 857 bytes} [Thu Apr 23 01:26:36 2026] GET /resource_providers/0faf92c5-c59d-4f58-9308-9af1d2d3214d/allocations => generated 252 bytes in 14 msecs (HTTP/1.1 200) 6 headers in 224 bytes (1 switches on core 0)
2026-04-23 01:26:36.510 7 INFO placement.requestlog [req-8e0f34eb-1404-4291-b7b2-a3066accf936 req-770f565c-030d-41e2-8271-af07fc15f985 ac7eaa4f652b4672ac543ad99c9b26cc d9b5c3499f4a4428b8a99531c319cb63 - - 496aee4d0ce24aeab5cb67106bb21643 496aee4d0ce24aeab5cb67106bb21643] 199.204.45.229 "GET /allocations/38e51f5e-75db-45a4-962a-db01ffc7e850" status: 200 len: 257 microversion: 1.28 [pid: 7|app: 0|req: 391/781] 199.204.45.229 () {34 vars in 863 bytes} [Thu Apr 23 01:26:36 2026] GET /allocations/38e51f5e-75db-45a4-962a-db01ffc7e850 => generated 257 bytes in 12 msecs (HTTP/1.1 200) 8 headers in 296 bytes (1 switches on core 0)
2026-04-23 01:26:36.527 8 INFO placement.requestlog [req-8e0f34eb-1404-4291-b7b2-a3066accf936 req-16e24586-7666-4a9b-ad98-61eb382f7e28 ac7eaa4f652b4672ac543ad99c9b26cc d9b5c3499f4a4428b8a99531c319cb63 - - 496aee4d0ce24aeab5cb67106bb21643 496aee4d0ce24aeab5cb67106bb21643] 199.204.45.229 "GET /allocations/69779040-487c-4154-8dee-90f7a4ae96f7" status: 200 len: 257 microversion: 1.28 [pid: 8|app: 0|req: 391/782] 199.204.45.229 () {34 vars in 863 bytes} [Thu Apr 23 01:26:36 2026] GET /allocations/69779040-487c-4154-8dee-90f7a4ae96f7 => generated 257 bytes in 11 msecs (HTTP/1.1 200) 8 headers in 296 bytes (1 switches on core 0)
2026-04-23 01:26:36.793 8 INFO placement.requestlog [None req-0689ad11-3dfa-46eb-8cdb-f528bc2daa17 bb155bb0f0834183a7fcdff9238eae75 d9b5c3499f4a4428b8a99531c319cb63 - - 496aee4d0ce24aeab5cb67106bb21643 496aee4d0ce24aeab5cb67106bb21643] 10.0.0.52 "GET /resource_providers/d0fc855b-eba9-460b-8770-ada9a13bf9a0/aggregates" status: 404 len: 235 microversion: 1.1 [pid: 8|app: 0|req: 392/783] 10.0.0.52 () {32 vars in 815 bytes} [Thu Apr 23 01:26:36 2026] GET /resource_providers/d0fc855b-eba9-460b-8770-ada9a13bf9a0/aggregates => generated 235 bytes in 7 msecs (HTTP/1.1 404) 5 headers in 202 bytes (1 switches on core 0)
2026-04-23 01:26:36.795 7 INFO placement.requestlog [None req-872d33ed-1023-4a40-bccb-93ae8a7a3c2f bb155bb0f0834183a7fcdff9238eae75 d9b5c3499f4a4428b8a99531c319cb63 - - 496aee4d0ce24aeab5cb67106bb21643 496aee4d0ce24aeab5cb67106bb21643] 10.0.0.52 "GET /resource_providers/d0fc855b-eba9-460b-8770-ada9a13bf9a0/aggregates" status: 404 len: 235 microversion: 1.1 [pid: 7|app: 0|req: 392/784] 10.0.0.52 () {32 vars in 815 bytes} [Thu Apr 23 01:26:36 2026] GET /resource_providers/d0fc855b-eba9-460b-8770-ada9a13bf9a0/aggregates => generated 235 bytes in 11 msecs (HTTP/1.1 404) 5 headers in 202 bytes (1 switches on core 0)
2026-04-23 01:26:36.818 8 INFO placement.requestlog [None req-dcfa7b44-0b6a-4a3c-8a5c-55da952c2998 bb155bb0f0834183a7fcdff9238eae75 d9b5c3499f4a4428b8a99531c319cb63 - - 496aee4d0ce24aeab5cb67106bb21643 496aee4d0ce24aeab5cb67106bb21643] 10.0.0.52 "DELETE /resource_providers/d0fc855b-eba9-460b-8770-ada9a13bf9a0" status: 404 len: 246 microversion: 1.1 [pid: 8|app: 0|req: 393/785] 10.0.0.52 () {34 vars in 815 bytes} [Thu Apr 23 01:26:36 2026] DELETE /resource_providers/d0fc855b-eba9-460b-8770-ada9a13bf9a0 => generated 246 bytes in 11 msecs (HTTP/1.1 404) 6 headers in 231 bytes (1 switches on core 0)
2026-04-23 01:26:36.825 7 INFO placement.requestlog [None req-b1d815b0-66b5-416a-b8e5-e0308e070dbc bb155bb0f0834183a7fcdff9238eae75 d9b5c3499f4a4428b8a99531c319cb63 - - 496aee4d0ce24aeab5cb67106bb21643 496aee4d0ce24aeab5cb67106bb21643] 10.0.0.52 "DELETE /resource_providers/d0fc855b-eba9-460b-8770-ada9a13bf9a0" status: 404 len: 246 microversion: 1.1 [pid: 7|app: 0|req: 393/786] 10.0.0.52 () {34 vars in 815 bytes} [Thu Apr 23 01:26:36 2026] DELETE /resource_providers/d0fc855b-eba9-460b-8770-ada9a13bf9a0 => generated 246 bytes in 17 msecs (HTTP/1.1 404) 6 headers in 231 bytes (1 switches on core 0)
2026-04-23 01:26:37.434 8 INFO placement.requestlog [None req-0d36d5b1-37f5-474e-b143-b7cc8b9a44f5 bb155bb0f0834183a7fcdff9238eae75 d9b5c3499f4a4428b8a99531c319cb63 - - 496aee4d0ce24aeab5cb67106bb21643 496aee4d0ce24aeab5cb67106bb21643] 10.0.0.52 "GET /resource_providers/ed8abccf-8671-457f-a2bb-84653d80acbb/aggregates" status: 404 len: 235 microversion: 1.1 [pid: 8|app: 0|req: 394/787] 10.0.0.52 () {32 vars in 815 bytes} [Thu Apr 23 01:26:37 2026] GET /resource_providers/ed8abccf-8671-457f-a2bb-84653d80acbb/aggregates => generated 235 bytes in 7 msecs (HTTP/1.1 404) 5 headers in 202 bytes (1 switches on core 0)
2026-04-23 01:26:37.444 7 INFO placement.requestlog [None req-10bc7d1f-d4ca-4bb4-adae-b41899b001af bb155bb0f0834183a7fcdff9238eae75 d9b5c3499f4a4428b8a99531c319cb63 - - 496aee4d0ce24aeab5cb67106bb21643 496aee4d0ce24aeab5cb67106bb21643] 10.0.0.52 "GET /resource_providers/ed8abccf-8671-457f-a2bb-84653d80acbb/aggregates" status: 404 len: 235 microversion: 1.1 [pid: 7|app: 0|req: 394/788] 10.0.0.52 () {32 vars in 815 bytes} [Thu Apr 23 01:26:37 2026] GET /resource_providers/ed8abccf-8671-457f-a2bb-84653d80acbb/aggregates => generated 235 bytes in 13 msecs (HTTP/1.1 404) 5 headers in 202 bytes (1 switches on core 0)
2026-04-23 01:26:37.453 8 INFO placement.requestlog [None req-86f6c642-d501-439d-9c83-24e0f2662664 bb155bb0f0834183a7fcdff9238eae75 d9b5c3499f4a4428b8a99531c319cb63 - - 496aee4d0ce24aeab5cb67106bb21643 496aee4d0ce24aeab5cb67106bb21643] 10.0.0.52 "DELETE /resource_providers/ed8abccf-8671-457f-a2bb-84653d80acbb" status: 404 len: 246 microversion: 1.1 [pid: 8|app: 0|req: 395/789] 10.0.0.52 () {34 vars in 815 bytes} [Thu Apr 23 01:26:37 2026] DELETE /resource_providers/ed8abccf-8671-457f-a2bb-84653d80acbb => generated 246 bytes in 7 msecs (HTTP/1.1 404) 6 headers in 231 bytes (1 switches on core 0)
2026-04-23 01:26:37.461 7 INFO placement.requestlog [None req-64b1a1da-6c05-4f0f-8b06-f272bdf5ca33 bb155bb0f0834183a7fcdff9238eae75 d9b5c3499f4a4428b8a99531c319cb63 - - 496aee4d0ce24aeab5cb67106bb21643 496aee4d0ce24aeab5cb67106bb21643] 10.0.0.52 "DELETE /resource_providers/ed8abccf-8671-457f-a2bb-84653d80acbb" status: 404 len: 246 microversion: 1.1 [pid: 7|app: 0|req: 395/790] 10.0.0.52 () {34 vars in 815 bytes} [Thu Apr 23 01:26:37 2026] DELETE /resource_providers/ed8abccf-8671-457f-a2bb-84653d80acbb => generated 246 bytes in 8 msecs (HTTP/1.1 404) 6 headers in 231 bytes (1 switches on core 0)
2026-04-23 01:26:37.850 7 INFO placement.requestlog [None req-8869337a-9f67-4946-812c-49453ab9de94 - - - - - -] 10.0.0.73 "GET /" status: 200 len: 136 microversion: 1.0
2026-04-23 01:26:37.850 8 INFO placement.requestlog [None req-4601eda3-bf20-4f8a-941f-8f8bf37515d9 - - - - - -] 10.0.0.73 "GET /" status: 200 len: 136 microversion: 1.0
2026-04-23 01:26:41.881 8 INFO placement.requestlog [None req-18e67efd-d690-40d6-ac2d-7aabec8ad0e7 bb155bb0f0834183a7fcdff9238eae75 d9b5c3499f4a4428b8a99531c319cb63 - - 496aee4d0ce24aeab5cb67106bb21643 496aee4d0ce24aeab5cb67106bb21643] 10.0.0.52 "GET /resource_providers/d8ccec93-ebd0-43f9-9c91-b66a766b0ad6/aggregates" status: 404 len: 235 microversion: 1.1 [pid: 8|app: 0|req: 397/793] 10.0.0.52 () {32 vars in 815 bytes} [Thu Apr 23 01:26:41 2026] GET /resource_providers/d8ccec93-ebd0-43f9-9c91-b66a766b0ad6/aggregates => generated 235 bytes in 8 msecs (HTTP/1.1 404) 5 headers in 202 bytes (1 switches on core 0)
2026-04-23 01:26:41.883 7 INFO placement.requestlog [None req-68c4bba5-abea-4865-9809-dcd121d67848 bb155bb0f0834183a7fcdff9238eae75 d9b5c3499f4a4428b8a99531c319cb63 - - 496aee4d0ce24aeab5cb67106bb21643 496aee4d0ce24aeab5cb67106bb21643] 10.0.0.52 "GET /resource_providers/d8ccec93-ebd0-43f9-9c91-b66a766b0ad6/aggregates" status: 404 len: 235 microversion: 1.1 [pid: 7|app: 0|req: 397/794] 10.0.0.52 () {32 vars in 815 bytes} [Thu Apr 23 01:26:41 2026] GET /resource_providers/d8ccec93-ebd0-43f9-9c91-b66a766b0ad6/aggregates => generated 235 bytes in 10 msecs (HTTP/1.1 404) 5 headers in 202 bytes (1 switches on core 0)
2026-04-23 01:26:41.904 8 INFO placement.requestlog [None req-8a914092-60f2-42e5-9588-29e336181106 bb155bb0f0834183a7fcdff9238eae75 d9b5c3499f4a4428b8a99531c319cb63 - - 496aee4d0ce24aeab5cb67106bb21643 496aee4d0ce24aeab5cb67106bb21643] 10.0.0.52 "DELETE /resource_providers/d8ccec93-ebd0-43f9-9c91-b66a766b0ad6" status: 404 len: 246 microversion: 1.1 [pid: 8|app: 0|req: 398/795] 10.0.0.52 () {34 vars in 815 bytes} [Thu Apr 23 01:26:41 2026] DELETE /resource_providers/d8ccec93-ebd0-43f9-9c91-b66a766b0ad6 => generated 246 bytes in 9 msecs (HTTP/1.1 404) 6 headers in 231 bytes (1 switches on core 0)
2026-04-23 01:26:41.908 7 INFO placement.requestlog [None req-d4ff6477-9e3a-476f-b490-11db2078f693 bb155bb0f0834183a7fcdff9238eae75 d9b5c3499f4a4428b8a99531c319cb63 - - 496aee4d0ce24aeab5cb67106bb21643 496aee4d0ce24aeab5cb67106bb21643] 10.0.0.52 "DELETE /resource_providers/d8ccec93-ebd0-43f9-9c91-b66a766b0ad6" status: 404 len: 246 microversion: 1.1 [pid: 7|app: 0|req: 398/796] 10.0.0.52 () {34 vars in 815 bytes} [Thu Apr 23 01:26:41 2026] DELETE /resource_providers/d8ccec93-ebd0-43f9-9c91-b66a766b0ad6 => generated 246 bytes in 13 msecs (HTTP/1.1 404) 6 headers in 231 bytes (1 switches on core 0)
2026-04-23 01:26:43.110 8 INFO placement.requestlog [None req-0e8c484e-432b-4960-ac5e-843c058959b7 bb155bb0f0834183a7fcdff9238eae75 d9b5c3499f4a4428b8a99531c319cb63 - - 496aee4d0ce24aeab5cb67106bb21643 496aee4d0ce24aeab5cb67106bb21643] 10.0.0.52 "GET /resource_providers/3719905a-1253-46dc-942a-9894493811c7/aggregates" status: 404 len: 235 microversion: 1.1 [pid: 8|app: 0|req: 399/797] 10.0.0.52 () {32 vars in 815 bytes} [Thu Apr 23 01:26:43 2026] GET /resource_providers/3719905a-1253-46dc-942a-9894493811c7/aggregates => generated 235 bytes in 10 msecs (HTTP/1.1 404) 5 headers in 202 bytes (1 switches on core 0)
2026-04-23 01:26:43.116 7 INFO placement.requestlog [None req-39d0ba95-296b-4a12-b0c8-0c8fcf21921e bb155bb0f0834183a7fcdff9238eae75 d9b5c3499f4a4428b8a99531c319cb63 - - 496aee4d0ce24aeab5cb67106bb21643 496aee4d0ce24aeab5cb67106bb21643] 10.0.0.52 "GET /resource_providers/3719905a-1253-46dc-942a-9894493811c7/aggregates" status: 404 len: 235 microversion: 1.1 [pid: 7|app: 0|req: 399/798] 10.0.0.52 () {32 vars in 815 bytes} [Thu Apr 23 01:26:43 2026] GET /resource_providers/3719905a-1253-46dc-942a-9894493811c7/aggregates => generated 235 bytes in 13 msecs (HTTP/1.1 404) 5 headers in 202 bytes (1 switches on core 0)
2026-04-23 01:26:43.131 8 INFO placement.requestlog [None req-30744213-bdcf-4203-9428-9b630498869e bb155bb0f0834183a7fcdff9238eae75 d9b5c3499f4a4428b8a99531c319cb63 - - 496aee4d0ce24aeab5cb67106bb21643 496aee4d0ce24aeab5cb67106bb21643] 10.0.0.52 "DELETE /resource_providers/3719905a-1253-46dc-942a-9894493811c7" status: 404 len: 246 microversion: 1.1 [pid: 8|app: 0|req: 400/799] 10.0.0.52 () {34 vars in 815 bytes} [Thu Apr 23 01:26:43 2026] DELETE /resource_providers/3719905a-1253-46dc-942a-9894493811c7 => generated 246 bytes in 9 msecs (HTTP/1.1 404) 6 headers in 231 bytes (1 switches on core 0)
2026-04-23 01:26:43.134 7 INFO placement.requestlog [None req-0199ea51-c83e-4a80-9277-7bfccaba0708 bb155bb0f0834183a7fcdff9238eae75 d9b5c3499f4a4428b8a99531c319cb63 - - 496aee4d0ce24aeab5cb67106bb21643 496aee4d0ce24aeab5cb67106bb21643] 10.0.0.52 "DELETE /resource_providers/3719905a-1253-46dc-942a-9894493811c7" status: 404 len: 246 microversion: 1.1 [pid: 7|app: 0|req: 400/800] 10.0.0.52 () {34 vars in 815 bytes} [Thu Apr 23 01:26:43 2026] DELETE /resource_providers/3719905a-1253-46dc-942a-9894493811c7 => generated 246 bytes in 9 msecs (HTTP/1.1 404) 6 headers in 231 bytes (1 switches on core 0)
2026-04-23 01:26:45.159 8 INFO placement.requestlog [None req-21ecc31c-81b9-4309-abbf-0512d7c8f248 bb155bb0f0834183a7fcdff9238eae75 d9b5c3499f4a4428b8a99531c319cb63 - - 496aee4d0ce24aeab5cb67106bb21643 496aee4d0ce24aeab5cb67106bb21643] 10.0.0.52 "GET /resource_providers/22041676-14d5-4c8c-8758-7e8af605163b/aggregates" status: 404 len: 235 microversion: 1.1 [pid: 8|app: 0|req: 401/801] 10.0.0.52 () {32 vars in 815 bytes} [Thu Apr 23 01:26:45 2026] GET /resource_providers/22041676-14d5-4c8c-8758-7e8af605163b/aggregates => generated 235 bytes in 11 msecs (HTTP/1.1 404) 5 headers in 202 bytes (1 switches on core 0)
2026-04-23 01:26:45.183 7 INFO placement.requestlog [None req-dd09977b-5b04-456b-ad81-726839bc8a46 bb155bb0f0834183a7fcdff9238eae75 d9b5c3499f4a4428b8a99531c319cb63 - - 496aee4d0ce24aeab5cb67106bb21643 496aee4d0ce24aeab5cb67106bb21643] 10.0.0.52 "GET /resource_providers/22041676-14d5-4c8c-8758-7e8af605163b/aggregates" status: 404 len: 235 microversion: 1.1 [pid: 7|app: 0|req: 401/802] 10.0.0.52 () {32 vars in 815 bytes} [Thu Apr 23 01:26:45 2026] GET /resource_providers/22041676-14d5-4c8c-8758-7e8af605163b/aggregates => generated 235 bytes in 16 msecs (HTTP/1.1 404) 5 headers in 202 bytes (1 switches on core 0)
2026-04-23 01:26:45.201 7 INFO placement.requestlog [None req-cdef8301-d4c8-46f9-815b-2c83dee769a8 bb155bb0f0834183a7fcdff9238eae75 d9b5c3499f4a4428b8a99531c319cb63 - - 496aee4d0ce24aeab5cb67106bb21643 496aee4d0ce24aeab5cb67106bb21643] 10.0.0.52 "DELETE /resource_providers/22041676-14d5-4c8c-8758-7e8af605163b" status: 404 len: 246 microversion: 1.1
2026-04-23 01:26:45.201 8 INFO placement.requestlog [None req-a89aea2d-7da6-434a-99e8-89f9c9b33848 bb155bb0f0834183a7fcdff9238eae75 d9b5c3499f4a4428b8a99531c319cb63 - - 496aee4d0ce24aeab5cb67106bb21643 496aee4d0ce24aeab5cb67106bb21643] 10.0.0.52 "DELETE /resource_providers/22041676-14d5-4c8c-8758-7e8af605163b" status: 404 len: 246 microversion: 1.1 [pid: 7|app: 0|req: 402/803] 10.0.0.52 () {34 vars in 815 bytes} [Thu Apr 23 01:26:45 2026] DELETE /resource_providers/22041676-14d5-4c8c-8758-7e8af605163b => generated 246 bytes in 10 msecs (HTTP/1.1 404) 6 headers in 231 bytes (1 switches on core 0) [pid: 8|app: 0|req: 402/804] 10.0.0.52 () {34 vars in 815 bytes} [Thu Apr 23 01:26:45 2026] DELETE /resource_providers/22041676-14d5-4c8c-8758-7e8af605163b => generated 246 bytes in 15 msecs (HTTP/1.1 404) 6 headers in 231 bytes (1 switches on core 0)
2026-04-23 01:26:47.850 8 INFO placement.requestlog [None req-36a591fc-ae96-47cc-8a3b-f2aac8811149 - - - - - -] 10.0.0.73 "GET /" status: 200 len: 136 microversion: 1.0
2026-04-23 01:26:47.850 7 INFO placement.requestlog [None req-2aa363ef-5d27-4ef9-9c47-5215669d3e6b - - - - - -] 10.0.0.73 "GET /" status: 200 len: 136 microversion: 1.0
2026-04-23 01:26:50.662 8 INFO placement.requestlog [req-f3975663-cbad-42fb-a697-2136349d8532 req-c584af26-85fb-4671-870f-bf3cb5afed6b ac7eaa4f652b4672ac543ad99c9b26cc d9b5c3499f4a4428b8a99531c319cb63 - - 496aee4d0ce24aeab5cb67106bb21643 496aee4d0ce24aeab5cb67106bb21643] 199.204.45.229 "GET /resource_providers/0faf92c5-c59d-4f58-9308-9af1d2d3214d/allocations" status: 200 len: 252 microversion: 1.0 [pid: 8|app: 0|req: 404/807] 199.204.45.229 () {32 vars in 857 bytes} [Thu Apr 23 01:26:50 2026] GET /resource_providers/0faf92c5-c59d-4f58-9308-9af1d2d3214d/allocations => generated 252 bytes in 12 msecs (HTTP/1.1 200) 6 headers in 224 bytes (1 switches on core 0)
2026-04-23 01:26:50.685 7 INFO placement.requestlog [req-f3975663-cbad-42fb-a697-2136349d8532 req-688c7b31-7e0f-4cea-a405-091ae50a510f ac7eaa4f652b4672ac543ad99c9b26cc d9b5c3499f4a4428b8a99531c319cb63 - - 496aee4d0ce24aeab5cb67106bb21643 496aee4d0ce24aeab5cb67106bb21643] 199.204.45.229 "GET /allocations/38e51f5e-75db-45a4-962a-db01ffc7e850" status: 200 len: 257 microversion: 1.28 [pid: 7|app: 0|req: 404/808] 199.204.45.229 () {34 vars in 863 bytes} [Thu Apr 23 01:26:50 2026] GET /allocations/38e51f5e-75db-45a4-962a-db01ffc7e850 => generated 257 bytes in 17 msecs (HTTP/1.1 200) 8 headers in 296 bytes (1 switches on core 0)
2026-04-23 01:26:50.701 8 INFO placement.requestlog [req-f3975663-cbad-42fb-a697-2136349d8532 req-98f46540-bcb7-4e18-8cf3-40099ca1a4bd ac7eaa4f652b4672ac543ad99c9b26cc d9b5c3499f4a4428b8a99531c319cb63 - - 496aee4d0ce24aeab5cb67106bb21643 496aee4d0ce24aeab5cb67106bb21643] 199.204.45.229 "GET /allocations/69779040-487c-4154-8dee-90f7a4ae96f7" status: 200 len: 257 microversion: 1.28 [pid: 8|app: 0|req: 405/809] 199.204.45.229 () {34 vars in 863 bytes} [Thu Apr 23 01:26:50 2026] GET /allocations/69779040-487c-4154-8dee-90f7a4ae96f7 => generated 257 bytes in 9 msecs (HTTP/1.1 200) 8 headers in 296 bytes (1 switches on core 0)
2026-04-23 01:26:51.757 7 INFO placement.requestlog [req-f3975663-cbad-42fb-a697-2136349d8532 req-586b9582-02b8-488f-aaa5-a780892d6456 ac7eaa4f652b4672ac543ad99c9b26cc d9b5c3499f4a4428b8a99531c319cb63 - - 496aee4d0ce24aeab5cb67106bb21643 496aee4d0ce24aeab5cb67106bb21643] 199.204.45.229 "DELETE /allocations/38e51f5e-75db-45a4-962a-db01ffc7e850" status: 204 len: 0 microversion: 1.0 [pid: 7|app: 0|req: 405/810] 199.204.45.229 () {34 vars in 841 bytes} [Thu Apr 23 01:26:51 2026] DELETE /allocations/38e51f5e-75db-45a4-962a-db01ffc7e850 => generated 0 bytes in 32 msecs (HTTP/1.1 204) 5 headers in 198 bytes (1 switches on core 0)
2026-04-23 01:26:55.194 8 INFO placement.requestlog [None req-4205e5a9-c283-466d-a182-0b102996336c bb155bb0f0834183a7fcdff9238eae75 d9b5c3499f4a4428b8a99531c319cb63 - - 496aee4d0ce24aeab5cb67106bb21643 496aee4d0ce24aeab5cb67106bb21643] 10.0.0.52 "GET /resource_providers/3962b685-93c5-45bb-bd79-d23d00d1809b/aggregates" status: 404 len: 235 microversion: 1.1 [pid: 8|app: 0|req: 406/811] 10.0.0.52 () {32 vars in 815 bytes} [Thu Apr 23 01:26:55 2026] GET /resource_providers/3962b685-93c5-45bb-bd79-d23d00d1809b/aggregates => generated 235 bytes in 10 msecs (HTTP/1.1 404) 5 headers in 202 bytes (1 switches on core 0)
2026-04-23 01:26:55.198 7 INFO placement.requestlog [None req-4b5a6688-0012-489b-a27d-2e2167e7c2c2 bb155bb0f0834183a7fcdff9238eae75 d9b5c3499f4a4428b8a99531c319cb63 - - 496aee4d0ce24aeab5cb67106bb21643 496aee4d0ce24aeab5cb67106bb21643] 10.0.0.52 "GET /resource_providers/3962b685-93c5-45bb-bd79-d23d00d1809b/aggregates" status: 404 len: 235 microversion: 1.1 [pid: 7|app: 0|req: 406/812] 10.0.0.52 () {32 vars in 815 bytes} [Thu Apr 23 01:26:55 2026] GET /resource_providers/3962b685-93c5-45bb-bd79-d23d00d1809b/aggregates => generated 235 bytes in 11 msecs (HTTP/1.1 404) 5 headers in 202 bytes (1 switches on core 0)
2026-04-23 01:26:55.212 8 INFO placement.requestlog [None req-551abd95-2684-40f3-84f6-d288d3d83925 bb155bb0f0834183a7fcdff9238eae75 d9b5c3499f4a4428b8a99531c319cb63 - - 496aee4d0ce24aeab5cb67106bb21643 496aee4d0ce24aeab5cb67106bb21643] 10.0.0.52 "DELETE /resource_providers/3962b685-93c5-45bb-bd79-d23d00d1809b" status: 404 len: 246 microversion: 1.1 [pid: 8|app: 0|req: 407/813] 10.0.0.52 () {34 vars in 815 bytes} [Thu Apr 23 01:26:55 2026] DELETE /resource_providers/3962b685-93c5-45bb-bd79-d23d00d1809b => generated 246 bytes in 8 msecs (HTTP/1.1 404) 6 headers in 231 bytes (1 switches on core 0)
2026-04-23 01:26:55.217 7 INFO placement.requestlog [None req-656fb4e3-0251-48d5-b3a8-37afa6c9a76c bb155bb0f0834183a7fcdff9238eae75 d9b5c3499f4a4428b8a99531c319cb63 - - 496aee4d0ce24aeab5cb67106bb21643 496aee4d0ce24aeab5cb67106bb21643] 10.0.0.52 "DELETE /resource_providers/3962b685-93c5-45bb-bd79-d23d00d1809b" status: 404 len: 246 microversion: 1.1 [pid: 7|app: 0|req: 407/814] 10.0.0.52 () {34 vars in 815 bytes} [Thu Apr 23 01:26:55 2026] DELETE /resource_providers/3962b685-93c5-45bb-bd79-d23d00d1809b => generated 246 bytes in 10 msecs (HTTP/1.1 404) 6 headers in 231 bytes (1 switches on core 0)
2026-04-23 01:26:56.184 8 INFO placement.requestlog [None req-f0b482c7-d7b2-46b7-bf97-bbad567ef1a0 bb155bb0f0834183a7fcdff9238eae75 d9b5c3499f4a4428b8a99531c319cb63 - - 496aee4d0ce24aeab5cb67106bb21643 496aee4d0ce24aeab5cb67106bb21643] 10.0.0.52 "GET /resource_providers/dc403e65-3f8d-4e3d-9428-05d419bd7c66/aggregates" status: 404 len: 235 microversion: 1.1 [pid: 8|app: 0|req: 408/815] 10.0.0.52 () {32 vars in 815 bytes} [Thu Apr 23 01:26:56 2026] GET /resource_providers/dc403e65-3f8d-4e3d-9428-05d419bd7c66/aggregates => generated 235 bytes in 11 msecs (HTTP/1.1 404) 5 headers in 202 bytes (1 switches on core 0)
2026-04-23 01:26:56.186 7 INFO placement.requestlog [None req-9e6fadba-a7d7-4b66-a808-33329a12f1fc bb155bb0f0834183a7fcdff9238eae75 d9b5c3499f4a4428b8a99531c319cb63 - - 496aee4d0ce24aeab5cb67106bb21643 496aee4d0ce24aeab5cb67106bb21643] 10.0.0.52 "GET /resource_providers/dc403e65-3f8d-4e3d-9428-05d419bd7c66/aggregates" status: 404 len: 235 microversion: 1.1 [pid: 7|app: 0|req: 408/816] 10.0.0.52 () {32 vars in 815 bytes} [Thu Apr 23 01:26:56 2026] GET /resource_providers/dc403e65-3f8d-4e3d-9428-05d419bd7c66/aggregates => generated 235 bytes in 10 msecs (HTTP/1.1 404) 5 headers in 202 bytes (1 switches on core 0)
2026-04-23 01:26:56.209 8 INFO placement.requestlog [None req-0978ca3d-4176-460c-8f84-f7aa3ebe6791 bb155bb0f0834183a7fcdff9238eae75 d9b5c3499f4a4428b8a99531c319cb63 - - 496aee4d0ce24aeab5cb67106bb21643 496aee4d0ce24aeab5cb67106bb21643] 10.0.0.52 "DELETE /resource_providers/dc403e65-3f8d-4e3d-9428-05d419bd7c66" status: 404 len: 246 microversion: 1.1 [pid: 8|app: 0|req: 409/817] 10.0.0.52 () {34 vars in 815 bytes} [Thu Apr 23 01:26:56 2026] DELETE /resource_providers/dc403e65-3f8d-4e3d-9428-05d419bd7c66 => generated 246 bytes in 12 msecs (HTTP/1.1 404) 6 headers in 231 bytes (1 switches on core 0)
2026-04-23 01:26:56.210 7 INFO placement.requestlog [None req-871c004f-19d8-4950-8f53-e26703f3de10 bb155bb0f0834183a7fcdff9238eae75 d9b5c3499f4a4428b8a99531c319cb63 - - 496aee4d0ce24aeab5cb67106bb21643 496aee4d0ce24aeab5cb67106bb21643] 10.0.0.52 "DELETE /resource_providers/dc403e65-3f8d-4e3d-9428-05d419bd7c66" status: 404 len: 246 microversion: 1.1 [pid: 7|app: 0|req: 409/818] 10.0.0.52 () {34 vars in 815 bytes} [Thu Apr 23 01:26:56 2026] DELETE /resource_providers/dc403e65-3f8d-4e3d-9428-05d419bd7c66 => generated 246 bytes in 11 msecs (HTTP/1.1 404) 6 headers in 231 bytes (1 switches on core 0)
2026-04-23 01:26:57.850 8 INFO placement.requestlog [None req-c8349350-0e55-403a-92fa-dd61165b1294 - - - - - -] 10.0.0.73 "GET /" status: 200 len: 136 microversion: 1.0
2026-04-23 01:26:57.852 7 INFO placement.requestlog [None req-16fbfba9-573a-43ca-a35b-101708afed0b - - - - - -] 10.0.0.73 "GET /" status: 200 len: 136 microversion: 1.0
2026-04-23 01:27:00.496 8 INFO placement.requestlog [req-8a231a21-03ea-47ba-b29a-1ccaab34b1f6 req-1d56f1ed-53ea-4bf7-9b2e-ea5e06fea747 ac7eaa4f652b4672ac543ad99c9b26cc d9b5c3499f4a4428b8a99531c319cb63 - - 496aee4d0ce24aeab5cb67106bb21643 496aee4d0ce24aeab5cb67106bb21643] 10.0.0.134 "GET /allocation_candidates?limit=1000&resources=DISK_GB%3A1%2CMEMORY_MB%3A512%2CVCPU%3A1&root_required=%21COMPUTE_STATUS_DISABLED" status: 200 len: 2642 microversion: 1.36 [pid: 8|app: 0|req: 411/821] 10.0.0.134 () {34 vars in 1012 bytes} [Thu Apr 23 01:27:00 2026] GET /allocation_candidates?limit=1000&resources=DISK_GB%3A1%2CMEMORY_MB%3A512%2CVCPU%3A1&root_required=%21COMPUTE_STATUS_DISABLED => generated 2642 bytes in 46 msecs (HTTP/1.1 200) 8 headers in 297 bytes (1 switches on core 0)
2026-04-23 01:27:00.523 7 INFO placement.requestlog [req-8a231a21-03ea-47ba-b29a-1ccaab34b1f6 req-258f2f2f-5f99-4388-908a-818bef3c3f36 ac7eaa4f652b4672ac543ad99c9b26cc d9b5c3499f4a4428b8a99531c319cb63 - - 496aee4d0ce24aeab5cb67106bb21643 496aee4d0ce24aeab5cb67106bb21643] 10.0.0.134 "GET /allocations/96f8d1bf-51da-49ad-bd16-439c2e2bdc5a" status: 200 len: 19 microversion: 1.28 [pid: 7|app: 0|req: 411/822] 10.0.0.134 () {34 vars in 861 bytes} [Thu Apr 23 01:27:00 2026] GET /allocations/96f8d1bf-51da-49ad-bd16-439c2e2bdc5a => generated 19 bytes in 12 msecs (HTTP/1.1 200) 8 headers in 295 bytes (1 switches on core 0)
2026-04-23 01:27:00.596 8 INFO placement.requestlog [req-8a231a21-03ea-47ba-b29a-1ccaab34b1f6 req-6ee114eb-d978-449b-8230-379d43af960c ac7eaa4f652b4672ac543ad99c9b26cc d9b5c3499f4a4428b8a99531c319cb63 - - 496aee4d0ce24aeab5cb67106bb21643 496aee4d0ce24aeab5cb67106bb21643] 10.0.0.134 "PUT /allocations/96f8d1bf-51da-49ad-bd16-439c2e2bdc5a" status: 204 len: 0 microversion: 1.36 [pid: 8|app: 0|req: 412/823] 10.0.0.134 () {38 vars in 914 bytes} [Thu Apr 23 01:27:00 2026] PUT /allocations/96f8d1bf-51da-49ad-bd16-439c2e2bdc5a => generated 0 bytes in 67 msecs (HTTP/1.1 204) 5 headers in 199 bytes (1 switches on core 0)
2026-04-23 01:27:02.134 7 INFO placement.requestlog [req-8a231a21-03ea-47ba-b29a-1ccaab34b1f6 req-b8703ddf-d361-4689-98a8-067c4a28135b ac7eaa4f652b4672ac543ad99c9b26cc d9b5c3499f4a4428b8a99531c319cb63 - - 496aee4d0ce24aeab5cb67106bb21643 496aee4d0ce24aeab5cb67106bb21643] 199.204.45.229 "GET /allocations/96f8d1bf-51da-49ad-bd16-439c2e2bdc5a" status: 200 len: 258 microversion: 1.28 [pid: 7|app: 0|req: 412/824] 199.204.45.229 () {34 vars in 863 bytes} [Thu Apr 23 01:27:02 2026] GET /allocations/96f8d1bf-51da-49ad-bd16-439c2e2bdc5a => generated 258 bytes in 11 msecs (HTTP/1.1 200) 8 headers in 296 bytes (1 switches on core 0)
2026-04-23 01:27:03.002 8 INFO placement.requestlog [req-7d2052e0-db5b-4e4a-8cf3-e65f53df3473 req-854e008f-ac80-4cc1-b76b-873af7020594 ac7eaa4f652b4672ac543ad99c9b26cc d9b5c3499f4a4428b8a99531c319cb63 - - 496aee4d0ce24aeab5cb67106bb21643 496aee4d0ce24aeab5cb67106bb21643] 199.204.45.229 "GET /resource_providers/0faf92c5-c59d-4f58-9308-9af1d2d3214d/allocations" status: 200 len: 253 microversion: 1.0 [pid: 8|app: 0|req: 413/825] 199.204.45.229 () {32 vars in 857 bytes} [Thu Apr 23 01:27:02 2026] GET /resource_providers/0faf92c5-c59d-4f58-9308-9af1d2d3214d/allocations => generated 253 bytes in 33 msecs (HTTP/1.1 200) 6 headers in 224 bytes (1 switches on core 0)
2026-04-23 01:27:03.539 7 INFO placement.requestlog [req-7d2052e0-db5b-4e4a-8cf3-e65f53df3473 req-82e6b60b-ee2f-4188-b0b7-db48f46408ef ac7eaa4f652b4672ac543ad99c9b26cc d9b5c3499f4a4428b8a99531c319cb63 - - 496aee4d0ce24aeab5cb67106bb21643 496aee4d0ce24aeab5cb67106bb21643] 199.204.45.229 "GET /resource_providers/0faf92c5-c59d-4f58-9308-9af1d2d3214d/allocations" status: 200 len: 253 microversion: 1.0 [pid: 7|app: 0|req: 413/826] 199.204.45.229 () {32 vars in 857 bytes} [Thu Apr 23 01:27:03 2026] GET /resource_providers/0faf92c5-c59d-4f58-9308-9af1d2d3214d/allocations => generated 253 bytes in 21 msecs (HTTP/1.1 200) 6 headers in 224 bytes (1 switches on core 0)
