Apr 08 13:11:46.045520 np0000164308 nova-conductor[110214]: DEBUG cotyledon.oslo_config_glue [-] vmware.vnc_port = 5900 {{(pid=110214) log_opt_values /opt/stack/data/venv/lib/python3.12/site-packages/oslo_config/cfg.py:3006}}
Apr 08 13:11:46.045520 np0000164308 nova-conductor[110214]: DEBUG cotyledon.oslo_config_glue [-] vmware.vnc_port_total = 10000 {{(pid=110214) log_opt_values /opt/stack/data/venv/lib/python3.12/site-packages/oslo_config/cfg.py:3006}}
Apr 08 13:11:46.045520 np0000164308 nova-conductor[110214]: DEBUG cotyledon.oslo_config_glue [-] vnc.auth_schemes = ['none'] {{(pid=110214) log_opt_values /opt/stack/data/venv/lib/python3.12/site-packages/oslo_config/cfg.py:3006}}
Apr 08 13:11:46.045520 np0000164308 nova-conductor[110214]: DEBUG cotyledon.oslo_config_glue [-] vnc.enabled = True {{(pid=110214) log_opt_values /opt/stack/data/venv/lib/python3.12/site-packages/oslo_config/cfg.py:3006}}
Apr 08 13:11:46.045520 np0000164308 nova-conductor[110214]: DEBUG cotyledon.oslo_config_glue [-] vnc.novncproxy_base_url = http://127.0.0.1:6080/vnc_auto.html {{(pid=110214) log_opt_values /opt/stack/data/venv/lib/python3.12/site-packages/oslo_config/cfg.py:3006}}
Apr 08 13:11:46.045520 np0000164308 nova-conductor[110214]: DEBUG cotyledon.oslo_config_glue [-] vnc.novncproxy_host = 0.0.0.0 {{(pid=110214) log_opt_values /opt/stack/data/venv/lib/python3.12/site-packages/oslo_config/cfg.py:3006}}
Apr 08 13:11:46.045520 np0000164308 nova-conductor[110214]: DEBUG cotyledon.oslo_config_glue [-] vnc.novncproxy_port = 6080 {{(pid=110214) log_opt_values /opt/stack/data/venv/lib/python3.12/site-packages/oslo_config/cfg.py:3006}}
Apr 08 13:11:46.045770 np0000164308 nova-conductor[110214]: DEBUG cotyledon.oslo_config_glue [-] vnc.server_listen = 127.0.0.1 {{(pid=110214) log_opt_values /opt/stack/data/venv/lib/python3.12/site-packages/oslo_config/cfg.py:3006}}
Apr 08 13:11:46.045770 np0000164308 nova-conductor[110214]: DEBUG cotyledon.oslo_config_glue [-] vnc.server_proxyclient_address = 127.0.0.1 {{(pid=110214) log_opt_values /opt/stack/data/venv/lib/python3.12/site-packages/oslo_config/cfg.py:3006}}
Apr 08 13:11:46.045770 np0000164308 nova-conductor[110214]: DEBUG cotyledon.oslo_config_glue [-] vnc.vencrypt_ca_certs = None {{(pid=110214) log_opt_values /opt/stack/data/venv/lib/python3.12/site-packages/oslo_config/cfg.py:3006}}
Apr 08 13:11:46.045770 np0000164308 nova-conductor[110214]: DEBUG cotyledon.oslo_config_glue [-] vnc.vencrypt_client_cert = None {{(pid=110214) log_opt_values /opt/stack/data/venv/lib/python3.12/site-packages/oslo_config/cfg.py:3006}}
Apr 08 13:11:46.045770 np0000164308 nova-conductor[110214]: DEBUG cotyledon.oslo_config_glue [-] vnc.vencrypt_client_key = None {{(pid=110214) log_opt_values /opt/stack/data/venv/lib/python3.12/site-packages/oslo_config/cfg.py:3006}}
Apr 08 13:11:46.045770 np0000164308 nova-conductor[110214]: DEBUG cotyledon.oslo_config_glue [-] workarounds.disable_compute_service_check_for_ffu = False {{(pid=110214) log_opt_values /opt/stack/data/venv/lib/python3.12/site-packages/oslo_config/cfg.py:3006}}
Apr 08 13:11:46.045770 np0000164308 nova-conductor[110214]: DEBUG cotyledon.oslo_config_glue [-] workarounds.disable_deep_image_inspection = False {{(pid=110214) log_opt_values /opt/stack/data/venv/lib/python3.12/site-packages/oslo_config/cfg.py:3006}}
Apr 08 13:11:46.045770 np0000164308 nova-conductor[110214]: DEBUG cotyledon.oslo_config_glue [-] workarounds.disable_fallback_pcpu_query = False {{(pid=110214) log_opt_values /opt/stack/data/venv/lib/python3.12/site-packages/oslo_config/cfg.py:3006}}
Apr 08 13:11:46.045770 np0000164308 nova-conductor[110214]: DEBUG cotyledon.oslo_config_glue [-] workarounds.disable_group_policy_check_upcall = False {{(pid=110214) log_opt_values /opt/stack/data/venv/lib/python3.12/site-packages/oslo_config/cfg.py:3006}}
Apr 08 13:11:46.046052 np0000164308 nova-conductor[110214]: DEBUG cotyledon.oslo_config_glue [-] workarounds.disable_libvirt_livesnapshot = False {{(pid=110214) log_opt_values /opt/stack/data/venv/lib/python3.12/site-packages/oslo_config/cfg.py:3006}}
Apr 08 13:11:46.046052 np0000164308 nova-conductor[110214]: DEBUG cotyledon.oslo_config_glue [-] workarounds.disable_rootwrap = False {{(pid=110214) log_opt_values /opt/stack/data/venv/lib/python3.12/site-packages/oslo_config/cfg.py:3006}}
Apr 08 13:11:46.046052 np0000164308 nova-conductor[110214]: DEBUG cotyledon.oslo_config_glue [-] workarounds.enable_numa_live_migration = False {{(pid=110214) log_opt_values /opt/stack/data/venv/lib/python3.12/site-packages/oslo_config/cfg.py:3006}}
Apr 08 13:11:46.046052 np0000164308 nova-conductor[110214]: DEBUG cotyledon.oslo_config_glue [-] workarounds.enable_qemu_monitor_announce_self = False {{(pid=110214) log_opt_values /opt/stack/data/venv/lib/python3.12/site-packages/oslo_config/cfg.py:3006}}
Apr 08 13:11:46.046052 np0000164308 nova-conductor[110214]: DEBUG cotyledon.oslo_config_glue [-] workarounds.ensure_libvirt_rbd_instance_dir_cleanup = False {{(pid=110214) log_opt_values /opt/stack/data/venv/lib/python3.12/site-packages/oslo_config/cfg.py:3006}}
Apr 08 13:11:46.046052 np0000164308 nova-conductor[110214]: DEBUG cotyledon.oslo_config_glue [-] workarounds.handle_virt_lifecycle_events = True {{(pid=110214) log_opt_values /opt/stack/data/venv/lib/python3.12/site-packages/oslo_config/cfg.py:3006}}
Apr 08 13:11:46.046052 np0000164308 nova-conductor[110214]: DEBUG cotyledon.oslo_config_glue [-] workarounds.libvirt_disable_apic = False {{(pid=110214) log_opt_values /opt/stack/data/venv/lib/python3.12/site-packages/oslo_config/cfg.py:3006}}
Apr 08 13:11:46.046052 np0000164308 nova-conductor[110214]: DEBUG cotyledon.oslo_config_glue [-] workarounds.never_download_image_if_on_rbd = False {{(pid=110214) log_opt_values /opt/stack/data/venv/lib/python3.12/site-packages/oslo_config/cfg.py:3006}}
Apr 08 13:11:46.046052 np0000164308 nova-conductor[110214]: DEBUG cotyledon.oslo_config_glue [-] workarounds.qemu_monitor_announce_self_count = 3 {{(pid=110214) log_opt_values /opt/stack/data/venv/lib/python3.12/site-packages/oslo_config/cfg.py:3006}}
Apr 08 13:11:46.046270 np0000164308 nova-conductor[110214]: DEBUG cotyledon.oslo_config_glue [-] workarounds.qemu_monitor_announce_self_interval = 1 {{(pid=110214) log_opt_values /opt/stack/data/venv/lib/python3.12/site-packages/oslo_config/cfg.py:3006}}
Apr 08 13:11:46.046270 np0000164308 nova-conductor[110214]: DEBUG cotyledon.oslo_config_glue [-] workarounds.reserve_disk_resource_for_image_cache = False {{(pid=110214) log_opt_values /opt/stack/data/venv/lib/python3.12/site-packages/oslo_config/cfg.py:3006}}
Apr 08 13:11:46.046270 np0000164308 nova-conductor[110214]: DEBUG cotyledon.oslo_config_glue [-] workarounds.skip_cpu_compare_at_startup = False {{(pid=110214) log_opt_values /opt/stack/data/venv/lib/python3.12/site-packages/oslo_config/cfg.py:3006}}
Apr 08 13:11:46.046270 np0000164308 nova-conductor[110214]: DEBUG cotyledon.oslo_config_glue [-] workarounds.skip_cpu_compare_on_dest = False {{(pid=110214) log_opt_values /opt/stack/data/venv/lib/python3.12/site-packages/oslo_config/cfg.py:3006}}
Apr 08 13:11:46.046270 np0000164308 nova-conductor[110214]: DEBUG cotyledon.oslo_config_glue [-] workarounds.skip_hypervisor_version_check_on_lm = False {{(pid=110214) log_opt_values /opt/stack/data/venv/lib/python3.12/site-packages/oslo_config/cfg.py:3006}}
Apr 08 13:11:46.046270 np0000164308 nova-conductor[110214]: DEBUG cotyledon.oslo_config_glue [-] workarounds.skip_reserve_in_use_ironic_nodes = False {{(pid=110214) log_opt_values /opt/stack/data/venv/lib/python3.12/site-packages/oslo_config/cfg.py:3006}}
Apr 08 13:11:46.046270 np0000164308 nova-conductor[110214]: DEBUG cotyledon.oslo_config_glue [-] workarounds.unified_limits_count_pcpu_as_vcpu = False {{(pid=110214) log_opt_values /opt/stack/data/venv/lib/python3.12/site-packages/oslo_config/cfg.py:3006}}
Apr 08 13:11:46.046270 np0000164308 nova-conductor[110214]: DEBUG cotyledon.oslo_config_glue [-] workarounds.wait_for_vif_plugged_event_during_hard_reboot = [] {{(pid=110214) log_opt_values /opt/stack/data/venv/lib/python3.12/site-packages/oslo_config/cfg.py:3006}}
Apr 08 13:11:46.046468 np0000164308 nova-conductor[110214]: DEBUG cotyledon.oslo_config_glue [-] wsgi.api_paste_config = /etc/nova/api-paste.ini {{(pid=110214) log_opt_values /opt/stack/data/venv/lib/python3.12/site-packages/oslo_config/cfg.py:3006}}
Apr 08 13:11:46.046468 np0000164308 nova-conductor[110214]: DEBUG cotyledon.oslo_config_glue [-] wsgi.secure_proxy_ssl_header = None {{(pid=110214) log_opt_values /opt/stack/data/venv/lib/python3.12/site-packages/oslo_config/cfg.py:3006}}
Apr 08 13:11:46.046468 np0000164308 nova-conductor[110214]: DEBUG cotyledon.oslo_config_glue [-] zvm.ca_file = None {{(pid=110214) log_opt_values /opt/stack/data/venv/lib/python3.12/site-packages/oslo_config/cfg.py:3006}}
Apr 08 13:11:46.046468 np0000164308 nova-conductor[110214]: DEBUG cotyledon.oslo_config_glue [-] zvm.cloud_connector_url = None {{(pid=110214) log_opt_values /opt/stack/data/venv/lib/python3.12/site-packages/oslo_config/cfg.py:3006}}
Apr 08 13:11:46.046468 np0000164308 nova-conductor[110214]: DEBUG cotyledon.oslo_config_glue [-] zvm.image_tmp_path = /opt/stack/data/nova/images {{(pid=110214) log_opt_values /opt/stack/data/venv/lib/python3.12/site-packages/oslo_config/cfg.py:3006}}
Apr 08 13:11:46.046468 np0000164308 nova-conductor[110214]: DEBUG cotyledon.oslo_config_glue [-] zvm.reachable_timeout = 300 {{(pid=110214) log_opt_values /opt/stack/data/venv/lib/python3.12/site-packages/oslo_config/cfg.py:3006}}
Apr 08 13:11:46.046468 np0000164308 nova-conductor[110214]: DEBUG cotyledon.oslo_config_glue [-] oslo_versionedobjects.fatal_exception_format_errors = False {{(pid=110214) log_opt_values /opt/stack/data/venv/lib/python3.12/site-packages/oslo_config/cfg.py:3006}}
Apr 08 13:11:46.046468 np0000164308 nova-conductor[110214]: DEBUG cotyledon.oslo_config_glue [-] oslo_middleware.http_basic_auth_user_file = /etc/htpasswd {{(pid=110214) log_opt_values /opt/stack/data/venv/lib/python3.12/site-packages/oslo_config/cfg.py:3006}}
Apr 08 13:11:46.046468 np0000164308 nova-conductor[110214]: DEBUG cotyledon.oslo_config_glue [-] profiler.connection_string = messaging:// {{(pid=110214) log_opt_values /opt/stack/data/venv/lib/python3.12/site-packages/oslo_config/cfg.py:3006}}
Apr 08 13:11:46.046677 np0000164308 nova-conductor[110214]: DEBUG cotyledon.oslo_config_glue [-] profiler.enabled = False {{(pid=110214) log_opt_values /opt/stack/data/venv/lib/python3.12/site-packages/oslo_config/cfg.py:3006}}
Apr 08 13:11:46.046677 np0000164308 nova-conductor[110214]: DEBUG cotyledon.oslo_config_glue [-] profiler.es_doc_type = notification {{(pid=110214) log_opt_values /opt/stack/data/venv/lib/python3.12/site-packages/oslo_config/cfg.py:3006}}
Apr 08 13:11:46.046677 np0000164308 nova-conductor[110214]: DEBUG cotyledon.oslo_config_glue [-] profiler.es_scroll_size = 10000 {{(pid=110214) log_opt_values /opt/stack/data/venv/lib/python3.12/site-packages/oslo_config/cfg.py:3006}}
Apr 08 13:11:46.046677 np0000164308 nova-conductor[110214]: DEBUG cotyledon.oslo_config_glue [-] profiler.es_scroll_time = 2m {{(pid=110214) log_opt_values /opt/stack/data/venv/lib/python3.12/site-packages/oslo_config/cfg.py:3006}}
Apr 08 13:11:46.046677 np0000164308 nova-conductor[110214]: DEBUG cotyledon.oslo_config_glue [-] profiler.filter_error_trace = False {{(pid=110214) log_opt_values /opt/stack/data/venv/lib/python3.12/site-packages/oslo_config/cfg.py:3006}}
Apr 08 13:11:46.046677 np0000164308 nova-conductor[110214]: DEBUG cotyledon.oslo_config_glue [-] profiler.hmac_keys = **** {{(pid=110214) log_opt_values /opt/stack/data/venv/lib/python3.12/site-packages/oslo_config/cfg.py:3006}}
Apr 08 13:11:46.046677 np0000164308 nova-conductor[110214]: DEBUG cotyledon.oslo_config_glue [-] profiler.sentinel_service_name = mymaster {{(pid=110214) log_opt_values /opt/stack/data/venv/lib/python3.12/site-packages/oslo_config/cfg.py:3006}}
Apr 08 13:11:46.046677 np0000164308 nova-conductor[110214]: DEBUG cotyledon.oslo_config_glue [-] profiler.socket_timeout = 0.1 {{(pid=110214) log_opt_values /opt/stack/data/venv/lib/python3.12/site-packages/oslo_config/cfg.py:3006}}
Apr 08 13:11:46.046677 np0000164308 nova-conductor[110214]: DEBUG cotyledon.oslo_config_glue [-] profiler.trace_requests = False {{(pid=110214) log_opt_values /opt/stack/data/venv/lib/python3.12/site-packages/oslo_config/cfg.py:3006}}
Apr 08 13:11:46.047663 np0000164308 nova-conductor[110214]: DEBUG cotyledon.oslo_config_glue [-] profiler.trace_sqlalchemy = False {{(pid=110214) log_opt_values /opt/stack/data/venv/lib/python3.12/site-packages/oslo_config/cfg.py:3006}}
Apr 08 13:11:46.047663 np0000164308 nova-conductor[110214]: DEBUG cotyledon.oslo_config_glue [-] profiler_jaeger.process_tags = {} {{(pid=110214) log_opt_values /opt/stack/data/venv/lib/python3.12/site-packages/oslo_config/cfg.py:3006}}
Apr 08 13:11:46.047663 np0000164308 nova-conductor[110214]: DEBUG cotyledon.oslo_config_glue [-] profiler_jaeger.service_name_prefix = None {{(pid=110214) log_opt_values /opt/stack/data/venv/lib/python3.12/site-packages/oslo_config/cfg.py:3006}}
Apr 08 13:11:46.047783 np0000164308 nova-conductor[110191]: DEBUG dbcounter [-] [110191] Writer thread running {{(pid=110191) stat_writer /opt/stack/data/venv/lib/python3.12/site-packages/dbcounter.py:102}}
Apr 08 13:11:46.047818 np0000164308 nova-conductor[110214]: DEBUG cotyledon.oslo_config_glue [-] profiler_otlp.service_name_prefix = None {{(pid=110214) log_opt_values /opt/stack/data/venv/lib/python3.12/site-packages/oslo_config/cfg.py:3006}}
Apr 08 13:11:46.047818 np0000164308 nova-conductor[110214]: DEBUG cotyledon.oslo_config_glue [-] oslo_messaging_rabbit.amqp_auto_delete = False {{(pid=110214) log_opt_values /opt/stack/data/venv/lib/python3.12/site-packages/oslo_config/cfg.py:3006}}
Apr 08 13:11:46.047818 np0000164308 nova-conductor[110214]: DEBUG cotyledon.oslo_config_glue [-] oslo_messaging_rabbit.amqp_durable_queues = False {{(pid=110214) log_opt_values /opt/stack/data/venv/lib/python3.12/site-packages/oslo_config/cfg.py:3006}}
Apr 08 13:11:46.047818 np0000164308 nova-conductor[110214]: DEBUG cotyledon.oslo_config_glue [-] oslo_messaging_rabbit.conn_pool_min_size = 2 {{(pid=110214) log_opt_values /opt/stack/data/venv/lib/python3.12/site-packages/oslo_config/cfg.py:3006}}
Apr 08 13:11:46.047818 np0000164308 nova-conductor[110214]: DEBUG cotyledon.oslo_config_glue [-] oslo_messaging_rabbit.conn_pool_ttl = 1200 {{(pid=110214) log_opt_values /opt/stack/data/venv/lib/python3.12/site-packages/oslo_config/cfg.py:3006}}
Apr 08 13:11:46.047818 np0000164308 nova-conductor[110214]: DEBUG cotyledon.oslo_config_glue [-] oslo_messaging_rabbit.direct_mandatory_flag = True {{(pid=110214) log_opt_values /opt/stack/data/venv/lib/python3.12/site-packages/oslo_config/cfg.py:3006}}
Apr 08 13:11:46.047818 np0000164308 nova-conductor[110214]: DEBUG cotyledon.oslo_config_glue [-] oslo_messaging_rabbit.enable_cancel_on_failover = False {{(pid=110214) log_opt_values /opt/stack/data/venv/lib/python3.12/site-packages/oslo_config/cfg.py:3006}}
Apr 08 13:11:46.047818 np0000164308 nova-conductor[110214]: DEBUG cotyledon.oslo_config_glue [-] oslo_messaging_rabbit.heartbeat_in_pthread = False {{(pid=110214) log_opt_values /opt/stack/data/venv/lib/python3.12/site-packages/oslo_config/cfg.py:3006}}
Apr 08 13:11:46.047818 np0000164308 nova-conductor[110214]: DEBUG cotyledon.oslo_config_glue [-] oslo_messaging_rabbit.heartbeat_rate = 3 {{(pid=110214) log_opt_values /opt/stack/data/venv/lib/python3.12/site-packages/oslo_config/cfg.py:3006}}
Apr 08 13:11:46.048082 np0000164308 nova-conductor[110214]: DEBUG cotyledon.oslo_config_glue [-] oslo_messaging_rabbit.heartbeat_timeout_threshold = 60 {{(pid=110214) log_opt_values /opt/stack/data/venv/lib/python3.12/site-packages/oslo_config/cfg.py:3006}}
Apr 08 13:11:46.048082 np0000164308 nova-conductor[110214]: DEBUG cotyledon.oslo_config_glue [-] oslo_messaging_rabbit.hostname = np0000164308 {{(pid=110214) log_opt_values /opt/stack/data/venv/lib/python3.12/site-packages/oslo_config/cfg.py:3006}}
Apr 08 13:11:46.048082 np0000164308 nova-conductor[110214]: DEBUG cotyledon.oslo_config_glue [-] oslo_messaging_rabbit.kombu_compression = None {{(pid=110214) log_opt_values /opt/stack/data/venv/lib/python3.12/site-packages/oslo_config/cfg.py:3006}}
Apr 08 13:11:46.048082 np0000164308 nova-conductor[110214]: DEBUG cotyledon.oslo_config_glue [-] oslo_messaging_rabbit.kombu_failover_strategy = round-robin {{(pid=110214) log_opt_values /opt/stack/data/venv/lib/python3.12/site-packages/oslo_config/cfg.py:3006}}
Apr 08 13:11:46.048082 np0000164308 nova-conductor[110214]: DEBUG cotyledon.oslo_config_glue [-] oslo_messaging_rabbit.kombu_missing_consumer_retry_timeout = 60 {{(pid=110214) log_opt_values /opt/stack/data/venv/lib/python3.12/site-packages/oslo_config/cfg.py:3006}}
Apr 08 13:11:46.048082 np0000164308 nova-conductor[110214]: DEBUG cotyledon.oslo_config_glue [-] oslo_messaging_rabbit.kombu_reconnect_delay = 1.0 {{(pid=110214) log_opt_values /opt/stack/data/venv/lib/python3.12/site-packages/oslo_config/cfg.py:3006}}
Apr 08 13:11:46.048082 np0000164308 nova-conductor[110214]: DEBUG cotyledon.oslo_config_glue [-] oslo_messaging_rabbit.kombu_reconnect_splay = 0.0 {{(pid=110214) log_opt_values /opt/stack/data/venv/lib/python3.12/site-packages/oslo_config/cfg.py:3006}}
Apr 08 13:11:46.048082 np0000164308 nova-conductor[110214]: DEBUG cotyledon.oslo_config_glue [-] oslo_messaging_rabbit.processname = nova-conductor {{(pid=110214) log_opt_values /opt/stack/data/venv/lib/python3.12/site-packages/oslo_config/cfg.py:3006}}
Apr 08 13:11:46.048305 np0000164308 nova-conductor[110214]: DEBUG cotyledon.oslo_config_glue [-] oslo_messaging_rabbit.rabbit_ha_queues = False {{(pid=110214) log_opt_values /opt/stack/data/venv/lib/python3.12/site-packages/oslo_config/cfg.py:3006}}
Apr 08 13:11:46.048305 np0000164308 nova-conductor[110214]: DEBUG cotyledon.oslo_config_glue [-] oslo_messaging_rabbit.rabbit_interval_max = 30 {{(pid=110214) log_opt_values /opt/stack/data/venv/lib/python3.12/site-packages/oslo_config/cfg.py:3006}}
Apr 08 13:11:46.048305 np0000164308 nova-conductor[110214]: DEBUG cotyledon.oslo_config_glue [-] oslo_messaging_rabbit.rabbit_login_method = AMQPLAIN {{(pid=110214) log_opt_values /opt/stack/data/venv/lib/python3.12/site-packages/oslo_config/cfg.py:3006}}
Apr 08 13:11:46.048305 np0000164308 nova-conductor[110214]: DEBUG cotyledon.oslo_config_glue [-] oslo_messaging_rabbit.rabbit_qos_prefetch_count = 0 {{(pid=110214) log_opt_values /opt/stack/data/venv/lib/python3.12/site-packages/oslo_config/cfg.py:3006}}
Apr 08 13:11:46.048305 np0000164308 nova-conductor[110214]: DEBUG cotyledon.oslo_config_glue [-] oslo_messaging_rabbit.rabbit_quorum_delivery_limit = 0 {{(pid=110214) log_opt_values /opt/stack/data/venv/lib/python3.12/site-packages/oslo_config/cfg.py:3006}}
Apr 08 13:11:46.048305 np0000164308 nova-conductor[110214]: DEBUG cotyledon.oslo_config_glue [-] oslo_messaging_rabbit.rabbit_quorum_max_memory_bytes = 0 {{(pid=110214) log_opt_values /opt/stack/data/venv/lib/python3.12/site-packages/oslo_config/cfg.py:3006}}
Apr 08 13:11:46.048305 np0000164308 nova-conductor[110214]: DEBUG cotyledon.oslo_config_glue [-] oslo_messaging_rabbit.rabbit_quorum_max_memory_length = 0 {{(pid=110214) log_opt_values /opt/stack/data/venv/lib/python3.12/site-packages/oslo_config/cfg.py:3006}}
Apr 08 13:11:46.048305 np0000164308 nova-conductor[110214]: DEBUG cotyledon.oslo_config_glue [-] oslo_messaging_rabbit.rabbit_quorum_queue = False {{(pid=110214) log_opt_values /opt/stack/data/venv/lib/python3.12/site-packages/oslo_config/cfg.py:3006}}
Apr 08 13:11:46.048492 np0000164308 nova-conductor[110214]: DEBUG cotyledon.oslo_config_glue [-] oslo_messaging_rabbit.rabbit_retry_backoff = 2 {{(pid=110214) log_opt_values /opt/stack/data/venv/lib/python3.12/site-packages/oslo_config/cfg.py:3006}}
Apr 08 13:11:46.048492 np0000164308 nova-conductor[110214]: DEBUG cotyledon.oslo_config_glue [-] oslo_messaging_rabbit.rabbit_retry_interval = 1 {{(pid=110214) log_opt_values /opt/stack/data/venv/lib/python3.12/site-packages/oslo_config/cfg.py:3006}}
Apr 08 13:11:46.048492 np0000164308 nova-conductor[110214]: DEBUG cotyledon.oslo_config_glue [-] oslo_messaging_rabbit.rabbit_stream_fanout = False {{(pid=110214) log_opt_values /opt/stack/data/venv/lib/python3.12/site-packages/oslo_config/cfg.py:3006}}
Apr 08 13:11:46.048492 np0000164308 nova-conductor[110214]: DEBUG cotyledon.oslo_config_glue [-] oslo_messaging_rabbit.rabbit_transient_queues_ttl = 1800 {{(pid=110214) log_opt_values /opt/stack/data/venv/lib/python3.12/site-packages/oslo_config/cfg.py:3006}}
Apr 08 13:11:46.048492 np0000164308 nova-conductor[110214]: DEBUG cotyledon.oslo_config_glue [-] oslo_messaging_rabbit.rabbit_transient_quorum_queue = False {{(pid=110214) log_opt_values /opt/stack/data/venv/lib/python3.12/site-packages/oslo_config/cfg.py:3006}}
Apr 08 13:11:46.048492 np0000164308 nova-conductor[110214]: DEBUG cotyledon.oslo_config_glue [-] oslo_messaging_rabbit.rpc_conn_pool_size = 30 {{(pid=110214) log_opt_values /opt/stack/data/venv/lib/python3.12/site-packages/oslo_config/cfg.py:3006}}
Apr 08 13:11:46.048492 np0000164308 nova-conductor[110214]: DEBUG cotyledon.oslo_config_glue [-] oslo_messaging_rabbit.ssl = False {{(pid=110214) log_opt_values /opt/stack/data/venv/lib/python3.12/site-packages/oslo_config/cfg.py:3006}}
Apr 08 13:11:46.048492 np0000164308 nova-conductor[110214]: DEBUG cotyledon.oslo_config_glue [-] oslo_messaging_rabbit.ssl_ca_file = {{(pid=110214) log_opt_values /opt/stack/data/venv/lib/python3.12/site-packages/oslo_config/cfg.py:3006}}
Apr 08 13:11:46.048492 np0000164308 nova-conductor[110214]: DEBUG cotyledon.oslo_config_glue [-] oslo_messaging_rabbit.ssl_cert_file = {{(pid=110214) log_opt_values /opt/stack/data/venv/lib/python3.12/site-packages/oslo_config/cfg.py:3006}}
Apr 08 13:11:46.048714 np0000164308 nova-conductor[110214]: DEBUG cotyledon.oslo_config_glue [-] oslo_messaging_rabbit.ssl_enforce_fips_mode = False {{(pid=110214) log_opt_values /opt/stack/data/venv/lib/python3.12/site-packages/oslo_config/cfg.py:3006}}
Apr 08 13:11:46.048714 np0000164308 nova-conductor[110214]: DEBUG cotyledon.oslo_config_glue [-] oslo_messaging_rabbit.ssl_key_file = {{(pid=110214) log_opt_values /opt/stack/data/venv/lib/python3.12/site-packages/oslo_config/cfg.py:3006}}
Apr 08 13:11:46.048714 np0000164308 nova-conductor[110214]: DEBUG cotyledon.oslo_config_glue [-] oslo_messaging_rabbit.ssl_version = {{(pid=110214) log_opt_values /opt/stack/data/venv/lib/python3.12/site-packages/oslo_config/cfg.py:3006}}
Apr 08 13:11:46.048714 np0000164308 nova-conductor[110214]: DEBUG cotyledon.oslo_config_glue [-] oslo_messaging_rabbit.use_queue_manager = False {{(pid=110214) log_opt_values /opt/stack/data/venv/lib/python3.12/site-packages/oslo_config/cfg.py:3006}}
Apr 08 13:11:46.048714 np0000164308 nova-conductor[110214]: DEBUG cotyledon.oslo_config_glue [-] oslo_messaging_notifications.driver = ['messagingv2'] {{(pid=110214) log_opt_values /opt/stack/data/venv/lib/python3.12/site-packages/oslo_config/cfg.py:3006}}
Apr 08 13:11:46.048714 np0000164308 nova-conductor[110214]: DEBUG cotyledon.oslo_config_glue [-] oslo_messaging_notifications.retry = -1 {{(pid=110214) log_opt_values /opt/stack/data/venv/lib/python3.12/site-packages/oslo_config/cfg.py:3006}}
Apr 08 13:11:46.048714 np0000164308 nova-conductor[110214]: DEBUG cotyledon.oslo_config_glue [-] oslo_messaging_notifications.topics = ['notifications'] {{(pid=110214) log_opt_values /opt/stack/data/venv/lib/python3.12/site-packages/oslo_config/cfg.py:3006}}
Apr 08 13:11:46.048714 np0000164308 nova-conductor[110214]: DEBUG cotyledon.oslo_config_glue [-] oslo_messaging_notifications.transport_url = **** {{(pid=110214) log_opt_values /opt/stack/data/venv/lib/python3.12/site-packages/oslo_config/cfg.py:3006}}
Apr 08 13:11:46.048714 np0000164308 nova-conductor[110214]: DEBUG cotyledon.oslo_config_glue [-] oslo_limit.auth_section = None {{(pid=110214) log_opt_values /opt/stack/data/venv/lib/python3.12/site-packages/oslo_config/cfg.py:3006}}
Apr 08 13:11:46.048960 np0000164308 nova-conductor[110214]: DEBUG cotyledon.oslo_config_glue [-] oslo_limit.auth_type = None {{(pid=110214) log_opt_values /opt/stack/data/venv/lib/python3.12/site-packages/oslo_config/cfg.py:3006}}
Apr 08 13:11:46.048960 np0000164308 nova-conductor[110214]: DEBUG cotyledon.oslo_config_glue [-] oslo_limit.cafile = None {{(pid=110214) log_opt_values /opt/stack/data/venv/lib/python3.12/site-packages/oslo_config/cfg.py:3006}}
Apr 08 13:11:46.048960 np0000164308 nova-conductor[110214]: DEBUG cotyledon.oslo_config_glue [-] oslo_limit.certfile = None {{(pid=110214) log_opt_values /opt/stack/data/venv/lib/python3.12/site-packages/oslo_config/cfg.py:3006}}
Apr 08 13:11:46.048960 np0000164308 nova-conductor[110214]: DEBUG cotyledon.oslo_config_glue [-] oslo_limit.collect_timing = False {{(pid=110214) log_opt_values /opt/stack/data/venv/lib/python3.12/site-packages/oslo_config/cfg.py:3006}}
Apr 08 13:11:46.048960 np0000164308 nova-conductor[110214]: DEBUG cotyledon.oslo_config_glue [-] oslo_limit.connect_retries = None {{(pid=110214) log_opt_values /opt/stack/data/venv/lib/python3.12/site-packages/oslo_config/cfg.py:3006}}
Apr 08 13:11:46.048960 np0000164308 nova-conductor[110214]: DEBUG cotyledon.oslo_config_glue [-] oslo_limit.connect_retry_delay = None {{(pid=110214) log_opt_values /opt/stack/data/venv/lib/python3.12/site-packages/oslo_config/cfg.py:3006}}
Apr 08 13:11:46.048960 np0000164308 nova-conductor[110214]: DEBUG cotyledon.oslo_config_glue [-] oslo_limit.endpoint_id = None {{(pid=110214) log_opt_values /opt/stack/data/venv/lib/python3.12/site-packages/oslo_config/cfg.py:3006}}
Apr 08 13:11:46.048960 np0000164308 nova-conductor[110214]: DEBUG cotyledon.oslo_config_glue [-] oslo_limit.endpoint_interface = public {{(pid=110214) log_opt_values /opt/stack/data/venv/lib/python3.12/site-packages/oslo_config/cfg.py:3006}}
Apr 08 13:11:46.048960 np0000164308 nova-conductor[110214]: DEBUG cotyledon.oslo_config_glue [-] oslo_limit.endpoint_override = None {{(pid=110214) log_opt_values /opt/stack/data/venv/lib/python3.12/site-packages/oslo_config/cfg.py:3006}}
Apr 08 13:11:46.049231 np0000164308 nova-conductor[110214]: DEBUG cotyledon.oslo_config_glue [-] oslo_limit.endpoint_region_name = None {{(pid=110214) log_opt_values /opt/stack/data/venv/lib/python3.12/site-packages/oslo_config/cfg.py:3006}}
Apr 08 13:11:46.049231 np0000164308 nova-conductor[110214]: DEBUG cotyledon.oslo_config_glue [-] oslo_limit.endpoint_service_name = None {{(pid=110214) log_opt_values /opt/stack/data/venv/lib/python3.12/site-packages/oslo_config/cfg.py:3006}}
Apr 08 13:11:46.049231 np0000164308 nova-conductor[110214]: DEBUG cotyledon.oslo_config_glue [-] oslo_limit.endpoint_service_type = None {{(pid=110214) log_opt_values /opt/stack/data/venv/lib/python3.12/site-packages/oslo_config/cfg.py:3006}}
Apr 08 13:11:46.049231 np0000164308 nova-conductor[110214]: DEBUG cotyledon.oslo_config_glue [-] oslo_limit.insecure = False {{(pid=110214) log_opt_values /opt/stack/data/venv/lib/python3.12/site-packages/oslo_config/cfg.py:3006}}
Apr 08 13:11:46.049231 np0000164308 nova-conductor[110214]: DEBUG cotyledon.oslo_config_glue [-] oslo_limit.keyfile = None {{(pid=110214) log_opt_values /opt/stack/data/venv/lib/python3.12/site-packages/oslo_config/cfg.py:3006}}
Apr 08 13:11:46.049231 np0000164308 nova-conductor[110214]: DEBUG cotyledon.oslo_config_glue [-] oslo_limit.max_version = None {{(pid=110214) log_opt_values /opt/stack/data/venv/lib/python3.12/site-packages/oslo_config/cfg.py:3006}}
Apr 08 13:11:46.049231 np0000164308 nova-conductor[110214]: DEBUG cotyledon.oslo_config_glue [-] oslo_limit.min_version = None {{(pid=110214) log_opt_values /opt/stack/data/venv/lib/python3.12/site-packages/oslo_config/cfg.py:3006}}
Apr 08 13:11:46.049231 np0000164308 nova-conductor[110214]: DEBUG cotyledon.oslo_config_glue [-] oslo_limit.region_name = None {{(pid=110214) log_opt_values /opt/stack/data/venv/lib/python3.12/site-packages/oslo_config/cfg.py:3006}}
Apr 08 13:11:46.049231 np0000164308 nova-conductor[110214]: DEBUG cotyledon.oslo_config_glue [-] oslo_limit.retriable_status_codes = None {{(pid=110214) log_opt_values /opt/stack/data/venv/lib/python3.12/site-packages/oslo_config/cfg.py:3006}}
Apr 08 13:11:46.049746 np0000164308 nova-conductor[110214]: DEBUG cotyledon.oslo_config_glue [-] oslo_limit.service_name = None {{(pid=110214) log_opt_values /opt/stack/data/venv/lib/python3.12/site-packages/oslo_config/cfg.py:3006}}
Apr 08 13:11:46.049746 np0000164308 nova-conductor[110214]: DEBUG cotyledon.oslo_config_glue [-] oslo_limit.service_type = None {{(pid=110214) log_opt_values /opt/stack/data/venv/lib/python3.12/site-packages/oslo_config/cfg.py:3006}}
Apr 08 13:11:46.049746 np0000164308 nova-conductor[110214]: DEBUG cotyledon.oslo_config_glue [-] oslo_limit.split_loggers = False {{(pid=110214) log_opt_values /opt/stack/data/venv/lib/python3.12/site-packages/oslo_config/cfg.py:3006}}
Apr 08 13:11:46.049746 np0000164308 nova-conductor[110214]: DEBUG cotyledon.oslo_config_glue [-] oslo_limit.status_code_retries = None {{(pid=110214) log_opt_values /opt/stack/data/venv/lib/python3.12/site-packages/oslo_config/cfg.py:3006}}
Apr 08 13:11:46.049746 np0000164308 nova-conductor[110214]: DEBUG cotyledon.oslo_config_glue [-] oslo_limit.status_code_retry_delay = None {{(pid=110214) log_opt_values /opt/stack/data/venv/lib/python3.12/site-packages/oslo_config/cfg.py:3006}}
Apr 08 13:11:46.049746 np0000164308 nova-conductor[110214]: DEBUG cotyledon.oslo_config_glue [-] oslo_limit.timeout = None {{(pid=110214) log_opt_values /opt/stack/data/venv/lib/python3.12/site-packages/oslo_config/cfg.py:3006}}
Apr 08 13:11:46.049746 np0000164308 nova-conductor[110214]: DEBUG cotyledon.oslo_config_glue [-] oslo_limit.valid_interfaces = None {{(pid=110214) log_opt_values /opt/stack/data/venv/lib/python3.12/site-packages/oslo_config/cfg.py:3006}}
Apr 08 13:11:46.049746 np0000164308 nova-conductor[110214]: DEBUG cotyledon.oslo_config_glue [-] oslo_limit.version = None {{(pid=110214) log_opt_values /opt/stack/data/venv/lib/python3.12/site-packages/oslo_config/cfg.py:3006}}
Apr 08 13:11:46.049746 np0000164308 nova-conductor[110214]: DEBUG cotyledon.oslo_config_glue [-] oslo_reports.file_event_handler = None {{(pid=110214) log_opt_values /opt/stack/data/venv/lib/python3.12/site-packages/oslo_config/cfg.py:3006}}
Apr 08 13:11:46.050022 np0000164308 nova-conductor[110214]: DEBUG cotyledon.oslo_config_glue [-] oslo_reports.file_event_handler_interval = 1 {{(pid=110214) log_opt_values /opt/stack/data/venv/lib/python3.12/site-packages/oslo_config/cfg.py:3006}}
Apr 08 13:11:46.050022 np0000164308 nova-conductor[110214]: DEBUG cotyledon.oslo_config_glue [-] oslo_reports.log_dir = None {{(pid=110214) log_opt_values /opt/stack/data/venv/lib/python3.12/site-packages/oslo_config/cfg.py:3006}}
Apr 08 13:11:46.050022 np0000164308 nova-conductor[110214]: DEBUG cotyledon.oslo_config_glue [-] ******************************************************************************** {{(pid=110214) log_opt_values /opt/stack/data/venv/lib/python3.12/site-packages/oslo_config/cfg.py:3013}}
Apr 08 13:11:46.050022 np0000164308 nova-conductor[110214]: DEBUG cotyledon._service_worker [-] Run service ServiceWrapper(3) [110214] {{(pid=110214) wait_forever /opt/stack/data/venv/lib/python3.12/site-packages/cotyledon/_service_worker.py:218}}
Apr 08 13:11:46.050124 np0000164308 nova-conductor[110207]: DEBUG oslo_db.sqlalchemy.engines [None req-9b6ff6f7-9329-4e21-a7d4-72d7c254adf3 None None] MySQL server mode set to STRICT_TRANS_TABLES,STRICT_ALL_TABLES,NO_ZERO_IN_DATE,NO_ZERO_DATE,ERROR_FOR_DIVISION_BY_ZERO,TRADITIONAL,NO_ENGINE_SUBSTITUTION {{(pid=110207) _check_effective_sql_mode /opt/stack/data/venv/lib/python3.12/site-packages/oslo_db/sqlalchemy/engines.py:325}}
Apr 08 13:11:46.050157 np0000164308 nova-conductor[110214]: INFO nova.service [-] Starting conductor node (version 33.1.0)
Apr 08 13:11:46.050157 np0000164308 nova-conductor[110214]: INFO dbcounter [None req-66098df8-6eb8-49bd-95d5-574e20108a8e None None] Registered counter for database nova_cell0
Apr 08 13:11:46.050209 np0000164308 nova-conductor[110201]: DEBUG dbcounter [-] [110201] Writer thread running {{(pid=110201) stat_writer /opt/stack/data/venv/lib/python3.12/site-packages/dbcounter.py:102}}
Apr 08 13:11:46.050239 np0000164308 nova-conductor[110207]: DEBUG dbcounter [-] [110207] Writer thread running {{(pid=110207) stat_writer /opt/stack/data/venv/lib/python3.12/site-packages/dbcounter.py:102}}
Apr 08 13:11:46.053243 np0000164308 nova-conductor[110214]: DEBUG oslo_db.sqlalchemy.engines [None req-66098df8-6eb8-49bd-95d5-574e20108a8e None None] MySQL server mode set to STRICT_TRANS_TABLES,STRICT_ALL_TABLES,NO_ZERO_IN_DATE,NO_ZERO_DATE,ERROR_FOR_DIVISION_BY_ZERO,TRADITIONAL,NO_ENGINE_SUBSTITUTION {{(pid=110214) _check_effective_sql_mode /opt/stack/data/venv/lib/python3.12/site-packages/oslo_db/sqlalchemy/engines.py:325}}
Apr 08 13:11:46.056352 np0000164308 nova-conductor[110191]: DEBUG nova.service [None req-bc02a68d-e2c4-41e5-8b3f-d7d34a5022dc None None] Creating RPC server for service: nova-conductor on topic: conductor {{(pid=110191) start /opt/stack/nova/nova/service.py:195}}
Apr 08 13:11:46.062365 np0000164308 nova-conductor[110201]: DEBUG nova.service [None req-b878e268-b377-495a-be22-f0fb2286ea23 None None] Creating RPC server for service: nova-conductor on topic: conductor {{(pid=110201) start /opt/stack/nova/nova/service.py:195}}
Apr 08 13:11:46.066992 np0000164308 nova-conductor[110214]: DEBUG dbcounter [-] [110214] Writer thread running {{(pid=110214) stat_writer /opt/stack/data/venv/lib/python3.12/site-packages/dbcounter.py:102}}
Apr 08 13:11:46.070262 np0000164308 nova-conductor[110214]: DEBUG nova.service [None req-66098df8-6eb8-49bd-95d5-574e20108a8e None None] Creating RPC server for service: nova-conductor on topic: conductor {{(pid=110214) start /opt/stack/nova/nova/service.py:195}}
Apr 08 13:11:46.071808 np0000164308 nova-conductor[110207]: DEBUG nova.service [None req-9b6ff6f7-9329-4e21-a7d4-72d7c254adf3 None None] Creating RPC server for service: nova-conductor on topic: conductor {{(pid=110207) start /opt/stack/nova/nova/service.py:195}}
Apr 08 13:11:46.097069 np0000164308 nova-conductor[110207]: DEBUG nova.service [None req-9b6ff6f7-9329-4e21-a7d4-72d7c254adf3 None None] Join ServiceGroup membership for this service conductor {{(pid=110207) start /opt/stack/nova/nova/service.py:221}}
Apr 08 13:11:46.097317 np0000164308 nova-conductor[110207]: DEBUG nova.servicegroup.drivers.db [None req-9b6ff6f7-9329-4e21-a7d4-72d7c254adf3 None None] DB_Driver: join new ServiceGroup member np0000164308 to the conductor group, service = {{(pid=110207) join /opt/stack/nova/nova/servicegroup/drivers/db.py:44}}
Apr 08 13:11:46.098154 np0000164308 nova-conductor[110191]: DEBUG nova.service [None req-bc02a68d-e2c4-41e5-8b3f-d7d34a5022dc None None] Join ServiceGroup membership for this service conductor {{(pid=110191) start /opt/stack/nova/nova/service.py:221}}
Apr 08 13:11:46.098344 np0000164308 nova-conductor[110214]: DEBUG nova.service [None req-66098df8-6eb8-49bd-95d5-574e20108a8e None None] Join ServiceGroup membership for this service conductor {{(pid=110214) start /opt/stack/nova/nova/service.py:221}}
Apr 08 13:11:46.098420 np0000164308 nova-conductor[110191]: DEBUG nova.servicegroup.drivers.db [None req-bc02a68d-e2c4-41e5-8b3f-d7d34a5022dc None None] DB_Driver: join new ServiceGroup member np0000164308 to the conductor group, service = {{(pid=110191) join /opt/stack/nova/nova/servicegroup/drivers/db.py:44}}
Apr 08 13:11:46.098604 np0000164308 nova-conductor[110214]: DEBUG nova.servicegroup.drivers.db [None req-66098df8-6eb8-49bd-95d5-574e20108a8e None None] DB_Driver: join new ServiceGroup member np0000164308 to the conductor group, service = {{(pid=110214) join /opt/stack/nova/nova/servicegroup/drivers/db.py:44}}
Apr 08 13:11:46.098673 np0000164308 nova-conductor[110201]: DEBUG nova.service [None req-b878e268-b377-495a-be22-f0fb2286ea23 None None] Join ServiceGroup membership for this service conductor {{(pid=110201) start /opt/stack/nova/nova/service.py:221}}
Apr 08 13:11:46.098919 np0000164308 nova-conductor[110201]: DEBUG nova.servicegroup.drivers.db [None req-b878e268-b377-495a-be22-f0fb2286ea23 None None] DB_Driver: join new ServiceGroup member np0000164308 to the conductor group, service = {{(pid=110201) join /opt/stack/nova/nova/servicegroup/drivers/db.py:44}}
Apr 08 13:11:51.116708 np0000164308 nova-conductor[110207]: DEBUG oslo.service.backend._threading.loopingcall [-] Fixed interval looping call 'nova.servicegroup.drivers.db.DbDriver._report_state' sleeping for 119.98 seconds {{(pid=110207) _run_loop /opt/stack/data/venv/lib/python3.12/site-packages/oslo_service/backend/_threading/loopingcall.py:125}}
Apr 08 13:11:51.117395 np0000164308 nova-conductor[110191]: DEBUG oslo.service.backend._threading.loopingcall [-] Fixed interval looping call 'nova.servicegroup.drivers.db.DbDriver._report_state' sleeping for 119.98 seconds {{(pid=110191) _run_loop /opt/stack/data/venv/lib/python3.12/site-packages/oslo_service/backend/_threading/loopingcall.py:125}}
Apr 08 13:11:51.118239 np0000164308 nova-conductor[110214]: DEBUG oslo.service.backend._threading.loopingcall [-] Fixed interval looping call 'nova.servicegroup.drivers.db.DbDriver._report_state' sleeping for 119.98 seconds {{(pid=110214) _run_loop /opt/stack/data/venv/lib/python3.12/site-packages/oslo_service/backend/_threading/loopingcall.py:125}}
Apr 08 13:11:51.118906 np0000164308 nova-conductor[110201]: DEBUG oslo.service.backend._threading.loopingcall [-] Fixed interval looping call 'nova.servicegroup.drivers.db.DbDriver._report_state' sleeping for 119.98 seconds {{(pid=110201) _run_loop /opt/stack/data/venv/lib/python3.12/site-packages/oslo_service/backend/_threading/loopingcall.py:125}}
Apr 08 13:11:54.694726 np0000164308 nova-conductor[109387]: DEBUG dbcounter [-] [109387] Writing DB stats nova_api:SELECT=1 {{(pid=109387) stat_writer /opt/stack/data/venv/lib/python3.12/site-packages/dbcounter.py:115}}
Apr 08 13:11:54.795992 np0000164308 nova-conductor[109387]: DEBUG dbcounter [-] [109387] Writing DB stats nova_cell1:SELECT=1 {{(pid=109387) stat_writer /opt/stack/data/venv/lib/python3.12/site-packages/dbcounter.py:115}}
Apr 08 13:11:54.801254 np0000164308 nova-conductor[109387]: DEBUG dbcounter [-] [109387] Writing DB stats nova_cell0:SELECT=1 {{(pid=109387) stat_writer /opt/stack/data/venv/lib/python3.12/site-packages/dbcounter.py:115}}
Apr 08 13:12:01.111927 np0000164308 nova-conductor[110191]: DEBUG dbcounter [-] [110191] Writing DB stats nova_cell0:SELECT=4,nova_cell0:INSERT=1,nova_cell0:UPDATE=1 {{(pid=110191) stat_writer /opt/stack/data/venv/lib/python3.12/site-packages/dbcounter.py:115}}
Apr 08 13:12:01.112517 np0000164308 nova-conductor[110207]: DEBUG dbcounter [-] [110207] Writing DB stats nova_cell0:SELECT=5,nova_cell0:INSERT=1,nova_cell0:UPDATE=1 {{(pid=110207) stat_writer /opt/stack/data/venv/lib/python3.12/site-packages/dbcounter.py:115}}
Apr 08 13:12:01.113325 np0000164308 nova-conductor[110214]: DEBUG dbcounter [-] [110214] Writing DB stats nova_cell0:SELECT=3,nova_cell0:UPDATE=1 {{(pid=110214) stat_writer /opt/stack/data/venv/lib/python3.12/site-packages/dbcounter.py:115}}
Apr 08 13:12:01.113850 np0000164308 nova-conductor[110201]: DEBUG dbcounter [-] [110201] Writing DB stats nova_cell0:SELECT=5,nova_cell0:INSERT=1,nova_cell0:UPDATE=1 {{(pid=110201) stat_writer /opt/stack/data/venv/lib/python3.12/site-packages/dbcounter.py:115}}
Apr 08 13:12:09.101608 np0000164308 nova-conductor[110214]: DEBUG oslo.service.backend._threading.loopingcall [None req-f134094a-83a9-4d0c-afbb-363ac2c8f8c5 None None] Dynamic interval looping call 'nova.service.Service.periodic_tasks' sleeping for 60.00 seconds {{(pid=110214) _run_loop /opt/stack/data/venv/lib/python3.12/site-packages/oslo_service/backend/_threading/loopingcall.py:125}}
Apr 08 13:12:21.101410 np0000164308 nova-conductor[110201]: DEBUG oslo.service.backend._threading.loopingcall [None req-914d7aec-1621-43f0-afa9-d4b5c57baefc None None] Dynamic interval looping call 'nova.service.Service.periodic_tasks' sleeping for 60.00 seconds {{(pid=110201) _run_loop /opt/stack/data/venv/lib/python3.12/site-packages/oslo_service/backend/_threading/loopingcall.py:125}}
Apr 08 13:12:22.100470 np0000164308 nova-conductor[110207]: DEBUG oslo.service.backend._threading.loopingcall [None req-cd4b6d4f-75c5-44ad-8e80-9e1977ce261f None None] Dynamic interval looping call 'nova.service.Service.periodic_tasks' sleeping for 60.00 seconds {{(pid=110207) _run_loop /opt/stack/data/venv/lib/python3.12/site-packages/oslo_service/backend/_threading/loopingcall.py:125}}
Apr 08 13:12:26.100966 np0000164308 nova-conductor[110191]: DEBUG oslo.service.backend._threading.loopingcall [None req-2bd20f3f-6e82-42de-af34-acbaf8ffbb18 None None] Dynamic interval looping call 'nova.service.Service.periodic_tasks' sleeping for 60.00 seconds {{(pid=110191) _run_loop /opt/stack/data/venv/lib/python3.12/site-packages/oslo_service/backend/_threading/loopingcall.py:125}}
Apr 08 13:13:09.102971 np0000164308 nova-conductor[110214]: DEBUG oslo.service.backend._threading.loopingcall [None req-f134094a-83a9-4d0c-afbb-363ac2c8f8c5 None None] Dynamic interval looping call 'nova.service.Service.periodic_tasks' sleeping for 60.00 seconds {{(pid=110214) _run_loop /opt/stack/data/venv/lib/python3.12/site-packages/oslo_service/backend/_threading/loopingcall.py:125}}
Apr 08 13:13:21.102304 np0000164308 nova-conductor[110201]: DEBUG oslo.service.backend._threading.loopingcall [None req-914d7aec-1621-43f0-afa9-d4b5c57baefc None None] Dynamic interval looping call 'nova.service.Service.periodic_tasks' sleeping for 60.00 seconds {{(pid=110201) _run_loop /opt/stack/data/venv/lib/python3.12/site-packages/oslo_service/backend/_threading/loopingcall.py:125}}
Apr 08 13:13:22.101281 np0000164308 nova-conductor[110207]: DEBUG oslo.service.backend._threading.loopingcall [None req-cd4b6d4f-75c5-44ad-8e80-9e1977ce261f None None] Dynamic interval looping call 'nova.service.Service.periodic_tasks' sleeping for 60.00 seconds {{(pid=110207) _run_loop /opt/stack/data/venv/lib/python3.12/site-packages/oslo_service/backend/_threading/loopingcall.py:125}}
Apr 08 13:13:26.101738 np0000164308 nova-conductor[110191]: DEBUG oslo.service.backend._threading.loopingcall [None req-2bd20f3f-6e82-42de-af34-acbaf8ffbb18 None None] Dynamic interval looping call 'nova.service.Service.periodic_tasks' sleeping for 60.00 seconds {{(pid=110191) _run_loop /opt/stack/data/venv/lib/python3.12/site-packages/oslo_service/backend/_threading/loopingcall.py:125}}
Apr 08 13:13:51.107490 np0000164308 nova-conductor[110201]: DEBUG oslo.service.backend._threading.loopingcall [-] Fixed interval looping call 'nova.servicegroup.drivers.db.DbDriver._report_state' sleeping for 119.99 seconds {{(pid=110201) _run_loop /opt/stack/data/venv/lib/python3.12/site-packages/oslo_service/backend/_threading/loopingcall.py:125}}
Apr 08 13:13:51.108173 np0000164308 nova-conductor[110191]: DEBUG oslo.service.backend._threading.loopingcall [-] Fixed interval looping call 'nova.servicegroup.drivers.db.DbDriver._report_state' sleeping for 119.99 seconds {{(pid=110191) _run_loop /opt/stack/data/venv/lib/python3.12/site-packages/oslo_service/backend/_threading/loopingcall.py:125}}
Apr 08 13:13:51.108558 np0000164308 nova-conductor[110207]: DEBUG oslo.service.backend._threading.loopingcall [-] Fixed interval looping call 'nova.servicegroup.drivers.db.DbDriver._report_state' sleeping for 119.99 seconds {{(pid=110207) _run_loop /opt/stack/data/venv/lib/python3.12/site-packages/oslo_service/backend/_threading/loopingcall.py:125}}
Apr 08 13:13:51.108972 np0000164308 nova-conductor[110214]: DEBUG oslo.service.backend._threading.loopingcall [-] Fixed interval looping call 'nova.servicegroup.drivers.db.DbDriver._report_state' sleeping for 119.99 seconds {{(pid=110214) _run_loop /opt/stack/data/venv/lib/python3.12/site-packages/oslo_service/backend/_threading/loopingcall.py:125}}
Apr 08 13:14:01.101158 np0000164308 nova-conductor[110207]: DEBUG dbcounter [-] [110207] Writing DB stats nova_cell0:SELECT=1,nova_cell0:UPDATE=1 {{(pid=110207) stat_writer /opt/stack/data/venv/lib/python3.12/site-packages/dbcounter.py:115}}
Apr 08 13:14:01.104396 np0000164308 nova-conductor[110201]: DEBUG dbcounter [-] [110201] Writing DB stats nova_cell0:SELECT=1,nova_cell0:UPDATE=1 {{(pid=110201) stat_writer /opt/stack/data/venv/lib/python3.12/site-packages/dbcounter.py:115}}
Apr 08 13:14:01.106367 np0000164308 nova-conductor[110191]: DEBUG dbcounter [-] [110191] Writing DB stats nova_cell0:SELECT=1,nova_cell0:UPDATE=1 {{(pid=110191) stat_writer /opt/stack/data/venv/lib/python3.12/site-packages/dbcounter.py:115}}
Apr 08 13:14:01.107487 np0000164308 nova-conductor[110214]: DEBUG dbcounter [-] [110214] Writing DB stats nova_cell0:SELECT=1,nova_cell0:UPDATE=1 {{(pid=110214) stat_writer /opt/stack/data/venv/lib/python3.12/site-packages/dbcounter.py:115}}
Apr 08 13:14:09.103784 np0000164308 nova-conductor[110214]: DEBUG oslo.service.backend._threading.loopingcall [None req-f134094a-83a9-4d0c-afbb-363ac2c8f8c5 None None] Dynamic interval looping call 'nova.service.Service.periodic_tasks' sleeping for 60.00 seconds {{(pid=110214) _run_loop /opt/stack/data/venv/lib/python3.12/site-packages/oslo_service/backend/_threading/loopingcall.py:125}}
Apr 08 13:14:21.103048 np0000164308 nova-conductor[110201]: DEBUG oslo.service.backend._threading.loopingcall [None req-914d7aec-1621-43f0-afa9-d4b5c57baefc None None] Dynamic interval looping call 'nova.service.Service.periodic_tasks' sleeping for 60.00 seconds {{(pid=110201) _run_loop /opt/stack/data/venv/lib/python3.12/site-packages/oslo_service/backend/_threading/loopingcall.py:125}}
Apr 08 13:14:22.102043 np0000164308 nova-conductor[110207]: DEBUG oslo.service.backend._threading.loopingcall [None req-cd4b6d4f-75c5-44ad-8e80-9e1977ce261f None None] Dynamic interval looping call 'nova.service.Service.periodic_tasks' sleeping for 60.00 seconds {{(pid=110207) _run_loop /opt/stack/data/venv/lib/python3.12/site-packages/oslo_service/backend/_threading/loopingcall.py:125}}
Apr 08 13:14:26.102399 np0000164308 nova-conductor[110191]: DEBUG oslo.service.backend._threading.loopingcall [None req-2bd20f3f-6e82-42de-af34-acbaf8ffbb18 None None] Dynamic interval looping call 'nova.service.Service.periodic_tasks' sleeping for 60.00 seconds {{(pid=110191) _run_loop /opt/stack/data/venv/lib/python3.12/site-packages/oslo_service/backend/_threading/loopingcall.py:125}}
Apr 08 13:15:09.104571 np0000164308 nova-conductor[110214]: DEBUG oslo.service.backend._threading.loopingcall [None req-f134094a-83a9-4d0c-afbb-363ac2c8f8c5 None None] Dynamic interval looping call 'nova.service.Service.periodic_tasks' sleeping for 60.00 seconds {{(pid=110214) _run_loop /opt/stack/data/venv/lib/python3.12/site-packages/oslo_service/backend/_threading/loopingcall.py:125}}
Apr 08 13:15:21.105341 np0000164308 nova-conductor[110201]: DEBUG oslo.service.backend._threading.loopingcall [None req-914d7aec-1621-43f0-afa9-d4b5c57baefc None None] Dynamic interval looping call 'nova.service.Service.periodic_tasks' sleeping for 60.00 seconds {{(pid=110201) _run_loop /opt/stack/data/venv/lib/python3.12/site-packages/oslo_service/backend/_threading/loopingcall.py:125}}
Apr 08 13:15:22.102476 np0000164308 nova-conductor[110207]: DEBUG oslo.service.backend._threading.loopingcall [None req-cd4b6d4f-75c5-44ad-8e80-9e1977ce261f None None] Dynamic interval looping call 'nova.service.Service.periodic_tasks' sleeping for 60.00 seconds {{(pid=110207) _run_loop /opt/stack/data/venv/lib/python3.12/site-packages/oslo_service/backend/_threading/loopingcall.py:125}}
Apr 08 13:15:26.103267 np0000164308 nova-conductor[110191]: DEBUG oslo.service.backend._threading.loopingcall [None req-2bd20f3f-6e82-42de-af34-acbaf8ffbb18 None None] Dynamic interval looping call 'nova.service.Service.periodic_tasks' sleeping for 60.00 seconds {{(pid=110191) _run_loop /opt/stack/data/venv/lib/python3.12/site-packages/oslo_service/backend/_threading/loopingcall.py:125}}
Apr 08 13:15:51.115747 np0000164308 nova-conductor[110191]: DEBUG oslo.service.backend._threading.loopingcall [-] Fixed interval looping call 'nova.servicegroup.drivers.db.DbDriver._report_state' sleeping for 119.98 seconds {{(pid=110191) _run_loop /opt/stack/data/venv/lib/python3.12/site-packages/oslo_service/backend/_threading/loopingcall.py:125}}
Apr 08 13:15:51.118862 np0000164308 nova-conductor[110207]: DEBUG oslo.service.backend._threading.loopingcall [-] Fixed interval looping call 'nova.servicegroup.drivers.db.DbDriver._report_state' sleeping for 119.98 seconds {{(pid=110207) _run_loop /opt/stack/data/venv/lib/python3.12/site-packages/oslo_service/backend/_threading/loopingcall.py:125}}
Apr 08 13:15:51.119301 np0000164308 nova-conductor[110201]: DEBUG oslo.service.backend._threading.loopingcall [-] Fixed interval looping call 'nova.servicegroup.drivers.db.DbDriver._report_state' sleeping for 119.98 seconds {{(pid=110201) _run_loop /opt/stack/data/venv/lib/python3.12/site-packages/oslo_service/backend/_threading/loopingcall.py:125}}
Apr 08 13:15:51.120741 np0000164308 nova-conductor[110214]: DEBUG oslo.service.backend._threading.loopingcall [-] Fixed interval looping call 'nova.servicegroup.drivers.db.DbDriver._report_state' sleeping for 119.98 seconds {{(pid=110214) _run_loop /opt/stack/data/venv/lib/python3.12/site-packages/oslo_service/backend/_threading/loopingcall.py:125}}
