Jul 22 03:37:00.254607 np0000186142 devstack@neutron-api.service[101898]: DEBUG neutron.api.extensions [None req-f75efef7-e7c6-41ca-bf89-5d4700202419 None None] Ext name="Normalized CIDR field for security group rules" alias="security-groups-normalized-cidr" description="Add new field with normalized remote_ip_prefix cidr in SG rule" updated="2020-07-28T10:00:00-00:00" {{(pid=101898) _check_extension /opt/stack/neutron/neutron/api/extensions.py:415}}
Jul 22 03:37:00.254749 np0000186142 devstack@neutron-api.service[101898]: INFO neutron.api.extensions [None req-f75efef7-e7c6-41ca-bf89-5d4700202419 None None] Loaded extension: security-groups-normalized-cidr
Jul 22 03:37:00.254838 np0000186142 devstack@neutron-api.service[101898]: DEBUG neutron.api.extensions [None req-f75efef7-e7c6-41ca-bf89-5d4700202419 None None] Loading extension file: security_groups_port_filtering.py {{(pid=101898) _load_all_extensions_from_path /opt/stack/neutron/neutron/api/extensions.py:449}}
Jul 22 03:37:00.255067 np0000186142 devstack@neutron-api.service[101898]: DEBUG neutron.api.extensions [None req-f75efef7-e7c6-41ca-bf89-5d4700202419 None None] Ext name="Port filtering on security groups" alias="port-security-groups-filtering" description="Provides security groups filtering when listing ports" updated="2018-01-09T09:00:00-00:00" {{(pid=101898) _check_extension /opt/stack/neutron/neutron/api/extensions.py:415}}
Jul 22 03:37:00.255305 np0000186142 devstack@neutron-api.service[101898]: INFO neutron.api.extensions [None req-f75efef7-e7c6-41ca-bf89-5d4700202419 None None] Extension port-security-groups-filtering not supported by any of loaded plugins
Jul 22 03:37:00.255418 np0000186142 devstack@neutron-api.service[101898]: DEBUG neutron.api.extensions [None req-f75efef7-e7c6-41ca-bf89-5d4700202419 None None] Loading extension file: security_groups_remote_address_group.py {{(pid=101898) _load_all_extensions_from_path /opt/stack/neutron/neutron/api/extensions.py:449}}
Jul 22 03:37:00.255566 np0000186142 devstack@neutron-api.service[101898]: DEBUG neutron.api.extensions [None req-f75efef7-e7c6-41ca-bf89-5d4700202419 None None] Ext name="Remote address group id field for security group rules" alias="security-groups-remote-address-group" description="Add new field of remote address group id in SG rules" updated="2020-08-25T10:00:00-00:00" {{(pid=101898) _check_extension /opt/stack/neutron/neutron/api/extensions.py:415}}
Jul 22 03:37:00.255793 np0000186142 devstack@neutron-api.service[101898]: INFO neutron.api.extensions [None req-f75efef7-e7c6-41ca-bf89-5d4700202419 None None] Loaded extension: security-groups-remote-address-group
Jul 22 03:37:00.255890 np0000186142 devstack@neutron-api.service[101898]: DEBUG neutron.api.extensions [None req-f75efef7-e7c6-41ca-bf89-5d4700202419 None None] Loading extension file: security_groups_rules_belongs_to_default_sg.py {{(pid=101898) _load_all_extensions_from_path /opt/stack/neutron/neutron/api/extensions.py:449}}
Jul 22 03:37:00.256119 np0000186142 devstack@neutron-api.service[101898]: DEBUG neutron.api.extensions [None req-f75efef7-e7c6-41ca-bf89-5d4700202419 None None] Ext name="Security group rule belongs to the project's default security group" alias="security-groups-rules-belongs-to-default-sg" description="Flag to determine if the security group rule belongs to the project's default security group" updated="2023-05-23T10:00:00-00:00" {{(pid=101898) _check_extension /opt/stack/neutron/neutron/api/extensions.py:415}}
Jul 22 03:37:00.256389 np0000186142 devstack@neutron-api.service[101898]: INFO neutron.api.extensions [None req-f75efef7-e7c6-41ca-bf89-5d4700202419 None None] Loaded extension: security-groups-rules-belongs-to-default-sg
Jul 22 03:37:00.256389 np0000186142 devstack@neutron-api.service[101898]: DEBUG neutron.api.extensions [None req-f75efef7-e7c6-41ca-bf89-5d4700202419 None None] Loading extension file: security_groups_shared_filtering.py {{(pid=101898) _load_all_extensions_from_path /opt/stack/neutron/neutron/api/extensions.py:449}}
Jul 22 03:37:00.256613 np0000186142 devstack@neutron-api.service[101898]: DEBUG neutron.api.extensions [None req-f75efef7-e7c6-41ca-bf89-5d4700202419 None None] Ext name="Security group filtering on the shared field" alias="security-groups-shared-filtering" description="Support filtering security groups on the shared field" updated="2021-10-05T09:00:00-00:00" {{(pid=101898) _check_extension /opt/stack/neutron/neutron/api/extensions.py:415}}
Jul 22 03:37:00.256797 np0000186142 devstack@neutron-api.service[101898]: INFO neutron.api.extensions [None req-f75efef7-e7c6-41ca-bf89-5d4700202419 None None] Loaded extension: security-groups-shared-filtering
Jul 22 03:37:00.256868 np0000186142 devstack@neutron-api.service[101898]: DEBUG neutron.api.extensions [None req-f75efef7-e7c6-41ca-bf89-5d4700202419 None None] Loading extension file: securitygroup.py {{(pid=101898) _load_all_extensions_from_path /opt/stack/neutron/neutron/api/extensions.py:449}}
Jul 22 03:37:00.258726 np0000186142 devstack@neutron-api.service[101898]: DEBUG neutron.api.extensions [None req-f75efef7-e7c6-41ca-bf89-5d4700202419 None None] Ext name="security-group" alias="security-group" description="The security groups extension." updated="2012-10-05T10:00:00-00:00" {{(pid=101898) _check_extension /opt/stack/neutron/neutron/api/extensions.py:415}}
Jul 22 03:37:00.258864 np0000186142 devstack@neutron-api.service[101898]: INFO neutron.api.extensions [None req-f75efef7-e7c6-41ca-bf89-5d4700202419 None None] Loaded extension: security-group
Jul 22 03:37:00.258951 np0000186142 devstack@neutron-api.service[101898]: DEBUG neutron.api.extensions [None req-f75efef7-e7c6-41ca-bf89-5d4700202419 None None] Loading extension file: segment.py {{(pid=101898) _load_all_extensions_from_path /opt/stack/neutron/neutron/api/extensions.py:449}}
Jul 22 03:37:00.259294 np0000186142 devstack@neutron-api.service[101898]: DEBUG neutron.api.extensions [None req-f75efef7-e7c6-41ca-bf89-5d4700202419 None None] Ext name="Segment" alias="segment" description="Segments extension." updated="2016-02-24T17:00:00-00:00" {{(pid=101898) _check_extension /opt/stack/neutron/neutron/api/extensions.py:415}}
Jul 22 03:37:00.259460 np0000186142 devstack@neutron-api.service[101898]: INFO neutron.api.extensions [None req-f75efef7-e7c6-41ca-bf89-5d4700202419 None None] Extension segment not supported by any of loaded plugins
Jul 22 03:37:00.259548 np0000186142 devstack@neutron-api.service[101898]: DEBUG neutron.api.extensions [None req-f75efef7-e7c6-41ca-bf89-5d4700202419 None None] Loading extension file: segments_peer_subnet_host_routes.py {{(pid=101898) _load_all_extensions_from_path /opt/stack/neutron/neutron/api/extensions.py:449}}
Jul 22 03:37:00.259784 np0000186142 devstack@neutron-api.service[101898]: DEBUG neutron.api.extensions [None req-f75efef7-e7c6-41ca-bf89-5d4700202419 None None] Ext name="Segments peer-subnet host routes" alias="segments-peer-subnet-host-routes" description="Add host routes to subnets on a routed network (segments)" updated="2018-06-12T10:00:00-00:00" {{(pid=101898) _check_extension /opt/stack/neutron/neutron/api/extensions.py:415}}
Jul 22 03:37:00.259978 np0000186142 devstack@neutron-api.service[101898]: INFO neutron.api.extensions [None req-f75efef7-e7c6-41ca-bf89-5d4700202419 None None] Extension segments-peer-subnet-host-routes not supported by any of loaded plugins
Jul 22 03:37:00.259978 np0000186142 devstack@neutron-api.service[101898]: DEBUG neutron.api.extensions [None req-f75efef7-e7c6-41ca-bf89-5d4700202419 None None] Loading extension file: servicetype.py {{(pid=101898) _load_all_extensions_from_path /opt/stack/neutron/neutron/api/extensions.py:449}}
Jul 22 03:37:00.260314 np0000186142 devstack@neutron-api.service[101898]: DEBUG neutron.api.extensions [None req-f75efef7-e7c6-41ca-bf89-5d4700202419 None None] Ext name="Neutron Service Type Management" alias="service-type" description="API for retrieving service providers for Neutron advanced services" updated="2013-01-20T00:00:00-00:00" {{(pid=101898) _check_extension /opt/stack/neutron/neutron/api/extensions.py:415}}
Jul 22 03:37:00.260452 np0000186142 devstack@neutron-api.service[101898]: INFO neutron.api.extensions [None req-f75efef7-e7c6-41ca-bf89-5d4700202419 None None] Loaded extension: service-type
Jul 22 03:37:00.260542 np0000186142 devstack@neutron-api.service[101898]: DEBUG neutron.api.extensions [None req-f75efef7-e7c6-41ca-bf89-5d4700202419 None None] Loading extension file: sorting.py {{(pid=101898) _load_all_extensions_from_path /opt/stack/neutron/neutron/api/extensions.py:449}}
Jul 22 03:37:00.260656 np0000186142 devstack@neutron-api.service[101900]: DEBUG oslo_concurrency.processutils [None req-1bb73315-570b-4902-beac-1d6615738adc None None] CMD "ovsdb-client transact ssl:199.204.45.53:6641 --timeout 180 -p /opt/stack/data/CA/int-ca/private/devstack-cert.key -c /opt/stack/data/CA/int-ca/devstack-cert.crt -C /opt/stack/data/CA/int-ca/ca-chain.pem ["OVN_Northbound", {"op": "wait", "timeout": 0, "table": "Port_Group", "where": [["name", "==", "neutron_pg_drop"]], "until": "==", "rows": []}, {"op": "insert", "table": "ACL", "row": {"action": "drop", "direction": "to-lport", "match": "outport == @neutron_pg_drop && ip", "priority": 1001}, "uuid-name": "droptoport"}, {"op": "insert", "table": "ACL", "row": {"action": "drop", "direction": "from-lport", "match": "inport == @neutron_pg_drop && ip", "priority": 1001}, "uuid-name": "dropfromport"}, {"op": "insert", "table": "Port_Group", "row": {"name": "neutron_pg_drop", "acls": ["set", [["named-uuid", "droptoport"], ["named-uuid", "dropfromport"]]]}}]" returned: 0 in 0.039s {{(pid=101900) execute /opt/stack/data/venv/lib/python3.12/site-packages/oslo_concurrency/processutils.py:468}}
Jul 22 03:37:00.260789 np0000186142 devstack@neutron-api.service[101898]: DEBUG neutron.api.extensions [None req-f75efef7-e7c6-41ca-bf89-5d4700202419 None None] Ext name="Sorting support" alias="sorting" description="Extension that indicates that sorting is enabled." updated="2016-06-12T00:00:00-00:00" {{(pid=101898) _check_extension /opt/stack/neutron/neutron/api/extensions.py:415}}
Jul 22 03:37:00.260880 np0000186142 devstack@neutron-api.service[101898]: INFO neutron.api.extensions [None req-f75efef7-e7c6-41ca-bf89-5d4700202419 None None] Loaded extension: sorting
Jul 22 03:37:00.260880 np0000186142 devstack@neutron-api.service[101898]: DEBUG neutron.api.extensions [None req-f75efef7-e7c6-41ca-bf89-5d4700202419 None None] Loading extension file: standard_attr_segment.py {{(pid=101898) _load_all_extensions_from_path /opt/stack/neutron/neutron/api/extensions.py:449}}
Jul 22 03:37:00.261182 np0000186142 devstack@neutron-api.service[101898]: DEBUG neutron.api.extensions [None req-f75efef7-e7c6-41ca-bf89-5d4700202419 None None] Ext name="Standard Attribute Segment Extension" alias="standard-attr-segment" description="Add standard attributes to Segment resource" updated="2018-04-09T10:00:00-00:00" {{(pid=101898) _check_extension /opt/stack/neutron/neutron/api/extensions.py:415}}
Jul 22 03:37:00.261349 np0000186142 devstack@neutron-api.service[101900]: DEBUG neutron_lib.callbacks.manager [None req-1bb73315-570b-4902-beac-1d6615738adc None None] Publish callbacks ['neutron.plugins.ml2.drivers.ovn.mech_driver.mech_driver.OVNMechanismDriver.post_fork_initialize-225425', 'neutron.services.pvlan.drivers.ovn.driver._initialize_pvlan_pg_drop-8448014323092', 'neutron.services.ovn_l3.plugin.OVNL3RouterPlugin._post_fork_initialize-3575717'] for process (None), after_init {{(pid=101900) _notify_loop /opt/stack/data/venv/lib/python3.12/site-packages/neutron_lib/callbacks/manager.py:184}}
Jul 22 03:37:00.261475 np0000186142 devstack@neutron-api.service[101898]: INFO neutron.api.extensions [None req-f75efef7-e7c6-41ca-bf89-5d4700202419 None None] Extension standard-attr-segment not supported by any of loaded plugins
Jul 22 03:37:00.261475 np0000186142 devstack@neutron-api.service[101898]: DEBUG neutron.api.extensions [None req-f75efef7-e7c6-41ca-bf89-5d4700202419 None None] Loading extension file: standardattrdescription.py {{(pid=101898) _load_all_extensions_from_path /opt/stack/neutron/neutron/api/extensions.py:449}}
Jul 22 03:37:00.261656 np0000186142 devstack@neutron-api.service[101899]: INFO neutron.db.ovn_hash_ring_db [None req-fd7591dc-8381-41dd-bad2-ac01d7db46ba None None] Nodes from host "np0000186142" and group "mechanism_driver" removed from the Hash Ring created at 2026-07-22 03:36:53+00:00
Jul 22 03:37:00.261804 np0000186142 devstack@neutron-api.service[101898]: DEBUG neutron.api.extensions [None req-f75efef7-e7c6-41ca-bf89-5d4700202419 None None] Ext name="standard-attr-description" alias="standard-attr-description" description="Extension to add descriptions to standard attributes" updated="2016-02-10T10:00:00-00:00" {{(pid=101898) _check_extension /opt/stack/neutron/neutron/api/extensions.py:415}}
Jul 22 03:37:00.262026 np0000186142 devstack@neutron-api.service[101900]: DEBUG oslo_concurrency.lockutils [None req-1bb73315-570b-4902-beac-1d6615738adc None None] Acquiring lock "singleton_lock" {{(pid=101900) lock /opt/stack/data/venv/lib/python3.12/site-packages/oslo_concurrency/lockutils.py:396}}
Jul 22 03:37:00.262201 np0000186142 devstack@neutron-api.service[101898]: INFO neutron.api.extensions [None req-f75efef7-e7c6-41ca-bf89-5d4700202419 None None] Loaded extension: standard-attr-description
Jul 22 03:37:00.262201 np0000186142 devstack@neutron-api.service[101898]: DEBUG neutron.api.extensions [None req-f75efef7-e7c6-41ca-bf89-5d4700202419 None None] Loading extension file: stateful_security_group.py {{(pid=101898) _load_all_extensions_from_path /opt/stack/neutron/neutron/api/extensions.py:449}}
Jul 22 03:37:00.262461 np0000186142 devstack@neutron-api.service[101900]: DEBUG oslo_concurrency.lockutils [None req-1bb73315-570b-4902-beac-1d6615738adc None None] Acquired lock "singleton_lock" {{(pid=101900) lock /opt/stack/data/venv/lib/python3.12/site-packages/oslo_concurrency/lockutils.py:399}}
Jul 22 03:37:00.262512 np0000186142 devstack@neutron-api.service[101898]: DEBUG neutron.api.extensions [None req-f75efef7-e7c6-41ca-bf89-5d4700202419 None None] Ext name="Stateful security group" alias="stateful-security-group" description="Indicates if the security group is stateful or not" updated="2019-11-26T09:00:00-00:00" {{(pid=101898) _check_extension /opt/stack/neutron/neutron/api/extensions.py:415}}
Jul 22 03:37:00.262512 np0000186142 devstack@neutron-api.service[101898]: INFO neutron.api.extensions [None req-f75efef7-e7c6-41ca-bf89-5d4700202419 None None] Loaded extension: stateful-security-group
Jul 22 03:37:00.262643 np0000186142 devstack@neutron-api.service[101898]: DEBUG neutron.api.extensions [None req-f75efef7-e7c6-41ca-bf89-5d4700202419 None None] Loading extension file: stdattrs_common.py {{(pid=101898) _load_all_extensions_from_path /opt/stack/neutron/neutron/api/extensions.py:449}}
Jul 22 03:37:00.262732 np0000186142 devstack@neutron-api.service[101900]: DEBUG oslo_concurrency.lockutils [None req-1bb73315-570b-4902-beac-1d6615738adc None None] Releasing lock "singleton_lock" {{(pid=101900) lock /opt/stack/data/venv/lib/python3.12/site-packages/oslo_concurrency/lockutils.py:419}}
Jul 22 03:37:00.262817 np0000186142 devstack@neutron-api.service[101898]: WARNING neutron.api.extensions [None req-f75efef7-e7c6-41ca-bf89-5d4700202419 None None] Did not find expected name "Stdattrs_common" in /opt/stack/neutron/neutron/extensions/stdattrs_common.py
Jul 22 03:37:00.262904 np0000186142 devstack@neutron-api.service[101898]: DEBUG neutron.api.extensions [None req-f75efef7-e7c6-41ca-bf89-5d4700202419 None None] Loading extension file: subnet_dns_publish_fixed_ip.py {{(pid=101898) _load_all_extensions_from_path /opt/stack/neutron/neutron/api/extensions.py:449}}
Jul 22 03:37:00.263125 np0000186142 devstack@neutron-api.service[101898]: DEBUG neutron.api.extensions [None req-f75efef7-e7c6-41ca-bf89-5d4700202419 None None] Ext name="Subnet DNS publish fixed IP" alias="subnet-dns-publish-fixed-ip" description="Support choosing to publish DNS records for IPs from a subnet" updated="2019-05-24T10:00:00-00:00" {{(pid=101898) _check_extension /opt/stack/neutron/neutron/api/extensions.py:415}}
Jul 22 03:37:00.263335 np0000186142 devstack@neutron-api.service[101898]: INFO neutron.api.extensions [None req-f75efef7-e7c6-41ca-bf89-5d4700202419 None None] Loaded extension: subnet-dns-publish-fixed-ip
Jul 22 03:37:00.263426 np0000186142 devstack@neutron-api.service[101898]: DEBUG neutron.api.extensions [None req-f75efef7-e7c6-41ca-bf89-5d4700202419 None None] Loading extension file: subnet_external_network.py {{(pid=101898) _load_all_extensions_from_path /opt/stack/neutron/neutron/api/extensions.py:449}}
Jul 22 03:37:00.263644 np0000186142 devstack@neutron-api.service[101898]: DEBUG neutron.api.extensions [None req-f75efef7-e7c6-41ca-bf89-5d4700202419 None None] Ext name="Subnet belongs to an external network" alias="subnet-external-network" description="Informs if the subnet belongs to an external network" updated="2024-02-05T18:00:00-00:00" {{(pid=101898) _check_extension /opt/stack/neutron/neutron/api/extensions.py:415}}
Jul 22 03:37:00.263819 np0000186142 devstack@neutron-api.service[101898]: INFO neutron.api.extensions [None req-f75efef7-e7c6-41ca-bf89-5d4700202419 None None] Loaded extension: subnet-external-network
Jul 22 03:37:00.263819 np0000186142 devstack@neutron-api.service[101898]: DEBUG neutron.api.extensions [None req-f75efef7-e7c6-41ca-bf89-5d4700202419 None None] Loading extension file: subnet_onboard.py {{(pid=101898) _load_all_extensions_from_path /opt/stack/neutron/neutron/api/extensions.py:449}}
Jul 22 03:37:00.264071 np0000186142 devstack@neutron-api.service[101898]: DEBUG neutron.api.extensions [None req-f75efef7-e7c6-41ca-bf89-5d4700202419 None None] Ext name="Subnet Onboard" alias="subnet_onboard" description="Provides support for onboarding subnets into subnet pools" updated="2018-12-18T09:00:00-00:00" {{(pid=101898) _check_extension /opt/stack/neutron/neutron/api/extensions.py:415}}
Jul 22 03:37:00.264284 np0000186142 devstack@neutron-api.service[101898]: INFO neutron.api.extensions [None req-f75efef7-e7c6-41ca-bf89-5d4700202419 None None] Loaded extension: subnet_onboard
Jul 22 03:37:00.264347 np0000186142 devstack@neutron-api.service[101898]: DEBUG neutron.api.extensions [None req-f75efef7-e7c6-41ca-bf89-5d4700202419 None None] Loading extension file: subnet_segmentid_writable.py {{(pid=101898) _load_all_extensions_from_path /opt/stack/neutron/neutron/api/extensions.py:449}}
Jul 22 03:37:00.264622 np0000186142 devstack@neutron-api.service[101898]: DEBUG neutron.api.extensions [None req-f75efef7-e7c6-41ca-bf89-5d4700202419 None None] Ext name="Subnet SegmentID (writable)" alias="subnet-segmentid-writable" description="Provides a writable segment_id attribute for a subnet resource." updated="2018-03-12T00:00:00-00:00" {{(pid=101898) _check_extension /opt/stack/neutron/neutron/api/extensions.py:415}}
Jul 22 03:37:00.264789 np0000186142 devstack@neutron-api.service[101898]: INFO neutron.api.extensions [None req-f75efef7-e7c6-41ca-bf89-5d4700202419 None None] Extension subnet-segmentid-writable not supported by any of loaded plugins
Jul 22 03:37:00.264883 np0000186142 devstack@neutron-api.service[101898]: DEBUG neutron.api.extensions [None req-f75efef7-e7c6-41ca-bf89-5d4700202419 None None] Loading extension file: subnet_service_types.py {{(pid=101898) _load_all_extensions_from_path /opt/stack/neutron/neutron/api/extensions.py:449}}
Jul 22 03:37:00.264999 np0000186142 devstack@neutron-api.service[101899]: INFO neutron.db.ovn_hash_ring_db [None req-fd7591dc-8381-41dd-bad2-ac01d7db46ba None None] Node 06095222ef7c5ceaaceaa0f423cc4859 from host "np0000186142" and group "mechanism_driver" added to the Hash Ring
Jul 22 03:37:00.265103 np0000186142 devstack@neutron-api.service[101898]: DEBUG neutron.api.extensions [None req-f75efef7-e7c6-41ca-bf89-5d4700202419 None None] Ext name="Subnet service types" alias="subnet-service-types" description="Provides ability to set the subnet service_types field" updated="2016-03-15T18:00:00-00:00" {{(pid=101898) _check_extension /opt/stack/neutron/neutron/api/extensions.py:415}}
Jul 22 03:37:00.265269 np0000186142 devstack@neutron-api.service[101898]: INFO neutron.api.extensions [None req-f75efef7-e7c6-41ca-bf89-5d4700202419 None None] Loaded extension: subnet-service-types
Jul 22 03:37:00.265376 np0000186142 devstack@neutron-api.service[101898]: DEBUG neutron.api.extensions [None req-f75efef7-e7c6-41ca-bf89-5d4700202419 None None] Loading extension file: subnetallocation.py {{(pid=101898) _load_all_extensions_from_path /opt/stack/neutron/neutron/api/extensions.py:449}}
Jul 22 03:37:00.265628 np0000186142 devstack@neutron-api.service[101898]: DEBUG neutron.api.extensions [None req-f75efef7-e7c6-41ca-bf89-5d4700202419 None None] Ext name="Subnet Allocation" alias="subnet_allocation" description="Enables allocation of subnets from a subnet pool" updated="2015-03-30T10:00:00-00:00" {{(pid=101898) _check_extension /opt/stack/neutron/neutron/api/extensions.py:415}}
Jul 22 03:37:00.265779 np0000186142 devstack@neutron-api.service[101898]: INFO neutron.api.extensions [None req-f75efef7-e7c6-41ca-bf89-5d4700202419 None None] Loaded extension: subnet_allocation
Jul 22 03:37:00.265874 np0000186142 devstack@neutron-api.service[101898]: DEBUG neutron.api.extensions [None req-f75efef7-e7c6-41ca-bf89-5d4700202419 None None] Loading extension file: subnetpool_prefix_ops.py {{(pid=101898) _load_all_extensions_from_path /opt/stack/neutron/neutron/api/extensions.py:449}}
Jul 22 03:37:00.265970 np0000186142 devstack@neutron-api.service[101900]: DEBUG neutron.plugins.ml2.drivers.ovn.mech_driver.mech_driver [None req-1bb73315-570b-4902-beac-1d6615738adc None None] Hash Ring setup using WSGI start time 2026-07-22 03:36:53+00:00 {{(pid=101900) _init_hash_ring /opt/stack/neutron/neutron/plugins/ml2/drivers/ovn/mech_driver/mech_driver.py:404}}
Jul 22 03:37:00.266103 np0000186142 devstack@neutron-api.service[101898]: DEBUG neutron.api.extensions [None req-f75efef7-e7c6-41ca-bf89-5d4700202419 None None] Ext name="Subnet Pool Prefix Operations" alias="subnetpool-prefix-ops" description="Provides support for adjusting the prefix list of subnet pools" updated="2019-02-08T10:00:00-00:00" {{(pid=101898) _check_extension /opt/stack/neutron/neutron/api/extensions.py:415}}
Jul 22 03:37:00.266973 np0000186142 devstack@neutron-api.service[101898]: INFO neutron.api.extensions [None req-f75efef7-e7c6-41ca-bf89-5d4700202419 None None] Loaded extension: subnetpool-prefix-ops
Jul 22 03:37:00.266973 np0000186142 devstack@neutron-api.service[101898]: DEBUG neutron.api.extensions [None req-f75efef7-e7c6-41ca-bf89-5d4700202419 None None] Loading extension file: tag_creation.py {{(pid=101898) _load_all_extensions_from_path /opt/stack/neutron/neutron/api/extensions.py:449}}
Jul 22 03:37:00.266973 np0000186142 devstack@neutron-api.service[101898]: DEBUG neutron.api.extensions [None req-f75efef7-e7c6-41ca-bf89-5d4700202419 None None] Ext name="Tag creation extension" alias="tag-creation" description="Allow to create multiple tags for a resource" updated="2024-23-07T10:00:00-00:00" {{(pid=101898) _check_extension /opt/stack/neutron/neutron/api/extensions.py:415}}
Jul 22 03:37:00.266973 np0000186142 devstack@neutron-api.service[101898]: INFO neutron.api.extensions [None req-f75efef7-e7c6-41ca-bf89-5d4700202419 None None] Loaded extension: tag-creation
Jul 22 03:37:00.266973 np0000186142 devstack@neutron-api.service[101898]: DEBUG neutron.api.extensions [None req-f75efef7-e7c6-41ca-bf89-5d4700202419 None None] Loading extension file: tag_ports_during_bulk_creation.py {{(pid=101898) _load_all_extensions_from_path /opt/stack/neutron/neutron/api/extensions.py:449}}
Jul 22 03:37:00.266973 np0000186142 devstack@neutron-api.service[101898]: DEBUG neutron.api.extensions [None req-f75efef7-e7c6-41ca-bf89-5d4700202419 None None] Ext name="Tag Ports During Bulk Creation" alias="tag-ports-during-bulk-creation" description="Allow to tag ports during bulk creation" updated="2019-12-29T19:00:00-00:00" {{(pid=101898) _check_extension /opt/stack/neutron/neutron/api/extensions.py:415}}
Jul 22 03:37:00.267284 np0000186142 devstack@neutron-api.service[101898]: INFO neutron.api.extensions [None req-f75efef7-e7c6-41ca-bf89-5d4700202419 None None] Extension tag-ports-during-bulk-creation not supported by any of loaded plugins
Jul 22 03:37:00.267284 np0000186142 devstack@neutron-api.service[101898]: DEBUG neutron.api.extensions [None req-f75efef7-e7c6-41ca-bf89-5d4700202419 None None] Loading extension file: tagging.py {{(pid=101898) _load_all_extensions_from_path /opt/stack/neutron/neutron/api/extensions.py:449}}
Jul 22 03:37:00.268085 np0000186142 devstack@neutron-api.service[101898]: DEBUG neutron.api.extensions [None req-f75efef7-e7c6-41ca-bf89-5d4700202419 None None] Ext name="Tag support for resources with standard attribute: port, subnet, subnetpool, network, security_group, router, floatingip, policy, trunk, network_segment_range" alias="standard-attr-tag" description="Enables to set tag on resources with standard attribute." updated="2017-01-01T00:00:00-00:00" {{(pid=101898) _check_extension /opt/stack/neutron/neutron/api/extensions.py:415}}
Jul 22 03:37:00.268290 np0000186142 devstack@neutron-api.service[101898]: INFO neutron.api.extensions [None req-f75efef7-e7c6-41ca-bf89-5d4700202419 None None] Loaded extension: standard-attr-tag
Jul 22 03:37:00.268290 np0000186142 devstack@neutron-api.service[101898]: DEBUG neutron.api.extensions [None req-f75efef7-e7c6-41ca-bf89-5d4700202419 None None] Loading extension file: timestamp.py {{(pid=101898) _load_all_extensions_from_path /opt/stack/neutron/neutron/api/extensions.py:449}}
Jul 22 03:37:00.268599 np0000186142 devstack@neutron-api.service[101898]: DEBUG neutron.api.extensions [None req-f75efef7-e7c6-41ca-bf89-5d4700202419 None None] Ext name="Resource timestamps" alias="standard-attr-timestamp" description="Adds created_at and updated_at fields to all Neutron resources that have Neutron standard attributes." updated="2016-09-12T10:00:00-00:00" {{(pid=101898) _check_extension /opt/stack/neutron/neutron/api/extensions.py:415}}
Jul 22 03:37:00.268749 np0000186142 devstack@neutron-api.service[101898]: INFO neutron.api.extensions [None req-f75efef7-e7c6-41ca-bf89-5d4700202419 None None] Loaded extension: standard-attr-timestamp
Jul 22 03:37:00.268835 np0000186142 devstack@neutron-api.service[101898]: DEBUG neutron.api.extensions [None req-f75efef7-e7c6-41ca-bf89-5d4700202419 None None] Loading extension file: trunk.py {{(pid=101898) _load_all_extensions_from_path /opt/stack/neutron/neutron/api/extensions.py:449}}
Jul 22 03:37:00.268924 np0000186142 devstack@neutron-api.service[101899]: DEBUG neutron.plugins.ml2.drivers.ovn.mech_driver.mech_driver [None req-fd7591dc-8381-41dd-bad2-ac01d7db46ba None None] Hash Ring setup, this worker has detected 2 OVN hash ring registers in the database {{(pid=101899) _init_hash_ring /opt/stack/neutron/neutron/plugins/ml2/drivers/ovn/mech_driver/mech_driver.py:414}}
Jul 22 03:37:00.269123 np0000186142 devstack@neutron-api.service[101898]: DEBUG neutron.api.extensions [None req-f75efef7-e7c6-41ca-bf89-5d4700202419 None None] Ext name="Trunk Extension" alias="trunk" description="Provides support for trunk ports" updated="2016-01-01T10:00:00-00:00" {{(pid=101898) _check_extension /opt/stack/neutron/neutron/api/extensions.py:415}}
Jul 22 03:37:00.269297 np0000186142 devstack@neutron-api.service[101898]: INFO neutron.api.extensions [None req-f75efef7-e7c6-41ca-bf89-5d4700202419 None None] Extension trunk not supported by any of loaded plugins
Jul 22 03:37:00.269389 np0000186142 devstack@neutron-api.service[101898]: DEBUG neutron.api.extensions [None req-f75efef7-e7c6-41ca-bf89-5d4700202419 None None] Loading extension file: trunk_details.py {{(pid=101898) _load_all_extensions_from_path /opt/stack/neutron/neutron/api/extensions.py:449}}
Jul 22 03:37:00.269666 np0000186142 devstack@neutron-api.service[101898]: DEBUG neutron.api.extensions [None req-f75efef7-e7c6-41ca-bf89-5d4700202419 None None] Ext name="Trunk port details" alias="trunk-details" description="Expose trunk port details" updated="2016-01-01T10:00:00-00:00" {{(pid=101898) _check_extension /opt/stack/neutron/neutron/api/extensions.py:415}}
Jul 22 03:37:00.270166 np0000186142 devstack@neutron-api.service[101898]: INFO neutron.api.extensions [None req-f75efef7-e7c6-41ca-bf89-5d4700202419 None None] Extension trunk-details not supported by any of loaded plugins
Jul 22 03:37:00.270166 np0000186142 devstack@neutron-api.service[101898]: DEBUG neutron.api.extensions [None req-f75efef7-e7c6-41ca-bf89-5d4700202419 None None] Loading extension file: uplink_status_propagation.py {{(pid=101898) _load_all_extensions_from_path /opt/stack/neutron/neutron/api/extensions.py:449}}
Jul 22 03:37:00.270166 np0000186142 devstack@neutron-api.service[101898]: DEBUG neutron.api.extensions [None req-f75efef7-e7c6-41ca-bf89-5d4700202419 None None] Ext name="Uplink status propagation extension" alias="uplink-status-propagation" description="Provides ability to propagate port uplink status." updated="2018-05-31T18:00:00-00:00" {{(pid=101898) _check_extension /opt/stack/neutron/neutron/api/extensions.py:415}}
Jul 22 03:37:00.270166 np0000186142 devstack@neutron-api.service[101898]: INFO neutron.api.extensions [None req-f75efef7-e7c6-41ca-bf89-5d4700202419 None None] Extension uplink-status-propagation not supported by any of loaded plugins
Jul 22 03:37:00.270669 np0000186142 devstack@neutron-api.service[101898]: DEBUG neutron.api.extensions [None req-f75efef7-e7c6-41ca-bf89-5d4700202419 None None] Loading extension file: uplink_status_propagation_updatable.py {{(pid=101898) _load_all_extensions_from_path /opt/stack/neutron/neutron/api/extensions.py:449}}
Jul 22 03:37:00.270669 np0000186142 devstack@neutron-api.service[101898]: DEBUG neutron.api.extensions [None req-f75efef7-e7c6-41ca-bf89-5d4700202419 None None] Ext name="Uplink status propagation updatable extension" alias="uplink-status-propagation-updatable" description="Provides ability to update the port uplink status." updated="2024-09-03T18:00:00-00:00" {{(pid=101898) _check_extension /opt/stack/neutron/neutron/api/extensions.py:415}}
Jul 22 03:37:00.270669 np0000186142 devstack@neutron-api.service[101898]: INFO neutron.api.extensions [None req-f75efef7-e7c6-41ca-bf89-5d4700202419 None None] Extension uplink-status-propagation-updatable not supported by any of loaded plugins
Jul 22 03:37:00.271019 np0000186142 devstack@neutron-api.service[101898]: DEBUG neutron.api.extensions [None req-f75efef7-e7c6-41ca-bf89-5d4700202419 None None] Loading extension file: vlantransparent.py {{(pid=101898) _load_all_extensions_from_path /opt/stack/neutron/neutron/api/extensions.py:449}}
Jul 22 03:37:00.271108 np0000186142 devstack@neutron-api.service[101898]: DEBUG neutron.api.extensions [None req-f75efef7-e7c6-41ca-bf89-5d4700202419 None None] Ext name="Vlantransparent" alias="vlan-transparent" description="Provides Vlan Transparent Networks" updated="2015-03-23T09:00:00-00:00" {{(pid=101898) _check_extension /opt/stack/neutron/neutron/api/extensions.py:415}}
Jul 22 03:37:00.271302 np0000186142 devstack@neutron-api.service[101898]: INFO neutron.api.extensions [None req-f75efef7-e7c6-41ca-bf89-5d4700202419 None None] Loaded extension: vlan-transparent
Jul 22 03:37:00.272965 np0000186142 devstack@neutron-api.service[101898]: INFO neutron.quota.resource_registry [None req-f75efef7-e7c6-41ca-bf89-5d4700202419 None None] Creating instance of TrackedResource for resource:network
Jul 22 03:37:00.273131 np0000186142 devstack@neutron-api.service[101898]: INFO neutron.quota.resource_registry [None req-f75efef7-e7c6-41ca-bf89-5d4700202419 None None] Creating instance of TrackedResource for resource:subnet
Jul 22 03:37:00.273303 np0000186142 devstack@neutron-api.service[101898]: INFO neutron.quota.resource_registry [None req-f75efef7-e7c6-41ca-bf89-5d4700202419 None None] Creating instance of TrackedResource for resource:subnetpool
Jul 22 03:37:00.273466 np0000186142 devstack@neutron-api.service[101898]: INFO neutron.quota.resource_registry [None req-f75efef7-e7c6-41ca-bf89-5d4700202419 None None] Creating instance of TrackedResource for resource:port
Jul 22 03:37:00.274408 np0000186142 devstack@neutron-api.service[101900]: INFO neutron.db.ovn_hash_ring_db [None req-1bb73315-570b-4902-beac-1d6615738adc None None] Nodes from host "np0000186142" and group "mechanism_driver" removed from the Hash Ring created at 2026-07-22 03:36:53+00:00
Jul 22 03:37:00.274884 np0000186142 devstack@neutron-api.service[101898]: INFO neutron.quota.resource_registry [None req-f75efef7-e7c6-41ca-bf89-5d4700202419 None None] Creating instance of CountableResource for resource:router_route
Jul 22 03:37:00.275067 np0000186142 devstack@neutron-api.service[101898]: DEBUG neutron.api.v2.resource_helper [None req-f75efef7-e7c6-41ca-bf89-5d4700202419 None None] Service L3_ROUTER_NAT assigned prefix: {{(pid=101898) build_resource_info /opt/stack/neutron/neutron/api/v2/resource_helper.py:77}}
Jul 22 03:37:00.275420 np0000186142 devstack@neutron-api.service[101898]: DEBUG neutron.api.v2.resource_helper [None req-f75efef7-e7c6-41ca-bf89-5d4700202419 None None] Service FLAVORS assigned prefix: {{(pid=101898) build_resource_info /opt/stack/neutron/neutron/api/v2/resource_helper.py:77}}
Jul 22 03:37:00.275744 np0000186142 devstack@neutron-api.service[101899]: DEBUG neutron.plugins.ml2.drivers.ovn.mech_driver.ovsdb.maintenance [None req-fd7591dc-8381-41dd-bad2-ac01d7db46ba None None] Periodic task found: HashRingHealthCheckPeriodics.touch_hash_ring_node {{(pid=101899) add_periodics /opt/stack/neutron/neutron/plugins/ml2/drivers/ovn/mech_driver/ovsdb/maintenance.py:146}}
Jul 22 03:37:00.276343 np0000186142 devstack@neutron-api.service[101898]: DEBUG neutron.api.v2.resource_helper [None req-f75efef7-e7c6-41ca-bf89-5d4700202419 None None] Service L3_ROUTER_NAT assigned prefix: {{(pid=101898) build_resource_info /opt/stack/neutron/neutron/api/v2/resource_helper.py:77}}
Jul 22 03:37:00.276803 np0000186142 devstack@neutron-api.service[101898]: DEBUG neutron.api.v2.resource_helper [None req-f75efef7-e7c6-41ca-bf89-5d4700202419 None None] Service L3_ROUTER_NAT assigned prefix: {{(pid=101898) build_resource_info /opt/stack/neutron/neutron/api/v2/resource_helper.py:77}}
Jul 22 03:37:00.276898 np0000186142 devstack@neutron-api.service[101900]: INFO neutron.db.ovn_hash_ring_db [None req-1bb73315-570b-4902-beac-1d6615738adc None None] Node 5322fbf1f5435bb0a085190987b6820e from host "np0000186142" and group "mechanism_driver" added to the Hash Ring
Jul 22 03:37:00.277011 np0000186142 devstack@neutron-api.service[101898]: INFO neutron.quota.resource_registry [None req-f75efef7-e7c6-41ca-bf89-5d4700202419 None None] Creating instance of TrackedResource for resource:router
Jul 22 03:37:00.277192 np0000186142 devstack@neutron-api.service[101899]: INFO neutron.plugins.ml2.drivers.ovn.mech_driver.mech_driver [None req-fd7591dc-8381-41dd-bad2-ac01d7db46ba None None] Hash Ring probing thread for node 06095222ef7c5ceaaceaa0f423cc4859 has started
Jul 22 03:37:00.277388 np0000186142 devstack@neutron-api.service[101898]: INFO neutron.quota.resource_registry [None req-f75efef7-e7c6-41ca-bf89-5d4700202419 None None] Creating instance of TrackedResource for resource:floatingip
Jul 22 03:37:00.277903 np0000186142 devstack@neutron-api.service[101899]: INFO neutron.plugins.ml2.drivers.ovn.mech_driver.ovsdb.impl_idl_ovn [None req-fd7591dc-8381-41dd-bad2-ac01d7db46ba None None] Getting OvsdbNbOvnIdl for WorkerService with retry
Jul 22 03:37:00.278512 np0000186142 devstack@neutron-api.service[101898]: INFO neutron.quota.resource_registry [None req-f75efef7-e7c6-41ca-bf89-5d4700202419 None None] Creating instance of CountableResource for resource:rbac_policy
Jul 22 03:37:00.279180 np0000186142 devstack@neutron-api.service[101898]: INFO neutron.quota.resource_registry [None req-f75efef7-e7c6-41ca-bf89-5d4700202419 None None] Creating instance of TrackedResource for resource:security_group
Jul 22 03:37:00.279565 np0000186142 devstack@neutron-api.service[101898]: INFO neutron.quota.resource_registry [None req-f75efef7-e7c6-41ca-bf89-5d4700202419 None None] Creating instance of TrackedResource for resource:security_group_rule
Jul 22 03:37:00.280094 np0000186142 devstack@neutron-api.service[101900]: DEBUG neutron.plugins.ml2.drivers.ovn.mech_driver.mech_driver [None req-1bb73315-570b-4902-beac-1d6615738adc None None] Hash Ring setup, this worker has detected 3 OVN hash ring registers in the database {{(pid=101900) _init_hash_ring /opt/stack/neutron/neutron/plugins/ml2/drivers/ovn/mech_driver/mech_driver.py:414}}
Jul 22 03:37:00.280204 np0000186142 devstack@neutron-api.service[101898]: DEBUG neutron.api.v2.resource_helper [None req-f75efef7-e7c6-41ca-bf89-5d4700202419 None None] Service CORE assigned prefix: {{(pid=101898) build_resource_info /opt/stack/neutron/neutron/api/v2/resource_helper.py:77}}
Jul 22 03:37:00.280311 np0000186142 devstack@neutron-api.service[101898]: INFO neutron.quota.resource_registry [None req-f75efef7-e7c6-41ca-bf89-5d4700202419 None None] Creating instance of TrackedResource for resource:subnetpool
Jul 22 03:37:00.280478 np0000186142 devstack@neutron-api.service[101898]: WARNING neutron.quota.resource_registry [None req-f75efef7-e7c6-41ca-bf89-5d4700202419 None None] subnetpool is already registered
Jul 22 03:37:00.280832 np0000186142 devstack@neutron-api.service[101898]: DEBUG neutron.api.v2.resource_helper [None req-f75efef7-e7c6-41ca-bf89-5d4700202419 None None] Service CORE assigned prefix: {{(pid=101898) build_resource_info /opt/stack/neutron/neutron/api/v2/resource_helper.py:77}}
Jul 22 03:37:00.280919 np0000186142 devstack@neutron-api.service[101898]: INFO neutron.quota.resource_registry [None req-f75efef7-e7c6-41ca-bf89-5d4700202419 None None] Creating instance of TrackedResource for resource:subnetpool
Jul 22 03:37:00.281095 np0000186142 devstack@neutron-api.service[101898]: WARNING neutron.quota.resource_registry [None req-f75efef7-e7c6-41ca-bf89-5d4700202419 None None] subnetpool is already registered
Jul 22 03:37:00.283187 np0000186142 devstack@neutron-api.service[101898]: INFO neutron.quota.resource_registry [None req-f75efef7-e7c6-41ca-bf89-5d4700202419 None None] Creating instance of CountableResource for resource:router_route
Jul 22 03:37:00.283297 np0000186142 devstack@neutron-api.service[101898]: WARNING neutron.quota.resource_registry [None req-f75efef7-e7c6-41ca-bf89-5d4700202419 None None] router_route is already registered
Jul 22 03:37:00.283410 np0000186142 devstack@neutron-api.service[101898]: DEBUG neutron.api.v2.resource_helper [None req-f75efef7-e7c6-41ca-bf89-5d4700202419 None None] Service L3_ROUTER_NAT assigned prefix: {{(pid=101898) build_resource_info /opt/stack/neutron/neutron/api/v2/resource_helper.py:77}}
Jul 22 03:37:00.283780 np0000186142 devstack@neutron-api.service[101898]: DEBUG neutron.api.v2.resource_helper [None req-f75efef7-e7c6-41ca-bf89-5d4700202419 None None] Service FLAVORS assigned prefix: {{(pid=101898) build_resource_info /opt/stack/neutron/neutron/api/v2/resource_helper.py:77}}
Jul 22 03:37:00.284678 np0000186142 devstack@neutron-api.service[101898]: DEBUG neutron.api.v2.resource_helper [None req-f75efef7-e7c6-41ca-bf89-5d4700202419 None None] Service L3_ROUTER_NAT assigned prefix: {{(pid=101898) build_resource_info /opt/stack/neutron/neutron/api/v2/resource_helper.py:77}}
Jul 22 03:37:00.285147 np0000186142 devstack@neutron-api.service[101898]: DEBUG neutron.api.v2.resource_helper [None req-f75efef7-e7c6-41ca-bf89-5d4700202419 None None] Service L3_ROUTER_NAT assigned prefix: {{(pid=101898) build_resource_info /opt/stack/neutron/neutron/api/v2/resource_helper.py:77}}
Jul 22 03:37:00.285147 np0000186142 devstack@neutron-api.service[101898]: INFO neutron.quota.resource_registry [None req-f75efef7-e7c6-41ca-bf89-5d4700202419 None None] Creating instance of TrackedResource for resource:router
Jul 22 03:37:00.285379 np0000186142 devstack@neutron-api.service[101898]: WARNING neutron.quota.resource_registry [None req-f75efef7-e7c6-41ca-bf89-5d4700202419 None None] router is already registered
Jul 22 03:37:00.285527 np0000186142 devstack@neutron-api.service[101900]: DEBUG neutron.plugins.ml2.drivers.ovn.mech_driver.ovsdb.maintenance [None req-1bb73315-570b-4902-beac-1d6615738adc None None] Periodic task found: HashRingHealthCheckPeriodics.touch_hash_ring_node {{(pid=101900) add_periodics /opt/stack/neutron/neutron/plugins/ml2/drivers/ovn/mech_driver/ovsdb/maintenance.py:146}}
Jul 22 03:37:00.285725 np0000186142 devstack@neutron-api.service[101898]: INFO neutron.quota.resource_registry [None req-f75efef7-e7c6-41ca-bf89-5d4700202419 None None] Creating instance of TrackedResource for resource:floatingip
Jul 22 03:37:00.285851 np0000186142 devstack@neutron-api.service[101898]: WARNING neutron.quota.resource_registry [None req-f75efef7-e7c6-41ca-bf89-5d4700202419 None None] floatingip is already registered
Jul 22 03:37:00.286891 np0000186142 devstack@neutron-api.service[101898]: INFO neutron.quota.resource_registry [None req-f75efef7-e7c6-41ca-bf89-5d4700202419 None None] Creating instance of CountableResource for resource:rbac_policy
Jul 22 03:37:00.286982 np0000186142 devstack@neutron-api.service[101898]: WARNING neutron.quota.resource_registry [None req-f75efef7-e7c6-41ca-bf89-5d4700202419 None None] rbac_policy is already registered
Jul 22 03:37:00.290255 np0000186142 devstack@neutron-api.service[101900]: INFO neutron.plugins.ml2.drivers.ovn.mech_driver.mech_driver [None req-1bb73315-570b-4902-beac-1d6615738adc None None] Hash Ring probing thread for node 5322fbf1f5435bb0a085190987b6820e has started
Jul 22 03:37:00.290488 np0000186142 devstack@neutron-api.service[101898]: INFO neutron.quota.resource_registry [None req-f75efef7-e7c6-41ca-bf89-5d4700202419 None None] Creating instance of TrackedResource for resource:security_group
Jul 22 03:37:00.290488 np0000186142 devstack@neutron-api.service[101898]: WARNING neutron.quota.resource_registry [None req-f75efef7-e7c6-41ca-bf89-5d4700202419 None None] security_group is already registered
Jul 22 03:37:00.290675 np0000186142 devstack@neutron-api.service[101900]: INFO neutron.plugins.ml2.drivers.ovn.mech_driver.ovsdb.impl_idl_ovn [None req-1bb73315-570b-4902-beac-1d6615738adc None None] Getting OvsdbNbOvnIdl for WorkerService with retry
Jul 22 03:37:00.290810 np0000186142 devstack@neutron-api.service[101898]: INFO neutron.quota.resource_registry [None req-f75efef7-e7c6-41ca-bf89-5d4700202419 None None] Creating instance of TrackedResource for resource:security_group_rule
Jul 22 03:37:00.290810 np0000186142 devstack@neutron-api.service[101898]: WARNING neutron.quota.resource_registry [None req-f75efef7-e7c6-41ca-bf89-5d4700202419 None None] security_group_rule is already registered
Jul 22 03:37:00.290810 np0000186142 devstack@neutron-api.service[101898]: DEBUG neutron.api.v2.resource_helper [None req-f75efef7-e7c6-41ca-bf89-5d4700202419 None None] Service CORE assigned prefix: {{(pid=101898) build_resource_info /opt/stack/neutron/neutron/api/v2/resource_helper.py:77}}
Jul 22 03:37:00.290810 np0000186142 devstack@neutron-api.service[101898]: INFO neutron.quota.resource_registry [None req-f75efef7-e7c6-41ca-bf89-5d4700202419 None None] Creating instance of TrackedResource for resource:subnetpool
Jul 22 03:37:00.290810 np0000186142 devstack@neutron-api.service[101898]: WARNING neutron.quota.resource_registry [None req-f75efef7-e7c6-41ca-bf89-5d4700202419 None None] subnetpool is already registered
Jul 22 03:37:00.290810 np0000186142 devstack@neutron-api.service[101898]: DEBUG neutron.api.v2.resource_helper [None req-f75efef7-e7c6-41ca-bf89-5d4700202419 None None] Service CORE assigned prefix: {{(pid=101898) build_resource_info /opt/stack/neutron/neutron/api/v2/resource_helper.py:77}}
Jul 22 03:37:00.290810 np0000186142 devstack@neutron-api.service[101898]: INFO neutron.quota.resource_registry [None req-f75efef7-e7c6-41ca-bf89-5d4700202419 None None] Creating instance of TrackedResource for resource:subnetpool
Jul 22 03:37:00.290810 np0000186142 devstack@neutron-api.service[101898]: WARNING neutron.quota.resource_registry [None req-f75efef7-e7c6-41ca-bf89-5d4700202419 None None] subnetpool is already registered
Jul 22 03:37:00.290810 np0000186142 devstack@neutron-api.service[101898]: DEBUG neutron.api.extensions [None req-f75efef7-e7c6-41ca-bf89-5d4700202419 None None] Extended resource: extensions {{(pid=101898) __init__ /opt/stack/neutron/neutron/api/extensions.py:156}}
Jul 22 03:37:00.290810 np0000186142 devstack@neutron-api.service[101898]: DEBUG neutron.api.extensions [None req-f75efef7-e7c6-41ca-bf89-5d4700202419 None None] Extended resource: address-groups {{(pid=101898) __init__ /opt/stack/neutron/neutron/api/extensions.py:156}}
Jul 22 03:37:00.291652 np0000186142 devstack@neutron-api.service[101898]: DEBUG neutron.api.extensions [None req-f75efef7-e7c6-41ca-bf89-5d4700202419 None None] Extended resource: address-scopes {{(pid=101898) __init__ /opt/stack/neutron/neutron/api/extensions.py:156}}
Jul 22 03:37:00.292251 np0000186142 devstack@neutron-api.service[101898]: DEBUG neutron.api.extensions [None req-f75efef7-e7c6-41ca-bf89-5d4700202419 None None] Extended resource: agents {{(pid=101898) __init__ /opt/stack/neutron/neutron/api/extensions.py:156}}
Jul 22 03:37:00.292766 np0000186142 devstack@neutron-api.service[101898]: DEBUG neutron.api.extensions [None req-f75efef7-e7c6-41ca-bf89-5d4700202419 None None] Extended resource: auto-allocated-topology {{(pid=101898) __init__ /opt/stack/neutron/neutron/api/extensions.py:156}}
Jul 22 03:37:00.293303 np0000186142 devstack@neutron-api.service[101898]: DEBUG neutron.api.extensions [None req-f75efef7-e7c6-41ca-bf89-5d4700202419 None None] Extended resource: availability_zones {{(pid=101898) __init__ /opt/stack/neutron/neutron/api/extensions.py:156}}
Jul 22 03:37:00.293843 np0000186142 devstack@neutron-api.service[101898]: DEBUG neutron.api.extensions [None req-f75efef7-e7c6-41ca-bf89-5d4700202419 None None] Extended resource: dhcp-networks {{(pid=101898) __init__ /opt/stack/neutron/neutron/api/extensions.py:156}}
Jul 22 03:37:00.294477 np0000186142 devstack@neutron-api.service[101898]: DEBUG neutron.api.extensions [None req-f75efef7-e7c6-41ca-bf89-5d4700202419 None None] Extended resource: dhcp-agents {{(pid=101898) __init__ /opt/stack/neutron/neutron/api/extensions.py:156}}
Jul 22 03:37:00.295105 np0000186142 devstack@neutron-api.service[101898]: DEBUG neutron.api.extensions [None req-f75efef7-e7c6-41ca-bf89-5d4700202419 None None] Extended resource: routers {{(pid=101898) __init__ /opt/stack/neutron/neutron/api/extensions.py:156}}
Jul 22 03:37:00.296127 np0000186142 devstack@neutron-api.service[101898]: DEBUG neutron.api.extensions [None req-f75efef7-e7c6-41ca-bf89-5d4700202419 None None] Extended resource: flavors {{(pid=101898) __init__ /opt/stack/neutron/neutron/api/extensions.py:156}}
Jul 22 03:37:00.296748 np0000186142 devstack@neutron-api.service[101898]: DEBUG neutron.api.extensions [None req-f75efef7-e7c6-41ca-bf89-5d4700202419 None None] Extended resource: service_profiles {{(pid=101898) __init__ /opt/stack/neutron/neutron/api/extensions.py:156}}
Jul 22 03:37:00.297326 np0000186142 devstack@neutron-api.service[101898]: DEBUG neutron.api.extensions [None req-f75efef7-e7c6-41ca-bf89-5d4700202419 None None] Extended resource: next_providers {{(pid=101898) __init__ /opt/stack/neutron/neutron/api/extensions.py:156}}
Jul 22 03:37:00.297985 np0000186142 devstack@neutron-api.service[101898]: DEBUG neutron.api.extensions [None req-f75efef7-e7c6-41ca-bf89-5d4700202419 None None] Extended resource: service_profiles {{(pid=101898) __init__ /opt/stack/neutron/neutron/api/extensions.py:156}}
Jul 22 03:37:00.298665 np0000186142 devstack@neutron-api.service[101898]: DEBUG neutron.api.extensions [None req-f75efef7-e7c6-41ca-bf89-5d4700202419 None None] Extended resource: floatingip-pools {{(pid=101898) __init__ /opt/stack/neutron/neutron/api/extensions.py:156}}
Jul 22 03:37:00.299197 np0000186142 devstack@neutron-api.service[101898]: DEBUG neutron.api.extensions [None req-f75efef7-e7c6-41ca-bf89-5d4700202419 None None] Extended resource: routers {{(pid=101898) __init__ /opt/stack/neutron/neutron/api/extensions.py:156}}
Jul 22 03:37:00.300540 np0000186142 devstack@neutron-api.service[101898]: DEBUG neutron.api.extensions [None req-f75efef7-e7c6-41ca-bf89-5d4700202419 None None] Extended resource: floatingips {{(pid=101898) __init__ /opt/stack/neutron/neutron/api/extensions.py:156}}
Jul 22 03:37:00.301281 np0000186142 devstack@neutron-api.service[101898]: DEBUG neutron.api.extensions [None req-f75efef7-e7c6-41ca-bf89-5d4700202419 None None] Extended resource: l3-routers {{(pid=101898) __init__ /opt/stack/neutron/neutron/api/extensions.py:156}}
Jul 22 03:37:00.301997 np0000186142 devstack@neutron-api.service[101898]: DEBUG neutron.api.extensions [None req-f75efef7-e7c6-41ca-bf89-5d4700202419 None None] Extended resource: l3-agents {{(pid=101898) __init__ /opt/stack/neutron/neutron/api/extensions.py:156}}
Jul 22 03:37:00.305233 np0000186142 devstack@neutron-api.service[101898]: DEBUG neutron.api.extensions [None req-f75efef7-e7c6-41ca-bf89-5d4700202419 None None] Extended resource: network-ip-availabilities {{(pid=101898) __init__ /opt/stack/neutron/neutron/api/extensions.py:156}}
Jul 22 03:37:00.305233 np0000186142 devstack@neutron-api.service[101898]: DEBUG neutron.api.extensions [None req-f75efef7-e7c6-41ca-bf89-5d4700202419 None None] Extended resource: network-ip-availabilities {{(pid=101898) __init__ /opt/stack/neutron/neutron/api/extensions.py:156}}
