2026-08-14 05:32:40.792 7 INFO neutron.db.ovn_revision_numbers_db [None req-c9d34ca3-6cd9-4937-89c9-95a6e0c50d78 8ef7d5e099bf4611850768589c8eec63 56f3a21f56334d5f90dc4e5033bfcec8 - - default default] Successfully bumped revision number for resource 5fc0582a-9021-4c61-959a-703deb1c2dbf (type: routers) to 1 [pid: 7|app: 0|req: 1010/2089] 10.0.0.63 () {34 vars in 667 bytes} [Fri Aug 14 05:32:40 2026] POST /v2.0/routers => generated 570 bytes in 137 msecs (HTTP/1.1 201) 4 headers in 162 bytes (1 switches on core 0) [pid: 8|app: 0|req: 1080/2090] 10.0.0.63 () {32 vars in 773 bytes} [Fri Aug 14 05:32:40 2026] GET /v2.0/security-groups?tenant_id=e7a3c0f6afb44416afc741af31e7defa&name=default => generated 2925 bytes in 27 msecs (HTTP/1.1 200) 4 headers in 158 bytes (1 switches on core 0) [pid: 7|app: 0|req: 1011/2091] 10.0.0.63 () {34 vars in 750 bytes} [Fri Aug 14 05:32:40 2026] PUT /v2.0/routers/73c6ecd8-f2e0-44e5-bcc4-da484fa02b40/tags => generated 17 bytes in 79 msecs (HTTP/1.1 200) 4 headers in 156 bytes (1 switches on core 0) [pid: 7|app: 0|req: 1012/2092] 10.0.0.63 () {34 vars in 750 bytes} [Fri Aug 14 05:32:40 2026] PUT /v2.0/routers/a43bcd74-285b-499f-addc-2695fb84ccb8/tags => generated 25 bytes in 78 msecs (HTTP/1.1 200) 4 headers in 156 bytes (1 switches on core 0) [pid: 7|app: 0|req: 1013/2093] 10.0.0.63 () {34 vars in 750 bytes} [Fri Aug 14 05:32:40 2026] PUT /v2.0/routers/9d271327-6369-4d12-9915-a29cbdffef7b/tags => generated 34 bytes in 83 msecs (HTTP/1.1 200) 4 headers in 156 bytes (1 switches on core 0) [pid: 8|app: 0|req: 1081/2094] 10.0.0.63 () {32 vars in 739 bytes} [Fri Aug 14 05:32:40 2026] DELETE /v2.0/security-groups/1e1a5ad0-9550-4f58-8bbb-880f60ee6b48 => generated 0 bytes in 245 msecs (HTTP/1.1 204) 2 headers in 112 bytes (1 switches on core 0) [pid: 7|app: 0|req: 1014/2095] 10.0.0.63 () {34 vars in 750 bytes} [Fri Aug 14 05:32:41 2026] PUT /v2.0/routers/01c1d07d-c1cc-4e1f-b7d1-071b4d583acb/tags => generated 19 bytes in 74 msecs (HTTP/1.1 200) 4 headers in 156 bytes (1 switches on core 0) [pid: 8|app: 0|req: 1082/2096] 10.0.0.63 () {32 vars in 663 bytes} [Fri Aug 14 05:32:41 2026] GET /v2.0/routers?tags=red => generated 1751 bytes in 70 msecs (HTTP/1.1 200) 4 headers in 158 bytes (1 switches on core 0) [pid: 7|app: 0|req: 1015/2097] 10.0.0.63 () {32 vars in 677 bytes} [Fri Aug 14 05:32:41 2026] GET /v2.0/routers?tags=red%2Cblue => generated 1180 bytes in 61 msecs (HTTP/1.1 200) 4 headers in 158 bytes (1 switches on core 0) [pid: 8|app: 0|req: 1083/2100] 10.0.0.63 () {32 vars in 673 bytes} [Fri Aug 14 05:32:41 2026] GET /v2.0/routers?tags-any=blue => generated 1180 bytes in 504 msecs (HTTP/1.1 200) 4 headers in 158 bytes (1 switches on core 0) [pid: 7|app: 0|req: 1018/2101] 10.0.0.63 () {32 vars in 685 bytes} [Fri Aug 14 05:32:41 2026] GET /v2.0/routers?tags-any=red%2Cblue => generated 1751 bytes in 66 msecs (HTTP/1.1 200) 4 headers in 158 bytes (1 switches on core 0) [pid: 8|app: 0|req: 1084/2102] 10.0.0.63 () {32 vars in 671 bytes} [Fri Aug 14 05:32:41 2026] GET /v2.0/routers?not-tags=red => generated 1152 bytes in 62 msecs (HTTP/1.1 200) 4 headers in 158 bytes (1 switches on core 0) [pid: 7|app: 0|req: 1019/2103] 10.0.0.63 () {32 vars in 685 bytes} [Fri Aug 14 05:32:41 2026] GET /v2.0/routers?not-tags=red%2Cblue => generated 1723 bytes in 82 msecs (HTTP/1.1 200) 4 headers in 158 bytes (1 switches on core 0) [pid: 8|app: 0|req: 1085/2104] 10.0.0.63 () {32 vars in 681 bytes} [Fri Aug 14 05:32:42 2026] GET /v2.0/routers?not-tags-any=blue => generated 1723 bytes in 64 msecs (HTTP/1.1 200) 4 headers in 158 bytes (1 switches on core 0) [pid: 8|app: 0|req: 1086/2105] 10.0.0.63 () {32 vars in 693 bytes} [Fri Aug 14 05:32:42 2026] GET /v2.0/routers?not-tags-any=red%2Cblue => generated 1152 bytes in 37 msecs (HTTP/1.1 200) 4 headers in 158 bytes (1 switches on core 0) [pid: 8|app: 0|req: 1087/2106] 10.0.0.63 () {32 vars in 720 bytes} [Fri Aug 14 05:32:42 2026] GET /v2.0/routers/73c6ecd8-f2e0-44e5-bcc4-da484fa02b40 => generated 581 bytes in 31 msecs (HTTP/1.1 200) 4 headers in 157 bytes (1 switches on core 0)
2026-08-14 05:32:42.432 7 INFO neutron.db.ovn_revision_numbers_db [None req-3acaa712-5a78-48a3-86ba-5923279b6aa7 5214de4555a24bf483eb0a727e9c352a 0110e8ad560a4c179510f76d891be339 - - default default] Successfully bumped revision number for resource 7b95e24d-ebca-45d4-b51f-affa33f57536 (type: security_groups) to 1
2026-08-14 05:32:42.446 7 INFO neutron.db.ovn_revision_numbers_db [None req-3acaa712-5a78-48a3-86ba-5923279b6aa7 5214de4555a24bf483eb0a727e9c352a 0110e8ad560a4c179510f76d891be339 - - default default] Successfully bumped revision number for resource 52b280ea-79eb-40d4-a814-a9223f10360f (type: security_group_rules) to 0
2026-08-14 05:32:42.457 7 INFO neutron.db.ovn_revision_numbers_db [None req-3acaa712-5a78-48a3-86ba-5923279b6aa7 5214de4555a24bf483eb0a727e9c352a 0110e8ad560a4c179510f76d891be339 - - default default] Successfully bumped revision number for resource cb6ee651-5c2d-4635-888f-fba301cd65b6 (type: security_group_rules) to 0
2026-08-14 05:32:42.471 7 INFO neutron.db.ovn_revision_numbers_db [None req-3acaa712-5a78-48a3-86ba-5923279b6aa7 5214de4555a24bf483eb0a727e9c352a 0110e8ad560a4c179510f76d891be339 - - default default] Successfully bumped revision number for resource dfd01b0c-4d80-4cf2-b5a9-a475c3b6833c (type: security_group_rules) to 0
2026-08-14 05:32:42.482 7 INFO neutron.db.ovn_revision_numbers_db [None req-3acaa712-5a78-48a3-86ba-5923279b6aa7 5214de4555a24bf483eb0a727e9c352a 0110e8ad560a4c179510f76d891be339 - - default default] Successfully bumped revision number for resource eec94d3a-ce35-4e83-818f-0a5aedcc2b05 (type: security_group_rules) to 0
2026-08-14 05:32:42.530 8 INFO neutron.db.ovn_revision_numbers_db [None req-dff04b32-da8f-4a56-b0e0-ea6d46554013 8ef7d5e099bf4611850768589c8eec63 56f3a21f56334d5f90dc4e5033bfcec8 - - default default] Successfully bumped revision number for resource 73c6ecd8-f2e0-44e5-bcc4-da484fa02b40 (type: routers) to 2 [pid: 8|app: 0|req: 1088/2107] 10.0.0.63 () {34 vars in 741 bytes} [Fri Aug 14 05:32:42 2026] PUT /v2.0/routers/73c6ecd8-f2e0-44e5-bcc4-da484fa02b40 => generated 581 bytes in 362 msecs (HTTP/1.1 200) 4 headers in 157 bytes (1 switches on core 0) [pid: 8|app: 0|req: 1089/2108] 10.0.0.63 () {32 vars in 735 bytes} [Fri Aug 14 05:32:42 2026] GET /v2.0/ports?device_id=73c6ecd8-f2e0-44e5-bcc4-da484fa02b40 => generated 12 bytes in 14 msecs (HTTP/1.1 200) 4 headers in 156 bytes (1 switches on core 0)
2026-08-14 05:32:42.562 7 INFO neutron.db.segments_db [None req-3acaa712-5a78-48a3-86ba-5923279b6aa7 5214de4555a24bf483eb0a727e9c352a 0110e8ad560a4c179510f76d891be339 - - default default] Added segment 06c61519-805a-458b-bef9-d54d26c886de of type geneve for network e66f3a36-81aa-42dc-aa1d-d266713905b1
2026-08-14 05:32:42.676 7 INFO neutron.db.ovn_revision_numbers_db [None req-3acaa712-5a78-48a3-86ba-5923279b6aa7 5214de4555a24bf483eb0a727e9c352a 0110e8ad560a4c179510f76d891be339 - - default default] Successfully bumped revision number for resource e66f3a36-81aa-42dc-aa1d-d266713905b1 (type: networks) to 1 [pid: 8|app: 0|req: 1090/2109] 10.0.0.63 () {32 vars in 723 bytes} [Fri Aug 14 05:32:42 2026] DELETE /v2.0/routers/73c6ecd8-f2e0-44e5-bcc4-da484fa02b40 => generated 0 bytes in 228 msecs (HTTP/1.1 204) 2 headers in 112 bytes (1 switches on core 0) [pid: 8|app: 0|req: 1091/2110] 10.0.0.63 () {32 vars in 720 bytes} [Fri Aug 14 05:32:42 2026] GET /v2.0/routers/a43bcd74-285b-499f-addc-2695fb84ccb8 => generated 589 bytes in 27 msecs (HTTP/1.1 200) 4 headers in 157 bytes (1 switches on core 0)
2026-08-14 05:32:42.842 7 WARNING neutron.scheduler.dhcp_agent_scheduler [None req-3acaa712-5a78-48a3-86ba-5923279b6aa7 5214de4555a24bf483eb0a727e9c352a 0110e8ad560a4c179510f76d891be339 - - default default] No more DHCP agents
2026-08-14 05:32:42.843 7 WARNING neutron.api.rpc.agentnotifiers.dhcp_rpc_agent_api [None req-3acaa712-5a78-48a3-86ba-5923279b6aa7 5214de4555a24bf483eb0a727e9c352a 0110e8ad560a4c179510f76d891be339 - - default default] Unable to schedule network e66f3a36-81aa-42dc-aa1d-d266713905b1: no agents available; will retry on subsequent port and subnet creation events.
2026-08-14 05:32:42.915 7 INFO neutron.db.ovn_revision_numbers_db [None req-3acaa712-5a78-48a3-86ba-5923279b6aa7 5214de4555a24bf483eb0a727e9c352a 0110e8ad560a4c179510f76d891be339 - - default default] Successfully bumped revision number for resource 3d3cb4d8-ee6f-4ebf-8a41-f52bc893299d (type: ports) to 1
2026-08-14 05:32:42.922 8 INFO neutron.plugins.ml2.drivers.ovn.mech_driver.mech_driver [None req-b76b7b5b-69a8-4899-a484-43a181f36174 - - - - - -] OVN reports status down for port: 3d3cb4d8-ee6f-4ebf-8a41-f52bc893299d [pid: 7|app: 0|req: 1020/2111] 10.0.0.63 () {34 vars in 669 bytes} [Fri Aug 14 05:32:42 2026] POST /v2.0/networks => generated 664 bytes in 852 msecs (HTTP/1.1 201) 4 headers in 162 bytes (1 switches on core 0)
2026-08-14 05:32:43.159 7 WARNING neutron.scheduler.dhcp_agent_scheduler [None req-c582a728-ca53-4318-8d1a-7944bfc1d311 5214de4555a24bf483eb0a727e9c352a 0110e8ad560a4c179510f76d891be339 - - default default] No more DHCP agents
2026-08-14 05:32:43.161 7 WARNING neutron.api.rpc.agentnotifiers.dhcp_rpc_agent_api [None req-c582a728-ca53-4318-8d1a-7944bfc1d311 5214de4555a24bf483eb0a727e9c352a 0110e8ad560a4c179510f76d891be339 - - default default] Unable to schedule network e66f3a36-81aa-42dc-aa1d-d266713905b1: no agents available; will retry on subsequent port and subnet creation events.
2026-08-14 05:32:43.222 8 INFO neutron.plugins.ml2.drivers.ovn.mech_driver.mech_driver [None req-b76b7b5b-69a8-4899-a484-43a181f36174 - - - - - -] OVN reports status down for port: dd7fc480-2747-49fc-a4e8-07badb5d199c
2026-08-14 05:32:43.232 7 INFO neutron.db.ovn_revision_numbers_db [None req-c582a728-ca53-4318-8d1a-7944bfc1d311 5214de4555a24bf483eb0a727e9c352a 0110e8ad560a4c179510f76d891be339 - - default default] Successfully bumped revision number for resource dd7fc480-2747-49fc-a4e8-07badb5d199c (type: ports) to 1 [pid: 7|app: 0|req: 1021/2112] 10.0.0.63 () {34 vars in 664 bytes} [Fri Aug 14 05:32:42 2026] POST /v2.0/ports => generated 774 bytes in 332 msecs (HTTP/1.1 201) 4 headers in 162 bytes (1 switches on core 0) /var/lib/openstack/lib/python3.12/site-packages/pycadf/identifier.py:70: UserWarning: Invalid uuid: neutron. To ensure interoperability, identifiers should be a valid uuid. warnings.warn(('Invalid uuid: %s. To ensure interoperability, '
2026-08-14 05:32:43.296 8 INFO neutron.db.ovn_revision_numbers_db [None req-140d283f-2730-4945-aaf5-bdfbfb639c25 8ef7d5e099bf4611850768589c8eec63 56f3a21f56334d5f90dc4e5033bfcec8 - - default default] Successfully bumped revision number for resource a43bcd74-285b-499f-addc-2695fb84ccb8 (type: routers) to 2 [pid: 8|app: 0|req: 1092/2113] 10.0.0.63 () {34 vars in 741 bytes} [Fri Aug 14 05:32:42 2026] PUT /v2.0/routers/a43bcd74-285b-499f-addc-2695fb84ccb8 => generated 589 bytes in 483 msecs (HTTP/1.1 200) 4 headers in 157 bytes (1 switches on core 0) [pid: 8|app: 0|req: 1093/2114] 10.0.0.63 () {32 vars in 735 bytes} [Fri Aug 14 05:32:43 2026] GET /v2.0/ports?device_id=a43bcd74-285b-499f-addc-2695fb84ccb8 => generated 12 bytes in 29 msecs (HTTP/1.1 200) 4 headers in 156 bytes (1 switches on core 0)
2026-08-14 05:32:43.367 7 INFO neutron.db.segments_db [None req-c474c2ce-a6a7-4285-93ac-25753256a692 5214de4555a24bf483eb0a727e9c352a 0110e8ad560a4c179510f76d891be339 - - default default] Added segment d101b5d7-b6c6-4440-addf-f2152c4c8a42 of type geneve for network 9cf23aa9-d644-4f5a-83b0-38c6e00c84ef
2026-08-14 05:32:43.473 7 INFO neutron.db.ovn_revision_numbers_db [None req-c474c2ce-a6a7-4285-93ac-25753256a692 5214de4555a24bf483eb0a727e9c352a 0110e8ad560a4c179510f76d891be339 - - default default] Successfully bumped revision number for resource 9cf23aa9-d644-4f5a-83b0-38c6e00c84ef (type: networks) to 1 [pid: 8|app: 0|req: 1094/2115] 10.0.0.63 () {32 vars in 723 bytes} [Fri Aug 14 05:32:43 2026] DELETE /v2.0/routers/a43bcd74-285b-499f-addc-2695fb84ccb8 => generated 0 bytes in 204 msecs (HTTP/1.1 204) 2 headers in 112 bytes (1 switches on core 0) [pid: 8|app: 0|req: 1095/2116] 10.0.0.63 () {32 vars in 720 bytes} [Fri Aug 14 05:32:43 2026] GET /v2.0/routers/9d271327-6369-4d12-9915-a29cbdffef7b => generated 598 bytes in 37 msecs (HTTP/1.1 200) 4 headers in 157 bytes (1 switches on core 0)
2026-08-14 05:32:43.645 7 WARNING neutron.scheduler.dhcp_agent_scheduler [None req-c474c2ce-a6a7-4285-93ac-25753256a692 5214de4555a24bf483eb0a727e9c352a 0110e8ad560a4c179510f76d891be339 - - default default] No more DHCP agents
2026-08-14 05:32:43.646 7 WARNING neutron.api.rpc.agentnotifiers.dhcp_rpc_agent_api [None req-c474c2ce-a6a7-4285-93ac-25753256a692 5214de4555a24bf483eb0a727e9c352a 0110e8ad560a4c179510f76d891be339 - - default default] Unable to schedule network 9cf23aa9-d644-4f5a-83b0-38c6e00c84ef: no agents available; will retry on subsequent port and subnet creation events.
2026-08-14 05:32:43.695 7 INFO neutron.plugins.ml2.drivers.ovn.mech_driver.mech_driver [None req-4ed8d700-1e84-44b7-81e1-6ca83f498521 - - - - - -] OVN reports status down for port: 4590f223-1b89-4dac-beb4-f2ee5c3cc451
2026-08-14 05:32:43.745 7 INFO neutron.db.ovn_revision_numbers_db [None req-c474c2ce-a6a7-4285-93ac-25753256a692 5214de4555a24bf483eb0a727e9c352a 0110e8ad560a4c179510f76d891be339 - - default default] Successfully bumped revision number for resource 4590f223-1b89-4dac-beb4-f2ee5c3cc451 (type: ports) to 1 [pid: 7|app: 0|req: 1022/2117] 10.0.0.63 () {34 vars in 669 bytes} [Fri Aug 14 05:32:43 2026] POST /v2.0/networks => generated 650 bytes in 500 msecs (HTTP/1.1 201) 4 headers in 162 bytes (1 switches on core 0)
2026-08-14 05:32:43.916 8 INFO neutron.db.ovn_revision_numbers_db [None req-f0c15165-d8dc-45ae-b816-7e000a388483 8ef7d5e099bf4611850768589c8eec63 56f3a21f56334d5f90dc4e5033bfcec8 - - default default] Successfully bumped revision number for resource 9d271327-6369-4d12-9915-a29cbdffef7b (type: routers) to 2 [pid: 8|app: 0|req: 1096/2118] 10.0.0.63 () {34 vars in 741 bytes} [Fri Aug 14 05:32:43 2026] PUT /v2.0/routers/9d271327-6369-4d12-9915-a29cbdffef7b => generated 598 bytes in 335 msecs (HTTP/1.1 200) 4 headers in 157 bytes (1 switches on core 0) [pid: 8|app: 0|req: 1097/2119] 10.0.0.63 () {32 vars in 735 bytes} [Fri Aug 14 05:32:43 2026] GET /v2.0/ports?device_id=9d271327-6369-4d12-9915-a29cbdffef7b => generated 12 bytes in 23 msecs (HTTP/1.1 200) 4 headers in 156 bytes (1 switches on core 0)
2026-08-14 05:32:43.991 7 WARNING neutron.scheduler.dhcp_agent_scheduler [None req-d6b190a3-e152-45b0-acf3-c0e2ec43b241 5214de4555a24bf483eb0a727e9c352a 0110e8ad560a4c179510f76d891be339 - - default default] No more DHCP agents
2026-08-14 05:32:43.992 7 WARNING neutron.api.rpc.agentnotifiers.dhcp_rpc_agent_api [None req-d6b190a3-e152-45b0-acf3-c0e2ec43b241 5214de4555a24bf483eb0a727e9c352a 0110e8ad560a4c179510f76d891be339 - - default default] Unable to schedule network 9cf23aa9-d644-4f5a-83b0-38c6e00c84ef: no agents available; will retry on subsequent port and subnet creation events. [pid: 8|app: 0|req: 1098/2120] 10.0.0.63 () {32 vars in 723 bytes} [Fri Aug 14 05:32:43 2026] DELETE /v2.0/routers/9d271327-6369-4d12-9915-a29cbdffef7b => generated 0 bytes in 165 msecs (HTTP/1.1 204) 2 headers in 112 bytes (1 switches on core 0) [pid: 8|app: 0|req: 1099/2121] 10.0.0.63 () {32 vars in 720 bytes} [Fri Aug 14 05:32:44 2026] GET /v2.0/routers/01c1d07d-c1cc-4e1f-b7d1-071b4d583acb => generated 583 bytes in 34 msecs (HTTP/1.1 200) 4 headers in 157 bytes (1 switches on core 0)
2026-08-14 05:32:44.389 7 INFO neutron.db.ovn_revision_numbers_db [None req-a34449cc-0ea6-4b97-9efd-f321e2f82aef - - - - - -] Successfully bumped revision number for resource 4590f223-1b89-4dac-beb4-f2ee5c3cc451 (type: ports) to 2
2026-08-14 05:32:44.418 8 INFO neutron.db.ovn_revision_numbers_db [None req-76b6dcf5-b63f-4c06-854b-9de6b0c757a2 8ef7d5e099bf4611850768589c8eec63 56f3a21f56334d5f90dc4e5033bfcec8 - - default default] Successfully bumped revision number for resource 01c1d07d-c1cc-4e1f-b7d1-071b4d583acb (type: routers) to 2
2026-08-14 05:32:44.424 7 INFO neutron.db.ovn_revision_numbers_db [None req-a34449cc-0ea6-4b97-9efd-f321e2f82aef - - - - - -] Successfully bumped revision number for resource 8d83ef13-5127-4ca5-8e9a-d4bae5046b94 (type: subnets) to 0 [pid: 8|app: 0|req: 1100/2122] 10.0.0.63 () {34 vars in 741 bytes} [Fri Aug 14 05:32:44 2026] PUT /v2.0/routers/01c1d07d-c1cc-4e1f-b7d1-071b4d583acb => generated 583 bytes in 258 msecs (HTTP/1.1 200) 4 headers in 157 bytes (1 switches on core 0) [pid: 7|app: 0|req: 1023/2123] 10.0.0.63 () {34 vars in 668 bytes} [Fri Aug 14 05:32:43 2026] POST /v2.0/subnets => generated 626 bytes in 659 msecs (HTTP/1.1 201) 4 headers in 162 bytes (1 switches on core 0) [pid: 7|app: 0|req: 1024/2124] 10.0.0.63 () {32 vars in 735 bytes} [Fri Aug 14 05:32:44 2026] GET /v2.0/ports?device_id=01c1d07d-c1cc-4e1f-b7d1-071b4d583acb => generated 12 bytes in 15 msecs (HTTP/1.1 200) 4 headers in 156 bytes (1 switches on core 0) [pid: 8|app: 0|req: 1101/2125] 10.0.0.217 () {34 vars in 990 bytes} [Fri Aug 14 05:32:44 2026] GET /v2.0/ports?device_id=7df1340f-63b2-4e93-ab0d-9b3b3c41eace => generated 1010 bytes in 69 msecs (HTTP/1.1 200) 4 headers in 158 bytes (1 switches on core 0) [pid: 8|app: 0|req: 1102/2126] 10.0.0.63 () {32 vars in 723 bytes} [Fri Aug 14 05:32:44 2026] DELETE /v2.0/routers/01c1d07d-c1cc-4e1f-b7d1-071b4d583acb => generated 0 bytes in 150 msecs (HTTP/1.1 204) 2 headers in 112 bytes (1 switches on core 0) [pid: 8|app: 0|req: 1103/2127] 10.0.0.217 () {34 vars in 1120 bytes} [Fri Aug 14 05:32:44 2026] GET /v2.0/security-groups?id=db5ef47d-20ed-4a6a-8d28-4e70f628bc96&id=8c623eed-3c76-45c3-af4a-682518e01259&fields=id&fields=name => generated 206 bytes in 32 msecs (HTTP/1.1 200) 4 headers in 157 bytes (1 switches on core 0)
2026-08-14 05:32:44.693 7 WARNING neutron.scheduler.dhcp_agent_scheduler [None req-1a66fd20-502f-4ac2-86b7-3ec78625d5e7 5214de4555a24bf483eb0a727e9c352a 0110e8ad560a4c179510f76d891be339 - - default default] No more DHCP agents
2026-08-14 05:32:44.694 7 WARNING neutron.api.rpc.agentnotifiers.dhcp_rpc_agent_api [None req-1a66fd20-502f-4ac2-86b7-3ec78625d5e7 5214de4555a24bf483eb0a727e9c352a 0110e8ad560a4c179510f76d891be339 - - default default] Unable to schedule network 9cf23aa9-d644-4f5a-83b0-38c6e00c84ef: no agents available; will retry on subsequent port and subnet creation events. [pid: 8|app: 0|req: 1104/2128] 10.0.0.63 () {32 vars in 720 bytes} [Fri Aug 14 05:32:44 2026] GET /v2.0/routers/5fc0582a-9021-4c61-959a-703deb1c2dbf => generated 576 bytes in 35 msecs (HTTP/1.1 200) 4 headers in 157 bytes (1 switches on core 0)
2026-08-14 05:32:44.788 7 INFO neutron.plugins.ml2.drivers.ovn.mech_driver.mech_driver [None req-4ed8d700-1e84-44b7-81e1-6ca83f498521 - - - - - -] OVN reports status down for port: abc342b8-b065-4f06-b02b-9d886f9ec62c
2026-08-14 05:32:44.840 7 INFO neutron.db.ovn_revision_numbers_db [None req-1a66fd20-502f-4ac2-86b7-3ec78625d5e7 5214de4555a24bf483eb0a727e9c352a 0110e8ad560a4c179510f76d891be339 - - default default] Successfully bumped revision number for resource abc342b8-b065-4f06-b02b-9d886f9ec62c (type: ports) to 1 [pid: 7|app: 0|req: 1025/2129] 10.0.0.63 () {34 vars in 664 bytes} [Fri Aug 14 05:32:44 2026] POST /v2.0/ports => generated 953 bytes in 438 msecs (HTTP/1.1 201) 4 headers in 162 bytes (1 switches on core 0) /var/lib/openstack/lib/python3.12/site-packages/pycadf/identifier.py:70: UserWarning: Invalid uuid: neutron. To ensure interoperability, identifiers should be a valid uuid. warnings.warn(('Invalid uuid: %s. To ensure interoperability, ' [pid: 8|app: 0|req: 1105/2130] 10.0.0.63 () {32 vars in 735 bytes} [Fri Aug 14 05:32:44 2026] GET /v2.0/ports?device_id=7df1340f-63b2-4e93-ab0d-9b3b3c41eace => generated 1248 bytes in 225 msecs (HTTP/1.1 200) 4 headers in 158 bytes (1 switches on core 0)
2026-08-14 05:32:45.115 8 INFO neutron_taas.services.taas.taas_plugin [None req-7ddd82a8-0b90-426a-a653-1a5c3ac4a469 5214de4555a24bf483eb0a727e9c352a 0110e8ad560a4c179510f76d891be339 - - default default] TaaS: Handle Delete Port: abc342b8-b065-4f06-b02b-9d886f9ec62c
2026-08-14 05:32:45.118 8 INFO neutron_taas.services.taas.tap_mirror_plugin [None req-7ddd82a8-0b90-426a-a653-1a5c3ac4a469 5214de4555a24bf483eb0a727e9c352a 0110e8ad560a4c179510f76d891be339 - - default default] Tap Mirror: Handle Delete Port: abc342b8-b065-4f06-b02b-9d886f9ec62c [pid: 7|app: 0|req: 1026/2131] 10.0.0.63 () {34 vars in 741 bytes} [Fri Aug 14 05:32:44 2026] PUT /v2.0/routers/5fc0582a-9021-4c61-959a-703deb1c2dbf => generated 576 bytes in 258 msecs (HTTP/1.1 200) 4 headers in 157 bytes (1 switches on core 0) [pid: 7|app: 0|req: 1027/2132] 10.0.0.63 () {32 vars in 857 bytes} [Fri Aug 14 05:32:45 2026] GET /v2.0/floatingips?floating_network_id=d53ff7d0-91ae-426b-8889-276f76262d19&port_id=ccca16a3-c905-4d77-95d0-49143df2de6b => generated 860 bytes in 68 msecs (HTTP/1.1 200) 4 headers in 157 bytes (1 switches on core 0) [pid: 8|app: 0|req: 1106/2133] 10.0.0.63 () {32 vars in 719 bytes} [Fri Aug 14 05:32:44 2026] DELETE /v2.0/ports/abc342b8-b065-4f06-b02b-9d886f9ec62c => generated 0 bytes in 338 msecs (HTTP/1.1 204) 3 headers in 131 bytes (1 switches on core 0) [pid: 8|app: 0|req: 1107/2134] 10.0.0.63 () {32 vars in 735 bytes} [Fri Aug 14 05:32:45 2026] GET /v2.0/ports?device_id=5fc0582a-9021-4c61-959a-703deb1c2dbf => generated 12 bytes in 15 msecs (HTTP/1.1 200) 4 headers in 156 bytes (1 switches on core 0)
2026-08-14 05:32:45.309 8 INFO neutron.pecan_wsgi.hooks.translation [None req-31d62f55-6cd5-498e-b12e-2fbdeae91fdc 5214de4555a24bf483eb0a727e9c352a 0110e8ad560a4c179510f76d891be339 - - default default] DELETE failed (client error): The resource could not be found. [pid: 8|app: 0|req: 1108/2135] 10.0.0.63 () {32 vars in 719 bytes} [Fri Aug 14 05:32:45 2026] DELETE /v2.0/ports/abc342b8-b065-4f06-b02b-9d886f9ec62c => generated 132 bytes in 13 msecs (HTTP/1.1 404) 4 headers in 164 bytes (1 switches on core 0)
2026-08-14 05:32:45.396 7 INFO neutron.db.ovn_revision_numbers_db [None req-6a2e482e-5dcc-4fcf-9a1b-f15aab133343 97f2db2d734342c4ac45f2f8e549920c 0d01263fb4db4bbbb44cfdc65a3c799f - - default default] Successfully bumped revision number for resource b8237911-d78c-4783-a88e-50a6d70ea4fe (type: security_groups) to 1
2026-08-14 05:32:45.407 7 INFO neutron.db.ovn_revision_numbers_db [None req-6a2e482e-5dcc-4fcf-9a1b-f15aab133343 97f2db2d734342c4ac45f2f8e549920c 0d01263fb4db4bbbb44cfdc65a3c799f - - default default] Successfully bumped revision number for resource 0c0ce032-1ab9-4230-8433-ee5deec5d328 (type: security_group_rules) to 0
2026-08-14 05:32:45.420 7 INFO neutron.db.ovn_revision_numbers_db [None req-6a2e482e-5dcc-4fcf-9a1b-f15aab133343 97f2db2d734342c4ac45f2f8e549920c 0d01263fb4db4bbbb44cfdc65a3c799f - - default default] Successfully bumped revision number for resource 2f11f911-4a77-4357-947e-97a0dd63eba7 (type: security_group_rules) to 0
2026-08-14 05:32:45.432 7 INFO neutron.db.ovn_revision_numbers_db [None req-6a2e482e-5dcc-4fcf-9a1b-f15aab133343 97f2db2d734342c4ac45f2f8e549920c 0d01263fb4db4bbbb44cfdc65a3c799f - - default default] Successfully bumped revision number for resource 46cc78fa-20af-48df-b8b4-f5c57fa4ea61 (type: security_group_rules) to 0
2026-08-14 05:32:45.443 7 INFO neutron.db.ovn_revision_numbers_db [None req-6a2e482e-5dcc-4fcf-9a1b-f15aab133343 97f2db2d734342c4ac45f2f8e549920c 0d01263fb4db4bbbb44cfdc65a3c799f - - default default] Successfully bumped revision number for resource 9d469741-7b04-4f6b-bed6-d02359e7b53c (type: security_group_rules) to 0 [pid: 8|app: 0|req: 1109/2136] 10.0.0.63 () {32 vars in 723 bytes} [Fri Aug 14 05:32:45 2026] DELETE /v2.0/routers/5fc0582a-9021-4c61-959a-703deb1c2dbf => generated 0 bytes in 148 msecs (HTTP/1.1 204) 2 headers in 112 bytes (1 switches on core 0)
2026-08-14 05:32:45.472 8 INFO neutron.pecan_wsgi.hooks.translation [None req-936a2649-4485-431a-9b7f-8346b8133e7e 5214de4555a24bf483eb0a727e9c352a 0110e8ad560a4c179510f76d891be339 - - default default] GET failed (client error): The resource could not be found. [pid: 8|app: 0|req: 1110/2137] 10.0.0.63 () {32 vars in 716 bytes} [Fri Aug 14 05:32:45 2026] GET /v2.0/ports/abc342b8-b065-4f06-b02b-9d886f9ec62c => generated 132 bytes in 13 msecs (HTTP/1.1 404) 4 headers in 164 bytes (1 switches on core 0) [pid: 8|app: 0|req: 1111/2138] 10.0.0.10 () {34 vars in 989 bytes} [Fri Aug 14 05:32:45 2026] GET /v2.0/ports?device_id=7df1340f-63b2-4e93-ab0d-9b3b3c41eace => generated 1248 bytes in 34 msecs (HTTP/1.1 200) 4 headers in 158 bytes (1 switches on core 0)
2026-08-14 05:32:45.515 7 INFO neutron.db.segments_db [None req-6a2e482e-5dcc-4fcf-9a1b-f15aab133343 97f2db2d734342c4ac45f2f8e549920c 0d01263fb4db4bbbb44cfdc65a3c799f - - default default] Added segment 3e8662c1-d798-4c35-9188-0ac98f04cb2d of type geneve for network 4cef3aec-33a1-4df4-bd53-9cb15e1e3923
2026-08-14 05:32:45.610 7 INFO neutron.db.ovn_revision_numbers_db [None req-6a2e482e-5dcc-4fcf-9a1b-f15aab133343 97f2db2d734342c4ac45f2f8e549920c 0d01263fb4db4bbbb44cfdc65a3c799f - - default default] Successfully bumped revision number for resource 4cef3aec-33a1-4df4-bd53-9cb15e1e3923 (type: networks) to 1 [pid: 8|app: 0|req: 1112/2139] 10.0.0.63 () {32 vars in 723 bytes} [Fri Aug 14 05:32:45 2026] DELETE /v2.0/subnets/8d83ef13-5127-4ca5-8e9a-d4bae5046b94 => generated 0 bytes in 172 msecs (HTTP/1.1 204) 3 headers in 131 bytes (1 switches on core 0) [pid: 8|app: 0|req: 1113/2140] 10.0.0.10 () {34 vars in 1119 bytes} [Fri Aug 14 05:32:45 2026] GET /v2.0/security-groups?id=8c623eed-3c76-45c3-af4a-682518e01259&id=db5ef47d-20ed-4a6a-8d28-4e70f628bc96&fields=id&fields=name => generated 206 bytes in 30 msecs (HTTP/1.1 200) 4 headers in 157 bytes (1 switches on core 0)
2026-08-14 05:32:45.790 7 WARNING neutron.scheduler.dhcp_agent_scheduler [None req-6a2e482e-5dcc-4fcf-9a1b-f15aab133343 97f2db2d734342c4ac45f2f8e549920c 0d01263fb4db4bbbb44cfdc65a3c799f - - default default] No more DHCP agents
2026-08-14 05:32:45.792 7 WARNING neutron.api.rpc.agentnotifiers.dhcp_rpc_agent_api [None req-6a2e482e-5dcc-4fcf-9a1b-f15aab133343 97f2db2d734342c4ac45f2f8e549920c 0d01263fb4db4bbbb44cfdc65a3c799f - - default default] Unable to schedule network 4cef3aec-33a1-4df4-bd53-9cb15e1e3923: no agents available; will retry on subsequent port and subnet creation events.
2026-08-14 05:32:45.826 8 INFO neutron_taas.services.taas.taas_plugin [None req-e478d499-e29a-497f-ba73-31a61236505f 5214de4555a24bf483eb0a727e9c352a 0110e8ad560a4c179510f76d891be339 - - default default] TaaS: Handle Delete Port: 4590f223-1b89-4dac-beb4-f2ee5c3cc451
2026-08-14 05:32:45.838 8 INFO neutron_taas.services.taas.tap_mirror_plugin [None req-e478d499-e29a-497f-ba73-31a61236505f 5214de4555a24bf483eb0a727e9c352a 0110e8ad560a4c179510f76d891be339 - - default default] Tap Mirror: Handle Delete Port: 4590f223-1b89-4dac-beb4-f2ee5c3cc451
2026-08-14 05:32:45.857 8 INFO neutron.plugins.ml2.drivers.ovn.mech_driver.mech_driver [None req-b76b7b5b-69a8-4899-a484-43a181f36174 - - - - - -] OVN reports status down for port: 14a549c1-914b-4824-98a6-f8638d06f642
2026-08-14 05:32:45.866 7 INFO neutron.db.ovn_revision_numbers_db [None req-6a2e482e-5dcc-4fcf-9a1b-f15aab133343 97f2db2d734342c4ac45f2f8e549920c 0d01263fb4db4bbbb44cfdc65a3c799f - - default default] Successfully bumped revision number for resource 14a549c1-914b-4824-98a6-f8638d06f642 (type: ports) to 1 [pid: 7|app: 0|req: 1028/2141] 10.0.0.63 () {34 vars in 669 bytes} [Fri Aug 14 05:32:45 2026] POST /v2.0/networks => generated 651 bytes in 677 msecs (HTTP/1.1 201) 4 headers in 162 bytes (1 switches on core 0)
2026-08-14 05:32:46.009 7 INFO neutron.db.segments_db [None req-f1c66461-f26b-4c5e-b95e-98a793c73174 97f2db2d734342c4ac45f2f8e549920c 0d01263fb4db4bbbb44cfdc65a3c799f - - default default] Added segment 2596dd80-f9f1-46f8-8dc2-0b11cdf39b07 of type geneve for network 63483a25-b7e5-4b56-974b-0f2c16a7e0f9
2026-08-14 05:32:46.106 8 INFO neutron.services.segments.plugin [-] Segment d101b5d7-b6c6-4440-addf-f2152c4c8a42 resource provider aggregate not found
2026-08-14 05:32:46.116 8 INFO neutron.services.segments.plugin [-] Segment d101b5d7-b6c6-4440-addf-f2152c4c8a42 resource provider aggregate not found
2026-08-14 05:32:46.121 7 INFO neutron.db.ovn_revision_numbers_db [None req-f1c66461-f26b-4c5e-b95e-98a793c73174 97f2db2d734342c4ac45f2f8e549920c 0d01263fb4db4bbbb44cfdc65a3c799f - - default default] Successfully bumped revision number for resource 63483a25-b7e5-4b56-974b-0f2c16a7e0f9 (type: networks) to 1
2026-08-14 05:32:46.128 8 INFO neutron.services.segments.plugin [-] Segment d101b5d7-b6c6-4440-addf-f2152c4c8a42 resource provider not found; error: Placement Client Error (4xx): {"errors": [{"status": 404, "title": "Not Found", "detail": "The resource could not be found.\n\n No resource provider with uuid d101b5d7-b6c6-4440-addf-f2152c4c8a42 found for delete ", "request_id": "req-e555c0e0-6fc1-4177-84df-56a061ada126"}]}
2026-08-14 05:32:46.141 8 INFO neutron.services.segments.plugin [-] Segment d101b5d7-b6c6-4440-addf-f2152c4c8a42 resource provider not found; error: Placement Client Error (4xx): {"errors": [{"status": 404, "title": "Not Found", "detail": "The resource could not be found.\n\n No resource provider with uuid d101b5d7-b6c6-4440-addf-f2152c4c8a42 found for delete ", "request_id": "req-d1d32751-abdc-42cc-94d5-1d6e9ffa460e"}]} [pid: 8|app: 0|req: 1114/2142] 10.0.0.63 () {32 vars in 725 bytes} [Fri Aug 14 05:32:45 2026] DELETE /v2.0/networks/9cf23aa9-d644-4f5a-83b0-38c6e00c84ef => generated 0 bytes in 470 msecs (HTTP/1.1 204) 3 headers in 131 bytes (1 switches on core 0)
2026-08-14 05:32:46.264 8 INFO neutron.db.segments_db [None req-87b35d10-a2db-4601-b9f5-8f4328cbc1a8 5214de4555a24bf483eb0a727e9c352a 0110e8ad560a4c179510f76d891be339 - - default default] Added segment 7c5ed41c-522b-4692-b35e-2489409a26f9 of type geneve for network 41da7545-9848-4e03-849b-584b86eef04f
2026-08-14 05:32:46.284 7 WARNING neutron.scheduler.dhcp_agent_scheduler [None req-f1c66461-f26b-4c5e-b95e-98a793c73174 97f2db2d734342c4ac45f2f8e549920c 0d01263fb4db4bbbb44cfdc65a3c799f - - default default] No more DHCP agents
2026-08-14 05:32:46.286 7 WARNING neutron.api.rpc.agentnotifiers.dhcp_rpc_agent_api [None req-f1c66461-f26b-4c5e-b95e-98a793c73174 97f2db2d734342c4ac45f2f8e549920c 0d01263fb4db4bbbb44cfdc65a3c799f - - default default] Unable to schedule network 63483a25-b7e5-4b56-974b-0f2c16a7e0f9: no agents available; will retry on subsequent port and subnet creation events.
2026-08-14 05:32:46.352 8 INFO neutron.plugins.ml2.drivers.ovn.mech_driver.mech_driver [None req-b76b7b5b-69a8-4899-a484-43a181f36174 - - - - - -] OVN reports status down for port: 6bbec380-eaa2-4b2e-936c-fe28f90040c6
2026-08-14 05:32:46.353 7 INFO neutron.db.ovn_revision_numbers_db [None req-f1c66461-f26b-4c5e-b95e-98a793c73174 97f2db2d734342c4ac45f2f8e549920c 0d01263fb4db4bbbb44cfdc65a3c799f - - default default] Successfully bumped revision number for resource 6bbec380-eaa2-4b2e-936c-fe28f90040c6 (type: ports) to 1 [pid: 7|app: 0|req: 1029/2143] 10.0.0.63 () {34 vars in 669 bytes} [Fri Aug 14 05:32:45 2026] POST /v2.0/networks => generated 650 bytes in 473 msecs (HTTP/1.1 201) 4 headers in 162 bytes (1 switches on core 0)
2026-08-14 05:32:46.403 8 INFO neutron.db.ovn_revision_numbers_db [None req-87b35d10-a2db-4601-b9f5-8f4328cbc1a8 5214de4555a24bf483eb0a727e9c352a 0110e8ad560a4c179510f76d891be339 - - default default] Successfully bumped revision number for resource 41da7545-9848-4e03-849b-584b86eef04f (type: networks) to 1
2026-08-14 05:32:46.604 8 WARNING neutron.scheduler.dhcp_agent_scheduler [None req-87b35d10-a2db-4601-b9f5-8f4328cbc1a8 5214de4555a24bf483eb0a727e9c352a 0110e8ad560a4c179510f76d891be339 - - default default] No more DHCP agents
2026-08-14 05:32:46.607 8 WARNING neutron.api.rpc.agentnotifiers.dhcp_rpc_agent_api [None req-87b35d10-a2db-4601-b9f5-8f4328cbc1a8 5214de4555a24bf483eb0a727e9c352a 0110e8ad560a4c179510f76d891be339 - - default default] Unable to schedule network 41da7545-9848-4e03-849b-584b86eef04f: no agents available; will retry on subsequent port and subnet creation events.
2026-08-14 05:32:46.622 7 INFO neutron.db.ovn_revision_numbers_db [None req-06531299-10a6-415d-89a4-23cb78ca0a1b 58989ef8344144e28be6f0db5ae67d1f 49d7294f24d04109bb47f751ed775a27 - - default default] Successfully bumped revision number for resource a589e905-9bb4-4d89-a8e1-4f00d9869169 (type: security_groups) to 1
2026-08-14 05:32:46.639 7 INFO neutron.db.ovn_revision_numbers_db [None req-06531299-10a6-415d-89a4-23cb78ca0a1b 58989ef8344144e28be6f0db5ae67d1f 49d7294f24d04109bb47f751ed775a27 - - default default] Successfully bumped revision number for resource 12344c56-8701-434f-a356-cc1a038949dd (type: security_group_rules) to 0
2026-08-14 05:32:46.664 7 INFO neutron.plugins.ml2.drivers.ovn.mech_driver.mech_driver [None req-4ed8d700-1e84-44b7-81e1-6ca83f498521 - - - - - -] OVN reports status down for port: 1701be2e-0e5a-42f2-8d66-bab0e5c1822c
2026-08-14 05:32:46.673 7 INFO neutron.db.ovn_revision_numbers_db [None req-06531299-10a6-415d-89a4-23cb78ca0a1b 58989ef8344144e28be6f0db5ae67d1f 49d7294f24d04109bb47f751ed775a27 - - default default] Successfully bumped revision number for resource 4033dc88-00d2-4ecd-826e-0bfd371505f7 (type: security_group_rules) to 0
2026-08-14 05:32:46.700 7 INFO neutron.db.ovn_revision_numbers_db [None req-06531299-10a6-415d-89a4-23cb78ca0a1b 58989ef8344144e28be6f0db5ae67d1f 49d7294f24d04109bb47f751ed775a27 - - default default] Successfully bumped revision number for resource 610d7abd-f22c-48ae-bc4d-5bd633fb1b2a (type: security_group_rules) to 0
2026-08-14 05:32:46.704 8 INFO neutron.db.ovn_revision_numbers_db [None req-87b35d10-a2db-4601-b9f5-8f4328cbc1a8 5214de4555a24bf483eb0a727e9c352a 0110e8ad560a4c179510f76d891be339 - - default default] Successfully bumped revision number for resource 1701be2e-0e5a-42f2-8d66-bab0e5c1822c (type: ports) to 1
2026-08-14 05:32:46.717 7 INFO neutron.db.ovn_revision_numbers_db [None req-06531299-10a6-415d-89a4-23cb78ca0a1b 58989ef8344144e28be6f0db5ae67d1f 49d7294f24d04109bb47f751ed775a27 - - default default] Successfully bumped revision number for resource 9daeefe3-9fc1-4ac4-b9bb-3425fbffcb28 (type: security_group_rules) to 0 [pid: 8|app: 0|req: 1115/2144] 10.0.0.63 () {34 vars in 669 bytes} [Fri Aug 14 05:32:46 2026] POST /v2.0/networks => generated 650 bytes in 543 msecs (HTTP/1.1 201) 4 headers in 162 bytes (1 switches on core 0) [pid: 7|app: 0|req: 1030/2145] 10.0.0.63 () {32 vars in 773 bytes} [Fri Aug 14 05:32:46 2026] GET /v2.0/security-groups?tenant_id=6711fbf393844917a648b3e2780d39f8&name=default => generated 2925 bytes in 402 msecs (HTTP/1.1 200) 4 headers in 158 bytes (1 switches on core 0)
2026-08-14 05:32:46.825 8 INFO neutron.db.segments_db [None req-e6ed25d9-476f-4c8f-aae5-551586fc91ce 97f2db2d734342c4ac45f2f8e549920c 0d01263fb4db4bbbb44cfdc65a3c799f - - default default] Added segment 0d856b95-06a8-4870-ae68-3560aea8f649 of type geneve for network f907c733-39c6-451f-85f0-645b0afd56b5
2026-08-14 05:32:46.947 8 INFO neutron.db.ovn_revision_numbers_db [None req-e6ed25d9-476f-4c8f-aae5-551586fc91ce 97f2db2d734342c4ac45f2f8e549920c 0d01263fb4db4bbbb44cfdc65a3c799f - - default default] Successfully bumped revision number for resource f907c733-39c6-451f-85f0-645b0afd56b5 (type: networks) to 1
2026-08-14 05:32:47.003 7 WARNING neutron.scheduler.dhcp_agent_scheduler [None req-ff65baf3-d40b-4a6d-8507-c7cf82de3874 5214de4555a24bf483eb0a727e9c352a 0110e8ad560a4c179510f76d891be339 - - default default] No more DHCP agents
2026-08-14 05:32:47.004 7 WARNING neutron.api.rpc.agentnotifiers.dhcp_rpc_agent_api [None req-ff65baf3-d40b-4a6d-8507-c7cf82de3874 5214de4555a24bf483eb0a727e9c352a 0110e8ad560a4c179510f76d891be339 - - default default] Unable to schedule network 41da7545-9848-4e03-849b-584b86eef04f: no agents available; will retry on subsequent port and subnet creation events.
2026-08-14 05:32:47.089 8 WARNING neutron.scheduler.dhcp_agent_scheduler [None req-e6ed25d9-476f-4c8f-aae5-551586fc91ce 97f2db2d734342c4ac45f2f8e549920c 0d01263fb4db4bbbb44cfdc65a3c799f - - default default] No more DHCP agents
2026-08-14 05:32:47.090 8 WARNING neutron.api.rpc.agentnotifiers.dhcp_rpc_agent_api [None req-e6ed25d9-476f-4c8f-aae5-551586fc91ce 97f2db2d734342c4ac45f2f8e549920c 0d01263fb4db4bbbb44cfdc65a3c799f - - default default] Unable to schedule network f907c733-39c6-451f-85f0-645b0afd56b5: no agents available; will retry on subsequent port and subnet creation events.
2026-08-14 05:32:47.137 8 INFO neutron.plugins.ml2.drivers.ovn.mech_driver.mech_driver [None req-b76b7b5b-69a8-4899-a484-43a181f36174 - - - - - -] OVN reports status down for port: d224f724-15af-4512-bee9-fe37677c35f1
2026-08-14 05:32:47.207 8 INFO neutron.db.ovn_revision_numbers_db [None req-e6ed25d9-476f-4c8f-aae5-551586fc91ce 97f2db2d734342c4ac45f2f8e549920c 0d01263fb4db4bbbb44cfdc65a3c799f - - default default] Successfully bumped revision number for resource d224f724-15af-4512-bee9-fe37677c35f1 (type: ports) to 1 [pid: 8|app: 0|req: 1116/2146] 10.0.0.63 () {34 vars in 669 bytes} [Fri Aug 14 05:32:46 2026] POST /v2.0/networks => generated 651 bytes in 522 msecs (HTTP/1.1 201) 4 headers in 162 bytes (1 switches on core 0)
2026-08-14 05:32:47.469 7 INFO neutron.db.ovn_revision_numbers_db [None req-54ce9837-899f-40de-81f8-f635b3068f2c - - - - - -] Successfully bumped revision number for resource 1701be2e-0e5a-42f2-8d66-bab0e5c1822c (type: ports) to 2 [pid: 8|app: 0|req: 1117/2147] 10.0.0.63 () {32 vars in 739 bytes} [Fri Aug 14 05:32:47 2026] DELETE /v2.0/security-groups/a589e905-9bb4-4d89-a8e1-4f00d9869169 => generated 0 bytes in 248 msecs (HTTP/1.1 204) 2 headers in 112 bytes (1 switches on core 0)
2026-08-14 05:32:47.518 7 INFO neutron.db.ovn_revision_numbers_db [None req-54ce9837-899f-40de-81f8-f635b3068f2c - - - - - -] Successfully bumped revision number for resource 3d7e04f3-235c-450c-a4fe-d7bcab60cec3 (type: subnets) to 0 [pid: 7|app: 0|req: 1031/2148] 10.0.0.63 () {34 vars in 668 bytes} [Fri Aug 14 05:32:46 2026] POST /v2.0/subnets => generated 626 bytes in 757 msecs (HTTP/1.1 201) 4 headers in 162 bytes (1 switches on core 0)
2026-08-14 05:32:47.620 7 INFO neutron.db.segments_db [None req-a11b9f35-bc27-45cf-8965-0016bba246da 97f2db2d734342c4ac45f2f8e549920c 0d01263fb4db4bbbb44cfdc65a3c799f - - default default] Added segment f2c4a09a-cd6b-46df-9968-7e0320d5f43c of type geneve for network 526aee57-c1ef-4880-b26e-d26d828436bf [pid: 8|app: 0|req: 1118/2149] 10.0.0.155 () {28 vars in 579 bytes} [Fri Aug 14 05:32:47 2026] GET /v2.0/ports => generated 19297 bytes in 136 msecs (HTTP/1.1 200) 4 headers in 159 bytes (1 switches on core 0)
2026-08-14 05:32:47.728 7 INFO neutron.db.ovn_revision_numbers_db [None req-a11b9f35-bc27-45cf-8965-0016bba246da 97f2db2d734342c4ac45f2f8e549920c 0d01263fb4db4bbbb44cfdc65a3c799f - - default default] Successfully bumped revision number for resource 526aee57-c1ef-4880-b26e-d26d828436bf (type: networks) to 1
2026-08-14 05:32:47.906 7 WARNING neutron.scheduler.dhcp_agent_scheduler [None req-a11b9f35-bc27-45cf-8965-0016bba246da 97f2db2d734342c4ac45f2f8e549920c 0d01263fb4db4bbbb44cfdc65a3c799f - - default default] No more DHCP agents
2026-08-14 05:32:47.907 7 WARNING neutron.api.rpc.agentnotifiers.dhcp_rpc_agent_api [None req-a11b9f35-bc27-45cf-8965-0016bba246da 97f2db2d734342c4ac45f2f8e549920c 0d01263fb4db4bbbb44cfdc65a3c799f - - default default] Unable to schedule network 526aee57-c1ef-4880-b26e-d26d828436bf: no agents available; will retry on subsequent port and subnet creation events.
2026-08-14 05:32:47.929 8 WARNING neutron.scheduler.dhcp_agent_scheduler [None req-ce2284cd-5300-48bd-b3f2-48cd52b819ab 5214de4555a24bf483eb0a727e9c352a 0110e8ad560a4c179510f76d891be339 - - default default] No more DHCP agents
2026-08-14 05:32:47.930 8 WARNING neutron.api.rpc.agentnotifiers.dhcp_rpc_agent_api [None req-ce2284cd-5300-48bd-b3f2-48cd52b819ab 5214de4555a24bf483eb0a727e9c352a 0110e8ad560a4c179510f76d891be339 - - default default] Unable to schedule network 41da7545-9848-4e03-849b-584b86eef04f: no agents available; will retry on subsequent port and subnet creation events.
2026-08-14 05:32:47.958 7 INFO neutron.plugins.ml2.drivers.ovn.mech_driver.mech_driver [None req-4ed8d700-1e84-44b7-81e1-6ca83f498521 - - - - - -] OVN reports status down for port: 68aedf10-c554-420b-a80e-4638d99b5e1b
2026-08-14 05:32:48.011 7 INFO neutron.db.ovn_revision_numbers_db [None req-a11b9f35-bc27-45cf-8965-0016bba246da 97f2db2d734342c4ac45f2f8e549920c 0d01263fb4db4bbbb44cfdc65a3c799f - - default default] Successfully bumped revision number for resource 68aedf10-c554-420b-a80e-4638d99b5e1b (type: ports) to 1 [pid: 7|app: 0|req: 1032/2150] 10.0.0.63 () {34 vars in 669 bytes} [Fri Aug 14 05:32:47 2026] POST /v2.0/networks => generated 650 bytes in 505 msecs (HTTP/1.1 201) 4 headers in 162 bytes (1 switches on core 0)
2026-08-14 05:32:48.075 7 INFO neutron.plugins.ml2.drivers.ovn.mech_driver.mech_driver [None req-4ed8d700-1e84-44b7-81e1-6ca83f498521 - - - - - -] OVN reports status down for port: b1bdec52-d789-43ab-90e7-45773556a44c
2026-08-14 05:32:48.108 8 INFO neutron.db.ovn_revision_numbers_db [None req-ce2284cd-5300-48bd-b3f2-48cd52b819ab 5214de4555a24bf483eb0a727e9c352a 0110e8ad560a4c179510f76d891be339 - - default default] Successfully bumped revision number for resource b1bdec52-d789-43ab-90e7-45773556a44c (type: ports) to 1 [pid: 8|app: 0|req: 1119/2151] 10.0.0.63 () {34 vars in 664 bytes} [Fri Aug 14 05:32:47 2026] POST /v2.0/ports => generated 911 bytes in 543 msecs (HTTP/1.1 201) 4 headers in 162 bytes (1 switches on core 0) [pid: 8|app: 0|req: 1120/2152] 10.0.0.217 () {34 vars in 990 bytes} [Fri Aug 14 05:32:48 2026] GET /v2.0/ports?device_id=7df1340f-63b2-4e93-ab0d-9b3b3c41eace => generated 1010 bytes in 45 msecs (HTTP/1.1 200) 4 headers in 158 bytes (1 switches on core 0) [pid: 8|app: 0|req: 1121/2153] 10.0.0.155 () {28 vars in 619 bytes} [Fri Aug 14 05:32:48 2026] GET /v2.0/network-ip-availabilities => generated 3813 bytes in 20 msecs (HTTP/1.1 200) 4 headers in 158 bytes (1 switches on core 0)
2026-08-14 05:32:48.269 7 INFO neutron.db.ovn_revision_numbers_db [None req-a4ac5d13-d3a8-4037-846a-2eab3ee9a145 58989ef8344144e28be6f0db5ae67d1f 49d7294f24d04109bb47f751ed775a27 - - default default] Successfully bumped revision number for resource a5c73334-0c9b-4711-8212-290704a3f091 (type: security_groups) to 1
2026-08-14 05:32:48.282 7 INFO neutron.db.ovn_revision_numbers_db [None req-a4ac5d13-d3a8-4037-846a-2eab3ee9a145 58989ef8344144e28be6f0db5ae67d1f 49d7294f24d04109bb47f751ed775a27 - - default default] Successfully bumped revision number for resource 1f368d56-8fc2-421f-ba2a-5f6f1600e7e2 (type: security_group_rules) to 0
2026-08-14 05:32:48.294 7 INFO neutron.db.ovn_revision_numbers_db [None req-a4ac5d13-d3a8-4037-846a-2eab3ee9a145 58989ef8344144e28be6f0db5ae67d1f 49d7294f24d04109bb47f751ed775a27 - - default default] Successfully bumped revision number for resource 25d0d63b-877e-4c1d-8e2a-12dc40a90d4d (type: security_group_rules) to 0
2026-08-14 05:32:48.306 7 INFO neutron.db.ovn_revision_numbers_db [None req-a4ac5d13-d3a8-4037-846a-2eab3ee9a145 58989ef8344144e28be6f0db5ae67d1f 49d7294f24d04109bb47f751ed775a27 - - default default] Successfully bumped revision number for resource 8169ae98-38e5-4dd4-88dd-4013e3d297ed (type: security_group_rules) to 0
2026-08-14 05:32:48.316 7 INFO neutron.db.ovn_revision_numbers_db [None req-a4ac5d13-d3a8-4037-846a-2eab3ee9a145 58989ef8344144e28be6f0db5ae67d1f 49d7294f24d04109bb47f751ed775a27 - - default default] Successfully bumped revision number for resource 94daaf0a-e121-445a-b1e8-11509de7f862 (type: security_group_rules) to 0
2026-08-14 05:32:48.329 8 INFO neutron.db.segments_db [None req-8021400f-2e31-4004-9a7c-d10a7e7a2c1e 97f2db2d734342c4ac45f2f8e549920c 0d01263fb4db4bbbb44cfdc65a3c799f - - default default] Added segment da62099c-cd5a-4a55-b461-c1c473b65757 of type geneve for network e4b69816-7623-44d6-986f-e16486733fcc [pid: 7|app: 0|req: 1033/2154] 10.0.0.63 () {32 vars in 773 bytes} [Fri Aug 14 05:32:48 2026] GET /v2.0/security-groups?tenant_id=291651f22d7341408f851ef46dfe9112&name=default => generated 2925 bytes in 308 msecs (HTTP/1.1 200) 4 headers in 158 bytes (1 switches on core 0)
2026-08-14 05:32:48.428 8 INFO neutron.db.ovn_revision_numbers_db [None req-8021400f-2e31-4004-9a7c-d10a7e7a2c1e 97f2db2d734342c4ac45f2f8e549920c 0d01263fb4db4bbbb44cfdc65a3c799f - - default default] Successfully bumped revision number for resource e4b69816-7623-44d6-986f-e16486733fcc (type: networks) to 1
2026-08-14 05:32:48.474 7 INFO neutron_taas.services.taas.taas_plugin [None req-0e252aa6-07a4-43ce-a14f-b37b78731342 5214de4555a24bf483eb0a727e9c352a 0110e8ad560a4c179510f76d891be339 - - default default] TaaS: Handle Delete Port: b1bdec52-d789-43ab-90e7-45773556a44c
2026-08-14 05:32:48.477 7 INFO neutron_taas.services.taas.tap_mirror_plugin [None req-0e252aa6-07a4-43ce-a14f-b37b78731342 5214de4555a24bf483eb0a727e9c352a 0110e8ad560a4c179510f76d891be339 - - default default] Tap Mirror: Handle Delete Port: b1bdec52-d789-43ab-90e7-45773556a44c
2026-08-14 05:32:48.587 8 WARNING neutron.scheduler.dhcp_agent_scheduler [None req-8021400f-2e31-4004-9a7c-d10a7e7a2c1e 97f2db2d734342c4ac45f2f8e549920c 0d01263fb4db4bbbb44cfdc65a3c799f - - default default] No more DHCP agents
2026-08-14 05:32:48.588 8 WARNING neutron.api.rpc.agentnotifiers.dhcp_rpc_agent_api [None req-8021400f-2e31-4004-9a7c-d10a7e7a2c1e 97f2db2d734342c4ac45f2f8e549920c 0d01263fb4db4bbbb44cfdc65a3c799f - - default default] Unable to schedule network e4b69816-7623-44d6-986f-e16486733fcc: no agents available; will retry on subsequent port and subnet creation events. [pid: 7|app: 0|req: 1034/2155] 10.0.0.63 () {32 vars in 719 bytes} [Fri Aug 14 05:32:48 2026] DELETE /v2.0/ports/b1bdec52-d789-43ab-90e7-45773556a44c => generated 0 bytes in 259 msecs (HTTP/1.1 204) 3 headers in 131 bytes (1 switches on core 0)
2026-08-14 05:32:48.638 8 INFO neutron.plugins.ml2.drivers.ovn.mech_driver.mech_driver [None req-b76b7b5b-69a8-4899-a484-43a181f36174 - - - - - -] OVN reports status down for port: 15e69072-5a17-40b5-a4d1-0c00217d665e [pid: 7|app: 0|req: 1035/2156] 10.0.0.217 () {34 vars in 1120 bytes} [Fri Aug 14 05:32:48 2026] GET /v2.0/security-groups?id=db5ef47d-20ed-4a6a-8d28-4e70f628bc96&id=8c623eed-3c76-45c3-af4a-682518e01259&fields=id&fields=name => generated 206 bytes in 40 msecs (HTTP/1.1 200) 4 headers in 157 bytes (1 switches on core 0) [pid: 7|app: 0|req: 1036/2157] 10.0.0.155 () {28 vars in 583 bytes} [Fri Aug 14 05:32:48 2026] GET /v2.0/subnets => generated 3298 bytes in 38 msecs (HTTP/1.1 200) 4 headers in 158 bytes (1 switches on core 0)
2026-08-14 05:32:48.705 8 INFO neutron.db.ovn_revision_numbers_db [None req-8021400f-2e31-4004-9a7c-d10a7e7a2c1e 97f2db2d734342c4ac45f2f8e549920c 0d01263fb4db4bbbb44cfdc65a3c799f - - default default] Successfully bumped revision number for resource 15e69072-5a17-40b5-a4d1-0c00217d665e (type: ports) to 1
2026-08-14 05:32:48.746 8 INFO neutron.plugins.ml2.drivers.ovn.mech_driver.mech_driver [None req-b76b7b5b-69a8-4899-a484-43a181f36174 - - - - - -] OVN reports status down for port: ccca16a3-c905-4d77-95d0-49143df2de6b [pid: 8|app: 0|req: 1122/2158] 10.0.0.63 () {34 vars in 669 bytes} [Fri Aug 14 05:32:48 2026] POST /v2.0/networks => generated 651 bytes in 510 msecs (HTTP/1.1 201) 4 headers in 162 bytes (1 switches on core 0)
2026-08-14 05:32:48.787 8 INFO neutron.pecan_wsgi.hooks.translation [None req-d643c2a6-95fb-48db-98c4-aaa0fdf05fc4 5214de4555a24bf483eb0a727e9c352a 0110e8ad560a4c179510f76d891be339 - - default default] GET failed (client error): The resource could not be found. [pid: 8|app: 0|req: 1123/2159] 10.0.0.63 () {32 vars in 716 bytes} [Fri Aug 14 05:32:48 2026] GET /v2.0/ports/b1bdec52-d789-43ab-90e7-45773556a44c => generated 132 bytes in 32 msecs (HTTP/1.1 404) 4 headers in 164 bytes (1 switches on core 0) [pid: 8|app: 0|req: 1124/2160] 10.0.0.155 () {28 vars in 591 bytes} [Fri Aug 14 05:32:48 2026] GET /v2.0/subnetpools => generated 19 bytes in 16 msecs (HTTP/1.1 200) 4 headers in 156 bytes (1 switches on core 0) [pid: 7|app: 0|req: 1037/2161] 10.0.0.63 () {32 vars in 739 bytes} [Fri Aug 14 05:32:48 2026] DELETE /v2.0/security-groups/a5c73334-0c9b-4711-8212-290704a3f091 => generated 0 bytes in 218 msecs (HTTP/1.1 204) 2 headers in 112 bytes (1 switches on core 0) [pid: 8|app: 0|req: 1125/2162] 10.0.0.63 () {34 vars in 752 bytes} [Fri Aug 14 05:32:48 2026] PUT /v2.0/networks/4cef3aec-33a1-4df4-bd53-9cb15e1e3923/tags => generated 17 bytes in 133 msecs (HTTP/1.1 200) 4 headers in 156 bytes (1 switches on core 0)
2026-08-14 05:32:48.966 8 INFO neutron.notifiers.nova [-] Nova event matching ['req-fdb24d7b-b24e-451c-b311-b3aef604dd51'] response: {'server_uuid': '7df1340f-63b2-4e93-ab0d-9b3b3c41eace', 'name': 'network-vif-unplugged', 'status': 'completed', 'tag': 'ccca16a3-c905-4d77-95d0-49143df2de6b', 'code': 200} [pid: 8|app: 0|req: 1126/2163] 10.0.0.155 () {28 vars in 591 bytes} [Fri Aug 14 05:32:48 2026] GET /v2.0/floatingips => generated 858 bytes in 68 msecs (HTTP/1.1 200) 4 headers in 157 bytes (1 switches on core 0) [pid: 8|app: 0|req: 1127/2164] 10.0.0.63 () {34 vars in 752 bytes} [Fri Aug 14 05:32:49 2026] PUT /v2.0/networks/63483a25-b7e5-4b56-974b-0f2c16a7e0f9/tags => generated 25 bytes in 83 msecs (HTTP/1.1 200) 4 headers in 156 bytes (1 switches on core 0) [pid: 8|app: 0|req: 1128/2165] 10.0.0.155 () {28 vars in 581 bytes} [Fri Aug 14 05:32:49 2026] GET /v2.0/agents => generated 1214 bytes in 33 msecs (HTTP/1.1 200) 4 headers in 158 bytes (1 switches on core 0)
