2026-08-14 05:31:00.056 7 INFO neutron.db.ovn_revision_numbers_db [None req-69b86328-c175-4fcd-a5d7-b15b93dfa013 7134d21af29a408a82140875d2a7fdba 1c8caa4093f14a6da961e56985265596 - - default default] Successfully bumped revision number for resource 4bd87293-f71b-4c34-ab76-edbb3184db86 (type: security_groups) to 1
2026-08-14 05:31:00.070 7 INFO neutron.db.ovn_revision_numbers_db [None req-69b86328-c175-4fcd-a5d7-b15b93dfa013 7134d21af29a408a82140875d2a7fdba 1c8caa4093f14a6da961e56985265596 - - default default] Successfully bumped revision number for resource 81139629-5f48-4f8e-a0ad-9ed699ad995b (type: security_group_rules) to 0
2026-08-14 05:31:00.081 7 INFO neutron.db.ovn_revision_numbers_db [None req-69b86328-c175-4fcd-a5d7-b15b93dfa013 7134d21af29a408a82140875d2a7fdba 1c8caa4093f14a6da961e56985265596 - - default default] Successfully bumped revision number for resource c2c57e0b-987a-4c06-a34b-3a9dcf62edc8 (type: security_group_rules) to 0 [pid: 7|app: 0|req: 677/1317] 10.0.0.63 () {34 vars in 684 bytes} [Fri Aug 14 05:30:59 2026] POST /v2.0/security-groups => generated 1675 bytes in 220 msecs (HTTP/1.1 201) 4 headers in 163 bytes (1 switches on core 0) /var/lib/openstack/lib/python3.12/site-packages/pycadf/identifier.py:70: UserWarning: Invalid uuid: neutron. To ensure interoperability, identifiers should be a valid uuid. warnings.warn(('Invalid uuid: %s. To ensure interoperability, '
2026-08-14 05:31:00.129 8 INFO neutron.db.l3_db [None req-8213951d-7fde-4a19-9b38-d06f226ded5e 07e9d6d2c6e54a9b805e745ce9261db5 e934dbc3cbfd4af8be1af3f123b70b88 - - default default] Floating IP 203caa1a-868e-4782-a6ce-4ca3821bdd92 disassociated. External IP: 10.96.250.214, port: e7fd26bb-b322-4e80-9e55-d40f68b0231c. [pid: 7|app: 0|req: 678/1318] 199.204.45.77 () {34 vars in 1051 bytes} [Fri Aug 14 05:31:00 2026] GET /v2.0/ports?network_id=30316894-8775-4bba-9472-d97de3b23319&device_owner=network%3Adhcp => generated 12 bytes in 18 msecs (HTTP/1.1 200) 4 headers in 156 bytes (1 switches on core 0) [pid: 7|app: 0|req: 679/1319] 10.0.0.63 () {32 vars in 642 bytes} [Fri Aug 14 05:31:00 2026] GET /v2.0/ports => generated 1523 bytes in 39 msecs (HTTP/1.1 200) 4 headers in 158 bytes (1 switches on core 0) [pid: 8|app: 0|req: 641/1320] 10.0.0.63 () {34 vars in 748 bytes} [Fri Aug 14 05:30:59 2026] PUT /v2.0/floatingips/203caa1a-868e-4782-a6ce-4ca3821bdd92 => generated 554 bytes in 408 msecs (HTTP/1.1 200) 4 headers in 157 bytes (1 switches on core 0) [pid: 8|app: 0|req: 642/1321] 199.204.45.77 () {34 vars in 1011 bytes} [Fri Aug 14 05:31:00 2026] GET /v2.0/networks/30316894-8775-4bba-9472-d97de3b23319?fields=segments => generated 14 bytes in 74 msecs (HTTP/1.1 200) 4 headers in 156 bytes (1 switches on core 0)
2026-08-14 05:31:00.314 7 INFO neutron.db.ovn_revision_numbers_db [None req-394b8681-a6d1-4e3d-9a44-6c7f6daf261c 7134d21af29a408a82140875d2a7fdba 1c8caa4093f14a6da961e56985265596 - - default default] Successfully bumped revision number for resource 9360520c-c6ad-44f7-ac9d-b9a54dfc121a (type: security_group_rules) to 0 [pid: 7|app: 0|req: 680/1322] 10.0.0.63 () {34 vars in 694 bytes} [Fri Aug 14 05:31:00 2026] POST /v2.0/security-group-rules => generated 597 bytes in 167 msecs (HTTP/1.1 201) 4 headers in 162 bytes (1 switches on core 0)
2026-08-14 05:31:00.354 8 INFO neutron.db.ovn_revision_numbers_db [None req-7ac87877-abf9-4976-a2d0-6a1b13c2bf8b - - - - - -] Successfully bumped revision number for resource 68a891e3-9c56-452e-9fcf-32a2a93181e3 (type: ports) to 7
2026-08-14 05:31:00.406 8 INFO neutron.db.segments_db [None req-897a9e4f-3dbd-450b-a8f6-0cac358ba90f 9e83aa68d9d340b2b28487feb36b6fe9 088992f4635d4ddc873aa3cce98edfcf - - default default] Added segment d62785b7-4a1d-4dbc-925f-3ef713698085 of type geneve for network a32ec24c-6682-4ac9-888c-4103e250ef75
2026-08-14 05:31:00.456 7 INFO neutron_taas.services.taas.taas_plugin [None req-69620129-9a29-4ed3-bd26-13ce3bcc4d3b 07e9d6d2c6e54a9b805e745ce9261db5 e934dbc3cbfd4af8be1af3f123b70b88 - - default default] TaaS: Handle Delete Port: 611aa6ba-28b2-4843-bf2a-c8b158ac4e6b
2026-08-14 05:31:00.458 7 INFO neutron_taas.services.taas.tap_mirror_plugin [None req-69620129-9a29-4ed3-bd26-13ce3bcc4d3b 07e9d6d2c6e54a9b805e745ce9261db5 e934dbc3cbfd4af8be1af3f123b70b88 - - default default] Tap Mirror: Handle Delete Port: 611aa6ba-28b2-4843-bf2a-c8b158ac4e6b
2026-08-14 05:31:00.602 8 INFO neutron.db.ovn_revision_numbers_db [None req-897a9e4f-3dbd-450b-a8f6-0cac358ba90f 9e83aa68d9d340b2b28487feb36b6fe9 088992f4635d4ddc873aa3cce98edfcf - - default default] Successfully bumped revision number for resource a32ec24c-6682-4ac9-888c-4103e250ef75 (type: networks) to 1
2026-08-14 05:31:00.606 8 INFO neutron.db.ovn_revision_numbers_db [None req-ea68be76-010c-4ff5-81fd-0980e71d17a3 - - - - - -] Successfully bumped revision number for resource 56b32562-1884-4de7-a37c-42530a079e6b (type: router_ports) to 2
2026-08-14 05:31:00.607 8 INFO neutron.plugins.ml2.drivers.ovn.mech_driver.mech_driver [None req-ea68be76-010c-4ff5-81fd-0980e71d17a3 - - - - - -] OVN reports status down for port: 141a48c5-4dff-4f08-af05-c80b86585c8c [pid: 7|app: 0|req: 681/1323] 10.0.0.63 () {32 vars in 731 bytes} [Fri Aug 14 05:31:00 2026] DELETE /v2.0/floatingips/203caa1a-868e-4782-a6ce-4ca3821bdd92 => generated 0 bytes in 281 msecs (HTTP/1.1 204) 2 headers in 112 bytes (1 switches on core 0)
2026-08-14 05:31:00.629 8 INFO neutron.plugins.ml2.drivers.ovn.mech_driver.mech_driver [None req-ea68be76-010c-4ff5-81fd-0980e71d17a3 - - - - - -] OVN reports status down for port: 3acbbfa6-618e-40e6-940c-3aa3b3cd9890 [pid: 7|app: 0|req: 682/1324] 199.204.45.77 () {34 vars in 1111 bytes} [Fri Aug 14 05:31:00 2026] GET /v2.0/networks/30316894-8775-4bba-9472-d97de3b23319?fields=provider%3Aphysical_network&fields=provider%3Anetwork_type => generated 79 bytes in 33 msecs (HTTP/1.1 200) 4 headers in 156 bytes (1 switches on core 0)
2026-08-14 05:31:00.689 8 INFO neutron.plugins.ml2.drivers.ovn.mech_driver.mech_driver [None req-ea68be76-010c-4ff5-81fd-0980e71d17a3 - - - - - -] OVN reports status down for port: 8d725742-1cb9-489f-9aa5-2101ff087110
2026-08-14 05:31:00.717 8 INFO neutron.notifiers.nova [-] Nova event matching ['req-8d2a2971-628f-46d5-add7-9ce81448054e'] response: {'server_uuid': '0b723a05-8ea7-499a-bd48-7b80f9c473d9', 'name': 'network-vif-plugged', 'status': 'completed', 'tag': '68a891e3-9c56-452e-9fcf-32a2a93181e3', 'code': 200}
2026-08-14 05:31:00.717 8 INFO neutron.notifiers.nova [-] Nova event matching ['req-8d2a2971-628f-46d5-add7-9ce81448054e'] response: {'server_uuid': '0b723a05-8ea7-499a-bd48-7b80f9c473d9', 'name': 'network-vif-plugged', 'status': 'completed', 'tag': '68a891e3-9c56-452e-9fcf-32a2a93181e3', 'code': 200}
2026-08-14 05:31:00.765 7 INFO neutron.db.ovn_revision_numbers_db [None req-8b63580f-65ed-406d-a2d8-0b4b75fe403b 7134d21af29a408a82140875d2a7fdba 1c8caa4093f14a6da961e56985265596 - - default default] Successfully bumped revision number for resource fc7de4ac-99b7-4681-bc63-3624925d44ef (type: security_group_rules) to 0 [pid: 7|app: 0|req: 683/1325] 10.0.0.63 () {34 vars in 694 bytes} [Fri Aug 14 05:31:00 2026] POST /v2.0/security-group-rules => generated 596 bytes in 136 msecs (HTTP/1.1 201) 4 headers in 162 bytes (1 switches on core 0)
2026-08-14 05:31:00.810 7 INFO neutron.api.v2.resource [None req-3f2481ea-1c8c-4d60-9d59-387a3626e923 07e9d6d2c6e54a9b805e745ce9261db5 e934dbc3cbfd4af8be1af3f123b70b88 - - default default] delete failed (client error): The resource could not be found. [pid: 7|app: 0|req: 684/1326] 10.0.0.63 () {32 vars in 731 bytes} [Fri Aug 14 05:31:00 2026] DELETE /v2.0/floatingips/203caa1a-868e-4782-a6ce-4ca3821bdd92 => generated 144 bytes in 16 msecs (HTTP/1.1 404) 4 headers in 164 bytes (1 switches on core 0)
2026-08-14 05:31:00.846 8 INFO neutron.plugins.ml2.drivers.ovn.mech_driver.mech_driver [None req-ea68be76-010c-4ff5-81fd-0980e71d17a3 - - - - - -] OVN reports status down for port: ffd8c18e-911c-4462-b49a-988e645a6064
2026-08-14 05:31:00.918 8 WARNING neutron.scheduler.dhcp_agent_scheduler [None req-897a9e4f-3dbd-450b-a8f6-0cac358ba90f 9e83aa68d9d340b2b28487feb36b6fe9 088992f4635d4ddc873aa3cce98edfcf - - default default] No more DHCP agents
2026-08-14 05:31:00.919 8 WARNING neutron.api.rpc.agentnotifiers.dhcp_rpc_agent_api [None req-897a9e4f-3dbd-450b-a8f6-0cac358ba90f 9e83aa68d9d340b2b28487feb36b6fe9 088992f4635d4ddc873aa3cce98edfcf - - default default] Unable to schedule network a32ec24c-6682-4ac9-888c-4103e250ef75: no agents available; will retry on subsequent port and subnet creation events.
2026-08-14 05:31:00.963 7 INFO neutron.db.ovn_revision_numbers_db [None req-36e85765-9601-4566-be32-07ad355df7f9 7134d21af29a408a82140875d2a7fdba 1c8caa4093f14a6da961e56985265596 - - default default] Successfully bumped revision number for resource 1faaeb9f-8903-48ce-b135-69d94a721d8e (type: security_group_rules) to 0
2026-08-14 05:31:00.966 8 INFO neutron.plugins.ml2.drivers.ovn.mech_driver.mech_driver [None req-ea68be76-010c-4ff5-81fd-0980e71d17a3 - - - - - -] OVN reports status down for port: 22425711-8786-4560-8975-2b6825f1b399 [pid: 7|app: 0|req: 685/1327] 10.0.0.63 () {34 vars in 694 bytes} [Fri Aug 14 05:31:00 2026] POST /v2.0/security-group-rules => generated 602 bytes in 190 msecs (HTTP/1.1 201) 4 headers in 162 bytes (1 switches on core 0)
2026-08-14 05:31:01.024 8 INFO neutron.db.ovn_revision_numbers_db [None req-897a9e4f-3dbd-450b-a8f6-0cac358ba90f 9e83aa68d9d340b2b28487feb36b6fe9 088992f4635d4ddc873aa3cce98edfcf - - default default] Successfully bumped revision number for resource 22425711-8786-4560-8975-2b6825f1b399 (type: ports) to 1 [pid: 8|app: 0|req: 643/1328] 10.0.0.63 () {34 vars in 669 bytes} [Fri Aug 14 05:31:00 2026] POST /v2.0/networks => generated 673 bytes in 822 msecs (HTTP/1.1 201) 4 headers in 162 bytes (1 switches on core 0) /var/lib/openstack/lib/python3.12/site-packages/pycadf/identifier.py:70: UserWarning: Invalid uuid: neutron. To ensure interoperability, identifiers should be a valid uuid. warnings.warn(('Invalid uuid: %s. To ensure interoperability, '
2026-08-14 05:31:01.161 7 INFO neutron_taas.services.taas.taas_plugin [None req-866d28bd-9e63-498d-a6d9-1b32dd7658fc 07e9d6d2c6e54a9b805e745ce9261db5 e934dbc3cbfd4af8be1af3f123b70b88 - - default default] TaaS: Handle Delete Port: e7fd26bb-b322-4e80-9e55-d40f68b0231c
2026-08-14 05:31:01.165 7 INFO neutron_taas.services.taas.tap_mirror_plugin [None req-866d28bd-9e63-498d-a6d9-1b32dd7658fc 07e9d6d2c6e54a9b805e745ce9261db5 e934dbc3cbfd4af8be1af3f123b70b88 - - default default] Tap Mirror: Handle Delete Port: e7fd26bb-b322-4e80-9e55-d40f68b0231c
2026-08-14 05:31:01.217 8 INFO neutron.db.ovn_revision_numbers_db [None req-d6b21d8f-9134-4984-9c9b-9c2d464af252 7134d21af29a408a82140875d2a7fdba 1c8caa4093f14a6da961e56985265596 - - default default] Successfully bumped revision number for resource 80bf39cd-0a53-440f-9d70-20e0c81c9b44 (type: security_group_rules) to 0 [pid: 8|app: 0|req: 644/1329] 10.0.0.63 () {34 vars in 694 bytes} [Fri Aug 14 05:31:01 2026] POST /v2.0/security-group-rules => generated 601 bytes in 170 msecs (HTTP/1.1 201) 4 headers in 162 bytes (1 switches on core 0) [pid: 7|app: 0|req: 686/1330] 10.0.0.63 () {32 vars in 719 bytes} [Fri Aug 14 05:31:01 2026] DELETE /v2.0/ports/e7fd26bb-b322-4e80-9e55-d40f68b0231c => generated 0 bytes in 315 msecs (HTTP/1.1 204) 3 headers in 131 bytes (1 switches on core 0)
2026-08-14 05:31:01.336 8 INFO neutron.db.segments_db [None req-98c3293e-8235-4e76-9278-f7fa6b557544 9e83aa68d9d340b2b28487feb36b6fe9 088992f4635d4ddc873aa3cce98edfcf - - default default] Added segment ff2f8dfb-b6b0-4015-9108-4bb4179f8f85 of type geneve for network 3ab8d39c-5729-4544-a410-0af360b33c76
2026-08-14 05:31:01.354 7 INFO neutron.db.securitygroups_db [None req-2b88ff73-0487-416d-bf7a-d96d0353765e 7134d21af29a408a82140875d2a7fdba 1c8caa4093f14a6da961e56985265596 - - default default] Project 1c8caa4093f14a6da961e56985265596 added a security group rule with legacy IPv6 ICMP protocol name icmp, ipv6-icmp should be used instead. It was automatically converted.
2026-08-14 05:31:01.444 8 INFO neutron.db.ovn_revision_numbers_db [None req-98c3293e-8235-4e76-9278-f7fa6b557544 9e83aa68d9d340b2b28487feb36b6fe9 088992f4635d4ddc873aa3cce98edfcf - - default default] Successfully bumped revision number for resource 3ab8d39c-5729-4544-a410-0af360b33c76 (type: networks) to 1
2026-08-14 05:31:01.462 7 INFO neutron.db.ovn_revision_numbers_db [None req-2b88ff73-0487-416d-bf7a-d96d0353765e 7134d21af29a408a82140875d2a7fdba 1c8caa4093f14a6da961e56985265596 - - default default] Successfully bumped revision number for resource ae048af5-4519-4d6c-9edf-86aaa3760b68 (type: security_group_rules) to 0 [pid: 7|app: 0|req: 687/1331] 10.0.0.63 () {34 vars in 694 bytes} [Fri Aug 14 05:31:01 2026] POST /v2.0/security-group-rules => generated 607 bytes in 174 msecs (HTTP/1.1 201) 4 headers in 162 bytes (1 switches on core 0)
2026-08-14 05:31:01.592 8 WARNING neutron.scheduler.dhcp_agent_scheduler [None req-98c3293e-8235-4e76-9278-f7fa6b557544 9e83aa68d9d340b2b28487feb36b6fe9 088992f4635d4ddc873aa3cce98edfcf - - default default] No more DHCP agents
2026-08-14 05:31:01.593 8 WARNING neutron.api.rpc.agentnotifiers.dhcp_rpc_agent_api [None req-98c3293e-8235-4e76-9278-f7fa6b557544 9e83aa68d9d340b2b28487feb36b6fe9 088992f4635d4ddc873aa3cce98edfcf - - default default] Unable to schedule network 3ab8d39c-5729-4544-a410-0af360b33c76: no agents available; will retry on subsequent port and subnet creation events.
2026-08-14 05:31:01.620 7 INFO neutron_taas.services.taas.taas_plugin [None req-e8bf693d-b304-432f-9264-646023820c1d 07e9d6d2c6e54a9b805e745ce9261db5 e934dbc3cbfd4af8be1af3f123b70b88 - - default default] TaaS: Handle Delete Port: fd6a6b62-3f33-4a54-859e-539e3815bf5c
2026-08-14 05:31:01.622 7 INFO neutron_taas.services.taas.tap_mirror_plugin [None req-e8bf693d-b304-432f-9264-646023820c1d 07e9d6d2c6e54a9b805e745ce9261db5 e934dbc3cbfd4af8be1af3f123b70b88 - - default default] Tap Mirror: Handle Delete Port: fd6a6b62-3f33-4a54-859e-539e3815bf5c
2026-08-14 05:31:01.640 8 INFO neutron.plugins.ml2.drivers.ovn.mech_driver.mech_driver [None req-ea68be76-010c-4ff5-81fd-0980e71d17a3 - - - - - -] OVN reports status down for port: 48b7531a-7fd7-4b51-ad3f-11fd3e7548cd
2026-08-14 05:31:01.694 8 INFO neutron.db.ovn_revision_numbers_db [None req-98c3293e-8235-4e76-9278-f7fa6b557544 9e83aa68d9d340b2b28487feb36b6fe9 088992f4635d4ddc873aa3cce98edfcf - - default default] Successfully bumped revision number for resource 48b7531a-7fd7-4b51-ad3f-11fd3e7548cd (type: ports) to 1 [pid: 8|app: 0|req: 645/1332] 10.0.0.63 () {34 vars in 669 bytes} [Fri Aug 14 05:31:01 2026] POST /v2.0/networks => generated 672 bytes in 488 msecs (HTTP/1.1 201) 4 headers in 162 bytes (1 switches on core 0)
2026-08-14 05:31:01.790 8 INFO neutron.db.securitygroups_db [None req-9bf2629f-12fe-4db6-9ffc-bb60121f2b18 7134d21af29a408a82140875d2a7fdba 1c8caa4093f14a6da961e56985265596 - - default default] Project 1c8caa4093f14a6da961e56985265596 added a security group rule with legacy IPv6 ICMP protocol name icmp, ipv6-icmp should be used instead. It was automatically converted. [pid: 7|app: 0|req: 688/1333] 10.0.0.63 () {32 vars in 719 bytes} [Fri Aug 14 05:31:01 2026] DELETE /v2.0/ports/fd6a6b62-3f33-4a54-859e-539e3815bf5c => generated 0 bytes in 300 msecs (HTTP/1.1 204) 3 headers in 131 bytes (1 switches on core 0) [pid: 7|app: 0|req: 689/1334] 10.0.0.63 () {32 vars in 735 bytes} [Fri Aug 14 05:31:01 2026] GET /v2.0/ports?device_id=54040dba-7412-48a9-b7de-099e690c3054 => generated 946 bytes in 44 msecs (HTTP/1.1 200) 4 headers in 157 bytes (1 switches on core 0)
2026-08-14 05:31:01.900 8 INFO neutron.db.ovn_revision_numbers_db [None req-9bf2629f-12fe-4db6-9ffc-bb60121f2b18 7134d21af29a408a82140875d2a7fdba 1c8caa4093f14a6da961e56985265596 - - default default] Successfully bumped revision number for resource aaaf22b9-d308-471b-a365-eaf29c7a68d4 (type: security_group_rules) to 0 [pid: 8|app: 0|req: 646/1335] 10.0.0.63 () {34 vars in 694 bytes} [Fri Aug 14 05:31:01 2026] POST /v2.0/security-group-rules => generated 606 bytes in 195 msecs (HTTP/1.1 201) 4 headers in 162 bytes (1 switches on core 0)
2026-08-14 05:31:02.137 7 INFO neutron_taas.services.taas.taas_plugin [None req-ec8ba5c3-3d7f-46b4-b11e-32d98f2b37fe 07e9d6d2c6e54a9b805e745ce9261db5 e934dbc3cbfd4af8be1af3f123b70b88 - - default default] TaaS: Handle Delete Port: 56b32562-1884-4de7-a37c-42530a079e6b
2026-08-14 05:31:02.140 7 INFO neutron_taas.services.taas.tap_mirror_plugin [None req-ec8ba5c3-3d7f-46b4-b11e-32d98f2b37fe 07e9d6d2c6e54a9b805e745ce9261db5 e934dbc3cbfd4af8be1af3f123b70b88 - - default default] Tap Mirror: Handle Delete Port: 56b32562-1884-4de7-a37c-42530a079e6b
2026-08-14 05:31:02.547 8 WARNING neutron.scheduler.dhcp_agent_scheduler [None req-5d6e35bb-321e-41db-93bc-93d914542003 9e83aa68d9d340b2b28487feb36b6fe9 088992f4635d4ddc873aa3cce98edfcf - - default default] No more DHCP agents
2026-08-14 05:31:02.548 8 WARNING neutron.api.rpc.agentnotifiers.dhcp_rpc_agent_api [None req-5d6e35bb-321e-41db-93bc-93d914542003 9e83aa68d9d340b2b28487feb36b6fe9 088992f4635d4ddc873aa3cce98edfcf - - default default] Unable to schedule network a32ec24c-6682-4ac9-888c-4103e250ef75: no agents available; will retry on subsequent port and subnet creation events.
2026-08-14 05:31:02.580 8 INFO neutron.db.ovn_revision_numbers_db [None req-5d6e35bb-321e-41db-93bc-93d914542003 9e83aa68d9d340b2b28487feb36b6fe9 088992f4635d4ddc873aa3cce98edfcf - - default default] Successfully bumped revision number for resource 8c16c1c6-a9c6-40ce-bf69-a36df94c9ed4 (type: subnets) to 0
2026-08-14 05:31:02.604 8 WARNING neutron.scheduler.dhcp_agent_scheduler [None req-5d6e35bb-321e-41db-93bc-93d914542003 9e83aa68d9d340b2b28487feb36b6fe9 088992f4635d4ddc873aa3cce98edfcf - - default default] No more DHCP agents
2026-08-14 05:31:02.605 8 WARNING neutron.api.rpc.agentnotifiers.dhcp_rpc_agent_api [None req-5d6e35bb-321e-41db-93bc-93d914542003 9e83aa68d9d340b2b28487feb36b6fe9 088992f4635d4ddc873aa3cce98edfcf - - default default] Unable to schedule network 3ab8d39c-5729-4544-a410-0af360b33c76: no agents available; will retry on subsequent port and subnet creation events.
2026-08-14 05:31:02.626 8 INFO neutron.db.ovn_revision_numbers_db [None req-5d6e35bb-321e-41db-93bc-93d914542003 9e83aa68d9d340b2b28487feb36b6fe9 088992f4635d4ddc873aa3cce98edfcf - - default default] Successfully bumped revision number for resource d4bd891e-268d-4787-8841-8bb2bc66ff68 (type: subnets) to 0 [pid: 8|app: 0|req: 647/1336] 10.0.0.63 () {34 vars in 668 bytes} [Fri Aug 14 05:31:02 2026] POST /v2.0/subnets => generated 1323 bytes in 415 msecs (HTTP/1.1 201) 4 headers in 163 bytes (1 switches on core 0) [pid: 8|app: 0|req: 648/1337] 10.0.0.63 () {32 vars in 648 bytes} [Fri Aug 14 05:31:02 2026] GET /v2.0/networks => generated 1374 bytes in 83 msecs (HTTP/1.1 200) 4 headers in 158 bytes (1 switches on core 0) [pid: 7|app: 0|req: 690/1338] 10.0.0.63 () {34 vars in 788 bytes} [Fri Aug 14 05:31:01 2026] PUT /v2.0/routers/54040dba-7412-48a9-b7de-099e690c3054/remove_router_interface => generated 309 bytes in 884 msecs (HTTP/1.1 200) 4 headers in 157 bytes (1 switches on core 0) /var/lib/openstack/lib/python3.12/site-packages/pycadf/identifier.py:70: UserWarning: Invalid uuid: neutron. To ensure interoperability, identifiers should be a valid uuid. warnings.warn(('Invalid uuid: %s. To ensure interoperability, ' [pid: 8|app: 0|req: 649/1339] 10.0.0.63 () {32 vars in 646 bytes} [Fri Aug 14 05:31:02 2026] GET /v2.0/subnets => generated 1959 bytes in 35 msecs (HTTP/1.1 200) 4 headers in 158 bytes (1 switches on core 0) [pid: 8|app: 0|req: 650/1340] 10.0.0.63 () {32 vars in 723 bytes} [Fri Aug 14 05:31:02 2026] DELETE /v2.0/subnets/8c16c1c6-a9c6-40ce-bf69-a36df94c9ed4 => generated 0 bytes in 135 msecs (HTTP/1.1 204) 3 headers in 131 bytes (1 switches on core 0) [pid: 8|app: 0|req: 651/1341] 10.0.0.217 () {34 vars in 1100 bytes} [Fri Aug 14 05:31:02 2026] GET /v2.0/security-groups?name=tempest-secgroup-smoke-1046193830&fields=id&tenant_id=1c8caa4093f14a6da961e56985265596 => generated 69 bytes in 21 msecs (HTTP/1.1 200) 4 headers in 156 bytes (1 switches on core 0) [pid: 8|app: 0|req: 652/1342] 10.0.0.63 () {32 vars in 723 bytes} [Fri Aug 14 05:31:02 2026] DELETE /v2.0/subnets/d4bd891e-268d-4787-8841-8bb2bc66ff68 => generated 0 bytes in 108 msecs (HTTP/1.1 204) 3 headers in 131 bytes (1 switches on core 0)
2026-08-14 05:31:03.065 7 INFO neutron_taas.services.taas.taas_plugin [None req-6ce56706-d92a-4b76-9d0c-7912cd059ac8 07e9d6d2c6e54a9b805e745ce9261db5 e934dbc3cbfd4af8be1af3f123b70b88 - - default default] TaaS: Handle Delete Port: fc3925d1-666d-4f7c-9225-a3dd253c11f6
2026-08-14 05:31:03.069 7 INFO neutron_taas.services.taas.tap_mirror_plugin [None req-6ce56706-d92a-4b76-9d0c-7912cd059ac8 07e9d6d2c6e54a9b805e745ce9261db5 e934dbc3cbfd4af8be1af3f123b70b88 - - default default] Tap Mirror: Handle Delete Port: fc3925d1-666d-4f7c-9225-a3dd253c11f6 [pid: 8|app: 0|req: 653/1343] 10.0.0.217 () {34 vars in 982 bytes} [Fri Aug 14 05:31:03 2026] GET /v2.0/networks?id=30316894-8775-4bba-9472-d97de3b23319 => generated 699 bytes in 40 msecs (HTTP/1.1 200) 4 headers in 157 bytes (1 switches on core 0) [pid: 8|app: 0|req: 654/1344] 10.0.0.63 () {32 vars in 646 bytes} [Fri Aug 14 05:31:03 2026] GET /v2.0/subnets => generated 649 bytes in 21 msecs (HTTP/1.1 200) 4 headers in 157 bytes (1 switches on core 0) [pid: 8|app: 0|req: 655/1345] 10.0.0.217 () {34 vars in 965 bytes} [Fri Aug 14 05:31:03 2026] GET /v2.0/quotas/1c8caa4093f14a6da961e56985265596 => generated 292 bytes in 10 msecs (HTTP/1.1 200) 4 headers in 157 bytes (1 switches on core 0)
2026-08-14 05:31:03.203 8 INFO neutron_taas.services.taas.taas_plugin [None req-ff23df05-dcd0-471b-ba80-b88775de9d0d 9e83aa68d9d340b2b28487feb36b6fe9 088992f4635d4ddc873aa3cce98edfcf - - default default] TaaS: Handle Delete Port: 48b7531a-7fd7-4b51-ad3f-11fd3e7548cd
2026-08-14 05:31:03.206 8 INFO neutron_taas.services.taas.tap_mirror_plugin [None req-ff23df05-dcd0-471b-ba80-b88775de9d0d 9e83aa68d9d340b2b28487feb36b6fe9 088992f4635d4ddc873aa3cce98edfcf - - default default] Tap Mirror: Handle Delete Port: 48b7531a-7fd7-4b51-ad3f-11fd3e7548cd
2026-08-14 05:31:03.380 8 INFO neutron.services.segments.plugin [-] Segment ff2f8dfb-b6b0-4015-9108-4bb4179f8f85 resource provider aggregate not found
2026-08-14 05:31:03.384 8 INFO neutron.services.segments.plugin [-] Segment ff2f8dfb-b6b0-4015-9108-4bb4179f8f85 resource provider aggregate not found
2026-08-14 05:31:03.397 8 INFO neutron.services.segments.plugin [-] Segment ff2f8dfb-b6b0-4015-9108-4bb4179f8f85 resource provider not found; error: Placement Client Error (4xx): {"errors": [{"status": 404, "title": "Not Found", "detail": "The resource could not be found.\n\n No resource provider with uuid ff2f8dfb-b6b0-4015-9108-4bb4179f8f85 found for delete ", "request_id": "req-b15a0b50-6b31-43e5-9e24-a67bb8ab1c3a"}]}
2026-08-14 05:31:03.406 8 INFO neutron.services.segments.plugin [-] Segment ff2f8dfb-b6b0-4015-9108-4bb4179f8f85 resource provider not found; error: Placement Client Error (4xx): {"errors": [{"status": 404, "title": "Not Found", "detail": "The resource could not be found.\n\n No resource provider with uuid ff2f8dfb-b6b0-4015-9108-4bb4179f8f85 found for delete ", "request_id": "req-04d50dda-61cc-4b9d-a393-dfbf3a4ae72e"}]} [pid: 8|app: 0|req: 656/1346] 10.0.0.63 () {32 vars in 725 bytes} [Fri Aug 14 05:31:03 2026] DELETE /v2.0/networks/3ab8d39c-5729-4544-a410-0af360b33c76 => generated 0 bytes in 308 msecs (HTTP/1.1 204) 3 headers in 131 bytes (1 switches on core 0) [pid: 7|app: 0|req: 691/1347] 10.0.0.63 () {32 vars in 723 bytes} [Fri Aug 14 05:31:02 2026] DELETE /v2.0/routers/54040dba-7412-48a9-b7de-099e690c3054 => generated 0 bytes in 746 msecs (HTTP/1.1 204) 2 headers in 112 bytes (1 switches on core 0) [pid: 8|app: 0|req: 657/1348] 10.0.0.217 () {34 vars in 1002 bytes} [Fri Aug 14 05:31:03 2026] GET /v2.0/ports?tenant_id=1c8caa4093f14a6da961e56985265596&fields=id => generated 149 bytes in 67 msecs (HTTP/1.1 200) 4 headers in 157 bytes (1 switches on core 0)
2026-08-14 05:31:03.579 7 INFO neutron_taas.services.taas.taas_plugin [None req-6f012019-dfb2-48b8-953c-ebf03703b0d2 9e83aa68d9d340b2b28487feb36b6fe9 088992f4635d4ddc873aa3cce98edfcf - - default default] TaaS: Handle Delete Port: 22425711-8786-4560-8975-2b6825f1b399
2026-08-14 05:31:03.581 7 INFO neutron_taas.services.taas.tap_mirror_plugin [None req-6f012019-dfb2-48b8-953c-ebf03703b0d2 9e83aa68d9d340b2b28487feb36b6fe9 088992f4635d4ddc873aa3cce98edfcf - - default default] Tap Mirror: Handle Delete Port: 22425711-8786-4560-8975-2b6825f1b399 [pid: 8|app: 0|req: 658/1349] 10.0.0.63 () {32 vars in 723 bytes} [Fri Aug 14 05:31:03 2026] DELETE /v2.0/subnets/3613695f-a3e0-4b5d-9a1b-6382716c79d4 => generated 0 bytes in 116 msecs (HTTP/1.1 204) 3 headers in 131 bytes (1 switches on core 0) [pid: 8|app: 0|req: 659/1350] 10.0.0.217 () {34 vars in 1008 bytes} [Fri Aug 14 05:31:03 2026] GET /v2.0/networks/30316894-8775-4bba-9472-d97de3b23319?fields=segments => generated 14 bytes in 38 msecs (HTTP/1.1 200) 4 headers in 156 bytes (1 switches on core 0)
2026-08-14 05:31:03.751 8 INFO neutron_taas.services.taas.taas_plugin [None req-f664e6c6-a483-4cdd-a74a-2304cd52975f 07e9d6d2c6e54a9b805e745ce9261db5 e934dbc3cbfd4af8be1af3f123b70b88 - - default default] TaaS: Handle Delete Port: 8c316de4-6f21-4416-a004-617491019970
2026-08-14 05:31:03.751 7 INFO neutron.services.segments.plugin [-] Segment d62785b7-4a1d-4dbc-925f-3ef713698085 resource provider aggregate not found
2026-08-14 05:31:03.753 8 INFO neutron_taas.services.taas.tap_mirror_plugin [None req-f664e6c6-a483-4cdd-a74a-2304cd52975f 07e9d6d2c6e54a9b805e745ce9261db5 e934dbc3cbfd4af8be1af3f123b70b88 - - default default] Tap Mirror: Handle Delete Port: 8c316de4-6f21-4416-a004-617491019970
2026-08-14 05:31:03.756 7 INFO neutron.services.segments.plugin [-] Segment d62785b7-4a1d-4dbc-925f-3ef713698085 resource provider aggregate not found
2026-08-14 05:31:03.774 7 INFO neutron.services.segments.plugin [-] Segment d62785b7-4a1d-4dbc-925f-3ef713698085 resource provider not found; error: Placement Client Error (4xx): {"errors": [{"status": 404, "title": "Not Found", "detail": "The resource could not be found.\n\n No resource provider with uuid d62785b7-4a1d-4dbc-925f-3ef713698085 found for delete ", "request_id": "req-b4baf6ec-d789-419a-b458-91e63547859c"}]}
2026-08-14 05:31:03.780 7 INFO neutron.services.segments.plugin [-] Segment d62785b7-4a1d-4dbc-925f-3ef713698085 resource provider not found; error: Placement Client Error (4xx): {"errors": [{"status": 404, "title": "Not Found", "detail": "The resource could not be found.\n\n No resource provider with uuid d62785b7-4a1d-4dbc-925f-3ef713698085 found for delete ", "request_id": "req-bd45e656-97db-4140-92c9-3d95a6ed7905"}]} [pid: 7|app: 0|req: 692/1351] 10.0.0.63 () {32 vars in 725 bytes} [Fri Aug 14 05:31:03 2026] DELETE /v2.0/networks/a32ec24c-6682-4ac9-888c-4103e250ef75 => generated 0 bytes in 320 msecs (HTTP/1.1 204) 3 headers in 131 bytes (1 switches on core 0) [pid: 7|app: 0|req: 693/1352] 10.0.0.217 () {34 vars in 1108 bytes} [Fri Aug 14 05:31:03 2026] GET /v2.0/networks/30316894-8775-4bba-9472-d97de3b23319?fields=provider%3Aphysical_network&fields=provider%3Anetwork_type => generated 79 bytes in 51 msecs (HTTP/1.1 200) 4 headers in 156 bytes (1 switches on core 0) [pid: 8|app: 0|req: 660/1353] 10.0.0.63 () {32 vars in 725 bytes} [Fri Aug 14 05:31:03 2026] DELETE /v2.0/networks/7fe6a110-a539-4b3c-a800-a62d42c05375 => generated 0 bytes in 321 msecs (HTTP/1.1 204) 3 headers in 131 bytes (1 switches on core 0)
2026-08-14 05:31:03.985 7 INFO neutron_taas.services.taas.taas_plugin [None req-d36e5bb4-648f-43dc-ad55-c0ed2b500378 9e83aa68d9d340b2b28487feb36b6fe9 088992f4635d4ddc873aa3cce98edfcf - - default default] TaaS: Handle Delete Port: 8d725742-1cb9-489f-9aa5-2101ff087110
2026-08-14 05:31:03.988 7 INFO neutron_taas.services.taas.tap_mirror_plugin [None req-d36e5bb4-648f-43dc-ad55-c0ed2b500378 9e83aa68d9d340b2b28487feb36b6fe9 088992f4635d4ddc873aa3cce98edfcf - - default default] Tap Mirror: Handle Delete Port: 8d725742-1cb9-489f-9aa5-2101ff087110 [pid: 8|app: 0|req: 661/1354] 10.0.0.217 () {34 vars in 990 bytes} [Fri Aug 14 05:31:03 2026] GET /v2.0/ports?device_id=6f3bc486-d2bb-4535-a754-554308bbb90b => generated 12 bytes in 19 msecs (HTTP/1.1 200) 4 headers in 156 bytes (1 switches on core 0) [pid: 7|app: 0|req: 694/1355] 10.0.0.63 () {32 vars in 725 bytes} [Fri Aug 14 05:31:03 2026] DELETE /v2.0/networks/af98997d-1b96-4b19-a419-513fe45dd9bf => generated 0 bytes in 327 msecs (HTTP/1.1 204) 3 headers in 131 bytes (1 switches on core 0)
2026-08-14 05:31:04.279 8 INFO neutron_taas.services.taas.taas_plugin [None req-197cb38e-3f22-4c14-8e51-bab0dd2809c4 9e83aa68d9d340b2b28487feb36b6fe9 088992f4635d4ddc873aa3cce98edfcf - - default default] TaaS: Handle Delete Port: 04ce6fd6-2f1a-4b66-b612-05b47f12bce8
2026-08-14 05:31:04.281 8 INFO neutron_taas.services.taas.tap_mirror_plugin [None req-197cb38e-3f22-4c14-8e51-bab0dd2809c4 9e83aa68d9d340b2b28487feb36b6fe9 088992f4635d4ddc873aa3cce98edfcf - - default default] Tap Mirror: Handle Delete Port: 04ce6fd6-2f1a-4b66-b612-05b47f12bce8 [pid: 8|app: 0|req: 662/1356] 10.0.0.63 () {32 vars in 725 bytes} [Fri Aug 14 05:31:04 2026] DELETE /v2.0/networks/adc51d7c-a1e7-4c33-8217-689ffc11ed1c => generated 0 bytes in 279 msecs (HTTP/1.1 204) 3 headers in 131 bytes (1 switches on core 0) [pid: 7|app: 0|req: 695/1357] 10.0.0.63 () {32 vars in 773 bytes} [Fri Aug 14 05:31:04 2026] GET /v2.0/security-groups?tenant_id=e934dbc3cbfd4af8be1af3f123b70b88&name=default => generated 2925 bytes in 110 msecs (HTTP/1.1 200) 4 headers in 158 bytes (1 switches on core 0) [pid: 8|app: 0|req: 663/1358] 10.0.0.63 () {32 vars in 739 bytes} [Fri Aug 14 05:31:04 2026] DELETE /v2.0/security-groups/26bedb9e-39b5-472e-bcf0-e894d381093e => generated 0 bytes in 253 msecs (HTTP/1.1 204) 2 headers in 112 bytes (1 switches on core 0) [pid: 8|app: 0|req: 664/1359] 10.0.0.217 () {34 vars in 990 bytes} [Fri Aug 14 05:31:05 2026] GET /v2.0/ports?device_id=6f3bc486-d2bb-4535-a754-554308bbb90b => generated 12 bytes in 26 msecs (HTTP/1.1 200) 4 headers in 156 bytes (1 switches on core 0) [pid: 7|app: 0|req: 696/1360] 10.0.0.63 () {32 vars in 773 bytes} [Fri Aug 14 05:31:04 2026] GET /v2.0/security-groups?tenant_id=088992f4635d4ddc873aa3cce98edfcf&name=default => generated 2925 bytes in 235 msecs (HTTP/1.1 200) 4 headers in 158 bytes (1 switches on core 0)
2026-08-14 05:31:05.411 8 INFO neutron.services.segments.plugin [-] Segment a9c777fd-e3e8-46ac-9d1f-95a81976650a resource provider aggregate not found
2026-08-14 05:31:05.425 8 INFO neutron.services.segments.plugin [-] Segment a9c777fd-e3e8-46ac-9d1f-95a81976650a resource provider not found; error: Placement Client Error (4xx): {"errors": [{"status": 404, "title": "Not Found", "detail": "The resource could not be found.\n\n No resource provider with uuid a9c777fd-e3e8-46ac-9d1f-95a81976650a found for delete ", "request_id": "req-570791b5-ad92-419a-bcee-1e65921b2d44"}]}
2026-08-14 05:31:05.429 8 INFO neutron.services.segments.plugin [-] Segment a9c777fd-e3e8-46ac-9d1f-95a81976650a resource provider aggregate not found [pid: 8|app: 0|req: 665/1361] 10.0.0.63 () {32 vars in 739 bytes} [Fri Aug 14 05:31:05 2026] DELETE /v2.0/security-groups/99a15c02-54f3-4d08-ac23-cfc693331677 => generated 0 bytes in 242 msecs (HTTP/1.1 204) 2 headers in 112 bytes (1 switches on core 0)
2026-08-14 05:31:05.440 8 INFO neutron.services.segments.plugin [-] Segment 133ef63d-a634-49fe-b37e-52bdb02f48f4 resource provider aggregate not found
2026-08-14 05:31:05.451 8 INFO neutron.services.segments.plugin [-] Segment 133ef63d-a634-49fe-b37e-52bdb02f48f4 resource provider not found; error: Placement Client Error (4xx): {"errors": [{"status": 404, "title": "Not Found", "detail": "The resource could not be found.\n\n No resource provider with uuid 133ef63d-a634-49fe-b37e-52bdb02f48f4 found for delete ", "request_id": "req-9f40a7c2-0156-4e1a-aef3-21504df97490"}]}
2026-08-14 05:31:05.453 8 INFO neutron.services.segments.plugin [-] Segment a9c777fd-e3e8-46ac-9d1f-95a81976650a resource provider not found; error: Placement Client Error (4xx): {"errors": [{"status": 404, "title": "Not Found", "detail": "The resource could not be found.\n\n No resource provider with uuid a9c777fd-e3e8-46ac-9d1f-95a81976650a found for delete ", "request_id": "req-e5281cb9-46c9-4714-bef4-798c19cd26b3"}]}
2026-08-14 05:31:05.473 8 INFO neutron.services.segments.plugin [-] Segment 133ef63d-a634-49fe-b37e-52bdb02f48f4 resource provider aggregate not found
2026-08-14 05:31:05.490 8 INFO neutron.services.segments.plugin [-] Segment 133ef63d-a634-49fe-b37e-52bdb02f48f4 resource provider not found; error: Placement Client Error (4xx): {"errors": [{"status": 404, "title": "Not Found", "detail": "The resource could not be found.\n\n No resource provider with uuid 133ef63d-a634-49fe-b37e-52bdb02f48f4 found for delete ", "request_id": "req-0d4fe3ca-9539-4767-ae7d-3e53b220d043"}]}
2026-08-14 05:31:05.798 7 INFO neutron.services.segments.plugin [-] Segment 597abf5b-bc81-4b2b-a9a3-92a92e76431d resource provider aggregate not found
2026-08-14 05:31:05.802 7 INFO neutron.services.segments.plugin [-] Segment 597abf5b-bc81-4b2b-a9a3-92a92e76431d resource provider aggregate not found
2026-08-14 05:31:05.817 7 INFO neutron.services.segments.plugin [-] Segment 597abf5b-bc81-4b2b-a9a3-92a92e76431d resource provider not found; error: Placement Client Error (4xx): {"errors": [{"status": 404, "title": "Not Found", "detail": "The resource could not be found.\n\n No resource provider with uuid 597abf5b-bc81-4b2b-a9a3-92a92e76431d found for delete ", "request_id": "req-9e9551c3-1546-4a4e-a9fc-38ed2d91d05a"}]}
2026-08-14 05:31:05.818 7 INFO neutron.services.segments.plugin [-] Segment 597abf5b-bc81-4b2b-a9a3-92a92e76431d resource provider not found; error: Placement Client Error (4xx): {"errors": [{"status": 404, "title": "Not Found", "detail": "The resource could not be found.\n\n No resource provider with uuid 597abf5b-bc81-4b2b-a9a3-92a92e76431d found for delete ", "request_id": "req-90870137-3482-4f47-b45f-c6cba32976b2"}]} [pid: 7|app: 0|req: 697/1362] 10.0.0.217 () {34 vars in 990 bytes} [Fri Aug 14 05:31:06 2026] GET /v2.0/ports?device_id=6f3bc486-d2bb-4535-a754-554308bbb90b => generated 12 bytes in 22 msecs (HTTP/1.1 200) 4 headers in 156 bytes (1 switches on core 0) [pid: 8|app: 0|req: 666/1363] 10.0.0.10 () {34 vars in 989 bytes} [Fri Aug 14 05:31:06 2026] GET /v2.0/ports?device_id=0b723a05-8ea7-499a-bd48-7b80f9c473d9 => generated 1209 bytes in 44 msecs (HTTP/1.1 200) 4 headers in 158 bytes (1 switches on core 0) [pid: 7|app: 0|req: 698/1364] 10.0.0.10 () {34 vars in 1039 bytes} [Fri Aug 14 05:31:06 2026] GET /v2.0/security-groups?id=b51d5ae7-bea2-4c0d-b302-ee70455beb9e&fields=id&fields=name => generated 114 bytes in 32 msecs (HTTP/1.1 200) 4 headers in 157 bytes (1 switches on core 0)
2026-08-14 05:31:06.914 8 INFO neutron.db.ovn_revision_numbers_db [None req-964f2d19-4ab1-42b0-9791-20e6f5cc6f38 a17b4ffadfe547dda5a32855f8e70933 a6e1e85ca5c84b889d4e940bef244b1a - - default default] Successfully bumped revision number for resource e65d1738-3387-449e-ad9f-beab2c82da8d (type: security_groups) to 1
2026-08-14 05:31:06.931 8 INFO neutron.db.ovn_revision_numbers_db [None req-964f2d19-4ab1-42b0-9791-20e6f5cc6f38 a17b4ffadfe547dda5a32855f8e70933 a6e1e85ca5c84b889d4e940bef244b1a - - default default] Successfully bumped revision number for resource 5a13b018-9cdc-4f9d-a565-9607ad703b93 (type: security_group_rules) to 0
2026-08-14 05:31:06.946 8 INFO neutron.db.ovn_revision_numbers_db [None req-964f2d19-4ab1-42b0-9791-20e6f5cc6f38 a17b4ffadfe547dda5a32855f8e70933 a6e1e85ca5c84b889d4e940bef244b1a - - default default] Successfully bumped revision number for resource 736a86eb-b0e8-4c45-b860-e97af1220529 (type: security_group_rules) to 0
2026-08-14 05:31:06.963 8 INFO neutron.db.ovn_revision_numbers_db [None req-964f2d19-4ab1-42b0-9791-20e6f5cc6f38 a17b4ffadfe547dda5a32855f8e70933 a6e1e85ca5c84b889d4e940bef244b1a - - default default] Successfully bumped revision number for resource 970ca6b8-de1c-4a93-b1b0-9563a3ead2ca (type: security_group_rules) to 0
2026-08-14 05:31:06.980 8 INFO neutron.db.ovn_revision_numbers_db [None req-964f2d19-4ab1-42b0-9791-20e6f5cc6f38 a17b4ffadfe547dda5a32855f8e70933 a6e1e85ca5c84b889d4e940bef244b1a - - default default] Successfully bumped revision number for resource aa89c7d5-9cf3-4637-8cd8-66eea24b2a2d (type: security_group_rules) to 0
2026-08-14 05:31:07.070 8 INFO neutron.db.segments_db [None req-964f2d19-4ab1-42b0-9791-20e6f5cc6f38 a17b4ffadfe547dda5a32855f8e70933 a6e1e85ca5c84b889d4e940bef244b1a - - default default] Added segment 2edf4d37-d26f-4b17-9a85-f0d3b6791d4d of type geneve for network 21f3b285-5a14-49ff-a6fe-fa4e739e234e
2026-08-14 05:31:07.162 8 INFO neutron.db.segments_db [None req-964f2d19-4ab1-42b0-9791-20e6f5cc6f38 a17b4ffadfe547dda5a32855f8e70933 a6e1e85ca5c84b889d4e940bef244b1a - - default default] Added segment ae35e076-f0e6-4fe1-a313-eb85472d239e of type geneve for network c4defa35-8b1d-4c9d-8fa9-73956e947858
2026-08-14 05:31:07.254 8 INFO neutron.db.ovn_revision_numbers_db [None req-964f2d19-4ab1-42b0-9791-20e6f5cc6f38 a17b4ffadfe547dda5a32855f8e70933 a6e1e85ca5c84b889d4e940bef244b1a - - default default] Successfully bumped revision number for resource 21f3b285-5a14-49ff-a6fe-fa4e739e234e (type: networks) to 1
2026-08-14 05:31:07.419 8 WARNING neutron.scheduler.dhcp_agent_scheduler [None req-964f2d19-4ab1-42b0-9791-20e6f5cc6f38 a17b4ffadfe547dda5a32855f8e70933 a6e1e85ca5c84b889d4e940bef244b1a - - default default] No more DHCP agents
2026-08-14 05:31:07.421 8 WARNING neutron.api.rpc.agentnotifiers.dhcp_rpc_agent_api [None req-964f2d19-4ab1-42b0-9791-20e6f5cc6f38 a17b4ffadfe547dda5a32855f8e70933 a6e1e85ca5c84b889d4e940bef244b1a - - default default] Unable to schedule network 21f3b285-5a14-49ff-a6fe-fa4e739e234e: no agents available; will retry on subsequent port and subnet creation events.
2026-08-14 05:31:07.421 7 INFO neutron.db.ovn_revision_numbers_db [None req-c383a877-d214-47c6-8006-efc89a1b97d1 884135e15b4a4cea804f1025371988ff 202a975b510a4d43b00503c0f77de12c - - default default] Successfully bumped revision number for resource 6a7a7e8a-8a39-4070-ac2f-df4491d35b9e (type: security_groups) to 1
2026-08-14 05:31:07.436 7 INFO neutron.db.ovn_revision_numbers_db [None req-c383a877-d214-47c6-8006-efc89a1b97d1 884135e15b4a4cea804f1025371988ff 202a975b510a4d43b00503c0f77de12c - - default default] Successfully bumped revision number for resource 023a3b6d-f3b3-4793-b6f1-a01439898815 (type: security_group_rules) to 0
2026-08-14 05:31:07.463 7 INFO neutron.db.ovn_revision_numbers_db [None req-c383a877-d214-47c6-8006-efc89a1b97d1 884135e15b4a4cea804f1025371988ff 202a975b510a4d43b00503c0f77de12c - - default default] Successfully bumped revision number for resource 7ccb8dcf-c462-4485-aeb4-a29099d4f644 (type: security_group_rules) to 0
2026-08-14 05:31:07.468 8 INFO neutron.plugins.ml2.drivers.ovn.mech_driver.mech_driver [None req-ea68be76-010c-4ff5-81fd-0980e71d17a3 - - - - - -] OVN reports status down for port: 1c97277f-f903-44ca-a771-b4c5bad28dd4
2026-08-14 05:31:07.493 7 INFO neutron.db.ovn_revision_numbers_db [None req-c383a877-d214-47c6-8006-efc89a1b97d1 884135e15b4a4cea804f1025371988ff 202a975b510a4d43b00503c0f77de12c - - default default] Successfully bumped revision number for resource 845bc7d9-9586-4c1b-a843-a3b992a5c3ac (type: security_group_rules) to 0
2026-08-14 05:31:07.509 7 INFO neutron.db.ovn_revision_numbers_db [None req-c383a877-d214-47c6-8006-efc89a1b97d1 884135e15b4a4cea804f1025371988ff 202a975b510a4d43b00503c0f77de12c - - default default] Successfully bumped revision number for resource dd1d51d9-b75a-4b99-bc27-c94f9a7187c5 (type: security_group_rules) to 0
2026-08-14 05:31:07.517 8 INFO neutron.db.ovn_revision_numbers_db [None req-964f2d19-4ab1-42b0-9791-20e6f5cc6f38 a17b4ffadfe547dda5a32855f8e70933 a6e1e85ca5c84b889d4e940bef244b1a - - default default] Successfully bumped revision number for resource 1c97277f-f903-44ca-a771-b4c5bad28dd4 (type: ports) to 1
2026-08-14 05:31:07.586 7 INFO neutron.db.segments_db [None req-c383a877-d214-47c6-8006-efc89a1b97d1 884135e15b4a4cea804f1025371988ff 202a975b510a4d43b00503c0f77de12c - - default default] Added segment c2124101-90c5-4ee6-ab28-9807e67a56bc of type geneve for network 214f41b6-5ac2-4739-bf01-8da5e0a0b16f
2026-08-14 05:31:07.615 8 INFO neutron.db.ovn_revision_numbers_db [None req-964f2d19-4ab1-42b0-9791-20e6f5cc6f38 a17b4ffadfe547dda5a32855f8e70933 a6e1e85ca5c84b889d4e940bef244b1a - - default default] Successfully bumped revision number for resource c4defa35-8b1d-4c9d-8fa9-73956e947858 (type: networks) to 1
2026-08-14 05:31:07.689 7 INFO neutron.db.ovn_revision_numbers_db [None req-c383a877-d214-47c6-8006-efc89a1b97d1 884135e15b4a4cea804f1025371988ff 202a975b510a4d43b00503c0f77de12c - - default default] Successfully bumped revision number for resource 214f41b6-5ac2-4739-bf01-8da5e0a0b16f (type: networks) to 1
2026-08-14 05:31:07.803 8 WARNING neutron.scheduler.dhcp_agent_scheduler [None req-964f2d19-4ab1-42b0-9791-20e6f5cc6f38 a17b4ffadfe547dda5a32855f8e70933 a6e1e85ca5c84b889d4e940bef244b1a - - default default] No more DHCP agents
2026-08-14 05:31:07.805 8 WARNING neutron.api.rpc.agentnotifiers.dhcp_rpc_agent_api [None req-964f2d19-4ab1-42b0-9791-20e6f5cc6f38 a17b4ffadfe547dda5a32855f8e70933 a6e1e85ca5c84b889d4e940bef244b1a - - default default] Unable to schedule network c4defa35-8b1d-4c9d-8fa9-73956e947858: no agents available; will retry on subsequent port and subnet creation events.
2026-08-14 05:31:07.870 7 WARNING neutron.scheduler.dhcp_agent_scheduler [None req-c383a877-d214-47c6-8006-efc89a1b97d1 884135e15b4a4cea804f1025371988ff 202a975b510a4d43b00503c0f77de12c - - default default] No more DHCP agents
2026-08-14 05:31:07.871 8 INFO neutron.plugins.ml2.drivers.ovn.mech_driver.mech_driver [None req-ea68be76-010c-4ff5-81fd-0980e71d17a3 - - - - - -] OVN reports status down for port: 775beded-e4f9-42c7-8e2f-3c96e72febbd
2026-08-14 05:31:07.872 7 WARNING neutron.api.rpc.agentnotifiers.dhcp_rpc_agent_api [None req-c383a877-d214-47c6-8006-efc89a1b97d1 884135e15b4a4cea804f1025371988ff 202a975b510a4d43b00503c0f77de12c - - default default] Unable to schedule network 214f41b6-5ac2-4739-bf01-8da5e0a0b16f: no agents available; will retry on subsequent port and subnet creation events.
2026-08-14 05:31:07.971 8 INFO neutron.db.ovn_revision_numbers_db [None req-964f2d19-4ab1-42b0-9791-20e6f5cc6f38 a17b4ffadfe547dda5a32855f8e70933 a6e1e85ca5c84b889d4e940bef244b1a - - default default] Successfully bumped revision number for resource 775beded-e4f9-42c7-8e2f-3c96e72febbd (type: ports) to 1
2026-08-14 05:31:07.978 7 INFO neutron.db.ovn_revision_numbers_db [None req-c383a877-d214-47c6-8006-efc89a1b97d1 884135e15b4a4cea804f1025371988ff 202a975b510a4d43b00503c0f77de12c - - default default] Successfully bumped revision number for resource b035b79b-cdab-4ca2-8330-794f981b2b27 (type: ports) to 1 [pid: 7|app: 0|req: 699/1365] 10.0.0.63 () {34 vars in 669 bytes} [Fri Aug 14 05:31:07 2026] POST /v2.0/networks => generated 663 bytes in 835 msecs (HTTP/1.1 201) 4 headers in 162 bytes (1 switches on core 0) [pid: 8|app: 0|req: 667/1366] 10.0.0.63 () {34 vars in 669 bytes} [Fri Aug 14 05:31:06 2026] POST /v2.0/networks => generated 1282 bytes in 1486 msecs (HTTP/1.1 201) 4 headers in 163 bytes (1 switches on core 0) [pid: 7|app: 0|req: 700/1367] 10.0.0.217 () {34 vars in 990 bytes} [Fri Aug 14 05:31:08 2026] GET /v2.0/ports?device_id=6f3bc486-d2bb-4535-a754-554308bbb90b => generated 12 bytes in 38 msecs (HTTP/1.1 200) 4 headers in 156 bytes (1 switches on core 0)
2026-08-14 05:31:08.042 8 INFO neutron.plugins.ml2.drivers.ovn.mech_driver.mech_driver [None req-ea68be76-010c-4ff5-81fd-0980e71d17a3 - - - - - -] OVN reports status down for port: b035b79b-cdab-4ca2-8330-794f981b2b27 [pid: 8|app: 0|req: 668/1368] 10.0.0.63 () {32 vars in 648 bytes} [Fri Aug 14 05:31:08 2026] GET /v2.0/networks => generated 1969 bytes in 87 msecs (HTTP/1.1 200) 4 headers in 158 bytes (1 switches on core 0)
2026-08-14 05:31:08.210 7 WARNING neutron.scheduler.dhcp_agent_scheduler [None req-e27d417a-acff-4504-89a8-eeae7b314ddf 884135e15b4a4cea804f1025371988ff 202a975b510a4d43b00503c0f77de12c - - default default] No more DHCP agents
2026-08-14 05:31:08.211 7 WARNING neutron.api.rpc.agentnotifiers.dhcp_rpc_agent_api [None req-e27d417a-acff-4504-89a8-eeae7b314ddf 884135e15b4a4cea804f1025371988ff 202a975b510a4d43b00503c0f77de12c - - default default] Unable to schedule network 214f41b6-5ac2-4739-bf01-8da5e0a0b16f: no agents available; will retry on subsequent port and subnet creation events.
2026-08-14 05:31:08.239 8 INFO neutron_taas.services.taas.taas_plugin [None req-d91d71fe-b794-4bf2-93b9-8127e01b39e5 a17b4ffadfe547dda5a32855f8e70933 a6e1e85ca5c84b889d4e940bef244b1a - - default default] TaaS: Handle Delete Port: 1c97277f-f903-44ca-a771-b4c5bad28dd4
2026-08-14 05:31:08.242 8 INFO neutron_taas.services.taas.tap_mirror_plugin [None req-d91d71fe-b794-4bf2-93b9-8127e01b39e5 a17b4ffadfe547dda5a32855f8e70933 a6e1e85ca5c84b889d4e940bef244b1a - - default default] Tap Mirror: Handle Delete Port: 1c97277f-f903-44ca-a771-b4c5bad28dd4
2026-08-14 05:31:08.423 8 INFO neutron.services.segments.plugin [-] Segment 2edf4d37-d26f-4b17-9a85-f0d3b6791d4d resource provider aggregate not found
2026-08-14 05:31:08.427 8 INFO neutron.services.segments.plugin [-] Segment 2edf4d37-d26f-4b17-9a85-f0d3b6791d4d resource provider aggregate not found
2026-08-14 05:31:08.438 8 INFO neutron.services.segments.plugin [-] Segment 2edf4d37-d26f-4b17-9a85-f0d3b6791d4d resource provider not found; error: Placement Client Error (4xx): {"errors": [{"status": 404, "title": "Not Found", "detail": "The resource could not be found.\n\n No resource provider with uuid 2edf4d37-d26f-4b17-9a85-f0d3b6791d4d found for delete ", "request_id": "req-8c4dd021-e90c-4f3f-9486-14e3ee62b068"}]}
2026-08-14 05:31:08.439 8 INFO neutron.services.segments.plugin [-] Segment 2edf4d37-d26f-4b17-9a85-f0d3b6791d4d resource provider not found; error: Placement Client Error (4xx): {"errors": [{"status": 404, "title": "Not Found", "detail": "The resource could not be found.\n\n No resource provider with uuid 2edf4d37-d26f-4b17-9a85-f0d3b6791d4d found for delete ", "request_id": "req-25b97fe8-0ad5-4730-8a97-de4e432c81a2"}]} [pid: 8|app: 0|req: 669/1369] 10.0.0.63 () {32 vars in 725 bytes} [Fri Aug 14 05:31:08 2026] DELETE /v2.0/networks/21f3b285-5a14-49ff-a6fe-fa4e739e234e => generated 0 bytes in 350 msecs (HTTP/1.1 204) 3 headers in 131 bytes (1 switches on core 0) [pid: 8|app: 0|req: 670/1370] 199.204.45.77 () {34 vars in 985 bytes} [Fri Aug 14 05:31:08 2026] GET /v2.0/networks?id=30316894-8775-4bba-9472-d97de3b23319 => generated 699 bytes in 34 msecs (HTTP/1.1 200) 4 headers in 157 bytes (1 switches on core 0)
2026-08-14 05:31:08.590 8 INFO neutron_taas.services.taas.taas_plugin [None req-c88eabff-fff7-4960-a911-a7fafdb407c6 a17b4ffadfe547dda5a32855f8e70933 a6e1e85ca5c84b889d4e940bef244b1a - - default default] TaaS: Handle Delete Port: 775beded-e4f9-42c7-8e2f-3c96e72febbd
2026-08-14 05:31:08.594 8 INFO neutron_taas.services.taas.tap_mirror_plugin [None req-c88eabff-fff7-4960-a911-a7fafdb407c6 a17b4ffadfe547dda5a32855f8e70933 a6e1e85ca5c84b889d4e940bef244b1a - - default default] Tap Mirror: Handle Delete Port: 775beded-e4f9-42c7-8e2f-3c96e72febbd
2026-08-14 05:31:08.665 7 INFO neutron.db.ovn_revision_numbers_db [None req-dcbf0260-f191-42f8-8781-423abd3cad1b - - - - - -] Successfully bumped revision number for resource b035b79b-cdab-4ca2-8330-794f981b2b27 (type: ports) to 2
2026-08-14 05:31:08.791 7 INFO neutron.db.ovn_revision_numbers_db [None req-dcbf0260-f191-42f8-8781-423abd3cad1b - - - - - -] Successfully bumped revision number for resource a4013ee8-57a4-4b80-8ffa-a9d312976cc8 (type: subnets) to 0 [pid: 7|app: 0|req: 701/1371] 10.0.0.63 () {34 vars in 668 bytes} [Fri Aug 14 05:31:08 2026] POST /v2.0/subnets => generated 641 bytes in 767 msecs (HTTP/1.1 201) 4 headers in 162 bytes (1 switches on core 0) [pid: 7|app: 0|req: 702/1372] 199.204.45.77 () {34 vars in 1049 bytes} [Fri Aug 14 05:31:08 2026] GET /v2.0/security-groups?fields=id&fields=name&tenant_id=1c8caa4093f14a6da961e56985265596 => generated 274 bytes in 31 msecs (HTTP/1.1 200) 4 headers in 157 bytes (1 switches on core 0) [pid: 8|app: 0|req: 671/1373] 10.0.0.63 () {32 vars in 725 bytes} [Fri Aug 14 05:31:08 2026] DELETE /v2.0/networks/c4defa35-8b1d-4c9d-8fa9-73956e947858 => generated 0 bytes in 428 msecs (HTTP/1.1 204) 3 headers in 131 bytes (1 switches on core 0)
2026-08-14 05:31:08.960 7 INFO neutron.db.segments_db [None req-702936b6-9ed5-4e47-9794-294227e43a55 884135e15b4a4cea804f1025371988ff 202a975b510a4d43b00503c0f77de12c - - default default] Added segment 07a01e3f-7b0b-4346-97f2-152601fa340f of type geneve for network 4e8441aa-9f23-46a8-98b5-1a8ec1d95d62
2026-08-14 05:31:09.074 7 INFO neutron.db.ovn_revision_numbers_db [None req-702936b6-9ed5-4e47-9794-294227e43a55 884135e15b4a4cea804f1025371988ff 202a975b510a4d43b00503c0f77de12c - - default default] Successfully bumped revision number for resource 4e8441aa-9f23-46a8-98b5-1a8ec1d95d62 (type: networks) to 1
2026-08-14 05:31:09.176 8 WARNING neutron.scheduler.dhcp_agent_scheduler [req-1421ce5b-830c-4f88-a814-189a327fb214 req-225496a0-12e7-460d-8364-876d88bcfeae 7134d21af29a408a82140875d2a7fdba 1c8caa4093f14a6da961e56985265596 - - default default] No more DHCP agents
