2026-08-14 05:31:16.809 7 INFO neutron.db.ovn_revision_numbers_db [None req-d6569748-1a2a-46bc-8692-c23016c70c47 6ce484513eff4bd99dbd0f867106070b 3cd1b188ff7342f183bfc5b0dc619e92 - - default default] Successfully bumped revision number for resource 688ca81a-0eb4-4eb8-a8e3-9c84dd3d8bf3 (type: ports) to 1 [pid: 8|app: 0|req: 702/1444] 10.0.0.63 () {32 vars in 725 bytes} [Fri Aug 14 05:31:16 2026] DELETE /v2.0/networks/00581854-90bf-4d5f-80a1-33d7a05fe3bb => generated 0 bytes in 371 msecs (HTTP/1.1 204) 3 headers in 131 bytes (1 switches on core 0) [pid: 7|app: 0|req: 743/1445] 10.0.0.63 () {34 vars in 669 bytes} [Fri Aug 14 05:31:15 2026] POST /v2.0/networks => generated 649 bytes in 938 msecs (HTTP/1.1 201) 4 headers in 162 bytes (1 switches on core 0) [pid: 8|app: 0|req: 703/1446] 10.0.0.217 () {34 vars in 990 bytes} [Fri Aug 14 05:31:16 2026] GET /v2.0/ports?device_id=6f3bc486-d2bb-4535-a754-554308bbb90b => generated 975 bytes in 102 msecs (HTTP/1.1 200) 4 headers in 157 bytes (1 switches on core 0)
2026-08-14 05:31:16.977 7 INFO neutron_taas.services.taas.taas_plugin [None req-e8aac801-49f9-40bf-876b-041eeb1dcdb2 a17b4ffadfe547dda5a32855f8e70933 a6e1e85ca5c84b889d4e940bef244b1a - - default default] TaaS: Handle Delete Port: 3481abd2-28ff-4af0-a90d-087ee3f76ebf
2026-08-14 05:31:16.981 7 INFO neutron_taas.services.taas.tap_mirror_plugin [None req-e8aac801-49f9-40bf-876b-041eeb1dcdb2 a17b4ffadfe547dda5a32855f8e70933 a6e1e85ca5c84b889d4e940bef244b1a - - default default] Tap Mirror: Handle Delete Port: 3481abd2-28ff-4af0-a90d-087ee3f76ebf
2026-08-14 05:31:17.020 8 INFO neutron.db.segments_db [None req-2efc96a4-204a-4fb5-a4c7-0342ab8d61b0 6ce484513eff4bd99dbd0f867106070b 3cd1b188ff7342f183bfc5b0dc619e92 - - default default] Added segment a74608d2-e580-4d72-95de-b8e295a39062 of type geneve for network b659f2ac-6d59-45a7-97d7-ec967d27c435
2026-08-14 05:31:17.127 8 INFO neutron.db.ovn_revision_numbers_db [None req-2efc96a4-204a-4fb5-a4c7-0342ab8d61b0 6ce484513eff4bd99dbd0f867106070b 3cd1b188ff7342f183bfc5b0dc619e92 - - default default] Successfully bumped revision number for resource b659f2ac-6d59-45a7-97d7-ec967d27c435 (type: networks) to 1
2026-08-14 05:31:17.166 7 INFO neutron.services.segments.plugin [-] Segment 5c9b3317-1c32-48ef-8d23-b9a71db6f541 resource provider aggregate not found
2026-08-14 05:31:17.171 7 INFO neutron.services.segments.plugin [-] Segment 5c9b3317-1c32-48ef-8d23-b9a71db6f541 resource provider aggregate not found
2026-08-14 05:31:17.185 7 INFO neutron.services.segments.plugin [-] Segment 5c9b3317-1c32-48ef-8d23-b9a71db6f541 resource provider not found; error: Placement Client Error (4xx): {"errors": [{"status": 404, "title": "Not Found", "detail": "The resource could not be found.\n\n No resource provider with uuid 5c9b3317-1c32-48ef-8d23-b9a71db6f541 found for delete ", "request_id": "req-8d242595-c05b-4c51-9eb7-396c4f0360eb"}]}
2026-08-14 05:31:17.193 7 INFO neutron.services.segments.plugin [-] Segment 5c9b3317-1c32-48ef-8d23-b9a71db6f541 resource provider not found; error: Placement Client Error (4xx): {"errors": [{"status": 404, "title": "Not Found", "detail": "The resource could not be found.\n\n No resource provider with uuid 5c9b3317-1c32-48ef-8d23-b9a71db6f541 found for delete ", "request_id": "req-c3a55a10-df6d-4219-a55f-d2b8b8abf1da"}]} [pid: 7|app: 0|req: 744/1447] 10.0.0.63 () {32 vars in 725 bytes} [Fri Aug 14 05:31:16 2026] DELETE /v2.0/networks/71ecdde5-9948-4085-9f91-b8bb6b9ab387 => generated 0 bytes in 369 msecs (HTTP/1.1 204) 3 headers in 131 bytes (1 switches on core 0) [pid: 7|app: 0|req: 745/1448] 10.0.0.217 () {34 vars in 1040 bytes} [Fri Aug 14 05:31:17 2026] GET /v2.0/security-groups?id=4bd87293-f71b-4c34-ab76-edbb3184db86&fields=id&fields=name => generated 114 bytes in 28 msecs (HTTP/1.1 200) 4 headers in 157 bytes (1 switches on core 0)
2026-08-14 05:31:17.291 8 WARNING neutron.scheduler.dhcp_agent_scheduler [None req-2efc96a4-204a-4fb5-a4c7-0342ab8d61b0 6ce484513eff4bd99dbd0f867106070b 3cd1b188ff7342f183bfc5b0dc619e92 - - default default] No more DHCP agents
2026-08-14 05:31:17.292 8 WARNING neutron.api.rpc.agentnotifiers.dhcp_rpc_agent_api [None req-2efc96a4-204a-4fb5-a4c7-0342ab8d61b0 6ce484513eff4bd99dbd0f867106070b 3cd1b188ff7342f183bfc5b0dc619e92 - - default default] Unable to schedule network b659f2ac-6d59-45a7-97d7-ec967d27c435: no agents available; will retry on subsequent port and subnet creation events.
2026-08-14 05:31:17.367 7 INFO neutron.plugins.ml2.drivers.ovn.mech_driver.mech_driver [None req-66e2b191-402c-43b5-a570-db42b80249f4 - - - - - -] OVN reports status down for port: 484cb922-b8af-425e-8e70-bc87b0e5712d
2026-08-14 05:31:17.370 8 INFO neutron.db.ovn_revision_numbers_db [None req-2efc96a4-204a-4fb5-a4c7-0342ab8d61b0 6ce484513eff4bd99dbd0f867106070b 3cd1b188ff7342f183bfc5b0dc619e92 - - default default] Successfully bumped revision number for resource 484cb922-b8af-425e-8e70-bc87b0e5712d (type: ports) to 1 [pid: 8|app: 0|req: 704/1449] 10.0.0.63 () {34 vars in 669 bytes} [Fri Aug 14 05:31:16 2026] POST /v2.0/networks => generated 649 bytes in 462 msecs (HTTP/1.1 201) 4 headers in 162 bytes (1 switches on core 0) [pid: 8|app: 0|req: 705/1450] 10.0.0.217 () {34 vars in 990 bytes} [Fri Aug 14 05:31:17 2026] GET /v2.0/ports?device_id=0b723a05-8ea7-499a-bd48-7b80f9c473d9 => generated 12 bytes in 15 msecs (HTTP/1.1 200) 4 headers in 156 bytes (1 switches on core 0)
2026-08-14 05:31:17.616 7 WARNING neutron.scheduler.dhcp_agent_scheduler [None req-546ffd9d-eb92-4a15-b5f4-86a0bd97ca80 6ce484513eff4bd99dbd0f867106070b 3cd1b188ff7342f183bfc5b0dc619e92 - - default default] No more DHCP agents
2026-08-14 05:31:17.618 7 WARNING neutron.api.rpc.agentnotifiers.dhcp_rpc_agent_api [None req-546ffd9d-eb92-4a15-b5f4-86a0bd97ca80 6ce484513eff4bd99dbd0f867106070b 3cd1b188ff7342f183bfc5b0dc619e92 - - default default] Unable to schedule network dfbeec69-082b-48b0-8888-9c8f1cade4b2: no agents available; will retry on subsequent port and subnet creation events.
2026-08-14 05:31:17.793 8 INFO neutron.notifiers.nova [-] Nova event matching ['req-704efc9b-e479-4488-8d86-c5e070b70948'] response: {'server_uuid': '6f3bc486-d2bb-4535-a754-554308bbb90b', 'name': 'network-vif-plugged', 'status': 'completed', 'tag': 'de7e2471-c4af-4dfd-8ccc-39b253e8be19', 'code': 200} [pid: 8|app: 0|req: 706/1451] 10.0.0.63 () {32 vars in 773 bytes} [Fri Aug 14 05:31:17 2026] GET /v2.0/security-groups?tenant_id=a6e1e85ca5c84b889d4e940bef244b1a&name=default => generated 2925 bytes in 211 msecs (HTTP/1.1 200) 4 headers in 158 bytes (1 switches on core 0)
2026-08-14 05:31:17.985 8 INFO neutron.services.segments.plugin [-] Segment 046df707-b472-4b2e-92e4-7458f1d2d2a8 resource provider aggregate not found
2026-08-14 05:31:18.000 8 INFO neutron.services.segments.plugin [-] Segment 046df707-b472-4b2e-92e4-7458f1d2d2a8 resource provider aggregate not found
2026-08-14 05:31:18.007 8 INFO neutron.services.segments.plugin [-] Segment 046df707-b472-4b2e-92e4-7458f1d2d2a8 resource provider not found; error: Placement Client Error (4xx): {"errors": [{"status": 404, "title": "Not Found", "detail": "The resource could not be found.\n\n No resource provider with uuid 046df707-b472-4b2e-92e4-7458f1d2d2a8 found for delete ", "request_id": "req-5137062f-cfb5-4b5d-bea7-14fb3a92b9c2"}]}
2026-08-14 05:31:18.016 8 INFO neutron.services.segments.plugin [-] Segment 046df707-b472-4b2e-92e4-7458f1d2d2a8 resource provider not found; error: Placement Client Error (4xx): {"errors": [{"status": 404, "title": "Not Found", "detail": "The resource could not be found.\n\n No resource provider with uuid 046df707-b472-4b2e-92e4-7458f1d2d2a8 found for delete ", "request_id": "req-70abc936-1b64-4334-88ad-61f83d4f4cb5"}]}
2026-08-14 05:31:18.024 8 INFO neutron.services.segments.plugin [-] Segment b68b821d-ea88-48ea-934e-be0d006de081 resource provider aggregate not found
2026-08-14 05:31:18.038 8 INFO neutron.services.segments.plugin [-] Segment b68b821d-ea88-48ea-934e-be0d006de081 resource provider not found; error: Placement Client Error (4xx): {"errors": [{"status": 404, "title": "Not Found", "detail": "The resource could not be found.\n\n No resource provider with uuid b68b821d-ea88-48ea-934e-be0d006de081 found for delete ", "request_id": "req-bd13dfd1-d0a0-4ce7-aeab-ed9c1f49c988"}]}
2026-08-14 05:31:18.059 8 INFO neutron.services.segments.plugin [-] Segment b68b821d-ea88-48ea-934e-be0d006de081 resource provider aggregate not found
2026-08-14 05:31:18.086 8 INFO neutron.services.segments.plugin [-] Segment b68b821d-ea88-48ea-934e-be0d006de081 resource provider not found; error: Placement Client Error (4xx): {"errors": [{"status": 404, "title": "Not Found", "detail": "The resource could not be found.\n\n No resource provider with uuid b68b821d-ea88-48ea-934e-be0d006de081 found for delete ", "request_id": "req-6b7a1d71-a47a-43b8-9cb4-efa64de9a3bf"}]}
2026-08-14 05:31:18.163 7 INFO neutron.db.ovn_revision_numbers_db [None req-82672144-1a70-4bab-8b45-06f19eec6348 - - - - - -] Successfully bumped revision number for resource 688ca81a-0eb4-4eb8-a8e3-9c84dd3d8bf3 (type: ports) to 2
2026-08-14 05:31:18.209 7 INFO neutron.db.ovn_revision_numbers_db [None req-82672144-1a70-4bab-8b45-06f19eec6348 - - - - - -] Successfully bumped revision number for resource 37b8470a-5594-4209-a8f3-ac8fc9424eb7 (type: subnets) to 0 [pid: 7|app: 0|req: 746/1452] 10.0.0.63 () {34 vars in 668 bytes} [Fri Aug 14 05:31:17 2026] POST /v2.0/subnets => generated 626 bytes in 839 msecs (HTTP/1.1 201) 4 headers in 162 bytes (1 switches on core 0) [pid: 8|app: 0|req: 707/1453] 10.0.0.63 () {32 vars in 739 bytes} [Fri Aug 14 05:31:17 2026] DELETE /v2.0/security-groups/e65d1738-3387-449e-ad9f-beab2c82da8d => generated 0 bytes in 368 msecs (HTTP/1.1 204) 2 headers in 112 bytes (1 switches on core 0) [pid: 8|app: 0|req: 708/1454] 10.0.0.217 () {34 vars in 990 bytes} [Fri Aug 14 05:31:18 2026] GET /v2.0/ports?device_id=6f3bc486-d2bb-4535-a754-554308bbb90b => generated 975 bytes in 47 msecs (HTTP/1.1 200) 4 headers in 157 bytes (1 switches on core 0) [pid: 8|app: 0|req: 709/1455] 10.0.0.217 () {34 vars in 1040 bytes} [Fri Aug 14 05:31:18 2026] GET /v2.0/security-groups?id=4bd87293-f71b-4c34-ab76-edbb3184db86&fields=id&fields=name => generated 114 bytes in 36 msecs (HTTP/1.1 200) 4 headers in 157 bytes (1 switches on core 0)
2026-08-14 05:31:18.470 7 WARNING neutron.scheduler.dhcp_agent_scheduler [None req-a4f47699-0ef2-416f-9922-5291a23cd269 6ce484513eff4bd99dbd0f867106070b 3cd1b188ff7342f183bfc5b0dc619e92 - - default default] No more DHCP agents
2026-08-14 05:31:18.474 7 WARNING neutron.api.rpc.agentnotifiers.dhcp_rpc_agent_api [None req-a4f47699-0ef2-416f-9922-5291a23cd269 6ce484513eff4bd99dbd0f867106070b 3cd1b188ff7342f183bfc5b0dc619e92 - - default default] Unable to schedule network b659f2ac-6d59-45a7-97d7-ec967d27c435: no agents available; will retry on subsequent port and subnet creation events. [pid: 8|app: 0|req: 710/1456] 10.0.0.217 () {34 vars in 990 bytes} [Fri Aug 14 05:31:18 2026] GET /v2.0/ports?device_id=6f3bc486-d2bb-4535-a754-554308bbb90b => generated 975 bytes in 37 msecs (HTTP/1.1 200) 4 headers in 157 bytes (1 switches on core 0) [pid: 8|app: 0|req: 711/1457] 10.0.0.217 () {34 vars in 1040 bytes} [Fri Aug 14 05:31:18 2026] GET /v2.0/security-groups?id=4bd87293-f71b-4c34-ab76-edbb3184db86&fields=id&fields=name => generated 114 bytes in 40 msecs (HTTP/1.1 200) 4 headers in 157 bytes (1 switches on core 0) [pid: 8|app: 0|req: 712/1458] 10.0.0.63 () {32 vars in 735 bytes} [Fri Aug 14 05:31:18 2026] GET /v2.0/ports?device_id=6f3bc486-d2bb-4535-a754-554308bbb90b => generated 1213 bytes in 38 msecs (HTTP/1.1 200) 4 headers in 158 bytes (1 switches on core 0) [pid: 8|app: 0|req: 713/1459] 10.0.0.63 () {32 vars in 739 bytes} [Fri Aug 14 05:31:18 2026] DELETE /v2.0/security-groups/b51d5ae7-bea2-4c0d-b302-ee70455beb9e => generated 0 bytes in 158 msecs (HTTP/1.1 204) 2 headers in 112 bytes (1 switches on core 0)
2026-08-14 05:31:18.945 7 INFO neutron.db.ovn_revision_numbers_db [None req-f0c56d16-9902-40dc-b339-89a4fe43eeff - - - - - -] Successfully bumped revision number for resource 484cb922-b8af-425e-8e70-bc87b0e5712d (type: ports) to 2
2026-08-14 05:31:18.980 7 INFO neutron.db.ovn_revision_numbers_db [None req-f0c56d16-9902-40dc-b339-89a4fe43eeff - - - - - -] Successfully bumped revision number for resource ccec9279-af9d-4a8f-8d00-0316006a324a (type: subnets) to 0 [pid: 7|app: 0|req: 747/1460] 10.0.0.63 () {34 vars in 668 bytes} [Fri Aug 14 05:31:18 2026] POST /v2.0/subnets => generated 626 bytes in 752 msecs (HTTP/1.1 201) 4 headers in 162 bytes (1 switches on core 0)
2026-08-14 05:31:19.006 7 INFO neutron.api.v2.resource [None req-ea3b3fc5-ccdb-479b-9c07-5a2b8a496861 99fcae83f8a34166bff3317c55cd5cf9 36810a1bc1cc47aeb6862aa36b0e9786 - - default default] show failed (client error): The resource could not be found. [pid: 7|app: 0|req: 748/1461] 10.0.0.63 () {32 vars in 736 bytes} [Fri Aug 14 05:31:18 2026] GET /v2.0/security-groups/b51d5ae7-bea2-4c0d-b302-ee70455beb9e => generated 146 bytes in 11 msecs (HTTP/1.1 404) 4 headers in 164 bytes (1 switches on core 0)
2026-08-14 05:31:19.102 7 INFO neutron.db.ovn_revision_numbers_db [None req-a1eaa7c7-33b1-4e3b-bad7-f87439377ed6 6ce484513eff4bd99dbd0f867106070b 3cd1b188ff7342f183bfc5b0dc619e92 - - default default] Successfully bumped revision number for resource 4b219e49-93a9-416a-81c5-13b5aa121d68 (type: routers) to 1 [pid: 7|app: 0|req: 749/1462] 10.0.0.63 () {34 vars in 668 bytes} [Fri Aug 14 05:31:19 2026] POST /v2.0/routers => generated 602 bytes in 110 msecs (HTTP/1.1 201) 4 headers in 162 bytes (1 switches on core 0)
2026-08-14 05:31:19.230 7 INFO neutron_taas.services.taas.taas_plugin [None req-19e12b2d-5316-4fda-bb88-5262c71458c3 99fcae83f8a34166bff3317c55cd5cf9 36810a1bc1cc47aeb6862aa36b0e9786 - - default default] TaaS: Handle Delete Port: f80939c1-b544-4587-9d6d-b1eced4a769a
2026-08-14 05:31:19.233 7 INFO neutron_taas.services.taas.tap_mirror_plugin [None req-19e12b2d-5316-4fda-bb88-5262c71458c3 99fcae83f8a34166bff3317c55cd5cf9 36810a1bc1cc47aeb6862aa36b0e9786 - - default default] Tap Mirror: Handle Delete Port: f80939c1-b544-4587-9d6d-b1eced4a769a
2026-08-14 05:31:19.347 8 INFO neutron.db.ovn_revision_numbers_db [None req-6373f3f1-aeee-4ed0-a358-f4a4af2506ae 7134d21af29a408a82140875d2a7fdba 1c8caa4093f14a6da961e56985265596 - - default default] Successfully bumped revision number for resource 45633ed3-9fb8-417f-b461-29f1777f8d21 (type: floatingips) to 4 [pid: 7|app: 0|req: 750/1463] 10.0.0.63 () {32 vars in 731 bytes} [Fri Aug 14 05:31:19 2026] DELETE /v2.0/floatingips/94c7254e-4ee7-4ad1-b00d-05a3195ed3fe => generated 0 bytes in 320 msecs (HTTP/1.1 204) 2 headers in 112 bytes (1 switches on core 0) /var/lib/openstack/lib/python3.12/site-packages/pycadf/identifier.py:70: UserWarning: Invalid uuid: neutron. To ensure interoperability, identifiers should be a valid uuid. warnings.warn(('Invalid uuid: %s. To ensure interoperability, '
2026-08-14 05:31:19.455 8 INFO neutron.db.ovn_revision_numbers_db [None req-6373f3f1-aeee-4ed0-a358-f4a4af2506ae 7134d21af29a408a82140875d2a7fdba 1c8caa4093f14a6da961e56985265596 - - default default] Successfully bumped revision number for resource 45633ed3-9fb8-417f-b461-29f1777f8d21 (type: floatingips) to 5
2026-08-14 05:31:19.456 8 INFO neutron.db.l3_db [None req-6373f3f1-aeee-4ed0-a358-f4a4af2506ae 7134d21af29a408a82140875d2a7fdba 1c8caa4093f14a6da961e56985265596 - - default default] Floating IP 45633ed3-9fb8-417f-b461-29f1777f8d21 associated. External IP: 10.96.250.203, port: de7e2471-c4af-4dfd-8ccc-39b253e8be19. [pid: 8|app: 0|req: 714/1464] 10.0.0.63 () {34 vars in 748 bytes} [Fri Aug 14 05:31:18 2026] PUT /v2.0/floatingips/45633ed3-9fb8-417f-b461-29f1777f8d21 => generated 856 bytes in 674 msecs (HTTP/1.1 200) 4 headers in 157 bytes (1 switches on core 0)
2026-08-14 05:31:19.739 8 INFO neutron_taas.services.taas.taas_plugin [None req-17713adb-7dd8-48a9-a780-7cb5cc0ff50f 58989ef8344144e28be6f0db5ae67d1f 49d7294f24d04109bb47f751ed775a27 - - default default] TaaS: Handle Delete Port: cebdcdfc-2f20-4750-9c6b-8993ce4ac59a
2026-08-14 05:31:19.742 8 INFO neutron_taas.services.taas.tap_mirror_plugin [None req-17713adb-7dd8-48a9-a780-7cb5cc0ff50f 58989ef8344144e28be6f0db5ae67d1f 49d7294f24d04109bb47f751ed775a27 - - default default] Tap Mirror: Handle Delete Port: cebdcdfc-2f20-4750-9c6b-8993ce4ac59a
2026-08-14 05:31:19.755 7 WARNING neutron.scheduler.dhcp_agent_scheduler [None req-37f1e1ea-40ed-4f0f-8083-50bd54b01f01 6ce484513eff4bd99dbd0f867106070b 3cd1b188ff7342f183bfc5b0dc619e92 - - default default] No more DHCP agents
2026-08-14 05:31:19.757 7 WARNING neutron.api.rpc.agentnotifiers.dhcp_rpc_agent_api [None req-37f1e1ea-40ed-4f0f-8083-50bd54b01f01 6ce484513eff4bd99dbd0f867106070b 3cd1b188ff7342f183bfc5b0dc619e92 - - default default] Unable to schedule network dfbeec69-082b-48b0-8888-9c8f1cade4b2: no agents available; will retry on subsequent port and subnet creation events.
2026-08-14 05:31:19.836 8 INFO neutron.notifiers.nova [-] Nova event matching ['req-b5e922f3-156d-4f22-99c6-d0f9cbb5bb80'] response: {'name': 'network-changed', 'server_uuid': '6f3bc486-d2bb-4535-a754-554308bbb90b', 'tag': 'de7e2471-c4af-4dfd-8ccc-39b253e8be19', 'status': 'completed', 'code': 200}
2026-08-14 05:31:19.895 7 INFO neutron.plugins.ml2.drivers.ovn.mech_driver.mech_driver [None req-66e2b191-402c-43b5-a570-db42b80249f4 - - - - - -] OVN reports status down for port: f89505db-f4e1-43d2-96d2-9a874f172ee5
2026-08-14 05:31:19.999 7 INFO neutron.db.ovn_revision_numbers_db [None req-37f1e1ea-40ed-4f0f-8083-50bd54b01f01 6ce484513eff4bd99dbd0f867106070b 3cd1b188ff7342f183bfc5b0dc619e92 - - default default] Successfully bumped revision number for resource f89505db-f4e1-43d2-96d2-9a874f172ee5 (type: ports) to 1 [pid: 8|app: 0|req: 715/1465] 10.0.0.63 () {34 vars in 788 bytes} [Fri Aug 14 05:31:19 2026] PUT /v2.0/routers/a8c5d6a1-ade8-4547-9a5e-9b1e39fbe6b2/remove_router_interface => generated 309 bytes in 969 msecs (HTTP/1.1 200) 4 headers in 157 bytes (1 switches on core 0) /var/lib/openstack/lib/python3.12/site-packages/pycadf/identifier.py:70: UserWarning: Invalid uuid: neutron. To ensure interoperability, identifiers should be a valid uuid. warnings.warn(('Invalid uuid: %s. To ensure interoperability, ' [pid: 8|app: 0|req: 716/1466] 10.0.0.63 () {32 vars in 728 bytes} [Fri Aug 14 05:31:20 2026] GET /v2.0/floatingips/45633ed3-9fb8-417f-b461-29f1777f8d21 => generated 858 bytes in 42 msecs (HTTP/1.1 200) 4 headers in 157 bytes (1 switches on core 0)
2026-08-14 05:31:20.535 7 INFO neutron.plugins.ml2.drivers.ovn.mech_driver.mech_driver [None req-66e2b191-402c-43b5-a570-db42b80249f4 - - - - - -] OVN reports status up for port: f89505db-f4e1-43d2-96d2-9a874f172ee5
2026-08-14 05:31:20.559 7 INFO neutron.plugins.ml2.plugin [None req-66e2b191-402c-43b5-a570-db42b80249f4 - - - - - -] Attempt 1 to provision port f89505db-f4e1-43d2-96d2-9a874f172ee5
2026-08-14 05:31:20.695 7 WARNING neutron.scheduler.dhcp_agent_scheduler [None req-37f1e1ea-40ed-4f0f-8083-50bd54b01f01 6ce484513eff4bd99dbd0f867106070b 3cd1b188ff7342f183bfc5b0dc619e92 - - default default] No more DHCP agents
2026-08-14 05:31:20.697 7 WARNING neutron.api.rpc.agentnotifiers.dhcp_rpc_agent_api [None req-37f1e1ea-40ed-4f0f-8083-50bd54b01f01 6ce484513eff4bd99dbd0f867106070b 3cd1b188ff7342f183bfc5b0dc619e92 - - default default] Unable to schedule network dfbeec69-082b-48b0-8888-9c8f1cade4b2: no agents available; will retry on subsequent port and subnet creation events.
2026-08-14 05:31:20.815 8 INFO neutron.db.ovn_revision_numbers_db [None req-bed24bb2-6a05-4b7b-aeb8-7b3bb5ea579c 889e9c35001c44a79262057c580a8e81 2880da117dc74d0ca0a7418f19c72877 - - default default] Successfully bumped revision number for resource 66df2b12-64d9-4991-8865-fc759501eb03 (type: security_groups) to 1
2026-08-14 05:31:20.830 8 INFO neutron.db.ovn_revision_numbers_db [None req-bed24bb2-6a05-4b7b-aeb8-7b3bb5ea579c 889e9c35001c44a79262057c580a8e81 2880da117dc74d0ca0a7418f19c72877 - - default default] Successfully bumped revision number for resource 15af3383-25ff-455a-8269-3876072798ab (type: security_group_rules) to 0
2026-08-14 05:31:20.843 8 INFO neutron.db.ovn_revision_numbers_db [None req-bed24bb2-6a05-4b7b-aeb8-7b3bb5ea579c 889e9c35001c44a79262057c580a8e81 2880da117dc74d0ca0a7418f19c72877 - - default default] Successfully bumped revision number for resource 4abe8449-ffe0-40be-ba4b-09a268187cd8 (type: security_group_rules) to 0
2026-08-14 05:31:20.855 8 INFO neutron.db.ovn_revision_numbers_db [None req-bed24bb2-6a05-4b7b-aeb8-7b3bb5ea579c 889e9c35001c44a79262057c580a8e81 2880da117dc74d0ca0a7418f19c72877 - - default default] Successfully bumped revision number for resource 9d6a8b21-6daa-4ac6-bde6-c39240c6cd92 (type: security_group_rules) to 0
2026-08-14 05:31:20.870 8 INFO neutron.db.ovn_revision_numbers_db [None req-bed24bb2-6a05-4b7b-aeb8-7b3bb5ea579c 889e9c35001c44a79262057c580a8e81 2880da117dc74d0ca0a7418f19c72877 - - default default] Successfully bumped revision number for resource ff356fc8-7ad6-4ace-9b5a-f6091be5901b (type: security_group_rules) to 0
2026-08-14 05:31:20.946 8 INFO neutron.db.segments_db [None req-bed24bb2-6a05-4b7b-aeb8-7b3bb5ea579c 889e9c35001c44a79262057c580a8e81 2880da117dc74d0ca0a7418f19c72877 - - default default] Added segment bc19e471-a133-4964-a350-a359f5df985d of type geneve for network cf3d1ef1-187b-4227-a543-29f7fb1b2fac
2026-08-14 05:31:21.059 8 INFO neutron.db.ovn_revision_numbers_db [None req-bed24bb2-6a05-4b7b-aeb8-7b3bb5ea579c 889e9c35001c44a79262057c580a8e81 2880da117dc74d0ca0a7418f19c72877 - - default default] Successfully bumped revision number for resource cf3d1ef1-187b-4227-a543-29f7fb1b2fac (type: networks) to 1
2026-08-14 05:31:21.226 7 INFO neutron.db.ovn_revision_numbers_db [None req-37f1e1ea-40ed-4f0f-8083-50bd54b01f01 6ce484513eff4bd99dbd0f867106070b 3cd1b188ff7342f183bfc5b0dc619e92 - - default default] Successfully bumped revision number for resource f89505db-f4e1-43d2-96d2-9a874f172ee5 (type: router_ports) to 1 [pid: 7|app: 0|req: 751/1467] 10.0.0.63 () {34 vars in 782 bytes} [Fri Aug 14 05:31:19 2026] PUT /v2.0/routers/4b219e49-93a9-416a-81c5-13b5aa121d68/add_router_interface => generated 309 bytes in 1798 msecs (HTTP/1.1 200) 4 headers in 157 bytes (1 switches on core 0)
2026-08-14 05:31:21.252 8 WARNING neutron.scheduler.dhcp_agent_scheduler [None req-bed24bb2-6a05-4b7b-aeb8-7b3bb5ea579c 889e9c35001c44a79262057c580a8e81 2880da117dc74d0ca0a7418f19c72877 - - default default] No more DHCP agents
2026-08-14 05:31:21.254 8 WARNING neutron.api.rpc.agentnotifiers.dhcp_rpc_agent_api [None req-bed24bb2-6a05-4b7b-aeb8-7b3bb5ea579c 889e9c35001c44a79262057c580a8e81 2880da117dc74d0ca0a7418f19c72877 - - default default] Unable to schedule network cf3d1ef1-187b-4227-a543-29f7fb1b2fac: no agents available; will retry on subsequent port and subnet creation events.
2026-08-14 05:31:21.305 8 INFO neutron.plugins.ml2.drivers.ovn.mech_driver.mech_driver [None req-6caf8846-d636-4ff0-b380-e7a050b7de64 - - - - - -] OVN reports status down for port: 79dfb60b-f53f-4c28-9ad1-b72a47fbc88e [pid: 7|app: 0|req: 752/1468] 199.204.45.77 () {34 vars in 1079 bytes} [Fri Aug 14 05:31:21 2026] GET /v2.0/ports?tenant_id=1c8caa4093f14a6da961e56985265596&device_id=6f3bc486-d2bb-4535-a754-554308bbb90b => generated 1213 bytes in 102 msecs (HTTP/1.1 200) 4 headers in 158 bytes (1 switches on core 0)
2026-08-14 05:31:21.371 8 INFO neutron.db.ovn_revision_numbers_db [None req-bed24bb2-6a05-4b7b-aeb8-7b3bb5ea579c 889e9c35001c44a79262057c580a8e81 2880da117dc74d0ca0a7418f19c72877 - - default default] Successfully bumped revision number for resource 79dfb60b-f53f-4c28-9ad1-b72a47fbc88e (type: ports) to 1 [pid: 8|app: 0|req: 717/1469] 10.0.0.63 () {34 vars in 669 bytes} [Fri Aug 14 05:31:20 2026] POST /v2.0/networks => generated 668 bytes in 923 msecs (HTTP/1.1 201) 4 headers in 162 bytes (1 switches on core 0)
2026-08-14 05:31:21.478 7 INFO neutron.db.ovn_revision_numbers_db [None req-66e2b191-402c-43b5-a570-db42b80249f4 - - - - - -] Successfully bumped revision number for resource f89505db-f4e1-43d2-96d2-9a874f172ee5 (type: ports) to 2 [pid: 8|app: 0|req: 718/1470] 10.0.0.63 () {32 vars in 716 bytes} [Fri Aug 14 05:31:21 2026] GET /v2.0/ports/f89505db-f4e1-43d2-96d2-9a874f172ee5 => generated 943 bytes in 74 msecs (HTTP/1.1 200) 4 headers in 157 bytes (1 switches on core 0) [pid: 8|app: 0|req: 719/1471] 199.204.45.77 () {34 vars in 985 bytes} [Fri Aug 14 05:31:21 2026] GET /v2.0/networks?id=30316894-8775-4bba-9472-d97de3b23319 => generated 798 bytes in 41 msecs (HTTP/1.1 200) 4 headers in 157 bytes (1 switches on core 0)
2026-08-14 05:31:21.742 8 WARNING neutron.scheduler.dhcp_agent_scheduler [None req-70dde8f9-9d40-4ac5-95c2-2246e01ef5e3 889e9c35001c44a79262057c580a8e81 2880da117dc74d0ca0a7418f19c72877 - - default default] No more DHCP agents
2026-08-14 05:31:21.744 8 WARNING neutron.api.rpc.agentnotifiers.dhcp_rpc_agent_api [None req-70dde8f9-9d40-4ac5-95c2-2246e01ef5e3 889e9c35001c44a79262057c580a8e81 2880da117dc74d0ca0a7418f19c72877 - - default default] Unable to schedule network cf3d1ef1-187b-4227-a543-29f7fb1b2fac: no agents available; will retry on subsequent port and subnet creation events.
2026-08-14 05:31:21.780 7 INFO neutron_taas.services.taas.taas_plugin [None req-59116b9b-101b-45fa-aeaa-310b45305429 58989ef8344144e28be6f0db5ae67d1f 49d7294f24d04109bb47f751ed775a27 - - default default] TaaS: Handle Delete Port: 634fff83-ad4f-4e95-937b-98b876723c17
2026-08-14 05:31:21.782 7 INFO neutron_taas.services.taas.tap_mirror_plugin [None req-59116b9b-101b-45fa-aeaa-310b45305429 58989ef8344144e28be6f0db5ae67d1f 49d7294f24d04109bb47f751ed775a27 - - default default] Tap Mirror: Handle Delete Port: 634fff83-ad4f-4e95-937b-98b876723c17
2026-08-14 05:31:21.859 8 INFO neutron.db.ovn_revision_numbers_db [None req-70dde8f9-9d40-4ac5-95c2-2246e01ef5e3 889e9c35001c44a79262057c580a8e81 2880da117dc74d0ca0a7418f19c72877 - - default default] Successfully bumped revision number for resource 1ac12277-f9a9-49f6-bdc8-16fa4962e7b8 (type: ports) to 1 [pid: 8|app: 0|req: 720/1472] 10.0.0.63 () {34 vars in 664 bytes} [Fri Aug 14 05:31:21 2026] POST /v2.0/ports => generated 778 bytes in 381 msecs (HTTP/1.1 201) 4 headers in 162 bytes (1 switches on core 0) /var/lib/openstack/lib/python3.12/site-packages/pycadf/identifier.py:70: UserWarning: Invalid uuid: neutron. To ensure interoperability, identifiers should be a valid uuid. warnings.warn(('Invalid uuid: %s. To ensure interoperability, '
2026-08-14 05:31:22.390 8 WARNING neutron.scheduler.dhcp_agent_scheduler [None req-1071fed4-a2a8-426a-a546-23d6384ec247 6ce484513eff4bd99dbd0f867106070b 3cd1b188ff7342f183bfc5b0dc619e92 - - default default] No more DHCP agents
2026-08-14 05:31:22.391 8 WARNING neutron.api.rpc.agentnotifiers.dhcp_rpc_agent_api [None req-1071fed4-a2a8-426a-a546-23d6384ec247 6ce484513eff4bd99dbd0f867106070b 3cd1b188ff7342f183bfc5b0dc619e92 - - default default] Unable to schedule network b659f2ac-6d59-45a7-97d7-ec967d27c435: no agents available; will retry on subsequent port and subnet creation events.
2026-08-14 05:31:22.480 8 INFO neutron.plugins.ml2.drivers.ovn.mech_driver.mech_driver [None req-6caf8846-d636-4ff0-b380-e7a050b7de64 - - - - - -] OVN reports status down for port: 9e6c329a-fcfc-425d-b2e4-5586998f6e0d
2026-08-14 05:31:22.541 8 INFO neutron.db.ovn_revision_numbers_db [None req-1071fed4-a2a8-426a-a546-23d6384ec247 6ce484513eff4bd99dbd0f867106070b 3cd1b188ff7342f183bfc5b0dc619e92 - - default default] Successfully bumped revision number for resource 9e6c329a-fcfc-425d-b2e4-5586998f6e0d (type: ports) to 1 [pid: 7|app: 0|req: 753/1473] 10.0.0.63 () {32 vars in 723 bytes} [Fri Aug 14 05:31:21 2026] DELETE /v2.0/routers/a8c5d6a1-ade8-4547-9a5e-9b1e39fbe6b2 => generated 0 bytes in 1371 msecs (HTTP/1.1 204) 2 headers in 112 bytes (1 switches on core 0) [pid: 7|app: 0|req: 754/1474] 199.204.45.77 () {34 vars in 1059 bytes} [Fri Aug 14 05:31:22 2026] GET /v2.0/floatingips?fixed_ip_address=10.100.0.14&port_id=de7e2471-c4af-4dfd-8ccc-39b253e8be19 => generated 861 bytes in 43 msecs (HTTP/1.1 200) 4 headers in 157 bytes (1 switches on core 0)
2026-08-14 05:31:22.864 7 INFO neutron.db.segments_db [None req-5d486869-23db-4d05-b81d-7b73829a3d7a 889e9c35001c44a79262057c580a8e81 2880da117dc74d0ca0a7418f19c72877 - - default default] Added segment 2d2a767f-9208-45b4-a73d-3670418da9d1 of type geneve for network c8758984-7e75-4023-a19b-b8244371cf6e
2026-08-14 05:31:22.985 7 INFO neutron.db.ovn_revision_numbers_db [None req-5d486869-23db-4d05-b81d-7b73829a3d7a 889e9c35001c44a79262057c580a8e81 2880da117dc74d0ca0a7418f19c72877 - - default default] Successfully bumped revision number for resource c8758984-7e75-4023-a19b-b8244371cf6e (type: networks) to 1
2026-08-14 05:31:23.149 7 WARNING neutron.scheduler.dhcp_agent_scheduler [None req-5d486869-23db-4d05-b81d-7b73829a3d7a 889e9c35001c44a79262057c580a8e81 2880da117dc74d0ca0a7418f19c72877 - - default default] No more DHCP agents
2026-08-14 05:31:23.151 7 WARNING neutron.api.rpc.agentnotifiers.dhcp_rpc_agent_api [None req-5d486869-23db-4d05-b81d-7b73829a3d7a 889e9c35001c44a79262057c580a8e81 2880da117dc74d0ca0a7418f19c72877 - - default default] Unable to schedule network c8758984-7e75-4023-a19b-b8244371cf6e: no agents available; will retry on subsequent port and subnet creation events.
2026-08-14 05:31:23.214 8 INFO neutron.plugins.ml2.drivers.ovn.mech_driver.mech_driver [None req-6caf8846-d636-4ff0-b380-e7a050b7de64 - - - - - -] OVN reports status up for port: 9e6c329a-fcfc-425d-b2e4-5586998f6e0d
2026-08-14 05:31:23.235 7 INFO neutron.db.ovn_revision_numbers_db [None req-5d486869-23db-4d05-b81d-7b73829a3d7a 889e9c35001c44a79262057c580a8e81 2880da117dc74d0ca0a7418f19c72877 - - default default] Successfully bumped revision number for resource 62634379-9afd-4971-af6d-274b2a9b67ba (type: ports) to 1 [pid: 7|app: 0|req: 755/1475] 10.0.0.63 () {34 vars in 669 bytes} [Fri Aug 14 05:31:22 2026] POST /v2.0/networks => generated 655 bytes in 502 msecs (HTTP/1.1 201) 4 headers in 162 bytes (1 switches on core 0)
2026-08-14 05:31:23.266 8 INFO neutron.plugins.ml2.plugin [None req-6caf8846-d636-4ff0-b380-e7a050b7de64 - - - - - -] Attempt 1 to provision port 9e6c329a-fcfc-425d-b2e4-5586998f6e0d
2026-08-14 05:31:23.368 8 WARNING neutron.scheduler.dhcp_agent_scheduler [None req-1071fed4-a2a8-426a-a546-23d6384ec247 6ce484513eff4bd99dbd0f867106070b 3cd1b188ff7342f183bfc5b0dc619e92 - - default default] No more DHCP agents
2026-08-14 05:31:23.371 8 WARNING neutron.api.rpc.agentnotifiers.dhcp_rpc_agent_api [None req-1071fed4-a2a8-426a-a546-23d6384ec247 6ce484513eff4bd99dbd0f867106070b 3cd1b188ff7342f183bfc5b0dc619e92 - - default default] Unable to schedule network b659f2ac-6d59-45a7-97d7-ec967d27c435: no agents available; will retry on subsequent port and subnet creation events. [pid: 7|app: 0|req: 756/1476] 10.0.0.63 () {32 vars in 723 bytes} [Fri Aug 14 05:31:23 2026] DELETE /v2.0/subnets/2c1c99f2-36c2-4c6b-ac9d-7991193f7677 => generated 0 bytes in 155 msecs (HTTP/1.1 204) 3 headers in 131 bytes (1 switches on core 0) [pid: 7|app: 0|req: 757/1477] 199.204.45.77 () {34 vars in 983 bytes} [Fri Aug 14 05:31:23 2026] GET /v2.0/subnets?id=84a3ae5d-172f-4166-8bb0-b42909d2cfa3 => generated 677 bytes in 23 msecs (HTTP/1.1 200) 4 headers in 157 bytes (1 switches on core 0)
2026-08-14 05:31:23.584 7 WARNING neutron.scheduler.dhcp_agent_scheduler [None req-68ea66a9-c4c4-4105-8a86-d6d9687c8904 889e9c35001c44a79262057c580a8e81 2880da117dc74d0ca0a7418f19c72877 - - default default] No more DHCP agents
2026-08-14 05:31:23.585 7 WARNING neutron.api.rpc.agentnotifiers.dhcp_rpc_agent_api [None req-68ea66a9-c4c4-4105-8a86-d6d9687c8904 889e9c35001c44a79262057c580a8e81 2880da117dc74d0ca0a7418f19c72877 - - default default] Unable to schedule network c8758984-7e75-4023-a19b-b8244371cf6e: no agents available; will retry on subsequent port and subnet creation events.
2026-08-14 05:31:23.607 7 INFO neutron.db.ovn_revision_numbers_db [None req-68ea66a9-c4c4-4105-8a86-d6d9687c8904 889e9c35001c44a79262057c580a8e81 2880da117dc74d0ca0a7418f19c72877 - - default default] Successfully bumped revision number for resource 9315d919-3e68-4558-929e-a651e07b3d93 (type: subnets) to 0 [pid: 7|app: 0|req: 758/1478] 10.0.0.63 () {34 vars in 668 bytes} [Fri Aug 14 05:31:23 2026] POST /v2.0/subnets => generated 646 bytes in 186 msecs (HTTP/1.1 201) 4 headers in 162 bytes (1 switches on core 0)
2026-08-14 05:31:23.733 7 INFO neutron_taas.services.taas.taas_plugin [None req-c8443ead-f8fc-4c1c-bdac-53e6cf876dda 58989ef8344144e28be6f0db5ae67d1f 49d7294f24d04109bb47f751ed775a27 - - default default] TaaS: Handle Delete Port: f827ffae-6b5b-4565-8190-5e0cc20d42f3
2026-08-14 05:31:23.735 7 INFO neutron_taas.services.taas.tap_mirror_plugin [None req-c8443ead-f8fc-4c1c-bdac-53e6cf876dda 58989ef8344144e28be6f0db5ae67d1f 49d7294f24d04109bb47f751ed775a27 - - default default] Tap Mirror: Handle Delete Port: f827ffae-6b5b-4565-8190-5e0cc20d42f3
2026-08-14 05:31:23.790 8 INFO neutron.db.ovn_revision_numbers_db [None req-1071fed4-a2a8-426a-a546-23d6384ec247 6ce484513eff4bd99dbd0f867106070b 3cd1b188ff7342f183bfc5b0dc619e92 - - default default] Successfully bumped revision number for resource 9e6c329a-fcfc-425d-b2e4-5586998f6e0d (type: router_ports) to 1 [pid: 8|app: 0|req: 721/1479] 10.0.0.63 () {34 vars in 782 bytes} [Fri Aug 14 05:31:21 2026] PUT /v2.0/routers/4b219e49-93a9-416a-81c5-13b5aa121d68/add_router_interface => generated 309 bytes in 1886 msecs (HTTP/1.1 200) 4 headers in 157 bytes (1 switches on core 0) [pid: 8|app: 0|req: 722/1480] 199.204.45.77 () {34 vars in 1051 bytes} [Fri Aug 14 05:31:23 2026] GET /v2.0/ports?network_id=30316894-8775-4bba-9472-d97de3b23319&device_owner=network%3Adhcp => generated 12 bytes in 54 msecs (HTTP/1.1 200) 4 headers in 156 bytes (1 switches on core 0)
2026-08-14 05:31:23.925 7 INFO neutron.services.segments.plugin [-] Segment 601f827b-de7b-462a-b836-c7eb1fa90742 resource provider aggregate not found
2026-08-14 05:31:23.929 7 INFO neutron.services.segments.plugin [-] Segment 601f827b-de7b-462a-b836-c7eb1fa90742 resource provider aggregate not found
2026-08-14 05:31:23.952 7 INFO neutron.services.segments.plugin [-] Segment 601f827b-de7b-462a-b836-c7eb1fa90742 resource provider not found; error: Placement Client Error (4xx): {"errors": [{"status": 404, "title": "Not Found", "detail": "The resource could not be found.\n\n No resource provider with uuid 601f827b-de7b-462a-b836-c7eb1fa90742 found for delete ", "request_id": "req-49740f65-6623-491b-a968-827915b24ae3"}]}
2026-08-14 05:31:23.953 7 INFO neutron.services.segments.plugin [-] Segment 601f827b-de7b-462a-b836-c7eb1fa90742 resource provider not found; error: Placement Client Error (4xx): {"errors": [{"status": 404, "title": "Not Found", "detail": "The resource could not be found.\n\n No resource provider with uuid 601f827b-de7b-462a-b836-c7eb1fa90742 found for delete ", "request_id": "req-5c1efc6a-ef27-4797-95ce-95fcfe497084"}]} [pid: 7|app: 0|req: 759/1481] 10.0.0.63 () {32 vars in 725 bytes} [Fri Aug 14 05:31:23 2026] DELETE /v2.0/networks/71036770-f7b7-46f6-9b15-d9b70a16939c => generated 0 bytes in 362 msecs (HTTP/1.1 204) 3 headers in 131 bytes (1 switches on core 0)
2026-08-14 05:31:24.050 8 INFO neutron.db.ovn_revision_numbers_db [None req-6caf8846-d636-4ff0-b380-e7a050b7de64 - - - - - -] Successfully bumped revision number for resource 9e6c329a-fcfc-425d-b2e4-5586998f6e0d (type: ports) to 2 [pid: 7|app: 0|req: 760/1482] 10.0.0.63 () {32 vars in 716 bytes} [Fri Aug 14 05:31:23 2026] GET /v2.0/ports/9e6c329a-fcfc-425d-b2e4-5586998f6e0d => generated 943 bytes in 78 msecs (HTTP/1.1 200) 4 headers in 157 bytes (1 switches on core 0) [pid: 7|app: 0|req: 761/1483] 199.204.45.77 () {34 vars in 1011 bytes} [Fri Aug 14 05:31:24 2026] GET /v2.0/networks/30316894-8775-4bba-9472-d97de3b23319?fields=segments => generated 14 bytes in 37 msecs (HTTP/1.1 200) 4 headers in 156 bytes (1 switches on core 0) [pid: 7|app: 0|req: 762/1484] 10.0.0.63 () {32 vars in 716 bytes} [Fri Aug 14 05:31:24 2026] GET /v2.0/ports/9e6c329a-fcfc-425d-b2e4-5586998f6e0d => generated 943 bytes in 49 msecs (HTTP/1.1 200) 4 headers in 157 bytes (1 switches on core 0) [pid: 7|app: 0|req: 763/1485] 199.204.45.77 () {34 vars in 1111 bytes} [Fri Aug 14 05:31:24 2026] GET /v2.0/networks/30316894-8775-4bba-9472-d97de3b23319?fields=provider%3Aphysical_network&fields=provider%3Anetwork_type => generated 79 bytes in 49 msecs (HTTP/1.1 200) 4 headers in 156 bytes (1 switches on core 0) [pid: 7|app: 0|req: 764/1486] 10.0.0.63 () {32 vars in 773 bytes} [Fri Aug 14 05:31:24 2026] GET /v2.0/security-groups?tenant_id=36810a1bc1cc47aeb6862aa36b0e9786&name=default => generated 2925 bytes in 30 msecs (HTTP/1.1 200) 4 headers in 158 bytes (1 switches on core 0)
2026-08-14 05:31:24.321 8 WARNING neutron.scheduler.dhcp_agent_scheduler [None req-3f7b70e7-2ab8-43c6-82b3-611290186f4a 889e9c35001c44a79262057c580a8e81 2880da117dc74d0ca0a7418f19c72877 - - default default] No more DHCP agents
2026-08-14 05:31:24.323 8 WARNING neutron.api.rpc.agentnotifiers.dhcp_rpc_agent_api [None req-3f7b70e7-2ab8-43c6-82b3-611290186f4a 889e9c35001c44a79262057c580a8e81 2880da117dc74d0ca0a7418f19c72877 - - default default] Unable to schedule network c8758984-7e75-4023-a19b-b8244371cf6e: no agents available; will retry on subsequent port and subnet creation events.
2026-08-14 05:31:24.439 8 INFO neutron.db.ovn_revision_numbers_db [None req-3f7b70e7-2ab8-43c6-82b3-611290186f4a 889e9c35001c44a79262057c580a8e81 2880da117dc74d0ca0a7418f19c72877 - - default default] Successfully bumped revision number for resource 02779723-1d7d-4d30-adae-a337c3b3d2b6 (type: ports) to 1 [pid: 8|app: 0|req: 723/1487] 10.0.0.63 () {34 vars in 664 bytes} [Fri Aug 14 05:31:23 2026] POST /v2.0/ports => generated 966 bytes in 639 msecs (HTTP/1.1 201) 4 headers in 162 bytes (1 switches on core 0)
2026-08-14 05:31:24.498 7 INFO neutron_taas.services.taas.taas_plugin [None req-8da30267-a71c-4368-9ce7-a642f36365a8 6ce484513eff4bd99dbd0f867106070b 3cd1b188ff7342f183bfc5b0dc619e92 - - default default] TaaS: Handle Delete Port: 9e6c329a-fcfc-425d-b2e4-5586998f6e0d /var/lib/openstack/lib/python3.12/site-packages/pycadf/identifier.py:70: UserWarning: Invalid uuid: neutron. To ensure interoperability, identifiers should be a valid uuid. warnings.warn(('Invalid uuid: %s. To ensure interoperability, '
2026-08-14 05:31:24.502 7 INFO neutron_taas.services.taas.tap_mirror_plugin [None req-8da30267-a71c-4368-9ce7-a642f36365a8 6ce484513eff4bd99dbd0f867106070b 3cd1b188ff7342f183bfc5b0dc619e92 - - default default] Tap Mirror: Handle Delete Port: 9e6c329a-fcfc-425d-b2e4-5586998f6e0d [pid: 8|app: 0|req: 724/1488] 10.0.0.63 () {32 vars in 739 bytes} [Fri Aug 14 05:31:24 2026] DELETE /v2.0/security-groups/02b5f017-5f27-4a25-a890-48322991c2f6 => generated 0 bytes in 211 msecs (HTTP/1.1 204) 2 headers in 112 bytes (1 switches on core 0)
2026-08-14 05:31:24.822 8 INFO neutron_taas.services.taas.taas_plugin [None req-593b3dc9-a8ba-420d-89a3-c69d7524a145 889e9c35001c44a79262057c580a8e81 2880da117dc74d0ca0a7418f19c72877 - - default default] TaaS: Handle Delete Port: 02779723-1d7d-4d30-adae-a337c3b3d2b6
2026-08-14 05:31:24.826 8 INFO neutron_taas.services.taas.tap_mirror_plugin [None req-593b3dc9-a8ba-420d-89a3-c69d7524a145 889e9c35001c44a79262057c580a8e81 2880da117dc74d0ca0a7418f19c72877 - - default default] Tap Mirror: Handle Delete Port: 02779723-1d7d-4d30-adae-a337c3b3d2b6 [pid: 7|app: 0|req: 765/1489] 10.0.0.63 () {34 vars in 788 bytes} [Fri Aug 14 05:31:24 2026] PUT /v2.0/routers/4b219e49-93a9-416a-81c5-13b5aa121d68/remove_router_interface => generated 309 bytes in 619 msecs (HTTP/1.1 200) 4 headers in 157 bytes (1 switches on core 0) /var/lib/openstack/lib/python3.12/site-packages/pycadf/identifier.py:70: UserWarning: Invalid uuid: neutron. To ensure interoperability, identifiers should be a valid uuid. warnings.warn(('Invalid uuid: %s. To ensure interoperability, ' [pid: 7|app: 0|req: 766/1490] 10.0.0.63 () {32 vars in 716 bytes} [Fri Aug 14 05:31:24 2026] GET /v2.0/ports/f89505db-f4e1-43d2-96d2-9a874f172ee5 => generated 943 bytes in 79 msecs (HTTP/1.1 200) 4 headers in 157 bytes (1 switches on core 0) [pid: 8|app: 0|req: 725/1491] 10.0.0.63 () {32 vars in 719 bytes} [Fri Aug 14 05:31:24 2026] DELETE /v2.0/ports/02779723-1d7d-4d30-adae-a337c3b3d2b6 => generated 0 bytes in 298 msecs (HTTP/1.1 204) 3 headers in 131 bytes (1 switches on core 0)
2026-08-14 05:31:25.024 8 INFO neutron.pecan_wsgi.hooks.translation [None req-d573ef9b-8763-4199-834a-39026f0ab306 889e9c35001c44a79262057c580a8e81 2880da117dc74d0ca0a7418f19c72877 - - default default] DELETE failed (client error): The resource could not be found. [pid: 8|app: 0|req: 726/1492] 10.0.0.63 () {32 vars in 719 bytes} [Fri Aug 14 05:31:25 2026] DELETE /v2.0/ports/02779723-1d7d-4d30-adae-a337c3b3d2b6 => generated 132 bytes in 16 msecs (HTTP/1.1 404) 4 headers in 164 bytes (1 switches on core 0)
2026-08-14 05:31:25.042 8 INFO neutron.pecan_wsgi.hooks.translation [None req-e1fec8e4-6adc-4841-9126-2c5ce57c409b 889e9c35001c44a79262057c580a8e81 2880da117dc74d0ca0a7418f19c72877 - - default default] GET failed (client error): The resource could not be found. [pid: 8|app: 0|req: 727/1493] 10.0.0.63 () {32 vars in 716 bytes} [Fri Aug 14 05:31:25 2026] GET /v2.0/ports/02779723-1d7d-4d30-adae-a337c3b3d2b6 => generated 132 bytes in 12 msecs (HTTP/1.1 404) 4 headers in 164 bytes (1 switches on core 0) [pid: 8|app: 0|req: 728/1494] 10.0.0.63 () {32 vars in 723 bytes} [Fri Aug 14 05:31:25 2026] DELETE /v2.0/subnets/9315d919-3e68-4558-929e-a651e07b3d93 => generated 0 bytes in 155 msecs (HTTP/1.1 204) 3 headers in 131 bytes (1 switches on core 0)
2026-08-14 05:31:25.278 7 INFO neutron_taas.services.taas.taas_plugin [None req-54e096aa-9e49-44b7-baa1-af4e1fbd1182 6ce484513eff4bd99dbd0f867106070b 3cd1b188ff7342f183bfc5b0dc619e92 - - default default] TaaS: Handle Delete Port: f89505db-f4e1-43d2-96d2-9a874f172ee5
2026-08-14 05:31:25.281 7 INFO neutron_taas.services.taas.tap_mirror_plugin [None req-54e096aa-9e49-44b7-baa1-af4e1fbd1182 6ce484513eff4bd99dbd0f867106070b 3cd1b188ff7342f183bfc5b0dc619e92 - - default default] Tap Mirror: Handle Delete Port: f89505db-f4e1-43d2-96d2-9a874f172ee5
2026-08-14 05:31:25.323 8 INFO neutron_taas.services.taas.taas_plugin [None req-7acc92ef-ed54-4264-906d-d68c48a67a59 889e9c35001c44a79262057c580a8e81 2880da117dc74d0ca0a7418f19c72877 - - default default] TaaS: Handle Delete Port: 62634379-9afd-4971-af6d-274b2a9b67ba
2026-08-14 05:31:25.326 8 INFO neutron_taas.services.taas.tap_mirror_plugin [None req-7acc92ef-ed54-4264-906d-d68c48a67a59 889e9c35001c44a79262057c580a8e81 2880da117dc74d0ca0a7418f19c72877 - - default default] Tap Mirror: Handle Delete Port: 62634379-9afd-4971-af6d-274b2a9b67ba
2026-08-14 05:31:25.529 8 INFO neutron.services.segments.plugin [-] Segment 2d2a767f-9208-45b4-a73d-3670418da9d1 resource provider aggregate not found
2026-08-14 05:31:25.534 8 INFO neutron.services.segments.plugin [-] Segment 2d2a767f-9208-45b4-a73d-3670418da9d1 resource provider aggregate not found
2026-08-14 05:31:25.548 8 INFO neutron.services.segments.plugin [-] Segment 2d2a767f-9208-45b4-a73d-3670418da9d1 resource provider not found; error: Placement Client Error (4xx): {"errors": [{"status": 404, "title": "Not Found", "detail": "The resource could not be found.\n\n No resource provider with uuid 2d2a767f-9208-45b4-a73d-3670418da9d1 found for delete ", "request_id": "req-fee17c92-5c74-4d7d-9fbb-85d695ae2b80"}]}
2026-08-14 05:31:25.556 8 INFO neutron.services.segments.plugin [-] Segment 2d2a767f-9208-45b4-a73d-3670418da9d1 resource provider not found; error: Placement Client Error (4xx): {"errors": [{"status": 404, "title": "Not Found", "detail": "The resource could not be found.\n\n No resource provider with uuid 2d2a767f-9208-45b4-a73d-3670418da9d1 found for delete ", "request_id": "req-42c699ed-fd13-4439-b6b5-f32efd2450f4"}]} [pid: 8|app: 0|req: 729/1495] 10.0.0.63 () {32 vars in 725 bytes} [Fri Aug 14 05:31:25 2026] DELETE /v2.0/networks/c8758984-7e75-4023-a19b-b8244371cf6e => generated 0 bytes in 382 msecs (HTTP/1.1 204) 3 headers in 131 bytes (1 switches on core 0) [pid: 7|app: 0|req: 767/1496] 10.0.0.63 () {34 vars in 788 bytes} [Fri Aug 14 05:31:24 2026] PUT /v2.0/routers/4b219e49-93a9-416a-81c5-13b5aa121d68/remove_router_interface => generated 309 bytes in 681 msecs (HTTP/1.1 200) 4 headers in 157 bytes (1 switches on core 0) /var/lib/openstack/lib/python3.12/site-packages/pycadf/identifier.py:70: UserWarning: Invalid uuid: neutron. To ensure interoperability, identifiers should be a valid uuid. warnings.warn(('Invalid uuid: %s. To ensure interoperability, ' [pid: 7|app: 0|req: 768/1497] 10.0.0.63 () {32 vars in 735 bytes} [Fri Aug 14 05:31:25 2026] GET /v2.0/ports?device_id=4b219e49-93a9-416a-81c5-13b5aa121d68 => generated 12 bytes in 34 msecs (HTTP/1.1 200) 4 headers in 156 bytes (1 switches on core 0)
2026-08-14 05:31:25.708 8 INFO neutron.db.segments_db [None req-e9805934-f09a-4e18-b383-c24a080a837f 889e9c35001c44a79262057c580a8e81 2880da117dc74d0ca0a7418f19c72877 - - default default] Added segment d86dd71b-3224-472d-a87c-91b989f51880 of type geneve for network ef4629fe-1c87-44e2-8e45-fb786f1a2b27
2026-08-14 05:31:25.836 8 INFO neutron.db.ovn_revision_numbers_db [None req-e9805934-f09a-4e18-b383-c24a080a837f 889e9c35001c44a79262057c580a8e81 2880da117dc74d0ca0a7418f19c72877 - - default default] Successfully bumped revision number for resource ef4629fe-1c87-44e2-8e45-fb786f1a2b27 (type: networks) to 1 [pid: 7|app: 0|req: 769/1498] 10.0.0.63 () {32 vars in 723 bytes} [Fri Aug 14 05:31:25 2026] DELETE /v2.0/routers/4b219e49-93a9-416a-81c5-13b5aa121d68 => generated 0 bytes in 240 msecs (HTTP/1.1 204) 2 headers in 112 bytes (1 switches on core 0)
2026-08-14 05:31:26.018 8 WARNING neutron.scheduler.dhcp_agent_scheduler [None req-e9805934-f09a-4e18-b383-c24a080a837f 889e9c35001c44a79262057c580a8e81 2880da117dc74d0ca0a7418f19c72877 - - default default] No more DHCP agents
2026-08-14 05:31:26.020 8 WARNING neutron.api.rpc.agentnotifiers.dhcp_rpc_agent_api [None req-e9805934-f09a-4e18-b383-c24a080a837f 889e9c35001c44a79262057c580a8e81 2880da117dc74d0ca0a7418f19c72877 - - default default] Unable to schedule network ef4629fe-1c87-44e2-8e45-fb786f1a2b27: no agents available; will retry on subsequent port and subnet creation events.
2026-08-14 05:31:26.103 8 INFO neutron.db.ovn_revision_numbers_db [None req-e9805934-f09a-4e18-b383-c24a080a837f 889e9c35001c44a79262057c580a8e81 2880da117dc74d0ca0a7418f19c72877 - - default default] Successfully bumped revision number for resource efc9171d-1036-477c-a2c9-4f5ab9357530 (type: ports) to 1 [pid: 7|app: 0|req: 770/1499] 10.0.0.63 () {32 vars in 723 bytes} [Fri Aug 14 05:31:25 2026] DELETE /v2.0/subnets/ccec9279-af9d-4a8f-8d00-0316006a324a => generated 0 bytes in 202 msecs (HTTP/1.1 204) 3 headers in 131 bytes (1 switches on core 0) [pid: 8|app: 0|req: 730/1500] 10.0.0.63 () {34 vars in 669 bytes} [Fri Aug 14 05:31:25 2026] POST /v2.0/networks => generated 655 bytes in 528 msecs (HTTP/1.1 201) 4 headers in 162 bytes (1 switches on core 0) [pid: 7|app: 0|req: 771/1501] 10.0.0.63 () {32 vars in 723 bytes} [Fri Aug 14 05:31:26 2026] DELETE /v2.0/subnets/37b8470a-5594-4209-a8f3-ac8fc9424eb7 => generated 0 bytes in 153 msecs (HTTP/1.1 204) 3 headers in 131 bytes (1 switches on core 0)
2026-08-14 05:31:26.312 8 WARNING neutron.scheduler.dhcp_agent_scheduler [None req-a1153630-9c63-49c9-97a6-20b13d758f69 889e9c35001c44a79262057c580a8e81 2880da117dc74d0ca0a7418f19c72877 - - default default] No more DHCP agents
2026-08-14 05:31:26.314 8 WARNING neutron.api.rpc.agentnotifiers.dhcp_rpc_agent_api [None req-a1153630-9c63-49c9-97a6-20b13d758f69 889e9c35001c44a79262057c580a8e81 2880da117dc74d0ca0a7418f19c72877 - - default default] Unable to schedule network ef4629fe-1c87-44e2-8e45-fb786f1a2b27: no agents available; will retry on subsequent port and subnet creation events.
2026-08-14 05:31:26.340 8 INFO neutron.db.ovn_revision_numbers_db [None req-a1153630-9c63-49c9-97a6-20b13d758f69 889e9c35001c44a79262057c580a8e81 2880da117dc74d0ca0a7418f19c72877 - - default default] Successfully bumped revision number for resource 83143784-6971-4279-b29c-02e71bc083ba (type: subnets) to 0 [pid: 8|app: 0|req: 731/1502] 10.0.0.63 () {34 vars in 668 bytes} [Fri Aug 14 05:31:26 2026] POST /v2.0/subnets => generated 646 bytes in 228 msecs (HTTP/1.1 201) 4 headers in 162 bytes (1 switches on core 0)
2026-08-14 05:31:26.389 7 INFO neutron_taas.services.taas.taas_plugin [None req-10074a67-c022-4105-ac6d-00efc252ddd1 6ce484513eff4bd99dbd0f867106070b 3cd1b188ff7342f183bfc5b0dc619e92 - - default default] TaaS: Handle Delete Port: 484cb922-b8af-425e-8e70-bc87b0e5712d
2026-08-14 05:31:26.393 7 INFO neutron_taas.services.taas.tap_mirror_plugin [None req-10074a67-c022-4105-ac6d-00efc252ddd1 6ce484513eff4bd99dbd0f867106070b 3cd1b188ff7342f183bfc5b0dc619e92 - - default default] Tap Mirror: Handle Delete Port: 484cb922-b8af-425e-8e70-bc87b0e5712d
2026-08-14 05:31:26.609 7 INFO neutron.services.segments.plugin [-] Segment a74608d2-e580-4d72-95de-b8e295a39062 resource provider aggregate not found
2026-08-14 05:31:26.616 8 WARNING neutron.scheduler.dhcp_agent_scheduler [None req-2e9c1f3f-77bd-47ed-b9b1-62ca1a90f69e 889e9c35001c44a79262057c580a8e81 2880da117dc74d0ca0a7418f19c72877 - - default default] No more DHCP agents
2026-08-14 05:31:26.618 8 WARNING neutron.api.rpc.agentnotifiers.dhcp_rpc_agent_api [None req-2e9c1f3f-77bd-47ed-b9b1-62ca1a90f69e 889e9c35001c44a79262057c580a8e81 2880da117dc74d0ca0a7418f19c72877 - - default default] Unable to schedule network ef4629fe-1c87-44e2-8e45-fb786f1a2b27: no agents available; will retry on subsequent port and subnet creation events.
