2026-02-25 20:46:40.824 7 INFO cinder.api.openstack.wsgi [None req-3d7bf37a-bb94-4110-8c75-8054b53fb5bf 0d698a8e394e402f8e10bb6fdf9b5b47 ac992b5c700d42a29ae73e602d023058 - - default default] GET http://cinder-api.openstack.svc.cluster.local:8776/v3/ac992b5c700d42a29ae73e602d023058/os-quota-sets/443bac1c0b5541e3904f1989cfb460ca?usage=true
2026-02-25 20:46:40.824 8 INFO cinder.api.openstack.wsgi [None req-b5ef5921-688d-4f36-b5c9-95ad74988f42 0d698a8e394e402f8e10bb6fdf9b5b47 ac992b5c700d42a29ae73e602d023058 - - default default] http://10.0.0.235:8776/ returned with HTTP 300
2026-02-25 20:46:40.828 8 INFO cinder.api.openstack.wsgi [None req-b5ef5921-688d-4f36-b5c9-95ad74988f42 0d698a8e394e402f8e10bb6fdf9b5b47 ac992b5c700d42a29ae73e602d023058 - - default default] GET http://10.0.0.235:8776/
2026-02-25 20:46:40.829 8 INFO cinder.api.openstack.wsgi [None req-b5ef5921-688d-4f36-b5c9-95ad74988f42 0d698a8e394e402f8e10bb6fdf9b5b47 ac992b5c700d42a29ae73e602d023058 - - default default] http://10.0.0.235:8776/ returned with HTTP 300
2026-02-25 20:46:40.845 7 INFO cinder.api.openstack.wsgi [None req-3d7bf37a-bb94-4110-8c75-8054b53fb5bf 0d698a8e394e402f8e10bb6fdf9b5b47 ac992b5c700d42a29ae73e602d023058 - - default default] http://cinder-api.openstack.svc.cluster.local:8776/v3/ac992b5c700d42a29ae73e602d023058/os-quota-sets/443bac1c0b5541e3904f1989cfb460ca?usage=true returned with HTTP 200 [pid: 7|app: 0|req: 423/852] 10.0.0.7 () {28 vars in 734 bytes} [Wed Feb 25 20:46:40 2026] GET /v3/ac992b5c700d42a29ae73e602d023058/os-quota-sets/443bac1c0b5541e3904f1989cfb460ca?usage=true => generated 847 bytes in 35 msecs (HTTP/1.1 200) 7 headers in 285 bytes (1 switches on core 0)
2026-02-25 20:46:40.860 8 INFO cinder.api.openstack.wsgi [None req-b52b086e-73d5-45bc-90ef-9f431da5d7cf 0d698a8e394e402f8e10bb6fdf9b5b47 ac992b5c700d42a29ae73e602d023058 - - default default] GET http://cinder-api.openstack.svc.cluster.local:8776/v3/ac992b5c700d42a29ae73e602d023058/os-quota-sets/499e15fce5ee4edf98fc298d47e87e0a?usage=true
2026-02-25 20:46:40.882 8 INFO cinder.api.openstack.wsgi [None req-b52b086e-73d5-45bc-90ef-9f431da5d7cf 0d698a8e394e402f8e10bb6fdf9b5b47 ac992b5c700d42a29ae73e602d023058 - - default default] http://cinder-api.openstack.svc.cluster.local:8776/v3/ac992b5c700d42a29ae73e602d023058/os-quota-sets/499e15fce5ee4edf98fc298d47e87e0a?usage=true returned with HTTP 200 [pid: 8|app: 0|req: 430/853] 10.0.0.7 () {28 vars in 734 bytes} [Wed Feb 25 20:46:40 2026] GET /v3/ac992b5c700d42a29ae73e602d023058/os-quota-sets/499e15fce5ee4edf98fc298d47e87e0a?usage=true => generated 847 bytes in 34 msecs (HTTP/1.1 200) 7 headers in 285 bytes (1 switches on core 0)
2026-02-25 20:46:40.894 7 INFO cinder.api.openstack.wsgi [None req-1fce1607-6d5e-4bee-b934-616bc3a7b8d2 0d698a8e394e402f8e10bb6fdf9b5b47 ac992b5c700d42a29ae73e602d023058 - - default default] GET http://cinder-api.openstack.svc.cluster.local:8776/v3/ac992b5c700d42a29ae73e602d023058/os-quota-sets/4bbbd375ff5b4618a1682c2bf616e23d?usage=true
2026-02-25 20:46:40.923 7 INFO cinder.api.openstack.wsgi [None req-1fce1607-6d5e-4bee-b934-616bc3a7b8d2 0d698a8e394e402f8e10bb6fdf9b5b47 ac992b5c700d42a29ae73e602d023058 - - default default] http://cinder-api.openstack.svc.cluster.local:8776/v3/ac992b5c700d42a29ae73e602d023058/os-quota-sets/4bbbd375ff5b4618a1682c2bf616e23d?usage=true returned with HTTP 200 [pid: 7|app: 0|req: 424/854] 10.0.0.7 () {28 vars in 734 bytes} [Wed Feb 25 20:46:40 2026] GET /v3/ac992b5c700d42a29ae73e602d023058/os-quota-sets/4bbbd375ff5b4618a1682c2bf616e23d?usage=true => generated 845 bytes in 38 msecs (HTTP/1.1 200) 7 headers in 285 bytes (1 switches on core 0)
2026-02-25 20:46:40.933 8 INFO cinder.api.openstack.wsgi [None req-48521850-22b5-4c70-be52-fa049ddeb43f 0d698a8e394e402f8e10bb6fdf9b5b47 ac992b5c700d42a29ae73e602d023058 - - default default] GET http://cinder-api.openstack.svc.cluster.local:8776/v3/ac992b5c700d42a29ae73e602d023058/os-quota-sets/5851412fb5394396b94786e7abf6cfaa?usage=true
2026-02-25 20:46:40.957 8 INFO cinder.api.openstack.wsgi [None req-48521850-22b5-4c70-be52-fa049ddeb43f 0d698a8e394e402f8e10bb6fdf9b5b47 ac992b5c700d42a29ae73e602d023058 - - default default] http://cinder-api.openstack.svc.cluster.local:8776/v3/ac992b5c700d42a29ae73e602d023058/os-quota-sets/5851412fb5394396b94786e7abf6cfaa?usage=true returned with HTTP 200 [pid: 8|app: 0|req: 431/855] 10.0.0.7 () {28 vars in 734 bytes} [Wed Feb 25 20:46:40 2026] GET /v3/ac992b5c700d42a29ae73e602d023058/os-quota-sets/5851412fb5394396b94786e7abf6cfaa?usage=true => generated 847 bytes in 31 msecs (HTTP/1.1 200) 7 headers in 285 bytes (1 switches on core 0)
2026-02-25 20:46:40.974 7 INFO cinder.api.openstack.wsgi [None req-ce2dadf5-5b0f-42a7-9da7-b22bb031deae 0d698a8e394e402f8e10bb6fdf9b5b47 ac992b5c700d42a29ae73e602d023058 - - default default] GET http://cinder-api.openstack.svc.cluster.local:8776/v3/ac992b5c700d42a29ae73e602d023058/os-quota-sets/764606027a9343dd8f448e246a9348a3?usage=true
2026-02-25 20:46:41.006 7 INFO cinder.api.openstack.wsgi [None req-ce2dadf5-5b0f-42a7-9da7-b22bb031deae 0d698a8e394e402f8e10bb6fdf9b5b47 ac992b5c700d42a29ae73e602d023058 - - default default] http://cinder-api.openstack.svc.cluster.local:8776/v3/ac992b5c700d42a29ae73e602d023058/os-quota-sets/764606027a9343dd8f448e246a9348a3?usage=true returned with HTTP 200 [pid: 7|app: 0|req: 425/856] 10.0.0.7 () {28 vars in 734 bytes} [Wed Feb 25 20:46:40 2026] GET /v3/ac992b5c700d42a29ae73e602d023058/os-quota-sets/764606027a9343dd8f448e246a9348a3?usage=true => generated 847 bytes in 61 msecs (HTTP/1.1 200) 7 headers in 285 bytes (1 switches on core 0)
2026-02-25 20:46:41.034 8 INFO cinder.api.openstack.wsgi [None req-18617234-0a07-4d79-8384-05b00d88d8ed 0d698a8e394e402f8e10bb6fdf9b5b47 ac992b5c700d42a29ae73e602d023058 - - default default] GET http://cinder-api.openstack.svc.cluster.local:8776/v3/ac992b5c700d42a29ae73e602d023058/os-quota-sets/ac992b5c700d42a29ae73e602d023058?usage=true
2026-02-25 20:46:41.055 8 INFO cinder.api.openstack.wsgi [None req-18617234-0a07-4d79-8384-05b00d88d8ed 0d698a8e394e402f8e10bb6fdf9b5b47 ac992b5c700d42a29ae73e602d023058 - - default default] http://cinder-api.openstack.svc.cluster.local:8776/v3/ac992b5c700d42a29ae73e602d023058/os-quota-sets/ac992b5c700d42a29ae73e602d023058?usage=true returned with HTTP 200 [pid: 8|app: 0|req: 432/857] 10.0.0.7 () {28 vars in 734 bytes} [Wed Feb 25 20:46:41 2026] GET /v3/ac992b5c700d42a29ae73e602d023058/os-quota-sets/ac992b5c700d42a29ae73e602d023058?usage=true => generated 845 bytes in 33 msecs (HTTP/1.1 200) 7 headers in 285 bytes (1 switches on core 0)
2026-02-25 20:46:41.079 7 INFO cinder.api.openstack.wsgi [None req-6a298457-9ba7-4c54-a97d-8d6fb792c979 0d698a8e394e402f8e10bb6fdf9b5b47 ac992b5c700d42a29ae73e602d023058 - - default default] GET http://cinder-api.openstack.svc.cluster.local:8776/v3/ac992b5c700d42a29ae73e602d023058/os-quota-sets/dc059da607c8428291a20f1efa3ce915?usage=true
2026-02-25 20:46:41.106 7 INFO cinder.api.openstack.wsgi [None req-6a298457-9ba7-4c54-a97d-8d6fb792c979 0d698a8e394e402f8e10bb6fdf9b5b47 ac992b5c700d42a29ae73e602d023058 - - default default] http://cinder-api.openstack.svc.cluster.local:8776/v3/ac992b5c700d42a29ae73e602d023058/os-quota-sets/dc059da607c8428291a20f1efa3ce915?usage=true returned with HTTP 200 [pid: 7|app: 0|req: 426/858] 10.0.0.7 () {28 vars in 734 bytes} [Wed Feb 25 20:46:41 2026] GET /v3/ac992b5c700d42a29ae73e602d023058/os-quota-sets/dc059da607c8428291a20f1efa3ce915?usage=true => generated 847 bytes in 36 msecs (HTTP/1.1 200) 7 headers in 285 bytes (1 switches on core 0)
2026-02-25 20:46:41.184 8 INFO cinder.api.openstack.wsgi [None req-cd20c79e-950e-4491-9b58-29ccd14b4418 6b10f5b98bed4fc382730f79ed15a2f4 499e15fce5ee4edf98fc298d47e87e0a - - default default] GET http://cinder-api.openstack.svc.cluster.local:8776/v3/499e15fce5ee4edf98fc298d47e87e0a/volumes/033de92d-e1b7-4322-97d0-15baa3f91d85
2026-02-25 20:46:41.193 8 INFO cinder.api.openstack.wsgi [None req-cd20c79e-950e-4491-9b58-29ccd14b4418 6b10f5b98bed4fc382730f79ed15a2f4 499e15fce5ee4edf98fc298d47e87e0a - - default default] http://cinder-api.openstack.svc.cluster.local:8776/v3/499e15fce5ee4edf98fc298d47e87e0a/volumes/033de92d-e1b7-4322-97d0-15baa3f91d85 returned with HTTP 404 [pid: 8|app: 0|req: 433/859] 10.0.0.201 () {32 vars in 775 bytes} [Wed Feb 25 20:46:41 2026] GET /v3/499e15fce5ee4edf98fc298d47e87e0a/volumes/033de92d-e1b7-4322-97d0-15baa3f91d85 => generated 109 bytes in 16 msecs (HTTP/1.1 404) 7 headers in 292 bytes (1 switches on core 0)
2026-02-25 20:46:41.204 7 INFO cinder.api.openstack.wsgi [None req-038465b0-54cd-4df7-8ada-f6cd80527e7c 6b10f5b98bed4fc382730f79ed15a2f4 499e15fce5ee4edf98fc298d47e87e0a - - default default] GET http://cinder-api.openstack.svc.cluster.local:8776/v3/499e15fce5ee4edf98fc298d47e87e0a/volumes/ab48e0ae-54e3-4006-a205-4a4723361039 /var/lib/openstack/lib/python3.10/site-packages/oslo_context/context.py:100: DeprecationWarning: Policy enforcement is depending on the value of is_admin. This key is deprecated. Please update your policy file to use the standard policy values. warnings.warn('Policy enforcement is depending on the value of '
2026-02-25 20:46:41.229 7 INFO cinder.volume.api [None req-038465b0-54cd-4df7-8ada-f6cd80527e7c 6b10f5b98bed4fc382730f79ed15a2f4 499e15fce5ee4edf98fc298d47e87e0a - - default default] Volume info retrieved successfully.
2026-02-25 20:46:41.238 7 INFO cinder.api.openstack.wsgi [None req-038465b0-54cd-4df7-8ada-f6cd80527e7c 6b10f5b98bed4fc382730f79ed15a2f4 499e15fce5ee4edf98fc298d47e87e0a - - default default] http://cinder-api.openstack.svc.cluster.local:8776/v3/499e15fce5ee4edf98fc298d47e87e0a/volumes/ab48e0ae-54e3-4006-a205-4a4723361039 returned with HTTP 200 [pid: 7|app: 0|req: 427/860] 10.0.0.201 () {32 vars in 775 bytes} [Wed Feb 25 20:46:41 2026] GET /v3/499e15fce5ee4edf98fc298d47e87e0a/volumes/ab48e0ae-54e3-4006-a205-4a4723361039 => generated 1386 bytes in 42 msecs (HTTP/1.1 200) 7 headers in 286 bytes (1 switches on core 0)
2026-02-25 20:46:41.256 8 INFO cinder.api.openstack.wsgi [None req-7b7ea41e-472f-41ae-b364-7777fda496b8 6b10f5b98bed4fc382730f79ed15a2f4 499e15fce5ee4edf98fc298d47e87e0a - - default default] DELETE http://cinder-api.openstack.svc.cluster.local:8776/v3/499e15fce5ee4edf98fc298d47e87e0a/volumes/ab48e0ae-54e3-4006-a205-4a4723361039
2026-02-25 20:46:41.257 8 INFO cinder.api.v3.volumes [None req-7b7ea41e-472f-41ae-b364-7777fda496b8 6b10f5b98bed4fc382730f79ed15a2f4 499e15fce5ee4edf98fc298d47e87e0a - - default default] Delete volume with id: ab48e0ae-54e3-4006-a205-4a4723361039  /var/lib/openstack/lib/python3.10/site-packages/oslo_context/context.py:100: DeprecationWarning: Policy enforcement is depending on the value of is_admin. This key is deprecated. Please update your policy file to use the standard policy values. warnings.warn('Policy enforcement is depending on the value of '
2026-02-25 20:46:41.266 8 INFO cinder.volume.api [None req-7b7ea41e-472f-41ae-b364-7777fda496b8 6b10f5b98bed4fc382730f79ed15a2f4 499e15fce5ee4edf98fc298d47e87e0a - - default default] Volume info retrieved successfully.
2026-02-25 20:46:41.289 8 INFO cinder.volume.api [None req-7b7ea41e-472f-41ae-b364-7777fda496b8 6b10f5b98bed4fc382730f79ed15a2f4 499e15fce5ee4edf98fc298d47e87e0a - - default default] Delete volume request issued successfully.
2026-02-25 20:46:41.290 8 INFO cinder.api.openstack.wsgi [None req-7b7ea41e-472f-41ae-b364-7777fda496b8 6b10f5b98bed4fc382730f79ed15a2f4 499e15fce5ee4edf98fc298d47e87e0a - - default default] http://cinder-api.openstack.svc.cluster.local:8776/v3/499e15fce5ee4edf98fc298d47e87e0a/volumes/ab48e0ae-54e3-4006-a205-4a4723361039 returned with HTTP 202 [pid: 8|app: 0|req: 434/861] 10.0.0.201 () {32 vars in 778 bytes} [Wed Feb 25 20:46:41 2026] DELETE /v3/499e15fce5ee4edf98fc298d47e87e0a/volumes/ab48e0ae-54e3-4006-a205-4a4723361039 => generated 0 bytes in 43 msecs (HTTP/1.1 202) 6 headers in 233 bytes (1 switches on core 0) /var/lib/openstack/lib/python3.10/site-packages/pycadf/identifier.py:71: UserWarning: Invalid uuid: cinderv3. To ensure interoperability, identifiers should be a valid uuid. warnings.warn(('Invalid uuid: %s. To ensure interoperability, '
2026-02-25 20:46:41.301 7 INFO cinder.api.openstack.wsgi [None req-8eabcc8b-9cd0-4912-b088-b0dc64268c21 6b10f5b98bed4fc382730f79ed15a2f4 499e15fce5ee4edf98fc298d47e87e0a - - default default] GET http://cinder-api.openstack.svc.cluster.local:8776/v3/499e15fce5ee4edf98fc298d47e87e0a/volumes/ab48e0ae-54e3-4006-a205-4a4723361039 /var/lib/openstack/lib/python3.10/site-packages/oslo_context/context.py:100: DeprecationWarning: Policy enforcement is depending on the value of is_admin. This key is deprecated. Please update your policy file to use the standard policy values. warnings.warn('Policy enforcement is depending on the value of '
2026-02-25 20:46:41.316 7 INFO cinder.volume.api [None req-8eabcc8b-9cd0-4912-b088-b0dc64268c21 6b10f5b98bed4fc382730f79ed15a2f4 499e15fce5ee4edf98fc298d47e87e0a - - default default] Volume info retrieved successfully.
2026-02-25 20:46:41.322 7 INFO cinder.api.openstack.wsgi [None req-8eabcc8b-9cd0-4912-b088-b0dc64268c21 6b10f5b98bed4fc382730f79ed15a2f4 499e15fce5ee4edf98fc298d47e87e0a - - default default] http://cinder-api.openstack.svc.cluster.local:8776/v3/499e15fce5ee4edf98fc298d47e87e0a/volumes/ab48e0ae-54e3-4006-a205-4a4723361039 returned with HTTP 200 [pid: 7|app: 0|req: 428/862] 10.0.0.201 () {32 vars in 775 bytes} [Wed Feb 25 20:46:41 2026] GET /v3/499e15fce5ee4edf98fc298d47e87e0a/volumes/ab48e0ae-54e3-4006-a205-4a4723361039 => generated 1385 bytes in 29 msecs (HTTP/1.1 200) 7 headers in 286 bytes (1 switches on core 0) /var/lib/openstack/lib/python3.10/site-packages/pycadf/identifier.py:71: UserWarning: Invalid uuid: cinderv3. To ensure interoperability, identifiers should be a valid uuid. warnings.warn(('Invalid uuid: %s. To ensure interoperability, '
2026-02-25 20:46:42.338 8 INFO cinder.api.openstack.wsgi [None req-b03c6203-c078-4930-80e3-ec035490953b 6b10f5b98bed4fc382730f79ed15a2f4 499e15fce5ee4edf98fc298d47e87e0a - - default default] GET http://cinder-api.openstack.svc.cluster.local:8776/v3/499e15fce5ee4edf98fc298d47e87e0a/volumes/ab48e0ae-54e3-4006-a205-4a4723361039
2026-02-25 20:46:42.345 8 INFO cinder.api.openstack.wsgi [None req-b03c6203-c078-4930-80e3-ec035490953b 6b10f5b98bed4fc382730f79ed15a2f4 499e15fce5ee4edf98fc298d47e87e0a - - default default] http://cinder-api.openstack.svc.cluster.local:8776/v3/499e15fce5ee4edf98fc298d47e87e0a/volumes/ab48e0ae-54e3-4006-a205-4a4723361039 returned with HTTP 404 [pid: 8|app: 0|req: 435/863] 10.0.0.201 () {32 vars in 775 bytes} [Wed Feb 25 20:46:42 2026] GET /v3/499e15fce5ee4edf98fc298d47e87e0a/volumes/ab48e0ae-54e3-4006-a205-4a4723361039 => generated 109 bytes in 11 msecs (HTTP/1.1 404) 7 headers in 292 bytes (1 switches on core 0)
2026-02-25 20:46:50.822 7 INFO cinder.api.openstack.wsgi [None req-8eabcc8b-9cd0-4912-b088-b0dc64268c21 6b10f5b98bed4fc382730f79ed15a2f4 499e15fce5ee4edf98fc298d47e87e0a - - default default] GET http://10.0.0.235:8776/
2026-02-25 20:46:50.823 7 INFO cinder.api.openstack.wsgi [None req-8eabcc8b-9cd0-4912-b088-b0dc64268c21 6b10f5b98bed4fc382730f79ed15a2f4 499e15fce5ee4edf98fc298d47e87e0a - - default default] http://10.0.0.235:8776/ returned with HTTP 300
2026-02-25 20:46:50.824 8 INFO cinder.api.openstack.wsgi [None req-b03c6203-c078-4930-80e3-ec035490953b 6b10f5b98bed4fc382730f79ed15a2f4 499e15fce5ee4edf98fc298d47e87e0a - - default default] GET http://10.0.0.235:8776/
2026-02-25 20:46:50.825 8 INFO cinder.api.openstack.wsgi [None req-b03c6203-c078-4930-80e3-ec035490953b 6b10f5b98bed4fc382730f79ed15a2f4 499e15fce5ee4edf98fc298d47e87e0a - - default default] http://10.0.0.235:8776/ returned with HTTP 300
2026-02-25 20:47:00.821 8 INFO cinder.api.openstack.wsgi [None req-b03c6203-c078-4930-80e3-ec035490953b 6b10f5b98bed4fc382730f79ed15a2f4 499e15fce5ee4edf98fc298d47e87e0a - - default default] GET http://10.0.0.235:8776/
2026-02-25 20:47:00.821 7 INFO cinder.api.openstack.wsgi [None req-8eabcc8b-9cd0-4912-b088-b0dc64268c21 6b10f5b98bed4fc382730f79ed15a2f4 499e15fce5ee4edf98fc298d47e87e0a - - default default] GET http://10.0.0.235:8776/
2026-02-25 20:47:00.822 7 INFO cinder.api.openstack.wsgi [None req-8eabcc8b-9cd0-4912-b088-b0dc64268c21 6b10f5b98bed4fc382730f79ed15a2f4 499e15fce5ee4edf98fc298d47e87e0a - - default default] http://10.0.0.235:8776/ returned with HTTP 300
2026-02-25 20:47:00.824 8 INFO cinder.api.openstack.wsgi [None req-b03c6203-c078-4930-80e3-ec035490953b 6b10f5b98bed4fc382730f79ed15a2f4 499e15fce5ee4edf98fc298d47e87e0a - - default default] http://10.0.0.235:8776/ returned with HTTP 300
2026-02-25 20:47:10.821 7 INFO cinder.api.openstack.wsgi [None req-8eabcc8b-9cd0-4912-b088-b0dc64268c21 6b10f5b98bed4fc382730f79ed15a2f4 499e15fce5ee4edf98fc298d47e87e0a - - default default] GET http://10.0.0.235:8776/
2026-02-25 20:47:10.822 8 INFO cinder.api.openstack.wsgi [None req-b03c6203-c078-4930-80e3-ec035490953b 6b10f5b98bed4fc382730f79ed15a2f4 499e15fce5ee4edf98fc298d47e87e0a - - default default] GET http://10.0.0.235:8776/
2026-02-25 20:47:10.822 7 INFO cinder.api.openstack.wsgi [None req-8eabcc8b-9cd0-4912-b088-b0dc64268c21 6b10f5b98bed4fc382730f79ed15a2f4 499e15fce5ee4edf98fc298d47e87e0a - - default default] http://10.0.0.235:8776/ returned with HTTP 300
2026-02-25 20:47:10.824 8 INFO cinder.api.openstack.wsgi [None req-b03c6203-c078-4930-80e3-ec035490953b 6b10f5b98bed4fc382730f79ed15a2f4 499e15fce5ee4edf98fc298d47e87e0a - - default default] http://10.0.0.235:8776/ returned with HTTP 300
2026-02-25 20:47:20.821 7 INFO cinder.api.openstack.wsgi [None req-8eabcc8b-9cd0-4912-b088-b0dc64268c21 6b10f5b98bed4fc382730f79ed15a2f4 499e15fce5ee4edf98fc298d47e87e0a - - default default] GET http://10.0.0.235:8776/
2026-02-25 20:47:20.822 8 INFO cinder.api.openstack.wsgi [None req-b03c6203-c078-4930-80e3-ec035490953b 6b10f5b98bed4fc382730f79ed15a2f4 499e15fce5ee4edf98fc298d47e87e0a - - default default] GET http://10.0.0.235:8776/
2026-02-25 20:47:20.823 7 INFO cinder.api.openstack.wsgi [None req-8eabcc8b-9cd0-4912-b088-b0dc64268c21 6b10f5b98bed4fc382730f79ed15a2f4 499e15fce5ee4edf98fc298d47e87e0a - - default default] http://10.0.0.235:8776/ returned with HTTP 300
2026-02-25 20:47:20.823 8 INFO cinder.api.openstack.wsgi [None req-b03c6203-c078-4930-80e3-ec035490953b 6b10f5b98bed4fc382730f79ed15a2f4 499e15fce5ee4edf98fc298d47e87e0a - - default default] http://10.0.0.235:8776/ returned with HTTP 300
2026-02-25 20:47:30.822 7 INFO cinder.api.openstack.wsgi [None req-8eabcc8b-9cd0-4912-b088-b0dc64268c21 6b10f5b98bed4fc382730f79ed15a2f4 499e15fce5ee4edf98fc298d47e87e0a - - default default] GET http://10.0.0.235:8776/
2026-02-25 20:47:30.822 8 INFO cinder.api.openstack.wsgi [None req-b03c6203-c078-4930-80e3-ec035490953b 6b10f5b98bed4fc382730f79ed15a2f4 499e15fce5ee4edf98fc298d47e87e0a - - default default] GET http://10.0.0.235:8776/
2026-02-25 20:47:30.823 8 INFO cinder.api.openstack.wsgi [None req-b03c6203-c078-4930-80e3-ec035490953b 6b10f5b98bed4fc382730f79ed15a2f4 499e15fce5ee4edf98fc298d47e87e0a - - default default] http://10.0.0.235:8776/ returned with HTTP 300
2026-02-25 20:47:30.825 7 INFO cinder.api.openstack.wsgi [None req-8eabcc8b-9cd0-4912-b088-b0dc64268c21 6b10f5b98bed4fc382730f79ed15a2f4 499e15fce5ee4edf98fc298d47e87e0a - - default default] http://10.0.0.235:8776/ returned with HTTP 300
2026-02-25 20:47:40.165 8 INFO cinder.api.openstack.wsgi [None req-29a135af-4f50-40c4-b00e-d707c8db8e39 0d698a8e394e402f8e10bb6fdf9b5b47 ac992b5c700d42a29ae73e602d023058 - - default default] GET http://cinder-api.openstack.svc.cluster.local:8776/v3/ac992b5c700d42a29ae73e602d023058/snapshots?all_tenants=true
2026-02-25 20:47:40.175 8 INFO cinder.volume.api [None req-29a135af-4f50-40c4-b00e-d707c8db8e39 0d698a8e394e402f8e10bb6fdf9b5b47 ac992b5c700d42a29ae73e602d023058 - - default default] Get all snapshots completed successfully.
2026-02-25 20:47:40.176 8 INFO cinder.api.openstack.wsgi [None req-29a135af-4f50-40c4-b00e-d707c8db8e39 0d698a8e394e402f8e10bb6fdf9b5b47 ac992b5c700d42a29ae73e602d023058 - - default default] http://cinder-api.openstack.svc.cluster.local:8776/v3/ac992b5c700d42a29ae73e602d023058/snapshots?all_tenants=true returned with HTTP 200 [pid: 8|app: 0|req: 441/874] 10.0.0.7 () {28 vars in 672 bytes} [Wed Feb 25 20:47:39 2026] GET /v3/ac992b5c700d42a29ae73e602d023058/snapshots?all_tenants=true => generated 17 bytes in 342 msecs (HTTP/1.1 200) 7 headers in 284 bytes (1 switches on core 0) /var/lib/openstack/lib/python3.10/site-packages/pycadf/identifier.py:71: UserWarning: Invalid uuid: cinderv3. To ensure interoperability, identifiers should be a valid uuid. warnings.warn(('Invalid uuid: %s. To ensure interoperability, '
2026-02-25 20:47:40.188 7 INFO cinder.api.openstack.wsgi [None req-47cbd16a-d2e3-4495-8133-8fd536a37865 0d698a8e394e402f8e10bb6fdf9b5b47 ac992b5c700d42a29ae73e602d023058 - - default default] GET http://cinder-api.openstack.svc.cluster.local:8776/v3/ac992b5c700d42a29ae73e602d023058/volumes/detail?all_tenants=true
2026-02-25 20:47:40.198 7 INFO cinder.volume.api [None req-47cbd16a-d2e3-4495-8133-8fd536a37865 0d698a8e394e402f8e10bb6fdf9b5b47 ac992b5c700d42a29ae73e602d023058 - - default default] Get all volumes completed successfully.
2026-02-25 20:47:40.200 7 INFO cinder.api.openstack.wsgi [None req-47cbd16a-d2e3-4495-8133-8fd536a37865 0d698a8e394e402f8e10bb6fdf9b5b47 ac992b5c700d42a29ae73e602d023058 - - default default] http://cinder-api.openstack.svc.cluster.local:8776/v3/ac992b5c700d42a29ae73e602d023058/volumes/detail?all_tenants=true returned with HTTP 200 [pid: 7|app: 0|req: 434/875] 10.0.0.7 () {28 vars in 682 bytes} [Wed Feb 25 20:47:40 2026] GET /v3/ac992b5c700d42a29ae73e602d023058/volumes/detail?all_tenants=true => generated 15 bytes in 17 msecs (HTTP/1.1 200) 7 headers in 284 bytes (1 switches on core 0)
2026-02-25 20:47:40.219 8 INFO cinder.api.openstack.wsgi [None req-7217a8e6-5681-4f6b-9eba-ef5693112606 0d698a8e394e402f8e10bb6fdf9b5b47 ac992b5c700d42a29ae73e602d023058 - - default default] GET http://cinder-api.openstack.svc.cluster.local:8776/v3/ac992b5c700d42a29ae73e602d023058/scheduler-stats/get_pools?detail=true
2026-02-25 20:47:40.246 8 INFO cinder.api.openstack.wsgi [None req-7217a8e6-5681-4f6b-9eba-ef5693112606 0d698a8e394e402f8e10bb6fdf9b5b47 ac992b5c700d42a29ae73e602d023058 - - default default] http://cinder-api.openstack.svc.cluster.local:8776/v3/ac992b5c700d42a29ae73e602d023058/scheduler-stats/get_pools?detail=true returned with HTTP 200 [pid: 8|app: 0|req: 442/876] 10.0.0.7 () {28 vars in 694 bytes} [Wed Feb 25 20:47:40 2026] GET /v3/ac992b5c700d42a29ae73e602d023058/scheduler-stats/get_pools?detail=true => generated 670 bytes in 37 msecs (HTTP/1.1 200) 7 headers in 285 bytes (1 switches on core 0)
2026-02-25 20:47:40.259 7 INFO cinder.api.openstack.wsgi [None req-8279f1f2-51a1-48d1-befd-75a169ffeec7 0d698a8e394e402f8e10bb6fdf9b5b47 ac992b5c700d42a29ae73e602d023058 - - default default] GET http://cinder-api.openstack.svc.cluster.local:8776/v3/ac992b5c700d42a29ae73e602d023058/volumes/detail?all_tenants=true
2026-02-25 20:47:40.269 7 INFO cinder.volume.api [None req-8279f1f2-51a1-48d1-befd-75a169ffeec7 0d698a8e394e402f8e10bb6fdf9b5b47 ac992b5c700d42a29ae73e602d023058 - - default default] Get all volumes completed successfully.
2026-02-25 20:47:40.271 7 INFO cinder.api.openstack.wsgi [None req-8279f1f2-51a1-48d1-befd-75a169ffeec7 0d698a8e394e402f8e10bb6fdf9b5b47 ac992b5c700d42a29ae73e602d023058 - - default default] http://cinder-api.openstack.svc.cluster.local:8776/v3/ac992b5c700d42a29ae73e602d023058/volumes/detail?all_tenants=true returned with HTTP 200 [pid: 7|app: 0|req: 435/877] 10.0.0.7 () {28 vars in 682 bytes} [Wed Feb 25 20:47:40 2026] GET /v3/ac992b5c700d42a29ae73e602d023058/volumes/detail?all_tenants=true => generated 15 bytes in 17 msecs (HTTP/1.1 200) 7 headers in 284 bytes (1 switches on core 0)
2026-02-25 20:47:40.281 8 INFO cinder.api.openstack.wsgi [None req-6107584c-6820-40e1-8b8b-52017dfbfee6 0d698a8e394e402f8e10bb6fdf9b5b47 ac992b5c700d42a29ae73e602d023058 - - default default] GET http://cinder-api.openstack.svc.cluster.local:8776/v3/ac992b5c700d42a29ae73e602d023058/os-services
2026-02-25 20:47:40.289 8 INFO cinder.api.openstack.wsgi [None req-6107584c-6820-40e1-8b8b-52017dfbfee6 0d698a8e394e402f8e10bb6fdf9b5b47 ac992b5c700d42a29ae73e602d023058 - - default default] http://cinder-api.openstack.svc.cluster.local:8776/v3/ac992b5c700d42a29ae73e602d023058/os-services returned with HTTP 200 [pid: 8|app: 0|req: 443/878] 10.0.0.7 () {28 vars in 643 bytes} [Wed Feb 25 20:47:40 2026] GET /v3/ac992b5c700d42a29ae73e602d023058/os-services => generated 646 bytes in 15 msecs (HTTP/1.1 200) 7 headers in 285 bytes (1 switches on core 0)
2026-02-25 20:47:40.395 7 INFO cinder.api.openstack.wsgi [None req-bc784717-0b8e-48d3-aac4-e2aa141c7874 0d698a8e394e402f8e10bb6fdf9b5b47 ac992b5c700d42a29ae73e602d023058 - - default default] GET http://cinder-api.openstack.svc.cluster.local:8776/v3/ac992b5c700d42a29ae73e602d023058/os-quota-sets/135d2ba05c7243f3aaa0b19833ce88ef?usage=true
2026-02-25 20:47:40.419 7 INFO cinder.api.openstack.wsgi [None req-bc784717-0b8e-48d3-aac4-e2aa141c7874 0d698a8e394e402f8e10bb6fdf9b5b47 ac992b5c700d42a29ae73e602d023058 - - default default] http://cinder-api.openstack.svc.cluster.local:8776/v3/ac992b5c700d42a29ae73e602d023058/os-quota-sets/135d2ba05c7243f3aaa0b19833ce88ef?usage=true returned with HTTP 200 [pid: 7|app: 0|req: 436/879] 10.0.0.7 () {28 vars in 734 bytes} [Wed Feb 25 20:47:40 2026] GET /v3/ac992b5c700d42a29ae73e602d023058/os-quota-sets/135d2ba05c7243f3aaa0b19833ce88ef?usage=true => generated 847 bytes in 32 msecs (HTTP/1.1 200) 7 headers in 285 bytes (1 switches on core 0)
2026-02-25 20:47:40.434 8 INFO cinder.api.openstack.wsgi [None req-0e20d698-476c-4cc4-8741-4748cb00ce9b 0d698a8e394e402f8e10bb6fdf9b5b47 ac992b5c700d42a29ae73e602d023058 - - default default] GET http://cinder-api.openstack.svc.cluster.local:8776/v3/ac992b5c700d42a29ae73e602d023058/os-quota-sets/19110481d8284cdba27cd34b78be4eda?usage=true
2026-02-25 20:47:40.456 8 INFO cinder.api.openstack.wsgi [None req-0e20d698-476c-4cc4-8741-4748cb00ce9b 0d698a8e394e402f8e10bb6fdf9b5b47 ac992b5c700d42a29ae73e602d023058 - - default default] http://cinder-api.openstack.svc.cluster.local:8776/v3/ac992b5c700d42a29ae73e602d023058/os-quota-sets/19110481d8284cdba27cd34b78be4eda?usage=true returned with HTTP 200 [pid: 8|app: 0|req: 444/880] 10.0.0.7 () {28 vars in 734 bytes} [Wed Feb 25 20:47:40 2026] GET /v3/ac992b5c700d42a29ae73e602d023058/os-quota-sets/19110481d8284cdba27cd34b78be4eda?usage=true => generated 847 bytes in 28 msecs (HTTP/1.1 200) 7 headers in 285 bytes (1 switches on core 0)
2026-02-25 20:47:40.468 7 INFO cinder.api.openstack.wsgi [None req-a8a20d0f-7730-4cbb-bf7a-bd610d399154 0d698a8e394e402f8e10bb6fdf9b5b47 ac992b5c700d42a29ae73e602d023058 - - default default] GET http://cinder-api.openstack.svc.cluster.local:8776/v3/ac992b5c700d42a29ae73e602d023058/os-quota-sets/1abfd71ff68e46ab9d0f47464d26a0bd?usage=true
2026-02-25 20:47:40.491 7 INFO cinder.api.openstack.wsgi [None req-a8a20d0f-7730-4cbb-bf7a-bd610d399154 0d698a8e394e402f8e10bb6fdf9b5b47 ac992b5c700d42a29ae73e602d023058 - - default default] http://cinder-api.openstack.svc.cluster.local:8776/v3/ac992b5c700d42a29ae73e602d023058/os-quota-sets/1abfd71ff68e46ab9d0f47464d26a0bd?usage=true returned with HTTP 200 [pid: 7|app: 0|req: 437/881] 10.0.0.7 () {28 vars in 734 bytes} [Wed Feb 25 20:47:40 2026] GET /v3/ac992b5c700d42a29ae73e602d023058/os-quota-sets/1abfd71ff68e46ab9d0f47464d26a0bd?usage=true => generated 847 bytes in 32 msecs (HTTP/1.1 200) 7 headers in 285 bytes (1 switches on core 0)
2026-02-25 20:47:40.502 8 INFO cinder.api.openstack.wsgi [None req-e3088594-68bd-4284-845e-7e4bbc731532 0d698a8e394e402f8e10bb6fdf9b5b47 ac992b5c700d42a29ae73e602d023058 - - default default] GET http://cinder-api.openstack.svc.cluster.local:8776/v3/ac992b5c700d42a29ae73e602d023058/os-quota-sets/443bac1c0b5541e3904f1989cfb460ca?usage=true
2026-02-25 20:47:40.526 8 INFO cinder.api.openstack.wsgi [None req-e3088594-68bd-4284-845e-7e4bbc731532 0d698a8e394e402f8e10bb6fdf9b5b47 ac992b5c700d42a29ae73e602d023058 - - default default] http://cinder-api.openstack.svc.cluster.local:8776/v3/ac992b5c700d42a29ae73e602d023058/os-quota-sets/443bac1c0b5541e3904f1989cfb460ca?usage=true returned with HTTP 200 [pid: 8|app: 0|req: 445/882] 10.0.0.7 () {28 vars in 734 bytes} [Wed Feb 25 20:47:40 2026] GET /v3/ac992b5c700d42a29ae73e602d023058/os-quota-sets/443bac1c0b5541e3904f1989cfb460ca?usage=true => generated 847 bytes in 31 msecs (HTTP/1.1 200) 7 headers in 285 bytes (1 switches on core 0)
2026-02-25 20:47:40.543 7 INFO cinder.api.openstack.wsgi [None req-02507e86-c801-40b7-aa87-0f6771b07643 0d698a8e394e402f8e10bb6fdf9b5b47 ac992b5c700d42a29ae73e602d023058 - - default default] GET http://cinder-api.openstack.svc.cluster.local:8776/v3/ac992b5c700d42a29ae73e602d023058/os-quota-sets/4bbbd375ff5b4618a1682c2bf616e23d?usage=true
2026-02-25 20:47:40.566 7 INFO cinder.api.openstack.wsgi [None req-02507e86-c801-40b7-aa87-0f6771b07643 0d698a8e394e402f8e10bb6fdf9b5b47 ac992b5c700d42a29ae73e602d023058 - - default default] http://cinder-api.openstack.svc.cluster.local:8776/v3/ac992b5c700d42a29ae73e602d023058/os-quota-sets/4bbbd375ff5b4618a1682c2bf616e23d?usage=true returned with HTTP 200 [pid: 7|app: 0|req: 438/883] 10.0.0.7 () {28 vars in 734 bytes} [Wed Feb 25 20:47:40 2026] GET /v3/ac992b5c700d42a29ae73e602d023058/os-quota-sets/4bbbd375ff5b4618a1682c2bf616e23d?usage=true => generated 845 bytes in 33 msecs (HTTP/1.1 200) 7 headers in 285 bytes (1 switches on core 0)
2026-02-25 20:47:40.577 8 INFO cinder.api.openstack.wsgi [None req-b11c9d18-0ddb-46fa-8c0c-3509c87e24e6 0d698a8e394e402f8e10bb6fdf9b5b47 ac992b5c700d42a29ae73e602d023058 - - default default] GET http://cinder-api.openstack.svc.cluster.local:8776/v3/ac992b5c700d42a29ae73e602d023058/os-quota-sets/5b2aa6c292734698a4c1e9500c94a5bf?usage=true
2026-02-25 20:47:40.607 8 INFO cinder.api.openstack.wsgi [None req-b11c9d18-0ddb-46fa-8c0c-3509c87e24e6 0d698a8e394e402f8e10bb6fdf9b5b47 ac992b5c700d42a29ae73e602d023058 - - default default] http://cinder-api.openstack.svc.cluster.local:8776/v3/ac992b5c700d42a29ae73e602d023058/os-quota-sets/5b2aa6c292734698a4c1e9500c94a5bf?usage=true returned with HTTP 200 [pid: 8|app: 0|req: 446/884] 10.0.0.7 () {28 vars in 734 bytes} [Wed Feb 25 20:47:40 2026] GET /v3/ac992b5c700d42a29ae73e602d023058/os-quota-sets/5b2aa6c292734698a4c1e9500c94a5bf?usage=true => generated 847 bytes in 36 msecs (HTTP/1.1 200) 7 headers in 285 bytes (1 switches on core 0)
2026-02-25 20:47:40.625 7 INFO cinder.api.openstack.wsgi [None req-467aa086-979c-478f-9ca5-9c10abc014a0 0d698a8e394e402f8e10bb6fdf9b5b47 ac992b5c700d42a29ae73e602d023058 - - default default] GET http://cinder-api.openstack.svc.cluster.local:8776/v3/ac992b5c700d42a29ae73e602d023058/os-quota-sets/72f912ff6f094b069f7dd21ab8879da1?usage=true
2026-02-25 20:47:40.647 7 INFO cinder.api.openstack.wsgi [None req-467aa086-979c-478f-9ca5-9c10abc014a0 0d698a8e394e402f8e10bb6fdf9b5b47 ac992b5c700d42a29ae73e602d023058 - - default default] http://cinder-api.openstack.svc.cluster.local:8776/v3/ac992b5c700d42a29ae73e602d023058/os-quota-sets/72f912ff6f094b069f7dd21ab8879da1?usage=true returned with HTTP 200 [pid: 7|app: 0|req: 439/885] 10.0.0.7 () {28 vars in 734 bytes} [Wed Feb 25 20:47:40 2026] GET /v3/ac992b5c700d42a29ae73e602d023058/os-quota-sets/72f912ff6f094b069f7dd21ab8879da1?usage=true => generated 847 bytes in 32 msecs (HTTP/1.1 200) 7 headers in 285 bytes (1 switches on core 0)
2026-02-25 20:47:40.657 8 INFO cinder.api.openstack.wsgi [None req-a297d7c8-58b6-4ecb-b41a-d0d2361b06f9 0d698a8e394e402f8e10bb6fdf9b5b47 ac992b5c700d42a29ae73e602d023058 - - default default] GET http://cinder-api.openstack.svc.cluster.local:8776/v3/ac992b5c700d42a29ae73e602d023058/os-quota-sets/7397d27b5ea040eaad9ac81cb35ad9d0?usage=true
2026-02-25 20:47:40.682 8 INFO cinder.api.openstack.wsgi [None req-a297d7c8-58b6-4ecb-b41a-d0d2361b06f9 0d698a8e394e402f8e10bb6fdf9b5b47 ac992b5c700d42a29ae73e602d023058 - - default default] http://cinder-api.openstack.svc.cluster.local:8776/v3/ac992b5c700d42a29ae73e602d023058/os-quota-sets/7397d27b5ea040eaad9ac81cb35ad9d0?usage=true returned with HTTP 200 [pid: 8|app: 0|req: 447/886] 10.0.0.7 () {28 vars in 734 bytes} [Wed Feb 25 20:47:40 2026] GET /v3/ac992b5c700d42a29ae73e602d023058/os-quota-sets/7397d27b5ea040eaad9ac81cb35ad9d0?usage=true => generated 847 bytes in 31 msecs (HTTP/1.1 200) 7 headers in 285 bytes (1 switches on core 0)
2026-02-25 20:47:40.700 7 INFO cinder.api.openstack.wsgi [None req-19584090-3489-40d2-a075-7e07b4c3266f 0d698a8e394e402f8e10bb6fdf9b5b47 ac992b5c700d42a29ae73e602d023058 - - default default] GET http://cinder-api.openstack.svc.cluster.local:8776/v3/ac992b5c700d42a29ae73e602d023058/os-quota-sets/779b3e3918e446daa746d03195200d27?usage=true
2026-02-25 20:47:40.719 7 INFO cinder.api.openstack.wsgi [None req-19584090-3489-40d2-a075-7e07b4c3266f 0d698a8e394e402f8e10bb6fdf9b5b47 ac992b5c700d42a29ae73e602d023058 - - default default] http://cinder-api.openstack.svc.cluster.local:8776/v3/ac992b5c700d42a29ae73e602d023058/os-quota-sets/779b3e3918e446daa746d03195200d27?usage=true returned with HTTP 200 [pid: 7|app: 0|req: 440/887] 10.0.0.7 () {28 vars in 734 bytes} [Wed Feb 25 20:47:40 2026] GET /v3/ac992b5c700d42a29ae73e602d023058/os-quota-sets/779b3e3918e446daa746d03195200d27?usage=true => generated 847 bytes in 27 msecs (HTTP/1.1 200) 7 headers in 285 bytes (1 switches on core 0)
2026-02-25 20:47:40.733 8 INFO cinder.api.openstack.wsgi [None req-59f53bb9-3169-4b64-aa6d-419196eea33a 0d698a8e394e402f8e10bb6fdf9b5b47 ac992b5c700d42a29ae73e602d023058 - - default default] GET http://cinder-api.openstack.svc.cluster.local:8776/v3/ac992b5c700d42a29ae73e602d023058/os-quota-sets/9b946d905b044e898eab246d7fbc6cec?usage=true
2026-02-25 20:47:40.770 8 INFO cinder.api.openstack.wsgi [None req-59f53bb9-3169-4b64-aa6d-419196eea33a 0d698a8e394e402f8e10bb6fdf9b5b47 ac992b5c700d42a29ae73e602d023058 - - default default] http://cinder-api.openstack.svc.cluster.local:8776/v3/ac992b5c700d42a29ae73e602d023058/os-quota-sets/9b946d905b044e898eab246d7fbc6cec?usage=true returned with HTTP 200 [pid: 8|app: 0|req: 448/888] 10.0.0.7 () {28 vars in 734 bytes} [Wed Feb 25 20:47:40 2026] GET /v3/ac992b5c700d42a29ae73e602d023058/os-quota-sets/9b946d905b044e898eab246d7fbc6cec?usage=true => generated 847 bytes in 48 msecs (HTTP/1.1 200) 7 headers in 285 bytes (1 switches on core 0)
2026-02-25 20:47:40.788 7 INFO cinder.api.openstack.wsgi [None req-22b6a2c8-e0a7-4d56-ad04-3daea9ea2063 0d698a8e394e402f8e10bb6fdf9b5b47 ac992b5c700d42a29ae73e602d023058 - - default default] GET http://cinder-api.openstack.svc.cluster.local:8776/v3/ac992b5c700d42a29ae73e602d023058/os-quota-sets/a1483f87c50c44d6ab60b529a5e4a768?usage=true
2026-02-25 20:47:40.814 7 INFO cinder.api.openstack.wsgi [None req-22b6a2c8-e0a7-4d56-ad04-3daea9ea2063 0d698a8e394e402f8e10bb6fdf9b5b47 ac992b5c700d42a29ae73e602d023058 - - default default] http://cinder-api.openstack.svc.cluster.local:8776/v3/ac992b5c700d42a29ae73e602d023058/os-quota-sets/a1483f87c50c44d6ab60b529a5e4a768?usage=true returned with HTTP 200 [pid: 7|app: 0|req: 441/889] 10.0.0.7 () {28 vars in 734 bytes} [Wed Feb 25 20:47:40 2026] GET /v3/ac992b5c700d42a29ae73e602d023058/os-quota-sets/a1483f87c50c44d6ab60b529a5e4a768?usage=true => generated 847 bytes in 35 msecs (HTTP/1.1 200) 7 headers in 285 bytes (1 switches on core 0)
2026-02-25 20:47:40.829 8 INFO cinder.api.openstack.wsgi [None req-59f53bb9-3169-4b64-aa6d-419196eea33a 0d698a8e394e402f8e10bb6fdf9b5b47 ac992b5c700d42a29ae73e602d023058 - - default default] GET http://10.0.0.235:8776/
2026-02-25 20:47:40.829 7 INFO cinder.api.openstack.wsgi [None req-22b6a2c8-e0a7-4d56-ad04-3daea9ea2063 0d698a8e394e402f8e10bb6fdf9b5b47 ac992b5c700d42a29ae73e602d023058 - - default default] GET http://10.0.0.235:8776/
2026-02-25 20:47:40.830 8 INFO cinder.api.openstack.wsgi [None req-59f53bb9-3169-4b64-aa6d-419196eea33a 0d698a8e394e402f8e10bb6fdf9b5b47 ac992b5c700d42a29ae73e602d023058 - - default default] http://10.0.0.235:8776/ returned with HTTP 300
2026-02-25 20:47:40.831 7 INFO cinder.api.openstack.wsgi [None req-22b6a2c8-e0a7-4d56-ad04-3daea9ea2063 0d698a8e394e402f8e10bb6fdf9b5b47 ac992b5c700d42a29ae73e602d023058 - - default default] http://10.0.0.235:8776/ returned with HTTP 300
2026-02-25 20:47:40.839 8 INFO cinder.api.openstack.wsgi [None req-72776430-e9d3-406b-8ddf-a0b7ae45678b 0d698a8e394e402f8e10bb6fdf9b5b47 ac992b5c700d42a29ae73e602d023058 - - default default] GET http://cinder-api.openstack.svc.cluster.local:8776/v3/ac992b5c700d42a29ae73e602d023058/os-quota-sets/ac992b5c700d42a29ae73e602d023058?usage=true
2026-02-25 20:47:40.863 8 INFO cinder.api.openstack.wsgi [None req-72776430-e9d3-406b-8ddf-a0b7ae45678b 0d698a8e394e402f8e10bb6fdf9b5b47 ac992b5c700d42a29ae73e602d023058 - - default default] http://cinder-api.openstack.svc.cluster.local:8776/v3/ac992b5c700d42a29ae73e602d023058/os-quota-sets/ac992b5c700d42a29ae73e602d023058?usage=true returned with HTTP 200 [pid: 8|app: 0|req: 450/892] 10.0.0.7 () {28 vars in 734 bytes} [Wed Feb 25 20:47:40 2026] GET /v3/ac992b5c700d42a29ae73e602d023058/os-quota-sets/ac992b5c700d42a29ae73e602d023058?usage=true => generated 845 bytes in 34 msecs (HTTP/1.1 200) 7 headers in 285 bytes (1 switches on core 0)
2026-02-25 20:47:40.877 7 INFO cinder.api.openstack.wsgi [None req-5753e773-9bfe-4be4-a835-5947b0ca0df6 0d698a8e394e402f8e10bb6fdf9b5b47 ac992b5c700d42a29ae73e602d023058 - - default default] GET http://cinder-api.openstack.svc.cluster.local:8776/v3/ac992b5c700d42a29ae73e602d023058/os-quota-sets/dc059da607c8428291a20f1efa3ce915?usage=true
2026-02-25 20:47:40.902 7 INFO cinder.api.openstack.wsgi [None req-5753e773-9bfe-4be4-a835-5947b0ca0df6 0d698a8e394e402f8e10bb6fdf9b5b47 ac992b5c700d42a29ae73e602d023058 - - default default] http://cinder-api.openstack.svc.cluster.local:8776/v3/ac992b5c700d42a29ae73e602d023058/os-quota-sets/dc059da607c8428291a20f1efa3ce915?usage=true returned with HTTP 200 [pid: 7|app: 0|req: 443/893] 10.0.0.7 () {28 vars in 734 bytes} [Wed Feb 25 20:47:40 2026] GET /v3/ac992b5c700d42a29ae73e602d023058/os-quota-sets/dc059da607c8428291a20f1efa3ce915?usage=true => generated 847 bytes in 33 msecs (HTTP/1.1 200) 7 headers in 285 bytes (1 switches on core 0)
2026-02-25 20:47:40.916 8 INFO cinder.api.openstack.wsgi [None req-f1908de0-a610-4960-9937-f22913880521 0d698a8e394e402f8e10bb6fdf9b5b47 ac992b5c700d42a29ae73e602d023058 - - default default] GET http://cinder-api.openstack.svc.cluster.local:8776/v3/ac992b5c700d42a29ae73e602d023058/os-quota-sets/e3e2daf4f9054322854e26ce399673c8?usage=true
2026-02-25 20:47:40.942 8 INFO cinder.api.openstack.wsgi [None req-f1908de0-a610-4960-9937-f22913880521 0d698a8e394e402f8e10bb6fdf9b5b47 ac992b5c700d42a29ae73e602d023058 - - default default] http://cinder-api.openstack.svc.cluster.local:8776/v3/ac992b5c700d42a29ae73e602d023058/os-quota-sets/e3e2daf4f9054322854e26ce399673c8?usage=true returned with HTTP 200 [pid: 8|app: 0|req: 451/894] 10.0.0.7 () {28 vars in 734 bytes} [Wed Feb 25 20:47:40 2026] GET /v3/ac992b5c700d42a29ae73e602d023058/os-quota-sets/e3e2daf4f9054322854e26ce399673c8?usage=true => generated 847 bytes in 36 msecs (HTTP/1.1 200) 7 headers in 285 bytes (1 switches on core 0)
2026-02-25 20:47:40.961 7 INFO cinder.api.openstack.wsgi [None req-c28205a5-2188-4136-91a5-1faba6b5edf5 0d698a8e394e402f8e10bb6fdf9b5b47 ac992b5c700d42a29ae73e602d023058 - - default default] GET http://cinder-api.openstack.svc.cluster.local:8776/v3/ac992b5c700d42a29ae73e602d023058/os-quota-sets/e901fb567cd84d02addafae752b1fa74?usage=true
2026-02-25 20:47:41.005 7 INFO cinder.api.openstack.wsgi [None req-c28205a5-2188-4136-91a5-1faba6b5edf5 0d698a8e394e402f8e10bb6fdf9b5b47 ac992b5c700d42a29ae73e602d023058 - - default default] http://cinder-api.openstack.svc.cluster.local:8776/v3/ac992b5c700d42a29ae73e602d023058/os-quota-sets/e901fb567cd84d02addafae752b1fa74?usage=true returned with HTTP 200 [pid: 7|app: 0|req: 444/895] 10.0.0.7 () {28 vars in 734 bytes} [Wed Feb 25 20:47:40 2026] GET /v3/ac992b5c700d42a29ae73e602d023058/os-quota-sets/e901fb567cd84d02addafae752b1fa74?usage=true => generated 847 bytes in 52 msecs (HTTP/1.1 200) 7 headers in 285 bytes (1 switches on core 0)
2026-02-25 20:47:41.019 8 INFO cinder.api.openstack.wsgi [None req-0d3d3773-73a6-4dac-acde-e88c8b5cd110 0d698a8e394e402f8e10bb6fdf9b5b47 ac992b5c700d42a29ae73e602d023058 - - default default] GET http://cinder-api.openstack.svc.cluster.local:8776/v3/ac992b5c700d42a29ae73e602d023058/os-quota-sets/fcecc24822af4f78973e0c9fa2d30ab1?usage=true
2026-02-25 20:47:41.080 8 INFO cinder.api.openstack.wsgi [None req-0d3d3773-73a6-4dac-acde-e88c8b5cd110 0d698a8e394e402f8e10bb6fdf9b5b47 ac992b5c700d42a29ae73e602d023058 - - default default] http://cinder-api.openstack.svc.cluster.local:8776/v3/ac992b5c700d42a29ae73e602d023058/os-quota-sets/fcecc24822af4f78973e0c9fa2d30ab1?usage=true returned with HTTP 200 [pid: 8|app: 0|req: 452/896] 10.0.0.7 () {28 vars in 734 bytes} [Wed Feb 25 20:47:41 2026] GET /v3/ac992b5c700d42a29ae73e602d023058/os-quota-sets/fcecc24822af4f78973e0c9fa2d30ab1?usage=true => generated 847 bytes in 71 msecs (HTTP/1.1 200) 7 headers in 285 bytes (1 switches on core 0)
2026-02-25 20:47:50.821 7 INFO cinder.api.openstack.wsgi [None req-c28205a5-2188-4136-91a5-1faba6b5edf5 0d698a8e394e402f8e10bb6fdf9b5b47 ac992b5c700d42a29ae73e602d023058 - - default default] GET http://10.0.0.235:8776/
2026-02-25 20:47:50.823 7 INFO cinder.api.openstack.wsgi [None req-c28205a5-2188-4136-91a5-1faba6b5edf5 0d698a8e394e402f8e10bb6fdf9b5b47 ac992b5c700d42a29ae73e602d023058 - - default default] http://10.0.0.235:8776/ returned with HTTP 300
2026-02-25 20:47:50.822 8 INFO cinder.api.openstack.wsgi [None req-0d3d3773-73a6-4dac-acde-e88c8b5cd110 0d698a8e394e402f8e10bb6fdf9b5b47 ac992b5c700d42a29ae73e602d023058 - - default default] GET http://10.0.0.235:8776/
2026-02-25 20:47:50.826 8 INFO cinder.api.openstack.wsgi [None req-0d3d3773-73a6-4dac-acde-e88c8b5cd110 0d698a8e394e402f8e10bb6fdf9b5b47 ac992b5c700d42a29ae73e602d023058 - - default default] http://10.0.0.235:8776/ returned with HTTP 300
2026-02-25 20:47:52.442 7 INFO cinder.api.openstack.wsgi [None req-0a9f8d77-acb0-4bb3-b1d5-510e67099b95 0d698a8e394e402f8e10bb6fdf9b5b47 ac992b5c700d42a29ae73e602d023058 - - default default] POST http://cinder-api.openstack.svc.cluster.local:8776/v3/ac992b5c700d42a29ae73e602d023058/volumes
2026-02-25 20:47:52.548 7 INFO cinder.api.v3.volumes [None req-0a9f8d77-acb0-4bb3-b1d5-510e67099b95 0d698a8e394e402f8e10bb6fdf9b5b47 ac992b5c700d42a29ae73e602d023058 - - default default] Create volume of 16 GB
2026-02-25 20:47:52.555 7 INFO cinder.volume.api [None req-0a9f8d77-acb0-4bb3-b1d5-510e67099b95 0d698a8e394e402f8e10bb6fdf9b5b47 ac992b5c700d42a29ae73e602d023058 - - default default] Availability Zones retrieved successfully.
2026-02-25 20:47:52.761 7 INFO cinder.volume.api [None req-0a9f8d77-acb0-4bb3-b1d5-510e67099b95 0d698a8e394e402f8e10bb6fdf9b5b47 ac992b5c700d42a29ae73e602d023058 - - default default] Create volume request issued successfully.
2026-02-25 20:47:52.762 7 INFO cinder.api.openstack.wsgi [None req-0a9f8d77-acb0-4bb3-b1d5-510e67099b95 0d698a8e394e402f8e10bb6fdf9b5b47 ac992b5c700d42a29ae73e602d023058 - - default default] http://cinder-api.openstack.svc.cluster.local:8776/v3/ac992b5c700d42a29ae73e602d023058/volumes returned with HTTP 202 [pid: 7|app: 0|req: 446/899] 199.204.45.169 () {34 vars in 734 bytes} [Wed Feb 25 20:47:52 2026] POST /v3/ac992b5c700d42a29ae73e602d023058/volumes => generated 846 bytes in 413 msecs (HTTP/1.1 202) 7 headers in 291 bytes (1 switches on core 0)
2026-02-25 20:47:52.778 8 INFO cinder.api.openstack.wsgi [req-0a9f8d77-acb0-4bb3-b1d5-510e67099b95 req-5a4701b1-fc2f-4dd4-9951-0d7b5788841f 0d698a8e394e402f8e10bb6fdf9b5b47 ac992b5c700d42a29ae73e602d023058 - - default default] GET http://cinder-api.openstack.svc.cluster.local:8776/v3/ac992b5c700d42a29ae73e602d023058/volumes/86958181-8189-48fe-ae36-ed24b193c79e /var/lib/openstack/lib/python3.10/site-packages/oslo_context/context.py:100: DeprecationWarning: Policy enforcement is depending on the value of is_admin. This key is deprecated. Please update your policy file to use the standard policy values. warnings.warn('Policy enforcement is depending on the value of '
2026-02-25 20:47:52.833 8 INFO cinder.volume.api [req-0a9f8d77-acb0-4bb3-b1d5-510e67099b95 req-5a4701b1-fc2f-4dd4-9951-0d7b5788841f 0d698a8e394e402f8e10bb6fdf9b5b47 ac992b5c700d42a29ae73e602d023058 - - default default] Volume info retrieved successfully.
2026-02-25 20:47:52.840 8 INFO cinder.api.openstack.wsgi [req-0a9f8d77-acb0-4bb3-b1d5-510e67099b95 req-5a4701b1-fc2f-4dd4-9951-0d7b5788841f 0d698a8e394e402f8e10bb6fdf9b5b47 ac992b5c700d42a29ae73e602d023058 - - default default] http://cinder-api.openstack.svc.cluster.local:8776/v3/ac992b5c700d42a29ae73e602d023058/volumes/86958181-8189-48fe-ae36-ed24b193c79e returned with HTTP 200 [pid: 8|app: 0|req: 454/900] 199.204.45.169 () {32 vars in 825 bytes} [Wed Feb 25 20:47:52 2026] GET /v3/ac992b5c700d42a29ae73e602d023058/volumes/86958181-8189-48fe-ae36-ed24b193c79e => generated 1025 bytes in 69 msecs (HTTP/1.1 200) 7 headers in 286 bytes (1 switches on core 0) /var/lib/openstack/lib/python3.10/site-packages/pycadf/identifier.py:71: UserWarning: Invalid uuid: cinderv3. To ensure interoperability, identifiers should be a valid uuid. warnings.warn(('Invalid uuid: %s. To ensure interoperability, '
2026-02-25 20:47:57.859 7 INFO cinder.api.openstack.wsgi [req-0a9f8d77-acb0-4bb3-b1d5-510e67099b95 req-86b53d53-ddcd-49e9-89a8-3d2cb14f07e0 0d698a8e394e402f8e10bb6fdf9b5b47 ac992b5c700d42a29ae73e602d023058 - - default default] GET http://cinder-api.openstack.svc.cluster.local:8776/v3/ac992b5c700d42a29ae73e602d023058/volumes/86958181-8189-48fe-ae36-ed24b193c79e /var/lib/openstack/lib/python3.10/site-packages/oslo_context/context.py:100: DeprecationWarning: Policy enforcement is depending on the value of is_admin. This key is deprecated. Please update your policy file to use the standard policy values. warnings.warn('Policy enforcement is depending on the value of '
2026-02-25 20:47:57.879 7 INFO cinder.volume.api [req-0a9f8d77-acb0-4bb3-b1d5-510e67099b95 req-86b53d53-ddcd-49e9-89a8-3d2cb14f07e0 0d698a8e394e402f8e10bb6fdf9b5b47 ac992b5c700d42a29ae73e602d023058 - - default default] Volume info retrieved successfully.
2026-02-25 20:47:57.887 7 INFO cinder.api.openstack.wsgi [req-0a9f8d77-acb0-4bb3-b1d5-510e67099b95 req-86b53d53-ddcd-49e9-89a8-3d2cb14f07e0 0d698a8e394e402f8e10bb6fdf9b5b47 ac992b5c700d42a29ae73e602d023058 - - default default] http://cinder-api.openstack.svc.cluster.local:8776/v3/ac992b5c700d42a29ae73e602d023058/volumes/86958181-8189-48fe-ae36-ed24b193c79e returned with HTTP 200 [pid: 7|app: 0|req: 447/901] 199.204.45.169 () {32 vars in 825 bytes} [Wed Feb 25 20:47:57 2026] GET /v3/ac992b5c700d42a29ae73e602d023058/volumes/86958181-8189-48fe-ae36-ed24b193c79e => generated 1489 bytes in 35 msecs (HTTP/1.1 200) 7 headers in 286 bytes (1 switches on core 0) /var/lib/openstack/lib/python3.10/site-packages/pycadf/identifier.py:71: UserWarning: Invalid uuid: cinderv3. To ensure interoperability, identifiers should be a valid uuid. warnings.warn(('Invalid uuid: %s. To ensure interoperability, '
2026-02-25 20:47:58.389 8 INFO cinder.api.openstack.wsgi [req-26e224d3-8459-43d1-b2ff-394a627ccdb8 req-66a8d47e-21d8-4e7d-8e11-29b9f5c287e8 0d698a8e394e402f8e10bb6fdf9b5b47 ac992b5c700d42a29ae73e602d023058 - - default default] GET http://cinder-api.openstack.svc.cluster.local:8776/v3/ac992b5c700d42a29ae73e602d023058/volumes/86958181-8189-48fe-ae36-ed24b193c79e /var/lib/openstack/lib/python3.10/site-packages/oslo_context/context.py:100: DeprecationWarning: Policy enforcement is depending on the value of is_admin. This key is deprecated. Please update your policy file to use the standard policy values. warnings.warn('Policy enforcement is depending on the value of '
2026-02-25 20:47:58.413 8 INFO cinder.volume.api [req-26e224d3-8459-43d1-b2ff-394a627ccdb8 req-66a8d47e-21d8-4e7d-8e11-29b9f5c287e8 0d698a8e394e402f8e10bb6fdf9b5b47 ac992b5c700d42a29ae73e602d023058 - - default default] Volume info retrieved successfully.
2026-02-25 20:47:58.419 8 INFO cinder.api.openstack.wsgi [req-26e224d3-8459-43d1-b2ff-394a627ccdb8 req-66a8d47e-21d8-4e7d-8e11-29b9f5c287e8 0d698a8e394e402f8e10bb6fdf9b5b47 ac992b5c700d42a29ae73e602d023058 - - default default] http://cinder-api.openstack.svc.cluster.local:8776/v3/ac992b5c700d42a29ae73e602d023058/volumes/86958181-8189-48fe-ae36-ed24b193c79e returned with HTTP 200 [pid: 8|app: 0|req: 455/902] 10.0.0.76 () {34 vars in 1027 bytes} [Wed Feb 25 20:47:58 2026] GET /v3/ac992b5c700d42a29ae73e602d023058/volumes/86958181-8189-48fe-ae36-ed24b193c79e => generated 1489 bytes in 36 msecs (HTTP/1.1 200) 7 headers in 286 bytes (1 switches on core 0) /var/lib/openstack/lib/python3.10/site-packages/pycadf/identifier.py:71: UserWarning: Invalid uuid: cinderv3. To ensure interoperability, identifiers should be a valid uuid. warnings.warn(('Invalid uuid: %s. To ensure interoperability, '
