2026-02-25 20:47:23.068 10 INFO neutron.wsgi [None req-113fde93-0bc1-4f21-9bd6-527c3397d050 69942630b1764963b8ca7e2504f33926 dc059da607c8428291a20f1efa3ce915 - - default default] 10.0.0.201 "PUT /v2.0/vpn/ipsecpolicies/bdc38900-02ec-4b37-8483-645cdfd65a9a HTTP/1.1" status: 200 len: 625 time: 0.0415010
2026-02-25 20:47:23.083 10 INFO neutron.db.ovn_revision_numbers_db [None req-db4ac5db-dbcb-45f2-befd-f41abdae24be 3c274278dd454e5491192bbd748bb8a2 e3e2daf4f9054322854e26ce399673c8 - - default default] Successfully bumped revision number for resource a6b37388-d4e1-47ef-9e52-b3340a735ccb (type: floatingips) to 1
2026-02-25 20:47:23.084 10 INFO neutron.db.l3_db [None req-db4ac5db-dbcb-45f2-befd-f41abdae24be 3c274278dd454e5491192bbd748bb8a2 e3e2daf4f9054322854e26ce399673c8 - - default default] Floating IP a6b37388-d4e1-47ef-9e52-b3340a735ccb associated. External IP: 10.96.250.219, port: 73f8a7e9-624d-4ca0-b5fc-4c784c25ba31.
2026-02-25 20:47:23.099 10 INFO neutron.wsgi [None req-20bc492a-e2fe-41b6-9e6b-3f01b174615e 69942630b1764963b8ca7e2504f33926 dc059da607c8428291a20f1efa3ce915 - - default default] 10.0.0.201 "DELETE /v2.0/vpn/ipsecpolicies/bdc38900-02ec-4b37-8483-645cdfd65a9a HTTP/1.1" status: 204 len: 168 time: 0.0257466
2026-02-25 20:47:23.117 9 INFO neutron.api.v2.resource [None req-49002d1b-dd60-441e-b100-295ff2514c08 69942630b1764963b8ca7e2504f33926 dc059da607c8428291a20f1efa3ce915 - - default default] delete failed (client error): The resource could not be found.
2026-02-25 20:47:23.119 9 INFO neutron.wsgi [None req-49002d1b-dd60-441e-b100-295ff2514c08 69942630b1764963b8ca7e2504f33926 dc059da607c8428291a20f1efa3ce915 - - default default] 10.0.0.201 "DELETE /v2.0/vpn/ipsecpolicies/bdc38900-02ec-4b37-8483-645cdfd65a9a HTTP/1.1" status: 404 len: 346 time: 0.0146887
2026-02-25 20:47:23.126 10 INFO neutron.wsgi [None req-db4ac5db-dbcb-45f2-befd-f41abdae24be 3c274278dd454e5491192bbd748bb8a2 e3e2daf4f9054322854e26ce399673c8 - - default default] 10.0.0.201 "POST /v2.0/floatingips HTTP/1.1" status: 201 len: 1054 time: 1.3444333
2026-02-25 20:47:23.130 9 INFO neutron.api.v2.resource [None req-1e0a8692-218d-42a6-8670-af227e159c37 69942630b1764963b8ca7e2504f33926 dc059da607c8428291a20f1efa3ce915 - - default default] delete failed (client error): The resource could not be found.
2026-02-25 20:47:23.131 9 INFO neutron.wsgi [None req-1e0a8692-218d-42a6-8670-af227e159c37 69942630b1764963b8ca7e2504f33926 dc059da607c8428291a20f1efa3ce915 - - default default] 10.0.0.201 "DELETE /v2.0/vpn/ipsecpolicies/bdc38900-02ec-4b37-8483-645cdfd65a9a HTTP/1.1" status: 404 len: 346 time: 0.0089877
2026-02-25 20:47:23.141 10 WARNING neutron_lib.context [None req-8a9dd985-eeed-474f-958e-58de4110ffde 69942630b1764963b8ca7e2504f33926 dc059da607c8428291a20f1efa3ce915 - - default default] Method 'is_advsvc' is deprecated since 2023.2 release (neutron-lib 3.8.0) and will be removed once support for the old RBAC API policies will be removed from Neutron. Please use method 'is_service_role' instead.
2026-02-25 20:47:23.162 10 INFO neutron.notifiers.nova [-] Nova event matching ['req-3d731e3a-fbc4-4695-9577-cfeae3c58da6'] response: {'name': 'network-changed', 'server_uuid': '59269ffc-dd5c-4340-a1ec-3a9531cf6d1a', 'tag': '73f8a7e9-624d-4ca0-b5fc-4c784c25ba31', 'status': 'completed', 'code': 200}
2026-02-25 20:47:23.227 10 INFO neutron.wsgi [req-e58f43e6-c136-40ec-b189-9ce91b91857a req-f06b4c47-c73a-4a93-b029-6bee0691353d 084b36f1a035471aa53b97d77443deb3 4bbbd375ff5b4618a1682c2bf616e23d - - 8db5709e7de040a180ab3b8e08634144 8db5709e7de040a180ab3b8e08634144] 199.204.45.169 "GET /v2.0/ports?tenant_id=e3e2daf4f9054322854e26ce399673c8&device_id=59269ffc-dd5c-4340-a1ec-3a9531cf6d1a HTTP/1.1" status: 200 len: 1638 time: 0.0477602
2026-02-25 20:47:23.559 10 INFO neutron.db.segments_db [None req-8a9dd985-eeed-474f-958e-58de4110ffde 69942630b1764963b8ca7e2504f33926 dc059da607c8428291a20f1efa3ce915 - - default default] Added segment 1e80ab25-e837-445e-b390-fccf13d7b5f3 of type geneve for network 27bde578-c66e-4a6f-8900-7f596fe9f817
2026-02-25 20:47:23.576 10 INFO neutron.wsgi [req-47b1a4e3-1504-44af-be34-0bf5cbba6a5c req-6c55fc63-ec16-40d1-b256-7dc4f7d9e9b4 3c274278dd454e5491192bbd748bb8a2 e3e2daf4f9054322854e26ce399673c8 - - default default] 10.0.0.76 "GET /v2.0/security-groups?name=tempest-lb_member_SG-1882885833&fields=id&tenant_id=e3e2daf4f9054322854e26ce399673c8 HTTP/1.1" status: 200 len: 267 time: 0.3715138
2026-02-25 20:47:23.635 10 INFO neutron.wsgi [req-e58f43e6-c136-40ec-b189-9ce91b91857a req-47ceca11-a27c-40d6-9803-dadcfc7ec04b 084b36f1a035471aa53b97d77443deb3 4bbbd375ff5b4618a1682c2bf616e23d - - 8db5709e7de040a180ab3b8e08634144 8db5709e7de040a180ab3b8e08634144] 199.204.45.169 "GET /v2.0/networks?id=8b8d2067-781c-430a-ba29-ed448838e7a3 HTTP/1.1" status: 200 len: 1003 time: 0.3978670
2026-02-25 20:47:23.729 10 INFO neutron.wsgi [req-47b1a4e3-1504-44af-be34-0bf5cbba6a5c req-4148cd4b-e33b-4100-b297-3ce042aa12d5 3c274278dd454e5491192bbd748bb8a2 e3e2daf4f9054322854e26ce399673c8 - - default default] 10.0.0.76 "GET /v2.0/networks?id=16af25c6-914f-44ac-9de0-ec1654e4eeb5 HTTP/1.1" status: 200 len: 904 time: 0.1447661
2026-02-25 20:47:23.768 10 INFO neutron.wsgi [req-e58f43e6-c136-40ec-b189-9ce91b91857a req-67140afc-accd-43f6-a229-2766a96dec1c 084b36f1a035471aa53b97d77443deb3 4bbbd375ff5b4618a1682c2bf616e23d - - 8db5709e7de040a180ab3b8e08634144 8db5709e7de040a180ab3b8e08634144] 199.204.45.169 "GET /v2.0/floatingips?fixed_ip_address=10.2.1.158&port_id=73f8a7e9-624d-4ca0-b5fc-4c784c25ba31 HTTP/1.1" status: 200 len: 1059 time: 0.1212177
2026-02-25 20:47:23.772 10 INFO neutron.wsgi [req-47b1a4e3-1504-44af-be34-0bf5cbba6a5c req-39b83450-14c6-45e1-be9b-e2f8bf5fe047 3c274278dd454e5491192bbd748bb8a2 e3e2daf4f9054322854e26ce399673c8 - - default default] 10.0.0.76 "GET /v2.0/quotas/e3e2daf4f9054322854e26ce399673c8 HTTP/1.1" status: 200 len: 491 time: 0.0359600
2026-02-25 20:47:23.828 10 INFO neutron.wsgi [req-e58f43e6-c136-40ec-b189-9ce91b91857a req-6dd6d762-888b-430b-8a29-5ee2a8115f36 084b36f1a035471aa53b97d77443deb3 4bbbd375ff5b4618a1682c2bf616e23d - - 8db5709e7de040a180ab3b8e08634144 8db5709e7de040a180ab3b8e08634144] 199.204.45.169 "GET /v2.0/floatingips?fixed_ip_address=fd7b%3Af9f7%3Afff%3A4eca%3A%3A3b1&port_id=73f8a7e9-624d-4ca0-b5fc-4c784c25ba31 HTTP/1.1" status: 200 len: 217 time: 0.0523901
2026-02-25 20:47:23.876 10 INFO neutron.db.ovn_revision_numbers_db [None req-8a9dd985-eeed-474f-958e-58de4110ffde 69942630b1764963b8ca7e2504f33926 dc059da607c8428291a20f1efa3ce915 - - default default] Successfully bumped revision number for resource 27bde578-c66e-4a6f-8900-7f596fe9f817 (type: networks) to 1
2026-02-25 20:47:23.931 10 INFO neutron.wsgi [req-e58f43e6-c136-40ec-b189-9ce91b91857a req-e6684359-daee-4fb1-97d5-d2e580859a05 084b36f1a035471aa53b97d77443deb3 4bbbd375ff5b4618a1682c2bf616e23d - - 8db5709e7de040a180ab3b8e08634144 8db5709e7de040a180ab3b8e08634144] 199.204.45.169 "GET /v2.0/subnets?id=f3e3d0e6-9e7b-4d47-be6e-881599484550&id=f986be06-a7c2-4b6d-922b-beeafaaff6a3 HTTP/1.1" status: 200 len: 1562 time: 0.0931211
2026-02-25 20:47:23.967 10 INFO neutron.wsgi [req-e58f43e6-c136-40ec-b189-9ce91b91857a req-b427f6a7-9d93-4ea8-bacf-e706069e3f7f 084b36f1a035471aa53b97d77443deb3 4bbbd375ff5b4618a1682c2bf616e23d - - 8db5709e7de040a180ab3b8e08634144 8db5709e7de040a180ab3b8e08634144] 199.204.45.169 "GET /v2.0/ports?network_id=8b8d2067-781c-430a-ba29-ed448838e7a3&device_owner=network%3Adhcp HTTP/1.1" status: 200 len: 210 time: 0.0263638
2026-02-25 20:47:24.014 10 INFO neutron.wsgi [req-e58f43e6-c136-40ec-b189-9ce91b91857a req-1996cf51-ac06-40f7-806a-cd1a2807998e 084b36f1a035471aa53b97d77443deb3 4bbbd375ff5b4618a1682c2bf616e23d - - 8db5709e7de040a180ab3b8e08634144 8db5709e7de040a180ab3b8e08634144] 199.204.45.169 "GET /v2.0/ports?network_id=8b8d2067-781c-430a-ba29-ed448838e7a3&device_owner=network%3Adhcp HTTP/1.1" status: 200 len: 210 time: 0.0401061
2026-02-25 20:47:24.121 10 INFO neutron.wsgi [req-47b1a4e3-1504-44af-be34-0bf5cbba6a5c req-ea14fab6-83f8-4d2e-a5da-40273e992244 3c274278dd454e5491192bbd748bb8a2 e3e2daf4f9054322854e26ce399673c8 - - default default] 10.0.0.76 "GET /v2.0/ports?tenant_id=e3e2daf4f9054322854e26ce399673c8&fields=id HTTP/1.1" status: 200 len: 532 time: 0.3411391
2026-02-25 20:47:24.136 10 INFO neutron.wsgi [req-e58f43e6-c136-40ec-b189-9ce91b91857a req-7ff5f94f-6be0-4311-975d-4d964ab75fc0 084b36f1a035471aa53b97d77443deb3 4bbbd375ff5b4618a1682c2bf616e23d - - 8db5709e7de040a180ab3b8e08634144 8db5709e7de040a180ab3b8e08634144] 199.204.45.169 "GET /v2.0/networks/8b8d2067-781c-430a-ba29-ed448838e7a3?fields=segments HTTP/1.1" status: 200 len: 212 time: 0.1048703
2026-02-25 20:47:24.262 10 WARNING neutron.plugins.ml2.drivers.ovn.mech_driver.ovsdb.ovn_client [None req-c3854714-3512-4426-ab4e-5bcbda3ed518 - - - - - -] No hosting information found for port dafdf596-f1d0-4a28-a658-6b5daf3a117b: RuntimeError: No hosting information found for port dafdf596-f1d0-4a28-a658-6b5daf3a117b
2026-02-25 20:47:24.262 10 INFO neutron.plugins.ml2.drivers.ovn.mech_driver.mech_driver [None req-c3854714-3512-4426-ab4e-5bcbda3ed518 - - - - - -] OVN reports status up for port: aa960e61-722b-4197-9d8c-4dbca8a64277
2026-02-25 20:47:24.304 10 INFO neutron.wsgi [req-47b1a4e3-1504-44af-be34-0bf5cbba6a5c req-2384a622-82fd-4c3a-b342-ceeba226f8de 084b36f1a035471aa53b97d77443deb3 4bbbd375ff5b4618a1682c2bf616e23d - - 8db5709e7de040a180ab3b8e08634144 8db5709e7de040a180ab3b8e08634144] 10.0.0.76 "GET /v2.0/networks/16af25c6-914f-44ac-9de0-ec1654e4eeb5?fields=segments HTTP/1.1" status: 200 len: 212 time: 0.1680665
2026-02-25 20:47:24.308 10 INFO neutron.plugins.ml2.plugin [None req-c3854714-3512-4426-ab4e-5bcbda3ed518 - - - - - -] Attempt 1 to provision port aa960e61-722b-4197-9d8c-4dbca8a64277
2026-02-25 20:47:24.339 10 INFO neutron.wsgi [req-e58f43e6-c136-40ec-b189-9ce91b91857a req-89bfc14c-5ae0-4d7f-81c0-5c19cac59e0e 084b36f1a035471aa53b97d77443deb3 4bbbd375ff5b4618a1682c2bf616e23d - - 8db5709e7de040a180ab3b8e08634144 8db5709e7de040a180ab3b8e08634144] 199.204.45.169 "GET /v2.0/networks/8b8d2067-781c-430a-ba29-ed448838e7a3?fields=provider%3Aphysical_network&fields=provider%3Anetwork_type HTTP/1.1" status: 200 len: 277 time: 0.1847298
2026-02-25 20:47:24.350 10 WARNING neutron.scheduler.dhcp_agent_scheduler [None req-8a9dd985-eeed-474f-958e-58de4110ffde 69942630b1764963b8ca7e2504f33926 dc059da607c8428291a20f1efa3ce915 - - default default] No more DHCP agents
2026-02-25 20:47:24.363 10 WARNING neutron.api.rpc.agentnotifiers.dhcp_rpc_agent_api [None req-8a9dd985-eeed-474f-958e-58de4110ffde 69942630b1764963b8ca7e2504f33926 dc059da607c8428291a20f1efa3ce915 - - default default] Unable to schedule network 27bde578-c66e-4a6f-8900-7f596fe9f817: no agents available; will retry on subsequent port and subnet creation events.
2026-02-25 20:47:24.465 10 INFO neutron.wsgi [req-47b1a4e3-1504-44af-be34-0bf5cbba6a5c req-a056d919-e3fb-4090-a233-e598da38ef6b 084b36f1a035471aa53b97d77443deb3 4bbbd375ff5b4618a1682c2bf616e23d - - 8db5709e7de040a180ab3b8e08634144 8db5709e7de040a180ab3b8e08634144] 10.0.0.76 "GET /v2.0/networks/16af25c6-914f-44ac-9de0-ec1654e4eeb5?fields=provider%3Aphysical_network&fields=provider%3Anetwork_type HTTP/1.1" status: 200 len: 277 time: 0.1512449
2026-02-25 20:47:24.526 10 INFO neutron.db.ovn_revision_numbers_db [None req-8a9dd985-eeed-474f-958e-58de4110ffde 69942630b1764963b8ca7e2504f33926 dc059da607c8428291a20f1efa3ce915 - - default default] Successfully bumped revision number for resource 7e085fa8-5337-4dd9-a6df-fda6718004b5 (type: ports) to 1
2026-02-25 20:47:24.585 10 INFO neutron.wsgi [None req-8a9dd985-eeed-474f-958e-58de4110ffde 69942630b1764963b8ca7e2504f33926 dc059da607c8428291a20f1efa3ce915 - - default default] 10.0.0.201 "POST /v2.0/networks HTTP/1.1" status: 201 len: 830 time: 1.4481909
2026-02-25 20:47:24.608 10 WARNING neutron_lib.context [None req-87305f72-0985-41dd-8607-e6a8996fe07e 69942630b1764963b8ca7e2504f33926 dc059da607c8428291a20f1efa3ce915 - - default default] Method 'is_advsvc' is deprecated since 2023.2 release (neutron-lib 3.8.0) and will be removed once support for the old RBAC API policies will be removed from Neutron. Please use method 'is_service_role' instead.
2026-02-25 20:47:24.697 10 INFO neutron.wsgi [req-c5f3d4ba-3a4a-43fb-8c9d-005b32a309a7 req-3e4ad9e0-8769-49b5-bab2-4690ff93528b 3c274278dd454e5491192bbd748bb8a2 e3e2daf4f9054322854e26ce399673c8 - - default default] 10.0.0.76 "GET /v2.0/ports?device_id=c76e3633-b274-4edf-b98c-8167ed7359be HTTP/1.1" status: 200 len: 210 time: 0.0358384
2026-02-25 20:47:25.015 10 WARNING neutron.scheduler.dhcp_agent_scheduler [None req-87305f72-0985-41dd-8607-e6a8996fe07e 69942630b1764963b8ca7e2504f33926 dc059da607c8428291a20f1efa3ce915 - - default default] No more DHCP agents
2026-02-25 20:47:25.029 10 WARNING neutron.api.rpc.agentnotifiers.dhcp_rpc_agent_api [None req-87305f72-0985-41dd-8607-e6a8996fe07e 69942630b1764963b8ca7e2504f33926 dc059da607c8428291a20f1efa3ce915 - - default default] Unable to schedule network 27bde578-c66e-4a6f-8900-7f596fe9f817: no agents available; will retry on subsequent port and subnet creation events.
2026-02-25 20:47:25.125 10 INFO neutron.db.ovn_revision_numbers_db [None req-c3854714-3512-4426-ab4e-5bcbda3ed518 - - - - - -] Successfully bumped revision number for resource aa960e61-722b-4197-9d8c-4dbca8a64277 (type: ports) to 2
2026-02-25 20:47:25.851 10 INFO neutron.wsgi [req-47b1a4e3-1504-44af-be34-0bf5cbba6a5c req-5a8bad38-698d-4c3d-9e37-e696b64c431d 3c274278dd454e5491192bbd748bb8a2 e3e2daf4f9054322854e26ce399673c8 - - default default] 199.204.45.169 "GET /v2.0/networks?id=16af25c6-914f-44ac-9de0-ec1654e4eeb5 HTTP/1.1" status: 200 len: 904 time: 0.1034093
2026-02-25 20:47:25.928 10 INFO neutron.db.ovn_revision_numbers_db [None req-c3854714-3512-4426-ab4e-5bcbda3ed518 - - - - - -] Successfully bumped revision number for resource aa960e61-722b-4197-9d8c-4dbca8a64277 (type: router_ports) to 2
2026-02-25 20:47:25.952 10 INFO neutron.wsgi [req-47b1a4e3-1504-44af-be34-0bf5cbba6a5c req-c8f0730d-55ef-4e93-a9b4-f78bd7a146f8 3c274278dd454e5491192bbd748bb8a2 e3e2daf4f9054322854e26ce399673c8 - - default default] 199.204.45.169 "GET /v2.0/security-groups?fields=id&fields=name&tenant_id=e3e2daf4f9054322854e26ce399673c8 HTTP/1.1" status: 200 len: 378 time: 0.0908854
2026-02-25 20:47:25.967 10 WARNING neutron_lib.context [req-47b1a4e3-1504-44af-be34-0bf5cbba6a5c req-7920ad2e-bebd-4cf4-8f10-0694036061a9 3c274278dd454e5491192bbd748bb8a2 e3e2daf4f9054322854e26ce399673c8 - - default default] Method 'is_advsvc' is deprecated since 2023.2 release (neutron-lib 3.8.0) and will be removed once support for the old RBAC API policies will be removed from Neutron. Please use method 'is_service_role' instead.
2026-02-25 20:47:26.193 9 WARNING neutron_lib.context [None req-2f7fd025-9bda-4118-9c03-51cc13910522 fca57e077a974dd49ab2c326c8c4d875 1abfd71ff68e46ab9d0f47464d26a0bd - - default default] Method 'is_advsvc' is deprecated since 2023.2 release (neutron-lib 3.8.0) and will be removed once support for the old RBAC API policies will be removed from Neutron. Please use method 'is_service_role' instead.
2026-02-25 20:47:26.326 9 INFO neutron.db.ovn_revision_numbers_db [None req-2f7fd025-9bda-4118-9c03-51cc13910522 fca57e077a974dd49ab2c326c8c4d875 1abfd71ff68e46ab9d0f47464d26a0bd - - default default] Successfully bumped revision number for resource 00afb96f-5117-4aff-a569-d1fc8331d135 (type: security_groups) to 1
2026-02-25 20:47:26.347 9 INFO neutron.db.ovn_revision_numbers_db [None req-2f7fd025-9bda-4118-9c03-51cc13910522 fca57e077a974dd49ab2c326c8c4d875 1abfd71ff68e46ab9d0f47464d26a0bd - - default default] Successfully bumped revision number for resource 093b357f-d35a-4354-8d77-0fc14c35ca16 (type: security_group_rules) to 0
2026-02-25 20:47:26.361 9 INFO neutron.db.ovn_revision_numbers_db [None req-2f7fd025-9bda-4118-9c03-51cc13910522 fca57e077a974dd49ab2c326c8c4d875 1abfd71ff68e46ab9d0f47464d26a0bd - - default default] Successfully bumped revision number for resource 1df02d93-ba0e-4d2e-a699-9bb3cc09a2d9 (type: security_group_rules) to 0
2026-02-25 20:47:26.373 9 INFO neutron.db.ovn_revision_numbers_db [None req-2f7fd025-9bda-4118-9c03-51cc13910522 fca57e077a974dd49ab2c326c8c4d875 1abfd71ff68e46ab9d0f47464d26a0bd - - default default] Successfully bumped revision number for resource 45d1df60-312b-4d6d-abfd-5c0c1146d916 (type: security_group_rules) to 0
2026-02-25 20:47:26.385 10 INFO neutron.db.ovn_revision_numbers_db [None req-87305f72-0985-41dd-8607-e6a8996fe07e 69942630b1764963b8ca7e2504f33926 dc059da607c8428291a20f1efa3ce915 - - default default] Successfully bumped revision number for resource 7e085fa8-5337-4dd9-a6df-fda6718004b5 (type: ports) to 2
2026-02-25 20:47:26.389 9 INFO neutron.db.ovn_revision_numbers_db [None req-2f7fd025-9bda-4118-9c03-51cc13910522 fca57e077a974dd49ab2c326c8c4d875 1abfd71ff68e46ab9d0f47464d26a0bd - - default default] Successfully bumped revision number for resource 850e2739-5eae-4f74-a0d9-6c37a6a3032a (type: security_group_rules) to 0
2026-02-25 20:47:26.443 9 INFO neutron.db.segments_db [None req-2f7fd025-9bda-4118-9c03-51cc13910522 fca57e077a974dd49ab2c326c8c4d875 1abfd71ff68e46ab9d0f47464d26a0bd - - default default] Added segment 093aedfd-ccf5-4277-8ec1-e0d54b5d1c6a of type geneve for network 5282bbd9-4368-4062-bf4d-f501cf50f8e8
2026-02-25 20:47:26.451 10 INFO neutron.db.ovn_revision_numbers_db [None req-87305f72-0985-41dd-8607-e6a8996fe07e 69942630b1764963b8ca7e2504f33926 dc059da607c8428291a20f1efa3ce915 - - default default] Successfully bumped revision number for resource 10f85e4b-a3a7-41d1-99ae-5dbb16f37879 (type: subnets) to 0
2026-02-25 20:47:26.472 10 INFO neutron.wsgi [None req-87305f72-0985-41dd-8607-e6a8996fe07e 69942630b1764963b8ca7e2504f33926 dc059da607c8428291a20f1efa3ce915 - - default default] 10.0.0.201 "POST /v2.0/subnets HTTP/1.1" status: 201 len: 804 time: 1.8719139
2026-02-25 20:47:26.485 9 WARNING neutron_lib.context [None req-6dbfe7da-f8ce-4614-af24-055930a2505d 69942630b1764963b8ca7e2504f33926 dc059da607c8428291a20f1efa3ce915 - - default default] Method 'is_advsvc' is deprecated since 2023.2 release (neutron-lib 3.8.0) and will be removed once support for the old RBAC API policies will be removed from Neutron. Please use method 'is_service_role' instead.
2026-02-25 20:47:26.569 10 WARNING neutron.scheduler.dhcp_agent_scheduler [req-47b1a4e3-1504-44af-be34-0bf5cbba6a5c req-7920ad2e-bebd-4cf4-8f10-0694036061a9 3c274278dd454e5491192bbd748bb8a2 e3e2daf4f9054322854e26ce399673c8 - - default default] No more DHCP agents
2026-02-25 20:47:26.573 10 WARNING neutron.api.rpc.agentnotifiers.dhcp_rpc_agent_api [req-47b1a4e3-1504-44af-be34-0bf5cbba6a5c req-7920ad2e-bebd-4cf4-8f10-0694036061a9 3c274278dd454e5491192bbd748bb8a2 e3e2daf4f9054322854e26ce399673c8 - - default default] Unable to schedule network 16af25c6-914f-44ac-9de0-ec1654e4eeb5: no agents available; will retry on subsequent port and subnet creation events.
2026-02-25 20:47:26.635 9 INFO neutron.db.ovn_revision_numbers_db [None req-2f7fd025-9bda-4118-9c03-51cc13910522 fca57e077a974dd49ab2c326c8c4d875 1abfd71ff68e46ab9d0f47464d26a0bd - - default default] Successfully bumped revision number for resource 5282bbd9-4368-4062-bf4d-f501cf50f8e8 (type: networks) to 1
2026-02-25 20:47:26.741 10 INFO neutron.db.ovn_revision_numbers_db [req-47b1a4e3-1504-44af-be34-0bf5cbba6a5c req-7920ad2e-bebd-4cf4-8f10-0694036061a9 3c274278dd454e5491192bbd748bb8a2 e3e2daf4f9054322854e26ce399673c8 - - default default] Successfully bumped revision number for resource a4619561-e18e-4b6a-9cf9-5caef7b6c645 (type: ports) to 1
2026-02-25 20:47:26.764 10 INFO neutron.wsgi [req-47b1a4e3-1504-44af-be34-0bf5cbba6a5c req-7920ad2e-bebd-4cf4-8f10-0694036061a9 3c274278dd454e5491192bbd748bb8a2 e3e2daf4f9054322854e26ce399673c8 - - default default] 199.204.45.169 "POST /v2.0/ports HTTP/1.1" status: 201 len: 1388 time: 0.8068252 /var/lib/openstack/lib/python3.10/site-packages/pycadf/identifier.py:71: UserWarning: Invalid uuid: neutron. To ensure interoperability, identifiers should be a valid uuid. warnings.warn(('Invalid uuid: %s. To ensure interoperability, '
2026-02-25 20:47:26.936 9 WARNING neutron.scheduler.dhcp_agent_scheduler [None req-2f7fd025-9bda-4118-9c03-51cc13910522 fca57e077a974dd49ab2c326c8c4d875 1abfd71ff68e46ab9d0f47464d26a0bd - - default default] No more DHCP agents
2026-02-25 20:47:26.941 9 WARNING neutron.api.rpc.agentnotifiers.dhcp_rpc_agent_api [None req-2f7fd025-9bda-4118-9c03-51cc13910522 fca57e077a974dd49ab2c326c8c4d875 1abfd71ff68e46ab9d0f47464d26a0bd - - default default] Unable to schedule network 5282bbd9-4368-4062-bf4d-f501cf50f8e8: no agents available; will retry on subsequent port and subnet creation events.
2026-02-25 20:47:27.088 9 INFO neutron.db.ovn_revision_numbers_db [None req-2f7fd025-9bda-4118-9c03-51cc13910522 fca57e077a974dd49ab2c326c8c4d875 1abfd71ff68e46ab9d0f47464d26a0bd - - default default] Successfully bumped revision number for resource 415254ec-8921-4c95-92b8-2e10fafac1b2 (type: ports) to 1
2026-02-25 20:47:27.129 9 INFO neutron.wsgi [None req-2f7fd025-9bda-4118-9c03-51cc13910522 fca57e077a974dd49ab2c326c8c4d875 1abfd71ff68e46ab9d0f47464d26a0bd - - default default] 10.0.0.201 "POST /v2.0/networks HTTP/1.1" status: 201 len: 831 time: 1.1070399
2026-02-25 20:47:27.140 9 WARNING neutron_lib.context [None req-99fa17f8-43be-438b-9521-f53b5a456698 fca57e077a974dd49ab2c326c8c4d875 1abfd71ff68e46ab9d0f47464d26a0bd - - default default] Method 'is_advsvc' is deprecated since 2023.2 release (neutron-lib 3.8.0) and will be removed once support for the old RBAC API policies will be removed from Neutron. Please use method 'is_service_role' instead.
2026-02-25 20:47:27.201 10 INFO neutron.db.ovn_revision_numbers_db [req-47b1a4e3-1504-44af-be34-0bf5cbba6a5c req-490fe83e-0bd3-4127-945d-0bea1786ac9a 084b36f1a035471aa53b97d77443deb3 4bbbd375ff5b4618a1682c2bf616e23d - - 8db5709e7de040a180ab3b8e08634144 8db5709e7de040a180ab3b8e08634144] Successfully bumped revision number for resource a4619561-e18e-4b6a-9cf9-5caef7b6c645 (type: ports) to 2
2026-02-25 20:47:27.225 9 WARNING neutron.scheduler.dhcp_agent_scheduler [None req-6dbfe7da-f8ce-4614-af24-055930a2505d 69942630b1764963b8ca7e2504f33926 dc059da607c8428291a20f1efa3ce915 - - default default] No more DHCP agents
2026-02-25 20:47:27.226 9 WARNING neutron.api.rpc.agentnotifiers.dhcp_rpc_agent_api [None req-6dbfe7da-f8ce-4614-af24-055930a2505d 69942630b1764963b8ca7e2504f33926 dc059da607c8428291a20f1efa3ce915 - - default default] Unable to schedule network 5e95440b-9725-43e7-8645-6764810256b5: no agents available; will retry on subsequent port and subnet creation events.
2026-02-25 20:47:27.415 10 INFO neutron.db.ovn_revision_numbers_db [req-47b1a4e3-1504-44af-be34-0bf5cbba6a5c req-490fe83e-0bd3-4127-945d-0bea1786ac9a 084b36f1a035471aa53b97d77443deb3 4bbbd375ff5b4618a1682c2bf616e23d - - 8db5709e7de040a180ab3b8e08634144 8db5709e7de040a180ab3b8e08634144] Successfully bumped revision number for resource a4619561-e18e-4b6a-9cf9-5caef7b6c645 (type: ports) to 2
2026-02-25 20:47:27.444 10 INFO neutron.wsgi [req-47b1a4e3-1504-44af-be34-0bf5cbba6a5c req-490fe83e-0bd3-4127-945d-0bea1786ac9a 084b36f1a035471aa53b97d77443deb3 4bbbd375ff5b4618a1682c2bf616e23d - - 8db5709e7de040a180ab3b8e08634144 8db5709e7de040a180ab3b8e08634144] 199.204.45.169 "PUT /v2.0/ports/a4619561-e18e-4b6a-9cf9-5caef7b6c645 HTTP/1.1" status: 200 len: 1605 time: 0.6742928
2026-02-25 20:47:27.495 10 INFO neutron.notifiers.nova [-] Nova event matching ['req-a1c3ec20-0908-48e3-8a54-8ef9c07cddac'] response: {'name': 'network-changed', 'server_uuid': 'c76e3633-b274-4edf-b98c-8167ed7359be', 'tag': 'a4619561-e18e-4b6a-9cf9-5caef7b6c645', 'status': 'completed', 'code': 200} /var/lib/openstack/lib/python3.10/site-packages/pycadf/identifier.py:71: UserWarning: Invalid uuid: neutron. To ensure interoperability, identifiers should be a valid uuid. warnings.warn(('Invalid uuid: %s. To ensure interoperability, '
2026-02-25 20:47:27.542 10 INFO neutron.wsgi [req-47b1a4e3-1504-44af-be34-0bf5cbba6a5c req-7df19a8b-5dfb-45c7-9689-6e20c073d1d5 084b36f1a035471aa53b97d77443deb3 4bbbd375ff5b4618a1682c2bf616e23d - - 8db5709e7de040a180ab3b8e08634144 8db5709e7de040a180ab3b8e08634144] 199.204.45.169 "GET /v2.0/ports?tenant_id=e3e2daf4f9054322854e26ce399673c8&device_id=c76e3633-b274-4edf-b98c-8167ed7359be HTTP/1.1" status: 200 len: 1636 time: 0.0453944
2026-02-25 20:47:27.543 9 INFO neutron.db.ovn_revision_numbers_db [None req-6dbfe7da-f8ce-4614-af24-055930a2505d 69942630b1764963b8ca7e2504f33926 dc059da607c8428291a20f1efa3ce915 - - default default] Successfully bumped revision number for resource 83a72c8a-8bd3-4148-a99b-37bfe8a1b4da (type: ports) to 1
2026-02-25 20:47:27.572 10 INFO neutron.wsgi [req-47b1a4e3-1504-44af-be34-0bf5cbba6a5c req-b37744a6-0a46-4304-8c5c-f4e55864f06f 084b36f1a035471aa53b97d77443deb3 4bbbd375ff5b4618a1682c2bf616e23d - - 8db5709e7de040a180ab3b8e08634144 8db5709e7de040a180ab3b8e08634144] 199.204.45.169 "GET /v2.0/floatingips?fixed_ip_address=10.2.2.90&port_id=a4619561-e18e-4b6a-9cf9-5caef7b6c645 HTTP/1.1" status: 200 len: 217 time: 0.0233166
2026-02-25 20:47:27.590 9 WARNING neutron.scheduler.dhcp_agent_scheduler [None req-99fa17f8-43be-438b-9521-f53b5a456698 fca57e077a974dd49ab2c326c8c4d875 1abfd71ff68e46ab9d0f47464d26a0bd - - default default] No more DHCP agents
2026-02-25 20:47:27.605 9 WARNING neutron.api.rpc.agentnotifiers.dhcp_rpc_agent_api [None req-99fa17f8-43be-438b-9521-f53b5a456698 fca57e077a974dd49ab2c326c8c4d875 1abfd71ff68e46ab9d0f47464d26a0bd - - default default] Unable to schedule network 5282bbd9-4368-4062-bf4d-f501cf50f8e8: no agents available; will retry on subsequent port and subnet creation events.
2026-02-25 20:47:27.606 10 INFO neutron.wsgi [req-47b1a4e3-1504-44af-be34-0bf5cbba6a5c req-5cc33b44-6365-448e-b434-bf78425f5847 084b36f1a035471aa53b97d77443deb3 4bbbd375ff5b4618a1682c2bf616e23d - - 8db5709e7de040a180ab3b8e08634144 8db5709e7de040a180ab3b8e08634144] 199.204.45.169 "GET /v2.0/floatingips?fixed_ip_address=fd77%3A1457%3A4cf0%3A26a8%3A%3A266&port_id=a4619561-e18e-4b6a-9cf9-5caef7b6c645 HTTP/1.1" status: 200 len: 217 time: 0.0277722
2026-02-25 20:47:27.665 10 INFO neutron.wsgi [req-47b1a4e3-1504-44af-be34-0bf5cbba6a5c req-57e86927-0f93-4539-afa1-f853177a7d1d 084b36f1a035471aa53b97d77443deb3 4bbbd375ff5b4618a1682c2bf616e23d - - 8db5709e7de040a180ab3b8e08634144 8db5709e7de040a180ab3b8e08634144] 199.204.45.169 "GET /v2.0/subnets?id=cc82d6c1-f201-4c80-9928-896857e471ce&id=206bd3bb-5500-44e4-9988-67c834580395 HTTP/1.1" status: 200 len: 1565 time: 0.0534759
2026-02-25 20:47:27.694 10 INFO neutron.wsgi [req-47b1a4e3-1504-44af-be34-0bf5cbba6a5c req-7a38192a-dc60-4ece-984f-b342b81f6163 084b36f1a035471aa53b97d77443deb3 4bbbd375ff5b4618a1682c2bf616e23d - - 8db5709e7de040a180ab3b8e08634144 8db5709e7de040a180ab3b8e08634144] 199.204.45.169 "GET /v2.0/ports?network_id=16af25c6-914f-44ac-9de0-ec1654e4eeb5&device_owner=network%3Adhcp HTTP/1.1" status: 200 len: 210 time: 0.0243938
2026-02-25 20:47:27.721 10 INFO neutron.wsgi [req-47b1a4e3-1504-44af-be34-0bf5cbba6a5c req-6995c391-e7cb-4a85-bf31-bc1277fc4b0d 084b36f1a035471aa53b97d77443deb3 4bbbd375ff5b4618a1682c2bf616e23d - - 8db5709e7de040a180ab3b8e08634144 8db5709e7de040a180ab3b8e08634144] 199.204.45.169 "GET /v2.0/ports?network_id=16af25c6-914f-44ac-9de0-ec1654e4eeb5&device_owner=network%3Adhcp HTTP/1.1" status: 200 len: 210 time: 0.0219789
2026-02-25 20:47:27.752 9 INFO neutron.db.ovn_revision_numbers_db [None req-99fa17f8-43be-438b-9521-f53b5a456698 fca57e077a974dd49ab2c326c8c4d875 1abfd71ff68e46ab9d0f47464d26a0bd - - default default] Successfully bumped revision number for resource c1330622-ca5a-408c-8d87-1aa063e7e1a6 (type: ports) to 1
2026-02-25 20:47:27.788 10 INFO neutron.wsgi [req-47b1a4e3-1504-44af-be34-0bf5cbba6a5c req-14693dff-8cbe-4f88-baf0-0a48d185b197 084b36f1a035471aa53b97d77443deb3 4bbbd375ff5b4618a1682c2bf616e23d - - 8db5709e7de040a180ab3b8e08634144 8db5709e7de040a180ab3b8e08634144] 199.204.45.169 "GET /v2.0/networks/16af25c6-914f-44ac-9de0-ec1654e4eeb5?fields=segments HTTP/1.1" status: 200 len: 212 time: 0.0616944
2026-02-25 20:47:27.792 9 INFO neutron.wsgi [None req-99fa17f8-43be-438b-9521-f53b5a456698 fca57e077a974dd49ab2c326c8c4d875 1abfd71ff68e46ab9d0f47464d26a0bd - - default default] 10.0.0.201 "POST /v2.0/ports HTTP/1.1" status: 201 len: 942 time: 0.6573331 /var/lib/openstack/lib/python3.10/site-packages/pycadf/identifier.py:71: UserWarning: Invalid uuid: neutron. To ensure interoperability, identifiers should be a valid uuid. warnings.warn(('Invalid uuid: %s. To ensure interoperability, '
2026-02-25 20:47:27.820 9 WARNING neutron_lib.context [None req-bb7af49c-ac2f-4051-8f24-80681db6c848 fca57e077a974dd49ab2c326c8c4d875 1abfd71ff68e46ab9d0f47464d26a0bd - - default default] Method 'is_advsvc' is deprecated since 2023.2 release (neutron-lib 3.8.0) and will be removed once support for the old RBAC API policies will be removed from Neutron. Please use method 'is_service_role' instead.
2026-02-25 20:47:27.851 10 INFO neutron.wsgi [req-47b1a4e3-1504-44af-be34-0bf5cbba6a5c req-885098f5-1fa9-4c2d-9fad-dd1d69fceac9 084b36f1a035471aa53b97d77443deb3 4bbbd375ff5b4618a1682c2bf616e23d - - 8db5709e7de040a180ab3b8e08634144 8db5709e7de040a180ab3b8e08634144] 199.204.45.169 "GET /v2.0/networks/16af25c6-914f-44ac-9de0-ec1654e4eeb5?fields=provider%3Aphysical_network&fields=provider%3Anetwork_type HTTP/1.1" status: 200 len: 277 time: 0.0555968
2026-02-25 20:47:27.932 10 INFO neutron.wsgi [req-9b0357fa-a586-4802-ab5e-c79da2dc985b req-9e40a7ef-cca4-4e84-b15c-4d183ecb1aa6 084b36f1a035471aa53b97d77443deb3 4bbbd375ff5b4618a1682c2bf616e23d - - 8db5709e7de040a180ab3b8e08634144 8db5709e7de040a180ab3b8e08634144] 199.204.45.169 "GET /v2.0/ports?tenant_id=e3e2daf4f9054322854e26ce399673c8&device_id=c76e3633-b274-4edf-b98c-8167ed7359be HTTP/1.1" status: 200 len: 1636 time: 0.0389450
2026-02-25 20:47:28.012 10 INFO neutron.wsgi [req-9b0357fa-a586-4802-ab5e-c79da2dc985b req-f345ce39-f47b-4400-8288-bd7123e51156 084b36f1a035471aa53b97d77443deb3 4bbbd375ff5b4618a1682c2bf616e23d - - 8db5709e7de040a180ab3b8e08634144 8db5709e7de040a180ab3b8e08634144] 199.204.45.169 "GET /v2.0/networks?id=16af25c6-914f-44ac-9de0-ec1654e4eeb5 HTTP/1.1" status: 200 len: 1003 time: 0.0731771
2026-02-25 20:47:28.055 10 INFO neutron.wsgi [req-9b0357fa-a586-4802-ab5e-c79da2dc985b req-6c90eb8e-8b3a-4a7e-998d-207154703c29 084b36f1a035471aa53b97d77443deb3 4bbbd375ff5b4618a1682c2bf616e23d - - 8db5709e7de040a180ab3b8e08634144 8db5709e7de040a180ab3b8e08634144] 199.204.45.169 "GET /v2.0/floatingips?fixed_ip_address=10.2.2.90&port_id=a4619561-e18e-4b6a-9cf9-5caef7b6c645 HTTP/1.1" status: 200 len: 217 time: 0.0352736
2026-02-25 20:47:28.096 10 INFO neutron.wsgi [req-9b0357fa-a586-4802-ab5e-c79da2dc985b req-af435880-629a-414d-8200-6a8646441bf0 084b36f1a035471aa53b97d77443deb3 4bbbd375ff5b4618a1682c2bf616e23d - - 8db5709e7de040a180ab3b8e08634144 8db5709e7de040a180ab3b8e08634144] 199.204.45.169 "GET /v2.0/floatingips?fixed_ip_address=fd77%3A1457%3A4cf0%3A26a8%3A%3A266&port_id=a4619561-e18e-4b6a-9cf9-5caef7b6c645 HTTP/1.1" status: 200 len: 217 time: 0.0257599
2026-02-25 20:47:28.139 10 INFO neutron.wsgi [req-9b0357fa-a586-4802-ab5e-c79da2dc985b req-2e2cb9bb-2388-4cce-8c61-bfa1fcc91188 084b36f1a035471aa53b97d77443deb3 4bbbd375ff5b4618a1682c2bf616e23d - - 8db5709e7de040a180ab3b8e08634144 8db5709e7de040a180ab3b8e08634144] 199.204.45.169 "GET /v2.0/subnets?id=cc82d6c1-f201-4c80-9928-896857e471ce&id=206bd3bb-5500-44e4-9988-67c834580395 HTTP/1.1" status: 200 len: 1565 time: 0.0327840
2026-02-25 20:47:28.172 10 INFO neutron.wsgi [req-9b0357fa-a586-4802-ab5e-c79da2dc985b req-7885e13f-fdec-4e07-89ac-c1021f526ec3 084b36f1a035471aa53b97d77443deb3 4bbbd375ff5b4618a1682c2bf616e23d - - 8db5709e7de040a180ab3b8e08634144 8db5709e7de040a180ab3b8e08634144] 199.204.45.169 "GET /v2.0/ports?network_id=16af25c6-914f-44ac-9de0-ec1654e4eeb5&device_owner=network%3Adhcp HTTP/1.1" status: 200 len: 210 time: 0.0271113
2026-02-25 20:47:28.188 9 INFO neutron.plugins.ml2.drivers.ovn.mech_driver.mech_driver [None req-dbc7da08-4b5d-47ea-8f36-554762dc2ebe - - - - - -] OVN reports status up for port: a4619561-e18e-4b6a-9cf9-5caef7b6c645
2026-02-25 20:47:28.202 10 INFO neutron.wsgi [req-9b0357fa-a586-4802-ab5e-c79da2dc985b req-c2a345d7-3a09-4829-b1ae-7fd86a2ccf73 084b36f1a035471aa53b97d77443deb3 4bbbd375ff5b4618a1682c2bf616e23d - - 8db5709e7de040a180ab3b8e08634144 8db5709e7de040a180ab3b8e08634144] 199.204.45.169 "GET /v2.0/ports?network_id=16af25c6-914f-44ac-9de0-ec1654e4eeb5&device_owner=network%3Adhcp HTTP/1.1" status: 200 len: 210 time: 0.0197592
2026-02-25 20:47:28.213 9 INFO neutron.plugins.ml2.plugin [None req-dbc7da08-4b5d-47ea-8f36-554762dc2ebe - - - - - -] Attempt 1 to provision port a4619561-e18e-4b6a-9cf9-5caef7b6c645
2026-02-25 20:47:28.278 10 INFO neutron.wsgi [req-9b0357fa-a586-4802-ab5e-c79da2dc985b req-8c2aade1-40cd-4c78-9def-f2c75f29b5b9 084b36f1a035471aa53b97d77443deb3 4bbbd375ff5b4618a1682c2bf616e23d - - 8db5709e7de040a180ab3b8e08634144 8db5709e7de040a180ab3b8e08634144] 199.204.45.169 "GET /v2.0/networks/16af25c6-914f-44ac-9de0-ec1654e4eeb5?fields=segments HTTP/1.1" status: 200 len: 212 time: 0.0706573
2026-02-25 20:47:28.338 10 INFO neutron.wsgi [-] 10.0.0.125 "GET / HTTP/1.1" status: 200 len: 247 time: 0.0016890
2026-02-25 20:47:28.340 10 INFO neutron.wsgi [-] 10.0.0.125 "GET / HTTP/1.1" status: 200 len: 247 time: 0.0012281
2026-02-25 20:47:28.351 10 INFO neutron.wsgi [req-9b0357fa-a586-4802-ab5e-c79da2dc985b req-96600e75-c4cd-432f-9523-8098198cdcac 084b36f1a035471aa53b97d77443deb3 4bbbd375ff5b4618a1682c2bf616e23d - - 8db5709e7de040a180ab3b8e08634144 8db5709e7de040a180ab3b8e08634144] 199.204.45.169 "GET /v2.0/networks/16af25c6-914f-44ac-9de0-ec1654e4eeb5?fields=provider%3Aphysical_network&fields=provider%3Anetwork_type HTTP/1.1" status: 200 len: 277 time: 0.0676315
2026-02-25 20:47:28.494 9 INFO neutron.notifiers.nova [-] Nova event matching ['req-291a62cf-6c3e-4468-b965-6aa02071cb41'] response: {'server_uuid': 'c76e3633-b274-4edf-b98c-8167ed7359be', 'name': 'network-vif-plugged', 'status': 'completed', 'tag': 'a4619561-e18e-4b6a-9cf9-5caef7b6c645', 'code': 200}
2026-02-25 20:47:28.506 9 INFO neutron.wsgi [None req-bb7af49c-ac2f-4051-8f24-80681db6c848 fca57e077a974dd49ab2c326c8c4d875 1abfd71ff68e46ab9d0f47464d26a0bd - - default default] 10.0.0.201 "POST /v2.0/trunks HTTP/1.1" status: 201 len: 608 time: 0.7065923
2026-02-25 20:47:28.521 10 WARNING neutron_lib.context [None req-ca78ede5-37d3-47fe-81c1-d2b461df3b55 fca57e077a974dd49ab2c326c8c4d875 1abfd71ff68e46ab9d0f47464d26a0bd - - default default] Method 'is_advsvc' is deprecated since 2023.2 release (neutron-lib 3.8.0) and will be removed once support for the old RBAC API policies will be removed from Neutron. Please use method 'is_service_role' instead.
2026-02-25 20:47:28.602 10 INFO neutron.db.segments_db [None req-ca78ede5-37d3-47fe-81c1-d2b461df3b55 fca57e077a974dd49ab2c326c8c4d875 1abfd71ff68e46ab9d0f47464d26a0bd - - default default] Added segment 1e5d05fe-dc5e-4866-80d1-38716fd0bf30 of type geneve for network 991ad4d7-9d29-4f94-90b3-bed28025e78e
2026-02-25 20:47:28.765 10 INFO neutron.db.ovn_revision_numbers_db [None req-ca78ede5-37d3-47fe-81c1-d2b461df3b55 fca57e077a974dd49ab2c326c8c4d875 1abfd71ff68e46ab9d0f47464d26a0bd - - default default] Successfully bumped revision number for resource 991ad4d7-9d29-4f94-90b3-bed28025e78e (type: networks) to 1
2026-02-25 20:47:28.792 9 INFO neutron.db.ovn_revision_numbers_db [None req-dbc7da08-4b5d-47ea-8f36-554762dc2ebe - - - - - -] Successfully bumped revision number for resource a4619561-e18e-4b6a-9cf9-5caef7b6c645 (type: ports) to 4
2026-02-25 20:47:28.883 9 INFO neutron.plugins.ml2.drivers.ovn.mech_driver.ovsdb.commands [None req-27322870-3539-4983-b0eb-c6f158573d06 - - - - - -] Schedule LRP lrp-83a72c8a-8bd3-4148-a99b-37bfe8a1b4da on gateway 2249d79d-41fd-414b-9140-f58d9cf0f814 with priority 1
2026-02-25 20:47:28.930 9 INFO neutron.db.ovn_revision_numbers_db [None req-6dbfe7da-f8ce-4614-af24-055930a2505d 69942630b1764963b8ca7e2504f33926 dc059da607c8428291a20f1efa3ce915 - - default default] Successfully bumped revision number for resource 83a72c8a-8bd3-4148-a99b-37bfe8a1b4da (type: router_ports) to 1
2026-02-25 20:47:28.989 10 WARNING neutron.scheduler.dhcp_agent_scheduler [None req-ca78ede5-37d3-47fe-81c1-d2b461df3b55 fca57e077a974dd49ab2c326c8c4d875 1abfd71ff68e46ab9d0f47464d26a0bd - - default default] No more DHCP agents
2026-02-25 20:47:28.991 10 WARNING neutron.api.rpc.agentnotifiers.dhcp_rpc_agent_api [None req-ca78ede5-37d3-47fe-81c1-d2b461df3b55 fca57e077a974dd49ab2c326c8c4d875 1abfd71ff68e46ab9d0f47464d26a0bd - - default default] Unable to schedule network 991ad4d7-9d29-4f94-90b3-bed28025e78e: no agents available; will retry on subsequent port and subnet creation events.
2026-02-25 20:47:29.030 9 INFO neutron.db.ovn_revision_numbers_db [None req-6dbfe7da-f8ce-4614-af24-055930a2505d 69942630b1764963b8ca7e2504f33926 dc059da607c8428291a20f1efa3ce915 - - default default] Successfully bumped revision number for resource 3d6ae5f2-5bc7-4ec1-b81f-771e5ea08180 (type: routers) to 2
2026-02-25 20:47:29.059 9 INFO neutron.wsgi [None req-6dbfe7da-f8ce-4614-af24-055930a2505d 69942630b1764963b8ca7e2504f33926 dc059da607c8428291a20f1efa3ce915 - - default default] 10.0.0.201 "POST /v2.0/routers HTTP/1.1" status: 201 len: 1136 time: 2.5811236 /var/lib/openstack/lib/python3.10/site-packages/pycadf/identifier.py:71: UserWarning: Invalid uuid: neutron. To ensure interoperability, identifiers should be a valid uuid. warnings.warn(('Invalid uuid: %s. To ensure interoperability, '
2026-02-25 20:47:29.092 10 INFO neutron.db.ovn_revision_numbers_db [None req-ca78ede5-37d3-47fe-81c1-d2b461df3b55 fca57e077a974dd49ab2c326c8c4d875 1abfd71ff68e46ab9d0f47464d26a0bd - - default default] Successfully bumped revision number for resource 44842886-b014-40c0-b8fd-fbe4b4051fd5 (type: ports) to 1
2026-02-25 20:47:29.121 10 INFO neutron.wsgi [None req-ca78ede5-37d3-47fe-81c1-d2b461df3b55 fca57e077a974dd49ab2c326c8c4d875 1abfd71ff68e46ab9d0f47464d26a0bd - - default default] 10.0.0.201 "POST /v2.0/networks HTTP/1.1" status: 201 len: 830 time: 0.6081784
2026-02-25 20:47:29.132 10 WARNING neutron_lib.context [None req-84a72620-c513-4438-bfca-e163a14ee457 fca57e077a974dd49ab2c326c8c4d875 1abfd71ff68e46ab9d0f47464d26a0bd - - default default] Method 'is_advsvc' is deprecated since 2023.2 release (neutron-lib 3.8.0) and will be removed once support for the old RBAC API policies will be removed from Neutron. Please use method 'is_service_role' instead.
2026-02-25 20:47:29.412 10 WARNING neutron.scheduler.dhcp_agent_scheduler [None req-84a72620-c513-4438-bfca-e163a14ee457 fca57e077a974dd49ab2c326c8c4d875 1abfd71ff68e46ab9d0f47464d26a0bd - - default default] No more DHCP agents
2026-02-25 20:47:29.414 10 WARNING neutron.api.rpc.agentnotifiers.dhcp_rpc_agent_api [None req-84a72620-c513-4438-bfca-e163a14ee457 fca57e077a974dd49ab2c326c8c4d875 1abfd71ff68e46ab9d0f47464d26a0bd - - default default] Unable to schedule network 991ad4d7-9d29-4f94-90b3-bed28025e78e: no agents available; will retry on subsequent port and subnet creation events.
2026-02-25 20:47:29.502 10 INFO neutron.db.ovn_revision_numbers_db [None req-84a72620-c513-4438-bfca-e163a14ee457 fca57e077a974dd49ab2c326c8c4d875 1abfd71ff68e46ab9d0f47464d26a0bd - - default default] Successfully bumped revision number for resource 674ff468-8b07-474f-b51c-8d0949468d70 (type: ports) to 1
2026-02-25 20:47:29.538 10 INFO neutron.wsgi [None req-84a72620-c513-4438-bfca-e163a14ee457 fca57e077a974dd49ab2c326c8c4d875 1abfd71ff68e46ab9d0f47464d26a0bd - - default default] 10.0.0.201 "POST /v2.0/ports HTTP/1.1" status: 201 len: 942 time: 0.4115214 /var/lib/openstack/lib/python3.10/site-packages/pycadf/identifier.py:71: UserWarning: Invalid uuid: neutron. To ensure interoperability, identifiers should be a valid uuid. warnings.warn(('Invalid uuid: %s. To ensure interoperability, '
2026-02-25 20:47:29.553 10 WARNING neutron_lib.context [None req-4ca5a9f6-5c5d-4d22-aec9-f4974009eca4 fca57e077a974dd49ab2c326c8c4d875 1abfd71ff68e46ab9d0f47464d26a0bd - - default default] Method 'is_advsvc' is deprecated since 2023.2 release (neutron-lib 3.8.0) and will be removed once support for the old RBAC API policies will be removed from Neutron. Please use method 'is_service_role' instead.
2026-02-25 20:47:29.748 9 WARNING neutron.scheduler.dhcp_agent_scheduler [None req-693f9ccc-1d86-46d2-ae1a-72ea4c0560e6 69942630b1764963b8ca7e2504f33926 dc059da607c8428291a20f1efa3ce915 - - default default] No more DHCP agents
2026-02-25 20:47:29.751 9 WARNING neutron.api.rpc.agentnotifiers.dhcp_rpc_agent_api [None req-693f9ccc-1d86-46d2-ae1a-72ea4c0560e6 69942630b1764963b8ca7e2504f33926 dc059da607c8428291a20f1efa3ce915 - - default default] Unable to schedule network 27bde578-c66e-4a6f-8900-7f596fe9f817: no agents available; will retry on subsequent port and subnet creation events.
2026-02-25 20:47:29.835 10 INFO neutron.wsgi [None req-4ca5a9f6-5c5d-4d22-aec9-f4974009eca4 fca57e077a974dd49ab2c326c8c4d875 1abfd71ff68e46ab9d0f47464d26a0bd - - default default] 10.0.0.201 "POST /v2.0/trunks HTTP/1.1" status: 201 len: 608 time: 0.2885497
2026-02-25 20:47:29.848 10 WARNING neutron_lib.context [None req-d6b4caa3-0524-479e-85ad-ec48be9b0e14 fca57e077a974dd49ab2c326c8c4d875 1abfd71ff68e46ab9d0f47464d26a0bd - - default default] Method 'is_advsvc' is deprecated since 2023.2 release (neutron-lib 3.8.0) and will be removed once support for the old RBAC API policies will be removed from Neutron. Please use method 'is_service_role' instead.
2026-02-25 20:47:29.883 10 INFO neutron.wsgi [req-096fd318-24c1-4e38-a1bc-486cbc018ca1 req-d982d259-ff18-4844-a136-efff048cf746 3c274278dd454e5491192bbd748bb8a2 e3e2daf4f9054322854e26ce399673c8 - - default default] 10.0.0.76 "GET /v2.0/ports?device_id=c76e3633-b274-4edf-b98c-8167ed7359be HTTP/1.1" status: 200 len: 1400 time: 0.1210074
2026-02-25 20:47:29.932 9 INFO neutron.db.ovn_revision_numbers_db [None req-693f9ccc-1d86-46d2-ae1a-72ea4c0560e6 69942630b1764963b8ca7e2504f33926 dc059da607c8428291a20f1efa3ce915 - - default default] Successfully bumped revision number for resource 625ba58e-c05e-42bc-b27a-d92a5c1f6c3a (type: ports) to 1
2026-02-25 20:47:29.934 10 INFO neutron.wsgi [req-096fd318-24c1-4e38-a1bc-486cbc018ca1 req-965ed4f0-8e8a-43e1-b8c2-8a17853f06d8 3c274278dd454e5491192bbd748bb8a2 e3e2daf4f9054322854e26ce399673c8 - - default default] 10.0.0.76 "GET /v2.0/security-groups?id=8658e4ac-ecfb-41a0-bb9e-f7c7bf50b8ee&fields=id&fields=name HTTP/1.1" status: 200 len: 311 time: 0.0459383
2026-02-25 20:47:29.951 10 INFO neutron.db.segments_db [None req-d6b4caa3-0524-479e-85ad-ec48be9b0e14 fca57e077a974dd49ab2c326c8c4d875 1abfd71ff68e46ab9d0f47464d26a0bd - - default default] Added segment 4bdac1a1-ac7f-4837-a934-6f19e6052402 of type geneve for network f8c80d1d-183b-4f5c-872f-66ba9325232a
2026-02-25 20:47:30.020 10 INFO neutron.wsgi [None req-b11b76bb-b0b7-4c98-b6c8-b0f178f16133 3c274278dd454e5491192bbd748bb8a2 e3e2daf4f9054322854e26ce399673c8 - - default default] 10.0.0.201 "GET /v2.0/ports?network_id=16af25c6-914f-44ac-9de0-ec1654e4eeb5&mac_address=fa%3A16%3A3e%3Ac2%3A2f%3Af9 HTTP/1.1" status: 200 len: 1395 time: 0.0532885
2026-02-25 20:47:30.036 10 WARNING neutron_lib.context [None req-bbb226bd-30c9-4a0c-8ea9-6cb4121dd8b5 3c274278dd454e5491192bbd748bb8a2 e3e2daf4f9054322854e26ce399673c8 - - default default] Method 'is_advsvc' is deprecated since 2023.2 release (neutron-lib 3.8.0) and will be removed once support for the old RBAC API policies will be removed from Neutron. Please use method 'is_service_role' instead.
2026-02-25 20:47:30.426 10 INFO neutron.db.ovn_revision_numbers_db [None req-d6b4caa3-0524-479e-85ad-ec48be9b0e14 fca57e077a974dd49ab2c326c8c4d875 1abfd71ff68e46ab9d0f47464d26a0bd - - default default] Successfully bumped revision number for resource f8c80d1d-183b-4f5c-872f-66ba9325232a (type: networks) to 1
2026-02-25 20:47:30.559 9 INFO neutron.notifiers.nova [-] Nova event matching ['req-d9ce4ffb-0c36-426e-8299-d94e3e7fcdc0'] response: {'server_uuid': 'c76e3633-b274-4edf-b98c-8167ed7359be', 'name': 'network-vif-plugged', 'status': 'completed', 'tag': 'a4619561-e18e-4b6a-9cf9-5caef7b6c645', 'code': 200}
2026-02-25 20:47:30.572 9 ERROR ovsdbapp.backend.ovs_idl.command [None req-693f9ccc-1d86-46d2-ae1a-72ea4c0560e6 69942630b1764963b8ca7e2504f33926 dc059da607c8428291a20f1efa3ce915 - - default default] Error executing command (DbGetCommand): ovsdbapp.backend.ovs_idl.idlutils.RowNotFound: Cannot find Logical_Router_Port with name=lrp-625ba58e-c05e-42bc-b27a-d92a5c1f6c3a
2026-02-25 20:47:30.572 9 ERROR ovsdbapp.backend.ovs_idl.command
Traceback (most recent call last):
2026-02-25 20:47:30.572 9 ERROR ovsdbapp.backend.ovs_idl.command
File "/var/lib/openstack/lib/python3.10/site-packages/ovsdbapp/backend/ovs_idl/command.py", line 47, in execute
2026-02-25 20:47:30.572 9 ERROR ovsdbapp.backend.ovs_idl.command self.run_idl(None)
2026-02-25 20:47:30.572 9 ERROR ovsdbapp.backend.ovs_idl.command
File "/var/lib/openstack/lib/python3.10/site-packages/ovsdbapp/backend/ovs_idl/command.py", line 235, in run_idl
2026-02-25 20:47:30.572 9 ERROR ovsdbapp.backend.ovs_idl.command record = self.api.lookup(self.table, self.record)
2026-02-25 20:47:30.572 9 ERROR ovsdbapp.backend.ovs_idl.command
File "/var/lib/openstack/lib/python3.10/site-packages/ovsdbapp/backend/ovs_idl/__init__.py", line 184, in lookup
2026-02-25 20:47:30.572 9 ERROR ovsdbapp.backend.ovs_idl.command return self._lookup(table, record)
2026-02-25 20:47:30.572 9 ERROR ovsdbapp.backend.ovs_idl.command
File "/var/lib/openstack/lib/python3.10/site-packages/ovsdbapp/backend/ovs_idl/__init__.py", line 235, in _lookup
2026-02-25 20:47:30.572 9 ERROR ovsdbapp.backend.ovs_idl.command row = idlutils.row_by_value(self, rl.table, rl.column, record)
2026-02-25 20:47:30.572 9 ERROR ovsdbapp.backend.ovs_idl.command
File "/var/lib/openstack/lib/python3.10/site-packages/ovsdbapp/backend/ovs_idl/idlutils.py", line 114, in row_by_value
2026-02-25 20:47:30.572 9 ERROR ovsdbapp.backend.ovs_idl.command raise RowNotFound(table=table, col=column, match=match)
2026-02-25 20:47:30.572 9 ERROR ovsdbapp.backend.ovs_idl.command ovsdbapp.backend.ovs_idl.idlutils.RowNotFound: Cannot find Logical_Router_Port with name=lrp-625ba58e-c05e-42bc-b27a-d92a5c1f6c3a
2026-02-25 20:47:30.572 9 ERROR ovsdbapp.backend.ovs_idl.command 
2026-02-25 20:47:30.573 9 ERROR neutron_lib.callbacks.manager [None req-693f9ccc-1d86-46d2-ae1a-72ea4c0560e6 69942630b1764963b8ca7e2504f33926 dc059da607c8428291a20f1efa3ce915 - - default default] Error during notification for neutron.services.ovn_l3.plugin.OVNL3RouterPlugin._port_update-8733962747631 port, after_update: ovsdbapp.backend.ovs_idl.idlutils.RowNotFound: Cannot find Logical_Router_Port with name=lrp-625ba58e-c05e-42bc-b27a-d92a5c1f6c3a
2026-02-25 20:47:30.573 9 ERROR neutron_lib.callbacks.manager
Traceback (most recent call last):
2026-02-25 20:47:30.573 9 ERROR neutron_lib.callbacks.manager
File "/var/lib/openstack/lib/python3.10/site-packages/neutron_lib/callbacks/manager.py", line 189, in _notify_loop
2026-02-25 20:47:30.573 9 ERROR neutron_lib.callbacks.manager callback.method(resource, event, trigger, payload=payload)
2026-02-25 20:47:30.573 9 ERROR neutron_lib.callbacks.manager
File "/var/lib/openstack/lib/python3.10/site-packages/neutron/services/ovn_l3/plugin.py", line 391, in _port_update
2026-02-25 20:47:30.573 9 ERROR neutron_lib.callbacks.manager l3plugin._ovn_client.update_router_port(context,
2026-02-25 20:47:30.573 9 ERROR neutron_lib.callbacks.manager
File "/var/lib/openstack/lib/python3.10/site-packages/neutron/plugins/ml2/drivers/ovn/mech_driver/ovsdb/ovn_client.py", line 1878, in update_router_port
2026-02-25 20:47:30.573 9 ERROR neutron_lib.callbacks.manager self._update_lrouter_port(context, port, if_exists=if_exists,
2026-02-25 20:47:30.573 9 ERROR neutron_lib.callbacks.manager
File "/var/lib/openstack/lib/python3.10/site-packages/neutron/plugins/ml2/drivers/ovn/mech_driver/ovsdb/ovn_client.py", line 1855, in _update_lrouter_port
2026-02-25 20:47:30.573 9 ERROR neutron_lib.callbacks.manager external_ids = self._nb_idl.db_get(
2026-02-25 20:47:30.573 9 ERROR neutron_lib.callbacks.manager
File "/var/lib/openstack/lib/python3.10/site-packages/ovsdbapp/backend/ovs_idl/command.py", line 47, in execute
2026-02-25 20:47:30.573 9 ERROR neutron_lib.callbacks.manager self.run_idl(None)
2026-02-25 20:47:30.573 9 ERROR neutron_lib.callbacks.manager
File "/var/lib/openstack/lib/python3.10/site-packages/ovsdbapp/backend/ovs_idl/command.py", line 235, in run_idl
2026-02-25 20:47:30.573 9 ERROR neutron_lib.callbacks.manager record = self.api.lookup(self.table, self.record)
2026-02-25 20:47:30.573 9 ERROR neutron_lib.callbacks.manager
File "/var/lib/openstack/lib/python3.10/site-packages/ovsdbapp/backend/ovs_idl/__init__.py", line 184, in lookup
2026-02-25 20:47:30.573 9 ERROR neutron_lib.callbacks.manager return self._lookup(table, record)
2026-02-25 20:47:30.573 9 ERROR neutron_lib.callbacks.manager
File "/var/lib/openstack/lib/python3.10/site-packages/ovsdbapp/backend/ovs_idl/__init__.py", line 235, in _lookup
2026-02-25 20:47:30.573 9 ERROR neutron_lib.callbacks.manager row = idlutils.row_by_value(self, rl.table, rl.column, record)
2026-02-25 20:47:30.573 9 ERROR neutron_lib.callbacks.manager
File "/var/lib/openstack/lib/python3.10/site-packages/ovsdbapp/backend/ovs_idl/idlutils.py", line 114, in row_by_value
2026-02-25 20:47:30.573 9 ERROR neutron_lib.callbacks.manager raise RowNotFound(table=table, col=column, match=match)
2026-02-25 20:47:30.573 9 ERROR neutron_lib.callbacks.manager ovsdbapp.backend.ovs_idl.idlutils.RowNotFound: Cannot find Logical_Router_Port with name=lrp-625ba58e-c05e-42bc-b27a-d92a5c1f6c3a
