2026-02-25 20:44:15.710 10 INFO neutron.wsgi [req-9d0beaf7-30f7-4416-b80a-03a6af3bb777 req-3b09692c-4744-4be3-b582-018f8ab2007f ca408ef1c9fd43d4a6e027a94bd13ddb 396da365b02e418a86d052687a5b2741 - - default default] 10.0.0.76 "GET /v2.0/security-groups?id=bfb6d83f-3290-4928-b231-62495d099c1d&fields=id&fields=name HTTP/1.1" status: 200 len: 313 time: 0.3162823
2026-02-25 20:44:15.757 10 INFO neutron.wsgi [req-eda9fef3-ef30-4aa2-8d35-c365507a98bc req-3b1ab631-88f7-47df-b4d6-3d5d334e825f 084b36f1a035471aa53b97d77443deb3 4bbbd375ff5b4618a1682c2bf616e23d - - 8db5709e7de040a180ab3b8e08634144 8db5709e7de040a180ab3b8e08634144] 199.204.45.169 "GET /v2.0/floatingips?fixed_ip_address=10.100.0.7&port_id=afc8a56b-81a5-4e98-90ea-798e56247963 HTTP/1.1" status: 200 len: 217 time: 0.0499592
2026-02-25 20:44:15.812 10 INFO neutron.wsgi [req-eda9fef3-ef30-4aa2-8d35-c365507a98bc req-9ad7a50e-f109-47c8-964a-f3cbfead1172 084b36f1a035471aa53b97d77443deb3 4bbbd375ff5b4618a1682c2bf616e23d - - 8db5709e7de040a180ab3b8e08634144 8db5709e7de040a180ab3b8e08634144] 199.204.45.169 "GET /v2.0/subnets?id=d2a86077-3bec-4a72-baa8-ed919ecb4c2c HTTP/1.1" status: 200 len: 869 time: 0.0481992
2026-02-25 20:44:15.876 10 INFO neutron.wsgi [req-eda9fef3-ef30-4aa2-8d35-c365507a98bc req-fe2c9403-fe7e-4abd-9172-2e4ec2193d00 084b36f1a035471aa53b97d77443deb3 4bbbd375ff5b4618a1682c2bf616e23d - - 8db5709e7de040a180ab3b8e08634144 8db5709e7de040a180ab3b8e08634144] 199.204.45.169 "GET /v2.0/ports?network_id=84893230-21c9-4331-8de9-b78122686d42&device_owner=network%3Adhcp HTTP/1.1" status: 200 len: 210 time: 0.0524712
2026-02-25 20:44:15.940 9 INFO neutron.wsgi [None req-1df89d04-be81-47d1-ab65-5e9994d1ff25 0d698a8e394e402f8e10bb6fdf9b5b47 ac992b5c700d42a29ae73e602d023058 - - default default] 10.0.0.201 "DELETE /v2.0/security-groups/c5f5b6fd-c0f2-4e52-b2d3-e41ed750ee5d HTTP/1.1" status: 204 len: 168 time: 0.3639550
2026-02-25 20:44:16.007 10 INFO neutron.wsgi [req-eda9fef3-ef30-4aa2-8d35-c365507a98bc req-566b2c5f-3adb-4f51-9f67-8a1ced53211d 084b36f1a035471aa53b97d77443deb3 4bbbd375ff5b4618a1682c2bf616e23d - - 8db5709e7de040a180ab3b8e08634144 8db5709e7de040a180ab3b8e08634144] 199.204.45.169 "GET /v2.0/networks/84893230-21c9-4331-8de9-b78122686d42?fields=segments HTTP/1.1" status: 200 len: 212 time: 0.1230145
2026-02-25 20:44:16.154 10 INFO neutron.wsgi [req-eda9fef3-ef30-4aa2-8d35-c365507a98bc req-d630ec7c-871a-4dce-a613-29ba9030bdba 084b36f1a035471aa53b97d77443deb3 4bbbd375ff5b4618a1682c2bf616e23d - - 8db5709e7de040a180ab3b8e08634144 8db5709e7de040a180ab3b8e08634144] 199.204.45.169 "GET /v2.0/networks/84893230-21c9-4331-8de9-b78122686d42?fields=provider%3Aphysical_network&fields=provider%3Anetwork_type HTTP/1.1" status: 200 len: 277 time: 0.1324582
2026-02-25 20:44:16.299 10 WARNING neutron.scheduler.dhcp_agent_scheduler [None req-0d40faab-1610-4ca3-9272-12ed57e85472 0d698a8e394e402f8e10bb6fdf9b5b47 ac992b5c700d42a29ae73e602d023058 - - default default] No more DHCP agents
2026-02-25 20:44:16.308 10 WARNING neutron.api.rpc.agentnotifiers.dhcp_rpc_agent_api [None req-0d40faab-1610-4ca3-9272-12ed57e85472 0d698a8e394e402f8e10bb6fdf9b5b47 ac992b5c700d42a29ae73e602d023058 - - default default] Unable to schedule network 8f61bde1-3145-4f67-885d-d67ed0dcc316: no agents available; will retry on subsequent port and subnet creation events.
2026-02-25 20:44:16.354 10 INFO neutron.db.ovn_revision_numbers_db [None req-c3854714-3512-4426-ab4e-5bcbda3ed518 - - - - - -] Successfully bumped revision number for resource afc8a56b-81a5-4e98-90ea-798e56247963 (type: ports) to 4
2026-02-25 20:44:16.360 10 INFO neutron.db.ovn_revision_numbers_db [None req-919f5f33-b74d-4815-be25-e81ed4b56fab - - - - - -] Successfully bumped revision number for resource c91ed118-d518-4303-a635-15ce5ba3e98b (type: ports) to 1
2026-02-25 20:44:16.421 10 INFO neutron.plugins.ml2.drivers.ovn.mech_driver.mech_driver [None req-c3854714-3512-4426-ab4e-5bcbda3ed518 - - - - - -] OVN reports status up for port: ad682763-4d64-435b-9d0c-5c1e32e583bc
2026-02-25 20:44:16.449 10 INFO neutron.plugins.ml2.plugin [None req-c3854714-3512-4426-ab4e-5bcbda3ed518 - - - - - -] Attempt 1 to provision port ad682763-4d64-435b-9d0c-5c1e32e583bc
2026-02-25 20:44:16.575 10 INFO neutron.db.ovn_revision_numbers_db [None req-0d40faab-1610-4ca3-9272-12ed57e85472 0d698a8e394e402f8e10bb6fdf9b5b47 ac992b5c700d42a29ae73e602d023058 - - default default] Successfully bumped revision number for resource 530ef9c4-65f1-412c-ae06-689c4ecb7e4d (type: ports) to 1
2026-02-25 20:44:16.662 9 WARNING neutron.scheduler.dhcp_agent_scheduler [None req-710aaff7-cc78-4e17-85ad-04a425d61ed0 b21fb76f883d417da9ef2d98e273cdea bbfc22c439d84319995414cbee6793f6 - - default default] No more DHCP agents
2026-02-25 20:44:16.665 9 WARNING neutron.api.rpc.agentnotifiers.dhcp_rpc_agent_api [None req-710aaff7-cc78-4e17-85ad-04a425d61ed0 b21fb76f883d417da9ef2d98e273cdea bbfc22c439d84319995414cbee6793f6 - - default default] Unable to schedule network ab990bff-f24b-492b-b0f1-517dc98b5632: no agents available; will retry on subsequent port and subnet creation events.
2026-02-25 20:44:16.701 10 INFO neutron.notifiers.nova [-] Nova event matching ['req-f47b9781-fb16-4140-9105-18dfd1c958c7'] response: {'server_uuid': '1cfe7d5b-2e71-4803-a650-c889a4ac9b36', 'name': 'network-vif-plugged', 'status': 'completed', 'tag': 'afc8a56b-81a5-4e98-90ea-798e56247963', 'code': 200}
2026-02-25 20:44:16.701 10 INFO neutron.notifiers.nova [-] Nova event matching ['req-f47b9781-fb16-4140-9105-18dfd1c958c7'] response: {'server_uuid': '1cfe7d5b-2e71-4803-a650-c889a4ac9b36', 'name': 'network-vif-plugged', 'status': 'completed', 'tag': 'afc8a56b-81a5-4e98-90ea-798e56247963', 'code': 200} /var/lib/openstack/lib/python3.10/site-packages/pycadf/identifier.py:71: UserWarning: Invalid uuid: neutron. To ensure interoperability, identifiers should be a valid uuid. warnings.warn(('Invalid uuid: %s. To ensure interoperability, '
2026-02-25 20:44:16.836 9 INFO neutron.db.ovn_revision_numbers_db [None req-710aaff7-cc78-4e17-85ad-04a425d61ed0 b21fb76f883d417da9ef2d98e273cdea bbfc22c439d84319995414cbee6793f6 - - default default] Successfully bumped revision number for resource 70e45e51-63ee-4640-8bc8-f67f50c5e7f3 (type: ports) to 1
2026-02-25 20:44:17.151 10 INFO neutron.wsgi [req-2826b7d7-0d36-4af0-8af3-cbdbf15eb80e req-c2702222-5fa8-4901-a2f2-64d3a6d33e41 ca408ef1c9fd43d4a6e027a94bd13ddb 396da365b02e418a86d052687a5b2741 - - default default] 10.0.0.76 "GET /v2.0/ports?device_id=1cfe7d5b-2e71-4803-a650-c889a4ac9b36 HTTP/1.1" status: 200 len: 1170 time: 0.3569767
2026-02-25 20:44:17.228 10 INFO neutron.wsgi [req-2826b7d7-0d36-4af0-8af3-cbdbf15eb80e req-bef3d9f8-d1e0-4cfa-bb9a-dcb16dd3a2d9 ca408ef1c9fd43d4a6e027a94bd13ddb 396da365b02e418a86d052687a5b2741 - - default default] 10.0.0.76 "GET /v2.0/security-groups?id=bfb6d83f-3290-4928-b231-62495d099c1d&fields=id&fields=name HTTP/1.1" status: 200 len: 313 time: 0.0685682
2026-02-25 20:44:17.255 10 INFO neutron.db.ovn_revision_numbers_db [None req-919f5f33-b74d-4815-be25-e81ed4b56fab - - - - - -] Successfully bumped revision number for resource c91ed118-d518-4303-a635-15ce5ba3e98b (type: router_ports) to 3
2026-02-25 20:44:17.485 9 ERROR ovsdbapp.backend.ovs_idl.command [None req-710aaff7-cc78-4e17-85ad-04a425d61ed0 b21fb76f883d417da9ef2d98e273cdea bbfc22c439d84319995414cbee6793f6 - - default default] Error executing command (DbGetCommand): ovsdbapp.backend.ovs_idl.idlutils.RowNotFound: Cannot find Logical_Router_Port with name=lrp-70e45e51-63ee-4640-8bc8-f67f50c5e7f3
2026-02-25 20:44:17.485 9 ERROR ovsdbapp.backend.ovs_idl.command
Traceback (most recent call last):
2026-02-25 20:44:17.485 9 ERROR ovsdbapp.backend.ovs_idl.command
File "/var/lib/openstack/lib/python3.10/site-packages/ovsdbapp/backend/ovs_idl/command.py", line 47, in execute
2026-02-25 20:44:17.485 9 ERROR ovsdbapp.backend.ovs_idl.command self.run_idl(None)
2026-02-25 20:44:17.485 9 ERROR ovsdbapp.backend.ovs_idl.command
File "/var/lib/openstack/lib/python3.10/site-packages/ovsdbapp/backend/ovs_idl/command.py", line 235, in run_idl
2026-02-25 20:44:17.485 9 ERROR ovsdbapp.backend.ovs_idl.command record = self.api.lookup(self.table, self.record)
2026-02-25 20:44:17.485 9 ERROR ovsdbapp.backend.ovs_idl.command
File "/var/lib/openstack/lib/python3.10/site-packages/ovsdbapp/backend/ovs_idl/__init__.py", line 184, in lookup
2026-02-25 20:44:17.485 9 ERROR ovsdbapp.backend.ovs_idl.command return self._lookup(table, record)
2026-02-25 20:44:17.485 9 ERROR ovsdbapp.backend.ovs_idl.command
File "/var/lib/openstack/lib/python3.10/site-packages/ovsdbapp/backend/ovs_idl/__init__.py", line 235, in _lookup
2026-02-25 20:44:17.485 9 ERROR ovsdbapp.backend.ovs_idl.command row = idlutils.row_by_value(self, rl.table, rl.column, record)
2026-02-25 20:44:17.485 9 ERROR ovsdbapp.backend.ovs_idl.command
File "/var/lib/openstack/lib/python3.10/site-packages/ovsdbapp/backend/ovs_idl/idlutils.py", line 114, in row_by_value
2026-02-25 20:44:17.485 9 ERROR ovsdbapp.backend.ovs_idl.command raise RowNotFound(table=table, col=column, match=match)
2026-02-25 20:44:17.485 9 ERROR ovsdbapp.backend.ovs_idl.command ovsdbapp.backend.ovs_idl.idlutils.RowNotFound: Cannot find Logical_Router_Port with name=lrp-70e45e51-63ee-4640-8bc8-f67f50c5e7f3
2026-02-25 20:44:17.485 9 ERROR ovsdbapp.backend.ovs_idl.command 
2026-02-25 20:44:17.486 9 ERROR neutron_lib.callbacks.manager [None req-710aaff7-cc78-4e17-85ad-04a425d61ed0 b21fb76f883d417da9ef2d98e273cdea bbfc22c439d84319995414cbee6793f6 - - default default] Error during notification for neutron.services.ovn_l3.plugin.OVNL3RouterPlugin._port_update-8733962747631 port, after_update: ovsdbapp.backend.ovs_idl.idlutils.RowNotFound: Cannot find Logical_Router_Port with name=lrp-70e45e51-63ee-4640-8bc8-f67f50c5e7f3
2026-02-25 20:44:17.486 9 ERROR neutron_lib.callbacks.manager
Traceback (most recent call last):
2026-02-25 20:44:17.486 9 ERROR neutron_lib.callbacks.manager
File "/var/lib/openstack/lib/python3.10/site-packages/neutron_lib/callbacks/manager.py", line 189, in _notify_loop
2026-02-25 20:44:17.486 9 ERROR neutron_lib.callbacks.manager callback.method(resource, event, trigger, payload=payload)
2026-02-25 20:44:17.486 9 ERROR neutron_lib.callbacks.manager
File "/var/lib/openstack/lib/python3.10/site-packages/neutron/services/ovn_l3/plugin.py", line 391, in _port_update
2026-02-25 20:44:17.486 9 ERROR neutron_lib.callbacks.manager l3plugin._ovn_client.update_router_port(context,
2026-02-25 20:44:17.486 9 ERROR neutron_lib.callbacks.manager
File "/var/lib/openstack/lib/python3.10/site-packages/neutron/plugins/ml2/drivers/ovn/mech_driver/ovsdb/ovn_client.py", line 1878, in update_router_port
2026-02-25 20:44:17.486 9 ERROR neutron_lib.callbacks.manager self._update_lrouter_port(context, port, if_exists=if_exists,
2026-02-25 20:44:17.486 9 ERROR neutron_lib.callbacks.manager
File "/var/lib/openstack/lib/python3.10/site-packages/neutron/plugins/ml2/drivers/ovn/mech_driver/ovsdb/ovn_client.py", line 1855, in _update_lrouter_port
2026-02-25 20:44:17.486 9 ERROR neutron_lib.callbacks.manager external_ids = self._nb_idl.db_get(
2026-02-25 20:44:17.486 9 ERROR neutron_lib.callbacks.manager
File "/var/lib/openstack/lib/python3.10/site-packages/ovsdbapp/backend/ovs_idl/command.py", line 47, in execute
2026-02-25 20:44:17.486 9 ERROR neutron_lib.callbacks.manager self.run_idl(None)
2026-02-25 20:44:17.486 9 ERROR neutron_lib.callbacks.manager
File "/var/lib/openstack/lib/python3.10/site-packages/ovsdbapp/backend/ovs_idl/command.py", line 235, in run_idl
2026-02-25 20:44:17.486 9 ERROR neutron_lib.callbacks.manager record = self.api.lookup(self.table, self.record)
2026-02-25 20:44:17.486 9 ERROR neutron_lib.callbacks.manager
File "/var/lib/openstack/lib/python3.10/site-packages/ovsdbapp/backend/ovs_idl/__init__.py", line 184, in lookup
2026-02-25 20:44:17.486 9 ERROR neutron_lib.callbacks.manager return self._lookup(table, record)
2026-02-25 20:44:17.486 9 ERROR neutron_lib.callbacks.manager
File "/var/lib/openstack/lib/python3.10/site-packages/ovsdbapp/backend/ovs_idl/__init__.py", line 235, in _lookup
2026-02-25 20:44:17.486 9 ERROR neutron_lib.callbacks.manager row = idlutils.row_by_value(self, rl.table, rl.column, record)
2026-02-25 20:44:17.486 9 ERROR neutron_lib.callbacks.manager
File "/var/lib/openstack/lib/python3.10/site-packages/ovsdbapp/backend/ovs_idl/idlutils.py", line 114, in row_by_value
2026-02-25 20:44:17.486 9 ERROR neutron_lib.callbacks.manager raise RowNotFound(table=table, col=column, match=match)
2026-02-25 20:44:17.486 9 ERROR neutron_lib.callbacks.manager ovsdbapp.backend.ovs_idl.idlutils.RowNotFound: Cannot find Logical_Router_Port with name=lrp-70e45e51-63ee-4640-8bc8-f67f50c5e7f3
2026-02-25 20:44:17.486 9 ERROR neutron_lib.callbacks.manager 
2026-02-25 20:44:17.541 10 ERROR ovsdbapp.backend.ovs_idl.command [None req-0d40faab-1610-4ca3-9272-12ed57e85472 0d698a8e394e402f8e10bb6fdf9b5b47 ac992b5c700d42a29ae73e602d023058 - - default default] Error executing command (DbGetCommand): ovsdbapp.backend.ovs_idl.idlutils.RowNotFound: Cannot find Logical_Router_Port with name=lrp-530ef9c4-65f1-412c-ae06-689c4ecb7e4d
2026-02-25 20:44:17.541 10 ERROR ovsdbapp.backend.ovs_idl.command
Traceback (most recent call last):
2026-02-25 20:44:17.541 10 ERROR ovsdbapp.backend.ovs_idl.command
File "/var/lib/openstack/lib/python3.10/site-packages/ovsdbapp/backend/ovs_idl/command.py", line 47, in execute
2026-02-25 20:44:17.541 10 ERROR ovsdbapp.backend.ovs_idl.command self.run_idl(None)
2026-02-25 20:44:17.541 10 ERROR ovsdbapp.backend.ovs_idl.command
File "/var/lib/openstack/lib/python3.10/site-packages/ovsdbapp/backend/ovs_idl/command.py", line 235, in run_idl
2026-02-25 20:44:17.541 10 ERROR ovsdbapp.backend.ovs_idl.command record = self.api.lookup(self.table, self.record)
2026-02-25 20:44:17.541 10 ERROR ovsdbapp.backend.ovs_idl.command
File "/var/lib/openstack/lib/python3.10/site-packages/ovsdbapp/backend/ovs_idl/__init__.py", line 184, in lookup
2026-02-25 20:44:17.541 10 ERROR ovsdbapp.backend.ovs_idl.command return self._lookup(table, record)
2026-02-25 20:44:17.541 10 ERROR ovsdbapp.backend.ovs_idl.command
File "/var/lib/openstack/lib/python3.10/site-packages/ovsdbapp/backend/ovs_idl/__init__.py", line 235, in _lookup
2026-02-25 20:44:17.541 10 ERROR ovsdbapp.backend.ovs_idl.command row = idlutils.row_by_value(self, rl.table, rl.column, record)
2026-02-25 20:44:17.541 10 ERROR ovsdbapp.backend.ovs_idl.command
File "/var/lib/openstack/lib/python3.10/site-packages/ovsdbapp/backend/ovs_idl/idlutils.py", line 114, in row_by_value
2026-02-25 20:44:17.541 10 ERROR ovsdbapp.backend.ovs_idl.command raise RowNotFound(table=table, col=column, match=match)
2026-02-25 20:44:17.541 10 ERROR ovsdbapp.backend.ovs_idl.command ovsdbapp.backend.ovs_idl.idlutils.RowNotFound: Cannot find Logical_Router_Port with name=lrp-530ef9c4-65f1-412c-ae06-689c4ecb7e4d
2026-02-25 20:44:17.541 10 ERROR ovsdbapp.backend.ovs_idl.command 
2026-02-25 20:44:17.541 10 ERROR neutron_lib.callbacks.manager [None req-0d40faab-1610-4ca3-9272-12ed57e85472 0d698a8e394e402f8e10bb6fdf9b5b47 ac992b5c700d42a29ae73e602d023058 - - default default] Error during notification for neutron.services.ovn_l3.plugin.OVNL3RouterPlugin._port_update-8733962747631 port, after_update: ovsdbapp.backend.ovs_idl.idlutils.RowNotFound: Cannot find Logical_Router_Port with name=lrp-530ef9c4-65f1-412c-ae06-689c4ecb7e4d
2026-02-25 20:44:17.541 10 ERROR neutron_lib.callbacks.manager
Traceback (most recent call last):
2026-02-25 20:44:17.541 10 ERROR neutron_lib.callbacks.manager
File "/var/lib/openstack/lib/python3.10/site-packages/neutron_lib/callbacks/manager.py", line 189, in _notify_loop
2026-02-25 20:44:17.541 10 ERROR neutron_lib.callbacks.manager callback.method(resource, event, trigger, payload=payload)
2026-02-25 20:44:17.541 10 ERROR neutron_lib.callbacks.manager
File "/var/lib/openstack/lib/python3.10/site-packages/neutron/services/ovn_l3/plugin.py", line 391, in _port_update
2026-02-25 20:44:17.541 10 ERROR neutron_lib.callbacks.manager l3plugin._ovn_client.update_router_port(context,
2026-02-25 20:44:17.541 10 ERROR neutron_lib.callbacks.manager
File "/var/lib/openstack/lib/python3.10/site-packages/neutron/plugins/ml2/drivers/ovn/mech_driver/ovsdb/ovn_client.py", line 1878, in update_router_port
2026-02-25 20:44:17.541 10 ERROR neutron_lib.callbacks.manager self._update_lrouter_port(context, port, if_exists=if_exists,
2026-02-25 20:44:17.541 10 ERROR neutron_lib.callbacks.manager
File "/var/lib/openstack/lib/python3.10/site-packages/neutron/plugins/ml2/drivers/ovn/mech_driver/ovsdb/ovn_client.py", line 1855, in _update_lrouter_port
2026-02-25 20:44:17.541 10 ERROR neutron_lib.callbacks.manager external_ids = self._nb_idl.db_get(
2026-02-25 20:44:17.541 10 ERROR neutron_lib.callbacks.manager
File "/var/lib/openstack/lib/python3.10/site-packages/ovsdbapp/backend/ovs_idl/command.py", line 47, in execute
2026-02-25 20:44:17.541 10 ERROR neutron_lib.callbacks.manager self.run_idl(None)
2026-02-25 20:44:17.541 10 ERROR neutron_lib.callbacks.manager
File "/var/lib/openstack/lib/python3.10/site-packages/ovsdbapp/backend/ovs_idl/command.py", line 235, in run_idl
2026-02-25 20:44:17.541 10 ERROR neutron_lib.callbacks.manager record = self.api.lookup(self.table, self.record)
2026-02-25 20:44:17.541 10 ERROR neutron_lib.callbacks.manager
File "/var/lib/openstack/lib/python3.10/site-packages/ovsdbapp/backend/ovs_idl/__init__.py", line 184, in lookup
2026-02-25 20:44:17.541 10 ERROR neutron_lib.callbacks.manager return self._lookup(table, record)
2026-02-25 20:44:17.541 10 ERROR neutron_lib.callbacks.manager
File "/var/lib/openstack/lib/python3.10/site-packages/ovsdbapp/backend/ovs_idl/__init__.py", line 235, in _lookup
2026-02-25 20:44:17.541 10 ERROR neutron_lib.callbacks.manager row = idlutils.row_by_value(self, rl.table, rl.column, record)
2026-02-25 20:44:17.541 10 ERROR neutron_lib.callbacks.manager
File "/var/lib/openstack/lib/python3.10/site-packages/ovsdbapp/backend/ovs_idl/idlutils.py", line 114, in row_by_value
2026-02-25 20:44:17.541 10 ERROR neutron_lib.callbacks.manager raise RowNotFound(table=table, col=column, match=match)
2026-02-25 20:44:17.541 10 ERROR neutron_lib.callbacks.manager ovsdbapp.backend.ovs_idl.idlutils.RowNotFound: Cannot find Logical_Router_Port with name=lrp-530ef9c4-65f1-412c-ae06-689c4ecb7e4d
2026-02-25 20:44:17.541 10 ERROR neutron_lib.callbacks.manager 
2026-02-25 20:44:17.566 10 INFO neutron.db.ovn_revision_numbers_db [None req-919f5f33-b74d-4815-be25-e81ed4b56fab - - - - - -] Successfully bumped revision number for resource c91ed118-d518-4303-a635-15ce5ba3e98b (type: ports) to 2
2026-02-25 20:44:17.714 9 INFO neutron.db.ovn_revision_numbers_db [None req-710aaff7-cc78-4e17-85ad-04a425d61ed0 b21fb76f883d417da9ef2d98e273cdea bbfc22c439d84319995414cbee6793f6 - - default default] Successfully bumped revision number for resource 70e45e51-63ee-4640-8bc8-f67f50c5e7f3 (type: ports) to 1
2026-02-25 20:44:17.784 9 WARNING neutron.scheduler.dhcp_agent_scheduler [None req-710aaff7-cc78-4e17-85ad-04a425d61ed0 b21fb76f883d417da9ef2d98e273cdea bbfc22c439d84319995414cbee6793f6 - - default default] No more DHCP agents
2026-02-25 20:44:17.791 9 INFO neutron.plugins.ml2.drivers.ovn.mech_driver.mech_driver [None req-dbc7da08-4b5d-47ea-8f36-554762dc2ebe - - - - - -] OVN reports status up for port: 530ef9c4-65f1-412c-ae06-689c4ecb7e4d
2026-02-25 20:44:17.797 9 WARNING neutron.api.rpc.agentnotifiers.dhcp_rpc_agent_api [None req-710aaff7-cc78-4e17-85ad-04a425d61ed0 b21fb76f883d417da9ef2d98e273cdea bbfc22c439d84319995414cbee6793f6 - - default default] Unable to schedule network ab990bff-f24b-492b-b0f1-517dc98b5632: no agents available; will retry on subsequent port and subnet creation events.
2026-02-25 20:44:17.801 9 INFO neutron.plugins.ml2.plugin [None req-dbc7da08-4b5d-47ea-8f36-554762dc2ebe - - - - - -] Attempt 1 to provision port 530ef9c4-65f1-412c-ae06-689c4ecb7e4d
2026-02-25 20:44:17.822 10 INFO neutron.db.ovn_revision_numbers_db [None req-0d40faab-1610-4ca3-9272-12ed57e85472 0d698a8e394e402f8e10bb6fdf9b5b47 ac992b5c700d42a29ae73e602d023058 - - default default] Successfully bumped revision number for resource 530ef9c4-65f1-412c-ae06-689c4ecb7e4d (type: ports) to 1
2026-02-25 20:44:17.912 10 WARNING neutron.scheduler.dhcp_agent_scheduler [None req-0d40faab-1610-4ca3-9272-12ed57e85472 0d698a8e394e402f8e10bb6fdf9b5b47 ac992b5c700d42a29ae73e602d023058 - - default default] No more DHCP agents
2026-02-25 20:44:17.914 10 WARNING neutron.api.rpc.agentnotifiers.dhcp_rpc_agent_api [None req-0d40faab-1610-4ca3-9272-12ed57e85472 0d698a8e394e402f8e10bb6fdf9b5b47 ac992b5c700d42a29ae73e602d023058 - - default default] Unable to schedule network 8f61bde1-3145-4f67-885d-d67ed0dcc316: no agents available; will retry on subsequent port and subnet creation events.
2026-02-25 20:44:18.027 10 INFO neutron.db.ovn_revision_numbers_db [None req-919f5f33-b74d-4815-be25-e81ed4b56fab - - - - - -] Successfully bumped revision number for resource c91ed118-d518-4303-a635-15ce5ba3e98b (type: ports) to 4
2026-02-25 20:44:18.177 9 INFO neutron.db.ovn_revision_numbers_db [None req-710aaff7-cc78-4e17-85ad-04a425d61ed0 b21fb76f883d417da9ef2d98e273cdea bbfc22c439d84319995414cbee6793f6 - - default default] Successfully bumped revision number for resource 70e45e51-63ee-4640-8bc8-f67f50c5e7f3 (type: router_ports) to 1
2026-02-25 20:44:18.182 9 INFO neutron.wsgi [None req-710aaff7-cc78-4e17-85ad-04a425d61ed0 b21fb76f883d417da9ef2d98e273cdea bbfc22c439d84319995414cbee6793f6 - - default default] 10.0.0.201 "PUT /v2.0/routers/a8320551-7a9b-4aeb-acd3-be89c42b4657/add_router_interface HTTP/1.1" status: 200 len: 503 time: 2.5033836
2026-02-25 20:44:18.192 9 WARNING neutron_lib.context [None req-08be31aa-0096-4a91-954d-5a47626ab206 b21fb76f883d417da9ef2d98e273cdea bbfc22c439d84319995414cbee6793f6 - - default default] Method 'is_advsvc' is deprecated since 2023.2 release (neutron-lib 3.8.0) and will be removed once support for the old RBAC API policies will be removed from Neutron. Please use method 'is_service_role' instead.
2026-02-25 20:44:18.598 10 INFO neutron.wsgi [req-4335f59d-ceb7-4f4b-a212-6c0069cd549e req-576e5fb7-e672-4dcd-9708-e168f41fe033 ca408ef1c9fd43d4a6e027a94bd13ddb 396da365b02e418a86d052687a5b2741 - - default default] 10.0.0.76 "GET /v2.0/ports?device_id=1cfe7d5b-2e71-4803-a650-c889a4ac9b36 HTTP/1.1" status: 200 len: 1170 time: 0.2930775
2026-02-25 20:44:18.610 9 INFO neutron.db.ovn_revision_numbers_db [None req-dbc7da08-4b5d-47ea-8f36-554762dc2ebe - - - - - -] Successfully bumped revision number for resource 530ef9c4-65f1-412c-ae06-689c4ecb7e4d (type: ports) to 2
2026-02-25 20:44:18.641 10 INFO neutron.db.ovn_revision_numbers_db [None req-919f5f33-b74d-4815-be25-e81ed4b56fab - - - - - -] Successfully bumped revision number for resource c91ed118-d518-4303-a635-15ce5ba3e98b (type: router_ports) to 4
2026-02-25 20:44:18.699 10 INFO neutron.wsgi [req-4335f59d-ceb7-4f4b-a212-6c0069cd549e req-1c938da4-2c07-4b8a-9971-2fd92a4e858f ca408ef1c9fd43d4a6e027a94bd13ddb 396da365b02e418a86d052687a5b2741 - - default default] 10.0.0.76 "GET /v2.0/security-groups?id=bfb6d83f-3290-4928-b231-62495d099c1d&fields=id&fields=name HTTP/1.1" status: 200 len: 313 time: 0.0949550
2026-02-25 20:44:18.770 9 ERROR ovsdbapp.backend.ovs_idl.command [None req-dbc7da08-4b5d-47ea-8f36-554762dc2ebe - - - - - -] Error executing command (DbGetCommand): ovsdbapp.backend.ovs_idl.idlutils.RowNotFound: Cannot find Logical_Router_Port with name=lrp-530ef9c4-65f1-412c-ae06-689c4ecb7e4d
2026-02-25 20:44:18.770 9 ERROR ovsdbapp.backend.ovs_idl.command
Traceback (most recent call last):
2026-02-25 20:44:18.770 9 ERROR ovsdbapp.backend.ovs_idl.command
File "/var/lib/openstack/lib/python3.10/site-packages/ovsdbapp/backend/ovs_idl/command.py", line 47, in execute
2026-02-25 20:44:18.770 9 ERROR ovsdbapp.backend.ovs_idl.command self.run_idl(None)
2026-02-25 20:44:18.770 9 ERROR ovsdbapp.backend.ovs_idl.command
File "/var/lib/openstack/lib/python3.10/site-packages/ovsdbapp/backend/ovs_idl/command.py", line 235, in run_idl
2026-02-25 20:44:18.770 9 ERROR ovsdbapp.backend.ovs_idl.command record = self.api.lookup(self.table, self.record)
2026-02-25 20:44:18.770 9 ERROR ovsdbapp.backend.ovs_idl.command
File "/var/lib/openstack/lib/python3.10/site-packages/ovsdbapp/backend/ovs_idl/__init__.py", line 184, in lookup
2026-02-25 20:44:18.770 9 ERROR ovsdbapp.backend.ovs_idl.command return self._lookup(table, record)
2026-02-25 20:44:18.770 9 ERROR ovsdbapp.backend.ovs_idl.command
File "/var/lib/openstack/lib/python3.10/site-packages/ovsdbapp/backend/ovs_idl/__init__.py", line 235, in _lookup
2026-02-25 20:44:18.770 9 ERROR ovsdbapp.backend.ovs_idl.command row = idlutils.row_by_value(self, rl.table, rl.column, record)
2026-02-25 20:44:18.770 9 ERROR ovsdbapp.backend.ovs_idl.command
File "/var/lib/openstack/lib/python3.10/site-packages/ovsdbapp/backend/ovs_idl/idlutils.py", line 114, in row_by_value
2026-02-25 20:44:18.770 9 ERROR ovsdbapp.backend.ovs_idl.command raise RowNotFound(table=table, col=column, match=match)
2026-02-25 20:44:18.770 9 ERROR ovsdbapp.backend.ovs_idl.command ovsdbapp.backend.ovs_idl.idlutils.RowNotFound: Cannot find Logical_Router_Port with name=lrp-530ef9c4-65f1-412c-ae06-689c4ecb7e4d
2026-02-25 20:44:18.770 9 ERROR ovsdbapp.backend.ovs_idl.command 
2026-02-25 20:44:18.771 9 ERROR neutron_lib.callbacks.manager [None req-dbc7da08-4b5d-47ea-8f36-554762dc2ebe - - - - - -] Error during notification for neutron.services.ovn_l3.plugin.OVNL3RouterPlugin._port_update-8733962747631 port, after_update: ovsdbapp.backend.ovs_idl.idlutils.RowNotFound: Cannot find Logical_Router_Port with name=lrp-530ef9c4-65f1-412c-ae06-689c4ecb7e4d
2026-02-25 20:44:18.771 9 ERROR neutron_lib.callbacks.manager
Traceback (most recent call last):
2026-02-25 20:44:18.771 9 ERROR neutron_lib.callbacks.manager
File "/var/lib/openstack/lib/python3.10/site-packages/neutron_lib/callbacks/manager.py", line 189, in _notify_loop
2026-02-25 20:44:18.771 9 ERROR neutron_lib.callbacks.manager callback.method(resource, event, trigger, payload=payload)
2026-02-25 20:44:18.771 9 ERROR neutron_lib.callbacks.manager
File "/var/lib/openstack/lib/python3.10/site-packages/neutron/services/ovn_l3/plugin.py", line 391, in _port_update
2026-02-25 20:44:18.771 9 ERROR neutron_lib.callbacks.manager l3plugin._ovn_client.update_router_port(context,
2026-02-25 20:44:18.771 9 ERROR neutron_lib.callbacks.manager
File "/var/lib/openstack/lib/python3.10/site-packages/neutron/plugins/ml2/drivers/ovn/mech_driver/ovsdb/ovn_client.py", line 1878, in update_router_port
2026-02-25 20:44:18.771 9 ERROR neutron_lib.callbacks.manager self._update_lrouter_port(context, port, if_exists=if_exists,
2026-02-25 20:44:18.771 9 ERROR neutron_lib.callbacks.manager
File "/var/lib/openstack/lib/python3.10/site-packages/neutron/plugins/ml2/drivers/ovn/mech_driver/ovsdb/ovn_client.py", line 1855, in _update_lrouter_port
2026-02-25 20:44:18.771 9 ERROR neutron_lib.callbacks.manager external_ids = self._nb_idl.db_get(
2026-02-25 20:44:18.771 9 ERROR neutron_lib.callbacks.manager
File "/var/lib/openstack/lib/python3.10/site-packages/ovsdbapp/backend/ovs_idl/command.py", line 47, in execute
2026-02-25 20:44:18.771 9 ERROR neutron_lib.callbacks.manager self.run_idl(None)
2026-02-25 20:44:18.771 9 ERROR neutron_lib.callbacks.manager
File "/var/lib/openstack/lib/python3.10/site-packages/ovsdbapp/backend/ovs_idl/command.py", line 235, in run_idl
2026-02-25 20:44:18.771 9 ERROR neutron_lib.callbacks.manager record = self.api.lookup(self.table, self.record)
2026-02-25 20:44:18.771 9 ERROR neutron_lib.callbacks.manager
File "/var/lib/openstack/lib/python3.10/site-packages/ovsdbapp/backend/ovs_idl/__init__.py", line 184, in lookup
2026-02-25 20:44:18.771 9 ERROR neutron_lib.callbacks.manager return self._lookup(table, record)
2026-02-25 20:44:18.771 9 ERROR neutron_lib.callbacks.manager
File "/var/lib/openstack/lib/python3.10/site-packages/ovsdbapp/backend/ovs_idl/__init__.py", line 235, in _lookup
2026-02-25 20:44:18.771 9 ERROR neutron_lib.callbacks.manager row = idlutils.row_by_value(self, rl.table, rl.column, record)
2026-02-25 20:44:18.771 9 ERROR neutron_lib.callbacks.manager
File "/var/lib/openstack/lib/python3.10/site-packages/ovsdbapp/backend/ovs_idl/idlutils.py", line 114, in row_by_value
2026-02-25 20:44:18.771 9 ERROR neutron_lib.callbacks.manager raise RowNotFound(table=table, col=column, match=match)
2026-02-25 20:44:18.771 9 ERROR neutron_lib.callbacks.manager ovsdbapp.backend.ovs_idl.idlutils.RowNotFound: Cannot find Logical_Router_Port with name=lrp-530ef9c4-65f1-412c-ae06-689c4ecb7e4d
2026-02-25 20:44:18.771 9 ERROR neutron_lib.callbacks.manager 
2026-02-25 20:44:18.841 10 INFO neutron.wsgi [req-2f168cd0-50f3-486a-81d1-e39b29ed66ec req-13f05685-64fd-4eed-857b-ef6369fc72cd ca408ef1c9fd43d4a6e027a94bd13ddb 396da365b02e418a86d052687a5b2741 - - default default] 10.0.0.76 "GET /v2.0/ports?device_id=1cfe7d5b-2e71-4803-a650-c889a4ac9b36 HTTP/1.1" status: 200 len: 1170 time: 0.0753152
2026-02-25 20:44:19.009 9 INFO neutron.db.ovn_revision_numbers_db [None req-8f6b9149-0c73-4924-b8b1-b64f8b9cf946 0d698a8e394e402f8e10bb6fdf9b5b47 ac992b5c700d42a29ae73e602d023058 - - default default] Successfully bumped revision number for resource ae529324-97b0-4bea-ba7f-e8e832f5a325 (type: security_groups) to 1
2026-02-25 20:44:19.014 10 INFO neutron.db.ovn_revision_numbers_db [None req-0d40faab-1610-4ca3-9272-12ed57e85472 0d698a8e394e402f8e10bb6fdf9b5b47 ac992b5c700d42a29ae73e602d023058 - - default default] Successfully bumped revision number for resource 530ef9c4-65f1-412c-ae06-689c4ecb7e4d (type: router_ports) to 1
2026-02-25 20:44:19.019 10 INFO neutron.wsgi [None req-0d40faab-1610-4ca3-9272-12ed57e85472 0d698a8e394e402f8e10bb6fdf9b5b47 ac992b5c700d42a29ae73e602d023058 - - default default] 10.0.0.201 "PUT /v2.0/routers/34d938cd-489b-466f-8239-4aa40d1b3629/add_router_interface HTTP/1.1" status: 200 len: 503 time: 4.1250842
2026-02-25 20:44:19.045 9 WARNING neutron.scheduler.dhcp_agent_scheduler [None req-08be31aa-0096-4a91-954d-5a47626ab206 b21fb76f883d417da9ef2d98e273cdea bbfc22c439d84319995414cbee6793f6 - - default default] No more DHCP agents
2026-02-25 20:44:19.060 9 WARNING neutron.api.rpc.agentnotifiers.dhcp_rpc_agent_api [None req-08be31aa-0096-4a91-954d-5a47626ab206 b21fb76f883d417da9ef2d98e273cdea bbfc22c439d84319995414cbee6793f6 - - default default] Unable to schedule network ab990bff-f24b-492b-b0f1-517dc98b5632: no agents available; will retry on subsequent port and subnet creation events.
2026-02-25 20:44:19.061 9 INFO neutron.db.ovn_revision_numbers_db [None req-8f6b9149-0c73-4924-b8b1-b64f8b9cf946 0d698a8e394e402f8e10bb6fdf9b5b47 ac992b5c700d42a29ae73e602d023058 - - default default] Successfully bumped revision number for resource 23babaa7-a0bc-461e-8f0a-297a4be82cee (type: security_group_rules) to 0
2026-02-25 20:44:19.088 9 INFO neutron.db.ovn_revision_numbers_db [None req-8f6b9149-0c73-4924-b8b1-b64f8b9cf946 0d698a8e394e402f8e10bb6fdf9b5b47 ac992b5c700d42a29ae73e602d023058 - - default default] Successfully bumped revision number for resource 4f46c3f5-c969-440e-ae18-309f383d2cf0 (type: security_group_rules) to 0
2026-02-25 20:44:19.126 9 INFO neutron.db.ovn_revision_numbers_db [None req-8f6b9149-0c73-4924-b8b1-b64f8b9cf946 0d698a8e394e402f8e10bb6fdf9b5b47 ac992b5c700d42a29ae73e602d023058 - - default default] Successfully bumped revision number for resource 6c5b2901-b832-4fb7-9267-488ae9a4c69b (type: security_group_rules) to 0
2026-02-25 20:44:19.162 9 INFO neutron.db.ovn_revision_numbers_db [None req-8f6b9149-0c73-4924-b8b1-b64f8b9cf946 0d698a8e394e402f8e10bb6fdf9b5b47 ac992b5c700d42a29ae73e602d023058 - - default default] Successfully bumped revision number for resource cca72a69-3e12-44c8-abed-9bf6faa5b77e (type: security_group_rules) to 0
2026-02-25 20:44:19.213 9 INFO neutron.wsgi [None req-8f6b9149-0c73-4924-b8b1-b64f8b9cf946 0d698a8e394e402f8e10bb6fdf9b5b47 ac992b5c700d42a29ae73e602d023058 - - default default] 10.0.0.201 "GET /v2.0/security-groups?tenant_id=ad305c2199df4e4ca86806d9121eb1de&name=default HTTP/1.1" status: 200 len: 3120 time: 0.7194381
2026-02-25 20:44:19.331 9 INFO neutron.db.ovn_revision_numbers_db [None req-08be31aa-0096-4a91-954d-5a47626ab206 b21fb76f883d417da9ef2d98e273cdea bbfc22c439d84319995414cbee6793f6 - - default default] Successfully bumped revision number for resource ebe6304c-f2e2-4f17-b190-5608dcfe8234 (type: ports) to 1
2026-02-25 20:44:19.368 9 INFO neutron.wsgi [None req-08be31aa-0096-4a91-954d-5a47626ab206 b21fb76f883d417da9ef2d98e273cdea bbfc22c439d84319995414cbee6793f6 - - default default] 10.0.0.201 "POST /v2.0/ports HTTP/1.1" status: 201 len: 1153 time: 1.1806037
2026-02-25 20:44:19.378 10 WARNING neutron_lib.context [None req-78acb306-ec17-416a-b05b-43182cc8a7aa b21fb76f883d417da9ef2d98e273cdea bbfc22c439d84319995414cbee6793f6 - - default default] Method 'is_advsvc' is deprecated since 2023.2 release (neutron-lib 3.8.0) and will be removed once support for the old RBAC API policies will be removed from Neutron. Please use method 'is_service_role' instead.
2026-02-25 20:44:19.502 10 INFO neutron.wsgi [None req-a51f63ce-aadc-4b7d-b5ff-e0621e4dfe6a 0d698a8e394e402f8e10bb6fdf9b5b47 ac992b5c700d42a29ae73e602d023058 - - default default] 10.0.0.201 "DELETE /v2.0/security-groups/ae529324-97b0-4bea-ba7f-e8e832f5a325 HTTP/1.1" status: 204 len: 168 time: 0.2829468
2026-02-25 20:44:19.532 9 INFO neutron.db.ovn_revision_numbers_db [None req-45c311db-9797-4f71-acea-081f142b298a ca408ef1c9fd43d4a6e027a94bd13ddb 396da365b02e418a86d052687a5b2741 - - default default] Successfully bumped revision number for resource ba98b5e3-134c-4cd7-8277-aa271ba70cf5 (type: floatingips) to 1
2026-02-25 20:44:19.660 9 INFO neutron.db.ovn_revision_numbers_db [None req-45c311db-9797-4f71-acea-081f142b298a ca408ef1c9fd43d4a6e027a94bd13ddb 396da365b02e418a86d052687a5b2741 - - default default] Successfully bumped revision number for resource ba98b5e3-134c-4cd7-8277-aa271ba70cf5 (type: floatingips) to 2
2026-02-25 20:44:19.660 9 INFO neutron.db.l3_db [None req-45c311db-9797-4f71-acea-081f142b298a ca408ef1c9fd43d4a6e027a94bd13ddb 396da365b02e418a86d052687a5b2741 - - default default] Floating IP ba98b5e3-134c-4cd7-8277-aa271ba70cf5 associated. External IP: 10.96.250.208, port: afc8a56b-81a5-4e98-90ea-798e56247963.
2026-02-25 20:44:19.690 9 INFO neutron.wsgi [None req-45c311db-9797-4f71-acea-081f142b298a ca408ef1c9fd43d4a6e027a94bd13ddb 396da365b02e418a86d052687a5b2741 - - default default] 10.0.0.201 "PUT /v2.0/floatingips/ba98b5e3-134c-4cd7-8277-aa271ba70cf5 HTTP/1.1" status: 200 len: 1049 time: 0.8324637
2026-02-25 20:44:19.712 10 WARNING neutron.scheduler.dhcp_agent_scheduler [None req-78acb306-ec17-416a-b05b-43182cc8a7aa b21fb76f883d417da9ef2d98e273cdea bbfc22c439d84319995414cbee6793f6 - - default default] No more DHCP agents
2026-02-25 20:44:19.714 10 WARNING neutron.api.rpc.agentnotifiers.dhcp_rpc_agent_api [None req-78acb306-ec17-416a-b05b-43182cc8a7aa b21fb76f883d417da9ef2d98e273cdea bbfc22c439d84319995414cbee6793f6 - - default default] Unable to schedule network ab990bff-f24b-492b-b0f1-517dc98b5632: no agents available; will retry on subsequent port and subnet creation events.
2026-02-25 20:44:19.739 9 INFO neutron.notifiers.nova [-] Nova event matching ['req-68ddaf58-cd53-4eb9-8a13-c8649feabb70'] response: {'name': 'network-changed', 'server_uuid': '1cfe7d5b-2e71-4803-a650-c889a4ac9b36', 'tag': 'afc8a56b-81a5-4e98-90ea-798e56247963', 'status': 'completed', 'code': 200} /var/lib/openstack/lib/python3.10/site-packages/pycadf/identifier.py:71: UserWarning: Invalid uuid: neutron. To ensure interoperability, identifiers should be a valid uuid. warnings.warn(('Invalid uuid: %s. To ensure interoperability, '
2026-02-25 20:44:19.808 10 INFO neutron.wsgi [req-a4f00409-c3f2-4b2d-b565-defb014d2371 req-af1a3fb1-d64d-4226-808e-cb4dda3476fc ca408ef1c9fd43d4a6e027a94bd13ddb 396da365b02e418a86d052687a5b2741 - - default default] 10.0.0.76 "GET /v2.0/ports?device_id=1cfe7d5b-2e71-4803-a650-c889a4ac9b36 HTTP/1.1" status: 200 len: 1170 time: 0.0668705
2026-02-25 20:44:19.847 10 INFO neutron.wsgi [req-847cd4a8-ae45-4509-8d3d-a0bd26660672 req-5c9a5e06-226a-4d7d-80fb-08419fcf77ee 084b36f1a035471aa53b97d77443deb3 4bbbd375ff5b4618a1682c2bf616e23d - - 8db5709e7de040a180ab3b8e08634144 8db5709e7de040a180ab3b8e08634144] 199.204.45.169 "GET /v2.0/ports?tenant_id=396da365b02e418a86d052687a5b2741&device_id=1cfe7d5b-2e71-4803-a650-c889a4ac9b36 HTTP/1.1" status: 200 len: 1409 time: 0.0847695
2026-02-25 20:44:19.918 10 INFO neutron.wsgi [req-a4f00409-c3f2-4b2d-b565-defb014d2371 req-60921bd0-a269-41b0-adbd-db56c42d7e85 ca408ef1c9fd43d4a6e027a94bd13ddb 396da365b02e418a86d052687a5b2741 - - default default] 10.0.0.76 "GET /v2.0/security-groups?id=bfb6d83f-3290-4928-b231-62495d099c1d&fields=id&fields=name HTTP/1.1" status: 200 len: 313 time: 0.1035907
2026-02-25 20:44:19.950 10 INFO neutron.wsgi [req-847cd4a8-ae45-4509-8d3d-a0bd26660672 req-0849c5fa-4224-4e32-ba06-2c2cf7072cca 084b36f1a035471aa53b97d77443deb3 4bbbd375ff5b4618a1682c2bf616e23d - - 8db5709e7de040a180ab3b8e08634144 8db5709e7de040a180ab3b8e08634144] 199.204.45.169 "GET /v2.0/networks?id=84893230-21c9-4331-8de9-b78122686d42 HTTP/1.1" status: 200 len: 974 time: 0.0952866
2026-02-25 20:44:20.062 10 INFO neutron.db.ovn_revision_numbers_db [None req-78acb306-ec17-416a-b05b-43182cc8a7aa b21fb76f883d417da9ef2d98e273cdea bbfc22c439d84319995414cbee6793f6 - - default default] Successfully bumped revision number for resource 6bbff35e-88ce-42d6-bbc2-8797fa9a38b6 (type: ports) to 1
2026-02-25 20:44:20.072 10 INFO neutron.wsgi [req-847cd4a8-ae45-4509-8d3d-a0bd26660672 req-51acdc8e-23f7-451b-8586-e6c5923cdf04 084b36f1a035471aa53b97d77443deb3 4bbbd375ff5b4618a1682c2bf616e23d - - 8db5709e7de040a180ab3b8e08634144 8db5709e7de040a180ab3b8e08634144] 199.204.45.169 "GET /v2.0/floatingips?fixed_ip_address=10.100.0.7&port_id=afc8a56b-81a5-4e98-90ea-798e56247963 HTTP/1.1" status: 200 len: 1059 time: 0.1153648
2026-02-25 20:44:20.110 10 INFO neutron.wsgi [None req-78acb306-ec17-416a-b05b-43182cc8a7aa b21fb76f883d417da9ef2d98e273cdea bbfc22c439d84319995414cbee6793f6 - - default default] 10.0.0.201 "POST /v2.0/ports HTTP/1.1" status: 201 len: 1154 time: 0.7356005 /var/lib/openstack/lib/python3.10/site-packages/pycadf/identifier.py:71: UserWarning: Invalid uuid: neutron. To ensure interoperability, identifiers should be a valid uuid. warnings.warn(('Invalid uuid: %s. To ensure interoperability, '
2026-02-25 20:44:20.122 10 INFO neutron.wsgi [req-53c04a0d-85e8-4bab-99dc-36f22d2d743f req-11ad6f83-184e-41eb-9856-da02ecdc0258 66b19f81b8c24ce08d3f1372dfcc68a4 381377874a6f462da9bd0fac85edb921 - - default default] 10.0.0.76 "GET /v2.0/networks?id=8f61bde1-3145-4f67-885d-d67ed0dcc316 HTTP/1.1" status: 200 len: 876 time: 0.1023924
2026-02-25 20:44:20.123 9 WARNING neutron_lib.context [None req-3a3d368a-2057-48f2-8732-4c04d85b20f9 b21fb76f883d417da9ef2d98e273cdea bbfc22c439d84319995414cbee6793f6 - - default default] Method 'is_advsvc' is deprecated since 2023.2 release (neutron-lib 3.8.0) and will be removed once support for the old RBAC API policies will be removed from Neutron. Please use method 'is_service_role' instead.
2026-02-25 20:44:20.139 10 INFO neutron.wsgi [req-847cd4a8-ae45-4509-8d3d-a0bd26660672 req-1f1c06b3-a97a-4564-adcd-79f1e0136357 084b36f1a035471aa53b97d77443deb3 4bbbd375ff5b4618a1682c2bf616e23d - - 8db5709e7de040a180ab3b8e08634144 8db5709e7de040a180ab3b8e08634144] 199.204.45.169 "GET /v2.0/subnets?id=d2a86077-3bec-4a72-baa8-ed919ecb4c2c HTTP/1.1" status: 200 len: 869 time: 0.0606058
2026-02-25 20:44:20.154 10 INFO neutron.wsgi [req-53c04a0d-85e8-4bab-99dc-36f22d2d743f req-0360062b-9a7d-4f97-b4b5-12d798ceb9e5 66b19f81b8c24ce08d3f1372dfcc68a4 381377874a6f462da9bd0fac85edb921 - - default default] 10.0.0.76 "GET /v2.0/quotas/381377874a6f462da9bd0fac85edb921 HTTP/1.1" status: 200 len: 491 time: 0.0204744
2026-02-25 20:44:20.167 10 INFO neutron.wsgi [req-847cd4a8-ae45-4509-8d3d-a0bd26660672 req-962e72a8-dd28-48a3-930f-c6b1104d891f 084b36f1a035471aa53b97d77443deb3 4bbbd375ff5b4618a1682c2bf616e23d - - 8db5709e7de040a180ab3b8e08634144 8db5709e7de040a180ab3b8e08634144] 199.204.45.169 "GET /v2.0/ports?network_id=84893230-21c9-4331-8de9-b78122686d42&device_owner=network%3Adhcp HTTP/1.1" status: 200 len: 210 time: 0.0210290
2026-02-25 20:44:20.291 10 INFO neutron.wsgi [req-847cd4a8-ae45-4509-8d3d-a0bd26660672 req-3b35e090-dd1b-4966-94cd-9cfb36f3f645 084b36f1a035471aa53b97d77443deb3 4bbbd375ff5b4618a1682c2bf616e23d - - 8db5709e7de040a180ab3b8e08634144 8db5709e7de040a180ab3b8e08634144] 199.204.45.169 "GET /v2.0/networks/84893230-21c9-4331-8de9-b78122686d42?fields=segments HTTP/1.1" status: 200 len: 212 time: 0.1122017
2026-02-25 20:44:20.318 10 INFO neutron.wsgi [req-45903c33-f95c-4c0f-8ce2-277be0c4dcc3 req-dff3bc04-28f4-4b4d-8dea-756d21bc439d ca408ef1c9fd43d4a6e027a94bd13ddb 396da365b02e418a86d052687a5b2741 - - default default] 10.0.0.76 "GET /v2.0/ports?device_id=1cfe7d5b-2e71-4803-a650-c889a4ac9b36 HTTP/1.1" status: 200 len: 1170 time: 0.0802584
2026-02-25 20:44:20.326 10 INFO neutron.wsgi [req-53c04a0d-85e8-4bab-99dc-36f22d2d743f req-d3277997-fe99-4ff8-ae30-a1ccc9ffa51d 66b19f81b8c24ce08d3f1372dfcc68a4 381377874a6f462da9bd0fac85edb921 - - default default] 10.0.0.76 "GET /v2.0/ports?tenant_id=381377874a6f462da9bd0fac85edb921&fields=id HTTP/1.1" status: 200 len: 302 time: 0.1653810
2026-02-25 20:44:20.394 9 WARNING neutron.scheduler.dhcp_agent_scheduler [None req-3a3d368a-2057-48f2-8732-4c04d85b20f9 b21fb76f883d417da9ef2d98e273cdea bbfc22c439d84319995414cbee6793f6 - - default default] No more DHCP agents
2026-02-25 20:44:20.396 9 WARNING neutron.api.rpc.agentnotifiers.dhcp_rpc_agent_api [None req-3a3d368a-2057-48f2-8732-4c04d85b20f9 b21fb76f883d417da9ef2d98e273cdea bbfc22c439d84319995414cbee6793f6 - - default default] Unable to schedule network 5e95440b-9725-43e7-8645-6764810256b5: no agents available; will retry on subsequent port and subnet creation events.
2026-02-25 20:44:20.410 10 INFO neutron.wsgi [req-847cd4a8-ae45-4509-8d3d-a0bd26660672 req-942ae8aa-928e-42aa-b985-c064904f5f9b 084b36f1a035471aa53b97d77443deb3 4bbbd375ff5b4618a1682c2bf616e23d - - 8db5709e7de040a180ab3b8e08634144 8db5709e7de040a180ab3b8e08634144] 199.204.45.169 "GET /v2.0/networks/84893230-21c9-4331-8de9-b78122686d42?fields=provider%3Aphysical_network&fields=provider%3Anetwork_type HTTP/1.1" status: 200 len: 277 time: 0.1134903
2026-02-25 20:44:20.424 10 INFO neutron.wsgi [req-45903c33-f95c-4c0f-8ce2-277be0c4dcc3 req-54d5ceeb-28bd-4d3d-982c-e6eec97906c3 ca408ef1c9fd43d4a6e027a94bd13ddb 396da365b02e418a86d052687a5b2741 - - default default] 10.0.0.76 "GET /v2.0/security-groups?id=bfb6d83f-3290-4928-b231-62495d099c1d&fields=id&fields=name HTTP/1.1" status: 200 len: 313 time: 0.0887427
2026-02-25 20:44:20.426 10 INFO neutron.wsgi [req-53c04a0d-85e8-4bab-99dc-36f22d2d743f req-0f837b01-c2d8-4538-9b88-f414f8b2e731 084b36f1a035471aa53b97d77443deb3 4bbbd375ff5b4618a1682c2bf616e23d - - 8db5709e7de040a180ab3b8e08634144 8db5709e7de040a180ab3b8e08634144] 10.0.0.76 "GET /v2.0/networks/8f61bde1-3145-4f67-885d-d67ed0dcc316?fields=segments HTTP/1.1" status: 200 len: 212 time: 0.0878925
2026-02-25 20:44:20.490 10 INFO neutron.wsgi [req-53c04a0d-85e8-4bab-99dc-36f22d2d743f req-8fa895f5-b770-44fb-8704-9a3303f750fa 084b36f1a035471aa53b97d77443deb3 4bbbd375ff5b4618a1682c2bf616e23d - - 8db5709e7de040a180ab3b8e08634144 8db5709e7de040a180ab3b8e08634144] 10.0.0.76 "GET /v2.0/networks/8f61bde1-3145-4f67-885d-d67ed0dcc316?fields=provider%3Aphysical_network&fields=provider%3Anetwork_type HTTP/1.1" status: 200 len: 277 time: 0.0558760
2026-02-25 20:44:20.585 10 INFO neutron.wsgi [req-1eb043e9-130b-4d4d-8970-b3ec04b18c28 req-959da11a-fabf-4d06-8e16-6c6f28989e86 ca408ef1c9fd43d4a6e027a94bd13ddb 396da365b02e418a86d052687a5b2741 - - default default] 199.204.45.169 "GET /v2.0/ports?device_id=1cfe7d5b-2e71-4803-a650-c889a4ac9b36 HTTP/1.1" status: 200 len: 1170 time: 0.0435131
2026-02-25 20:44:20.632 10 INFO neutron.wsgi [req-65fba842-dfe0-4e49-bb73-cba536baa0e9 req-fb62dda5-7d0f-48a7-9af2-578b1ed93505 66b19f81b8c24ce08d3f1372dfcc68a4 381377874a6f462da9bd0fac85edb921 - - default default] 10.0.0.76 "GET /v2.0/ports?device_id=c3ae1743-df9e-42e7-90cb-7895730b90f0 HTTP/1.1" status: 200 len: 210 time: 0.0197647
2026-02-25 20:44:20.986 10 INFO neutron.db.l3_db [req-1eb043e9-130b-4d4d-8970-b3ec04b18c28 req-f4b32840-7b04-40a8-b23e-ec94360d13b1 ca408ef1c9fd43d4a6e027a94bd13ddb 396da365b02e418a86d052687a5b2741 - - default default] Floating IP ba98b5e3-134c-4cd7-8277-aa271ba70cf5 disassociated. External IP: 10.96.250.208, port: afc8a56b-81a5-4e98-90ea-798e56247963.
2026-02-25 20:44:21.113 10 INFO neutron.wsgi [req-1eb043e9-130b-4d4d-8970-b3ec04b18c28 req-f4b32840-7b04-40a8-b23e-ec94360d13b1 ca408ef1c9fd43d4a6e027a94bd13ddb 396da365b02e418a86d052687a5b2741 - - default default] 199.204.45.169 "DELETE /v2.0/ports/afc8a56b-81a5-4e98-90ea-798e56247963 HTTP/1.1" status: 204 len: 173 time: 0.5219154
2026-02-25 20:44:21.142 9 INFO neutron.db.ovn_revision_numbers_db [None req-3a3d368a-2057-48f2-8732-4c04d85b20f9 b21fb76f883d417da9ef2d98e273cdea bbfc22c439d84319995414cbee6793f6 - - default default] Successfully bumped revision number for resource bc28906f-f649-41f8-a276-f7381cdfb2ef (type: floatingips) to -1
2026-02-25 20:44:21.154 10 INFO neutron.notifiers.nova [-] Nova event matching ['req-f4b0ddc4-1eca-493d-b825-90fb3ff318b4'] response: {'server_uuid': '1cfe7d5b-2e71-4803-a650-c889a4ac9b36', 'name': 'network-vif-deleted', 'tag': 'afc8a56b-81a5-4e98-90ea-798e56247963', 'status': 'completed', 'code': 200}
2026-02-25 20:44:21.263 9 INFO neutron.db.ovn_revision_numbers_db [None req-3a3d368a-2057-48f2-8732-4c04d85b20f9 b21fb76f883d417da9ef2d98e273cdea bbfc22c439d84319995414cbee6793f6 - - default default] Successfully bumped revision number for resource bc28906f-f649-41f8-a276-f7381cdfb2ef (type: floatingips) to 1
2026-02-25 20:44:21.264 9 INFO neutron.db.l3_db [None req-3a3d368a-2057-48f2-8732-4c04d85b20f9 b21fb76f883d417da9ef2d98e273cdea bbfc22c439d84319995414cbee6793f6 - - default default] Floating IP bc28906f-f649-41f8-a276-f7381cdfb2ef associated. External IP: 10.96.250.211, port: 6bbff35e-88ce-42d6-bbc2-8797fa9a38b6.
2026-02-25 20:44:21.301 9 INFO neutron.wsgi [None req-3a3d368a-2057-48f2-8732-4c04d85b20f9 b21fb76f883d417da9ef2d98e273cdea bbfc22c439d84319995414cbee6793f6 - - default default] 10.0.0.201 "POST /v2.0/floatingips HTTP/1.1" status: 201 len: 1041 time: 1.1847582
2026-02-25 20:44:21.348 10 INFO neutron.wsgi [req-53c04a0d-85e8-4bab-99dc-36f22d2d743f req-1e63ee7a-e9ef-48c8-82f1-5f0e8e97e25a 66b19f81b8c24ce08d3f1372dfcc68a4 381377874a6f462da9bd0fac85edb921 - - default default] 199.204.45.169 "GET /v2.0/networks?id=8f61bde1-3145-4f67-885d-d67ed0dcc316 HTTP/1.1" status: 200 len: 876 time: 0.0726984
2026-02-25 20:44:21.360 10 WARNING neutron_lib.context [req-53c04a0d-85e8-4bab-99dc-36f22d2d743f req-0139ed10-31da-4053-aa72-2963223e55fd 66b19f81b8c24ce08d3f1372dfcc68a4 381377874a6f462da9bd0fac85edb921 - - default default] Method 'is_advsvc' is deprecated since 2023.2 release (neutron-lib 3.8.0) and will be removed once support for the old RBAC API policies will be removed from Neutron. Please use method 'is_service_role' instead.
2026-02-25 20:44:21.404 10 WARNING neutron.plugins.ml2.drivers.ovn.mech_driver.ovsdb.ovn_client [None req-c3854714-3512-4426-ab4e-5bcbda3ed518 - - - - - -] No hosting information found for port ad682763-4d64-435b-9d0c-5c1e32e583bc: RuntimeError: No hosting information found for port ad682763-4d64-435b-9d0c-5c1e32e583bc
2026-02-25 20:44:21.405 10 INFO neutron.plugins.ml2.drivers.ovn.mech_driver.mech_driver [None req-c3854714-3512-4426-ab4e-5bcbda3ed518 - - - - - -] OVN reports status up for port: 70e45e51-63ee-4640-8bc8-f67f50c5e7f3
2026-02-25 20:44:21.415 10 INFO neutron.plugins.ml2.plugin [None req-c3854714-3512-4426-ab4e-5bcbda3ed518 - - - - - -] Attempt 1 to provision port 70e45e51-63ee-4640-8bc8-f67f50c5e7f3
2026-02-25 20:44:21.494 9 INFO neutron.db.ovn_revision_numbers_db [None req-fc550414-41bc-4e1a-9d68-b1bc37d0e465 b21fb76f883d417da9ef2d98e273cdea bbfc22c439d84319995414cbee6793f6 - - default default] Successfully bumped revision number for resource bc28906f-f649-41f8-a276-f7381cdfb2ef (type: floatingips) to 2
2026-02-25 20:44:21.567 9 INFO neutron.db.l3_db [None req-fc550414-41bc-4e1a-9d68-b1bc37d0e465 b21fb76f883d417da9ef2d98e273cdea bbfc22c439d84319995414cbee6793f6 - - default default] Floating IP bc28906f-f649-41f8-a276-f7381cdfb2ef disassociated. External IP: 10.96.250.211, port: 6bbff35e-88ce-42d6-bbc2-8797fa9a38b6.
2026-02-25 20:44:21.604 9 INFO neutron.wsgi [None req-fc550414-41bc-4e1a-9d68-b1bc37d0e465 b21fb76f883d417da9ef2d98e273cdea bbfc22c439d84319995414cbee6793f6 - - default default] 10.0.0.201 "PUT /v2.0/floatingips/bc28906f-f649-41f8-a276-f7381cdfb2ef HTTP/1.1" status: 200 len: 748 time: 0.2992437
2026-02-25 20:44:21.703 9 INFO neutron.wsgi [None req-60d56059-fa84-49c8-8704-14c70e9ee411 ca408ef1c9fd43d4a6e027a94bd13ddb 396da365b02e418a86d052687a5b2741 - - default default] 10.0.0.201 "DELETE /v2.0/security-groups/bfb6d83f-3290-4928-b231-62495d099c1d HTTP/1.1" status: 204 len: 168 time: 0.1886806
2026-02-25 20:44:21.719 10 INFO neutron.wsgi [req-f4081e18-45cd-43a0-8a85-e732d54d4f96 req-4c2e4ee0-e6ad-46c4-996a-46cbd0c86fbf 66b19f81b8c24ce08d3f1372dfcc68a4 381377874a6f462da9bd0fac85edb921 - - default default] 10.0.0.76 "GET /v2.0/ports?device_id=c3ae1743-df9e-42e7-90cb-7895730b90f0 HTTP/1.1" status: 200 len: 210 time: 0.0256343
