2026-02-25 20:44:39.665 9 INFO neutron.wsgi [None req-d8cbde8f-e464-4d2e-b7d1-f1f57b8d48e0 0d698a8e394e402f8e10bb6fdf9b5b47 ac992b5c700d42a29ae73e602d023058 - - default default] 10.0.0.201 "GET /v2.0/security-groups?tenant_id=91aae80c21a44725b13ec027e2244d53&name=default HTTP/1.1" status: 200 len: 3120 time: 0.1413591
2026-02-25 20:44:39.691 10 INFO neutron.services.segments.plugin [-] Segment 0f0e2a43-044d-4649-b84c-4bd852a547ee resource provider aggregate not found
2026-02-25 20:44:39.698 10 INFO neutron.services.segments.plugin [-] Segment 0f0e2a43-044d-4649-b84c-4bd852a547ee resource provider aggregate not found
2026-02-25 20:44:39.710 10 INFO neutron.services.segments.plugin [-] Segment 0f0e2a43-044d-4649-b84c-4bd852a547ee resource provider not found; error: Placement Client Error (4xx): {"errors": [{"status": 404, "title": "Not Found", "detail": "The resource could not be found.\n\n No resource provider with uuid 0f0e2a43-044d-4649-b84c-4bd852a547ee found for delete ", "request_id": "req-4a5f7e4b-116a-4224-bda0-9b803552216c"}]}
2026-02-25 20:44:39.717 10 INFO neutron.services.segments.plugin [-] Segment 0f0e2a43-044d-4649-b84c-4bd852a547ee resource provider not found; error: Placement Client Error (4xx): {"errors": [{"status": 404, "title": "Not Found", "detail": "The resource could not be found.\n\n No resource provider with uuid 0f0e2a43-044d-4649-b84c-4bd852a547ee found for delete ", "request_id": "req-62b041f3-65b3-4a46-8c69-6466dfe345f8"}]}
2026-02-25 20:44:39.725 10 INFO neutron.services.segments.plugin [-] Segment 4fd1b0a8-703a-4d3a-9be6-e215e784173e resource provider aggregate not found
2026-02-25 20:44:39.752 10 INFO neutron.services.segments.plugin [-] Segment 4fd1b0a8-703a-4d3a-9be6-e215e784173e resource provider aggregate not found
2026-02-25 20:44:39.757 10 INFO neutron.services.segments.plugin [-] Segment 4fd1b0a8-703a-4d3a-9be6-e215e784173e resource provider not found; error: Placement Client Error (4xx): {"errors": [{"status": 404, "title": "Not Found", "detail": "The resource could not be found.\n\n No resource provider with uuid 4fd1b0a8-703a-4d3a-9be6-e215e784173e found for delete ", "request_id": "req-1873a971-da98-4ab6-a6d0-1aa05416a6c2"}]}
2026-02-25 20:44:39.774 10 INFO neutron.services.segments.plugin [-] Segment e52cbce2-85fd-4d8d-ba53-063abd277d95 resource provider aggregate not found
2026-02-25 20:44:39.781 10 INFO neutron.services.segments.plugin [-] Segment 4fd1b0a8-703a-4d3a-9be6-e215e784173e resource provider not found; error: Placement Client Error (4xx): {"errors": [{"status": 404, "title": "Not Found", "detail": "The resource could not be found.\n\n No resource provider with uuid 4fd1b0a8-703a-4d3a-9be6-e215e784173e found for delete ", "request_id": "req-6d660520-2d78-46dc-a49a-aad5933e21df"}]}
2026-02-25 20:44:39.799 10 INFO neutron.services.segments.plugin [-] Segment e52cbce2-85fd-4d8d-ba53-063abd277d95 resource provider aggregate not found
2026-02-25 20:44:39.803 10 INFO neutron.services.segments.plugin [-] Segment e52cbce2-85fd-4d8d-ba53-063abd277d95 resource provider not found; error: Placement Client Error (4xx): {"errors": [{"status": 404, "title": "Not Found", "detail": "The resource could not be found.\n\n No resource provider with uuid e52cbce2-85fd-4d8d-ba53-063abd277d95 found for delete ", "request_id": "req-021435da-6e9a-4a0d-9af2-bb40d88beb75"}]}
2026-02-25 20:44:39.821 10 INFO neutron.services.segments.plugin [-] Segment e52cbce2-85fd-4d8d-ba53-063abd277d95 resource provider not found; error: Placement Client Error (4xx): {"errors": [{"status": 404, "title": "Not Found", "detail": "The resource could not be found.\n\n No resource provider with uuid e52cbce2-85fd-4d8d-ba53-063abd277d95 found for delete ", "request_id": "req-c4815205-714b-4072-ad4f-46546d8a1e76"}]}
2026-02-25 20:44:39.869 10 INFO neutron.db.ovn_revision_numbers_db [None req-7da043e2-68b7-4bc0-8dcc-6a7c0ab4c3ca 0d698a8e394e402f8e10bb6fdf9b5b47 ac992b5c700d42a29ae73e602d023058 - - default default] Successfully bumped revision number for resource 60db6fb9-9fa2-43c6-a4bf-7563589a0876 (type: security_groups) to 1
2026-02-25 20:44:39.890 10 INFO neutron.db.ovn_revision_numbers_db [None req-7da043e2-68b7-4bc0-8dcc-6a7c0ab4c3ca 0d698a8e394e402f8e10bb6fdf9b5b47 ac992b5c700d42a29ae73e602d023058 - - default default] Successfully bumped revision number for resource 892fd4a1-a1d0-4e7e-8bb5-2c83562a1476 (type: security_group_rules) to 0
2026-02-25 20:44:39.891 10 WARNING neutron.scheduler.dhcp_agent_scheduler [None req-b452dc8a-d1cb-4ebf-a3b7-cbe2006bfe77 fb2c8225306e408a94506d61ef376717 d6aa3598603c40bf884857a0b4d594e0 - - default default] No more DHCP agents
2026-02-25 20:44:39.894 10 WARNING neutron.api.rpc.agentnotifiers.dhcp_rpc_agent_api [None req-b452dc8a-d1cb-4ebf-a3b7-cbe2006bfe77 fb2c8225306e408a94506d61ef376717 d6aa3598603c40bf884857a0b4d594e0 - - default default] Unable to schedule network ae0658a2-ec6d-43dd-a731-9ae91dcdea25: no agents available; will retry on subsequent port and subnet creation events.
2026-02-25 20:44:39.907 9 INFO neutron.wsgi [None req-4e1bed08-a035-4250-8648-c8446838ee88 0d698a8e394e402f8e10bb6fdf9b5b47 ac992b5c700d42a29ae73e602d023058 - - default default] 10.0.0.201 "DELETE /v2.0/security-groups/4e3c3167-e7af-44f0-a636-7fa3a6e3d119 HTTP/1.1" status: 204 len: 168 time: 0.2369816
2026-02-25 20:44:39.915 10 INFO neutron.db.ovn_revision_numbers_db [None req-7da043e2-68b7-4bc0-8dcc-6a7c0ab4c3ca 0d698a8e394e402f8e10bb6fdf9b5b47 ac992b5c700d42a29ae73e602d023058 - - default default] Successfully bumped revision number for resource 9f3c9367-cdb9-4945-afa0-58858a5ded48 (type: security_group_rules) to 0
2026-02-25 20:44:39.949 10 INFO neutron.db.ovn_revision_numbers_db [None req-7da043e2-68b7-4bc0-8dcc-6a7c0ab4c3ca 0d698a8e394e402f8e10bb6fdf9b5b47 ac992b5c700d42a29ae73e602d023058 - - default default] Successfully bumped revision number for resource d658cb3b-0a94-489e-a146-08d17c7daeae (type: security_group_rules) to 0
2026-02-25 20:44:39.983 10 INFO neutron.db.ovn_revision_numbers_db [None req-7da043e2-68b7-4bc0-8dcc-6a7c0ab4c3ca 0d698a8e394e402f8e10bb6fdf9b5b47 ac992b5c700d42a29ae73e602d023058 - - default default] Successfully bumped revision number for resource eedac6e0-743c-42d1-a401-fd7cb4437614 (type: security_group_rules) to 0
2026-02-25 20:44:40.005 10 INFO neutron.wsgi [None req-7da043e2-68b7-4bc0-8dcc-6a7c0ab4c3ca 0d698a8e394e402f8e10bb6fdf9b5b47 ac992b5c700d42a29ae73e602d023058 - - default default] 10.0.0.201 "GET /v2.0/security-groups?tenant_id=d7e7e4915be449ac87acce8a03fcc71d&name=default HTTP/1.1" status: 200 len: 3120 time: 0.4908292
2026-02-25 20:44:40.012 10 INFO neutron.db.ovn_revision_numbers_db [None req-b452dc8a-d1cb-4ebf-a3b7-cbe2006bfe77 fb2c8225306e408a94506d61ef376717 d6aa3598603c40bf884857a0b4d594e0 - - default default] Successfully bumped revision number for resource b63e0669-2fe3-4e23-9bd7-038bc9471649 (type: ports) to 1
2026-02-25 20:44:40.036 10 INFO neutron.wsgi [None req-b452dc8a-d1cb-4ebf-a3b7-cbe2006bfe77 fb2c8225306e408a94506d61ef376717 d6aa3598603c40bf884857a0b4d594e0 - - default default] 10.0.0.201 "POST /v2.0/ports HTTP/1.1" status: 201 len: 977 time: 0.5320401 /var/lib/openstack/lib/python3.10/site-packages/pycadf/identifier.py:71: UserWarning: Invalid uuid: neutron. To ensure interoperability, identifiers should be a valid uuid. warnings.warn(('Invalid uuid: %s. To ensure interoperability, '
2026-02-25 20:44:40.323 10 INFO neutron.db.ovn_revision_numbers_db [None req-d9921052-54fd-438a-b064-af53d9e0feea fb2c8225306e408a94506d61ef376717 d6aa3598603c40bf884857a0b4d594e0 - - default default] Successfully bumped revision number for resource b63e0669-2fe3-4e23-9bd7-038bc9471649 (type: ports) to 2
2026-02-25 20:44:40.336 10 INFO neutron.wsgi [None req-d9921052-54fd-438a-b064-af53d9e0feea fb2c8225306e408a94506d61ef376717 d6aa3598603c40bf884857a0b4d594e0 - - default default] 10.0.0.201 "PUT /v2.0/ports/b63e0669-2fe3-4e23-9bd7-038bc9471649 HTTP/1.1" status: 200 len: 946 time: 0.2946086 /var/lib/openstack/lib/python3.10/site-packages/pycadf/identifier.py:71: UserWarning: Invalid uuid: neutron. To ensure interoperability, identifiers should be a valid uuid. warnings.warn(('Invalid uuid: %s. To ensure interoperability, '
2026-02-25 20:44:40.537 9 INFO neutron.wsgi [None req-3d093349-20fe-45da-8498-120fdc54d7dc 0d698a8e394e402f8e10bb6fdf9b5b47 ac992b5c700d42a29ae73e602d023058 - - default default] 10.0.0.7 "GET /v2.0/ports HTTP/1.1" status: 200 len: 7977 time: 0.4633472
2026-02-25 20:44:40.541 9 INFO neutron.plugins.ml2.drivers.ovn.mech_driver.mech_driver [None req-dbc7da08-4b5d-47ea-8f36-554762dc2ebe - - - - - -] OVN reports status down for port: b63e0669-2fe3-4e23-9bd7-038bc9471649
2026-02-25 20:44:40.594 9 INFO neutron.wsgi [None req-6bb3d2c2-7f0f-492f-a226-767ea1b467ab 0d698a8e394e402f8e10bb6fdf9b5b47 ac992b5c700d42a29ae73e602d023058 - - default default] 10.0.0.7 "GET /v2.0/subnets HTTP/1.1" status: 200 len: 1437 time: 0.0533071
2026-02-25 20:44:40.607 9 INFO neutron.wsgi [None req-a1322aeb-f6a7-40db-9d8c-0d210010d6a7 0d698a8e394e402f8e10bb6fdf9b5b47 ac992b5c700d42a29ae73e602d023058 - - default default] 10.0.0.201 "DELETE /v2.0/security-groups/60db6fb9-9fa2-43c6-a4bf-7563589a0876 HTTP/1.1" status: 204 len: 168 time: 0.5973380
2026-02-25 20:44:40.611 9 INFO neutron.wsgi [None req-b3db6048-f9f8-4eb6-9c6e-a86ac0710365 0d698a8e394e402f8e10bb6fdf9b5b47 ac992b5c700d42a29ae73e602d023058 - - default default] 10.0.0.7 "GET /v2.0/subnetpools HTTP/1.1" status: 200 len: 193 time: 0.0134587
2026-02-25 20:44:40.639 9 INFO neutron.wsgi [None req-252b22e5-2801-457a-a58f-4096569a8ea3 0d698a8e394e402f8e10bb6fdf9b5b47 ac992b5c700d42a29ae73e602d023058 - - default default] 10.0.0.7 "GET /v2.0/floatingips HTTP/1.1" status: 200 len: 193 time: 0.0272825
2026-02-25 20:44:40.717 10 INFO neutron.wsgi [None req-4320ebf8-bf42-49c2-bb2c-36c39d0ba1d7 fb2c8225306e408a94506d61ef376717 d6aa3598603c40bf884857a0b4d594e0 - - default default] 10.0.0.201 "DELETE /v2.0/ports/b63e0669-2fe3-4e23-9bd7-038bc9471649 HTTP/1.1" status: 204 len: 168 time: 0.3760033
2026-02-25 20:44:40.728 9 ERROR ovsdbapp.backend.ovs_idl.command [None req-dbc7da08-4b5d-47ea-8f36-554762dc2ebe - - - - - -] Error executing command (LspGetUpCommand): ovsdbapp.backend.ovs_idl.idlutils.RowNotFound: Cannot find Logical_Switch_Port with name=b63e0669-2fe3-4e23-9bd7-038bc9471649
2026-02-25 20:44:40.728 9 ERROR ovsdbapp.backend.ovs_idl.command
Traceback (most recent call last):
2026-02-25 20:44:40.728 9 ERROR ovsdbapp.backend.ovs_idl.command
File "/var/lib/openstack/lib/python3.10/site-packages/ovsdbapp/backend/ovs_idl/command.py", line 47, in execute
2026-02-25 20:44:40.728 9 ERROR ovsdbapp.backend.ovs_idl.command self.run_idl(None)
2026-02-25 20:44:40.728 9 ERROR ovsdbapp.backend.ovs_idl.command
File "/var/lib/openstack/lib/python3.10/site-packages/ovsdbapp/schema/ovn_northbound/commands.py", line 679, in run_idl
2026-02-25 20:44:40.728 9 ERROR ovsdbapp.backend.ovs_idl.command lsp = self.api.lookup('Logical_Switch_Port', self.port)
2026-02-25 20:44:40.728 9 ERROR ovsdbapp.backend.ovs_idl.command
File "/var/lib/openstack/lib/python3.10/site-packages/ovsdbapp/backend/ovs_idl/__init__.py", line 184, in lookup
2026-02-25 20:44:40.728 9 ERROR ovsdbapp.backend.ovs_idl.command return self._lookup(table, record)
2026-02-25 20:44:40.728 9 ERROR ovsdbapp.backend.ovs_idl.command
File "/var/lib/openstack/lib/python3.10/site-packages/ovsdbapp/backend/ovs_idl/__init__.py", line 235, in _lookup
2026-02-25 20:44:40.728 9 ERROR ovsdbapp.backend.ovs_idl.command row = idlutils.row_by_value(self, rl.table, rl.column, record)
2026-02-25 20:44:40.728 9 ERROR ovsdbapp.backend.ovs_idl.command
File "/var/lib/openstack/lib/python3.10/site-packages/ovsdbapp/backend/ovs_idl/idlutils.py", line 114, in row_by_value
2026-02-25 20:44:40.728 9 ERROR ovsdbapp.backend.ovs_idl.command raise RowNotFound(table=table, col=column, match=match)
2026-02-25 20:44:40.728 9 ERROR ovsdbapp.backend.ovs_idl.command ovsdbapp.backend.ovs_idl.idlutils.RowNotFound: Cannot find Logical_Switch_Port with name=b63e0669-2fe3-4e23-9bd7-038bc9471649
2026-02-25 20:44:40.728 9 ERROR ovsdbapp.backend.ovs_idl.command 
2026-02-25 20:44:40.729 9 ERROR ovsdbapp.event [None req-dbc7da08-4b5d-47ea-8f36-554762dc2ebe - - - - - -] Unexpected exception in notify_loop: ovsdbapp.backend.ovs_idl.idlutils.RowNotFound: Cannot find Logical_Switch_Port with name=b63e0669-2fe3-4e23-9bd7-038bc9471649
2026-02-25 20:44:40.729 9 ERROR ovsdbapp.event
Traceback (most recent call last):
2026-02-25 20:44:40.729 9 ERROR ovsdbapp.event
File "/var/lib/openstack/lib/python3.10/site-packages/ovsdbapp/event.py", line 177, in notify_loop
2026-02-25 20:44:40.729 9 ERROR ovsdbapp.event match.run(event, row, updates)
2026-02-25 20:44:40.729 9 ERROR ovsdbapp.event
File "/var/lib/openstack/lib/python3.10/site-packages/neutron/plugins/ml2/drivers/ovn/mech_driver/ovsdb/ovsdb_monitor.py", line 539, in run
2026-02-25 20:44:40.729 9 ERROR ovsdbapp.event self.driver.set_port_status_down(row.name)
2026-02-25 20:44:40.729 9 ERROR ovsdbapp.event
File "/var/lib/openstack/lib/python3.10/site-packages/neutron/plugins/ml2/drivers/ovn/mech_driver/mech_driver.py", line 1324, in set_port_status_down
2026-02-25 20:44:40.729 9 ERROR ovsdbapp.event self._ovn_client.update_lsp_host_info(
2026-02-25 20:44:40.729 9 ERROR ovsdbapp.event
File "/var/lib/openstack/lib/python3.10/site-packages/neutron/plugins/ml2/drivers/ovn/mech_driver/ovsdb/ovn_client.py", line 307, in update_lsp_host_info
2026-02-25 20:44:40.729 9 ERROR ovsdbapp.event port_up = self._nb_idl.lsp_get_up(db_port.id).execute(
2026-02-25 20:44:40.729 9 ERROR ovsdbapp.event
File "/var/lib/openstack/lib/python3.10/site-packages/ovsdbapp/backend/ovs_idl/command.py", line 47, in execute
2026-02-25 20:44:40.729 9 ERROR ovsdbapp.event self.run_idl(None)
2026-02-25 20:44:40.729 9 ERROR ovsdbapp.event
File "/var/lib/openstack/lib/python3.10/site-packages/ovsdbapp/schema/ovn_northbound/commands.py", line 679, in run_idl
2026-02-25 20:44:40.729 9 ERROR ovsdbapp.event lsp = self.api.lookup('Logical_Switch_Port', self.port)
2026-02-25 20:44:40.729 9 ERROR ovsdbapp.event
File "/var/lib/openstack/lib/python3.10/site-packages/ovsdbapp/backend/ovs_idl/__init__.py", line 184, in lookup
2026-02-25 20:44:40.729 9 ERROR ovsdbapp.event return self._lookup(table, record)
2026-02-25 20:44:40.729 9 ERROR ovsdbapp.event
File "/var/lib/openstack/lib/python3.10/site-packages/ovsdbapp/backend/ovs_idl/__init__.py", line 235, in _lookup
2026-02-25 20:44:40.729 9 ERROR ovsdbapp.event row = idlutils.row_by_value(self, rl.table, rl.column, record)
2026-02-25 20:44:40.729 9 ERROR ovsdbapp.event
File "/var/lib/openstack/lib/python3.10/site-packages/ovsdbapp/backend/ovs_idl/idlutils.py", line 114, in row_by_value
2026-02-25 20:44:40.729 9 ERROR ovsdbapp.event raise RowNotFound(table=table, col=column, match=match)
2026-02-25 20:44:40.729 9 ERROR ovsdbapp.event ovsdbapp.backend.ovs_idl.idlutils.RowNotFound: Cannot find Logical_Switch_Port with name=b63e0669-2fe3-4e23-9bd7-038bc9471649
2026-02-25 20:44:40.729 9 ERROR ovsdbapp.event 
2026-02-25 20:44:40.753 9 INFO neutron.wsgi [None req-b7df9641-d216-4b85-b2da-bb9c90148cf7 0d698a8e394e402f8e10bb6fdf9b5b47 ac992b5c700d42a29ae73e602d023058 - - default default] 10.0.0.7 "GET /v2.0/networks HTTP/1.1" status: 200 len: 3073 time: 0.1129653
2026-02-25 20:44:40.772 10 INFO neutron.wsgi [None req-2a485bea-5a51-4fd7-b519-8bb042d68df7 fb2c8225306e408a94506d61ef376717 d6aa3598603c40bf884857a0b4d594e0 - - default default] 10.0.0.201 "GET /v2.0/ports HTTP/1.1" status: 200 len: 1732 time: 0.0504098
2026-02-25 20:44:40.797 10 INFO neutron.pecan_wsgi.hooks.translation [None req-1f2267cf-679e-428c-9314-e5324519d10b fb2c8225306e408a94506d61ef376717 d6aa3598603c40bf884857a0b4d594e0 - - default default] GET failed (client error): The resource could not be found.
2026-02-25 20:44:40.799 10 INFO neutron.wsgi [None req-1f2267cf-679e-428c-9314-e5324519d10b fb2c8225306e408a94506d61ef376717 d6aa3598603c40bf884857a0b4d594e0 - - default default] 10.0.0.201 "GET /v2.0/ports/b63e0669-2fe3-4e23-9bd7-038bc9471649 HTTP/1.1" status: 404 len: 333 time: 0.0213327
2026-02-25 20:44:40.804 9 INFO neutron.wsgi [None req-b315fd5b-e907-4494-8f3d-05726126316b 0d698a8e394e402f8e10bb6fdf9b5b47 ac992b5c700d42a29ae73e602d023058 - - default default] 10.0.0.7 "GET /v2.0/security-groups HTTP/1.1" status: 200 len: 20478 time: 0.0457747
2026-02-25 20:44:40.832 9 INFO neutron.wsgi [None req-e200916d-3d84-44f8-b1cf-a5ade87b9cbc 0d698a8e394e402f8e10bb6fdf9b5b47 ac992b5c700d42a29ae73e602d023058 - - default default] 10.0.0.7 "GET /v2.0/agents HTTP/1.1" status: 200 len: 1390 time: 0.0219610
2026-02-25 20:44:40.859 9 INFO neutron.wsgi [None req-c9705b33-4cb6-4cd1-8de5-91c4f958a1ef 0d698a8e394e402f8e10bb6fdf9b5b47 ac992b5c700d42a29ae73e602d023058 - - default default] 10.0.0.7 "GET /v2.0/network-ip-availabilities HTTP/1.1" status: 200 len: 1565 time: 0.0238898
2026-02-25 20:44:40.860 10 INFO neutron.wsgi [None req-77ae4f79-d421-45f5-bd73-0afb4fa14cd6 fb2c8225306e408a94506d61ef376717 d6aa3598603c40bf884857a0b4d594e0 - - default default] 10.0.0.201 "GET /v2.0/ports HTTP/1.1" status: 200 len: 1732 time: 0.0551386
2026-02-25 20:44:40.891 9 INFO neutron.wsgi [None req-217e9faa-406e-44fd-bf68-9c587b1b38f4 0d698a8e394e402f8e10bb6fdf9b5b47 ac992b5c700d42a29ae73e602d023058 - - default default] 10.0.0.7 "GET /v2.0/subnets HTTP/1.1" status: 200 len: 1437 time: 0.0306256
2026-02-25 20:44:40.929 10 INFO neutron.wsgi [None req-235594ef-110f-428e-82b8-786cc3001fbd fb2c8225306e408a94506d61ef376717 d6aa3598603c40bf884857a0b4d594e0 - - default default] 10.0.0.201 "GET /v2.0/ports/4321997c-e7bf-4734-ac30-3b9c7cc34cb4 HTTP/1.1" status: 200 len: 972 time: 0.0625486
2026-02-25 20:44:40.930 9 INFO neutron.wsgi [None req-20db8dcd-8c3e-4479-a976-dcb21bfe8c15 0d698a8e394e402f8e10bb6fdf9b5b47 ac992b5c700d42a29ae73e602d023058 - - default default] 10.0.0.7 "GET /v2.0/routers HTTP/1.1" status: 200 len: 189 time: 0.0367663
2026-02-25 20:44:40.963 9 INFO neutron.wsgi [None req-80b22dc6-a138-47d0-a0ac-a892e00023ff 0d698a8e394e402f8e10bb6fdf9b5b47 ac992b5c700d42a29ae73e602d023058 - - default default] 10.0.0.7 "GET /v2.0/agents?binary=ovn-controller HTTP/1.1" status: 200 len: 591 time: 0.0317857
2026-02-25 20:44:40.964 9 INFO neutron.pecan_wsgi.hooks.translation [None req-8d09e632-b711-427c-ab8e-bbeebbfa8f5b fb2c8225306e408a94506d61ef376717 d6aa3598603c40bf884857a0b4d594e0 - - default default] DELETE failed (client error): The resource could not be found.
2026-02-25 20:44:40.966 9 INFO neutron.wsgi [None req-8d09e632-b711-427c-ab8e-bbeebbfa8f5b fb2c8225306e408a94506d61ef376717 d6aa3598603c40bf884857a0b4d594e0 - - default default] 10.0.0.201 "DELETE /v2.0/ports/6d8a7e30-8cc9-4716-b02a-584f882eb88c HTTP/1.1" status: 404 len: 333 time: 0.0289438
2026-02-25 20:44:41.009 10 INFO neutron.db.ovn_revision_numbers_db [None req-3b2f2f9f-a5df-48ff-a143-d5269e18bab6 0d698a8e394e402f8e10bb6fdf9b5b47 ac992b5c700d42a29ae73e602d023058 - - default default] Successfully bumped revision number for resource d62c1521-73b4-4cd5-aca8-dc38363dbf86 (type: security_groups) to 1
2026-02-25 20:44:41.030 10 INFO neutron.db.ovn_revision_numbers_db [None req-3b2f2f9f-a5df-48ff-a143-d5269e18bab6 0d698a8e394e402f8e10bb6fdf9b5b47 ac992b5c700d42a29ae73e602d023058 - - default default] Successfully bumped revision number for resource 12251a89-1694-4509-ba65-f69089e8f16a (type: security_group_rules) to 0
2026-02-25 20:44:41.042 10 INFO neutron.pecan_wsgi.hooks.translation [None req-efd26152-6014-4205-ab4b-85ed3c98034d fb2c8225306e408a94506d61ef376717 d6aa3598603c40bf884857a0b4d594e0 - - default default] DELETE failed (client error): The resource could not be found.
2026-02-25 20:44:41.045 10 INFO neutron.wsgi [None req-efd26152-6014-4205-ab4b-85ed3c98034d fb2c8225306e408a94506d61ef376717 d6aa3598603c40bf884857a0b4d594e0 - - default default] 10.0.0.201 "DELETE /v2.0/subnets/48dd7bd7-2a31-4b45-ad63-749f6a189ea8 HTTP/1.1" status: 404 len: 337 time: 0.0738063
2026-02-25 20:44:41.063 10 INFO neutron.db.ovn_revision_numbers_db [None req-3b2f2f9f-a5df-48ff-a143-d5269e18bab6 0d698a8e394e402f8e10bb6fdf9b5b47 ac992b5c700d42a29ae73e602d023058 - - default default] Successfully bumped revision number for resource 4a07694c-119e-43da-8a8a-0c1c951f65f2 (type: security_group_rules) to 0
2026-02-25 20:44:41.077 10 INFO neutron.db.ovn_revision_numbers_db [None req-3b2f2f9f-a5df-48ff-a143-d5269e18bab6 0d698a8e394e402f8e10bb6fdf9b5b47 ac992b5c700d42a29ae73e602d023058 - - default default] Successfully bumped revision number for resource a327504c-18ce-4d49-8843-196933055e2e (type: security_group_rules) to 0
2026-02-25 20:44:41.079 9 INFO neutron.pecan_wsgi.hooks.translation [None req-a4bc675a-03e0-4aa8-929c-521fa259e963 fb2c8225306e408a94506d61ef376717 d6aa3598603c40bf884857a0b4d594e0 - - default default] DELETE failed (client error): The resource could not be found.
2026-02-25 20:44:41.082 9 INFO neutron.wsgi [None req-a4bc675a-03e0-4aa8-929c-521fa259e963 fb2c8225306e408a94506d61ef376717 d6aa3598603c40bf884857a0b4d594e0 - - default default] 10.0.0.201 "DELETE /v2.0/subnets/0ad8118c-4bad-4ea7-a65b-3ba561fac77a HTTP/1.1" status: 404 len: 337 time: 0.0250227
2026-02-25 20:44:41.095 10 INFO neutron.db.ovn_revision_numbers_db [None req-3b2f2f9f-a5df-48ff-a143-d5269e18bab6 0d698a8e394e402f8e10bb6fdf9b5b47 ac992b5c700d42a29ae73e602d023058 - - default default] Successfully bumped revision number for resource f5885aa4-fb88-4fe0-8f48-2cfe3f6f0fa2 (type: security_group_rules) to 0
2026-02-25 20:44:41.122 10 INFO neutron.wsgi [None req-3b2f2f9f-a5df-48ff-a143-d5269e18bab6 0d698a8e394e402f8e10bb6fdf9b5b47 ac992b5c700d42a29ae73e602d023058 - - default default] 10.0.0.201 "GET /v2.0/security-groups?tenant_id=f2c4233b32e7481791102ff451cec9e2&name=default HTTP/1.1" status: 200 len: 3120 time: 0.3773985
2026-02-25 20:44:41.309 10 INFO neutron.wsgi [None req-0241142d-659b-424b-899f-e532a930fbc9 0d698a8e394e402f8e10bb6fdf9b5b47 ac992b5c700d42a29ae73e602d023058 - - default default] 10.0.0.201 "DELETE /v2.0/security-groups/d62c1521-73b4-4cd5-aca8-dc38363dbf86 HTTP/1.1" status: 204 len: 168 time: 0.1803992
2026-02-25 20:44:41.382 9 INFO neutron.wsgi [None req-ef1721c5-c744-479a-9502-483f16b83585 fb2c8225306e408a94506d61ef376717 d6aa3598603c40bf884857a0b4d594e0 - - default default] 10.0.0.201 "DELETE /v2.0/ports/4321997c-e7bf-4734-ac30-3b9c7cc34cb4 HTTP/1.1" status: 204 len: 168 time: 0.2963178
2026-02-25 20:44:41.837 10 INFO neutron.services.segments.plugin [-] Segment 14fe60bd-06a2-4740-9f9c-9e63746e5ae8 resource provider aggregate not found
2026-02-25 20:44:41.841 10 INFO neutron.services.segments.plugin [-] Segment 14fe60bd-06a2-4740-9f9c-9e63746e5ae8 resource provider aggregate not found
2026-02-25 20:44:41.861 9 WARNING neutron_lib.context [None req-4e6755e5-b34a-4378-a36a-32f25a5078d7 bf13d57a433e4ddab2d266b8be857099 29143c5327ac471f88ab26b57d7b8e5e - - default default] Method 'is_advsvc' is deprecated since 2023.2 release (neutron-lib 3.8.0) and will be removed once support for the old RBAC API policies will be removed from Neutron. Please use method 'is_service_role' instead.
2026-02-25 20:44:41.866 10 INFO neutron.services.segments.plugin [-] Segment 14fe60bd-06a2-4740-9f9c-9e63746e5ae8 resource provider not found; error: Placement Client Error (4xx): {"errors": [{"status": 404, "title": "Not Found", "detail": "The resource could not be found.\n\n No resource provider with uuid 14fe60bd-06a2-4740-9f9c-9e63746e5ae8 found for delete ", "request_id": "req-9800a6f8-8a24-4b48-9fe4-7dc66eea7387"}]}
2026-02-25 20:44:41.870 10 INFO neutron.services.segments.plugin [-] Segment 14fe60bd-06a2-4740-9f9c-9e63746e5ae8 resource provider not found; error: Placement Client Error (4xx): {"errors": [{"status": 404, "title": "Not Found", "detail": "The resource could not be found.\n\n No resource provider with uuid 14fe60bd-06a2-4740-9f9c-9e63746e5ae8 found for delete ", "request_id": "req-281a6d23-51fb-4b38-80bd-581b71ed2311"}]}
2026-02-25 20:44:41.881 10 INFO neutron.wsgi [None req-6d254ea9-470d-49b6-8427-7d7b7870bb42 fb2c8225306e408a94506d61ef376717 d6aa3598603c40bf884857a0b4d594e0 - - default default] 10.0.0.201 "DELETE /v2.0/networks/ae0658a2-ec6d-43dd-a731-9ae91dcdea25 HTTP/1.1" status: 204 len: 168 time: 0.4841208
2026-02-25 20:44:42.009 9 INFO neutron.db.ovn_revision_numbers_db [None req-4e6755e5-b34a-4378-a36a-32f25a5078d7 bf13d57a433e4ddab2d266b8be857099 29143c5327ac471f88ab26b57d7b8e5e - - default default] Successfully bumped revision number for resource 9acaabc3-59ad-4bb6-933f-0ca027ac4cb5 (type: security_groups) to 1
2026-02-25 20:44:42.023 9 INFO neutron.db.ovn_revision_numbers_db [None req-4e6755e5-b34a-4378-a36a-32f25a5078d7 bf13d57a433e4ddab2d266b8be857099 29143c5327ac471f88ab26b57d7b8e5e - - default default] Successfully bumped revision number for resource 241d76f6-7aec-4c35-9353-9964a4506bfb (type: security_group_rules) to 0
2026-02-25 20:44:42.036 9 INFO neutron.db.ovn_revision_numbers_db [None req-4e6755e5-b34a-4378-a36a-32f25a5078d7 bf13d57a433e4ddab2d266b8be857099 29143c5327ac471f88ab26b57d7b8e5e - - default default] Successfully bumped revision number for resource 4c2ab657-b281-49d1-b5ae-35186a2ab19b (type: security_group_rules) to 0
2026-02-25 20:44:42.050 9 INFO neutron.db.ovn_revision_numbers_db [None req-4e6755e5-b34a-4378-a36a-32f25a5078d7 bf13d57a433e4ddab2d266b8be857099 29143c5327ac471f88ab26b57d7b8e5e - - default default] Successfully bumped revision number for resource 5c0f6fe5-b313-40ca-9d1a-62989457ee24 (type: security_group_rules) to 0
2026-02-25 20:44:42.065 9 INFO neutron.db.ovn_revision_numbers_db [None req-4e6755e5-b34a-4378-a36a-32f25a5078d7 bf13d57a433e4ddab2d266b8be857099 29143c5327ac471f88ab26b57d7b8e5e - - default default] Successfully bumped revision number for resource a0c410d8-59ef-4091-bdb0-614c899eacf7 (type: security_group_rules) to 0
2026-02-25 20:44:42.130 9 INFO neutron.db.segments_db [None req-4e6755e5-b34a-4378-a36a-32f25a5078d7 bf13d57a433e4ddab2d266b8be857099 29143c5327ac471f88ab26b57d7b8e5e - - default default] Added segment 0247130e-7382-49fa-8565-69ac89f877df of type geneve for network 58c81050-cc80-441e-870a-760c97947cee
2026-02-25 20:44:42.274 9 INFO neutron.db.ovn_revision_numbers_db [None req-4e6755e5-b34a-4378-a36a-32f25a5078d7 bf13d57a433e4ddab2d266b8be857099 29143c5327ac471f88ab26b57d7b8e5e - - default default] Successfully bumped revision number for resource 58c81050-cc80-441e-870a-760c97947cee (type: networks) to 1
2026-02-25 20:44:42.470 9 WARNING neutron.scheduler.dhcp_agent_scheduler [None req-4e6755e5-b34a-4378-a36a-32f25a5078d7 bf13d57a433e4ddab2d266b8be857099 29143c5327ac471f88ab26b57d7b8e5e - - default default] No more DHCP agents
2026-02-25 20:44:42.473 9 WARNING neutron.api.rpc.agentnotifiers.dhcp_rpc_agent_api [None req-4e6755e5-b34a-4378-a36a-32f25a5078d7 bf13d57a433e4ddab2d266b8be857099 29143c5327ac471f88ab26b57d7b8e5e - - default default] Unable to schedule network 58c81050-cc80-441e-870a-760c97947cee: no agents available; will retry on subsequent port and subnet creation events.
2026-02-25 20:44:42.494 10 INFO neutron.wsgi [None req-02c78c4f-02ed-4b5b-a5e7-52f12a4919f4 0d698a8e394e402f8e10bb6fdf9b5b47 ac992b5c700d42a29ae73e602d023058 - - default default] 10.0.0.201 "GET /v2.0/security-groups?tenant_id=d6aa3598603c40bf884857a0b4d594e0&name=default HTTP/1.1" status: 200 len: 3120 time: 0.2121530
2026-02-25 20:44:42.558 9 INFO neutron.db.ovn_revision_numbers_db [None req-4e6755e5-b34a-4378-a36a-32f25a5078d7 bf13d57a433e4ddab2d266b8be857099 29143c5327ac471f88ab26b57d7b8e5e - - default default] Successfully bumped revision number for resource d8981d73-54c7-42f8-a53f-cb1c8792f45c (type: ports) to 1
2026-02-25 20:44:42.581 9 INFO neutron.wsgi [None req-4e6755e5-b34a-4378-a36a-32f25a5078d7 bf13d57a433e4ddab2d266b8be857099 29143c5327ac471f88ab26b57d7b8e5e - - default default] 10.0.0.201 "POST /v2.0/networks HTTP/1.1" status: 201 len: 843 time: 0.8532708
2026-02-25 20:44:42.590 9 WARNING neutron_lib.context [None req-1fa4a270-be86-41ab-b460-de595d31fc26 bf13d57a433e4ddab2d266b8be857099 29143c5327ac471f88ab26b57d7b8e5e - - default default] Method 'is_advsvc' is deprecated since 2023.2 release (neutron-lib 3.8.0) and will be removed once support for the old RBAC API policies will be removed from Neutron. Please use method 'is_service_role' instead.
2026-02-25 20:44:42.737 10 INFO neutron.wsgi [None req-f6570e57-1d3f-4461-b61f-b9eb226d181e 0d698a8e394e402f8e10bb6fdf9b5b47 ac992b5c700d42a29ae73e602d023058 - - default default] 10.0.0.201 "DELETE /v2.0/security-groups/450896ca-2338-42b0-b3fb-eabfbd5350bb HTTP/1.1" status: 204 len: 168 time: 0.2369504
2026-02-25 20:44:42.837 9 WARNING neutron.scheduler.dhcp_agent_scheduler [None req-1fa4a270-be86-41ab-b460-de595d31fc26 bf13d57a433e4ddab2d266b8be857099 29143c5327ac471f88ab26b57d7b8e5e - - default default] No more DHCP agents
2026-02-25 20:44:42.839 9 WARNING neutron.api.rpc.agentnotifiers.dhcp_rpc_agent_api [None req-1fa4a270-be86-41ab-b460-de595d31fc26 bf13d57a433e4ddab2d266b8be857099 29143c5327ac471f88ab26b57d7b8e5e - - default default] Unable to schedule network 58c81050-cc80-441e-870a-760c97947cee: no agents available; will retry on subsequent port and subnet creation events.
2026-02-25 20:44:42.927 9 INFO neutron.db.ovn_revision_numbers_db [None req-1fa4a270-be86-41ab-b460-de595d31fc26 bf13d57a433e4ddab2d266b8be857099 29143c5327ac471f88ab26b57d7b8e5e - - default default] Successfully bumped revision number for resource 23a1d338-2f7e-4872-98ec-c2f1f72f6efb (type: ports) to 1
2026-02-25 20:44:42.953 9 INFO neutron.wsgi [None req-1fa4a270-be86-41ab-b460-de595d31fc26 bf13d57a433e4ddab2d266b8be857099 29143c5327ac471f88ab26b57d7b8e5e - - default default] 10.0.0.201 "POST /v2.0/ports HTTP/1.1" status: 201 len: 973 time: 0.3680482 /var/lib/openstack/lib/python3.10/site-packages/pycadf/identifier.py:71: UserWarning: Invalid uuid: neutron. To ensure interoperability, identifiers should be a valid uuid. warnings.warn(('Invalid uuid: %s. To ensure interoperability, '
2026-02-25 20:44:42.968 9 WARNING neutron_lib.context [None req-49cd2101-2be3-45b3-be10-205fbb03148d bf13d57a433e4ddab2d266b8be857099 29143c5327ac471f88ab26b57d7b8e5e - - default default] Method 'is_advsvc' is deprecated since 2023.2 release (neutron-lib 3.8.0) and will be removed once support for the old RBAC API policies will be removed from Neutron. Please use method 'is_service_role' instead.
2026-02-25 20:44:43.054 9 INFO neutron.db.segments_db [None req-49cd2101-2be3-45b3-be10-205fbb03148d bf13d57a433e4ddab2d266b8be857099 29143c5327ac471f88ab26b57d7b8e5e - - default default] Added segment 7ad7a058-4ee9-46bd-8cac-731480612646 of type geneve for network 09df74b5-5cfb-47fd-81f7-ea4f293b1551
2026-02-25 20:44:43.192 9 INFO neutron.db.ovn_revision_numbers_db [None req-49cd2101-2be3-45b3-be10-205fbb03148d bf13d57a433e4ddab2d266b8be857099 29143c5327ac471f88ab26b57d7b8e5e - - default default] Successfully bumped revision number for resource 09df74b5-5cfb-47fd-81f7-ea4f293b1551 (type: networks) to 1
2026-02-25 20:44:43.328 10 INFO neutron.wsgi [None req-e23d1522-da0a-442d-8ddc-9ec8c7042953 69d88d8f0b1b44ac8683fcd34de260ff a6536017bf23488cb3fe00349d12d587 - - default default] 10.0.0.201 "GET /v2.0/extensions HTTP/1.1" status: 200 len: 18678 time: 0.1207192
2026-02-25 20:44:43.339 10 INFO neutron.wsgi [None req-a8e164db-f558-462d-aa51-2ee080d0b77a 69d88d8f0b1b44ac8683fcd34de260ff a6536017bf23488cb3fe00349d12d587 - - default default] 10.0.0.201 "GET /v2.0/extensions/address-group HTTP/1.1" status: 200 len: 353 time: 0.0043843
2026-02-25 20:44:43.342 10 INFO neutron.wsgi [-] 10.0.0.125 "GET / HTTP/1.1" status: 200 len: 247 time: 0.0013244
2026-02-25 20:44:43.344 10 INFO neutron.wsgi [-] 10.0.0.125 "GET / HTTP/1.1" status: 200 len: 247 time: 0.0009184
2026-02-25 20:44:43.347 9 INFO neutron.wsgi [None req-d720f035-58c4-4312-925e-20ba9b0db5ef 69d88d8f0b1b44ac8683fcd34de260ff a6536017bf23488cb3fe00349d12d587 - - default default] 10.0.0.201 "GET /v2.0/extensions/address-scope HTTP/1.1" status: 200 len: 357 time: 0.0051115
2026-02-25 20:44:43.365 10 INFO neutron.wsgi [None req-14f2f2e3-60ff-4df5-8a15-3db231f0d259 69d88d8f0b1b44ac8683fcd34de260ff a6536017bf23488cb3fe00349d12d587 - - default default] 10.0.0.201 "GET /v2.0/extensions/agent HTTP/1.1" status: 200 len: 347 time: 0.0051672
2026-02-25 20:44:43.374 10 INFO neutron.wsgi [None req-c454a7cb-fd56-4ab9-a63b-aa04bc250639 69d88d8f0b1b44ac8683fcd34de260ff a6536017bf23488cb3fe00349d12d587 - - default default] 10.0.0.201 "GET /v2.0/extensions/allowed-address-pairs HTTP/1.1" status: 200 len: 378 time: 0.0047562
2026-02-25 20:44:43.383 10 INFO neutron.wsgi [None req-076bd523-4509-414f-a92c-a961768b970a 69d88d8f0b1b44ac8683fcd34de260ff a6536017bf23488cb3fe00349d12d587 - - default default] 10.0.0.201 "GET /v2.0/extensions/auto-allocated-topology HTTP/1.1" status: 200 len: 394 time: 0.0050952
2026-02-25 20:44:43.394 9 INFO neutron.wsgi [None req-f594f847-d294-40dd-b091-8174cf2bc13e 69d88d8f0b1b44ac8683fcd34de260ff a6536017bf23488cb3fe00349d12d587 - - default default] 10.0.0.201 "GET /v2.0/extensions/availability_zone HTTP/1.1" status: 200 len: 372 time: 0.0060070
2026-02-25 20:44:43.402 9 INFO neutron.wsgi [None req-ae3a9750-418a-462a-81c6-3aa1e93dcedc 69d88d8f0b1b44ac8683fcd34de260ff a6536017bf23488cb3fe00349d12d587 - - default default] 10.0.0.201 "GET /v2.0/extensions/default-subnetpools HTTP/1.1" status: 200 len: 405 time: 0.0042977
2026-02-25 20:44:43.411 9 WARNING neutron.scheduler.dhcp_agent_scheduler [None req-49cd2101-2be3-45b3-be10-205fbb03148d bf13d57a433e4ddab2d266b8be857099 29143c5327ac471f88ab26b57d7b8e5e - - default default] No more DHCP agents
2026-02-25 20:44:43.415 9 INFO neutron.wsgi [None req-3e8cade7-5cdf-44c6-9ba4-817848c68fb1 69d88d8f0b1b44ac8683fcd34de260ff a6536017bf23488cb3fe00349d12d587 - - default default] 10.0.0.201 "GET /v2.0/extensions/dhcp_agent_scheduler HTTP/1.1" status: 200 len: 381 time: 0.0096443
2026-02-25 20:44:43.419 9 WARNING neutron.api.rpc.agentnotifiers.dhcp_rpc_agent_api [None req-49cd2101-2be3-45b3-be10-205fbb03148d bf13d57a433e4ddab2d266b8be857099 29143c5327ac471f88ab26b57d7b8e5e - - default default] Unable to schedule network 09df74b5-5cfb-47fd-81f7-ea4f293b1551: no agents available; will retry on subsequent port and subnet creation events.
2026-02-25 20:44:43.427 10 INFO neutron.wsgi [None req-7471e965-785c-4f6b-94d4-93f605a6eeff 69d88d8f0b1b44ac8683fcd34de260ff a6536017bf23488cb3fe00349d12d587 - - default default] 10.0.0.201 "GET /v2.0/extensions/dns-integration HTTP/1.1" status: 200 len: 366 time: 0.0056291
2026-02-25 20:44:43.436 9 INFO neutron.wsgi [None req-d9df78cb-bb36-4b8f-b890-6c06a05ef1dd 69d88d8f0b1b44ac8683fcd34de260ff a6536017bf23488cb3fe00349d12d587 - - default default] 10.0.0.201 "GET /v2.0/extensions/dns-domain-ports HTTP/1.1" status: 200 len: 399 time: 0.0064168
2026-02-25 20:44:43.445 10 INFO neutron.wsgi [None req-b83fa007-9984-40e6-8a61-5b5203b475e6 69d88d8f0b1b44ac8683fcd34de260ff a6536017bf23488cb3fe00349d12d587 - - default default] 10.0.0.201 "GET /v2.0/extensions/dns-integration-domain-keywords HTTP/1.1" status: 200 len: 477 time: 0.0044210
2026-02-25 20:44:43.453 9 INFO neutron.wsgi [None req-cfe21288-328c-440a-815b-abbfeb3da353 69d88d8f0b1b44ac8683fcd34de260ff a6536017bf23488cb3fe00349d12d587 - - default default] 10.0.0.201 "GET /v2.0/extensions/empty-string-filtering HTTP/1.1" status: 200 len: 413 time: 0.0051818
2026-02-25 20:44:43.466 10 INFO neutron.wsgi [None req-4b8b147b-26eb-4e1b-be0e-440e43d1b56f 69d88d8f0b1b44ac8683fcd34de260ff a6536017bf23488cb3fe00349d12d587 - - default default] 10.0.0.201 "GET /v2.0/extensions/external-net HTTP/1.1" status: 200 len: 394 time: 0.0066965
2026-02-25 20:44:43.479 10 INFO neutron.db.ovn_revision_numbers_db [None req-020dd20e-3dd5-4558-a2c2-ef8afa51e874 0d698a8e394e402f8e10bb6fdf9b5b47 ac992b5c700d42a29ae73e602d023058 - - default default] Successfully bumped revision number for resource eee93638-f9b1-4c10-9b96-79272c479953 (type: security_groups) to 1
2026-02-25 20:44:43.481 9 INFO neutron.wsgi [None req-7d4e7319-7db5-4aa3-b4d6-0481a33d2f4f 69d88d8f0b1b44ac8683fcd34de260ff a6536017bf23488cb3fe00349d12d587 - - default default] 10.0.0.201 "GET /v2.0/extensions/extra_dhcp_opt HTTP/1.1" status: 200 len: 498 time: 0.0050490
2026-02-25 20:44:43.495 10 INFO neutron.wsgi [None req-68634111-2c9b-4e8f-a0e0-bc3666ee172a 69d88d8f0b1b44ac8683fcd34de260ff a6536017bf23488cb3fe00349d12d587 - - default default] 10.0.0.201 "GET /v2.0/extensions/extraroute HTTP/1.1" status: 200 len: 375 time: 0.0079551
2026-02-25 20:44:43.502 10 INFO neutron.wsgi [None req-bf4baa30-e205-4c08-a847-96141f175b67 69d88d8f0b1b44ac8683fcd34de260ff a6536017bf23488cb3fe00349d12d587 - - default default] 10.0.0.201 "GET /v2.0/extensions/floating-ip-port-forwarding-detail HTTP/1.1" status: 200 len: 465 time: 0.0032914
2026-02-25 20:44:43.503 10 INFO neutron.db.ovn_revision_numbers_db [None req-020dd20e-3dd5-4558-a2c2-ef8afa51e874 0d698a8e394e402f8e10bb6fdf9b5b47 ac992b5c700d42a29ae73e602d023058 - - default default] Successfully bumped revision number for resource 4535b26e-533d-408a-a792-18815a74ce82 (type: security_group_rules) to 0
2026-02-25 20:44:43.510 9 INFO neutron.wsgi [None req-62b46e65-7763-42b7-a0cc-d590e2b7f8ed 69d88d8f0b1b44ac8683fcd34de260ff a6536017bf23488cb3fe00349d12d587 - - default default] 10.0.0.201 "GET /v2.0/extensions/fip-port-details HTTP/1.1" status: 200 len: 406 time: 0.0057702
2026-02-25 20:44:43.519 10 INFO neutron.wsgi [None req-7a5d60f6-c8f5-4bf9-84c3-67d176999bd0 69d88d8f0b1b44ac8683fcd34de260ff a6536017bf23488cb3fe00349d12d587 - - default default] 10.0.0.201 "GET /v2.0/extensions/flavors HTTP/1.1" status: 200 len: 387 time: 0.0049336
2026-02-25 20:44:43.520 10 INFO neutron.db.ovn_revision_numbers_db [None req-020dd20e-3dd5-4558-a2c2-ef8afa51e874 0d698a8e394e402f8e10bb6fdf9b5b47 ac992b5c700d42a29ae73e602d023058 - - default default] Successfully bumped revision number for resource b6adac6b-9853-441b-9033-3a74a6fa8b0a (type: security_group_rules) to 0
2026-02-25 20:44:43.527 10 INFO neutron.wsgi [None req-5279f602-e721-4bc2-9b45-2425789ab927 69d88d8f0b1b44ac8683fcd34de260ff a6536017bf23488cb3fe00349d12d587 - - default default] 10.0.0.201 "GET /v2.0/extensions/floatingip-pools HTTP/1.1" status: 200 len: 382 time: 0.0047469
2026-02-25 20:44:43.538 10 INFO neutron.db.ovn_revision_numbers_db [None req-020dd20e-3dd5-4558-a2c2-ef8afa51e874 0d698a8e394e402f8e10bb6fdf9b5b47 ac992b5c700d42a29ae73e602d023058 - - default default] Successfully bumped revision number for resource bc8a483e-18bf-4978-8a0a-03796960f8b1 (type: security_group_rules) to 0
2026-02-25 20:44:43.540 9 INFO neutron.wsgi [None req-738ac053-bda5-40c4-883d-22e01c9534b1 69d88d8f0b1b44ac8683fcd34de260ff a6536017bf23488cb3fe00349d12d587 - - default default] 10.0.0.201 "GET /v2.0/extensions/ip_allocation HTTP/1.1" status: 200 len: 356 time: 0.0077076
2026-02-25 20:44:43.541 9 INFO neutron.db.ovn_revision_numbers_db [None req-49cd2101-2be3-45b3-be10-205fbb03148d bf13d57a433e4ddab2d266b8be857099 29143c5327ac471f88ab26b57d7b8e5e - - default default] Successfully bumped revision number for resource c3da6c2c-5119-4336-9487-24e5f4327b9f (type: ports) to 1
2026-02-25 20:44:43.547 9 INFO neutron.wsgi [None req-38678978-e04d-4ac2-af8f-d077865d3d40 69d88d8f0b1b44ac8683fcd34de260ff a6536017bf23488cb3fe00349d12d587 - - default default] 10.0.0.201 "GET /v2.0/extensions/l2_adjacency HTTP/1.1" status: 200 len: 372 time: 0.0035162
2026-02-25 20:44:43.550 10 INFO neutron.db.ovn_revision_numbers_db [None req-020dd20e-3dd5-4558-a2c2-ef8afa51e874 0d698a8e394e402f8e10bb6fdf9b5b47 ac992b5c700d42a29ae73e602d023058 - - default default] Successfully bumped revision number for resource d10e52f2-6a93-4a77-a108-4d282f4f855e (type: security_group_rules) to 0
2026-02-25 20:44:43.556 9 INFO neutron.wsgi [None req-961945ad-a589-4c9d-a6d9-de55c18c6c0b 69d88d8f0b1b44ac8683fcd34de260ff a6536017bf23488cb3fe00349d12d587 - - default default] 10.0.0.201 "GET /v2.0/extensions/router HTTP/1.1" status: 200 len: 450 time: 0.0063291
2026-02-25 20:44:43.564 9 INFO neutron.wsgi [None req-3992ab99-9f07-49b4-be77-b62c0d7fd1a7 69d88d8f0b1b44ac8683fcd34de260ff a6536017bf23488cb3fe00349d12d587 - - default default] 10.0.0.201 "GET /v2.0/extensions/enable-default-route-bfd HTTP/1.1" status: 200 len: 406 time: 0.0048392
2026-02-25 20:44:43.572 9 INFO neutron.wsgi [None req-49cd2101-2be3-45b3-be10-205fbb03148d bf13d57a433e4ddab2d266b8be857099 29143c5327ac471f88ab26b57d7b8e5e - - default default] 10.0.0.201 "POST /v2.0/networks HTTP/1.1" status: 201 len: 831 time: 0.6090755
2026-02-25 20:44:43.572 10 INFO neutron.wsgi [None req-b049fd98-533e-4d77-9dce-d8a1a4fa27c6 69d88d8f0b1b44ac8683fcd34de260ff a6536017bf23488cb3fe00349d12d587 - - default default] 10.0.0.201 "GET /v2.0/extensions/enable-default-route-ecmp HTTP/1.1" status: 200 len: 409 time: 0.0046210
2026-02-25 20:44:43.575 10 INFO neutron.wsgi [None req-020dd20e-3dd5-4558-a2c2-ef8afa51e874 0d698a8e394e402f8e10bb6fdf9b5b47 ac992b5c700d42a29ae73e602d023058 - - default default] 10.0.0.201 "GET /v2.0/security-groups?tenant_id=4cd57a0e3d4b4b32915d7d64f8a0c0dc&name=default HTTP/1.1" status: 200 len: 3120 time: 0.2818806
2026-02-25 20:44:43.580 9 WARNING neutron_lib.context [None req-eb6b1bf6-5380-44a4-9049-273ad519c14d bf13d57a433e4ddab2d266b8be857099 29143c5327ac471f88ab26b57d7b8e5e - - default default] Method 'is_advsvc' is deprecated since 2023.2 release (neutron-lib 3.8.0) and will be removed once support for the old RBAC API policies will be removed from Neutron. Please use method 'is_service_role' instead.
2026-02-25 20:44:43.582 10 INFO neutron.wsgi [None req-66b7f056-a95e-4759-b283-9e40a8481965 69d88d8f0b1b44ac8683fcd34de260ff a6536017bf23488cb3fe00349d12d587 - - default default] 10.0.0.201 "GET /v2.0/extensions/ext-gw-mode HTTP/1.1" status: 200 len: 462 time: 0.0044065
2026-02-25 20:44:43.602 9 INFO neutron.wsgi [None req-503f3f61-fbd4-4425-b827-687c13f87050 69d88d8f0b1b44ac8683fcd34de260ff a6536017bf23488cb3fe00349d12d587 - - default default] 10.0.0.201 "GET /v2.0/extensions/l3-ha HTTP/1.1" status: 200 len: 360 time: 0.0139549
2026-02-25 20:44:43.613 10 INFO neutron.wsgi [None req-fe5267cc-1376-40f7-b6bb-22c1bfccd9c0 69d88d8f0b1b44ac8683fcd34de260ff a6536017bf23488cb3fe00349d12d587 - - default default] 10.0.0.201 "GET /v2.0/extensions/external-gateway-multihoming HTTP/1.1" status: 200 len: 421 time: 0.0056469
2026-02-25 20:44:43.621 10 INFO neutron.wsgi [None req-ebf893a5-81cb-46c0-8268-ab716dc75b08 69d88d8f0b1b44ac8683fcd34de260ff a6536017bf23488cb3fe00349d12d587 - - default default] 10.0.0.201 "GET /v2.0/extensions/l3-flavors HTTP/1.1" status: 200 len: 366 time: 0.0036938
2026-02-25 20:44:43.635 9 INFO neutron.wsgi [None req-b8fd3778-2d16-4471-81f8-feb971479170 69d88d8f0b1b44ac8683fcd34de260ff a6536017bf23488cb3fe00349d12d587 - - default default] 10.0.0.201 "GET /v2.0/extensions/logging HTTP/1.1" status: 200 len: 407 time: 0.0059364
2026-02-25 20:44:43.643 9 INFO neutron.wsgi [None req-c15cff6e-e809-49c2-a2ba-6c44693840ef 69d88d8f0b1b44ac8683fcd34de260ff a6536017bf23488cb3fe00349d12d587 - - default default] 10.0.0.201 "GET /v2.0/extensions/multi-provider HTTP/1.1" status: 200 len: 406 time: 0.0038342
2026-02-25 20:44:43.652 9 INFO neutron.wsgi [None req-b75c6c58-9ccc-46bc-85ab-77f292ac0998 69d88d8f0b1b44ac8683fcd34de260ff a6536017bf23488cb3fe00349d12d587 - - default default] 10.0.0.201 "GET /v2.0/extensions/net-mtu HTTP/1.1" status: 200 len: 370 time: 0.0052183
2026-02-25 20:44:43.661 10 INFO neutron.wsgi [None req-5e7f6b0c-1b18-4d41-aff4-25d04814eb83 69d88d8f0b1b44ac8683fcd34de260ff a6536017bf23488cb3fe00349d12d587 - - default default] 10.0.0.201 "GET /v2.0/extensions/net-mtu-writable HTTP/1.1" status: 200 len: 401 time: 0.0045214
2026-02-25 20:44:43.672 10 INFO neutron.wsgi [None req-591ad407-565f-48e1-a705-d38258b5f431 69d88d8f0b1b44ac8683fcd34de260ff a6536017bf23488cb3fe00349d12d587 - - default default] 10.0.0.201 "GET /v2.0/extensions/network_availability_zone HTTP/1.1" status: 200 len: 394 time: 0.0054870
2026-02-25 20:44:43.681 9 INFO neutron.wsgi [None req-c02a2ca4-e91c-4169-9b08-fd35d7984208 69d88d8f0b1b44ac8683fcd34de260ff a6536017bf23488cb3fe00349d12d587 - - default default] 10.0.0.201 "GET /v2.0/extensions/network-ip-availability HTTP/1.1" status: 200 len: 410 time: 0.0058525
2026-02-25 20:44:43.690 9 INFO neutron.wsgi [None req-85d82436-b404-4931-8423-5cb9e14f9df4 69d88d8f0b1b44ac8683fcd34de260ff a6536017bf23488cb3fe00349d12d587 - - default default] 10.0.0.201 "GET /v2.0/extensions/pagination HTTP/1.1" status: 200 len: 386 time: 0.0037475
2026-02-25 20:44:43.700 10 INFO neutron.wsgi [None req-0ea4161d-ed68-458c-bf9c-09fa1555bd07 69d88d8f0b1b44ac8683fcd34de260ff a6536017bf23488cb3fe00349d12d587 - - default default] 10.0.0.201 "GET /v2.0/extensions/port-device-profile HTTP/1.1" status: 200 len: 383 time: 0.0062795
2026-02-25 20:44:43.706 10 INFO neutron.wsgi [None req-6323836e-1af5-4c05-87d3-1f55584d76de 69d88d8f0b1b44ac8683fcd34de260ff a6536017bf23488cb3fe00349d12d587 - - default default] 10.0.0.201 "GET /v2.0/extensions/port-mac-address-regenerate HTTP/1.1" status: 200 len: 403 time: 0.0036583
2026-02-25 20:44:43.713 10 INFO neutron.wsgi [None req-02aefb39-777a-4788-b61c-f60e106e562a 69d88d8f0b1b44ac8683fcd34de260ff a6536017bf23488cb3fe00349d12d587 - - default default] 10.0.0.201 "GET /v2.0/extensions/port-numa-affinity-policy HTTP/1.1" status: 200 len: 392 time: 0.0037742
2026-02-25 20:44:43.719 10 INFO neutron.wsgi [None req-c132821e-0e3b-4c4d-b1ba-09cdfe865cb5 69d88d8f0b1b44ac8683fcd34de260ff a6536017bf23488cb3fe00349d12d587 - - default default] 10.0.0.201 "GET /v2.0/extensions/port-resource-request HTTP/1.1" status: 200 len: 379 time: 0.0034649
2026-02-25 20:44:43.728 10 INFO neutron.wsgi [None req-38de9b49-0c9b-4a41-92fe-3a6d1a201a9b 69d88d8f0b1b44ac8683fcd34de260ff a6536017bf23488cb3fe00349d12d587 - - default default] 10.0.0.201 "GET /v2.0/extensions/port-resource-request-groups HTTP/1.1" status: 200 len: 465 time: 0.0059834
2026-02-25 20:44:43.738 9 INFO neutron.wsgi [None req-e73b9cee-03dc-42fd-8d25-adf144d518fc 69d88d8f0b1b44ac8683fcd34de260ff a6536017bf23488cb3fe00349d12d587 - - default default] 10.0.0.201 "GET /v2.0/extensions/binding HTTP/1.1" status: 200 len: 387 time: 0.0066755
2026-02-25 20:44:43.749 9 INFO neutron.wsgi [None req-c03580a5-1176-490d-a4b2-49baa9a07938 69d88d8f0b1b44ac8683fcd34de260ff a6536017bf23488cb3fe00349d12d587 - - default default] 10.0.0.201 "GET /v2.0/extensions/binding-extended HTTP/1.1" status: 200 len: 406 time: 0.0073373
2026-02-25 20:44:43.761 9 INFO neutron.wsgi [None req-a23f70da-bf43-4e4b-8eeb-70bd914c513b 69d88d8f0b1b44ac8683fcd34de260ff a6536017bf23488cb3fe00349d12d587 - - default default] 10.0.0.201 "GET /v2.0/extensions/port-security HTTP/1.1" status: 200 len: 354 time: 0.0041482
2026-02-25 20:44:43.771 10 INFO neutron.wsgi [None req-f2b483a9-0d80-4002-9c72-74b05e6ca772 69d88d8f0b1b44ac8683fcd34de260ff a6536017bf23488cb3fe00349d12d587 - - default default] 10.0.0.201 "GET /v2.0/extensions/project-id HTTP/1.1" status: 200 len: 398 time: 0.0042019
2026-02-25 20:44:43.777 10 INFO neutron.wsgi [None req-394a7564-e457-4762-a4a8-8aa403418375 69d88d8f0b1b44ac8683fcd34de260ff a6536017bf23488cb3fe00349d12d587 - - default default] 10.0.0.201 "GET /v2.0/extensions/provider HTTP/1.1" status: 200 len: 385 time: 0.0033588
2026-02-25 20:44:43.783 10 INFO neutron.wsgi [None req-b0ecde4d-41b1-4f88-9887-267592f22b18 69d88d8f0b1b44ac8683fcd34de260ff a6536017bf23488cb3fe00349d12d587 - - default default] 10.0.0.201 "GET /v2.0/extensions/qos HTTP/1.1" status: 200 len: 360 time: 0.0029342
2026-02-25 20:44:43.789 10 INFO neutron.wsgi [None req-2b97448c-f42a-4c78-b248-a5eaadc299b7 69d88d8f0b1b44ac8683fcd34de260ff a6536017bf23488cb3fe00349d12d587 - - default default] 10.0.0.201 "GET /v2.0/extensions/qos-bw-limit-direction HTTP/1.1" status: 200 len: 452 time: 0.0029409
2026-02-25 20:44:43.797 9 INFO neutron.wsgi [None req-0bea4557-ced3-47df-94d3-26fbea5fab39 69d88d8f0b1b44ac8683fcd34de260ff a6536017bf23488cb3fe00349d12d587 - - default default] 10.0.0.201 "GET /v2.0/extensions/qos-bw-minimum-ingress HTTP/1.1" status: 200 len: 445 time: 0.0040715
2026-02-25 20:44:43.805 10 INFO neutron.wsgi [None req-83e1d89f-341b-45d8-a57a-ab12c07eadeb 69d88d8f0b1b44ac8683fcd34de260ff a6536017bf23488cb3fe00349d12d587 - - default default] 10.0.0.201 "GET /v2.0/extensions/qos-default HTTP/1.1" status: 200 len: 377 time: 0.0042465
2026-02-25 20:44:43.812 10 INFO neutron.wsgi [None req-951c3dc3-9302-4f90-a063-4d19480b4498 0d698a8e394e402f8e10bb6fdf9b5b47 ac992b5c700d42a29ae73e602d023058 - - default default] 10.0.0.201 "DELETE /v2.0/security-groups/eee93638-f9b1-4c10-9b96-79272c479953 HTTP/1.1" status: 204 len: 168 time: 0.2297635
2026-02-25 20:44:43.815 9 INFO neutron.wsgi [None req-47f21520-3673-44da-8f4e-9a8fa8349b9a 69d88d8f0b1b44ac8683fcd34de260ff a6536017bf23488cb3fe00349d12d587 - - default default] 10.0.0.201 "GET /v2.0/extensions/qos-fip HTTP/1.1" status: 200 len: 372 time: 0.0063531
2026-02-25 20:44:43.827 10 INFO neutron.wsgi [None req-83f57022-6c19-4962-a71c-fe01ca738f30 69d88d8f0b1b44ac8683fcd34de260ff a6536017bf23488cb3fe00349d12d587 - - default default] 10.0.0.201 "GET /v2.0/extensions/qos-gateway-ip HTTP/1.1" status: 200 len: 391 time: 0.0030878
2026-02-25 20:44:43.833 10 INFO neutron.wsgi [None req-1d3d8255-927d-4189-a96a-e2c026a143b9 69d88d8f0b1b44ac8683fcd34de260ff a6536017bf23488cb3fe00349d12d587 - - default default] 10.0.0.201 "GET /v2.0/extensions/qos-port-network-policy HTTP/1.1" status: 200 len: 403 time: 0.0038614
2026-02-25 20:44:43.841 10 INFO neutron.wsgi [None req-b3026178-2f8f-4914-b9f3-a8881a1bfec8 69d88d8f0b1b44ac8683fcd34de260ff a6536017bf23488cb3fe00349d12d587 - - default default] 10.0.0.201 "GET /v2.0/extensions/qos-pps-minimum HTTP/1.1" status: 200 len: 397 time: 0.0041540
