2026-02-25 20:44:49.033 9 INFO neutron.db.ovn_revision_numbers_db [None req-fa3933a4-9e9e-49bd-b1ef-a337db26a9fb 99898b714aae460ba2662121d32c15a0 9f45d34c3a9946abb33df7a8e662182a - - default default] Successfully bumped revision number for resource afc36f3c-f20a-4bff-8032-abf83095f16c (type: networks) to 1
2026-02-25 20:44:49.060 10 INFO neutron.wsgi [None req-d819f7f5-1720-4b7e-8508-ff1ad32aaa02 bf13d57a433e4ddab2d266b8be857099 29143c5327ac471f88ab26b57d7b8e5e - - default default] 10.0.0.201 "DELETE /v2.0/subnets/90e00cf6-0bd6-49df-b960-ada1aa6be307 HTTP/1.1" status: 204 len: 168 time: 0.2336369
2026-02-25 20:44:49.213 9 WARNING neutron.scheduler.dhcp_agent_scheduler [None req-fa3933a4-9e9e-49bd-b1ef-a337db26a9fb 99898b714aae460ba2662121d32c15a0 9f45d34c3a9946abb33df7a8e662182a - - default default] No more DHCP agents
2026-02-25 20:44:49.216 9 WARNING neutron.api.rpc.agentnotifiers.dhcp_rpc_agent_api [None req-fa3933a4-9e9e-49bd-b1ef-a337db26a9fb 99898b714aae460ba2662121d32c15a0 9f45d34c3a9946abb33df7a8e662182a - - default default] Unable to schedule network afc36f3c-f20a-4bff-8032-abf83095f16c: no agents available; will retry on subsequent port and subnet creation events.
2026-02-25 20:44:49.292 9 INFO neutron.db.ovn_revision_numbers_db [None req-fa3933a4-9e9e-49bd-b1ef-a337db26a9fb 99898b714aae460ba2662121d32c15a0 9f45d34c3a9946abb33df7a8e662182a - - default default] Successfully bumped revision number for resource 608a0c03-267e-42a7-86ca-581c1ebd7a41 (type: ports) to 1
2026-02-25 20:44:49.310 9 INFO neutron.wsgi [None req-fa3933a4-9e9e-49bd-b1ef-a337db26a9fb 99898b714aae460ba2662121d32c15a0 9f45d34c3a9946abb33df7a8e662182a - - default default] 10.0.0.201 "POST /v2.0/networks HTTP/1.1" status: 201 len: 846 time: 0.5285501
2026-02-25 20:44:49.484 9 INFO neutron.db.ovn_revision_numbers_db [None req-9be238bd-7d3a-4558-9412-f5d1b1abef5d 99898b714aae460ba2662121d32c15a0 9f45d34c3a9946abb33df7a8e662182a - - default default] Successfully bumped revision number for resource afc36f3c-f20a-4bff-8032-abf83095f16c (type: networks) to 2
2026-02-25 20:44:49.490 9 INFO neutron.wsgi [None req-9be238bd-7d3a-4558-9412-f5d1b1abef5d 99898b714aae460ba2662121d32c15a0 9f45d34c3a9946abb33df7a8e662182a - - default default] 10.0.0.201 "PUT /v2.0/networks/afc36f3c-f20a-4bff-8032-abf83095f16c HTTP/1.1" status: 200 len: 792 time: 0.1736279
2026-02-25 20:44:49.500 9 WARNING neutron_lib.context [None req-ee814e0e-f7ab-44a2-8b01-72248acd08b2 99898b714aae460ba2662121d32c15a0 9f45d34c3a9946abb33df7a8e662182a - - default default] Method 'is_advsvc' is deprecated since 2023.2 release (neutron-lib 3.8.0) and will be removed once support for the old RBAC API policies will be removed from Neutron. Please use method 'is_service_role' instead.
2026-02-25 20:44:49.573 10 INFO neutron.services.segments.plugin [-] Segment 66afddc4-0407-497d-ac0c-0ae9a7419358 resource provider aggregate not found
2026-02-25 20:44:49.577 10 INFO neutron.services.segments.plugin [-] Segment 66afddc4-0407-497d-ac0c-0ae9a7419358 resource provider aggregate not found
2026-02-25 20:44:49.598 10 INFO neutron.services.segments.plugin [-] Segment 66afddc4-0407-497d-ac0c-0ae9a7419358 resource provider not found; error: Placement Client Error (4xx): {"errors": [{"status": 404, "title": "Not Found", "detail": "The resource could not be found.\n\n No resource provider with uuid 66afddc4-0407-497d-ac0c-0ae9a7419358 found for delete ", "request_id": "req-c2441db3-aedf-41d7-badb-a43b476a8e8c"}]}
2026-02-25 20:44:49.603 10 INFO neutron.services.segments.plugin [-] Segment 66afddc4-0407-497d-ac0c-0ae9a7419358 resource provider not found; error: Placement Client Error (4xx): {"errors": [{"status": 404, "title": "Not Found", "detail": "The resource could not be found.\n\n No resource provider with uuid 66afddc4-0407-497d-ac0c-0ae9a7419358 found for delete ", "request_id": "req-d404ac0e-05a2-47de-ab1f-459772a0411e"}]}
2026-02-25 20:44:49.620 10 INFO neutron.wsgi [None req-7bb615de-0f71-48f8-a993-d0b4b5c6df4a bf13d57a433e4ddab2d266b8be857099 29143c5327ac471f88ab26b57d7b8e5e - - default default] 10.0.0.201 "DELETE /v2.0/networks/a243b44f-4ed6-408f-ae60-25cbd5c92e42 HTTP/1.1" status: 204 len: 168 time: 0.5562820
2026-02-25 20:44:49.636 10 WARNING neutron_lib.context [None req-8b44004b-a8ac-466e-a9ac-f01f85fc83df bf13d57a433e4ddab2d266b8be857099 29143c5327ac471f88ab26b57d7b8e5e - - default default] Method 'is_advsvc' is deprecated since 2023.2 release (neutron-lib 3.8.0) and will be removed once support for the old RBAC API policies will be removed from Neutron. Please use method 'is_service_role' instead.
2026-02-25 20:44:49.770 9 WARNING neutron.scheduler.dhcp_agent_scheduler [None req-ee814e0e-f7ab-44a2-8b01-72248acd08b2 99898b714aae460ba2662121d32c15a0 9f45d34c3a9946abb33df7a8e662182a - - default default] No more DHCP agents
2026-02-25 20:44:49.773 9 WARNING neutron.api.rpc.agentnotifiers.dhcp_rpc_agent_api [None req-ee814e0e-f7ab-44a2-8b01-72248acd08b2 99898b714aae460ba2662121d32c15a0 9f45d34c3a9946abb33df7a8e662182a - - default default] Unable to schedule network afc36f3c-f20a-4bff-8032-abf83095f16c: no agents available; will retry on subsequent port and subnet creation events.
2026-02-25 20:44:49.808 9 INFO neutron.db.ovn_revision_numbers_db [None req-ee814e0e-f7ab-44a2-8b01-72248acd08b2 99898b714aae460ba2662121d32c15a0 9f45d34c3a9946abb33df7a8e662182a - - default default] Successfully bumped revision number for resource 2500a775-4178-41af-8ad5-44a660920bb0 (type: subnets) to 0
2026-02-25 20:44:49.823 9 INFO neutron.wsgi [None req-ee814e0e-f7ab-44a2-8b01-72248acd08b2 99898b714aae460ba2662121d32c15a0 9f45d34c3a9946abb33df7a8e662182a - - default default] 10.0.0.201 "POST /v2.0/subnets HTTP/1.1" status: 201 len: 821 time: 0.3273311
2026-02-25 20:44:49.904 10 WARNING neutron.scheduler.dhcp_agent_scheduler [None req-8b44004b-a8ac-466e-a9ac-f01f85fc83df bf13d57a433e4ddab2d266b8be857099 29143c5327ac471f88ab26b57d7b8e5e - - default default] No more DHCP agents
2026-02-25 20:44:49.906 10 WARNING neutron.api.rpc.agentnotifiers.dhcp_rpc_agent_api [None req-8b44004b-a8ac-466e-a9ac-f01f85fc83df bf13d57a433e4ddab2d266b8be857099 29143c5327ac471f88ab26b57d7b8e5e - - default default] Unable to schedule network 58c81050-cc80-441e-870a-760c97947cee: no agents available; will retry on subsequent port and subnet creation events.
2026-02-25 20:44:49.997 10 INFO neutron.db.ovn_revision_numbers_db [None req-8b44004b-a8ac-466e-a9ac-f01f85fc83df bf13d57a433e4ddab2d266b8be857099 29143c5327ac471f88ab26b57d7b8e5e - - default default] Successfully bumped revision number for resource e14c5d98-9476-482e-b591-f42f3ab4ea6b (type: ports) to 1
2026-02-25 20:44:50.026 10 INFO neutron.wsgi [None req-8b44004b-a8ac-466e-a9ac-f01f85fc83df bf13d57a433e4ddab2d266b8be857099 29143c5327ac471f88ab26b57d7b8e5e - - default default] 10.0.0.201 "POST /v2.0/ports HTTP/1.1" status: 201 len: 973 time: 0.3956015 /var/lib/openstack/lib/python3.10/site-packages/pycadf/identifier.py:71: UserWarning: Invalid uuid: neutron. To ensure interoperability, identifiers should be a valid uuid. warnings.warn(('Invalid uuid: %s. To ensure interoperability, '
2026-02-25 20:44:50.260 10 INFO neutron.plugins.ml2.drivers.ovn.mech_driver.mech_driver [None req-c3854714-3512-4426-ab4e-5bcbda3ed518 - - - - - -] OVN reports status down for port: e14c5d98-9476-482e-b591-f42f3ab4ea6b
2026-02-25 20:44:50.299 10 INFO neutron.db.ovn_revision_numbers_db [None req-b51da476-6eb5-467d-8c35-55cb5226658a bf13d57a433e4ddab2d266b8be857099 29143c5327ac471f88ab26b57d7b8e5e - - default default] Successfully bumped revision number for resource e14c5d98-9476-482e-b591-f42f3ab4ea6b (type: ports) to 2
2026-02-25 20:44:50.309 10 INFO neutron.wsgi [None req-b51da476-6eb5-467d-8c35-55cb5226658a bf13d57a433e4ddab2d266b8be857099 29143c5327ac471f88ab26b57d7b8e5e - - default default] 10.0.0.201 "PUT /v2.0/ports/e14c5d98-9476-482e-b591-f42f3ab4ea6b HTTP/1.1" status: 200 len: 946 time: 0.2774975 /var/lib/openstack/lib/python3.10/site-packages/pycadf/identifier.py:71: UserWarning: Invalid uuid: neutron. To ensure interoperability, identifiers should be a valid uuid. warnings.warn(('Invalid uuid: %s. To ensure interoperability, '
2026-02-25 20:44:50.574 9 INFO neutron.db.ovn_revision_numbers_db [None req-39b2fd80-fd04-4617-94bf-cb71fa8474cd 99898b714aae460ba2662121d32c15a0 9f45d34c3a9946abb33df7a8e662182a - - default default] Successfully bumped revision number for resource 608a0c03-267e-42a7-86ca-581c1ebd7a41 (type: ports) to 2
2026-02-25 20:44:50.600 10 INFO neutron.wsgi [None req-9b2c4982-76a7-49db-99d5-7cf6af11d575 bf13d57a433e4ddab2d266b8be857099 29143c5327ac471f88ab26b57d7b8e5e - - default default] 10.0.0.201 "DELETE /v2.0/ports/e14c5d98-9476-482e-b591-f42f3ab4ea6b HTTP/1.1" status: 204 len: 168 time: 0.2871466
2026-02-25 20:44:50.625 9 INFO neutron.db.ovn_revision_numbers_db [None req-39b2fd80-fd04-4617-94bf-cb71fa8474cd 99898b714aae460ba2662121d32c15a0 9f45d34c3a9946abb33df7a8e662182a - - default default] Successfully bumped revision number for resource 2500a775-4178-41af-8ad5-44a660920bb0 (type: subnets) to 1
2026-02-25 20:44:50.629 9 INFO neutron.wsgi [None req-39b2fd80-fd04-4617-94bf-cb71fa8474cd 99898b714aae460ba2662121d32c15a0 9f45d34c3a9946abb33df7a8e662182a - - default default] 10.0.0.201 "PUT /v2.0/subnets/2500a775-4178-41af-8ad5-44a660920bb0 HTTP/1.1" status: 200 len: 826 time: 0.8003881
2026-02-25 20:44:50.728 9 INFO neutron.wsgi [None req-1656ec36-675e-42c6-a1bc-ab0a8ec62961 bf13d57a433e4ddab2d266b8be857099 29143c5327ac471f88ab26b57d7b8e5e - - default default] 10.0.0.201 "GET /v2.0/ports HTTP/1.1" status: 200 len: 1728 time: 0.1231334
2026-02-25 20:44:50.751 10 INFO neutron.pecan_wsgi.hooks.translation [None req-06bac569-fe20-437f-a815-1b05192b42c2 bf13d57a433e4ddab2d266b8be857099 29143c5327ac471f88ab26b57d7b8e5e - - default default] GET failed (client error): The resource could not be found.
2026-02-25 20:44:50.752 10 INFO neutron.wsgi [None req-06bac569-fe20-437f-a815-1b05192b42c2 bf13d57a433e4ddab2d266b8be857099 29143c5327ac471f88ab26b57d7b8e5e - - default default] 10.0.0.201 "GET /v2.0/ports/e14c5d98-9476-482e-b591-f42f3ab4ea6b HTTP/1.1" status: 404 len: 333 time: 0.0186090
2026-02-25 20:44:50.793 10 INFO neutron.wsgi [None req-c52edd50-0df3-4a86-8bdd-b61cc668ace0 bf13d57a433e4ddab2d266b8be857099 29143c5327ac471f88ab26b57d7b8e5e - - default default] 10.0.0.201 "GET /v2.0/ports HTTP/1.1" status: 200 len: 1728 time: 0.0333669
2026-02-25 20:44:50.828 10 INFO neutron.wsgi [None req-1ef39986-3f0c-44a3-8e27-521266a5f927 bf13d57a433e4ddab2d266b8be857099 29143c5327ac471f88ab26b57d7b8e5e - - default default] 10.0.0.201 "GET /v2.0/ports/23a1d338-2f7e-4872-98ec-c2f1f72f6efb HTTP/1.1" status: 200 len: 968 time: 0.0288682
2026-02-25 20:44:50.853 10 INFO neutron.pecan_wsgi.hooks.translation [None req-66232a4a-d065-4f1f-84ce-d3319e731459 bf13d57a433e4ddab2d266b8be857099 29143c5327ac471f88ab26b57d7b8e5e - - default default] DELETE failed (client error): The resource could not be found.
2026-02-25 20:44:50.856 10 INFO neutron.wsgi [None req-66232a4a-d065-4f1f-84ce-d3319e731459 bf13d57a433e4ddab2d266b8be857099 29143c5327ac471f88ab26b57d7b8e5e - - default default] 10.0.0.201 "DELETE /v2.0/ports/6755bf11-620f-44ac-999e-344a9400d243 HTTP/1.1" status: 404 len: 333 time: 0.0204711
2026-02-25 20:44:50.861 9 INFO neutron.db.ovn_revision_numbers_db [None req-cd610f2c-84bf-47c2-9704-bff400c23f3b 0d698a8e394e402f8e10bb6fdf9b5b47 ac992b5c700d42a29ae73e602d023058 - - default default] Successfully bumped revision number for resource 08b34135-f840-4c4d-8a05-5830c07fda8c (type: security_groups) to 1
2026-02-25 20:44:50.873 10 INFO neutron.pecan_wsgi.hooks.translation [None req-c636f531-5fe2-41ed-ac5c-d5941f9b4432 bf13d57a433e4ddab2d266b8be857099 29143c5327ac471f88ab26b57d7b8e5e - - default default] DELETE failed (client error): The resource could not be found.
2026-02-25 20:44:50.875 10 INFO neutron.wsgi [None req-c636f531-5fe2-41ed-ac5c-d5941f9b4432 bf13d57a433e4ddab2d266b8be857099 29143c5327ac471f88ab26b57d7b8e5e - - default default] 10.0.0.201 "DELETE /v2.0/subnets/90e00cf6-0bd6-49df-b960-ada1aa6be307 HTTP/1.1" status: 404 len: 337 time: 0.0135577
2026-02-25 20:44:50.878 9 INFO neutron.db.ovn_revision_numbers_db [None req-cd610f2c-84bf-47c2-9704-bff400c23f3b 0d698a8e394e402f8e10bb6fdf9b5b47 ac992b5c700d42a29ae73e602d023058 - - default default] Successfully bumped revision number for resource 15a27e18-0362-4f81-9503-c5ac426eb794 (type: security_group_rules) to 0
2026-02-25 20:44:50.892 10 INFO neutron.pecan_wsgi.hooks.translation [None req-a290c71c-8e8a-4ab9-a318-76037b89ef63 bf13d57a433e4ddab2d266b8be857099 29143c5327ac471f88ab26b57d7b8e5e - - default default] DELETE failed (client error): The resource could not be found.
2026-02-25 20:44:50.894 10 INFO neutron.wsgi [None req-a290c71c-8e8a-4ab9-a318-76037b89ef63 bf13d57a433e4ddab2d266b8be857099 29143c5327ac471f88ab26b57d7b8e5e - - default default] 10.0.0.201 "DELETE /v2.0/subnets/58043fa2-c627-4980-a407-2971c979cde6 HTTP/1.1" status: 404 len: 337 time: 0.0137148
2026-02-25 20:44:50.900 9 INFO neutron.db.ovn_revision_numbers_db [None req-cd610f2c-84bf-47c2-9704-bff400c23f3b 0d698a8e394e402f8e10bb6fdf9b5b47 ac992b5c700d42a29ae73e602d023058 - - default default] Successfully bumped revision number for resource 1a5bb2be-b8d4-49fe-8d7f-d22cc69af625 (type: security_group_rules) to 0
2026-02-25 20:44:50.912 9 INFO neutron.db.ovn_revision_numbers_db [None req-cd610f2c-84bf-47c2-9704-bff400c23f3b 0d698a8e394e402f8e10bb6fdf9b5b47 ac992b5c700d42a29ae73e602d023058 - - default default] Successfully bumped revision number for resource 2849e3f9-cd8b-49f4-96c0-a1d2cebefcea (type: security_group_rules) to 0
2026-02-25 20:44:50.927 9 INFO neutron.db.ovn_revision_numbers_db [None req-cd610f2c-84bf-47c2-9704-bff400c23f3b 0d698a8e394e402f8e10bb6fdf9b5b47 ac992b5c700d42a29ae73e602d023058 - - default default] Successfully bumped revision number for resource cf8c2a0a-3fc1-44fa-983f-625f97b88590 (type: security_group_rules) to 0
2026-02-25 20:44:50.957 9 INFO neutron.wsgi [None req-cd610f2c-84bf-47c2-9704-bff400c23f3b 0d698a8e394e402f8e10bb6fdf9b5b47 ac992b5c700d42a29ae73e602d023058 - - default default] 10.0.0.201 "GET /v2.0/security-groups?tenant_id=5450fd3ad7dc4c919a954f236f9672c8&name=default HTTP/1.1" status: 200 len: 3120 time: 0.5219738
2026-02-25 20:44:51.157 10 INFO neutron.wsgi [None req-924fd024-3ed9-43c1-831e-8708418e2715 bf13d57a433e4ddab2d266b8be857099 29143c5327ac471f88ab26b57d7b8e5e - - default default] 10.0.0.201 "DELETE /v2.0/ports/23a1d338-2f7e-4872-98ec-c2f1f72f6efb HTTP/1.1" status: 204 len: 168 time: 0.2581322
2026-02-25 20:44:51.189 9 INFO neutron.services.segments.plugin [-] Segment 58e0ca27-bb1c-4cf9-8e34-17c4b39876fe resource provider aggregate not found
2026-02-25 20:44:51.195 9 INFO neutron.services.segments.plugin [-] Segment 58e0ca27-bb1c-4cf9-8e34-17c4b39876fe resource provider aggregate not found
2026-02-25 20:44:51.205 9 INFO neutron.services.segments.plugin [-] Segment 58e0ca27-bb1c-4cf9-8e34-17c4b39876fe resource provider not found; error: Placement Client Error (4xx): {"errors": [{"status": 404, "title": "Not Found", "detail": "The resource could not be found.\n\n No resource provider with uuid 58e0ca27-bb1c-4cf9-8e34-17c4b39876fe found for delete ", "request_id": "req-c3cf5c08-d879-4b34-8344-4544f21180c7"}]}
2026-02-25 20:44:51.209 9 INFO neutron.services.segments.plugin [-] Segment 58e0ca27-bb1c-4cf9-8e34-17c4b39876fe resource provider not found; error: Placement Client Error (4xx): {"errors": [{"status": 404, "title": "Not Found", "detail": "The resource could not be found.\n\n No resource provider with uuid 58e0ca27-bb1c-4cf9-8e34-17c4b39876fe found for delete ", "request_id": "req-c8ea3ae3-5462-4857-9ec7-5e433235a877"}]}
2026-02-25 20:44:51.231 9 INFO neutron.wsgi [None req-cecfd286-2ac0-4e6c-9b6c-379b73ffc188 99898b714aae460ba2662121d32c15a0 9f45d34c3a9946abb33df7a8e662182a - - default default] 10.0.0.201 "DELETE /v2.0/networks/afc36f3c-f20a-4bff-8032-abf83095f16c HTTP/1.1" status: 204 len: 168 time: 0.5943756
2026-02-25 20:44:51.234 10 INFO neutron.wsgi [None req-655cbfc6-2341-499c-b696-a9e027606bfc 0d698a8e394e402f8e10bb6fdf9b5b47 ac992b5c700d42a29ae73e602d023058 - - default default] 10.0.0.201 "DELETE /v2.0/security-groups/08b34135-f840-4c4d-8a05-5830c07fda8c HTTP/1.1" status: 204 len: 168 time: 0.2702944
2026-02-25 20:44:51.250 9 INFO neutron.pecan_wsgi.hooks.translation [None req-9642745c-be6f-4070-9c4a-776aa95f325b 99898b714aae460ba2662121d32c15a0 9f45d34c3a9946abb33df7a8e662182a - - default default] DELETE failed (client error): The resource could not be found.
2026-02-25 20:44:51.252 9 INFO neutron.wsgi [None req-9642745c-be6f-4070-9c4a-776aa95f325b 99898b714aae460ba2662121d32c15a0 9f45d34c3a9946abb33df7a8e662182a - - default default] 10.0.0.201 "DELETE /v2.0/networks/afc36f3c-f20a-4bff-8032-abf83095f16c HTTP/1.1" status: 404 len: 339 time: 0.0147533
2026-02-25 20:44:51.349 9 INFO neutron.wsgi [None req-25228cd3-4b5b-4922-9ee7-188aa7aab58e 99898b714aae460ba2662121d32c15a0 9f45d34c3a9946abb33df7a8e662182a - - default default] 10.0.0.201 "GET /v2.0/networks?router%3Aexternal=True HTTP/1.1" status: 200 len: 845 time: 0.0899181
2026-02-25 20:44:51.398 9 INFO neutron.wsgi [None req-d4519883-d0ce-4f03-aaa0-e493ec1892cf 99898b714aae460ba2662121d32c15a0 9f45d34c3a9946abb33df7a8e662182a - - default default] 10.0.0.201 "GET /v2.0/subnets?network_id=5e95440b-9725-43e7-8645-6764810256b5 HTTP/1.1" status: 200 len: 820 time: 0.0438173
2026-02-25 20:44:51.408 9 INFO neutron.wsgi [None req-fa2e5187-f475-4dea-b50a-31462ec21aaa 99898b714aae460ba2662121d32c15a0 9f45d34c3a9946abb33df7a8e662182a - - default default] 10.0.0.201 "GET /v2.0/extensions HTTP/1.1" status: 200 len: 18678 time: 0.0061507
2026-02-25 20:44:51.496 10 INFO neutron.wsgi [None req-55a5af56-016b-4e0d-b64a-8713bc52b3a2 99898b714aae460ba2662121d32c15a0 9f45d34c3a9946abb33df7a8e662182a - - default default] 10.0.0.201 "GET /v2.0/networks HTTP/1.1" status: 200 len: 1507 time: 0.0837421
2026-02-25 20:44:51.533 9 INFO neutron.db.ovn_revision_numbers_db [None req-64406a6a-72fd-4a65-ac48-250674749a28 0d698a8e394e402f8e10bb6fdf9b5b47 ac992b5c700d42a29ae73e602d023058 - - default default] Successfully bumped revision number for resource 2e96aa08-a0cf-4574-bcfb-db9311909adf (type: security_groups) to 1
2026-02-25 20:44:51.544 9 INFO neutron.db.ovn_revision_numbers_db [None req-64406a6a-72fd-4a65-ac48-250674749a28 0d698a8e394e402f8e10bb6fdf9b5b47 ac992b5c700d42a29ae73e602d023058 - - default default] Successfully bumped revision number for resource 2aee74e3-3e2f-461c-a9d6-682b1f291d19 (type: security_group_rules) to 0
2026-02-25 20:44:51.550 10 INFO neutron.wsgi [None req-f2ac9f7a-4903-4893-9828-c5565cce2ba7 99898b714aae460ba2662121d32c15a0 9f45d34c3a9946abb33df7a8e662182a - - default default] 10.0.0.201 "GET /v2.0/subnets HTTP/1.1" status: 200 len: 1460 time: 0.0441914
2026-02-25 20:44:51.562 9 INFO neutron.db.ovn_revision_numbers_db [None req-64406a6a-72fd-4a65-ac48-250674749a28 0d698a8e394e402f8e10bb6fdf9b5b47 ac992b5c700d42a29ae73e602d023058 - - default default] Successfully bumped revision number for resource 41b91ebb-2221-422a-bca0-8987c30a9456 (type: security_group_rules) to 0
2026-02-25 20:44:51.596 9 INFO neutron.db.ovn_revision_numbers_db [None req-64406a6a-72fd-4a65-ac48-250674749a28 0d698a8e394e402f8e10bb6fdf9b5b47 ac992b5c700d42a29ae73e602d023058 - - default default] Successfully bumped revision number for resource 6b90e451-c323-4365-87df-4723d5aaa079 (type: security_group_rules) to 0
2026-02-25 20:44:51.612 9 INFO neutron.db.ovn_revision_numbers_db [None req-64406a6a-72fd-4a65-ac48-250674749a28 0d698a8e394e402f8e10bb6fdf9b5b47 ac992b5c700d42a29ae73e602d023058 - - default default] Successfully bumped revision number for resource e148109a-cd2a-4618-9989-6e9f78a1a952 (type: security_group_rules) to 0
2026-02-25 20:44:51.614 10 INFO neutron.wsgi [None req-1a47887b-d013-4784-8d9a-57cf85053306 bf13d57a433e4ddab2d266b8be857099 29143c5327ac471f88ab26b57d7b8e5e - - default default] 10.0.0.201 "DELETE /v2.0/networks/58c81050-cc80-441e-870a-760c97947cee HTTP/1.1" status: 204 len: 168 time: 0.4524586
2026-02-25 20:44:51.617 10 INFO neutron.services.segments.plugin [-] Segment 0247130e-7382-49fa-8565-69ac89f877df resource provider aggregate not found
2026-02-25 20:44:51.627 10 INFO neutron.services.segments.plugin [-] Segment 0247130e-7382-49fa-8565-69ac89f877df resource provider aggregate not found
2026-02-25 20:44:51.630 10 INFO neutron.services.segments.plugin [-] Segment 0247130e-7382-49fa-8565-69ac89f877df resource provider not found; error: Placement Client Error (4xx): {"errors": [{"status": 404, "title": "Not Found", "detail": "The resource could not be found.\n\n No resource provider with uuid 0247130e-7382-49fa-8565-69ac89f877df found for delete ", "request_id": "req-d8cbd2e1-e7f0-43af-9634-a0e4b13c5f09"}]}
2026-02-25 20:44:51.632 9 INFO neutron.wsgi [None req-821a3799-2804-4a5f-a964-9e113f09fb4c 99898b714aae460ba2662121d32c15a0 9f45d34c3a9946abb33df7a8e662182a - - default default] 10.0.0.201 "GET /v2.0/networks/a6c8ea21-9ccb-4827-b0aa-cc3ed1d183de HTTP/1.1" status: 200 len: 866 time: 0.0786307
2026-02-25 20:44:51.635 9 INFO neutron.wsgi [None req-64406a6a-72fd-4a65-ac48-250674749a28 0d698a8e394e402f8e10bb6fdf9b5b47 ac992b5c700d42a29ae73e602d023058 - - default default] 10.0.0.201 "GET /v2.0/security-groups?tenant_id=de88ece2c75d40d88fd503ea3bdb2cc0&name=default HTTP/1.1" status: 200 len: 3120 time: 0.2267194
2026-02-25 20:44:51.644 10 INFO neutron.services.segments.plugin [-] Segment 0247130e-7382-49fa-8565-69ac89f877df resource provider not found; error: Placement Client Error (4xx): {"errors": [{"status": 404, "title": "Not Found", "detail": "The resource could not be found.\n\n No resource provider with uuid 0247130e-7382-49fa-8565-69ac89f877df found for delete ", "request_id": "req-05076d58-b765-4b65-a05f-249a3a470e79"}]}
2026-02-25 20:44:51.664 10 INFO neutron.wsgi [None req-197420cf-5871-4469-9964-b7ef7e117219 99898b714aae460ba2662121d32c15a0 9f45d34c3a9946abb33df7a8e662182a - - default default] 10.0.0.201 "GET /v2.0/subnets/aead2bed-88f3-42bb-b484-5a5861d77325 HTTP/1.1" status: 200 len: 843 time: 0.0281856
2026-02-25 20:44:51.682 10 INFO neutron.pecan_wsgi.hooks.translation [None req-6b86599d-a457-4fca-a4b1-09c179cde67a 99898b714aae460ba2662121d32c15a0 9f45d34c3a9946abb33df7a8e662182a - - default default] DELETE failed (client error): The resource could not be found.
2026-02-25 20:44:51.685 10 INFO neutron.wsgi [None req-6b86599d-a457-4fca-a4b1-09c179cde67a 99898b714aae460ba2662121d32c15a0 9f45d34c3a9946abb33df7a8e662182a - - default default] 10.0.0.201 "DELETE /v2.0/subnets/2500a775-4178-41af-8ad5-44a660920bb0 HTTP/1.1" status: 404 len: 337 time: 0.0168273
2026-02-25 20:44:51.704 10 INFO neutron.pecan_wsgi.hooks.translation [None req-4b2a5da8-f111-458f-bba7-b04003387890 99898b714aae460ba2662121d32c15a0 9f45d34c3a9946abb33df7a8e662182a - - default default] DELETE failed (client error): The resource could not be found.
2026-02-25 20:44:51.707 10 INFO neutron.wsgi [None req-4b2a5da8-f111-458f-bba7-b04003387890 99898b714aae460ba2662121d32c15a0 9f45d34c3a9946abb33df7a8e662182a - - default default] 10.0.0.201 "DELETE /v2.0/networks/afc36f3c-f20a-4bff-8032-abf83095f16c HTTP/1.1" status: 404 len: 339 time: 0.0190372
2026-02-25 20:44:51.852 9 INFO neutron.wsgi [None req-00f1d6ce-4816-426b-b2de-356edd7dbf84 0d698a8e394e402f8e10bb6fdf9b5b47 ac992b5c700d42a29ae73e602d023058 - - default default] 10.0.0.201 "DELETE /v2.0/security-groups/2e96aa08-a0cf-4574-bcfb-db9311909adf HTTP/1.1" status: 204 len: 168 time: 0.2097709
2026-02-25 20:44:51.905 10 INFO neutron.wsgi [None req-9599f26e-1ef9-4fd1-93b6-e5d7b314125a 99898b714aae460ba2662121d32c15a0 9f45d34c3a9946abb33df7a8e662182a - - default default] 10.0.0.201 "DELETE /v2.0/subnets/aead2bed-88f3-42bb-b484-5a5861d77325 HTTP/1.1" status: 204 len: 168 time: 0.1910958
2026-02-25 20:44:52.255 9 INFO neutron.wsgi [None req-78c22fd5-fbd5-4324-8edc-62d027c4179d 0d698a8e394e402f8e10bb6fdf9b5b47 ac992b5c700d42a29ae73e602d023058 - - default default] 10.0.0.201 "GET /v2.0/security-groups?tenant_id=29143c5327ac471f88ab26b57d7b8e5e&name=default HTTP/1.1" status: 200 len: 3120 time: 0.1533144
2026-02-25 20:44:52.338 10 INFO neutron.wsgi [None req-d889be74-4a5c-4998-8876-26c73b3e5a95 99898b714aae460ba2662121d32c15a0 9f45d34c3a9946abb33df7a8e662182a - - default default] 10.0.0.201 "DELETE /v2.0/networks/a6c8ea21-9ccb-4827-b0aa-cc3ed1d183de HTTP/1.1" status: 204 len: 168 time: 0.4249990
2026-02-25 20:44:52.482 9 INFO neutron.wsgi [None req-32020f9c-3bd5-4582-8bdc-0f984d3b19ec 0d698a8e394e402f8e10bb6fdf9b5b47 ac992b5c700d42a29ae73e602d023058 - - default default] 10.0.0.201 "DELETE /v2.0/security-groups/9acaabc3-59ad-4bb6-933f-0ca027ac4cb5 HTTP/1.1" status: 204 len: 168 time: 0.2213931
2026-02-25 20:44:53.011 10 INFO neutron.wsgi [None req-4672d5b6-5ea2-4a79-b479-b9b4113fea49 0d698a8e394e402f8e10bb6fdf9b5b47 ac992b5c700d42a29ae73e602d023058 - - default default] 10.0.0.201 "GET /v2.0/security-groups?tenant_id=9f45d34c3a9946abb33df7a8e662182a&name=default HTTP/1.1" status: 200 len: 3120 time: 0.1450377
2026-02-25 20:44:53.240 10 INFO neutron.wsgi [None req-cf9b365f-d97a-4bb0-ac4a-fafcd4074915 0d698a8e394e402f8e10bb6fdf9b5b47 ac992b5c700d42a29ae73e602d023058 - - default default] 10.0.0.201 "DELETE /v2.0/security-groups/6dfdff85-2bc2-4b4a-b258-e01244a7c730 HTTP/1.1" status: 204 len: 168 time: 0.2237482
2026-02-25 20:44:53.652 10 INFO neutron.services.segments.plugin [-] Segment 0526f5a1-2f35-4aa7-af13-302de5b67dc5 resource provider aggregate not found
2026-02-25 20:44:53.663 10 INFO neutron.services.segments.plugin [-] Segment 0526f5a1-2f35-4aa7-af13-302de5b67dc5 resource provider aggregate not found
2026-02-25 20:44:53.668 10 INFO neutron.services.segments.plugin [-] Segment 0526f5a1-2f35-4aa7-af13-302de5b67dc5 resource provider not found; error: Placement Client Error (4xx): {"errors": [{"status": 404, "title": "Not Found", "detail": "The resource could not be found.\n\n No resource provider with uuid 0526f5a1-2f35-4aa7-af13-302de5b67dc5 found for delete ", "request_id": "req-a454d976-2d7c-417e-8db5-3d4d5d015356"}]}
2026-02-25 20:44:53.677 10 INFO neutron.services.segments.plugin [-] Segment 0526f5a1-2f35-4aa7-af13-302de5b67dc5 resource provider not found; error: Placement Client Error (4xx): {"errors": [{"status": 404, "title": "Not Found", "detail": "The resource could not be found.\n\n No resource provider with uuid 0526f5a1-2f35-4aa7-af13-302de5b67dc5 found for delete ", "request_id": "req-d63b0d5c-88e9-43ee-9cc0-6425a44bd6a9"}]}
2026-02-25 20:44:53.725 9 INFO neutron.db.ovn_revision_numbers_db [None req-13503be3-1894-4b13-a9b3-64c172069beb 0d698a8e394e402f8e10bb6fdf9b5b47 ac992b5c700d42a29ae73e602d023058 - - default default] Successfully bumped revision number for resource ee1a2ebb-209d-4ce0-85dc-01843455120f (type: security_groups) to 1
2026-02-25 20:44:53.741 9 INFO neutron.db.ovn_revision_numbers_db [None req-13503be3-1894-4b13-a9b3-64c172069beb 0d698a8e394e402f8e10bb6fdf9b5b47 ac992b5c700d42a29ae73e602d023058 - - default default] Successfully bumped revision number for resource 6d83fc79-3681-4267-bf0c-6f369c806ae4 (type: security_group_rules) to 0
2026-02-25 20:44:53.753 9 INFO neutron.db.ovn_revision_numbers_db [None req-13503be3-1894-4b13-a9b3-64c172069beb 0d698a8e394e402f8e10bb6fdf9b5b47 ac992b5c700d42a29ae73e602d023058 - - default default] Successfully bumped revision number for resource c8adfec0-e6dc-4600-85fc-e885dd4aeb3c (type: security_group_rules) to 0
2026-02-25 20:44:53.766 9 INFO neutron.db.ovn_revision_numbers_db [None req-13503be3-1894-4b13-a9b3-64c172069beb 0d698a8e394e402f8e10bb6fdf9b5b47 ac992b5c700d42a29ae73e602d023058 - - default default] Successfully bumped revision number for resource e12ea5fa-93a8-47cc-a0e2-fa0a38ffae88 (type: security_group_rules) to 0
2026-02-25 20:44:53.778 9 INFO neutron.db.ovn_revision_numbers_db [None req-13503be3-1894-4b13-a9b3-64c172069beb 0d698a8e394e402f8e10bb6fdf9b5b47 ac992b5c700d42a29ae73e602d023058 - - default default] Successfully bumped revision number for resource f642e676-426c-4c22-81e0-3178f0594dfb (type: security_group_rules) to 0
2026-02-25 20:44:53.799 9 INFO neutron.wsgi [None req-13503be3-1894-4b13-a9b3-64c172069beb 0d698a8e394e402f8e10bb6fdf9b5b47 ac992b5c700d42a29ae73e602d023058 - - default default] 10.0.0.201 "GET /v2.0/security-groups?tenant_id=1a31629b77d4402fa34381c1fe180dfc&name=default HTTP/1.1" status: 200 len: 3120 time: 0.2816613
2026-02-25 20:44:54.029 10 INFO neutron.wsgi [None req-75bd7a42-a1bd-47d5-a5a7-9f62efbbb7ce 0d698a8e394e402f8e10bb6fdf9b5b47 ac992b5c700d42a29ae73e602d023058 - - default default] 10.0.0.201 "DELETE /v2.0/security-groups/ee1a2ebb-209d-4ce0-85dc-01843455120f HTTP/1.1" status: 204 len: 168 time: 0.2249529
2026-02-25 20:44:54.334 10 INFO neutron.db.ovn_revision_numbers_db [None req-282eb4b1-bac2-4d32-adb8-93e27771dd2d 0d698a8e394e402f8e10bb6fdf9b5b47 ac992b5c700d42a29ae73e602d023058 - - default default] Successfully bumped revision number for resource f0ee553b-d047-4506-8897-48b3a7d22f9a (type: security_groups) to 1
2026-02-25 20:44:54.360 10 INFO neutron.db.ovn_revision_numbers_db [None req-282eb4b1-bac2-4d32-adb8-93e27771dd2d 0d698a8e394e402f8e10bb6fdf9b5b47 ac992b5c700d42a29ae73e602d023058 - - default default] Successfully bumped revision number for resource 0f241363-fb8c-448f-9345-0e682b9fd0fc (type: security_group_rules) to 0
2026-02-25 20:44:54.377 10 INFO neutron.db.ovn_revision_numbers_db [None req-282eb4b1-bac2-4d32-adb8-93e27771dd2d 0d698a8e394e402f8e10bb6fdf9b5b47 ac992b5c700d42a29ae73e602d023058 - - default default] Successfully bumped revision number for resource 19f6da68-28e4-4b2b-be89-d9f430fcbf2a (type: security_group_rules) to 0
2026-02-25 20:44:54.396 10 INFO neutron.db.ovn_revision_numbers_db [None req-282eb4b1-bac2-4d32-adb8-93e27771dd2d 0d698a8e394e402f8e10bb6fdf9b5b47 ac992b5c700d42a29ae73e602d023058 - - default default] Successfully bumped revision number for resource 39cb648c-82d9-4ab6-88c4-0ae6def11936 (type: security_group_rules) to 0
2026-02-25 20:44:54.413 10 INFO neutron.db.ovn_revision_numbers_db [None req-282eb4b1-bac2-4d32-adb8-93e27771dd2d 0d698a8e394e402f8e10bb6fdf9b5b47 ac992b5c700d42a29ae73e602d023058 - - default default] Successfully bumped revision number for resource 830af4b6-3d0b-41bb-9c92-ced009498b6a (type: security_group_rules) to 0
2026-02-25 20:44:54.467 10 INFO neutron.wsgi [None req-282eb4b1-bac2-4d32-adb8-93e27771dd2d 0d698a8e394e402f8e10bb6fdf9b5b47 ac992b5c700d42a29ae73e602d023058 - - default default] 10.0.0.201 "GET /v2.0/security-groups?tenant_id=0351a260f6ab4c4db9ada526089e8833&name=default HTTP/1.1" status: 200 len: 3120 time: 0.2642496
2026-02-25 20:44:54.491 10 INFO neutron.db.ovn_revision_numbers_db [None req-667d86d7-a3bd-4961-bacb-1f6db2092e46 0d698a8e394e402f8e10bb6fdf9b5b47 ac992b5c700d42a29ae73e602d023058 - - default default] Successfully bumped revision number for resource 08d320a9-cd32-4576-833e-7935466ee42d (type: security_groups) to 1
2026-02-25 20:44:54.510 10 INFO neutron.db.ovn_revision_numbers_db [None req-667d86d7-a3bd-4961-bacb-1f6db2092e46 0d698a8e394e402f8e10bb6fdf9b5b47 ac992b5c700d42a29ae73e602d023058 - - default default] Successfully bumped revision number for resource 7dd58fb0-b7ed-4e53-bb03-3b3d8e6c1b9f (type: security_group_rules) to 0
2026-02-25 20:44:54.524 10 INFO neutron.db.ovn_revision_numbers_db [None req-667d86d7-a3bd-4961-bacb-1f6db2092e46 0d698a8e394e402f8e10bb6fdf9b5b47 ac992b5c700d42a29ae73e602d023058 - - default default] Successfully bumped revision number for resource 93fdfb93-cb1e-4f8a-8823-428e9552c791 (type: security_group_rules) to 0
2026-02-25 20:44:54.543 10 INFO neutron.db.ovn_revision_numbers_db [None req-667d86d7-a3bd-4961-bacb-1f6db2092e46 0d698a8e394e402f8e10bb6fdf9b5b47 ac992b5c700d42a29ae73e602d023058 - - default default] Successfully bumped revision number for resource a6802b64-22a2-47d1-9d72-b2e2544e868a (type: security_group_rules) to 0
2026-02-25 20:44:54.557 10 INFO neutron.db.ovn_revision_numbers_db [None req-667d86d7-a3bd-4961-bacb-1f6db2092e46 0d698a8e394e402f8e10bb6fdf9b5b47 ac992b5c700d42a29ae73e602d023058 - - default default] Successfully bumped revision number for resource cb1a931e-2d53-49ac-8508-666c4f7d313f (type: security_group_rules) to 0
2026-02-25 20:44:54.577 10 INFO neutron.wsgi [None req-667d86d7-a3bd-4961-bacb-1f6db2092e46 0d698a8e394e402f8e10bb6fdf9b5b47 ac992b5c700d42a29ae73e602d023058 - - default default] 10.0.0.201 "GET /v2.0/security-groups?tenant_id=296b081c6e20452b9a9a34753e78a982&name=default HTTP/1.1" status: 200 len: 3120 time: 0.4157965
2026-02-25 20:44:54.774 9 INFO neutron.wsgi [None req-415db8a1-7b35-40fe-8897-55e7e69b6517 0d698a8e394e402f8e10bb6fdf9b5b47 ac992b5c700d42a29ae73e602d023058 - - default default] 10.0.0.201 "DELETE /v2.0/security-groups/f0ee553b-d047-4506-8897-48b3a7d22f9a HTTP/1.1" status: 204 len: 168 time: 0.2865617
2026-02-25 20:44:54.851 9 INFO neutron.wsgi [None req-0589a6f3-8067-4441-ba1a-1024bb746ca9 0d698a8e394e402f8e10bb6fdf9b5b47 ac992b5c700d42a29ae73e602d023058 - - default default] 10.0.0.201 "DELETE /v2.0/security-groups/08d320a9-cd32-4576-833e-7935466ee42d HTTP/1.1" status: 204 len: 168 time: 0.2618458
2026-02-25 20:44:55.323 9 WARNING neutron_lib.context [None req-4d133a31-e34b-4d2d-9777-d2428d9eeb7b 7fb7862fd3ca482a89411bc8905ee34d 194d1a2b5d5c403085c50525cf6c1d09 - - default default] Method 'is_advsvc' is deprecated since 2023.2 release (neutron-lib 3.8.0) and will be removed once support for the old RBAC API policies will be removed from Neutron. Please use method 'is_service_role' instead.
2026-02-25 20:44:55.491 9 INFO neutron.db.ovn_revision_numbers_db [None req-4d133a31-e34b-4d2d-9777-d2428d9eeb7b 7fb7862fd3ca482a89411bc8905ee34d 194d1a2b5d5c403085c50525cf6c1d09 - - default default] Successfully bumped revision number for resource 6377d056-884d-4988-8796-ca299b0b6723 (type: security_groups) to 1
2026-02-25 20:44:55.505 9 INFO neutron.db.ovn_revision_numbers_db [None req-4d133a31-e34b-4d2d-9777-d2428d9eeb7b 7fb7862fd3ca482a89411bc8905ee34d 194d1a2b5d5c403085c50525cf6c1d09 - - default default] Successfully bumped revision number for resource 3f352bd7-b603-4d46-a212-3043a7238d34 (type: security_group_rules) to 0
2026-02-25 20:44:55.519 9 INFO neutron.db.ovn_revision_numbers_db [None req-4d133a31-e34b-4d2d-9777-d2428d9eeb7b 7fb7862fd3ca482a89411bc8905ee34d 194d1a2b5d5c403085c50525cf6c1d09 - - default default] Successfully bumped revision number for resource 6b83374c-d93f-40ba-9c8c-dadbfb04c239 (type: security_group_rules) to 0
2026-02-25 20:44:55.537 9 INFO neutron.db.ovn_revision_numbers_db [None req-4d133a31-e34b-4d2d-9777-d2428d9eeb7b 7fb7862fd3ca482a89411bc8905ee34d 194d1a2b5d5c403085c50525cf6c1d09 - - default default] Successfully bumped revision number for resource cee22282-716a-4199-bfce-c76281c37c3f (type: security_group_rules) to 0
2026-02-25 20:44:55.551 9 INFO neutron.db.ovn_revision_numbers_db [None req-4d133a31-e34b-4d2d-9777-d2428d9eeb7b 7fb7862fd3ca482a89411bc8905ee34d 194d1a2b5d5c403085c50525cf6c1d09 - - default default] Successfully bumped revision number for resource dbbcf987-cbe7-45ea-96b9-d8117d4b85b8 (type: security_group_rules) to 0
2026-02-25 20:44:55.599 9 INFO neutron.db.segments_db [None req-4d133a31-e34b-4d2d-9777-d2428d9eeb7b 7fb7862fd3ca482a89411bc8905ee34d 194d1a2b5d5c403085c50525cf6c1d09 - - default default] Added segment 6823f030-759f-4f16-bd03-cf727a4979b4 of type geneve for network a475f114-ff63-49e5-ad65-f954c17a9ee1
2026-02-25 20:44:55.753 9 INFO neutron.db.ovn_revision_numbers_db [None req-4d133a31-e34b-4d2d-9777-d2428d9eeb7b 7fb7862fd3ca482a89411bc8905ee34d 194d1a2b5d5c403085c50525cf6c1d09 - - default default] Successfully bumped revision number for resource a475f114-ff63-49e5-ad65-f954c17a9ee1 (type: networks) to 1
2026-02-25 20:44:55.936 9 WARNING neutron.scheduler.dhcp_agent_scheduler [None req-4d133a31-e34b-4d2d-9777-d2428d9eeb7b 7fb7862fd3ca482a89411bc8905ee34d 194d1a2b5d5c403085c50525cf6c1d09 - - default default] No more DHCP agents
2026-02-25 20:44:55.938 9 WARNING neutron.api.rpc.agentnotifiers.dhcp_rpc_agent_api [None req-4d133a31-e34b-4d2d-9777-d2428d9eeb7b 7fb7862fd3ca482a89411bc8905ee34d 194d1a2b5d5c403085c50525cf6c1d09 - - default default] Unable to schedule network a475f114-ff63-49e5-ad65-f954c17a9ee1: no agents available; will retry on subsequent port and subnet creation events.
2026-02-25 20:44:56.209 9 INFO neutron.db.ovn_revision_numbers_db [None req-4d133a31-e34b-4d2d-9777-d2428d9eeb7b 7fb7862fd3ca482a89411bc8905ee34d 194d1a2b5d5c403085c50525cf6c1d09 - - default default] Successfully bumped revision number for resource 96b84060-ec08-4f5a-99b2-a68481baa96f (type: ports) to 1
2026-02-25 20:44:56.230 9 INFO neutron.wsgi [None req-4d133a31-e34b-4d2d-9777-d2428d9eeb7b 7fb7862fd3ca482a89411bc8905ee34d 194d1a2b5d5c403085c50525cf6c1d09 - - default default] 10.0.0.201 "POST /v2.0/networks HTTP/1.1" status: 201 len: 842 time: 1.0158238
2026-02-25 20:44:56.267 9 WARNING neutron_lib.context [None req-3f5867da-aaf9-4364-a641-4ddb882ecdc1 7fb7862fd3ca482a89411bc8905ee34d 194d1a2b5d5c403085c50525cf6c1d09 - - default default] Method 'is_advsvc' is deprecated since 2023.2 release (neutron-lib 3.8.0) and will be removed once support for the old RBAC API policies will be removed from Neutron. Please use method 'is_service_role' instead.
2026-02-25 20:44:56.525 9 WARNING neutron.scheduler.dhcp_agent_scheduler [None req-3f5867da-aaf9-4364-a641-4ddb882ecdc1 7fb7862fd3ca482a89411bc8905ee34d 194d1a2b5d5c403085c50525cf6c1d09 - - default default] No more DHCP agents
2026-02-25 20:44:56.527 9 WARNING neutron.api.rpc.agentnotifiers.dhcp_rpc_agent_api [None req-3f5867da-aaf9-4364-a641-4ddb882ecdc1 7fb7862fd3ca482a89411bc8905ee34d 194d1a2b5d5c403085c50525cf6c1d09 - - default default] Unable to schedule network a475f114-ff63-49e5-ad65-f954c17a9ee1: no agents available; will retry on subsequent port and subnet creation events.
2026-02-25 20:44:56.560 9 INFO neutron.db.ovn_revision_numbers_db [None req-48329984-2dd2-4926-9da1-4c01fc06785f 0d698a8e394e402f8e10bb6fdf9b5b47 ac992b5c700d42a29ae73e602d023058 - - default default] Successfully bumped revision number for resource 4003e398-c2e4-4a55-9c95-93d934622858 (type: security_groups) to 1
2026-02-25 20:44:56.583 9 INFO neutron.db.ovn_revision_numbers_db [None req-48329984-2dd2-4926-9da1-4c01fc06785f 0d698a8e394e402f8e10bb6fdf9b5b47 ac992b5c700d42a29ae73e602d023058 - - default default] Successfully bumped revision number for resource 0ff13bc8-ab61-4bd8-9cc5-a3debe260bff (type: security_group_rules) to 0
2026-02-25 20:44:56.602 9 INFO neutron.db.ovn_revision_numbers_db [None req-48329984-2dd2-4926-9da1-4c01fc06785f 0d698a8e394e402f8e10bb6fdf9b5b47 ac992b5c700d42a29ae73e602d023058 - - default default] Successfully bumped revision number for resource 8dfdcc85-c4ab-4fbc-b0d3-dde835358ace (type: security_group_rules) to 0
2026-02-25 20:44:56.632 9 INFO neutron.db.ovn_revision_numbers_db [None req-48329984-2dd2-4926-9da1-4c01fc06785f 0d698a8e394e402f8e10bb6fdf9b5b47 ac992b5c700d42a29ae73e602d023058 - - default default] Successfully bumped revision number for resource e2a7f864-fb91-49de-9103-fc6dc9025754 (type: security_group_rules) to 0
2026-02-25 20:44:56.674 9 INFO neutron.db.ovn_revision_numbers_db [None req-48329984-2dd2-4926-9da1-4c01fc06785f 0d698a8e394e402f8e10bb6fdf9b5b47 ac992b5c700d42a29ae73e602d023058 - - default default] Successfully bumped revision number for resource e5dc6e10-9c29-452b-824d-1bfac8ad3687 (type: security_group_rules) to 0
2026-02-25 20:44:56.717 9 INFO neutron.wsgi [None req-48329984-2dd2-4926-9da1-4c01fc06785f 0d698a8e394e402f8e10bb6fdf9b5b47 ac992b5c700d42a29ae73e602d023058 - - default default] 10.0.0.201 "GET /v2.0/security-groups?tenant_id=d865402c1594436bbb4137f70573291a&name=default HTTP/1.1" status: 200 len: 3120 time: 0.7248626
2026-02-25 20:44:56.750 10 WARNING neutron_lib.context [None req-46933b3d-2eeb-4561-8804-548e5aa170c5 9d32b600cc35472cbecd61359bab796e e3282f551e534613891cf5a772793889 - - default default] Method 'is_advsvc' is deprecated since 2023.2 release (neutron-lib 3.8.0) and will be removed once support for the old RBAC API policies will be removed from Neutron. Please use method 'is_service_role' instead.
2026-02-25 20:44:56.751 10 WARNING neutron_lib.context [None req-46933b3d-2eeb-4561-8804-548e5aa170c5 9d32b600cc35472cbecd61359bab796e e3282f551e534613891cf5a772793889 - - default default] Method 'is_advsvc' is deprecated since 2023.2 release (neutron-lib 3.8.0) and will be removed once support for the old RBAC API policies will be removed from Neutron. Please use method 'is_service_role' instead.
2026-02-25 20:44:56.962 10 INFO neutron.db.ovn_revision_numbers_db [None req-46933b3d-2eeb-4561-8804-548e5aa170c5 9d32b600cc35472cbecd61359bab796e e3282f551e534613891cf5a772793889 - - default default] Successfully bumped revision number for resource f85b5bdc-9cbb-4943-9433-bc77d450fbd9 (type: security_groups) to 1
2026-02-25 20:44:56.979 10 INFO neutron.db.ovn_revision_numbers_db [None req-46933b3d-2eeb-4561-8804-548e5aa170c5 9d32b600cc35472cbecd61359bab796e e3282f551e534613891cf5a772793889 - - default default] Successfully bumped revision number for resource 45e3a202-7f5c-4917-aeb3-20b4673b4f9c (type: security_group_rules) to 0
2026-02-25 20:44:56.994 10 INFO neutron.db.ovn_revision_numbers_db [None req-46933b3d-2eeb-4561-8804-548e5aa170c5 9d32b600cc35472cbecd61359bab796e e3282f551e534613891cf5a772793889 - - default default] Successfully bumped revision number for resource 48c4a119-027a-4748-97bc-68cecee9bc8a (type: security_group_rules) to 0
2026-02-25 20:44:57.008 10 INFO neutron.db.ovn_revision_numbers_db [None req-46933b3d-2eeb-4561-8804-548e5aa170c5 9d32b600cc35472cbecd61359bab796e e3282f551e534613891cf5a772793889 - - default default] Successfully bumped revision number for resource 5e933978-c3e8-4068-a1e7-860e93d8ad6a (type: security_group_rules) to 0
2026-02-25 20:44:57.024 10 INFO neutron.db.ovn_revision_numbers_db [None req-46933b3d-2eeb-4561-8804-548e5aa170c5 9d32b600cc35472cbecd61359bab796e e3282f551e534613891cf5a772793889 - - default default] Successfully bumped revision number for resource bb176a86-b6bf-41c1-86bf-5802dd270765 (type: security_group_rules) to 0
2026-02-25 20:44:57.028 10 INFO neutron.wsgi [None req-776e92c0-c6c6-4e38-abf2-562d523106a4 0d698a8e394e402f8e10bb6fdf9b5b47 ac992b5c700d42a29ae73e602d023058 - - default default] 10.0.0.201 "DELETE /v2.0/security-groups/4003e398-c2e4-4a55-9c95-93d934622858 HTTP/1.1" status: 204 len: 168 time: 0.3032525
2026-02-25 20:44:57.112 10 INFO neutron.db.segments_db [None req-46933b3d-2eeb-4561-8804-548e5aa170c5 9d32b600cc35472cbecd61359bab796e e3282f551e534613891cf5a772793889 - - default default] Added segment 665c9947-8f1a-42d3-875e-552b26855cb3 of type geneve for network 1c5dc1a8-a324-4107-943f-aedbc6a76348
2026-02-25 20:44:57.139 9 INFO neutron.db.ovn_revision_numbers_db [None req-3f5867da-aaf9-4364-a641-4ddb882ecdc1 7fb7862fd3ca482a89411bc8905ee34d 194d1a2b5d5c403085c50525cf6c1d09 - - default default] Successfully bumped revision number for resource 96b84060-ec08-4f5a-99b2-a68481baa96f (type: ports) to 2
2026-02-25 20:44:57.171 9 INFO neutron.db.ovn_revision_numbers_db [None req-3f5867da-aaf9-4364-a641-4ddb882ecdc1 7fb7862fd3ca482a89411bc8905ee34d 194d1a2b5d5c403085c50525cf6c1d09 - - default default] Successfully bumped revision number for resource 755841f7-565a-4c4c-bcb6-415ae60b777b (type: subnets) to 0
2026-02-25 20:44:57.196 9 INFO neutron.wsgi [None req-3f5867da-aaf9-4364-a641-4ddb882ecdc1 7fb7862fd3ca482a89411bc8905ee34d 194d1a2b5d5c403085c50525cf6c1d09 - - default default] 10.0.0.201 "POST /v2.0/subnets HTTP/1.1" status: 201 len: 816 time: 0.9350169
2026-02-25 20:44:57.204 9 WARNING neutron_lib.context [None req-4f3d9a6a-c2e4-4824-9f73-5d93ee5b158a 7fb7862fd3ca482a89411bc8905ee34d 194d1a2b5d5c403085c50525cf6c1d09 - - default default] Method 'is_advsvc' is deprecated since 2023.2 release (neutron-lib 3.8.0) and will be removed once support for the old RBAC API policies will be removed from Neutron. Please use method 'is_service_role' instead.
2026-02-25 20:44:57.226 10 INFO neutron.db.segments_db [None req-46933b3d-2eeb-4561-8804-548e5aa170c5 9d32b600cc35472cbecd61359bab796e e3282f551e534613891cf5a772793889 - - default default] Added segment 6dd62c76-0e07-4c93-8a2d-8fbc724eef0e of type geneve for network be371f34-b5e5-4ec0-8f5a-6311d1ea9159
2026-02-25 20:44:57.333 9 INFO neutron.db.segments_db [None req-4f3d9a6a-c2e4-4824-9f73-5d93ee5b158a 7fb7862fd3ca482a89411bc8905ee34d 194d1a2b5d5c403085c50525cf6c1d09 - - default default] Added segment 9a0b71d2-7c4f-417a-8cb9-16ff58672a57 of type geneve for network 40f32b58-d028-4be1-aa8b-a15a9cd457e3
2026-02-25 20:44:57.412 10 INFO neutron.db.ovn_revision_numbers_db [None req-46933b3d-2eeb-4561-8804-548e5aa170c5 9d32b600cc35472cbecd61359bab796e e3282f551e534613891cf5a772793889 - - default default] Successfully bumped revision number for resource 1c5dc1a8-a324-4107-943f-aedbc6a76348 (type: networks) to 1
2026-02-25 20:44:57.509 9 INFO neutron.db.ovn_revision_numbers_db [None req-4f3d9a6a-c2e4-4824-9f73-5d93ee5b158a 7fb7862fd3ca482a89411bc8905ee34d 194d1a2b5d5c403085c50525cf6c1d09 - - default default] Successfully bumped revision number for resource 40f32b58-d028-4be1-aa8b-a15a9cd457e3 (type: networks) to 1
2026-02-25 20:44:57.621 10 WARNING neutron.scheduler.dhcp_agent_scheduler [None req-46933b3d-2eeb-4561-8804-548e5aa170c5 9d32b600cc35472cbecd61359bab796e e3282f551e534613891cf5a772793889 - - default default] No more DHCP agents
2026-02-25 20:44:57.624 10 WARNING neutron.api.rpc.agentnotifiers.dhcp_rpc_agent_api [None req-46933b3d-2eeb-4561-8804-548e5aa170c5 9d32b600cc35472cbecd61359bab796e e3282f551e534613891cf5a772793889 - - default default] Unable to schedule network 1c5dc1a8-a324-4107-943f-aedbc6a76348: no agents available; will retry on subsequent port and subnet creation events.
2026-02-25 20:44:57.648 9 INFO neutron.db.ovn_revision_numbers_db [None req-61fa806d-96aa-4585-9a64-1c5b425165df 0d698a8e394e402f8e10bb6fdf9b5b47 ac992b5c700d42a29ae73e602d023058 - - default default] Successfully bumped revision number for resource 900696cc-de0d-4c41-9eb7-f09b87596198 (type: security_groups) to 1
2026-02-25 20:44:57.671 9 INFO neutron.db.ovn_revision_numbers_db [None req-61fa806d-96aa-4585-9a64-1c5b425165df 0d698a8e394e402f8e10bb6fdf9b5b47 ac992b5c700d42a29ae73e602d023058 - - default default] Successfully bumped revision number for resource 2074e16a-3eed-41ad-aae9-9f508511be30 (type: security_group_rules) to 0
2026-02-25 20:44:57.696 9 INFO neutron.db.ovn_revision_numbers_db [None req-61fa806d-96aa-4585-9a64-1c5b425165df 0d698a8e394e402f8e10bb6fdf9b5b47 ac992b5c700d42a29ae73e602d023058 - - default default] Successfully bumped revision number for resource 5f1d01ff-b99c-4d4a-8dea-6a4e16691c40 (type: security_group_rules) to 0
2026-02-25 20:44:57.714 10 INFO neutron.db.ovn_revision_numbers_db [None req-46933b3d-2eeb-4561-8804-548e5aa170c5 9d32b600cc35472cbecd61359bab796e e3282f551e534613891cf5a772793889 - - default default] Successfully bumped revision number for resource 56379980-3d71-4c30-98e2-93f7caf1d4f1 (type: ports) to 1
2026-02-25 20:44:57.721 9 INFO neutron.db.ovn_revision_numbers_db [None req-61fa806d-96aa-4585-9a64-1c5b425165df 0d698a8e394e402f8e10bb6fdf9b5b47 ac992b5c700d42a29ae73e602d023058 - - default default] Successfully bumped revision number for resource 711e6dd5-c61a-4162-b945-9bd5f3b7563b (type: security_group_rules) to 0
2026-02-25 20:44:57.725 9 WARNING neutron.scheduler.dhcp_agent_scheduler [None req-4f3d9a6a-c2e4-4824-9f73-5d93ee5b158a 7fb7862fd3ca482a89411bc8905ee34d 194d1a2b5d5c403085c50525cf6c1d09 - - default default] No more DHCP agents
2026-02-25 20:44:57.729 9 WARNING neutron.api.rpc.agentnotifiers.dhcp_rpc_agent_api [None req-4f3d9a6a-c2e4-4824-9f73-5d93ee5b158a 7fb7862fd3ca482a89411bc8905ee34d 194d1a2b5d5c403085c50525cf6c1d09 - - default default] Unable to schedule network 40f32b58-d028-4be1-aa8b-a15a9cd457e3: no agents available; will retry on subsequent port and subnet creation events.
2026-02-25 20:44:57.745 9 INFO neutron.db.ovn_revision_numbers_db [None req-61fa806d-96aa-4585-9a64-1c5b425165df 0d698a8e394e402f8e10bb6fdf9b5b47 ac992b5c700d42a29ae73e602d023058 - - default default] Successfully bumped revision number for resource 8bffb7e4-b3cf-4a1b-a04a-85bcca2ca8c5 (type: security_group_rules) to 0
2026-02-25 20:44:57.788 9 INFO neutron.wsgi [None req-61fa806d-96aa-4585-9a64-1c5b425165df 0d698a8e394e402f8e10bb6fdf9b5b47 ac992b5c700d42a29ae73e602d023058 - - default default] 10.0.0.201 "GET /v2.0/security-groups?tenant_id=08cbb33df69f466c836b2f776e9693c2&name=default HTTP/1.1" status: 200 len: 3120 time: 0.5762973
2026-02-25 20:44:57.788 10 INFO neutron.db.ovn_revision_numbers_db [None req-46933b3d-2eeb-4561-8804-548e5aa170c5 9d32b600cc35472cbecd61359bab796e e3282f551e534613891cf5a772793889 - - default default] Successfully bumped revision number for resource be371f34-b5e5-4ec0-8f5a-6311d1ea9159 (type: networks) to 1
2026-02-25 20:44:57.844 9 INFO neutron.db.ovn_revision_numbers_db [None req-4f3d9a6a-c2e4-4824-9f73-5d93ee5b158a 7fb7862fd3ca482a89411bc8905ee34d 194d1a2b5d5c403085c50525cf6c1d09 - - default default] Successfully bumped revision number for resource a70f010f-2bae-4b28-a8d0-bc802cb78b16 (type: ports) to 1
2026-02-25 20:44:57.875 9 INFO neutron.wsgi [None req-4f3d9a6a-c2e4-4824-9f73-5d93ee5b158a 7fb7862fd3ca482a89411bc8905ee34d 194d1a2b5d5c403085c50525cf6c1d09 - - default default] 10.0.0.201 "POST /v2.0/networks HTTP/1.1" status: 201 len: 843 time: 0.6758287
