2026-02-25 20:45:12.602 9 ERROR neutron_lib.callbacks.manager std_attr_id = _get_standard_attr_id(context, resource['id'],
2026-02-25 20:45:12.602 9 ERROR neutron_lib.callbacks.manager
File "/var/lib/openstack/lib/python3.10/site-packages/neutron/db/ovn_revision_numbers_db.py", line 109, in _get_standard_attr_id
2026-02-25 20:45:12.602 9 ERROR neutron_lib.callbacks.manager raise StandardAttributeIDNotFound(resource_uuid=resource_uuid)
2026-02-25 20:45:12.602 9 ERROR neutron_lib.callbacks.manager neutron.db.ovn_revision_numbers_db.StandardAttributeIDNotFound: Standard attribute ID not found for f5b79890-a839-47fa-b89f-90f3ba662979
2026-02-25 20:45:12.602 9 ERROR neutron_lib.callbacks.manager 
2026-02-25 20:45:12.671 9 INFO neutron.wsgi [None req-6af92671-0a5b-473e-a899-9a92d7aa573a bd91f63fe699460dadd015f0e0b41eb8 f5654c87f47e496090388f43e0de4493 - - default default] 10.0.0.201 "DELETE /v2.0/floatingips/af31c6eb-e4c2-441e-833f-8c143593d344 HTTP/1.1" status: 204 len: 168 time: 0.7626450
2026-02-25 20:45:12.882 10 WARNING neutron.scheduler.dhcp_agent_scheduler [None req-2becdd85-94dd-41fe-860c-8bf2a9860ab5 964ed665791d4e628d19538342537743 dcdb3aec54ee4302960ff296db410801 - - default default] No more DHCP agents
2026-02-25 20:45:12.888 10 WARNING neutron.api.rpc.agentnotifiers.dhcp_rpc_agent_api [None req-2becdd85-94dd-41fe-860c-8bf2a9860ab5 964ed665791d4e628d19538342537743 dcdb3aec54ee4302960ff296db410801 - - default default] Unable to schedule network cb74002f-f3a4-4fc2-a680-87059fc50bd2: no agents available; will retry on subsequent port and subnet creation events.
2026-02-25 20:45:12.960 10 INFO neutron.wsgi [None req-c1c25b5b-3489-425e-b2e9-5a2b71f7abb6 2b8eeff3aba346c485a93f3672961852 b9da27cce42c4b22b81821bfdc1c44f2 - - default default] 10.0.0.201 "PUT /v2.0/routers/15dfc718-5ef3-44a2-8239-841eadf51a15/remove_router_interface HTTP/1.1" status: 200 len: 503 time: 0.9165635
2026-02-25 20:45:12.968 10 INFO neutron.wsgi [None req-99dfd5a9-4fd4-4c21-a9fd-3556d4c205eb ef660903ca5f4f0cbfecc1f3ebee90e6 ff2d169da30442fa9e00638f30d5f1ed - - default default] 10.0.0.201 "DELETE /v2.0/security-group-rules/2ae61553-1a75-4a91-b503-cd1cff2393a1 HTTP/1.1" status: 204 len: 168 time: 0.3926709 /var/lib/openstack/lib/python3.10/site-packages/pycadf/identifier.py:71: UserWarning: Invalid uuid: neutron. To ensure interoperability, identifiers should be a valid uuid. warnings.warn(('Invalid uuid: %s. To ensure interoperability, '
2026-02-25 20:45:13.022 9 INFO neutron.wsgi [None req-f81569fc-73be-4b4e-9b44-75c788f7cb71 2b8eeff3aba346c485a93f3672961852 b9da27cce42c4b22b81821bfdc1c44f2 - - default default] 10.0.0.201 "GET /v2.0/ports/055dca4f-0450-4433-85bf-c10ed09b0d4f HTTP/1.1" status: 200 len: 1141 time: 0.0558152
2026-02-25 20:45:13.033 10 INFO neutron.db.ovn_revision_numbers_db [None req-2becdd85-94dd-41fe-860c-8bf2a9860ab5 964ed665791d4e628d19538342537743 dcdb3aec54ee4302960ff296db410801 - - default default] Successfully bumped revision number for resource 3932ac57-130b-4d79-acf9-793a90d8fffc (type: ports) to 1
2026-02-25 20:45:13.038 9 INFO neutron.wsgi [None req-d7896858-a1dc-4571-a063-49c26a10847e bd91f63fe699460dadd015f0e0b41eb8 f5654c87f47e496090388f43e0de4493 - - default default] 10.0.0.201 "DELETE /v2.0/floatingips/e60e1a1a-341f-4eb0-bd4d-35b0cbf92737 HTTP/1.1" status: 204 len: 168 time: 0.3623381
2026-02-25 20:45:13.078 10 INFO neutron.wsgi [None req-14e6c2ed-a5db-407c-936e-fd04dcfb189f ef660903ca5f4f0cbfecc1f3ebee90e6 ff2d169da30442fa9e00638f30d5f1ed - - default default] 10.0.0.201 "GET /v2.0/security-group-rules HTTP/1.1" status: 200 len: 3755 time: 0.1014428
2026-02-25 20:45:13.082 10 INFO neutron.wsgi [None req-2becdd85-94dd-41fe-860c-8bf2a9860ab5 964ed665791d4e628d19538342537743 dcdb3aec54ee4302960ff296db410801 - - default default] 10.0.0.201 "POST /v2.0/networks HTTP/1.1" status: 201 len: 832 time: 1.2411404
2026-02-25 20:45:13.090 9 WARNING neutron_lib.context [None req-33345dd0-94ee-4401-b511-537b81639ddf ef660903ca5f4f0cbfecc1f3ebee90e6 ff2d169da30442fa9e00638f30d5f1ed - - default default] Method 'is_advsvc' is deprecated since 2023.2 release (neutron-lib 3.8.0) and will be removed once support for the old RBAC API policies will be removed from Neutron. Please use method 'is_service_role' instead.
2026-02-25 20:45:13.098 9 WARNING neutron_lib.context [None req-8cf81276-dbf1-4d37-97c2-8c73934e8049 964ed665791d4e628d19538342537743 dcdb3aec54ee4302960ff296db410801 - - default default] Method 'is_advsvc' is deprecated since 2023.2 release (neutron-lib 3.8.0) and will be removed once support for the old RBAC API policies will be removed from Neutron. Please use method 'is_service_role' instead.
2026-02-25 20:45:13.339 10 INFO neutron.wsgi [-] 10.0.0.125 "GET / HTTP/1.1" status: 200 len: 247 time: 0.0023472
2026-02-25 20:45:13.341 10 INFO neutron.wsgi [-] 10.0.0.125 "GET / HTTP/1.1" status: 200 len: 247 time: 0.0013072
2026-02-25 20:45:13.381 10 INFO neutron.wsgi [None req-4861451e-552c-49c3-86f8-28c8122ae809 bd91f63fe699460dadd015f0e0b41eb8 f5654c87f47e496090388f43e0de4493 - - default default] 10.0.0.201 "DELETE /v2.0/floatingips/8dc8c267-458d-402d-8ede-8f4fbda667a5 HTTP/1.1" status: 204 len: 168 time: 0.3387868
2026-02-25 20:45:13.413 9 INFO neutron.db.ovn_revision_numbers_db [None req-33345dd0-94ee-4401-b511-537b81639ddf ef660903ca5f4f0cbfecc1f3ebee90e6 ff2d169da30442fa9e00638f30d5f1ed - - default default] Successfully bumped revision number for resource 4e46eb8b-f98e-4b5e-a2f6-9916f23d8f16 (type: security_group_rules) to 0
2026-02-25 20:45:13.475 9 INFO neutron.wsgi [None req-33345dd0-94ee-4401-b511-537b81639ddf ef660903ca5f4f0cbfecc1f3ebee90e6 ff2d169da30442fa9e00638f30d5f1ed - - default default] 10.0.0.201 "POST /v2.0/security-group-rules HTTP/1.1" status: 201 len: 800 time: 0.3919435
2026-02-25 20:45:13.501 10 INFO neutron.wsgi [None req-01fafcc7-f403-43a4-b9d0-c18a67a2641b ef660903ca5f4f0cbfecc1f3ebee90e6 ff2d169da30442fa9e00638f30d5f1ed - - default default] 10.0.0.201 "GET /v2.0/security-group-rules/4e46eb8b-f98e-4b5e-a2f6-9916f23d8f16 HTTP/1.1" status: 200 len: 795 time: 0.0204329
2026-02-25 20:45:13.570 10 INFO neutron.wsgi [None req-c3895f15-1786-4601-a89a-8f1e8bb35e20 ef660903ca5f4f0cbfecc1f3ebee90e6 ff2d169da30442fa9e00638f30d5f1ed - - default default] 10.0.0.201 "GET /v2.0/security-group-rules HTTP/1.1" status: 200 len: 4333 time: 0.0655692
2026-02-25 20:45:13.683 10 INFO neutron.wsgi [None req-9f1648bc-7263-4d02-ba2c-620d7f5ccb6d ef660903ca5f4f0cbfecc1f3ebee90e6 ff2d169da30442fa9e00638f30d5f1ed - - default default] 10.0.0.201 "DELETE /v2.0/security-group-rules/4e46eb8b-f98e-4b5e-a2f6-9916f23d8f16 HTTP/1.1" status: 204 len: 168 time: 0.1098049
2026-02-25 20:45:13.752 10 INFO neutron.wsgi [None req-eb3541bd-7da4-46bd-bbb1-6772cbd020bb ef660903ca5f4f0cbfecc1f3ebee90e6 ff2d169da30442fa9e00638f30d5f1ed - - default default] 10.0.0.201 "GET /v2.0/security-group-rules HTTP/1.1" status: 200 len: 3755 time: 0.0647545
2026-02-25 20:45:13.761 10 WARNING neutron_lib.context [None req-2452adf5-2c8e-402c-b8bb-a59aaace8b5e ef660903ca5f4f0cbfecc1f3ebee90e6 ff2d169da30442fa9e00638f30d5f1ed - - default default] Method 'is_advsvc' is deprecated since 2023.2 release (neutron-lib 3.8.0) and will be removed once support for the old RBAC API policies will be removed from Neutron. Please use method 'is_service_role' instead.
2026-02-25 20:45:13.783 9 WARNING neutron.scheduler.dhcp_agent_scheduler [None req-8cf81276-dbf1-4d37-97c2-8c73934e8049 964ed665791d4e628d19538342537743 dcdb3aec54ee4302960ff296db410801 - - default default] No more DHCP agents
2026-02-25 20:45:13.786 9 WARNING neutron.api.rpc.agentnotifiers.dhcp_rpc_agent_api [None req-8cf81276-dbf1-4d37-97c2-8c73934e8049 964ed665791d4e628d19538342537743 dcdb3aec54ee4302960ff296db410801 - - default default] Unable to schedule network 5e95440b-9725-43e7-8645-6764810256b5: no agents available; will retry on subsequent port and subnet creation events.
2026-02-25 20:45:13.896 10 INFO neutron.db.ovn_revision_numbers_db [None req-2452adf5-2c8e-402c-b8bb-a59aaace8b5e ef660903ca5f4f0cbfecc1f3ebee90e6 ff2d169da30442fa9e00638f30d5f1ed - - default default] Successfully bumped revision number for resource c0b90024-609f-4f36-b502-0a27b04cddc7 (type: security_group_rules) to 0
2026-02-25 20:45:13.920 10 INFO neutron.wsgi [None req-2452adf5-2c8e-402c-b8bb-a59aaace8b5e ef660903ca5f4f0cbfecc1f3ebee90e6 ff2d169da30442fa9e00638f30d5f1ed - - default default] 10.0.0.201 "POST /v2.0/security-group-rules HTTP/1.1" status: 201 len: 801 time: 0.1628532
2026-02-25 20:45:13.940 10 INFO neutron.wsgi [None req-93b3166a-abb9-4673-9ba0-974bc0b818c5 ef660903ca5f4f0cbfecc1f3ebee90e6 ff2d169da30442fa9e00638f30d5f1ed - - default default] 10.0.0.201 "GET /v2.0/security-group-rules/c0b90024-609f-4f36-b502-0a27b04cddc7 HTTP/1.1" status: 200 len: 796 time: 0.0152931
2026-02-25 20:45:13.982 9 INFO neutron.wsgi [None req-22b5bf08-bc12-4723-b2c9-50aabc6964ce 2b8eeff3aba346c485a93f3672961852 b9da27cce42c4b22b81821bfdc1c44f2 - - default default] 10.0.0.201 "PUT /v2.0/routers/15dfc718-5ef3-44a2-8239-841eadf51a15/remove_router_interface HTTP/1.1" status: 200 len: 503 time: 0.9540267
2026-02-25 20:45:14.014 10 INFO neutron.wsgi [None req-b2e9e3ba-f63b-413b-b28c-058db59bc926 2b8eeff3aba346c485a93f3672961852 b9da27cce42c4b22b81821bfdc1c44f2 - - default default] 10.0.0.201 "GET /v2.0/ports?device_id=15dfc718-5ef3-44a2-8239-841eadf51a15 HTTP/1.1" status: 200 len: 205 time: 0.0259049
2026-02-25 20:45:14.020 10 INFO neutron.wsgi [None req-fe08e4db-bcea-46e6-a7d0-ed39ae865e57 ef660903ca5f4f0cbfecc1f3ebee90e6 ff2d169da30442fa9e00638f30d5f1ed - - default default] 10.0.0.201 "GET /v2.0/security-group-rules HTTP/1.1" status: 200 len: 4334 time: 0.0755408 /var/lib/openstack/lib/python3.10/site-packages/pycadf/identifier.py:71: UserWarning: Invalid uuid: neutron. To ensure interoperability, identifiers should be a valid uuid. warnings.warn(('Invalid uuid: %s. To ensure interoperability, '
2026-02-25 20:45:14.054 9 INFO neutron.db.ovn_revision_numbers_db [None req-8cf81276-dbf1-4d37-97c2-8c73934e8049 964ed665791d4e628d19538342537743 dcdb3aec54ee4302960ff296db410801 - - default default] Successfully bumped revision number for resource 4b5a8b6c-3a17-4fae-85c3-d9557e3e675d (type: ports) to 1
2026-02-25 20:45:14.262 10 INFO neutron.wsgi [None req-db63767e-4e5d-471e-b05d-3dede5482777 2b8eeff3aba346c485a93f3672961852 b9da27cce42c4b22b81821bfdc1c44f2 - - default default] 10.0.0.201 "DELETE /v2.0/routers/15dfc718-5ef3-44a2-8239-841eadf51a15 HTTP/1.1" status: 204 len: 168 time: 0.2413731
2026-02-25 20:45:14.457 10 INFO neutron.wsgi [None req-af46336d-bf0b-4c61-8bf5-9bd2f95b47d6 2b8eeff3aba346c485a93f3672961852 b9da27cce42c4b22b81821bfdc1c44f2 - - default default] 10.0.0.201 "DELETE /v2.0/subnets/63fe8838-6dce-4085-a200-0229471fd1c4 HTTP/1.1" status: 204 len: 168 time: 0.1908789
2026-02-25 20:45:14.599 9 INFO neutron.wsgi [None req-c5fe2f8d-2557-4a05-9ead-fdf10a5a7edc ef660903ca5f4f0cbfecc1f3ebee90e6 ff2d169da30442fa9e00638f30d5f1ed - - default default] 10.0.0.201 "DELETE /v2.0/security-group-rules/c0b90024-609f-4f36-b502-0a27b04cddc7 HTTP/1.1" status: 204 len: 168 time: 0.5702152
2026-02-25 20:45:14.659 10 INFO neutron.wsgi [None req-aba687e1-3a55-43d7-a62a-dd8562a5f3f0 2b8eeff3aba346c485a93f3672961852 b9da27cce42c4b22b81821bfdc1c44f2 - - default default] 10.0.0.201 "DELETE /v2.0/subnets/243c76ff-ad2f-4648-8da6-de4f5dbd6ce6 HTTP/1.1" status: 204 len: 168 time: 0.1943736
2026-02-25 20:45:14.696 10 INFO neutron.wsgi [None req-343eecf8-bf27-4743-be19-43d5d6f47ecb ef660903ca5f4f0cbfecc1f3ebee90e6 ff2d169da30442fa9e00638f30d5f1ed - - default default] 10.0.0.201 "GET /v2.0/security-group-rules HTTP/1.1" status: 200 len: 3755 time: 0.0880573
2026-02-25 20:45:14.740 10 INFO neutron.db.ovn_revision_numbers_db [None req-557b2989-b3f3-4e08-81ee-d57d64b1269e 0d698a8e394e402f8e10bb6fdf9b5b47 ac992b5c700d42a29ae73e602d023058 - - default default] Successfully bumped revision number for resource ef6b97d5-c1ee-47e6-bf83-eaea2b0a2786 (type: security_groups) to 1
2026-02-25 20:45:14.762 10 INFO neutron.db.ovn_revision_numbers_db [None req-557b2989-b3f3-4e08-81ee-d57d64b1269e 0d698a8e394e402f8e10bb6fdf9b5b47 ac992b5c700d42a29ae73e602d023058 - - default default] Successfully bumped revision number for resource 27f15570-df96-4261-ac9f-4c1a328d1f4c (type: security_group_rules) to 0
2026-02-25 20:45:14.793 10 INFO neutron.db.ovn_revision_numbers_db [None req-557b2989-b3f3-4e08-81ee-d57d64b1269e 0d698a8e394e402f8e10bb6fdf9b5b47 ac992b5c700d42a29ae73e602d023058 - - default default] Successfully bumped revision number for resource 3c73c633-94c5-4790-a8a8-763ff8dfdf82 (type: security_group_rules) to 0
2026-02-25 20:45:14.812 10 INFO neutron.db.ovn_revision_numbers_db [None req-557b2989-b3f3-4e08-81ee-d57d64b1269e 0d698a8e394e402f8e10bb6fdf9b5b47 ac992b5c700d42a29ae73e602d023058 - - default default] Successfully bumped revision number for resource 55f8819d-102f-4c86-9804-dac358fe5fbb (type: security_group_rules) to 0
2026-02-25 20:45:14.826 10 INFO neutron.db.ovn_revision_numbers_db [None req-557b2989-b3f3-4e08-81ee-d57d64b1269e 0d698a8e394e402f8e10bb6fdf9b5b47 ac992b5c700d42a29ae73e602d023058 - - default default] Successfully bumped revision number for resource a1b44944-5a2d-4c9a-bdd1-3c15c8e8cb4a (type: security_group_rules) to 0
2026-02-25 20:45:14.852 10 INFO neutron.wsgi [None req-557b2989-b3f3-4e08-81ee-d57d64b1269e 0d698a8e394e402f8e10bb6fdf9b5b47 ac992b5c700d42a29ae73e602d023058 - - default default] 10.0.0.201 "GET /v2.0/security-groups?tenant_id=f5654c87f47e496090388f43e0de4493&name=default HTTP/1.1" status: 200 len: 3120 time: 0.6455543
2026-02-25 20:45:14.857 10 INFO neutron.wsgi [None req-9e6e3ede-2924-4494-b6f0-f9babd8257d3 ef660903ca5f4f0cbfecc1f3ebee90e6 ff2d169da30442fa9e00638f30d5f1ed - - default default] 10.0.0.201 "DELETE /v2.0/security-groups/436acadc-c6fd-45b8-8f8f-abc75bbcbca0 HTTP/1.1" status: 204 len: 168 time: 0.1548252
2026-02-25 20:45:14.948 9 INFO neutron.wsgi [None req-8c7db7e7-6541-476d-baed-771bcef782c5 ef660903ca5f4f0cbfecc1f3ebee90e6 ff2d169da30442fa9e00638f30d5f1ed - - default default] 10.0.0.201 "GET /v2.0/security-groups HTTP/1.1" status: 200 len: 3120 time: 0.0852263
2026-02-25 20:45:14.999 10 INFO neutron.wsgi [None req-62247e3e-4d7c-4c15-882e-381612881e2e ef660903ca5f4f0cbfecc1f3ebee90e6 ff2d169da30442fa9e00638f30d5f1ed - - default default] 10.0.0.201 "GET /v2.0/security-groups HTTP/1.1" status: 200 len: 3120 time: 0.0443678
2026-02-25 20:45:15.101 10 INFO neutron.wsgi [None req-cc68fcb1-916f-4913-a1bf-31f009fed65f 0d698a8e394e402f8e10bb6fdf9b5b47 ac992b5c700d42a29ae73e602d023058 - - default default] 10.0.0.201 "DELETE /v2.0/security-groups/ef6b97d5-c1ee-47e6-bf83-eaea2b0a2786 HTTP/1.1" status: 204 len: 168 time: 0.2415516
2026-02-25 20:45:15.117 10 WARNING neutron.plugins.ml2.drivers.ovn.mech_driver.ovsdb.ovn_client [None req-c3854714-3512-4426-ab4e-5bcbda3ed518 - - - - - -] No port found with ID 055dca4f-0450-4433-85bf-c10ed09b0d4f: RuntimeError: No port found with ID 055dca4f-0450-4433-85bf-c10ed09b0d4f
2026-02-25 20:45:15.220 9 INFO neutron.services.segments.plugin [-] Segment 0696fe2b-56c1-41ac-aa08-c50a641ffd48 resource provider aggregate not found
2026-02-25 20:45:15.240 9 INFO neutron.services.segments.plugin [-] Segment 0696fe2b-56c1-41ac-aa08-c50a641ffd48 resource provider not found; error: Placement Client Error (4xx): {"errors": [{"status": 404, "title": "Not Found", "detail": "The resource could not be found.\n\n No resource provider with uuid 0696fe2b-56c1-41ac-aa08-c50a641ffd48 found for delete ", "request_id": "req-73e6cfed-adea-4b21-a00a-af9761ab747f"}]}
2026-02-25 20:45:15.241 9 INFO neutron.services.segments.plugin [-] Segment 0696fe2b-56c1-41ac-aa08-c50a641ffd48 resource provider aggregate not found
2026-02-25 20:45:15.257 9 INFO neutron.services.segments.plugin [-] Segment 0696fe2b-56c1-41ac-aa08-c50a641ffd48 resource provider not found; error: Placement Client Error (4xx): {"errors": [{"status": 404, "title": "Not Found", "detail": "The resource could not be found.\n\n No resource provider with uuid 0696fe2b-56c1-41ac-aa08-c50a641ffd48 found for delete ", "request_id": "req-a0796fc2-091e-44d3-af54-b0d5d373499d"}]}
2026-02-25 20:45:15.289 9 INFO neutron.wsgi [None req-ebaa3af9-32fb-428b-b529-8a267292fe20 2b8eeff3aba346c485a93f3672961852 b9da27cce42c4b22b81821bfdc1c44f2 - - default default] 10.0.0.201 "DELETE /v2.0/networks/b307c119-2705-4227-8e4b-71f27ac252f1 HTTP/1.1" status: 204 len: 168 time: 0.6237428
2026-02-25 20:45:15.351 9 INFO neutron.plugins.ml2.drivers.ovn.mech_driver.ovsdb.commands [None req-27322870-3539-4983-b0eb-c6f158573d06 - - - - - -] Schedule LRP lrp-4b5a8b6c-3a17-4fae-85c3-d9557e3e675d on gateway 2249d79d-41fd-414b-9140-f58d9cf0f814 with priority 1
2026-02-25 20:45:15.363 10 INFO neutron.plugins.ml2.drivers.ovn.mech_driver.mech_driver [None req-c3854714-3512-4426-ab4e-5bcbda3ed518 - - - - - -] OVN reports status up for port: 4b5a8b6c-3a17-4fae-85c3-d9557e3e675d
2026-02-25 20:45:15.372 10 INFO neutron.plugins.ml2.drivers.ovn.mech_driver.ovsdb.ovsdb_monitor [None req-919f5f33-b74d-4815-be25-e81ed4b56fab - - - - - -] Router 03210b77-207c-4a0e-ac01-048d96f04c13 is bound to host instance
2026-02-25 20:45:15.413 9 INFO neutron.db.ovn_revision_numbers_db [None req-8cf81276-dbf1-4d37-97c2-8c73934e8049 964ed665791d4e628d19538342537743 dcdb3aec54ee4302960ff296db410801 - - default default] Successfully bumped revision number for resource 4b5a8b6c-3a17-4fae-85c3-d9557e3e675d (type: router_ports) to 1
2026-02-25 20:45:15.517 9 INFO neutron.db.ovn_revision_numbers_db [None req-8cf81276-dbf1-4d37-97c2-8c73934e8049 964ed665791d4e628d19538342537743 dcdb3aec54ee4302960ff296db410801 - - default default] Successfully bumped revision number for resource 03210b77-207c-4a0e-ac01-048d96f04c13 (type: routers) to 2
2026-02-25 20:45:15.538 9 INFO neutron.wsgi [None req-8cf81276-dbf1-4d37-97c2-8c73934e8049 964ed665791d4e628d19538342537743 dcdb3aec54ee4302960ff296db410801 - - default default] 10.0.0.201 "POST /v2.0/routers HTTP/1.1" status: 201 len: 1153 time: 2.4456720
2026-02-25 20:45:15.641 10 INFO neutron.plugins.ml2.plugin [None req-c3854714-3512-4426-ab4e-5bcbda3ed518 - - - - - -] Attempt 1 to provision port 4b5a8b6c-3a17-4fae-85c3-d9557e3e675d
2026-02-25 20:45:15.696 9 INFO neutron.wsgi [None req-42a43dbd-420e-4134-b8d1-5a4b24b2daa5 0d698a8e394e402f8e10bb6fdf9b5b47 ac992b5c700d42a29ae73e602d023058 - - default default] 10.0.0.201 "GET /v2.0/security-groups?tenant_id=ff2d169da30442fa9e00638f30d5f1ed&name=default HTTP/1.1" status: 200 len: 3120 time: 0.2054641
2026-02-25 20:45:15.711 10 INFO neutron.db.ovn_revision_numbers_db [None req-225b1d93-b03b-491d-ae8b-571d77a13110 0d698a8e394e402f8e10bb6fdf9b5b47 ac992b5c700d42a29ae73e602d023058 - - default default] Successfully bumped revision number for resource 8246ed64-7f83-4ab1-bcf4-8bbeefe0d03d (type: security_groups) to 1
2026-02-25 20:45:15.755 9 INFO neutron.wsgi [None req-374a03d9-ec56-43b0-a2f9-e242060060b3 c067da4587dd4f6eb53a0c23a8d135df 09e0ed9d8f9444f3a8046aa9ce5af60f - - default default] 10.0.0.201 "GET /v2.0/subnets?project_id=dcdb3aec54ee4302960ff296db410801&cidr=10.100.0.0%2F28 HTTP/1.1" status: 200 len: 207 time: 0.2053487
2026-02-25 20:45:15.757 10 INFO neutron.db.ovn_revision_numbers_db [None req-225b1d93-b03b-491d-ae8b-571d77a13110 0d698a8e394e402f8e10bb6fdf9b5b47 ac992b5c700d42a29ae73e602d023058 - - default default] Successfully bumped revision number for resource 3a4f330b-eadd-44ad-9131-98d9b790de32 (type: security_group_rules) to 0
2026-02-25 20:45:15.797 10 INFO neutron.db.ovn_revision_numbers_db [None req-225b1d93-b03b-491d-ae8b-571d77a13110 0d698a8e394e402f8e10bb6fdf9b5b47 ac992b5c700d42a29ae73e602d023058 - - default default] Successfully bumped revision number for resource 80b4d127-cf10-45e5-8f12-3d2acfb1b70a (type: security_group_rules) to 0
2026-02-25 20:45:15.815 9 INFO neutron.wsgi [None req-85b6739f-0076-438b-86f7-5774f2eb9672 2b8eeff3aba346c485a93f3672961852 b9da27cce42c4b22b81821bfdc1c44f2 - - default default] 10.0.0.201 "DELETE /v2.0/networks/4379f65f-61b7-402a-994d-60f5b43b8643 HTTP/1.1" status: 204 len: 168 time: 0.5199270
2026-02-25 20:45:15.818 10 INFO neutron.db.ovn_revision_numbers_db [None req-225b1d93-b03b-491d-ae8b-571d77a13110 0d698a8e394e402f8e10bb6fdf9b5b47 ac992b5c700d42a29ae73e602d023058 - - default default] Successfully bumped revision number for resource ea47406c-8f72-4468-b59e-dfd55b86472c (type: security_group_rules) to 0
2026-02-25 20:45:15.830 9 WARNING neutron_lib.context [None req-4cd60cff-0f34-4bba-8bf9-93b68d097c94 2b8eeff3aba346c485a93f3672961852 b9da27cce42c4b22b81821bfdc1c44f2 - - default default] Method 'is_advsvc' is deprecated since 2023.2 release (neutron-lib 3.8.0) and will be removed once support for the old RBAC API policies will be removed from Neutron. Please use method 'is_service_role' instead.
2026-02-25 20:45:15.849 10 INFO neutron.db.ovn_revision_numbers_db [None req-225b1d93-b03b-491d-ae8b-571d77a13110 0d698a8e394e402f8e10bb6fdf9b5b47 ac992b5c700d42a29ae73e602d023058 - - default default] Successfully bumped revision number for resource f7bc7351-49ed-450f-b1bd-5032acf2d072 (type: security_group_rules) to 0
2026-02-25 20:45:15.865 9 INFO neutron.wsgi [None req-d4e6bc29-19dd-46e7-a259-202f260aa1f7 c067da4587dd4f6eb53a0c23a8d135df 09e0ed9d8f9444f3a8046aa9ce5af60f - - default default] 10.0.0.201 "GET /v2.0/networks?router%3Aexternal=True HTTP/1.1" status: 200 len: 947 time: 0.1028523
2026-02-25 20:45:15.884 10 INFO neutron.wsgi [None req-225b1d93-b03b-491d-ae8b-571d77a13110 0d698a8e394e402f8e10bb6fdf9b5b47 ac992b5c700d42a29ae73e602d023058 - - default default] 10.0.0.201 "GET /v2.0/security-groups?tenant_id=e09880480fa541abbc9981e57db3a5b7&name=default HTTP/1.1" status: 200 len: 3120 time: 0.6135116
2026-02-25 20:45:15.893 9 INFO neutron.wsgi [None req-045ddf5c-78c7-4c4a-98ca-057e15181af1 c067da4587dd4f6eb53a0c23a8d135df 09e0ed9d8f9444f3a8046aa9ce5af60f - - default default] 10.0.0.201 "GET /v2.0/subnets?network_id=5e95440b-9725-43e7-8645-6764810256b5&cidr=10.100.0.0%2F28 HTTP/1.1" status: 200 len: 207 time: 0.0216284
2026-02-25 20:45:15.906 10 WARNING neutron_lib.context [None req-f29accbd-fff6-4434-9a79-11856c8e759d 964ed665791d4e628d19538342537743 dcdb3aec54ee4302960ff296db410801 - - default default] Method 'is_advsvc' is deprecated since 2023.2 release (neutron-lib 3.8.0) and will be removed once support for the old RBAC API policies will be removed from Neutron. Please use method 'is_service_role' instead.
2026-02-25 20:45:15.950 9 INFO neutron.db.segments_db [None req-4cd60cff-0f34-4bba-8bf9-93b68d097c94 2b8eeff3aba346c485a93f3672961852 b9da27cce42c4b22b81821bfdc1c44f2 - - default default] Added segment 4b456735-f25e-4d8f-bae5-a09d62fd2720 of type geneve for network b6dfe0cc-0ee6-479c-81dc-953107fc3d88
2026-02-25 20:45:16.133 9 INFO neutron.db.ovn_revision_numbers_db [None req-4cd60cff-0f34-4bba-8bf9-93b68d097c94 2b8eeff3aba346c485a93f3672961852 b9da27cce42c4b22b81821bfdc1c44f2 - - default default] Successfully bumped revision number for resource b6dfe0cc-0ee6-479c-81dc-953107fc3d88 (type: networks) to 1
2026-02-25 20:45:16.180 10 INFO neutron.wsgi [None req-5399f77d-a469-46b1-b25b-ade62a135e51 0d698a8e394e402f8e10bb6fdf9b5b47 ac992b5c700d42a29ae73e602d023058 - - default default] 10.0.0.201 "DELETE /v2.0/security-groups/d10930f5-183e-47d0-9531-9699b3c332ab HTTP/1.1" status: 204 len: 168 time: 0.4769373
2026-02-25 20:45:16.235 9 INFO neutron.wsgi [None req-00995442-cca0-4953-a261-cf60f364aed1 0d698a8e394e402f8e10bb6fdf9b5b47 ac992b5c700d42a29ae73e602d023058 - - default default] 10.0.0.201 "DELETE /v2.0/security-groups/8246ed64-7f83-4ab1-bcf4-8bbeefe0d03d HTTP/1.1" status: 204 len: 168 time: 0.3442736
2026-02-25 20:45:16.282 10 WARNING neutron.scheduler.dhcp_agent_scheduler [None req-f29accbd-fff6-4434-9a79-11856c8e759d 964ed665791d4e628d19538342537743 dcdb3aec54ee4302960ff296db410801 - - default default] No more DHCP agents
2026-02-25 20:45:16.286 10 WARNING neutron.api.rpc.agentnotifiers.dhcp_rpc_agent_api [None req-f29accbd-fff6-4434-9a79-11856c8e759d 964ed665791d4e628d19538342537743 dcdb3aec54ee4302960ff296db410801 - - default default] Unable to schedule network cb74002f-f3a4-4fc2-a680-87059fc50bd2: no agents available; will retry on subsequent port and subnet creation events.
2026-02-25 20:45:16.334 9 WARNING neutron.scheduler.dhcp_agent_scheduler [None req-4cd60cff-0f34-4bba-8bf9-93b68d097c94 2b8eeff3aba346c485a93f3672961852 b9da27cce42c4b22b81821bfdc1c44f2 - - default default] No more DHCP agents
2026-02-25 20:45:16.335 9 WARNING neutron.api.rpc.agentnotifiers.dhcp_rpc_agent_api [None req-4cd60cff-0f34-4bba-8bf9-93b68d097c94 2b8eeff3aba346c485a93f3672961852 b9da27cce42c4b22b81821bfdc1c44f2 - - default default] Unable to schedule network b6dfe0cc-0ee6-479c-81dc-953107fc3d88: no agents available; will retry on subsequent port and subnet creation events.
2026-02-25 20:45:16.425 9 INFO neutron.db.ovn_revision_numbers_db [None req-4cd60cff-0f34-4bba-8bf9-93b68d097c94 2b8eeff3aba346c485a93f3672961852 b9da27cce42c4b22b81821bfdc1c44f2 - - default default] Successfully bumped revision number for resource 9bf7b6cd-3460-45b7-8a3f-59adee2f6ba7 (type: ports) to 1
2026-02-25 20:45:16.448 9 INFO neutron.wsgi [None req-4cd60cff-0f34-4bba-8bf9-93b68d097c94 2b8eeff3aba346c485a93f3672961852 b9da27cce42c4b22b81821bfdc1c44f2 - - default default] 10.0.0.201 "POST /v2.0/networks HTTP/1.1" status: 201 len: 832 time: 0.6225307
2026-02-25 20:45:16.457 9 WARNING neutron_lib.context [None req-65c9505f-b690-4c74-867a-0917094b9eb4 2b8eeff3aba346c485a93f3672961852 b9da27cce42c4b22b81821bfdc1c44f2 - - default default] Method 'is_advsvc' is deprecated since 2023.2 release (neutron-lib 3.8.0) and will be removed once support for the old RBAC API policies will be removed from Neutron. Please use method 'is_service_role' instead.
2026-02-25 20:45:16.652 10 INFO neutron.db.ovn_revision_numbers_db [None req-ada3a34c-dbbd-462d-9efe-6153cde4d7b3 0d698a8e394e402f8e10bb6fdf9b5b47 ac992b5c700d42a29ae73e602d023058 - - default default] Successfully bumped revision number for resource 86115013-ad33-4968-8288-466b6b277bbc (type: security_groups) to 1
2026-02-25 20:45:16.669 9 WARNING neutron.scheduler.dhcp_agent_scheduler [None req-65c9505f-b690-4c74-867a-0917094b9eb4 2b8eeff3aba346c485a93f3672961852 b9da27cce42c4b22b81821bfdc1c44f2 - - default default] No more DHCP agents
2026-02-25 20:45:16.670 9 WARNING neutron.api.rpc.agentnotifiers.dhcp_rpc_agent_api [None req-65c9505f-b690-4c74-867a-0917094b9eb4 2b8eeff3aba346c485a93f3672961852 b9da27cce42c4b22b81821bfdc1c44f2 - - default default] Unable to schedule network b6dfe0cc-0ee6-479c-81dc-953107fc3d88: no agents available; will retry on subsequent port and subnet creation events.
2026-02-25 20:45:16.684 10 INFO neutron.db.ovn_revision_numbers_db [None req-ada3a34c-dbbd-462d-9efe-6153cde4d7b3 0d698a8e394e402f8e10bb6fdf9b5b47 ac992b5c700d42a29ae73e602d023058 - - default default] Successfully bumped revision number for resource 12904419-9d18-4c41-beba-290143b6c7a8 (type: security_group_rules) to 0
2026-02-25 20:45:16.696 10 INFO neutron.db.ovn_revision_numbers_db [None req-919f5f33-b74d-4815-be25-e81ed4b56fab - - - - - -] Successfully bumped revision number for resource 4b5a8b6c-3a17-4fae-85c3-d9557e3e675d (type: ports) to 1
2026-02-25 20:45:16.707 10 INFO neutron.db.ovn_revision_numbers_db [None req-ada3a34c-dbbd-462d-9efe-6153cde4d7b3 0d698a8e394e402f8e10bb6fdf9b5b47 ac992b5c700d42a29ae73e602d023058 - - default default] Successfully bumped revision number for resource 19f7a95f-8eb2-4669-a818-b77059e7e634 (type: security_group_rules) to 0
2026-02-25 20:45:16.710 9 INFO neutron.db.ovn_revision_numbers_db [None req-65c9505f-b690-4c74-867a-0917094b9eb4 2b8eeff3aba346c485a93f3672961852 b9da27cce42c4b22b81821bfdc1c44f2 - - default default] Successfully bumped revision number for resource c96058a8-150f-4dc4-b482-818b37b9f59a (type: subnets) to 0
2026-02-25 20:45:16.733 9 INFO neutron.wsgi [None req-65c9505f-b690-4c74-867a-0917094b9eb4 2b8eeff3aba346c485a93f3672961852 b9da27cce42c4b22b81821bfdc1c44f2 - - default default] 10.0.0.201 "POST /v2.0/subnets HTTP/1.1" status: 201 len: 821 time: 0.2805185
2026-02-25 20:45:16.733 10 INFO neutron.db.ovn_revision_numbers_db [None req-ada3a34c-dbbd-462d-9efe-6153cde4d7b3 0d698a8e394e402f8e10bb6fdf9b5b47 ac992b5c700d42a29ae73e602d023058 - - default default] Successfully bumped revision number for resource 3ab74866-ec48-4fed-9fc3-a14bde750908 (type: security_group_rules) to 0
2026-02-25 20:45:16.743 9 WARNING neutron_lib.context [None req-e7a00cf2-8998-49ff-9a5d-f5777a7aa84d 2b8eeff3aba346c485a93f3672961852 b9da27cce42c4b22b81821bfdc1c44f2 - - default default] Method 'is_advsvc' is deprecated since 2023.2 release (neutron-lib 3.8.0) and will be removed once support for the old RBAC API policies will be removed from Neutron. Please use method 'is_service_role' instead.
2026-02-25 20:45:16.771 10 INFO neutron.db.ovn_revision_numbers_db [None req-ada3a34c-dbbd-462d-9efe-6153cde4d7b3 0d698a8e394e402f8e10bb6fdf9b5b47 ac992b5c700d42a29ae73e602d023058 - - default default] Successfully bumped revision number for resource 8b6ab317-2f91-4d27-bd76-3d3f1eef5618 (type: security_group_rules) to 0
2026-02-25 20:45:16.813 10 INFO neutron.wsgi [None req-ada3a34c-dbbd-462d-9efe-6153cde4d7b3 0d698a8e394e402f8e10bb6fdf9b5b47 ac992b5c700d42a29ae73e602d023058 - - default default] 10.0.0.201 "GET /v2.0/security-groups?tenant_id=1b4168f4933242da8d0d8e367a76fc32&name=default HTTP/1.1" status: 200 len: 3120 time: 0.4031792
2026-02-25 20:45:16.868 9 INFO neutron.db.ovn_revision_numbers_db [None req-e7a00cf2-8998-49ff-9a5d-f5777a7aa84d 2b8eeff3aba346c485a93f3672961852 b9da27cce42c4b22b81821bfdc1c44f2 - - default default] Successfully bumped revision number for resource 24c2224d-67e0-4875-8da5-c68aeb943816 (type: routers) to 1
2026-02-25 20:45:16.885 9 INFO neutron.wsgi [None req-e7a00cf2-8998-49ff-9a5d-f5777a7aa84d 2b8eeff3aba346c485a93f3672961852 b9da27cce42c4b22b81821bfdc1c44f2 - - default default] 10.0.0.201 "POST /v2.0/routers HTTP/1.1" status: 201 len: 806 time: 0.1468244
2026-02-25 20:45:16.899 9 WARNING neutron_lib.context [None req-867e4e92-d40d-4479-be64-89b0a4e7fc7a 2b8eeff3aba346c485a93f3672961852 b9da27cce42c4b22b81821bfdc1c44f2 - - default default] Method 'is_advsvc' is deprecated since 2023.2 release (neutron-lib 3.8.0) and will be removed once support for the old RBAC API policies will be removed from Neutron. Please use method 'is_service_role' instead.
2026-02-25 20:45:17.151 10 INFO neutron.db.ovn_revision_numbers_db [None req-f29accbd-fff6-4434-9a79-11856c8e759d 964ed665791d4e628d19538342537743 dcdb3aec54ee4302960ff296db410801 - - default default] Successfully bumped revision number for resource 3932ac57-130b-4d79-acf9-793a90d8fffc (type: ports) to 2
2026-02-25 20:45:17.216 10 INFO neutron.db.ovn_revision_numbers_db [None req-f29accbd-fff6-4434-9a79-11856c8e759d 964ed665791d4e628d19538342537743 dcdb3aec54ee4302960ff296db410801 - - default default] Successfully bumped revision number for resource 4cbba908-a455-4e6d-b7f4-7b715bf17d80 (type: subnets) to 0
2026-02-25 20:45:17.244 10 INFO neutron.wsgi [None req-f29accbd-fff6-4434-9a79-11856c8e759d 964ed665791d4e628d19538342537743 dcdb3aec54ee4302960ff296db410801 - - default default] 10.0.0.201 "POST /v2.0/subnets HTTP/1.1" status: 201 len: 831 time: 1.3445365
2026-02-25 20:45:17.264 9 INFO neutron.services.segments.plugin [-] Segment 6d03c7fb-4160-43ee-9f71-cbf42f310b04 resource provider aggregate not found
2026-02-25 20:45:17.274 9 INFO neutron.services.segments.plugin [-] Segment 6d03c7fb-4160-43ee-9f71-cbf42f310b04 resource provider aggregate not found
2026-02-25 20:45:17.279 9 INFO neutron.services.segments.plugin [-] Segment 6d03c7fb-4160-43ee-9f71-cbf42f310b04 resource provider not found; error: Placement Client Error (4xx): {"errors": [{"status": 404, "title": "Not Found", "detail": "The resource could not be found.\n\n No resource provider with uuid 6d03c7fb-4160-43ee-9f71-cbf42f310b04 found for delete ", "request_id": "req-d896419a-4cbe-4c7b-ac46-d54cf933b947"}]}
2026-02-25 20:45:17.291 9 INFO neutron.services.segments.plugin [-] Segment 6d03c7fb-4160-43ee-9f71-cbf42f310b04 resource provider not found; error: Placement Client Error (4xx): {"errors": [{"status": 404, "title": "Not Found", "detail": "The resource could not be found.\n\n No resource provider with uuid 6d03c7fb-4160-43ee-9f71-cbf42f310b04 found for delete ", "request_id": "req-f042de51-2baf-4e29-958b-382a7216727d"}]}
2026-02-25 20:45:17.302 10 INFO neutron.wsgi [None req-26ee7f63-d21f-40b9-ba45-4ab270f47630 0d698a8e394e402f8e10bb6fdf9b5b47 ac992b5c700d42a29ae73e602d023058 - - default default] 10.0.0.201 "DELETE /v2.0/security-groups/86115013-ad33-4968-8288-466b6b277bbc HTTP/1.1" status: 204 len: 168 time: 0.4793146
2026-02-25 20:45:17.304 10 INFO neutron.db.ovn_revision_numbers_db [None req-919f5f33-b74d-4815-be25-e81ed4b56fab - - - - - -] Successfully bumped revision number for resource 4b5a8b6c-3a17-4fae-85c3-d9557e3e675d (type: router_ports) to 3
2026-02-25 20:45:17.557 9 WARNING neutron.scheduler.dhcp_agent_scheduler [None req-867e4e92-d40d-4479-be64-89b0a4e7fc7a 2b8eeff3aba346c485a93f3672961852 b9da27cce42c4b22b81821bfdc1c44f2 - - default default] No more DHCP agents
2026-02-25 20:45:17.559 9 WARNING neutron.api.rpc.agentnotifiers.dhcp_rpc_agent_api [None req-867e4e92-d40d-4479-be64-89b0a4e7fc7a 2b8eeff3aba346c485a93f3672961852 b9da27cce42c4b22b81821bfdc1c44f2 - - default default] Unable to schedule network b6dfe0cc-0ee6-479c-81dc-953107fc3d88: no agents available; will retry on subsequent port and subnet creation events.
2026-02-25 20:45:17.664 9 INFO neutron.db.ovn_revision_numbers_db [None req-867e4e92-d40d-4479-be64-89b0a4e7fc7a 2b8eeff3aba346c485a93f3672961852 b9da27cce42c4b22b81821bfdc1c44f2 - - default default] Successfully bumped revision number for resource 7de451b6-3de6-478e-9b8e-2646ceae4052 (type: ports) to 1
2026-02-25 20:45:17.689 9 INFO neutron.wsgi [None req-867e4e92-d40d-4479-be64-89b0a4e7fc7a 2b8eeff3aba346c485a93f3672961852 b9da27cce42c4b22b81821bfdc1c44f2 - - default default] 10.0.0.201 "POST /v2.0/ports HTTP/1.1" status: 201 len: 1158 time: 0.7971776 /var/lib/openstack/lib/python3.10/site-packages/pycadf/identifier.py:71: UserWarning: Invalid uuid: neutron. To ensure interoperability, identifiers should be a valid uuid. warnings.warn(('Invalid uuid: %s. To ensure interoperability, '
2026-02-25 20:45:17.724 9 WARNING neutron.plugins.ml2.drivers.ovn.mech_driver.ovsdb.ovn_client [None req-dbc7da08-4b5d-47ea-8f36-554762dc2ebe - - - - - -] No port found with ID f5b79890-a839-47fa-b89f-90f3ba662979: RuntimeError: No port found with ID f5b79890-a839-47fa-b89f-90f3ba662979
2026-02-25 20:45:17.938 10 INFO neutron.db.ovn_revision_numbers_db [None req-919f5f33-b74d-4815-be25-e81ed4b56fab - - - - - -] Successfully bumped revision number for resource 4b5a8b6c-3a17-4fae-85c3-d9557e3e675d (type: ports) to 2
2026-02-25 20:45:18.068 9 WARNING neutron_lib.context [None req-6d7358aa-4893-43b9-870a-6176f84acbab bbdad35a0f8d4463bfc3b8e979c87d8c 746076a703824ffeb8443a98a637895e - - default default] Method 'is_advsvc' is deprecated since 2023.2 release (neutron-lib 3.8.0) and will be removed once support for the old RBAC API policies will be removed from Neutron. Please use method 'is_service_role' instead.
2026-02-25 20:45:18.190 9 INFO neutron.wsgi [None req-6d7358aa-4893-43b9-870a-6176f84acbab bbdad35a0f8d4463bfc3b8e979c87d8c 746076a703824ffeb8443a98a637895e - - default default] 10.0.0.201 "POST /v2.0/subnetpools HTTP/1.1" status: 201 len: 748 time: 0.2423182 /var/lib/openstack/lib/python3.10/site-packages/pycadf/identifier.py:71: UserWarning: Invalid uuid: neutron. To ensure interoperability, identifiers should be a valid uuid. warnings.warn(('Invalid uuid: %s. To ensure interoperability, '
2026-02-25 20:45:18.210 9 ERROR ovsdbapp.backend.ovs_idl.command [None req-3afe96b9-41e8-4f82-95aa-81035ade8d20 2b8eeff3aba346c485a93f3672961852 b9da27cce42c4b22b81821bfdc1c44f2 - - default default] Error executing command (DbGetCommand): ovsdbapp.backend.ovs_idl.idlutils.RowNotFound: Cannot find Logical_Router_Port with name=lrp-7de451b6-3de6-478e-9b8e-2646ceae4052
2026-02-25 20:45:18.210 9 ERROR ovsdbapp.backend.ovs_idl.command
Traceback (most recent call last):
2026-02-25 20:45:18.210 9 ERROR ovsdbapp.backend.ovs_idl.command
File "/var/lib/openstack/lib/python3.10/site-packages/ovsdbapp/backend/ovs_idl/command.py", line 47, in execute
2026-02-25 20:45:18.210 9 ERROR ovsdbapp.backend.ovs_idl.command self.run_idl(None)
2026-02-25 20:45:18.210 9 ERROR ovsdbapp.backend.ovs_idl.command
File "/var/lib/openstack/lib/python3.10/site-packages/ovsdbapp/backend/ovs_idl/command.py", line 235, in run_idl
2026-02-25 20:45:18.210 9 ERROR ovsdbapp.backend.ovs_idl.command record = self.api.lookup(self.table, self.record)
2026-02-25 20:45:18.210 9 ERROR ovsdbapp.backend.ovs_idl.command
File "/var/lib/openstack/lib/python3.10/site-packages/ovsdbapp/backend/ovs_idl/__init__.py", line 184, in lookup
2026-02-25 20:45:18.210 9 ERROR ovsdbapp.backend.ovs_idl.command return self._lookup(table, record)
2026-02-25 20:45:18.210 9 ERROR ovsdbapp.backend.ovs_idl.command
File "/var/lib/openstack/lib/python3.10/site-packages/ovsdbapp/backend/ovs_idl/__init__.py", line 235, in _lookup
2026-02-25 20:45:18.210 9 ERROR ovsdbapp.backend.ovs_idl.command row = idlutils.row_by_value(self, rl.table, rl.column, record)
2026-02-25 20:45:18.210 9 ERROR ovsdbapp.backend.ovs_idl.command
File "/var/lib/openstack/lib/python3.10/site-packages/ovsdbapp/backend/ovs_idl/idlutils.py", line 114, in row_by_value
2026-02-25 20:45:18.210 9 ERROR ovsdbapp.backend.ovs_idl.command raise RowNotFound(table=table, col=column, match=match)
2026-02-25 20:45:18.210 9 ERROR ovsdbapp.backend.ovs_idl.command ovsdbapp.backend.ovs_idl.idlutils.RowNotFound: Cannot find Logical_Router_Port with name=lrp-7de451b6-3de6-478e-9b8e-2646ceae4052
2026-02-25 20:45:18.210 9 ERROR ovsdbapp.backend.ovs_idl.command 
2026-02-25 20:45:18.211 9 ERROR neutron_lib.callbacks.manager [None req-3afe96b9-41e8-4f82-95aa-81035ade8d20 2b8eeff3aba346c485a93f3672961852 b9da27cce42c4b22b81821bfdc1c44f2 - - default default] Error during notification for neutron.services.ovn_l3.plugin.OVNL3RouterPlugin._port_update-8733962747631 port, after_update: ovsdbapp.backend.ovs_idl.idlutils.RowNotFound: Cannot find Logical_Router_Port with name=lrp-7de451b6-3de6-478e-9b8e-2646ceae4052
2026-02-25 20:45:18.211 9 ERROR neutron_lib.callbacks.manager
Traceback (most recent call last):
2026-02-25 20:45:18.211 9 ERROR neutron_lib.callbacks.manager
File "/var/lib/openstack/lib/python3.10/site-packages/neutron_lib/callbacks/manager.py", line 189, in _notify_loop
2026-02-25 20:45:18.211 9 ERROR neutron_lib.callbacks.manager callback.method(resource, event, trigger, payload=payload)
2026-02-25 20:45:18.211 9 ERROR neutron_lib.callbacks.manager
File "/var/lib/openstack/lib/python3.10/site-packages/neutron/services/ovn_l3/plugin.py", line 391, in _port_update
2026-02-25 20:45:18.211 9 ERROR neutron_lib.callbacks.manager l3plugin._ovn_client.update_router_port(context,
2026-02-25 20:45:18.211 9 ERROR neutron_lib.callbacks.manager
File "/var/lib/openstack/lib/python3.10/site-packages/neutron/plugins/ml2/drivers/ovn/mech_driver/ovsdb/ovn_client.py", line 1878, in update_router_port
2026-02-25 20:45:18.211 9 ERROR neutron_lib.callbacks.manager self._update_lrouter_port(context, port, if_exists=if_exists,
2026-02-25 20:45:18.211 9 ERROR neutron_lib.callbacks.manager
File "/var/lib/openstack/lib/python3.10/site-packages/neutron/plugins/ml2/drivers/ovn/mech_driver/ovsdb/ovn_client.py", line 1855, in _update_lrouter_port
2026-02-25 20:45:18.211 9 ERROR neutron_lib.callbacks.manager external_ids = self._nb_idl.db_get(
2026-02-25 20:45:18.211 9 ERROR neutron_lib.callbacks.manager
File "/var/lib/openstack/lib/python3.10/site-packages/ovsdbapp/backend/ovs_idl/command.py", line 47, in execute
2026-02-25 20:45:18.211 9 ERROR neutron_lib.callbacks.manager self.run_idl(None)
2026-02-25 20:45:18.211 9 ERROR neutron_lib.callbacks.manager
File "/var/lib/openstack/lib/python3.10/site-packages/ovsdbapp/backend/ovs_idl/command.py", line 235, in run_idl
2026-02-25 20:45:18.211 9 ERROR neutron_lib.callbacks.manager record = self.api.lookup(self.table, self.record)
2026-02-25 20:45:18.211 9 ERROR neutron_lib.callbacks.manager
File "/var/lib/openstack/lib/python3.10/site-packages/ovsdbapp/backend/ovs_idl/__init__.py", line 184, in lookup
2026-02-25 20:45:18.211 9 ERROR neutron_lib.callbacks.manager return self._lookup(table, record)
2026-02-25 20:45:18.211 9 ERROR neutron_lib.callbacks.manager
File "/var/lib/openstack/lib/python3.10/site-packages/ovsdbapp/backend/ovs_idl/__init__.py", line 235, in _lookup
2026-02-25 20:45:18.211 9 ERROR neutron_lib.callbacks.manager row = idlutils.row_by_value(self, rl.table, rl.column, record)
2026-02-25 20:45:18.211 9 ERROR neutron_lib.callbacks.manager
File "/var/lib/openstack/lib/python3.10/site-packages/ovsdbapp/backend/ovs_idl/idlutils.py", line 114, in row_by_value
2026-02-25 20:45:18.211 9 ERROR neutron_lib.callbacks.manager raise RowNotFound(table=table, col=column, match=match)
2026-02-25 20:45:18.211 9 ERROR neutron_lib.callbacks.manager ovsdbapp.backend.ovs_idl.idlutils.RowNotFound: Cannot find Logical_Router_Port with name=lrp-7de451b6-3de6-478e-9b8e-2646ceae4052
2026-02-25 20:45:18.211 9 ERROR neutron_lib.callbacks.manager 
2026-02-25 20:45:18.232 9 INFO neutron.wsgi [None req-e46fd67b-651b-4ae8-aacf-25741dd4eff3 bbdad35a0f8d4463bfc3b8e979c87d8c 746076a703824ffeb8443a98a637895e - - default default] 10.0.0.201 "GET /v2.0/subnetpools/1464a0d2-0a81-4ac8-b36e-a573bc33bd47 HTTP/1.1" status: 200 len: 743 time: 0.0339153
2026-02-25 20:45:18.343 10 WARNING neutron.scheduler.dhcp_agent_scheduler [None req-aae4c7ff-3789-4132-96e0-24a853f87d1c 964ed665791d4e628d19538342537743 dcdb3aec54ee4302960ff296db410801 - - default default] No more DHCP agents
2026-02-25 20:45:18.346 10 WARNING neutron.api.rpc.agentnotifiers.dhcp_rpc_agent_api [None req-aae4c7ff-3789-4132-96e0-24a853f87d1c 964ed665791d4e628d19538342537743 dcdb3aec54ee4302960ff296db410801 - - default default] Unable to schedule network cb74002f-f3a4-4fc2-a680-87059fc50bd2: no agents available; will retry on subsequent port and subnet creation events.
2026-02-25 20:45:18.356 9 INFO neutron.wsgi [None req-5cb66296-431b-4878-af67-65db5414d429 bbdad35a0f8d4463bfc3b8e979c87d8c 746076a703824ffeb8443a98a637895e - - default default] 10.0.0.201 "PUT /v2.0/subnetpools/1464a0d2-0a81-4ac8-b36e-a573bc33bd47 HTTP/1.1" status: 200 len: 693 time: 0.1127923
2026-02-25 20:45:18.412 9 INFO neutron.db.ovn_revision_numbers_db [None req-3afe96b9-41e8-4f82-95aa-81035ade8d20 2b8eeff3aba346c485a93f3672961852 b9da27cce42c4b22b81821bfdc1c44f2 - - default default] Successfully bumped revision number for resource 7de451b6-3de6-478e-9b8e-2646ceae4052 (type: ports) to 2
2026-02-25 20:45:18.495 10 INFO neutron.db.ovn_revision_numbers_db [None req-919f5f33-b74d-4815-be25-e81ed4b56fab - - - - - -] Successfully bumped revision number for resource 4b5a8b6c-3a17-4fae-85c3-d9557e3e675d (type: ports) to 4
2026-02-25 20:45:18.505 10 INFO neutron.wsgi [None req-0a50d108-4777-4e87-bbe7-a0bfcffb21e8 bbdad35a0f8d4463bfc3b8e979c87d8c 746076a703824ffeb8443a98a637895e - - default default] 10.0.0.201 "DELETE /v2.0/subnetpools/1464a0d2-0a81-4ac8-b36e-a573bc33bd47 HTTP/1.1" status: 204 len: 168 time: 0.1370447
2026-02-25 20:45:18.525 10 INFO neutron.plugins.ml2.drivers.ovn.mech_driver.mech_driver [None req-c3854714-3512-4426-ab4e-5bcbda3ed518 - - - - - -] OVN reports status up for port: 7de451b6-3de6-478e-9b8e-2646ceae4052
2026-02-25 20:45:18.531 10 INFO neutron.api.v2.resource [None req-4b4bfb03-4988-4bab-8f09-2960d904de2f bbdad35a0f8d4463bfc3b8e979c87d8c 746076a703824ffeb8443a98a637895e - - default default] show failed (client error): The resource could not be found.
2026-02-25 20:45:18.532 10 INFO neutron.wsgi [None req-4b4bfb03-4988-4bab-8f09-2960d904de2f bbdad35a0f8d4463bfc3b8e979c87d8c 746076a703824ffeb8443a98a637895e - - default default] 10.0.0.201 "GET /v2.0/subnetpools/1464a0d2-0a81-4ac8-b36e-a573bc33bd47 HTTP/1.1" status: 404 len: 346 time: 0.0160658
2026-02-25 20:45:18.541 10 INFO neutron.plugins.ml2.plugin [None req-c3854714-3512-4426-ab4e-5bcbda3ed518 - - - - - -] Attempt 1 to provision port 7de451b6-3de6-478e-9b8e-2646ceae4052
2026-02-25 20:45:18.548 9 INFO neutron.api.v2.resource [None req-8fec361a-fb42-4dd3-a9a4-d200f3f668eb bbdad35a0f8d4463bfc3b8e979c87d8c 746076a703824ffeb8443a98a637895e - - default default] delete failed (client error): The resource could not be found.
2026-02-25 20:45:18.550 9 INFO neutron.wsgi [None req-8fec361a-fb42-4dd3-a9a4-d200f3f668eb bbdad35a0f8d4463bfc3b8e979c87d8c 746076a703824ffeb8443a98a637895e - - default default] 10.0.0.201 "DELETE /v2.0/subnetpools/1464a0d2-0a81-4ac8-b36e-a573bc33bd47 HTTP/1.1" status: 404 len: 346 time: 0.0132625
2026-02-25 20:45:18.679 10 INFO neutron.db.ovn_revision_numbers_db [None req-aae4c7ff-3789-4132-96e0-24a853f87d1c 964ed665791d4e628d19538342537743 dcdb3aec54ee4302960ff296db410801 - - default default] Successfully bumped revision number for resource cb5d999a-b550-4892-86e6-9cdcfa418b7e (type: ports) to 1
2026-02-25 20:45:18.846 10 INFO neutron.db.ovn_revision_numbers_db [None req-919f5f33-b74d-4815-be25-e81ed4b56fab - - - - - -] Successfully bumped revision number for resource 4b5a8b6c-3a17-4fae-85c3-d9557e3e675d (type: router_ports) to 4
2026-02-25 20:45:18.957 9 ERROR ovsdbapp.backend.ovs_idl.command [None req-3afe96b9-41e8-4f82-95aa-81035ade8d20 2b8eeff3aba346c485a93f3672961852 b9da27cce42c4b22b81821bfdc1c44f2 - - default default] Error executing command (DbGetCommand): ovsdbapp.backend.ovs_idl.idlutils.RowNotFound: Cannot find Logical_Router_Port with name=lrp-7de451b6-3de6-478e-9b8e-2646ceae4052
2026-02-25 20:45:18.957 9 ERROR ovsdbapp.backend.ovs_idl.command
Traceback (most recent call last):
2026-02-25 20:45:18.957 9 ERROR ovsdbapp.backend.ovs_idl.command
File "/var/lib/openstack/lib/python3.10/site-packages/ovsdbapp/backend/ovs_idl/command.py", line 47, in execute
2026-02-25 20:45:18.957 9 ERROR ovsdbapp.backend.ovs_idl.command self.run_idl(None)
2026-02-25 20:45:18.957 9 ERROR ovsdbapp.backend.ovs_idl.command
File "/var/lib/openstack/lib/python3.10/site-packages/ovsdbapp/backend/ovs_idl/command.py", line 235, in run_idl
2026-02-25 20:45:18.957 9 ERROR ovsdbapp.backend.ovs_idl.command record = self.api.lookup(self.table, self.record)
2026-02-25 20:45:18.957 9 ERROR ovsdbapp.backend.ovs_idl.command
File "/var/lib/openstack/lib/python3.10/site-packages/ovsdbapp/backend/ovs_idl/__init__.py", line 184, in lookup
2026-02-25 20:45:18.957 9 ERROR ovsdbapp.backend.ovs_idl.command return self._lookup(table, record)
2026-02-25 20:45:18.957 9 ERROR ovsdbapp.backend.ovs_idl.command
File "/var/lib/openstack/lib/python3.10/site-packages/ovsdbapp/backend/ovs_idl/__init__.py", line 235, in _lookup
2026-02-25 20:45:18.957 9 ERROR ovsdbapp.backend.ovs_idl.command row = idlutils.row_by_value(self, rl.table, rl.column, record)
2026-02-25 20:45:18.957 9 ERROR ovsdbapp.backend.ovs_idl.command
File "/var/lib/openstack/lib/python3.10/site-packages/ovsdbapp/backend/ovs_idl/idlutils.py", line 114, in row_by_value
2026-02-25 20:45:18.957 9 ERROR ovsdbapp.backend.ovs_idl.command raise RowNotFound(table=table, col=column, match=match)
2026-02-25 20:45:18.957 9 ERROR ovsdbapp.backend.ovs_idl.command ovsdbapp.backend.ovs_idl.idlutils.RowNotFound: Cannot find Logical_Router_Port with name=lrp-7de451b6-3de6-478e-9b8e-2646ceae4052
2026-02-25 20:45:18.957 9 ERROR ovsdbapp.backend.ovs_idl.command 
2026-02-25 20:45:18.958 9 ERROR neutron_lib.callbacks.manager [None req-3afe96b9-41e8-4f82-95aa-81035ade8d20 2b8eeff3aba346c485a93f3672961852 b9da27cce42c4b22b81821bfdc1c44f2 - - default default] Error during notification for neutron.services.ovn_l3.plugin.OVNL3RouterPlugin._port_update-8733962747631 port, after_update: ovsdbapp.backend.ovs_idl.idlutils.RowNotFound: Cannot find Logical_Router_Port with name=lrp-7de451b6-3de6-478e-9b8e-2646ceae4052
2026-02-25 20:45:18.958 9 ERROR neutron_lib.callbacks.manager
Traceback (most recent call last):
2026-02-25 20:45:18.958 9 ERROR neutron_lib.callbacks.manager
File "/var/lib/openstack/lib/python3.10/site-packages/neutron_lib/callbacks/manager.py", line 189, in _notify_loop
2026-02-25 20:45:18.958 9 ERROR neutron_lib.callbacks.manager callback.method(resource, event, trigger, payload=payload)
2026-02-25 20:45:18.958 9 ERROR neutron_lib.callbacks.manager
File "/var/lib/openstack/lib/python3.10/site-packages/neutron/services/ovn_l3/plugin.py", line 391, in _port_update
2026-02-25 20:45:18.958 9 ERROR neutron_lib.callbacks.manager l3plugin._ovn_client.update_router_port(context,
2026-02-25 20:45:18.958 9 ERROR neutron_lib.callbacks.manager
File "/var/lib/openstack/lib/python3.10/site-packages/neutron/plugins/ml2/drivers/ovn/mech_driver/ovsdb/ovn_client.py", line 1878, in update_router_port
2026-02-25 20:45:18.958 9 ERROR neutron_lib.callbacks.manager self._update_lrouter_port(context, port, if_exists=if_exists,
2026-02-25 20:45:18.958 9 ERROR neutron_lib.callbacks.manager
File "/var/lib/openstack/lib/python3.10/site-packages/neutron/plugins/ml2/drivers/ovn/mech_driver/ovsdb/ovn_client.py", line 1855, in _update_lrouter_port
2026-02-25 20:45:18.958 9 ERROR neutron_lib.callbacks.manager external_ids = self._nb_idl.db_get(
2026-02-25 20:45:18.958 9 ERROR neutron_lib.callbacks.manager
File "/var/lib/openstack/lib/python3.10/site-packages/ovsdbapp/backend/ovs_idl/command.py", line 47, in execute
2026-02-25 20:45:18.958 9 ERROR neutron_lib.callbacks.manager self.run_idl(None)
2026-02-25 20:45:18.958 9 ERROR neutron_lib.callbacks.manager
