File "/var/lib/openstack/lib/python3.10/site-packages/ovsdbapp/backend/ovs_idl/command.py", line 235, in run_idl
2026-02-25 20:45:18.958 9 ERROR neutron_lib.callbacks.manager record = self.api.lookup(self.table, self.record)
2026-02-25 20:45:18.958 9 ERROR neutron_lib.callbacks.manager
File "/var/lib/openstack/lib/python3.10/site-packages/ovsdbapp/backend/ovs_idl/__init__.py", line 184, in lookup
2026-02-25 20:45:18.958 9 ERROR neutron_lib.callbacks.manager return self._lookup(table, record)
2026-02-25 20:45:18.958 9 ERROR neutron_lib.callbacks.manager
File "/var/lib/openstack/lib/python3.10/site-packages/ovsdbapp/backend/ovs_idl/__init__.py", line 235, in _lookup
2026-02-25 20:45:18.958 9 ERROR neutron_lib.callbacks.manager row = idlutils.row_by_value(self, rl.table, rl.column, record)
2026-02-25 20:45:18.958 9 ERROR neutron_lib.callbacks.manager
File "/var/lib/openstack/lib/python3.10/site-packages/ovsdbapp/backend/ovs_idl/idlutils.py", line 114, in row_by_value
2026-02-25 20:45:18.958 9 ERROR neutron_lib.callbacks.manager raise RowNotFound(table=table, col=column, match=match)
2026-02-25 20:45:18.958 9 ERROR neutron_lib.callbacks.manager ovsdbapp.backend.ovs_idl.idlutils.RowNotFound: Cannot find Logical_Router_Port with name=lrp-7de451b6-3de6-478e-9b8e-2646ceae4052
2026-02-25 20:45:18.958 9 ERROR neutron_lib.callbacks.manager 
2026-02-25 20:45:19.126 9 INFO neutron.db.ovn_revision_numbers_db [None req-3afe96b9-41e8-4f82-95aa-81035ade8d20 2b8eeff3aba346c485a93f3672961852 b9da27cce42c4b22b81821bfdc1c44f2 - - default default] Successfully bumped revision number for resource 7de451b6-3de6-478e-9b8e-2646ceae4052 (type: ports) to 2
2026-02-25 20:45:19.193 9 WARNING neutron.scheduler.dhcp_agent_scheduler [None req-3afe96b9-41e8-4f82-95aa-81035ade8d20 2b8eeff3aba346c485a93f3672961852 b9da27cce42c4b22b81821bfdc1c44f2 - - default default] No more DHCP agents
2026-02-25 20:45:19.194 9 WARNING neutron.api.rpc.agentnotifiers.dhcp_rpc_agent_api [None req-3afe96b9-41e8-4f82-95aa-81035ade8d20 2b8eeff3aba346c485a93f3672961852 b9da27cce42c4b22b81821bfdc1c44f2 - - default default] Unable to schedule network b6dfe0cc-0ee6-479c-81dc-953107fc3d88: no agents available; will retry on subsequent port and subnet creation events. /var/lib/openstack/lib/python3.10/site-packages/pycadf/identifier.py:71: UserWarning: Invalid uuid: neutron. To ensure interoperability, identifiers should be a valid uuid. warnings.warn(('Invalid uuid: %s. To ensure interoperability, '
2026-02-25 20:45:19.365 9 INFO neutron.db.ovn_revision_numbers_db [None req-3afe96b9-41e8-4f82-95aa-81035ade8d20 2b8eeff3aba346c485a93f3672961852 b9da27cce42c4b22b81821bfdc1c44f2 - - default default] Successfully bumped revision number for resource 7de451b6-3de6-478e-9b8e-2646ceae4052 (type: router_ports) to 3
2026-02-25 20:45:19.370 9 INFO neutron.wsgi [None req-3afe96b9-41e8-4f82-95aa-81035ade8d20 2b8eeff3aba346c485a93f3672961852 b9da27cce42c4b22b81821bfdc1c44f2 - - default default] 10.0.0.201 "PUT /v2.0/routers/24c2224d-67e0-4875-8da5-c68aeb943816/add_router_interface HTTP/1.1" status: 200 len: 503 time: 1.6760714
2026-02-25 20:45:19.381 9 INFO neutron.db.ovn_revision_numbers_db [None req-1c034bdd-bbbd-481e-a260-ad369b1e5b0d 0d698a8e394e402f8e10bb6fdf9b5b47 ac992b5c700d42a29ae73e602d023058 - - default default] Successfully bumped revision number for resource 48a0f56b-d038-48fc-a100-4cac9c3dbe8a (type: security_groups) to 1
2026-02-25 20:45:19.400 9 INFO neutron.db.ovn_revision_numbers_db [None req-1c034bdd-bbbd-481e-a260-ad369b1e5b0d 0d698a8e394e402f8e10bb6fdf9b5b47 ac992b5c700d42a29ae73e602d023058 - - default default] Successfully bumped revision number for resource 281db896-cf19-4fa7-aa27-b612da4063e6 (type: security_group_rules) to 0
2026-02-25 20:45:19.413 9 INFO neutron.wsgi [None req-5ba94bc9-cc83-4017-bed5-4c519640ce4e 2b8eeff3aba346c485a93f3672961852 b9da27cce42c4b22b81821bfdc1c44f2 - - default default] 10.0.0.201 "GET /v2.0/ports/7de451b6-3de6-478e-9b8e-2646ceae4052 HTTP/1.1" status: 200 len: 1216 time: 0.0372443
2026-02-25 20:45:19.425 9 INFO neutron.db.ovn_revision_numbers_db [None req-1c034bdd-bbbd-481e-a260-ad369b1e5b0d 0d698a8e394e402f8e10bb6fdf9b5b47 ac992b5c700d42a29ae73e602d023058 - - default default] Successfully bumped revision number for resource 8f4d1245-a601-4877-bae6-d3b2afaf110d (type: security_group_rules) to 0
2026-02-25 20:45:19.461 10 INFO neutron.db.ovn_revision_numbers_db [None req-c3854714-3512-4426-ab4e-5bcbda3ed518 - - - - - -] Successfully bumped revision number for resource 7de451b6-3de6-478e-9b8e-2646ceae4052 (type: ports) to 3
2026-02-25 20:45:19.462 9 INFO neutron.db.ovn_revision_numbers_db [None req-1c034bdd-bbbd-481e-a260-ad369b1e5b0d 0d698a8e394e402f8e10bb6fdf9b5b47 ac992b5c700d42a29ae73e602d023058 - - default default] Successfully bumped revision number for resource c2ae393d-fea9-4b29-a061-2053108d5035 (type: security_group_rules) to 0
2026-02-25 20:45:19.479 9 INFO neutron.db.ovn_revision_numbers_db [None req-1c034bdd-bbbd-481e-a260-ad369b1e5b0d 0d698a8e394e402f8e10bb6fdf9b5b47 ac992b5c700d42a29ae73e602d023058 - - default default] Successfully bumped revision number for resource ccf3a346-7abd-4c74-8cfa-07481ce5d3ff (type: security_group_rules) to 0
2026-02-25 20:45:19.528 9 INFO neutron.wsgi [None req-1c034bdd-bbbd-481e-a260-ad369b1e5b0d 0d698a8e394e402f8e10bb6fdf9b5b47 ac992b5c700d42a29ae73e602d023058 - - default default] 10.0.0.201 "GET /v2.0/security-groups?tenant_id=746076a703824ffeb8443a98a637895e&name=default HTTP/1.1" status: 200 len: 3120 time: 0.4724507 /var/lib/openstack/lib/python3.10/site-packages/pycadf/identifier.py:71: UserWarning: Invalid uuid: neutron. To ensure interoperability, identifiers should be a valid uuid. warnings.warn(('Invalid uuid: %s. To ensure interoperability, '
2026-02-25 20:45:19.712 10 ERROR ovsdbapp.backend.ovs_idl.command [None req-aae4c7ff-3789-4132-96e0-24a853f87d1c 964ed665791d4e628d19538342537743 dcdb3aec54ee4302960ff296db410801 - - default default] Error executing command (DbGetCommand): ovsdbapp.backend.ovs_idl.idlutils.RowNotFound: Cannot find Logical_Router_Port with name=lrp-cb5d999a-b550-4892-86e6-9cdcfa418b7e
2026-02-25 20:45:19.712 10 ERROR ovsdbapp.backend.ovs_idl.command
Traceback (most recent call last):
2026-02-25 20:45:19.712 10 ERROR ovsdbapp.backend.ovs_idl.command
File "/var/lib/openstack/lib/python3.10/site-packages/ovsdbapp/backend/ovs_idl/command.py", line 47, in execute
2026-02-25 20:45:19.712 10 ERROR ovsdbapp.backend.ovs_idl.command self.run_idl(None)
2026-02-25 20:45:19.712 10 ERROR ovsdbapp.backend.ovs_idl.command
File "/var/lib/openstack/lib/python3.10/site-packages/ovsdbapp/backend/ovs_idl/command.py", line 235, in run_idl
2026-02-25 20:45:19.712 10 ERROR ovsdbapp.backend.ovs_idl.command record = self.api.lookup(self.table, self.record)
2026-02-25 20:45:19.712 10 ERROR ovsdbapp.backend.ovs_idl.command
File "/var/lib/openstack/lib/python3.10/site-packages/ovsdbapp/backend/ovs_idl/__init__.py", line 184, in lookup
2026-02-25 20:45:19.712 10 ERROR ovsdbapp.backend.ovs_idl.command return self._lookup(table, record)
2026-02-25 20:45:19.712 10 ERROR ovsdbapp.backend.ovs_idl.command
File "/var/lib/openstack/lib/python3.10/site-packages/ovsdbapp/backend/ovs_idl/__init__.py", line 235, in _lookup
2026-02-25 20:45:19.712 10 ERROR ovsdbapp.backend.ovs_idl.command row = idlutils.row_by_value(self, rl.table, rl.column, record)
2026-02-25 20:45:19.712 10 ERROR ovsdbapp.backend.ovs_idl.command
File "/var/lib/openstack/lib/python3.10/site-packages/ovsdbapp/backend/ovs_idl/idlutils.py", line 114, in row_by_value
2026-02-25 20:45:19.712 10 ERROR ovsdbapp.backend.ovs_idl.command raise RowNotFound(table=table, col=column, match=match)
2026-02-25 20:45:19.712 10 ERROR ovsdbapp.backend.ovs_idl.command ovsdbapp.backend.ovs_idl.idlutils.RowNotFound: Cannot find Logical_Router_Port with name=lrp-cb5d999a-b550-4892-86e6-9cdcfa418b7e
2026-02-25 20:45:19.712 10 ERROR ovsdbapp.backend.ovs_idl.command 
2026-02-25 20:45:19.712 10 ERROR neutron_lib.callbacks.manager [None req-aae4c7ff-3789-4132-96e0-24a853f87d1c 964ed665791d4e628d19538342537743 dcdb3aec54ee4302960ff296db410801 - - default default] Error during notification for neutron.services.ovn_l3.plugin.OVNL3RouterPlugin._port_update-8733962747631 port, after_update: ovsdbapp.backend.ovs_idl.idlutils.RowNotFound: Cannot find Logical_Router_Port with name=lrp-cb5d999a-b550-4892-86e6-9cdcfa418b7e
2026-02-25 20:45:19.712 10 ERROR neutron_lib.callbacks.manager
Traceback (most recent call last):
2026-02-25 20:45:19.712 10 ERROR neutron_lib.callbacks.manager
File "/var/lib/openstack/lib/python3.10/site-packages/neutron_lib/callbacks/manager.py", line 189, in _notify_loop
2026-02-25 20:45:19.712 10 ERROR neutron_lib.callbacks.manager callback.method(resource, event, trigger, payload=payload)
2026-02-25 20:45:19.712 10 ERROR neutron_lib.callbacks.manager
File "/var/lib/openstack/lib/python3.10/site-packages/neutron/services/ovn_l3/plugin.py", line 391, in _port_update
2026-02-25 20:45:19.712 10 ERROR neutron_lib.callbacks.manager l3plugin._ovn_client.update_router_port(context,
2026-02-25 20:45:19.712 10 ERROR neutron_lib.callbacks.manager
File "/var/lib/openstack/lib/python3.10/site-packages/neutron/plugins/ml2/drivers/ovn/mech_driver/ovsdb/ovn_client.py", line 1878, in update_router_port
2026-02-25 20:45:19.712 10 ERROR neutron_lib.callbacks.manager self._update_lrouter_port(context, port, if_exists=if_exists,
2026-02-25 20:45:19.712 10 ERROR neutron_lib.callbacks.manager
File "/var/lib/openstack/lib/python3.10/site-packages/neutron/plugins/ml2/drivers/ovn/mech_driver/ovsdb/ovn_client.py", line 1855, in _update_lrouter_port
2026-02-25 20:45:19.712 10 ERROR neutron_lib.callbacks.manager external_ids = self._nb_idl.db_get(
2026-02-25 20:45:19.712 10 ERROR neutron_lib.callbacks.manager
File "/var/lib/openstack/lib/python3.10/site-packages/ovsdbapp/backend/ovs_idl/command.py", line 47, in execute
2026-02-25 20:45:19.712 10 ERROR neutron_lib.callbacks.manager self.run_idl(None)
2026-02-25 20:45:19.712 10 ERROR neutron_lib.callbacks.manager
File "/var/lib/openstack/lib/python3.10/site-packages/ovsdbapp/backend/ovs_idl/command.py", line 235, in run_idl
2026-02-25 20:45:19.712 10 ERROR neutron_lib.callbacks.manager record = self.api.lookup(self.table, self.record)
2026-02-25 20:45:19.712 10 ERROR neutron_lib.callbacks.manager
File "/var/lib/openstack/lib/python3.10/site-packages/ovsdbapp/backend/ovs_idl/__init__.py", line 184, in lookup
2026-02-25 20:45:19.712 10 ERROR neutron_lib.callbacks.manager return self._lookup(table, record)
2026-02-25 20:45:19.712 10 ERROR neutron_lib.callbacks.manager
File "/var/lib/openstack/lib/python3.10/site-packages/ovsdbapp/backend/ovs_idl/__init__.py", line 235, in _lookup
2026-02-25 20:45:19.712 10 ERROR neutron_lib.callbacks.manager row = idlutils.row_by_value(self, rl.table, rl.column, record)
2026-02-25 20:45:19.712 10 ERROR neutron_lib.callbacks.manager
File "/var/lib/openstack/lib/python3.10/site-packages/ovsdbapp/backend/ovs_idl/idlutils.py", line 114, in row_by_value
2026-02-25 20:45:19.712 10 ERROR neutron_lib.callbacks.manager raise RowNotFound(table=table, col=column, match=match)
2026-02-25 20:45:19.712 10 ERROR neutron_lib.callbacks.manager ovsdbapp.backend.ovs_idl.idlutils.RowNotFound: Cannot find Logical_Router_Port with name=lrp-cb5d999a-b550-4892-86e6-9cdcfa418b7e
2026-02-25 20:45:19.712 10 ERROR neutron_lib.callbacks.manager 
2026-02-25 20:45:19.912 10 INFO neutron.wsgi [None req-4c2d7548-7f8e-4194-be9b-e85c51f93835 0d698a8e394e402f8e10bb6fdf9b5b47 ac992b5c700d42a29ae73e602d023058 - - default default] 10.0.0.201 "DELETE /v2.0/security-groups/48a0f56b-d038-48fc-a100-4cac9c3dbe8a HTTP/1.1" status: 204 len: 168 time: 0.3757396
2026-02-25 20:45:19.972 10 INFO neutron.db.ovn_revision_numbers_db [None req-aae4c7ff-3789-4132-96e0-24a853f87d1c 964ed665791d4e628d19538342537743 dcdb3aec54ee4302960ff296db410801 - - default default] Successfully bumped revision number for resource cb5d999a-b550-4892-86e6-9cdcfa418b7e (type: ports) to 1
2026-02-25 20:45:20.048 10 WARNING neutron.scheduler.dhcp_agent_scheduler [None req-aae4c7ff-3789-4132-96e0-24a853f87d1c 964ed665791d4e628d19538342537743 dcdb3aec54ee4302960ff296db410801 - - default default] No more DHCP agents
2026-02-25 20:45:20.050 10 WARNING neutron.api.rpc.agentnotifiers.dhcp_rpc_agent_api [None req-aae4c7ff-3789-4132-96e0-24a853f87d1c 964ed665791d4e628d19538342537743 dcdb3aec54ee4302960ff296db410801 - - default default] Unable to schedule network cb74002f-f3a4-4fc2-a680-87059fc50bd2: no agents available; will retry on subsequent port and subnet creation events.
2026-02-25 20:45:20.376 10 INFO neutron.db.ovn_revision_numbers_db [None req-aae4c7ff-3789-4132-96e0-24a853f87d1c 964ed665791d4e628d19538342537743 dcdb3aec54ee4302960ff296db410801 - - default default] Successfully bumped revision number for resource cb5d999a-b550-4892-86e6-9cdcfa418b7e (type: router_ports) to 1
2026-02-25 20:45:20.384 10 INFO neutron.wsgi [None req-aae4c7ff-3789-4132-96e0-24a853f87d1c 964ed665791d4e628d19538342537743 dcdb3aec54ee4302960ff296db410801 - - default default] 10.0.0.201 "PUT /v2.0/routers/03210b77-207c-4a0e-ac01-048d96f04c13/add_router_interface HTTP/1.1" status: 200 len: 503 time: 3.1343300
2026-02-25 20:45:20.388 9 INFO neutron.wsgi [None req-d82ba86e-45cd-4546-9214-2daf0d066ed3 2b8eeff3aba346c485a93f3672961852 b9da27cce42c4b22b81821bfdc1c44f2 - - default default] 10.0.0.201 "PUT /v2.0/routers/24c2224d-67e0-4875-8da5-c68aeb943816/remove_router_interface HTTP/1.1" status: 200 len: 503 time: 0.9697464 /var/lib/openstack/lib/python3.10/site-packages/pycadf/identifier.py:71: UserWarning: Invalid uuid: neutron. To ensure interoperability, identifiers should be a valid uuid. warnings.warn(('Invalid uuid: %s. To ensure interoperability, '
2026-02-25 20:45:20.476 9 INFO neutron.api.v2.resource [None req-b0313c88-5656-4728-ac75-7e0340364a8c 2b8eeff3aba346c485a93f3672961852 b9da27cce42c4b22b81821bfdc1c44f2 - - default default] remove_router_interface failed (client error): The resource could not be found.
2026-02-25 20:45:20.478 9 INFO neutron.wsgi [None req-b0313c88-5656-4728-ac75-7e0340364a8c 2b8eeff3aba346c485a93f3672961852 b9da27cce42c4b22b81821bfdc1c44f2 - - default default] 10.0.0.201 "PUT /v2.0/routers/24c2224d-67e0-4875-8da5-c68aeb943816/remove_router_interface HTTP/1.1" status: 404 len: 398 time: 0.0782061
2026-02-25 20:45:20.482 10 INFO neutron.wsgi [None req-310f4398-aadc-4449-9b6b-0600fd333754 c067da4587dd4f6eb53a0c23a8d135df 09e0ed9d8f9444f3a8046aa9ce5af60f - - default default] 10.0.0.201 "GET /v2.0/networks HTTP/1.1" status: 200 len: 3861 time: 0.0935700
2026-02-25 20:45:20.506 9 INFO neutron.wsgi [None req-db809e7c-f7b4-4ed5-bff4-62afacd5b7dc 2b8eeff3aba346c485a93f3672961852 b9da27cce42c4b22b81821bfdc1c44f2 - - default default] 10.0.0.201 "GET /v2.0/ports?device_id=24c2224d-67e0-4875-8da5-c68aeb943816 HTTP/1.1" status: 200 len: 205 time: 0.0219538
2026-02-25 20:45:20.532 10 INFO neutron.wsgi [None req-3f9ad5a2-4670-410b-b208-a4302ad5ead7 c067da4587dd4f6eb53a0c23a8d135df 09e0ed9d8f9444f3a8046aa9ce5af60f - - default default] 10.0.0.201 "GET /v2.0/subnets HTTP/1.1" status: 200 len: 2726 time: 0.0457661
2026-02-25 20:45:20.657 10 INFO neutron.wsgi [None req-2c796a0d-ffe2-4255-87a6-ba28a11adb24 c067da4587dd4f6eb53a0c23a8d135df 09e0ed9d8f9444f3a8046aa9ce5af60f - - default default] 10.0.0.201 "GET /v2.0/routers HTTP/1.1" status: 200 len: 1785 time: 0.1200888
2026-02-25 20:45:20.748 9 WARNING neutron_lib.context [None req-c8230b92-5b9a-49e6-a8ba-511cbc55f471 964ed665791d4e628d19538342537743 dcdb3aec54ee4302960ff296db410801 - - default default] Method 'is_advsvc' is deprecated since 2023.2 release (neutron-lib 3.8.0) and will be removed once support for the old RBAC API policies will be removed from Neutron. Please use method 'is_service_role' instead.
2026-02-25 20:45:20.771 9 INFO neutron.wsgi [None req-109893eb-19e3-4b2e-9ff2-3bfb4bf9ebe7 2b8eeff3aba346c485a93f3672961852 b9da27cce42c4b22b81821bfdc1c44f2 - - default default] 10.0.0.201 "DELETE /v2.0/routers/24c2224d-67e0-4875-8da5-c68aeb943816 HTTP/1.1" status: 204 len: 168 time: 0.2603447
2026-02-25 20:45:20.871 9 INFO neutron.db.ovn_revision_numbers_db [None req-c8230b92-5b9a-49e6-a8ba-511cbc55f471 964ed665791d4e628d19538342537743 dcdb3aec54ee4302960ff296db410801 - - default default] Successfully bumped revision number for resource 037ee1dc-005f-42f0-bd7e-4ecd55e755de (type: security_groups) to 1
2026-02-25 20:45:20.885 9 INFO neutron.db.ovn_revision_numbers_db [None req-c8230b92-5b9a-49e6-a8ba-511cbc55f471 964ed665791d4e628d19538342537743 dcdb3aec54ee4302960ff296db410801 - - default default] Successfully bumped revision number for resource 4fd60f94-0781-440e-b4a1-edb03505fdcd (type: security_group_rules) to 0
2026-02-25 20:45:20.898 9 INFO neutron.db.ovn_revision_numbers_db [None req-c8230b92-5b9a-49e6-a8ba-511cbc55f471 964ed665791d4e628d19538342537743 dcdb3aec54ee4302960ff296db410801 - - default default] Successfully bumped revision number for resource 62e3a42a-cab9-4228-932d-3f0417bc7c04 (type: security_group_rules) to 0
2026-02-25 20:45:20.920 9 INFO neutron.wsgi [None req-c8230b92-5b9a-49e6-a8ba-511cbc55f471 964ed665791d4e628d19538342537743 dcdb3aec54ee4302960ff296db410801 - - default default] 10.0.0.201 "POST /v2.0/security-groups HTTP/1.1" status: 201 len: 1875 time: 0.1771832
2026-02-25 20:45:20.929 10 WARNING neutron_lib.context [None req-206dfef3-2759-4642-89d2-680f904b70a8 964ed665791d4e628d19538342537743 dcdb3aec54ee4302960ff296db410801 - - default default] Method 'is_advsvc' is deprecated since 2023.2 release (neutron-lib 3.8.0) and will be removed once support for the old RBAC API policies will be removed from Neutron. Please use method 'is_service_role' instead.
2026-02-25 20:45:20.960 10 INFO neutron.wsgi [None req-21e659a9-1b6a-4f10-b2c1-b16c795cc1e7 2b8eeff3aba346c485a93f3672961852 b9da27cce42c4b22b81821bfdc1c44f2 - - default default] 10.0.0.201 "DELETE /v2.0/subnets/c96058a8-150f-4dc4-b482-818b37b9f59a HTTP/1.1" status: 204 len: 168 time: 0.1845374
2026-02-25 20:45:21.081 10 INFO neutron.db.ovn_revision_numbers_db [None req-206dfef3-2759-4642-89d2-680f904b70a8 964ed665791d4e628d19538342537743 dcdb3aec54ee4302960ff296db410801 - - default default] Successfully bumped revision number for resource 6559e52e-4fff-43d6-9ea4-8b2c9ac64781 (type: security_group_rules) to 0
2026-02-25 20:45:21.109 10 INFO neutron.wsgi [None req-206dfef3-2759-4642-89d2-680f904b70a8 964ed665791d4e628d19538342537743 dcdb3aec54ee4302960ff296db410801 - - default default] 10.0.0.201 "POST /v2.0/security-group-rules HTTP/1.1" status: 201 len: 796 time: 0.1851938
2026-02-25 20:45:21.119 10 WARNING neutron_lib.context [None req-0c09ad5c-9db2-4e5c-b7cf-806dc693cf2b 964ed665791d4e628d19538342537743 dcdb3aec54ee4302960ff296db410801 - - default default] Method 'is_advsvc' is deprecated since 2023.2 release (neutron-lib 3.8.0) and will be removed once support for the old RBAC API policies will be removed from Neutron. Please use method 'is_service_role' instead.
2026-02-25 20:45:21.236 10 INFO neutron.db.ovn_revision_numbers_db [None req-0c09ad5c-9db2-4e5c-b7cf-806dc693cf2b 964ed665791d4e628d19538342537743 dcdb3aec54ee4302960ff296db410801 - - default default] Successfully bumped revision number for resource e790dd1e-6fe5-423e-9d34-00be90b13fc0 (type: security_group_rules) to 0
2026-02-25 20:45:21.262 10 INFO neutron.wsgi [None req-0c09ad5c-9db2-4e5c-b7cf-806dc693cf2b 964ed665791d4e628d19538342537743 dcdb3aec54ee4302960ff296db410801 - - default default] 10.0.0.201 "POST /v2.0/security-group-rules HTTP/1.1" status: 201 len: 795 time: 0.1469967
2026-02-25 20:45:21.271 10 WARNING neutron_lib.context [None req-84f68cf1-d34d-472a-b5c4-65a83a7ea859 964ed665791d4e628d19538342537743 dcdb3aec54ee4302960ff296db410801 - - default default] Method 'is_advsvc' is deprecated since 2023.2 release (neutron-lib 3.8.0) and will be removed once support for the old RBAC API policies will be removed from Neutron. Please use method 'is_service_role' instead.
2026-02-25 20:45:21.317 9 INFO neutron.services.segments.plugin [-] Segment 4b456735-f25e-4d8f-bae5-a09d62fd2720 resource provider aggregate not found
2026-02-25 20:45:21.322 9 INFO neutron.services.segments.plugin [-] Segment 4b456735-f25e-4d8f-bae5-a09d62fd2720 resource provider aggregate not found
2026-02-25 20:45:21.329 9 INFO neutron.services.segments.plugin [-] Segment 4b456735-f25e-4d8f-bae5-a09d62fd2720 resource provider not found; error: Placement Client Error (4xx): {"errors": [{"status": 404, "title": "Not Found", "detail": "The resource could not be found.\n\n No resource provider with uuid 4b456735-f25e-4d8f-bae5-a09d62fd2720 found for delete ", "request_id": "req-0dd998a7-3a11-417b-ac8d-63005c60ab1b"}]}
2026-02-25 20:45:21.338 9 INFO neutron.services.segments.plugin [-] Segment 4b456735-f25e-4d8f-bae5-a09d62fd2720 resource provider not found; error: Placement Client Error (4xx): {"errors": [{"status": 404, "title": "Not Found", "detail": "The resource could not be found.\n\n No resource provider with uuid 4b456735-f25e-4d8f-bae5-a09d62fd2720 found for delete ", "request_id": "req-4756719d-766e-4156-bd5a-c1fba5b4686e"}]}
2026-02-25 20:45:21.360 9 INFO neutron.wsgi [None req-f8cb328f-fe7b-45ca-ad7e-938e16044e7f 2b8eeff3aba346c485a93f3672961852 b9da27cce42c4b22b81821bfdc1c44f2 - - default default] 10.0.0.201 "DELETE /v2.0/networks/b6dfe0cc-0ee6-479c-81dc-953107fc3d88 HTTP/1.1" status: 204 len: 168 time: 0.3960097
2026-02-25 20:45:21.371 9 WARNING neutron_lib.context [None req-e0df0efb-9c87-4a75-b8ce-854d7c668ac6 2b8eeff3aba346c485a93f3672961852 b9da27cce42c4b22b81821bfdc1c44f2 - - default default] Method 'is_advsvc' is deprecated since 2023.2 release (neutron-lib 3.8.0) and will be removed once support for the old RBAC API policies will be removed from Neutron. Please use method 'is_service_role' instead.
2026-02-25 20:45:21.414 10 INFO neutron.db.ovn_revision_numbers_db [None req-84f68cf1-d34d-472a-b5c4-65a83a7ea859 964ed665791d4e628d19538342537743 dcdb3aec54ee4302960ff296db410801 - - default default] Successfully bumped revision number for resource c8c2e024-c557-4fb1-b22a-a14489ed24aa (type: security_group_rules) to 0
2026-02-25 20:45:21.446 10 INFO neutron.wsgi [None req-84f68cf1-d34d-472a-b5c4-65a83a7ea859 964ed665791d4e628d19538342537743 dcdb3aec54ee4302960ff296db410801 - - default default] 10.0.0.201 "POST /v2.0/security-group-rules HTTP/1.1" status: 201 len: 801 time: 0.1794274
2026-02-25 20:45:21.449 9 INFO neutron.db.segments_db [None req-e0df0efb-9c87-4a75-b8ce-854d7c668ac6 2b8eeff3aba346c485a93f3672961852 b9da27cce42c4b22b81821bfdc1c44f2 - - default default] Added segment 88d4d0f8-149d-4e4d-980a-48382610bce4 of type geneve for network 9d229a66-cfeb-46f4-bdf0-eeca0949a0d4
2026-02-25 20:45:21.459 9 WARNING neutron_lib.context [None req-99333a9f-ac07-4c8a-a106-6fa8fe186abb 964ed665791d4e628d19538342537743 dcdb3aec54ee4302960ff296db410801 - - default default] Method 'is_advsvc' is deprecated since 2023.2 release (neutron-lib 3.8.0) and will be removed once support for the old RBAC API policies will be removed from Neutron. Please use method 'is_service_role' instead.
2026-02-25 20:45:21.581 9 WARNING neutron_lib.context [None req-e7d2d7e5-eea6-4442-9cef-c010c4d5790e f72a2997326c4826a7c9a0d59e76c630 3cd6de183cb3438687fdb5b6f8f29be8 - - default default] Method 'is_advsvc' is deprecated since 2023.2 release (neutron-lib 3.8.0) and will be removed once support for the old RBAC API policies will be removed from Neutron. Please use method 'is_service_role' instead.
2026-02-25 20:45:21.627 9 INFO neutron.db.ovn_revision_numbers_db [None req-e0df0efb-9c87-4a75-b8ce-854d7c668ac6 2b8eeff3aba346c485a93f3672961852 b9da27cce42c4b22b81821bfdc1c44f2 - - default default] Successfully bumped revision number for resource 9d229a66-cfeb-46f4-bdf0-eeca0949a0d4 (type: networks) to 1
2026-02-25 20:45:21.732 9 INFO neutron.db.ovn_revision_numbers_db [None req-99333a9f-ac07-4c8a-a106-6fa8fe186abb 964ed665791d4e628d19538342537743 dcdb3aec54ee4302960ff296db410801 - - default default] Successfully bumped revision number for resource bc070405-6a3f-4bb1-9d01-9e74906751ad (type: security_group_rules) to 0
2026-02-25 20:45:21.784 9 INFO neutron.wsgi [None req-99333a9f-ac07-4c8a-a106-6fa8fe186abb 964ed665791d4e628d19538342537743 dcdb3aec54ee4302960ff296db410801 - - default default] 10.0.0.201 "POST /v2.0/security-group-rules HTTP/1.1" status: 201 len: 800 time: 0.3295863
2026-02-25 20:45:21.795 10 WARNING neutron_lib.context [None req-10ba85ef-6421-4a3a-a902-c9aa1d62f958 964ed665791d4e628d19538342537743 dcdb3aec54ee4302960ff296db410801 - - default default] Method 'is_advsvc' is deprecated since 2023.2 release (neutron-lib 3.8.0) and will be removed once support for the old RBAC API policies will be removed from Neutron. Please use method 'is_service_role' instead.
2026-02-25 20:45:21.806 9 INFO neutron.db.ovn_revision_numbers_db [None req-e7d2d7e5-eea6-4442-9cef-c010c4d5790e f72a2997326c4826a7c9a0d59e76c630 3cd6de183cb3438687fdb5b6f8f29be8 - - default default] Successfully bumped revision number for resource bf298d1a-15a1-4baf-9c2c-6725986377c3 (type: security_groups) to 1
2026-02-25 20:45:21.832 9 INFO neutron.db.ovn_revision_numbers_db [None req-e7d2d7e5-eea6-4442-9cef-c010c4d5790e f72a2997326c4826a7c9a0d59e76c630 3cd6de183cb3438687fdb5b6f8f29be8 - - default default] Successfully bumped revision number for resource 5a516346-88f6-43a4-8182-625490729ea1 (type: security_group_rules) to 0
2026-02-25 20:45:21.836 10 INFO neutron.db.securitygroups_db [None req-10ba85ef-6421-4a3a-a902-c9aa1d62f958 964ed665791d4e628d19538342537743 dcdb3aec54ee4302960ff296db410801 - - default default] Project dcdb3aec54ee4302960ff296db410801 added a security group rule with legacy IPv6 ICMP protocol name icmp, ipv6-icmp should be used instead. It was automatically converted.
2026-02-25 20:45:21.846 9 INFO neutron.db.ovn_revision_numbers_db [None req-e7d2d7e5-eea6-4442-9cef-c010c4d5790e f72a2997326c4826a7c9a0d59e76c630 3cd6de183cb3438687fdb5b6f8f29be8 - - default default] Successfully bumped revision number for resource 6df242a8-1b98-4d61-b0bc-0b954f88dd32 (type: security_group_rules) to 0
2026-02-25 20:45:21.865 9 INFO neutron.db.ovn_revision_numbers_db [None req-e7d2d7e5-eea6-4442-9cef-c010c4d5790e f72a2997326c4826a7c9a0d59e76c630 3cd6de183cb3438687fdb5b6f8f29be8 - - default default] Successfully bumped revision number for resource d723f912-178b-4e73-a2d1-4dd1ea3528fc (type: security_group_rules) to 0
2026-02-25 20:45:21.878 9 WARNING neutron.scheduler.dhcp_agent_scheduler [None req-e0df0efb-9c87-4a75-b8ce-854d7c668ac6 2b8eeff3aba346c485a93f3672961852 b9da27cce42c4b22b81821bfdc1c44f2 - - default default] No more DHCP agents
2026-02-25 20:45:21.882 9 WARNING neutron.api.rpc.agentnotifiers.dhcp_rpc_agent_api [None req-e0df0efb-9c87-4a75-b8ce-854d7c668ac6 2b8eeff3aba346c485a93f3672961852 b9da27cce42c4b22b81821bfdc1c44f2 - - default default] Unable to schedule network 9d229a66-cfeb-46f4-bdf0-eeca0949a0d4: no agents available; will retry on subsequent port and subnet creation events.
2026-02-25 20:45:21.896 9 INFO neutron.db.ovn_revision_numbers_db [None req-e7d2d7e5-eea6-4442-9cef-c010c4d5790e f72a2997326c4826a7c9a0d59e76c630 3cd6de183cb3438687fdb5b6f8f29be8 - - default default] Successfully bumped revision number for resource fe662a19-c5e8-457f-9152-71425c796899 (type: security_group_rules) to 0
2026-02-25 20:45:21.944 9 INFO neutron.db.segments_db [None req-e7d2d7e5-eea6-4442-9cef-c010c4d5790e f72a2997326c4826a7c9a0d59e76c630 3cd6de183cb3438687fdb5b6f8f29be8 - - default default] Added segment 44779b97-71fe-48cf-b298-9f6de6b460ad of type geneve for network 79e2fe54-23fd-4625-ba6f-00a7ba24a209
2026-02-25 20:45:21.947 10 INFO neutron.db.ovn_revision_numbers_db [None req-10ba85ef-6421-4a3a-a902-c9aa1d62f958 964ed665791d4e628d19538342537743 dcdb3aec54ee4302960ff296db410801 - - default default] Successfully bumped revision number for resource 5f44d274-d721-4d50-94f2-911f4fad0708 (type: security_group_rules) to 0
2026-02-25 20:45:21.969 10 INFO neutron.wsgi [None req-10ba85ef-6421-4a3a-a902-c9aa1d62f958 964ed665791d4e628d19538342537743 dcdb3aec54ee4302960ff296db410801 - - default default] 10.0.0.201 "POST /v2.0/security-group-rules HTTP/1.1" status: 201 len: 806 time: 0.1808589
2026-02-25 20:45:21.981 10 WARNING neutron_lib.context [None req-8d6a4b21-70c5-4dce-8f20-d3cbbe9afc20 964ed665791d4e628d19538342537743 dcdb3aec54ee4302960ff296db410801 - - default default] Method 'is_advsvc' is deprecated since 2023.2 release (neutron-lib 3.8.0) and will be removed once support for the old RBAC API policies will be removed from Neutron. Please use method 'is_service_role' instead.
2026-02-25 20:45:22.011 10 INFO neutron.db.securitygroups_db [None req-8d6a4b21-70c5-4dce-8f20-d3cbbe9afc20 964ed665791d4e628d19538342537743 dcdb3aec54ee4302960ff296db410801 - - default default] Project dcdb3aec54ee4302960ff296db410801 added a security group rule with legacy IPv6 ICMP protocol name icmp, ipv6-icmp should be used instead. It was automatically converted.
2026-02-25 20:45:22.020 9 INFO neutron.db.ovn_revision_numbers_db [None req-e0df0efb-9c87-4a75-b8ce-854d7c668ac6 2b8eeff3aba346c485a93f3672961852 b9da27cce42c4b22b81821bfdc1c44f2 - - default default] Successfully bumped revision number for resource 2cc684b8-7b02-4619-ba06-7942aaba0111 (type: ports) to 1
2026-02-25 20:45:22.065 9 INFO neutron.wsgi [None req-e0df0efb-9c87-4a75-b8ce-854d7c668ac6 2b8eeff3aba346c485a93f3672961852 b9da27cce42c4b22b81821bfdc1c44f2 - - default default] 10.0.0.201 "POST /v2.0/networks HTTP/1.1" status: 201 len: 833 time: 0.6974540
2026-02-25 20:45:22.078 10 WARNING neutron_lib.context [None req-dafbbfc6-0d45-4d1d-9dfd-39d6a865ff46 2b8eeff3aba346c485a93f3672961852 b9da27cce42c4b22b81821bfdc1c44f2 - - default default] Method 'is_advsvc' is deprecated since 2023.2 release (neutron-lib 3.8.0) and will be removed once support for the old RBAC API policies will be removed from Neutron. Please use method 'is_service_role' instead.
2026-02-25 20:45:22.102 9 INFO neutron.db.ovn_revision_numbers_db [None req-e7d2d7e5-eea6-4442-9cef-c010c4d5790e f72a2997326c4826a7c9a0d59e76c630 3cd6de183cb3438687fdb5b6f8f29be8 - - default default] Successfully bumped revision number for resource 79e2fe54-23fd-4625-ba6f-00a7ba24a209 (type: networks) to 1
2026-02-25 20:45:22.162 10 INFO neutron.db.ovn_revision_numbers_db [None req-8d6a4b21-70c5-4dce-8f20-d3cbbe9afc20 964ed665791d4e628d19538342537743 dcdb3aec54ee4302960ff296db410801 - - default default] Successfully bumped revision number for resource 3696155f-6ae1-4ea6-8ee8-c2253f9ee234 (type: security_group_rules) to 0
2026-02-25 20:45:22.323 9 WARNING neutron.scheduler.dhcp_agent_scheduler [None req-e7d2d7e5-eea6-4442-9cef-c010c4d5790e f72a2997326c4826a7c9a0d59e76c630 3cd6de183cb3438687fdb5b6f8f29be8 - - default default] No more DHCP agents
2026-02-25 20:45:22.325 9 WARNING neutron.api.rpc.agentnotifiers.dhcp_rpc_agent_api [None req-e7d2d7e5-eea6-4442-9cef-c010c4d5790e f72a2997326c4826a7c9a0d59e76c630 3cd6de183cb3438687fdb5b6f8f29be8 - - default default] Unable to schedule network 79e2fe54-23fd-4625-ba6f-00a7ba24a209: no agents available; will retry on subsequent port and subnet creation events.
2026-02-25 20:45:22.423 9 INFO neutron.db.ovn_revision_numbers_db [None req-e7d2d7e5-eea6-4442-9cef-c010c4d5790e f72a2997326c4826a7c9a0d59e76c630 3cd6de183cb3438687fdb5b6f8f29be8 - - default default] Successfully bumped revision number for resource ba5c61c4-aa90-4cac-a987-663b7711c16c (type: ports) to 1
2026-02-25 20:45:22.453 10 INFO neutron.wsgi [None req-8d6a4b21-70c5-4dce-8f20-d3cbbe9afc20 964ed665791d4e628d19538342537743 dcdb3aec54ee4302960ff296db410801 - - default default] 10.0.0.201 "POST /v2.0/security-group-rules HTTP/1.1" status: 201 len: 805 time: 0.4752569
2026-02-25 20:45:22.452 9 INFO neutron.wsgi [None req-e7d2d7e5-eea6-4442-9cef-c010c4d5790e f72a2997326c4826a7c9a0d59e76c630 3cd6de183cb3438687fdb5b6f8f29be8 - - default default] 10.0.0.201 "POST /v2.0/networks HTTP/1.1" status: 201 len: 831 time: 1.0241749
2026-02-25 20:45:22.465 10 WARNING neutron_lib.context [None req-5413d1b6-7c36-4e7a-873d-ed9e62d9fba6 f72a2997326c4826a7c9a0d59e76c630 3cd6de183cb3438687fdb5b6f8f29be8 - - default default] Method 'is_advsvc' is deprecated since 2023.2 release (neutron-lib 3.8.0) and will be removed once support for the old RBAC API policies will be removed from Neutron. Please use method 'is_service_role' instead.
2026-02-25 20:45:22.579 10 INFO neutron.db.segments_db [None req-5413d1b6-7c36-4e7a-873d-ed9e62d9fba6 f72a2997326c4826a7c9a0d59e76c630 3cd6de183cb3438687fdb5b6f8f29be8 - - default default] Added segment ae6416a9-9425-4161-930d-d6fee9f7c1dd of type geneve for network c75b1e68-7479-45b8-9330-9b93f5e8da35
2026-02-25 20:45:22.621 10 WARNING neutron.scheduler.dhcp_agent_scheduler [None req-dafbbfc6-0d45-4d1d-9dfd-39d6a865ff46 2b8eeff3aba346c485a93f3672961852 b9da27cce42c4b22b81821bfdc1c44f2 - - default default] No more DHCP agents
2026-02-25 20:45:22.633 10 WARNING neutron.api.rpc.agentnotifiers.dhcp_rpc_agent_api [None req-dafbbfc6-0d45-4d1d-9dfd-39d6a865ff46 2b8eeff3aba346c485a93f3672961852 b9da27cce42c4b22b81821bfdc1c44f2 - - default default] Unable to schedule network 9d229a66-cfeb-46f4-bdf0-eeca0949a0d4: no agents available; will retry on subsequent port and subnet creation events.
2026-02-25 20:45:22.684 10 INFO neutron.db.ovn_revision_numbers_db [None req-dafbbfc6-0d45-4d1d-9dfd-39d6a865ff46 2b8eeff3aba346c485a93f3672961852 b9da27cce42c4b22b81821bfdc1c44f2 - - default default] Successfully bumped revision number for resource a035206c-9770-45a2-b111-3a99d16c37ed (type: subnets) to 0
2026-02-25 20:45:22.714 10 INFO neutron.wsgi [None req-dafbbfc6-0d45-4d1d-9dfd-39d6a865ff46 2b8eeff3aba346c485a93f3672961852 b9da27cce42c4b22b81821bfdc1c44f2 - - default default] 10.0.0.201 "POST /v2.0/subnets HTTP/1.1" status: 201 len: 821 time: 0.6426535
2026-02-25 20:45:22.725 10 WARNING neutron_lib.context [None req-03723310-667c-4bae-8122-09284b0a41dc 2b8eeff3aba346c485a93f3672961852 b9da27cce42c4b22b81821bfdc1c44f2 - - default default] Method 'is_advsvc' is deprecated since 2023.2 release (neutron-lib 3.8.0) and will be removed once support for the old RBAC API policies will be removed from Neutron. Please use method 'is_service_role' instead.
2026-02-25 20:45:22.788 10 INFO neutron.db.ovn_revision_numbers_db [None req-5413d1b6-7c36-4e7a-873d-ed9e62d9fba6 f72a2997326c4826a7c9a0d59e76c630 3cd6de183cb3438687fdb5b6f8f29be8 - - default default] Successfully bumped revision number for resource c75b1e68-7479-45b8-9330-9b93f5e8da35 (type: networks) to 1
2026-02-25 20:45:22.880 10 INFO neutron.db.ovn_revision_numbers_db [None req-03723310-667c-4bae-8122-09284b0a41dc 2b8eeff3aba346c485a93f3672961852 b9da27cce42c4b22b81821bfdc1c44f2 - - default default] Successfully bumped revision number for resource f8822fd9-dd57-400d-a3ba-9bf0c761e962 (type: routers) to 1
2026-02-25 20:45:22.908 10 INFO neutron.wsgi [None req-03723310-667c-4bae-8122-09284b0a41dc 2b8eeff3aba346c485a93f3672961852 b9da27cce42c4b22b81821bfdc1c44f2 - - default default] 10.0.0.201 "POST /v2.0/routers HTTP/1.1" status: 201 len: 806 time: 0.1897256
2026-02-25 20:45:23.000 10 WARNING neutron.scheduler.dhcp_agent_scheduler [None req-5413d1b6-7c36-4e7a-873d-ed9e62d9fba6 f72a2997326c4826a7c9a0d59e76c630 3cd6de183cb3438687fdb5b6f8f29be8 - - default default] No more DHCP agents
2026-02-25 20:45:23.001 10 WARNING neutron.api.rpc.agentnotifiers.dhcp_rpc_agent_api [None req-5413d1b6-7c36-4e7a-873d-ed9e62d9fba6 f72a2997326c4826a7c9a0d59e76c630 3cd6de183cb3438687fdb5b6f8f29be8 - - default default] Unable to schedule network c75b1e68-7479-45b8-9330-9b93f5e8da35: no agents available; will retry on subsequent port and subnet creation events.
2026-02-25 20:45:23.076 10 INFO neutron.db.ovn_revision_numbers_db [None req-5413d1b6-7c36-4e7a-873d-ed9e62d9fba6 f72a2997326c4826a7c9a0d59e76c630 3cd6de183cb3438687fdb5b6f8f29be8 - - default default] Successfully bumped revision number for resource e2795ff3-1d43-4880-a354-e600846af393 (type: ports) to 1
2026-02-25 20:45:23.081 9 INFO neutron.wsgi [None req-4d6313c8-5d4d-4112-8028-161798d8b1ee 964ed665791d4e628d19538342537743 dcdb3aec54ee4302960ff296db410801 - - default default] 10.0.0.201 "GET /v2.0/networks HTTP/1.1" status: 200 len: 1493 time: 0.2697690
2026-02-25 20:45:23.111 10 INFO neutron.wsgi [None req-5413d1b6-7c36-4e7a-873d-ed9e62d9fba6 f72a2997326c4826a7c9a0d59e76c630 3cd6de183cb3438687fdb5b6f8f29be8 - - default default] 10.0.0.201 "POST /v2.0/networks HTTP/1.1" status: 201 len: 831 time: 0.6524537
2026-02-25 20:45:23.120 9 WARNING neutron_lib.context [None req-db84e994-297b-4640-a9d2-d544fbdd241f f72a2997326c4826a7c9a0d59e76c630 3cd6de183cb3438687fdb5b6f8f29be8 - - default default] Method 'is_advsvc' is deprecated since 2023.2 release (neutron-lib 3.8.0) and will be removed once support for the old RBAC API policies will be removed from Neutron. Please use method 'is_service_role' instead.
2026-02-25 20:45:23.227 10 INFO neutron.wsgi [req-661b91cc-8a9f-4285-b832-ae9874ec9a46 req-de85d1e0-efa0-4a9c-9853-50a12f197e83 964ed665791d4e628d19538342537743 dcdb3aec54ee4302960ff296db410801 - - default default] 10.0.0.76 "GET /v2.0/security-groups?name=tempest-secgroup-smoke-1191338887&fields=id&tenant_id=dcdb3aec54ee4302960ff296db410801 HTTP/1.1" status: 200 len: 267 time: 0.0547731
2026-02-25 20:45:23.238 9 INFO neutron.db.segments_db [None req-db84e994-297b-4640-a9d2-d544fbdd241f f72a2997326c4826a7c9a0d59e76c630 3cd6de183cb3438687fdb5b6f8f29be8 - - default default] Added segment 5569fb58-1775-484a-947b-18c487d06f95 of type geneve for network 0eea2259-9e8f-4614-a90d-4c743076db5e
2026-02-25 20:45:23.322 10 INFO neutron.wsgi [req-661b91cc-8a9f-4285-b832-ae9874ec9a46 req-be36738f-7663-46eb-ab10-b4ee653565d2 964ed665791d4e628d19538342537743 dcdb3aec54ee4302960ff296db410801 - - default default] 10.0.0.76 "GET /v2.0/networks?id=cb74002f-f3a4-4fc2-a680-87059fc50bd2 HTTP/1.1" status: 200 len: 860 time: 0.0886962
2026-02-25 20:45:23.344 10 INFO neutron.wsgi [req-661b91cc-8a9f-4285-b832-ae9874ec9a46 req-d3080773-880f-4c4e-be05-0d5309b5e950 964ed665791d4e628d19538342537743 dcdb3aec54ee4302960ff296db410801 - - default default] 10.0.0.76 "GET /v2.0/quotas/dcdb3aec54ee4302960ff296db410801 HTTP/1.1" status: 200 len: 491 time: 0.0136323
2026-02-25 20:45:23.437 10 INFO neutron.db.ovn_revision_numbers_db [None req-255c6cfb-07aa-4968-8ee9-d225abb04190 0d698a8e394e402f8e10bb6fdf9b5b47 ac992b5c700d42a29ae73e602d023058 - - default default] Successfully bumped revision number for resource 5a98241a-0967-48c3-be48-25a6dc4146de (type: security_groups) to 1
2026-02-25 20:45:23.446 9 WARNING neutron.scheduler.dhcp_agent_scheduler [None req-c5763962-a6ba-4d1a-92e9-48640d337be4 2b8eeff3aba346c485a93f3672961852 b9da27cce42c4b22b81821bfdc1c44f2 - - default default] No more DHCP agents
2026-02-25 20:45:23.449 9 WARNING neutron.api.rpc.agentnotifiers.dhcp_rpc_agent_api [None req-c5763962-a6ba-4d1a-92e9-48640d337be4 2b8eeff3aba346c485a93f3672961852 b9da27cce42c4b22b81821bfdc1c44f2 - - default default] Unable to schedule network 9d229a66-cfeb-46f4-bdf0-eeca0949a0d4: no agents available; will retry on subsequent port and subnet creation events.
2026-02-25 20:45:23.457 10 INFO neutron.wsgi [req-661b91cc-8a9f-4285-b832-ae9874ec9a46 req-4dbea12f-bdcb-4215-a429-4fe2877934bd 964ed665791d4e628d19538342537743 dcdb3aec54ee4302960ff296db410801 - - default default] 10.0.0.76 "GET /v2.0/ports?tenant_id=dcdb3aec54ee4302960ff296db410801&fields=id HTTP/1.1" status: 200 len: 302 time: 0.1059036
2026-02-25 20:45:23.457 10 INFO neutron.db.ovn_revision_numbers_db [None req-255c6cfb-07aa-4968-8ee9-d225abb04190 0d698a8e394e402f8e10bb6fdf9b5b47 ac992b5c700d42a29ae73e602d023058 - - default default] Successfully bumped revision number for resource 46edd7e1-f003-4e82-8ea2-45a1fb81e85b (type: security_group_rules) to 0
2026-02-25 20:45:23.460 9 INFO neutron.db.ovn_revision_numbers_db [None req-db84e994-297b-4640-a9d2-d544fbdd241f f72a2997326c4826a7c9a0d59e76c630 3cd6de183cb3438687fdb5b6f8f29be8 - - default default] Successfully bumped revision number for resource 0eea2259-9e8f-4614-a90d-4c743076db5e (type: networks) to 1
2026-02-25 20:45:23.469 10 INFO neutron.db.ovn_revision_numbers_db [None req-255c6cfb-07aa-4968-8ee9-d225abb04190 0d698a8e394e402f8e10bb6fdf9b5b47 ac992b5c700d42a29ae73e602d023058 - - default default] Successfully bumped revision number for resource 7c77e62d-985d-4878-a95b-eb95d6c8c1ce (type: security_group_rules) to 0
2026-02-25 20:45:23.501 10 INFO neutron.db.ovn_revision_numbers_db [None req-255c6cfb-07aa-4968-8ee9-d225abb04190 0d698a8e394e402f8e10bb6fdf9b5b47 ac992b5c700d42a29ae73e602d023058 - - default default] Successfully bumped revision number for resource be8c39eb-ed5c-4245-84ed-98b68dd9775a (type: security_group_rules) to 0
2026-02-25 20:45:23.518 10 INFO neutron.db.ovn_revision_numbers_db [None req-255c6cfb-07aa-4968-8ee9-d225abb04190 0d698a8e394e402f8e10bb6fdf9b5b47 ac992b5c700d42a29ae73e602d023058 - - default default] Successfully bumped revision number for resource e7a2ad2e-dac5-45ff-89d5-57801918a961 (type: security_group_rules) to 0
2026-02-25 20:45:23.541 10 INFO neutron.wsgi [req-661b91cc-8a9f-4285-b832-ae9874ec9a46 req-99ecc46c-49a2-44f4-96eb-4959b5ba6981 084b36f1a035471aa53b97d77443deb3 4bbbd375ff5b4618a1682c2bf616e23d - - 8db5709e7de040a180ab3b8e08634144 8db5709e7de040a180ab3b8e08634144] 10.0.0.76 "GET /v2.0/networks/cb74002f-f3a4-4fc2-a680-87059fc50bd2?fields=segments HTTP/1.1" status: 200 len: 212 time: 0.0695140
2026-02-25 20:45:23.547 10 INFO neutron.wsgi [None req-255c6cfb-07aa-4968-8ee9-d225abb04190 0d698a8e394e402f8e10bb6fdf9b5b47 ac992b5c700d42a29ae73e602d023058 - - default default] 10.0.0.201 "GET /v2.0/security-groups?tenant_id=31b23e17b87f4bd59c076e22c8416977&name=default HTTP/1.1" status: 200 len: 3120 time: 0.3598719
2026-02-25 20:45:23.619 9 INFO neutron.db.ovn_revision_numbers_db [None req-c5763962-a6ba-4d1a-92e9-48640d337be4 2b8eeff3aba346c485a93f3672961852 b9da27cce42c4b22b81821bfdc1c44f2 - - default default] Successfully bumped revision number for resource a5ebd40e-e4ee-4502-ac90-097ef0bfad1f (type: ports) to 1
2026-02-25 20:45:23.630 10 INFO neutron.wsgi [req-661b91cc-8a9f-4285-b832-ae9874ec9a46 req-16792700-05a5-4ae5-8124-7f0bd9d859e8 084b36f1a035471aa53b97d77443deb3 4bbbd375ff5b4618a1682c2bf616e23d - - 8db5709e7de040a180ab3b8e08634144 8db5709e7de040a180ab3b8e08634144] 10.0.0.76 "GET /v2.0/networks/cb74002f-f3a4-4fc2-a680-87059fc50bd2?fields=provider%3Aphysical_network&fields=provider%3Anetwork_type HTTP/1.1" status: 200 len: 277 time: 0.0792944
2026-02-25 20:45:23.684 9 WARNING neutron.scheduler.dhcp_agent_scheduler [None req-db84e994-297b-4640-a9d2-d544fbdd241f f72a2997326c4826a7c9a0d59e76c630 3cd6de183cb3438687fdb5b6f8f29be8 - - default default] No more DHCP agents
2026-02-25 20:45:23.686 9 WARNING neutron.api.rpc.agentnotifiers.dhcp_rpc_agent_api [None req-db84e994-297b-4640-a9d2-d544fbdd241f f72a2997326c4826a7c9a0d59e76c630 3cd6de183cb3438687fdb5b6f8f29be8 - - default default] Unable to schedule network 0eea2259-9e8f-4614-a90d-4c743076db5e: no agents available; will retry on subsequent port and subnet creation events.
2026-02-25 20:45:23.777 10 INFO neutron.wsgi [req-df1396d7-9485-43a9-ad0d-19c6bb75c113 req-ee409688-eee6-43fc-8a22-15659ae70f3e 964ed665791d4e628d19538342537743 dcdb3aec54ee4302960ff296db410801 - - default default] 10.0.0.76 "GET /v2.0/ports?device_id=d701122c-9c3a-46c4-b7fe-d0d09e9a1a70 HTTP/1.1" status: 200 len: 210 time: 0.0203521
2026-02-25 20:45:23.824 10 INFO neutron.wsgi [None req-cd5e9aa0-9f70-4775-b4a1-f3884e244682 0d698a8e394e402f8e10bb6fdf9b5b47 ac992b5c700d42a29ae73e602d023058 - - default default] 10.0.0.201 "DELETE /v2.0/security-groups/5a98241a-0967-48c3-be48-25a6dc4146de HTTP/1.1" status: 204 len: 168 time: 0.2702880
2026-02-25 20:45:23.831 9 INFO neutron.db.ovn_revision_numbers_db [None req-db84e994-297b-4640-a9d2-d544fbdd241f f72a2997326c4826a7c9a0d59e76c630 3cd6de183cb3438687fdb5b6f8f29be8 - - default default] Successfully bumped revision number for resource 96bf8703-4af3-44c7-8546-a0222ce66d8d (type: ports) to 1
2026-02-25 20:45:23.865 9 INFO neutron.wsgi [None req-db84e994-297b-4640-a9d2-d544fbdd241f f72a2997326c4826a7c9a0d59e76c630 3cd6de183cb3438687fdb5b6f8f29be8 - - default default] 10.0.0.201 "POST /v2.0/networks HTTP/1.1" status: 201 len: 830 time: 0.7499905
2026-02-25 20:45:23.879 10 WARNING neutron_lib.context [None req-fc71f3f6-d0ef-4d50-b2d8-cbc637df6712 f72a2997326c4826a7c9a0d59e76c630 3cd6de183cb3438687fdb5b6f8f29be8 - - default default] Method 'is_advsvc' is deprecated since 2023.2 release (neutron-lib 3.8.0) and will be removed once support for the old RBAC API policies will be removed from Neutron. Please use method 'is_service_role' instead.
2026-02-25 20:45:23.974 10 INFO neutron.db.segments_db [None req-fc71f3f6-d0ef-4d50-b2d8-cbc637df6712 f72a2997326c4826a7c9a0d59e76c630 3cd6de183cb3438687fdb5b6f8f29be8 - - default default] Added segment 50d4d9ce-e601-42f2-b676-a03303b378a5 of type geneve for network 4de445c3-4545-4a0c-aa4b-b53315663dcb
2026-02-25 20:45:24.121 10 INFO neutron.db.ovn_revision_numbers_db [None req-fc71f3f6-d0ef-4d50-b2d8-cbc637df6712 f72a2997326c4826a7c9a0d59e76c630 3cd6de183cb3438687fdb5b6f8f29be8 - - default default] Successfully bumped revision number for resource 4de445c3-4545-4a0c-aa4b-b53315663dcb (type: networks) to 1
2026-02-25 20:45:24.315 10 WARNING neutron.scheduler.dhcp_agent_scheduler [None req-fc71f3f6-d0ef-4d50-b2d8-cbc637df6712 f72a2997326c4826a7c9a0d59e76c630 3cd6de183cb3438687fdb5b6f8f29be8 - - default default] No more DHCP agents
2026-02-25 20:45:24.318 10 WARNING neutron.api.rpc.agentnotifiers.dhcp_rpc_agent_api [None req-fc71f3f6-d0ef-4d50-b2d8-cbc637df6712 f72a2997326c4826a7c9a0d59e76c630 3cd6de183cb3438687fdb5b6f8f29be8 - - default default] Unable to schedule network 4de445c3-4545-4a0c-aa4b-b53315663dcb: no agents available; will retry on subsequent port and subnet creation events.
2026-02-25 20:45:24.426 10 INFO neutron.db.ovn_revision_numbers_db [None req-fc71f3f6-d0ef-4d50-b2d8-cbc637df6712 f72a2997326c4826a7c9a0d59e76c630 3cd6de183cb3438687fdb5b6f8f29be8 - - default default] Successfully bumped revision number for resource 67db1698-b7f3-401b-bb3c-7d5a78eded37 (type: ports) to 1
2026-02-25 20:45:24.449 10 INFO neutron.wsgi [None req-fc71f3f6-d0ef-4d50-b2d8-cbc637df6712 f72a2997326c4826a7c9a0d59e76c630 3cd6de183cb3438687fdb5b6f8f29be8 - - default default] 10.0.0.201 "POST /v2.0/networks HTTP/1.1" status: 201 len: 831 time: 0.5777328
2026-02-25 20:45:24.467 9 WARNING neutron_lib.context [None req-69141198-8ee3-4d53-ba09-e3037f6abf6c f72a2997326c4826a7c9a0d59e76c630 3cd6de183cb3438687fdb5b6f8f29be8 - - default default] Method 'is_advsvc' is deprecated since 2023.2 release (neutron-lib 3.8.0) and will be removed once support for the old RBAC API policies will be removed from Neutron. Please use method 'is_service_role' instead.
2026-02-25 20:45:24.479 9 ERROR ovsdbapp.backend.ovs_idl.command [None req-c5763962-a6ba-4d1a-92e9-48640d337be4 2b8eeff3aba346c485a93f3672961852 b9da27cce42c4b22b81821bfdc1c44f2 - - default default] Error executing command (DbGetCommand): ovsdbapp.backend.ovs_idl.idlutils.RowNotFound: Cannot find Logical_Router_Port with name=lrp-a5ebd40e-e4ee-4502-ac90-097ef0bfad1f
2026-02-25 20:45:24.479 9 ERROR ovsdbapp.backend.ovs_idl.command
Traceback (most recent call last):
2026-02-25 20:45:24.479 9 ERROR ovsdbapp.backend.ovs_idl.command
File "/var/lib/openstack/lib/python3.10/site-packages/ovsdbapp/backend/ovs_idl/command.py", line 47, in execute
2026-02-25 20:45:24.479 9 ERROR ovsdbapp.backend.ovs_idl.command self.run_idl(None)
2026-02-25 20:45:24.479 9 ERROR ovsdbapp.backend.ovs_idl.command
File "/var/lib/openstack/lib/python3.10/site-packages/ovsdbapp/backend/ovs_idl/command.py", line 235, in run_idl
2026-02-25 20:45:24.479 9 ERROR ovsdbapp.backend.ovs_idl.command record = self.api.lookup(self.table, self.record)
2026-02-25 20:45:24.479 9 ERROR ovsdbapp.backend.ovs_idl.command
File "/var/lib/openstack/lib/python3.10/site-packages/ovsdbapp/backend/ovs_idl/__init__.py", line 184, in lookup
2026-02-25 20:45:24.479 9 ERROR ovsdbapp.backend.ovs_idl.command return self._lookup(table, record)
2026-02-25 20:45:24.479 9 ERROR ovsdbapp.backend.ovs_idl.command
File "/var/lib/openstack/lib/python3.10/site-packages/ovsdbapp/backend/ovs_idl/__init__.py", line 235, in _lookup
2026-02-25 20:45:24.479 9 ERROR ovsdbapp.backend.ovs_idl.command row = idlutils.row_by_value(self, rl.table, rl.column, record)
2026-02-25 20:45:24.479 9 ERROR ovsdbapp.backend.ovs_idl.command
File "/var/lib/openstack/lib/python3.10/site-packages/ovsdbapp/backend/ovs_idl/idlutils.py", line 114, in row_by_value
2026-02-25 20:45:24.479 9 ERROR ovsdbapp.backend.ovs_idl.command raise RowNotFound(table=table, col=column, match=match)
2026-02-25 20:45:24.479 9 ERROR ovsdbapp.backend.ovs_idl.command ovsdbapp.backend.ovs_idl.idlutils.RowNotFound: Cannot find Logical_Router_Port with name=lrp-a5ebd40e-e4ee-4502-ac90-097ef0bfad1f
2026-02-25 20:45:24.479 9 ERROR ovsdbapp.backend.ovs_idl.command 
2026-02-25 20:45:24.479 9 ERROR neutron_lib.callbacks.manager [None req-c5763962-a6ba-4d1a-92e9-48640d337be4 2b8eeff3aba346c485a93f3672961852 b9da27cce42c4b22b81821bfdc1c44f2 - - default default] Error during notification for neutron.services.ovn_l3.plugin.OVNL3RouterPlugin._port_update-8733962747631 port, after_update: ovsdbapp.backend.ovs_idl.idlutils.RowNotFound: Cannot find Logical_Router_Port with name=lrp-a5ebd40e-e4ee-4502-ac90-097ef0bfad1f
2026-02-25 20:45:24.479 9 ERROR neutron_lib.callbacks.manager
Traceback (most recent call last):
2026-02-25 20:45:24.479 9 ERROR neutron_lib.callbacks.manager
