2026-02-25 20:44:21.731 9 INFO neutron.api.v2.resource [None req-4de82616-e37a-4474-a06d-1930dda29771 ca408ef1c9fd43d4a6e027a94bd13ddb 396da365b02e418a86d052687a5b2741 - - default default] show failed (client error): The resource could not be found.
2026-02-25 20:44:21.733 9 INFO neutron.wsgi [None req-4de82616-e37a-4474-a06d-1930dda29771 ca408ef1c9fd43d4a6e027a94bd13ddb 396da365b02e418a86d052687a5b2741 - - default default] 10.0.0.201 "GET /v2.0/security-groups/bfb6d83f-3290-4928-b231-62495d099c1d HTTP/1.1" status: 404 len: 347 time: 0.0237675 /var/lib/openstack/lib/python3.10/site-packages/pycadf/identifier.py:71: UserWarning: Invalid uuid: neutron. To ensure interoperability, identifiers should be a valid uuid. warnings.warn(('Invalid uuid: %s. To ensure interoperability, '
2026-02-25 20:44:21.813 10 WARNING neutron.scheduler.dhcp_agent_scheduler [req-53c04a0d-85e8-4bab-99dc-36f22d2d743f req-0139ed10-31da-4053-aa72-2963223e55fd 66b19f81b8c24ce08d3f1372dfcc68a4 381377874a6f462da9bd0fac85edb921 - - default default] No more DHCP agents
2026-02-25 20:44:21.827 10 WARNING neutron.api.rpc.agentnotifiers.dhcp_rpc_agent_api [req-53c04a0d-85e8-4bab-99dc-36f22d2d743f req-0139ed10-31da-4053-aa72-2963223e55fd 66b19f81b8c24ce08d3f1372dfcc68a4 381377874a6f462da9bd0fac85edb921 - - default default] Unable to schedule network 8f61bde1-3145-4f67-885d-d67ed0dcc316: no agents available; will retry on subsequent port and subnet creation events.
2026-02-25 20:44:22.213 9 INFO neutron.wsgi [None req-10815fcb-a5d9-4a72-8258-053a448b5348 b21fb76f883d417da9ef2d98e273cdea bbfc22c439d84319995414cbee6793f6 - - default default] 10.0.0.201 "DELETE /v2.0/floatingips/bc28906f-f649-41f8-a276-f7381cdfb2ef HTTP/1.1" status: 204 len: 168 time: 0.5971305
2026-02-25 20:44:22.224 9 WARNING neutron_lib.context [None req-c88c94e0-7510-4c7d-971e-a742d0a5049b b21fb76f883d417da9ef2d98e273cdea bbfc22c439d84319995414cbee6793f6 - - default default] Method 'is_advsvc' is deprecated since 2023.2 release (neutron-lib 3.8.0) and will be removed once support for the old RBAC API policies will be removed from Neutron. Please use method 'is_service_role' instead.
2026-02-25 20:44:22.287 10 INFO neutron.db.ovn_revision_numbers_db [None req-c3854714-3512-4426-ab4e-5bcbda3ed518 - - - - - -] Successfully bumped revision number for resource 70e45e51-63ee-4640-8bc8-f67f50c5e7f3 (type: ports) to 2
2026-02-25 20:44:22.396 10 INFO neutron.db.ovn_revision_numbers_db [req-53c04a0d-85e8-4bab-99dc-36f22d2d743f req-0139ed10-31da-4053-aa72-2963223e55fd 66b19f81b8c24ce08d3f1372dfcc68a4 381377874a6f462da9bd0fac85edb921 - - default default] Successfully bumped revision number for resource 57c7c45b-611a-4911-8de1-e9bdd0b896de (type: ports) to 1
2026-02-25 20:44:22.432 10 INFO neutron.wsgi [req-53c04a0d-85e8-4bab-99dc-36f22d2d743f req-0139ed10-31da-4053-aa72-2963223e55fd 66b19f81b8c24ce08d3f1372dfcc68a4 381377874a6f462da9bd0fac85edb921 - - default default] 199.204.45.169 "POST /v2.0/ports HTTP/1.1" status: 201 len: 1162 time: 1.0774183 /var/lib/openstack/lib/python3.10/site-packages/pycadf/identifier.py:71: UserWarning: Invalid uuid: neutron. To ensure interoperability, identifiers should be a valid uuid. warnings.warn(('Invalid uuid: %s. To ensure interoperability, '
2026-02-25 20:44:22.496 9 WARNING neutron.scheduler.dhcp_agent_scheduler [None req-c88c94e0-7510-4c7d-971e-a742d0a5049b b21fb76f883d417da9ef2d98e273cdea bbfc22c439d84319995414cbee6793f6 - - default default] No more DHCP agents
2026-02-25 20:44:22.497 9 WARNING neutron.api.rpc.agentnotifiers.dhcp_rpc_agent_api [None req-c88c94e0-7510-4c7d-971e-a742d0a5049b b21fb76f883d417da9ef2d98e273cdea bbfc22c439d84319995414cbee6793f6 - - default default] Unable to schedule network 5e95440b-9725-43e7-8645-6764810256b5: no agents available; will retry on subsequent port and subnet creation events.
2026-02-25 20:44:22.544 10 INFO neutron.db.ovn_revision_numbers_db [None req-c3854714-3512-4426-ab4e-5bcbda3ed518 - - - - - -] Successfully bumped revision number for resource 70e45e51-63ee-4640-8bc8-f67f50c5e7f3 (type: router_ports) to 2
2026-02-25 20:44:22.642 10 INFO neutron.wsgi [None req-19b0d1b4-b989-40f5-9599-9e6acd23c92f ca408ef1c9fd43d4a6e027a94bd13ddb 396da365b02e418a86d052687a5b2741 - - default default] 10.0.0.201 "DELETE /v2.0/floatingips/ba98b5e3-134c-4cd7-8277-aa271ba70cf5 HTTP/1.1" status: 204 len: 168 time: 0.9051549
2026-02-25 20:44:22.877 10 INFO neutron.wsgi [req-8580717a-9eed-4854-b823-44005d0dfea8 req-800ea985-e3bb-4df9-a222-c2470b3e3f09 66b19f81b8c24ce08d3f1372dfcc68a4 381377874a6f462da9bd0fac85edb921 - - default default] 10.0.0.76 "GET /v2.0/ports?device_id=c3ae1743-df9e-42e7-90cb-7895730b90f0 HTTP/1.1" status: 200 len: 1160 time: 0.0775814
2026-02-25 20:44:22.980 10 INFO neutron.wsgi [req-8580717a-9eed-4854-b823-44005d0dfea8 req-0cb0c1a9-61ea-4a15-8757-15b1f667fc01 66b19f81b8c24ce08d3f1372dfcc68a4 381377874a6f462da9bd0fac85edb921 - - default default] 10.0.0.76 "GET /v2.0/security-groups?id=6d25ea73-112c-4e9f-89ac-0e557b9420aa&fields=id&fields=name HTTP/1.1" status: 200 len: 286 time: 0.0961621
2026-02-25 20:44:23.097 10 INFO neutron.db.ovn_revision_numbers_db [req-53c04a0d-85e8-4bab-99dc-36f22d2d743f req-36ff7e4c-d470-4bc7-b0c7-93758132e3b5 084b36f1a035471aa53b97d77443deb3 4bbbd375ff5b4618a1682c2bf616e23d - - 8db5709e7de040a180ab3b8e08634144 8db5709e7de040a180ab3b8e08634144] Successfully bumped revision number for resource 57c7c45b-611a-4911-8de1-e9bdd0b896de (type: ports) to 2
2026-02-25 20:44:23.217 9 INFO neutron.db.ovn_revision_numbers_db [None req-c88c94e0-7510-4c7d-971e-a742d0a5049b b21fb76f883d417da9ef2d98e273cdea bbfc22c439d84319995414cbee6793f6 - - default default] Successfully bumped revision number for resource ee21fcff-08f6-4dfc-8e42-730dd7678213 (type: floatingips) to -1
2026-02-25 20:44:23.348 9 INFO neutron.db.ovn_revision_numbers_db [None req-c88c94e0-7510-4c7d-971e-a742d0a5049b b21fb76f883d417da9ef2d98e273cdea bbfc22c439d84319995414cbee6793f6 - - default default] Successfully bumped revision number for resource ee21fcff-08f6-4dfc-8e42-730dd7678213 (type: floatingips) to 1
2026-02-25 20:44:23.348 9 INFO neutron.db.l3_db [None req-c88c94e0-7510-4c7d-971e-a742d0a5049b b21fb76f883d417da9ef2d98e273cdea bbfc22c439d84319995414cbee6793f6 - - default default] Floating IP ee21fcff-08f6-4dfc-8e42-730dd7678213 associated. External IP: 10.96.250.205, port: ebe6304c-f2e2-4f17-b190-5608dcfe8234.
2026-02-25 20:44:23.391 9 INFO neutron.wsgi [None req-c88c94e0-7510-4c7d-971e-a742d0a5049b b21fb76f883d417da9ef2d98e273cdea bbfc22c439d84319995414cbee6793f6 - - default default] 10.0.0.201 "POST /v2.0/floatingips HTTP/1.1" status: 201 len: 1040 time: 1.1717825
2026-02-25 20:44:23.412 10 INFO neutron.db.ovn_revision_numbers_db [req-53c04a0d-85e8-4bab-99dc-36f22d2d743f req-36ff7e4c-d470-4bc7-b0c7-93758132e3b5 084b36f1a035471aa53b97d77443deb3 4bbbd375ff5b4618a1682c2bf616e23d - - 8db5709e7de040a180ab3b8e08634144 8db5709e7de040a180ab3b8e08634144] Successfully bumped revision number for resource 57c7c45b-611a-4911-8de1-e9bdd0b896de (type: ports) to 2
2026-02-25 20:44:23.439 9 INFO neutron.wsgi [None req-83982a18-b2fa-4b99-80fc-69e198716f0c b21fb76f883d417da9ef2d98e273cdea bbfc22c439d84319995414cbee6793f6 - - default default] 10.0.0.201 "GET /v2.0/floatingips/ee21fcff-08f6-4dfc-8e42-730dd7678213 HTTP/1.1" status: 200 len: 1037 time: 0.0415545
2026-02-25 20:44:23.455 10 INFO neutron.wsgi [req-53c04a0d-85e8-4bab-99dc-36f22d2d743f req-36ff7e4c-d470-4bc7-b0c7-93758132e3b5 084b36f1a035471aa53b97d77443deb3 4bbbd375ff5b4618a1682c2bf616e23d - - 8db5709e7de040a180ab3b8e08634144 8db5709e7de040a180ab3b8e08634144] 199.204.45.169 "PUT /v2.0/ports/57c7c45b-611a-4911-8de1-e9bdd0b896de HTTP/1.1" status: 200 len: 1380 time: 1.0080421
2026-02-25 20:44:23.506 10 INFO neutron.notifiers.nova [-] Nova event matching ['req-4e030081-9b73-44c9-a922-da7006875082'] response: {'name': 'network-changed', 'server_uuid': 'c3ae1743-df9e-42e7-90cb-7895730b90f0', 'tag': '57c7c45b-611a-4911-8de1-e9bdd0b896de', 'status': 'completed', 'code': 200} /var/lib/openstack/lib/python3.10/site-packages/pycadf/identifier.py:71: UserWarning: Invalid uuid: neutron. To ensure interoperability, identifiers should be a valid uuid. warnings.warn(('Invalid uuid: %s. To ensure interoperability, '
2026-02-25 20:44:23.514 9 INFO neutron.wsgi [None req-0625584f-fc95-42c9-b4bc-0fbb1c55ed51 b21fb76f883d417da9ef2d98e273cdea bbfc22c439d84319995414cbee6793f6 - - default default] 10.0.0.201 "GET /v2.0/floatingips HTTP/1.1" status: 200 len: 1040 time: 0.0691693
2026-02-25 20:44:23.551 10 INFO neutron.wsgi [req-53c04a0d-85e8-4bab-99dc-36f22d2d743f req-600731e4-a05c-4838-b871-5732c0a4aa6b 084b36f1a035471aa53b97d77443deb3 4bbbd375ff5b4618a1682c2bf616e23d - - 8db5709e7de040a180ab3b8e08634144 8db5709e7de040a180ab3b8e08634144] 199.204.45.169 "GET /v2.0/ports?tenant_id=381377874a6f462da9bd0fac85edb921&device_id=c3ae1743-df9e-42e7-90cb-7895730b90f0 HTTP/1.1" status: 200 len: 1411 time: 0.0464985
2026-02-25 20:44:23.583 10 INFO neutron.wsgi [req-53c04a0d-85e8-4bab-99dc-36f22d2d743f req-f75c548d-93d7-45bd-955c-7e6896fe727b 084b36f1a035471aa53b97d77443deb3 4bbbd375ff5b4618a1682c2bf616e23d - - 8db5709e7de040a180ab3b8e08634144 8db5709e7de040a180ab3b8e08634144] 199.204.45.169 "GET /v2.0/floatingips?fixed_ip_address=10.100.0.13&port_id=57c7c45b-611a-4911-8de1-e9bdd0b896de HTTP/1.1" status: 200 len: 217 time: 0.0247333
2026-02-25 20:44:23.639 10 INFO neutron.wsgi [req-53c04a0d-85e8-4bab-99dc-36f22d2d743f req-c6fbcedb-70da-45d1-aea2-3bb48e8c0a4c 084b36f1a035471aa53b97d77443deb3 4bbbd375ff5b4618a1682c2bf616e23d - - 8db5709e7de040a180ab3b8e08634144 8db5709e7de040a180ab3b8e08634144] 199.204.45.169 "GET /v2.0/subnets?id=897b7cdf-b127-4332-b5cc-1f56a85fb971 HTTP/1.1" status: 200 len: 870 time: 0.0501499
2026-02-25 20:44:23.663 10 INFO neutron.wsgi [req-53c04a0d-85e8-4bab-99dc-36f22d2d743f req-9e79aacf-56cb-4d7b-9f1f-bb605ed722a1 084b36f1a035471aa53b97d77443deb3 4bbbd375ff5b4618a1682c2bf616e23d - - 8db5709e7de040a180ab3b8e08634144 8db5709e7de040a180ab3b8e08634144] 199.204.45.169 "GET /v2.0/ports?network_id=8f61bde1-3145-4f67-885d-d67ed0dcc316&device_owner=network%3Adhcp HTTP/1.1" status: 200 len: 210 time: 0.0189319
2026-02-25 20:44:23.741 10 INFO neutron.wsgi [req-53c04a0d-85e8-4bab-99dc-36f22d2d743f req-f127e1f0-cfb1-4485-aeed-d0ed5e990468 084b36f1a035471aa53b97d77443deb3 4bbbd375ff5b4618a1682c2bf616e23d - - 8db5709e7de040a180ab3b8e08634144 8db5709e7de040a180ab3b8e08634144] 199.204.45.169 "GET /v2.0/networks/8f61bde1-3145-4f67-885d-d67ed0dcc316?fields=segments HTTP/1.1" status: 200 len: 212 time: 0.0654819
2026-02-25 20:44:23.818 10 INFO neutron.wsgi [req-53c04a0d-85e8-4bab-99dc-36f22d2d743f req-ed36f853-06ff-4caa-942e-4c2a3bc80028 084b36f1a035471aa53b97d77443deb3 4bbbd375ff5b4618a1682c2bf616e23d - - 8db5709e7de040a180ab3b8e08634144 8db5709e7de040a180ab3b8e08634144] 199.204.45.169 "GET /v2.0/networks/8f61bde1-3145-4f67-885d-d67ed0dcc316?fields=provider%3Aphysical_network&fields=provider%3Anetwork_type HTTP/1.1" status: 200 len: 277 time: 0.0711255
2026-02-25 20:44:23.906 10 INFO neutron.wsgi [req-d709734b-a022-427a-bcaa-7feaf684bb65 req-a18961b1-8360-4c38-9d31-4d4c60d2f22d 084b36f1a035471aa53b97d77443deb3 4bbbd375ff5b4618a1682c2bf616e23d - - 8db5709e7de040a180ab3b8e08634144 8db5709e7de040a180ab3b8e08634144] 199.204.45.169 "GET /v2.0/ports?tenant_id=381377874a6f462da9bd0fac85edb921&device_id=c3ae1743-df9e-42e7-90cb-7895730b90f0 HTTP/1.1" status: 200 len: 1411 time: 0.0480471
2026-02-25 20:44:23.994 10 INFO neutron.wsgi [req-d709734b-a022-427a-bcaa-7feaf684bb65 req-43c96f4f-e3cc-4a2c-80c7-1e4663e6bee3 084b36f1a035471aa53b97d77443deb3 4bbbd375ff5b4618a1682c2bf616e23d - - 8db5709e7de040a180ab3b8e08634144 8db5709e7de040a180ab3b8e08634144] 199.204.45.169 "GET /v2.0/networks?id=8f61bde1-3145-4f67-885d-d67ed0dcc316 HTTP/1.1" status: 200 len: 975 time: 0.0837021
2026-02-25 20:44:24.038 9 WARNING neutron.plugins.ml2.drivers.ovn.mech_driver.ovsdb.ovn_client [None req-dbc7da08-4b5d-47ea-8f36-554762dc2ebe - - - - - -] No hosting information found for port 530ef9c4-65f1-412c-ae06-689c4ecb7e4d: RuntimeError: No hosting information found for port 530ef9c4-65f1-412c-ae06-689c4ecb7e4d
2026-02-25 20:44:24.047 10 INFO neutron.wsgi [req-d709734b-a022-427a-bcaa-7feaf684bb65 req-e61f4b4c-fd21-4a34-abde-3342e9fe3679 084b36f1a035471aa53b97d77443deb3 4bbbd375ff5b4618a1682c2bf616e23d - - 8db5709e7de040a180ab3b8e08634144 8db5709e7de040a180ab3b8e08634144] 199.204.45.169 "GET /v2.0/floatingips?fixed_ip_address=10.100.0.13&port_id=57c7c45b-611a-4911-8de1-e9bdd0b896de HTTP/1.1" status: 200 len: 217 time: 0.0451083
2026-02-25 20:44:24.250 9 INFO neutron.db.ovn_revision_numbers_db [None req-af03698b-c11e-47e1-a709-358a255635c3 b21fb76f883d417da9ef2d98e273cdea bbfc22c439d84319995414cbee6793f6 - - default default] Successfully bumped revision number for resource ee21fcff-08f6-4dfc-8e42-730dd7678213 (type: floatingips) to 2
2026-02-25 20:44:24.371 10 INFO neutron.wsgi [req-ed2e7968-e246-4154-ac04-ac823018c6a1 req-9001c5af-e1bf-4b9b-a392-e9bf6d953d6d 66b19f81b8c24ce08d3f1372dfcc68a4 381377874a6f462da9bd0fac85edb921 - - default default] 10.0.0.76 "GET /v2.0/ports?device_id=c3ae1743-df9e-42e7-90cb-7895730b90f0 HTTP/1.1" status: 200 len: 1172 time: 0.3154340
2026-02-25 20:44:24.398 10 INFO neutron.wsgi [req-d709734b-a022-427a-bcaa-7feaf684bb65 req-392b35eb-946f-41ac-b30a-8ea54f433016 084b36f1a035471aa53b97d77443deb3 4bbbd375ff5b4618a1682c2bf616e23d - - 8db5709e7de040a180ab3b8e08634144 8db5709e7de040a180ab3b8e08634144] 199.204.45.169 "GET /v2.0/subnets?id=897b7cdf-b127-4332-b5cc-1f56a85fb971 HTTP/1.1" status: 200 len: 870 time: 0.3437517
2026-02-25 20:44:24.406 9 INFO neutron.db.ovn_revision_numbers_db [None req-af03698b-c11e-47e1-a709-358a255635c3 b21fb76f883d417da9ef2d98e273cdea bbfc22c439d84319995414cbee6793f6 - - default default] Successfully bumped revision number for resource ee21fcff-08f6-4dfc-8e42-730dd7678213 (type: floatingips) to 2
2026-02-25 20:44:24.406 9 INFO neutron.db.l3_db [None req-af03698b-c11e-47e1-a709-358a255635c3 b21fb76f883d417da9ef2d98e273cdea bbfc22c439d84319995414cbee6793f6 - - default default] Floating IP ee21fcff-08f6-4dfc-8e42-730dd7678213 associated. External IP: 10.96.250.205, port: ebe6304c-f2e2-4f17-b190-5608dcfe8234. /var/lib/openstack/lib/python3.10/site-packages/pycadf/identifier.py:71: UserWarning: Invalid uuid: neutron. To ensure interoperability, identifiers should be a valid uuid. warnings.warn(('Invalid uuid: %s. To ensure interoperability, '
2026-02-25 20:44:24.436 10 INFO neutron.wsgi [req-d709734b-a022-427a-bcaa-7feaf684bb65 req-45af18b3-ac56-47a4-b677-316566b3132a 084b36f1a035471aa53b97d77443deb3 4bbbd375ff5b4618a1682c2bf616e23d - - 8db5709e7de040a180ab3b8e08634144 8db5709e7de040a180ab3b8e08634144] 199.204.45.169 "GET /v2.0/ports?network_id=8f61bde1-3145-4f67-885d-d67ed0dcc316&device_owner=network%3Adhcp HTTP/1.1" status: 200 len: 210 time: 0.0317178
2026-02-25 20:44:24.476 9 INFO neutron.wsgi [None req-af03698b-c11e-47e1-a709-358a255635c3 b21fb76f883d417da9ef2d98e273cdea bbfc22c439d84319995414cbee6793f6 - - default default] 10.0.0.201 "PUT /v2.0/floatingips/ee21fcff-08f6-4dfc-8e42-730dd7678213 HTTP/1.1" status: 200 len: 1038 time: 0.9557450
2026-02-25 20:44:24.484 10 INFO neutron.wsgi [req-ed2e7968-e246-4154-ac04-ac823018c6a1 req-b77eb594-2f4a-41db-ac2b-6074587d6dd9 66b19f81b8c24ce08d3f1372dfcc68a4 381377874a6f462da9bd0fac85edb921 - - default default] 10.0.0.76 "GET /v2.0/security-groups?id=6d25ea73-112c-4e9f-89ac-0e557b9420aa&fields=id&fields=name HTTP/1.1" status: 200 len: 286 time: 0.1031411
2026-02-25 20:44:24.532 10 INFO neutron.wsgi [req-d709734b-a022-427a-bcaa-7feaf684bb65 req-65717486-6bfe-4ec0-9ee1-8ddfba84bff8 084b36f1a035471aa53b97d77443deb3 4bbbd375ff5b4618a1682c2bf616e23d - - 8db5709e7de040a180ab3b8e08634144 8db5709e7de040a180ab3b8e08634144] 199.204.45.169 "GET /v2.0/networks/8f61bde1-3145-4f67-885d-d67ed0dcc316?fields=segments HTTP/1.1" status: 200 len: 212 time: 0.0865285
2026-02-25 20:44:24.606 9 INFO neutron.db.ovn_revision_numbers_db [None req-a3523428-3d20-44e7-8fee-6fccae5dc3be 0d698a8e394e402f8e10bb6fdf9b5b47 ac992b5c700d42a29ae73e602d023058 - - default default] Successfully bumped revision number for resource a6d6c1cc-2466-45c1-8d9b-d45de5f4fd32 (type: security_groups) to 1
2026-02-25 20:44:24.608 10 INFO neutron.wsgi [req-d709734b-a022-427a-bcaa-7feaf684bb65 req-713f7478-cbaa-4716-a952-7b079ade3c26 084b36f1a035471aa53b97d77443deb3 4bbbd375ff5b4618a1682c2bf616e23d - - 8db5709e7de040a180ab3b8e08634144 8db5709e7de040a180ab3b8e08634144] 199.204.45.169 "GET /v2.0/networks/8f61bde1-3145-4f67-885d-d67ed0dcc316?fields=provider%3Aphysical_network&fields=provider%3Anetwork_type HTTP/1.1" status: 200 len: 277 time: 0.0725772
2026-02-25 20:44:24.645 9 INFO neutron.db.ovn_revision_numbers_db [None req-a3523428-3d20-44e7-8fee-6fccae5dc3be 0d698a8e394e402f8e10bb6fdf9b5b47 ac992b5c700d42a29ae73e602d023058 - - default default] Successfully bumped revision number for resource 1863ad8d-8ba4-4919-86b5-79abe5b28e15 (type: security_group_rules) to 0
2026-02-25 20:44:24.691 9 INFO neutron.db.ovn_revision_numbers_db [None req-a3523428-3d20-44e7-8fee-6fccae5dc3be 0d698a8e394e402f8e10bb6fdf9b5b47 ac992b5c700d42a29ae73e602d023058 - - default default] Successfully bumped revision number for resource 8229b238-7908-4340-bb45-d6c886b76e02 (type: security_group_rules) to 0
2026-02-25 20:44:24.727 9 INFO neutron.db.ovn_revision_numbers_db [None req-38de4319-368a-4436-ae58-0d9dc0caa172 b21fb76f883d417da9ef2d98e273cdea bbfc22c439d84319995414cbee6793f6 - - default default] Successfully bumped revision number for resource ee21fcff-08f6-4dfc-8e42-730dd7678213 (type: floatingips) to 3
2026-02-25 20:44:24.729 9 INFO neutron.db.ovn_revision_numbers_db [None req-a3523428-3d20-44e7-8fee-6fccae5dc3be 0d698a8e394e402f8e10bb6fdf9b5b47 ac992b5c700d42a29ae73e602d023058 - - default default] Successfully bumped revision number for resource f35f924f-ca23-464f-a501-4d1f66a79fdb (type: security_group_rules) to 0
2026-02-25 20:44:24.756 10 INFO neutron.wsgi [None req-84edd66a-d9b1-48e5-bf10-8dcf5eebd3a6 0d698a8e394e402f8e10bb6fdf9b5b47 ac992b5c700d42a29ae73e602d023058 - - default default] 10.0.0.201 "PUT /v2.0/routers/f7b72c5f-68b2-499e-903a-72d0395dd44a/remove_router_interface HTTP/1.1" status: 200 len: 503 time: 2.1069582 /var/lib/openstack/lib/python3.10/site-packages/pycadf/identifier.py:71: UserWarning: Invalid uuid: neutron. To ensure interoperability, identifiers should be a valid uuid. warnings.warn(('Invalid uuid: %s. To ensure interoperability, '
2026-02-25 20:44:24.775 9 INFO neutron.db.ovn_revision_numbers_db [None req-a3523428-3d20-44e7-8fee-6fccae5dc3be 0d698a8e394e402f8e10bb6fdf9b5b47 ac992b5c700d42a29ae73e602d023058 - - default default] Successfully bumped revision number for resource fb5a9420-465d-4bc7-a68b-5ab234e5b813 (type: security_group_rules) to 0
2026-02-25 20:44:24.798 9 INFO neutron.wsgi [None req-a3523428-3d20-44e7-8fee-6fccae5dc3be 0d698a8e394e402f8e10bb6fdf9b5b47 ac992b5c700d42a29ae73e602d023058 - - default default] 10.0.0.201 "GET /v2.0/security-groups?tenant_id=4e8b06f0f51544aa80a1264f75c94b2f&name=default HTTP/1.1" status: 200 len: 3120 time: 0.5561285
2026-02-25 20:44:24.808 9 INFO neutron.db.l3_db [None req-38de4319-368a-4436-ae58-0d9dc0caa172 b21fb76f883d417da9ef2d98e273cdea bbfc22c439d84319995414cbee6793f6 - - default default] Floating IP ee21fcff-08f6-4dfc-8e42-730dd7678213 disassociated. External IP: 10.96.250.205, port: 6bbff35e-88ce-42d6-bbc2-8797fa9a38b6. /var/lib/openstack/lib/python3.10/site-packages/pycadf/identifier.py:71: UserWarning: Invalid uuid: neutron. To ensure interoperability, identifiers should be a valid uuid. warnings.warn(('Invalid uuid: %s. To ensure interoperability, '
2026-02-25 20:44:24.848 9 INFO neutron.wsgi [None req-38de4319-368a-4436-ae58-0d9dc0caa172 b21fb76f883d417da9ef2d98e273cdea bbfc22c439d84319995414cbee6793f6 - - default default] 10.0.0.201 "PUT /v2.0/floatingips/ee21fcff-08f6-4dfc-8e42-730dd7678213 HTTP/1.1" status: 200 len: 748 time: 0.3681672
2026-02-25 20:44:25.111 9 INFO neutron.wsgi [None req-cc86d9cc-069b-4ed9-9d20-3aea181dc149 0d698a8e394e402f8e10bb6fdf9b5b47 ac992b5c700d42a29ae73e602d023058 - - default default] 10.0.0.201 "DELETE /v2.0/security-groups/a6d6c1cc-2466-45c1-8d9b-d45de5f4fd32 HTTP/1.1" status: 204 len: 168 time: 0.3050210
2026-02-25 20:44:25.240 9 INFO neutron.wsgi [None req-b790eb0b-eaf8-4856-ba85-3523f97e3ad6 b21fb76f883d417da9ef2d98e273cdea bbfc22c439d84319995414cbee6793f6 - - default default] 10.0.0.201 "DELETE /v2.0/floatingips/ee21fcff-08f6-4dfc-8e42-730dd7678213 HTTP/1.1" status: 204 len: 168 time: 0.3868887
2026-02-25 20:44:25.269 9 INFO neutron.api.v2.resource [None req-dae98088-2f86-4c27-8456-f881c29fbc4b b21fb76f883d417da9ef2d98e273cdea bbfc22c439d84319995414cbee6793f6 - - default default] delete failed (client error): The resource could not be found.
2026-02-25 20:44:25.270 9 INFO neutron.wsgi [None req-dae98088-2f86-4c27-8456-f881c29fbc4b b21fb76f883d417da9ef2d98e273cdea bbfc22c439d84319995414cbee6793f6 - - default default] 10.0.0.201 "DELETE /v2.0/floatingips/ee21fcff-08f6-4dfc-8e42-730dd7678213 HTTP/1.1" status: 404 len: 345 time: 0.0233850
2026-02-25 20:44:25.636 10 INFO neutron.wsgi [None req-5ab325e5-0094-4baf-9861-3d426384b415 0d698a8e394e402f8e10bb6fdf9b5b47 ac992b5c700d42a29ae73e602d023058 - - default default] 10.0.0.201 "DELETE /v2.0/routers/f7b72c5f-68b2-499e-903a-72d0395dd44a HTTP/1.1" status: 204 len: 168 time: 0.8744278
2026-02-25 20:44:25.665 10 INFO neutron.wsgi [req-dfd91198-e6dc-4d1d-8b9d-94c98ef8af1c req-ed88c5fb-6675-4a4f-929f-a7ba620d956d 66b19f81b8c24ce08d3f1372dfcc68a4 381377874a6f462da9bd0fac85edb921 - - default default] 10.0.0.76 "GET /v2.0/ports?device_id=c3ae1743-df9e-42e7-90cb-7895730b90f0 HTTP/1.1" status: 200 len: 1172 time: 0.1112416
2026-02-25 20:44:25.721 10 INFO neutron.wsgi [req-dfd91198-e6dc-4d1d-8b9d-94c98ef8af1c req-5d9b9cb7-2e2d-4ac0-99b5-9544d02dc3b5 66b19f81b8c24ce08d3f1372dfcc68a4 381377874a6f462da9bd0fac85edb921 - - default default] 10.0.0.76 "GET /v2.0/security-groups?id=6d25ea73-112c-4e9f-89ac-0e557b9420aa&fields=id&fields=name HTTP/1.1" status: 200 len: 286 time: 0.0496092
2026-02-25 20:44:25.845 10 INFO neutron.wsgi [None req-8d8c8a58-e101-4cb1-9c93-da303ea011d1 0d698a8e394e402f8e10bb6fdf9b5b47 ac992b5c700d42a29ae73e602d023058 - - default default] 10.0.0.201 "DELETE /v2.0/subnets/d2a86077-3bec-4a72-baa8-ed919ecb4c2c HTTP/1.1" status: 204 len: 168 time: 0.2023039
2026-02-25 20:44:25.961 9 INFO neutron.wsgi [None req-3d54b499-c7ad-4345-923d-5e652aa8cff5 b21fb76f883d417da9ef2d98e273cdea bbfc22c439d84319995414cbee6793f6 - - default default] 10.0.0.201 "DELETE /v2.0/ports/6bbff35e-88ce-42d6-bbc2-8797fa9a38b6 HTTP/1.1" status: 204 len: 168 time: 0.6861725
2026-02-25 20:44:26.176 10 INFO neutron.services.segments.plugin [-] Segment 9bbc688a-c210-4aee-8ff9-60f8b9f99d95 resource provider aggregate not found
2026-02-25 20:44:26.181 10 INFO neutron.services.segments.plugin [-] Segment 9bbc688a-c210-4aee-8ff9-60f8b9f99d95 resource provider aggregate not found
2026-02-25 20:44:26.201 10 INFO neutron.services.segments.plugin [-] Segment 9bbc688a-c210-4aee-8ff9-60f8b9f99d95 resource provider not found; error: Placement Client Error (4xx): {"errors": [{"status": 404, "title": "Not Found", "detail": "The resource could not be found.\n\n No resource provider with uuid 9bbc688a-c210-4aee-8ff9-60f8b9f99d95 found for delete ", "request_id": "req-c5e0aec3-d6cc-4bc6-a4c3-589a3e5b57ee"}]}
2026-02-25 20:44:26.209 10 INFO neutron.wsgi [None req-becdb1d0-6cce-440f-aab9-1478b42cb044 0d698a8e394e402f8e10bb6fdf9b5b47 ac992b5c700d42a29ae73e602d023058 - - default default] 10.0.0.201 "DELETE /v2.0/networks/84893230-21c9-4331-8de9-b78122686d42 HTTP/1.1" status: 204 len: 168 time: 0.3602331
2026-02-25 20:44:26.211 10 INFO neutron.services.segments.plugin [-] Segment 9bbc688a-c210-4aee-8ff9-60f8b9f99d95 resource provider not found; error: Placement Client Error (4xx): {"errors": [{"status": 404, "title": "Not Found", "detail": "The resource could not be found.\n\n No resource provider with uuid 9bbc688a-c210-4aee-8ff9-60f8b9f99d95 found for delete ", "request_id": "req-7017c37f-29d5-4014-8736-9d4eeaf7e83d"}]}
2026-02-25 20:44:26.280 9 INFO neutron.wsgi [None req-6a42486c-93d8-4d08-8908-b59a658ef3fd b21fb76f883d417da9ef2d98e273cdea bbfc22c439d84319995414cbee6793f6 - - default default] 10.0.0.201 "DELETE /v2.0/ports/ebe6304c-f2e2-4f17-b190-5608dcfe8234 HTTP/1.1" status: 204 len: 168 time: 0.3064768
2026-02-25 20:44:26.334 9 INFO neutron.wsgi [None req-0dafc446-567f-42c2-8fdf-0fe8a3450cc2 b21fb76f883d417da9ef2d98e273cdea bbfc22c439d84319995414cbee6793f6 - - default default] 10.0.0.201 "GET /v2.0/ports?device_id=a8320551-7a9b-4aeb-acd3-be89c42b4657 HTTP/1.1" status: 200 len: 1140 time: 0.0490804
2026-02-25 20:44:26.355 10 INFO neutron.wsgi [None req-234fb922-a9d6-4ba9-9c1b-11bb74f352f3 0d698a8e394e402f8e10bb6fdf9b5b47 ac992b5c700d42a29ae73e602d023058 - - default default] 10.0.0.201 "GET /v2.0/security-groups?tenant_id=396da365b02e418a86d052687a5b2741&name=default HTTP/1.1" status: 200 len: 3120 time: 0.0392020
2026-02-25 20:44:26.672 9 INFO neutron.wsgi [None req-57f69401-4d4c-4030-9ba2-3045c6213511 0d698a8e394e402f8e10bb6fdf9b5b47 ac992b5c700d42a29ae73e602d023058 - - default default] 10.0.0.201 "DELETE /v2.0/security-groups/298bde8d-8bf9-4b60-9d05-47b91d6ce339 HTTP/1.1" status: 204 len: 168 time: 0.3133609
2026-02-25 20:44:26.824 10 INFO neutron.wsgi [req-7e8e3f76-e6b1-4a8d-bd25-1d95cc348f9d req-e7dec7d3-9d06-47a2-a82b-8d8238597fb4 66b19f81b8c24ce08d3f1372dfcc68a4 381377874a6f462da9bd0fac85edb921 - - default default] 10.0.0.76 "GET /v2.0/ports?device_id=c3ae1743-df9e-42e7-90cb-7895730b90f0 HTTP/1.1" status: 200 len: 1172 time: 0.0404091
2026-02-25 20:44:26.867 10 INFO neutron.wsgi [req-7e8e3f76-e6b1-4a8d-bd25-1d95cc348f9d req-eaa717dc-80b9-4d29-9e61-45fdc68c81ac 66b19f81b8c24ce08d3f1372dfcc68a4 381377874a6f462da9bd0fac85edb921 - - default default] 10.0.0.76 "GET /v2.0/security-groups?id=6d25ea73-112c-4e9f-89ac-0e557b9420aa&fields=id&fields=name HTTP/1.1" status: 200 len: 286 time: 0.0350082
2026-02-25 20:44:27.067 9 WARNING neutron_lib.context [None req-4e4a92f9-867e-454f-9e67-8df94b40aad8 46ee4293d4914c9fa70cd5a53115e99d 91aae80c21a44725b13ec027e2244d53 - - default default] Method 'is_advsvc' is deprecated since 2023.2 release (neutron-lib 3.8.0) and will be removed once support for the old RBAC API policies will be removed from Neutron. Please use method 'is_service_role' instead.
2026-02-25 20:44:27.067 9 WARNING neutron_lib.context [None req-4e4a92f9-867e-454f-9e67-8df94b40aad8 46ee4293d4914c9fa70cd5a53115e99d 91aae80c21a44725b13ec027e2244d53 - - default default] Method 'is_advsvc' is deprecated since 2023.2 release (neutron-lib 3.8.0) and will be removed once support for the old RBAC API policies will be removed from Neutron. Please use method 'is_service_role' instead.
2026-02-25 20:44:27.259 9 INFO neutron.db.ovn_revision_numbers_db [None req-4e4a92f9-867e-454f-9e67-8df94b40aad8 46ee4293d4914c9fa70cd5a53115e99d 91aae80c21a44725b13ec027e2244d53 - - default default] Successfully bumped revision number for resource 4e3c3167-e7af-44f0-a636-7fa3a6e3d119 (type: security_groups) to 1
2026-02-25 20:44:27.275 9 INFO neutron.db.ovn_revision_numbers_db [None req-4e4a92f9-867e-454f-9e67-8df94b40aad8 46ee4293d4914c9fa70cd5a53115e99d 91aae80c21a44725b13ec027e2244d53 - - default default] Successfully bumped revision number for resource 2ea99a3c-55e9-44ce-88f7-f10074af2ff6 (type: security_group_rules) to 0
2026-02-25 20:44:27.320 9 INFO neutron.wsgi [None req-e43c0bc5-d4a6-4d3b-bab7-6798969628e4 b21fb76f883d417da9ef2d98e273cdea bbfc22c439d84319995414cbee6793f6 - - default default] 10.0.0.201 "PUT /v2.0/routers/a8320551-7a9b-4aeb-acd3-be89c42b4657/remove_router_interface HTTP/1.1" status: 200 len: 503 time: 0.9821751
2026-02-25 20:44:27.323 9 INFO neutron.db.ovn_revision_numbers_db [None req-4e4a92f9-867e-454f-9e67-8df94b40aad8 46ee4293d4914c9fa70cd5a53115e99d 91aae80c21a44725b13ec027e2244d53 - - default default] Successfully bumped revision number for resource 31a4b4c6-b5ab-4a10-a643-aea73b4132eb (type: security_group_rules) to 0 /var/lib/openstack/lib/python3.10/site-packages/pycadf/identifier.py:71: UserWarning: Invalid uuid: neutron. To ensure interoperability, identifiers should be a valid uuid. warnings.warn(('Invalid uuid: %s. To ensure interoperability, '
2026-02-25 20:44:27.372 9 INFO neutron.db.ovn_revision_numbers_db [None req-4e4a92f9-867e-454f-9e67-8df94b40aad8 46ee4293d4914c9fa70cd5a53115e99d 91aae80c21a44725b13ec027e2244d53 - - default default] Successfully bumped revision number for resource 5620dba9-83db-4998-b5f5-2ea53e49aca1 (type: security_group_rules) to 0
2026-02-25 20:44:27.416 9 INFO neutron.db.ovn_revision_numbers_db [None req-4e4a92f9-867e-454f-9e67-8df94b40aad8 46ee4293d4914c9fa70cd5a53115e99d 91aae80c21a44725b13ec027e2244d53 - - default default] Successfully bumped revision number for resource 9e5db401-a2e1-4ddd-9804-9515cf60bb09 (type: security_group_rules) to 0
2026-02-25 20:44:27.519 9 INFO neutron.db.segments_db [None req-4e4a92f9-867e-454f-9e67-8df94b40aad8 46ee4293d4914c9fa70cd5a53115e99d 91aae80c21a44725b13ec027e2244d53 - - default default] Added segment 531937ae-4e83-4ee8-bfb4-c9a1d78ec0fe of type geneve for network b95fa78e-e5fc-476f-a728-72b5b0936848
2026-02-25 20:44:27.654 9 INFO neutron.db.segments_db [None req-4e4a92f9-867e-454f-9e67-8df94b40aad8 46ee4293d4914c9fa70cd5a53115e99d 91aae80c21a44725b13ec027e2244d53 - - default default] Added segment a084cee8-3a4e-4f8b-afa8-ca8469c92be8 of type geneve for network af40f618-9fef-4c49-a85b-ad1783ba248a
2026-02-25 20:44:27.816 10 WARNING neutron.plugins.ml2.drivers.ovn.mech_driver.ovsdb.ovn_client [None req-c3854714-3512-4426-ab4e-5bcbda3ed518 - - - - - -] No port found with ID 70e45e51-63ee-4640-8bc8-f67f50c5e7f3: RuntimeError: No port found with ID 70e45e51-63ee-4640-8bc8-f67f50c5e7f3
2026-02-25 20:44:27.824 9 INFO neutron.db.ovn_revision_numbers_db [None req-4e4a92f9-867e-454f-9e67-8df94b40aad8 46ee4293d4914c9fa70cd5a53115e99d 91aae80c21a44725b13ec027e2244d53 - - default default] Successfully bumped revision number for resource b95fa78e-e5fc-476f-a728-72b5b0936848 (type: networks) to 1
2026-02-25 20:44:27.838 10 INFO neutron.plugins.ml2.drivers.ovn.mech_driver.mech_driver [None req-c3854714-3512-4426-ab4e-5bcbda3ed518 - - - - - -] OVN reports status down for port: afc8a56b-81a5-4e98-90ea-798e56247963
2026-02-25 20:44:27.881 10 INFO neutron.plugins.ml2.drivers.ovn.mech_driver.mech_driver [None req-c3854714-3512-4426-ab4e-5bcbda3ed518 - - - - - -] OVN reports status up for port: 57c7c45b-611a-4911-8de1-e9bdd0b896de
2026-02-25 20:44:27.897 10 INFO neutron.plugins.ml2.plugin [None req-c3854714-3512-4426-ab4e-5bcbda3ed518 - - - - - -] Attempt 1 to provision port 57c7c45b-611a-4911-8de1-e9bdd0b896de /var/lib/openstack/lib/python3.10/site-packages/pycadf/identifier.py:71: UserWarning: Invalid uuid: neutron. To ensure interoperability, identifiers should be a valid uuid. warnings.warn(('Invalid uuid: %s. To ensure interoperability, '
2026-02-25 20:44:27.979 10 INFO neutron.wsgi [req-ab217d12-1d93-4896-a891-5f713232e131 req-b2831b0e-d6d1-4c9b-8ff4-10162b76a11e 66b19f81b8c24ce08d3f1372dfcc68a4 381377874a6f462da9bd0fac85edb921 - - default default] 10.0.0.76 "GET /v2.0/ports?device_id=c3ae1743-df9e-42e7-90cb-7895730b90f0 HTTP/1.1" status: 200 len: 1172 time: 0.0366070
2026-02-25 20:44:28.040 10 INFO neutron.notifiers.nova [-] Nova event matching ['req-595acaf7-9922-464f-8c49-8c459001017c'] response: {'server_uuid': 'c3ae1743-df9e-42e7-90cb-7895730b90f0', 'name': 'network-vif-plugged', 'status': 'completed', 'tag': '57c7c45b-611a-4911-8de1-e9bdd0b896de', 'code': 200}
2026-02-25 20:44:28.046 10 INFO neutron.wsgi [req-ab217d12-1d93-4896-a891-5f713232e131 req-5c79a6a3-8c08-4a9e-804c-0ad1a8a51fe1 66b19f81b8c24ce08d3f1372dfcc68a4 381377874a6f462da9bd0fac85edb921 - - default default] 10.0.0.76 "GET /v2.0/security-groups?id=6d25ea73-112c-4e9f-89ac-0e557b9420aa&fields=id&fields=name HTTP/1.1" status: 200 len: 286 time: 0.0581207
2026-02-25 20:44:28.078 9 WARNING neutron.scheduler.dhcp_agent_scheduler [None req-4e4a92f9-867e-454f-9e67-8df94b40aad8 46ee4293d4914c9fa70cd5a53115e99d 91aae80c21a44725b13ec027e2244d53 - - default default] No more DHCP agents
2026-02-25 20:44:28.080 9 WARNING neutron.api.rpc.agentnotifiers.dhcp_rpc_agent_api [None req-4e4a92f9-867e-454f-9e67-8df94b40aad8 46ee4293d4914c9fa70cd5a53115e99d 91aae80c21a44725b13ec027e2244d53 - - default default] Unable to schedule network b95fa78e-e5fc-476f-a728-72b5b0936848: no agents available; will retry on subsequent port and subnet creation events.
2026-02-25 20:44:28.202 10 INFO neutron.db.ovn_revision_numbers_db [None req-c3854714-3512-4426-ab4e-5bcbda3ed518 - - - - - -] Successfully bumped revision number for resource 57c7c45b-611a-4911-8de1-e9bdd0b896de (type: ports) to 4
2026-02-25 20:44:28.231 9 INFO neutron.db.ovn_revision_numbers_db [None req-4e4a92f9-867e-454f-9e67-8df94b40aad8 46ee4293d4914c9fa70cd5a53115e99d 91aae80c21a44725b13ec027e2244d53 - - default default] Successfully bumped revision number for resource 7f235e10-d94d-4cc2-9725-2494e53b0823 (type: ports) to 1
2026-02-25 20:44:28.341 10 INFO neutron.wsgi [-] 10.0.0.125 "GET / HTTP/1.1" status: 200 len: 247 time: 0.0025542
2026-02-25 20:44:28.343 10 INFO neutron.wsgi [-] 10.0.0.125 "GET / HTTP/1.1" status: 200 len: 247 time: 0.0012228
2026-02-25 20:44:28.391 9 INFO neutron.db.ovn_revision_numbers_db [None req-4e4a92f9-867e-454f-9e67-8df94b40aad8 46ee4293d4914c9fa70cd5a53115e99d 91aae80c21a44725b13ec027e2244d53 - - default default] Successfully bumped revision number for resource af40f618-9fef-4c49-a85b-ad1783ba248a (type: networks) to 1
2026-02-25 20:44:28.452 9 INFO neutron.wsgi [None req-eb002843-11d4-445a-8cb6-abb5008f2117 b21fb76f883d417da9ef2d98e273cdea bbfc22c439d84319995414cbee6793f6 - - default default] 10.0.0.201 "DELETE /v2.0/routers/a8320551-7a9b-4aeb-acd3-be89c42b4657 HTTP/1.1" status: 204 len: 168 time: 1.1247768 /var/lib/openstack/lib/python3.10/site-packages/pycadf/identifier.py:71: UserWarning: Invalid uuid: neutron. To ensure interoperability, identifiers should be a valid uuid. warnings.warn(('Invalid uuid: %s. To ensure interoperability, '
2026-02-25 20:44:28.590 9 WARNING neutron.scheduler.dhcp_agent_scheduler [None req-4e4a92f9-867e-454f-9e67-8df94b40aad8 46ee4293d4914c9fa70cd5a53115e99d 91aae80c21a44725b13ec027e2244d53 - - default default] No more DHCP agents
2026-02-25 20:44:28.592 9 WARNING neutron.api.rpc.agentnotifiers.dhcp_rpc_agent_api [None req-4e4a92f9-867e-454f-9e67-8df94b40aad8 46ee4293d4914c9fa70cd5a53115e99d 91aae80c21a44725b13ec027e2244d53 - - default default] Unable to schedule network af40f618-9fef-4c49-a85b-ad1783ba248a: no agents available; will retry on subsequent port and subnet creation events.
2026-02-25 20:44:28.622 10 INFO neutron.wsgi [None req-de41edca-a965-4539-b785-7ed463c257c0 b21fb76f883d417da9ef2d98e273cdea bbfc22c439d84319995414cbee6793f6 - - default default] 10.0.0.201 "DELETE /v2.0/subnets/488ff59d-b186-47ea-922e-b3d71202fd94 HTTP/1.1" status: 204 len: 168 time: 0.1658380
2026-02-25 20:44:28.948 9 INFO neutron.db.ovn_revision_numbers_db [None req-4e4a92f9-867e-454f-9e67-8df94b40aad8 46ee4293d4914c9fa70cd5a53115e99d 91aae80c21a44725b13ec027e2244d53 - - default default] Successfully bumped revision number for resource 3a522225-4813-45be-8b18-1d127537ea80 (type: ports) to 1
2026-02-25 20:44:28.978 9 INFO neutron.wsgi [None req-4e4a92f9-867e-454f-9e67-8df94b40aad8 46ee4293d4914c9fa70cd5a53115e99d 91aae80c21a44725b13ec027e2244d53 - - default default] 10.0.0.201 "POST /v2.0/networks HTTP/1.1" status: 201 len: 1445 time: 2.0713141
2026-02-25 20:44:29.087 10 INFO neutron.wsgi [None req-d86cb947-6d0c-43ae-8341-2a57de10d2c1 46ee4293d4914c9fa70cd5a53115e99d 91aae80c21a44725b13ec027e2244d53 - - default default] 10.0.0.201 "GET /v2.0/networks HTTP/1.1" status: 200 len: 2051 time: 0.1041431
2026-02-25 20:44:29.186 10 INFO neutron.wsgi [req-374b8dc3-bede-4996-ae75-9b56687cd122 req-bf3256a6-9c33-44bb-a02e-3e137609571b 66b19f81b8c24ce08d3f1372dfcc68a4 381377874a6f462da9bd0fac85edb921 - - default default] 10.0.0.76 "GET /v2.0/ports?device_id=c3ae1743-df9e-42e7-90cb-7895730b90f0 HTTP/1.1" status: 200 len: 1174 time: 0.0380661
2026-02-25 20:44:29.226 10 INFO neutron.wsgi [req-374b8dc3-bede-4996-ae75-9b56687cd122 req-3cbccc27-e9a9-469f-9ebd-9409ccc0ed5d 66b19f81b8c24ce08d3f1372dfcc68a4 381377874a6f462da9bd0fac85edb921 - - default default] 10.0.0.76 "GET /v2.0/security-groups?id=6d25ea73-112c-4e9f-89ac-0e557b9420aa&fields=id&fields=name HTTP/1.1" status: 200 len: 286 time: 0.0346580
2026-02-25 20:44:29.293 9 INFO neutron.services.segments.plugin [-] Segment b99d0d41-03c4-4be4-8af3-8d55b8b6c79c resource provider aggregate not found
2026-02-25 20:44:29.301 9 INFO neutron.services.segments.plugin [-] Segment b99d0d41-03c4-4be4-8af3-8d55b8b6c79c resource provider aggregate not found
2026-02-25 20:44:29.313 9 INFO neutron.services.segments.plugin [-] Segment b99d0d41-03c4-4be4-8af3-8d55b8b6c79c resource provider not found; error: Placement Client Error (4xx): {"errors": [{"status": 404, "title": "Not Found", "detail": "The resource could not be found.\n\n No resource provider with uuid b99d0d41-03c4-4be4-8af3-8d55b8b6c79c found for delete ", "request_id": "req-68054fe4-f171-468f-bfcf-4af214d3f9b4"}]}
2026-02-25 20:44:29.321 9 INFO neutron.services.segments.plugin [-] Segment b99d0d41-03c4-4be4-8af3-8d55b8b6c79c resource provider not found; error: Placement Client Error (4xx): {"errors": [{"status": 404, "title": "Not Found", "detail": "The resource could not be found.\n\n No resource provider with uuid b99d0d41-03c4-4be4-8af3-8d55b8b6c79c found for delete ", "request_id": "req-f433f287-ed69-44e7-82f9-16f278d7828c"}]}
2026-02-25 20:44:29.356 9 INFO neutron.wsgi [None req-0fd17446-d1e6-43bc-8ca0-a0a2ef29693f b21fb76f883d417da9ef2d98e273cdea bbfc22c439d84319995414cbee6793f6 - - default default] 10.0.0.201 "DELETE /v2.0/networks/ab990bff-f24b-492b-b0f1-517dc98b5632 HTTP/1.1" status: 204 len: 168 time: 0.7265620
2026-02-25 20:44:29.564 10 INFO neutron.wsgi [req-0de7ba67-772d-42b3-82dd-d5ea63cba005 req-8f2914ff-b113-42d5-b3b9-1f2bb22c80c2 66b19f81b8c24ce08d3f1372dfcc68a4 381377874a6f462da9bd0fac85edb921 - - default default] 10.0.0.76 "GET /v2.0/ports?device_id=c3ae1743-df9e-42e7-90cb-7895730b90f0 HTTP/1.1" status: 200 len: 1174 time: 0.0450566
2026-02-25 20:44:29.567 9 INFO neutron.wsgi [None req-a45c0286-ead4-4f88-8edb-9560c4c54b38 46ee4293d4914c9fa70cd5a53115e99d 91aae80c21a44725b13ec027e2244d53 - - default default] 10.0.0.201 "DELETE /v2.0/networks/b95fa78e-e5fc-476f-a728-72b5b0936848 HTTP/1.1" status: 204 len: 168 time: 0.4745357
2026-02-25 20:44:29.572 10 INFO neutron.plugins.ml2.drivers.ovn.mech_driver.mech_driver [None req-c3854714-3512-4426-ab4e-5bcbda3ed518 - - - - - -] OVN reports status down for port: 57c7c45b-611a-4911-8de1-e9bdd0b896de
2026-02-25 20:44:29.625 10 INFO neutron.wsgi [req-0de7ba67-772d-42b3-82dd-d5ea63cba005 req-e6b904cf-ec9f-4bc2-985c-ccab57b64b87 66b19f81b8c24ce08d3f1372dfcc68a4 381377874a6f462da9bd0fac85edb921 - - default default] 10.0.0.76 "GET /v2.0/security-groups?id=6d25ea73-112c-4e9f-89ac-0e557b9420aa&fields=id&fields=name HTTP/1.1" status: 200 len: 286 time: 0.0532067
2026-02-25 20:44:29.898 10 INFO neutron.wsgi [req-4d75c62a-fb54-4e64-85ba-8377c03001b0 req-0d0ed0b0-e58b-4d00-af43-3fb5e7b7a847 66b19f81b8c24ce08d3f1372dfcc68a4 381377874a6f462da9bd0fac85edb921 - - default default] 199.204.45.169 "GET /v2.0/ports?device_id=c3ae1743-df9e-42e7-90cb-7895730b90f0 HTTP/1.1" status: 200 len: 1172 time: 0.0727494
2026-02-25 20:44:30.005 10 INFO neutron.db.ovn_revision_numbers_db [None req-c3854714-3512-4426-ab4e-5bcbda3ed518 - - - - - -] Successfully bumped revision number for resource 57c7c45b-611a-4911-8de1-e9bdd0b896de (type: ports) to 5
2026-02-25 20:44:30.018 9 INFO neutron.wsgi [None req-4b26023b-6965-4d39-83cb-acb887a80008 46ee4293d4914c9fa70cd5a53115e99d 91aae80c21a44725b13ec027e2244d53 - - default default] 10.0.0.201 "DELETE /v2.0/networks/af40f618-9fef-4c49-a85b-ad1783ba248a HTTP/1.1" status: 204 len: 168 time: 0.4441214
2026-02-25 20:44:30.079 10 INFO neutron.notifiers.nova [-] Nova event matching ['req-8b370b9b-c409-40c5-8594-ae54d8098d71'] response: {'server_uuid': 'c3ae1743-df9e-42e7-90cb-7895730b90f0', 'name': 'network-vif-plugged', 'status': 'completed', 'tag': '57c7c45b-611a-4911-8de1-e9bdd0b896de', 'code': 200}
2026-02-25 20:44:30.079 10 INFO neutron.notifiers.nova [-] Nova event matching ['req-8b370b9b-c409-40c5-8594-ae54d8098d71'] response: {'server_uuid': 'c3ae1743-df9e-42e7-90cb-7895730b90f0', 'name': 'network-vif-unplugged', 'status': 'completed', 'tag': '57c7c45b-611a-4911-8de1-e9bdd0b896de', 'code': 200}
2026-02-25 20:44:30.079 10 INFO neutron.notifiers.nova [-] Nova event matching ['req-8b370b9b-c409-40c5-8594-ae54d8098d71'] response: {'server_uuid': 'c3ae1743-df9e-42e7-90cb-7895730b90f0', 'name': 'network-vif-unplugged', 'status': 'completed', 'tag': '57c7c45b-611a-4911-8de1-e9bdd0b896de', 'code': 200}
2026-02-25 20:44:30.119 9 INFO neutron.wsgi [None req-06548d10-280e-429f-994b-7e8ba4aa98d6 46ee4293d4914c9fa70cd5a53115e99d 91aae80c21a44725b13ec027e2244d53 - - default default] 10.0.0.201 "GET /v2.0/networks HTTP/1.1" status: 200 len: 845 time: 0.0951905
2026-02-25 20:44:30.129 9 WARNING neutron_lib.context [None req-d463520a-50dd-4cd1-863c-2ffbbc4929d0 46ee4293d4914c9fa70cd5a53115e99d 91aae80c21a44725b13ec027e2244d53 - - default default] Method 'is_advsvc' is deprecated since 2023.2 release (neutron-lib 3.8.0) and will be removed once support for the old RBAC API policies will be removed from Neutron. Please use method 'is_service_role' instead.
2026-02-25 20:44:30.196 9 INFO neutron.wsgi [None req-ff8b3b94-8a2f-421f-b146-1fe316574419 0d698a8e394e402f8e10bb6fdf9b5b47 ac992b5c700d42a29ae73e602d023058 - - default default] 10.0.0.201 "GET /v2.0/security-groups?tenant_id=bbfc22c439d84319995414cbee6793f6&name=default HTTP/1.1" status: 200 len: 3120 time: 0.2382867
2026-02-25 20:44:30.228 9 INFO neutron.db.segments_db [None req-d463520a-50dd-4cd1-863c-2ffbbc4929d0 46ee4293d4914c9fa70cd5a53115e99d 91aae80c21a44725b13ec027e2244d53 - - default default] Added segment 4fd1b0a8-703a-4d3a-9be6-e215e784173e of type geneve for network a38dcaf8-906a-484f-ad3b-ea557fb42b2f
2026-02-25 20:44:30.245 10 INFO neutron.wsgi [req-4d75c62a-fb54-4e64-85ba-8377c03001b0 req-41e59cfe-79df-44b2-821f-1b99470c46ae 66b19f81b8c24ce08d3f1372dfcc68a4 381377874a6f462da9bd0fac85edb921 - - default default] 199.204.45.169 "DELETE /v2.0/ports/57c7c45b-611a-4911-8de1-e9bdd0b896de HTTP/1.1" status: 204 len: 173 time: 0.3411467
2026-02-25 20:44:30.422 9 INFO neutron.db.ovn_revision_numbers_db [None req-d463520a-50dd-4cd1-863c-2ffbbc4929d0 46ee4293d4914c9fa70cd5a53115e99d 91aae80c21a44725b13ec027e2244d53 - - default default] Successfully bumped revision number for resource a38dcaf8-906a-484f-ad3b-ea557fb42b2f (type: networks) to 1
2026-02-25 20:44:30.561 9 INFO neutron.wsgi [None req-63c30745-724d-430d-a362-7ce730a1181c 0d698a8e394e402f8e10bb6fdf9b5b47 ac992b5c700d42a29ae73e602d023058 - - default default] 10.0.0.201 "DELETE /v2.0/security-groups/a57bf32d-0f02-4a98-b41d-b601f947a6df HTTP/1.1" status: 204 len: 168 time: 0.3596673
2026-02-25 20:44:30.617 9 WARNING neutron.scheduler.dhcp_agent_scheduler [None req-d463520a-50dd-4cd1-863c-2ffbbc4929d0 46ee4293d4914c9fa70cd5a53115e99d 91aae80c21a44725b13ec027e2244d53 - - default default] No more DHCP agents
2026-02-25 20:44:30.619 9 WARNING neutron.api.rpc.agentnotifiers.dhcp_rpc_agent_api [None req-d463520a-50dd-4cd1-863c-2ffbbc4929d0 46ee4293d4914c9fa70cd5a53115e99d 91aae80c21a44725b13ec027e2244d53 - - default default] Unable to schedule network a38dcaf8-906a-484f-ad3b-ea557fb42b2f: no agents available; will retry on subsequent port and subnet creation events. /var/lib/openstack/lib/python3.10/site-packages/pycadf/identifier.py:71: UserWarning: Invalid uuid: neutron. To ensure interoperability, identifiers should be a valid uuid. warnings.warn(('Invalid uuid: %s. To ensure interoperability, '
2026-02-25 20:44:30.706 9 INFO neutron.db.ovn_revision_numbers_db [None req-d463520a-50dd-4cd1-863c-2ffbbc4929d0 46ee4293d4914c9fa70cd5a53115e99d 91aae80c21a44725b13ec027e2244d53 - - default default] Successfully bumped revision number for resource 05e26ad0-df5a-46df-a278-df37fdc5cb72 (type: ports) to 1
2026-02-25 20:44:30.730 9 INFO neutron.wsgi [None req-d463520a-50dd-4cd1-863c-2ffbbc4929d0 46ee4293d4914c9fa70cd5a53115e99d 91aae80c21a44725b13ec027e2244d53 - - default default] 10.0.0.201 "POST /v2.0/networks HTTP/1.1" status: 201 len: 848 time: 0.6057162
2026-02-25 20:44:30.741 9 WARNING neutron_lib.context [None req-f13b712d-ec69-46dd-8d51-0ea16092a01f 46ee4293d4914c9fa70cd5a53115e99d 91aae80c21a44725b13ec027e2244d53 - - default default] Method 'is_advsvc' is deprecated since 2023.2 release (neutron-lib 3.8.0) and will be removed once support for the old RBAC API policies will be removed from Neutron. Please use method 'is_service_role' instead.
2026-02-25 20:44:30.819 9 INFO neutron.db.segments_db [None req-f13b712d-ec69-46dd-8d51-0ea16092a01f 46ee4293d4914c9fa70cd5a53115e99d 91aae80c21a44725b13ec027e2244d53 - - default default] Added segment 53de899c-e7a8-4f55-9cfc-42a46e09c4dd of type geneve for network fde180bd-5b3e-467b-973a-6c4717cea088
2026-02-25 20:44:30.953 9 INFO neutron.db.ovn_revision_numbers_db [None req-f13b712d-ec69-46dd-8d51-0ea16092a01f 46ee4293d4914c9fa70cd5a53115e99d 91aae80c21a44725b13ec027e2244d53 - - default default] Successfully bumped revision number for resource fde180bd-5b3e-467b-973a-6c4717cea088 (type: networks) to 1
2026-02-25 20:44:31.142 9 WARNING neutron.scheduler.dhcp_agent_scheduler [None req-f13b712d-ec69-46dd-8d51-0ea16092a01f 46ee4293d4914c9fa70cd5a53115e99d 91aae80c21a44725b13ec027e2244d53 - - default default] No more DHCP agents
2026-02-25 20:44:31.144 9 WARNING neutron.api.rpc.agentnotifiers.dhcp_rpc_agent_api [None req-f13b712d-ec69-46dd-8d51-0ea16092a01f 46ee4293d4914c9fa70cd5a53115e99d 91aae80c21a44725b13ec027e2244d53 - - default default] Unable to schedule network fde180bd-5b3e-467b-973a-6c4717cea088: no agents available; will retry on subsequent port and subnet creation events.
2026-02-25 20:44:31.232 9 INFO neutron.db.ovn_revision_numbers_db [None req-f13b712d-ec69-46dd-8d51-0ea16092a01f 46ee4293d4914c9fa70cd5a53115e99d 91aae80c21a44725b13ec027e2244d53 - - default default] Successfully bumped revision number for resource 3efa5790-c13c-4780-85ca-ef826305eb56 (type: ports) to 1
2026-02-25 20:44:31.267 9 INFO neutron.wsgi [None req-f13b712d-ec69-46dd-8d51-0ea16092a01f 46ee4293d4914c9fa70cd5a53115e99d 91aae80c21a44725b13ec027e2244d53 - - default default] 10.0.0.201 "POST /v2.0/networks HTTP/1.1" status: 201 len: 849 time: 0.5308781
2026-02-25 20:44:31.279 9 WARNING neutron_lib.context [None req-339cda0a-2600-416e-8d3f-2e42ee685e7f 46ee4293d4914c9fa70cd5a53115e99d 91aae80c21a44725b13ec027e2244d53 - - default default] Method 'is_advsvc' is deprecated since 2023.2 release (neutron-lib 3.8.0) and will be removed once support for the old RBAC API policies will be removed from Neutron. Please use method 'is_service_role' instead.
2026-02-25 20:44:31.330 9 WARNING neutron_lib.context [None req-339cda0a-2600-416e-8d3f-2e42ee685e7f 46ee4293d4914c9fa70cd5a53115e99d 91aae80c21a44725b13ec027e2244d53 - - default default] Method 'is_advsvc' is deprecated since 2023.2 release (neutron-lib 3.8.0) and will be removed once support for the old RBAC API policies will be removed from Neutron. Please use method 'is_service_role' instead.
2026-02-25 20:44:31.351 9 INFO neutron.services.segments.plugin [-] Segment 531937ae-4e83-4ee8-bfb4-c9a1d78ec0fe resource provider aggregate not found
2026-02-25 20:44:31.355 9 INFO neutron.services.segments.plugin [-] Segment 531937ae-4e83-4ee8-bfb4-c9a1d78ec0fe resource provider aggregate not found
2026-02-25 20:44:31.372 9 INFO neutron.services.segments.plugin [-] Segment 531937ae-4e83-4ee8-bfb4-c9a1d78ec0fe resource provider not found; error: Placement Client Error (4xx): {"errors": [{"status": 404, "title": "Not Found", "detail": "The resource could not be found.\n\n No resource provider with uuid 531937ae-4e83-4ee8-bfb4-c9a1d78ec0fe found for delete ", "request_id": "req-f33411ad-eb8e-471a-98ac-50a79e715cf6"}]}
2026-02-25 20:44:31.377 9 INFO neutron.services.segments.plugin [-] Segment 531937ae-4e83-4ee8-bfb4-c9a1d78ec0fe resource provider not found; error: Placement Client Error (4xx): {"errors": [{"status": 404, "title": "Not Found", "detail": "The resource could not be found.\n\n No resource provider with uuid 531937ae-4e83-4ee8-bfb4-c9a1d78ec0fe found for delete ", "request_id": "req-ebed122e-e7d7-40d5-affa-0d4582b0a0f0"}]}
2026-02-25 20:44:31.394 9 INFO neutron.services.segments.plugin [-] Segment a084cee8-3a4e-4f8b-afa8-ca8469c92be8 resource provider aggregate not found
2026-02-25 20:44:31.398 9 INFO neutron.services.segments.plugin [-] Segment a084cee8-3a4e-4f8b-afa8-ca8469c92be8 resource provider aggregate not found
2026-02-25 20:44:31.408 9 INFO neutron.services.segments.plugin [-] Segment a084cee8-3a4e-4f8b-afa8-ca8469c92be8 resource provider not found; error: Placement Client Error (4xx): {"errors": [{"status": 404, "title": "Not Found", "detail": "The resource could not be found.\n\n No resource provider with uuid a084cee8-3a4e-4f8b-afa8-ca8469c92be8 found for delete ", "request_id": "req-c5c2c478-276d-4e01-b5d1-d6884fa1c481"}]}
