2026-02-25 20:45:31.416 10 INFO neutron.plugins.ml2.drivers.ovn.mech_driver.mech_driver [None req-c3854714-3512-4426-ab4e-5bcbda3ed518 - - - - - -] OVN reports status up for port: a5ebd40e-e4ee-4502-ac90-097ef0bfad1f
2026-02-25 20:45:31.444 10 INFO neutron.plugins.ml2.plugin [None req-c3854714-3512-4426-ab4e-5bcbda3ed518 - - - - - -] Attempt 1 to provision port a5ebd40e-e4ee-4502-ac90-097ef0bfad1f
2026-02-25 20:45:31.451 9 INFO neutron.db.ovn_revision_numbers_db [None req-3b579a0f-3bf2-4cba-8f2d-46308c617247 0d698a8e394e402f8e10bb6fdf9b5b47 ac992b5c700d42a29ae73e602d023058 - - default default] Successfully bumped revision number for resource cc7149cb-9cf9-4f39-80aa-54fdcfcc8aea (type: security_groups) to 1
2026-02-25 20:45:31.468 9 INFO neutron.db.ovn_revision_numbers_db [None req-3b579a0f-3bf2-4cba-8f2d-46308c617247 0d698a8e394e402f8e10bb6fdf9b5b47 ac992b5c700d42a29ae73e602d023058 - - default default] Successfully bumped revision number for resource 3ac80a59-31ce-4737-b2e5-d96816fa9335 (type: security_group_rules) to 0
2026-02-25 20:45:31.470 10 INFO neutron.db.ovn_revision_numbers_db [None req-1bb06f3a-c323-41f6-8630-c16037ceae8a 0d698a8e394e402f8e10bb6fdf9b5b47 ac992b5c700d42a29ae73e602d023058 - - default default] Successfully bumped revision number for resource 0bc1539a-6556-42a8-9344-3165b57c5d16 (type: ports) to 1
2026-02-25 20:45:31.509 9 INFO neutron.db.ovn_revision_numbers_db [None req-3b579a0f-3bf2-4cba-8f2d-46308c617247 0d698a8e394e402f8e10bb6fdf9b5b47 ac992b5c700d42a29ae73e602d023058 - - default default] Successfully bumped revision number for resource 79d1c6aa-9ca0-4590-aa0f-08e43ca157f3 (type: security_group_rules) to 0
2026-02-25 20:45:31.545 9 INFO neutron.db.ovn_revision_numbers_db [None req-3b579a0f-3bf2-4cba-8f2d-46308c617247 0d698a8e394e402f8e10bb6fdf9b5b47 ac992b5c700d42a29ae73e602d023058 - - default default] Successfully bumped revision number for resource a29796bb-179a-4e2b-93ff-1dbad0955bb7 (type: security_group_rules) to 0
2026-02-25 20:45:31.562 9 INFO neutron.db.ovn_revision_numbers_db [None req-3b579a0f-3bf2-4cba-8f2d-46308c617247 0d698a8e394e402f8e10bb6fdf9b5b47 ac992b5c700d42a29ae73e602d023058 - - default default] Successfully bumped revision number for resource fb75c5b7-40cd-44f5-a711-542c2dc0b24c (type: security_group_rules) to 0
2026-02-25 20:45:31.593 9 INFO neutron.wsgi [None req-3b579a0f-3bf2-4cba-8f2d-46308c617247 0d698a8e394e402f8e10bb6fdf9b5b47 ac992b5c700d42a29ae73e602d023058 - - default default] 10.0.0.201 "GET /v2.0/security-groups?tenant_id=4f94fdac5e624876aa0d851bf6d5d27a&name=default HTTP/1.1" status: 200 len: 3120 time: 0.3342466
2026-02-25 20:45:31.750 9 INFO neutron.db.ovn_revision_numbers_db [None req-884d2436-f9dc-40d6-b212-78cd2293a6dc - - - - - -] Successfully bumped revision number for resource 02d590a7-725e-4ca2-b9bc-a79cc0f7ebb4 (type: router_ports) to 3
2026-02-25 20:45:31.754 10 INFO neutron.wsgi [req-74720883-bef8-4ee2-bd51-8d5b51327412 req-5925203f-52ba-4e50-a293-7d0bc157882f 084b36f1a035471aa53b97d77443deb3 4bbbd375ff5b4618a1682c2bf616e23d - - 8db5709e7de040a180ab3b8e08634144 8db5709e7de040a180ab3b8e08634144] 199.204.45.169 "GET /v2.0/networks/cb74002f-f3a4-4fc2-a680-87059fc50bd2?fields=provider%3Aphysical_network&fields=provider%3Anetwork_type HTTP/1.1" status: 200 len: 277 time: 0.3533177
2026-02-25 20:45:31.925 9 INFO neutron.wsgi [None req-fe94e1a6-5eeb-4deb-ac2e-d2f419e13835 0d698a8e394e402f8e10bb6fdf9b5b47 ac992b5c700d42a29ae73e602d023058 - - default default] 10.0.0.201 "DELETE /v2.0/security-groups/cc7149cb-9cf9-4f39-80aa-54fdcfcc8aea HTTP/1.1" status: 204 len: 168 time: 0.3271232
2026-02-25 20:45:32.001 9 INFO neutron.db.ovn_revision_numbers_db [None req-884d2436-f9dc-40d6-b212-78cd2293a6dc - - - - - -] Successfully bumped revision number for resource 02d590a7-725e-4ca2-b9bc-a79cc0f7ebb4 (type: ports) to 2
2026-02-25 20:45:32.200 10 INFO neutron.db.ovn_revision_numbers_db [None req-c3854714-3512-4426-ab4e-5bcbda3ed518 - - - - - -] Successfully bumped revision number for resource a5ebd40e-e4ee-4502-ac90-097ef0bfad1f (type: ports) to 2
2026-02-25 20:45:32.236 9 INFO neutron.wsgi [None req-1ec3c3ea-3c0a-414c-951a-5e6c63777d0f 2b8eeff3aba346c485a93f3672961852 b9da27cce42c4b22b81821bfdc1c44f2 - - default default] 10.0.0.201 "GET /v2.0/ports/a5ebd40e-e4ee-4502-ac90-097ef0bfad1f HTTP/1.1" status: 200 len: 1141 time: 0.0528951
2026-02-25 20:45:32.280 9 INFO neutron.db.ovn_revision_numbers_db [None req-15c88ec8-a84d-4ea2-b79b-46f6272cf1b2 0d698a8e394e402f8e10bb6fdf9b5b47 ac992b5c700d42a29ae73e602d023058 - - default default] Successfully bumped revision number for resource 98d55420-366f-4cf0-bf0d-472f1162487f (type: security_groups) to 1
2026-02-25 20:45:32.317 9 INFO neutron.db.ovn_revision_numbers_db [None req-15c88ec8-a84d-4ea2-b79b-46f6272cf1b2 0d698a8e394e402f8e10bb6fdf9b5b47 ac992b5c700d42a29ae73e602d023058 - - default default] Successfully bumped revision number for resource 29f5b2aa-f561-463c-ac80-3657d7a59f1f (type: security_group_rules) to 0
2026-02-25 20:45:32.359 9 INFO neutron.db.ovn_revision_numbers_db [None req-15c88ec8-a84d-4ea2-b79b-46f6272cf1b2 0d698a8e394e402f8e10bb6fdf9b5b47 ac992b5c700d42a29ae73e602d023058 - - default default] Successfully bumped revision number for resource 98836ba1-875e-488f-ac0a-a5c2f9e48969 (type: security_group_rules) to 0
2026-02-25 20:45:32.405 9 INFO neutron.db.ovn_revision_numbers_db [None req-15c88ec8-a84d-4ea2-b79b-46f6272cf1b2 0d698a8e394e402f8e10bb6fdf9b5b47 ac992b5c700d42a29ae73e602d023058 - - default default] Successfully bumped revision number for resource d8f25b93-fa13-44ff-84bc-77fe49f0747a (type: security_group_rules) to 0
2026-02-25 20:45:32.446 10 INFO neutron.db.ovn_revision_numbers_db [None req-c3854714-3512-4426-ab4e-5bcbda3ed518 - - - - - -] Successfully bumped revision number for resource a5ebd40e-e4ee-4502-ac90-097ef0bfad1f (type: router_ports) to 2
2026-02-25 20:45:32.464 9 INFO neutron.db.ovn_revision_numbers_db [None req-15c88ec8-a84d-4ea2-b79b-46f6272cf1b2 0d698a8e394e402f8e10bb6fdf9b5b47 ac992b5c700d42a29ae73e602d023058 - - default default] Successfully bumped revision number for resource eabda952-9c8a-4df7-8b44-97879d6f68f7 (type: security_group_rules) to 0
2026-02-25 20:45:32.466 10 ERROR ovsdbapp.backend.ovs_idl.command [None req-1bb06f3a-c323-41f6-8630-c16037ceae8a 0d698a8e394e402f8e10bb6fdf9b5b47 ac992b5c700d42a29ae73e602d023058 - - default default] Error executing command (DbGetCommand): ovsdbapp.backend.ovs_idl.idlutils.RowNotFound: Cannot find Logical_Router_Port with name=lrp-0bc1539a-6556-42a8-9344-3165b57c5d16
2026-02-25 20:45:32.466 10 ERROR ovsdbapp.backend.ovs_idl.command
Traceback (most recent call last):
2026-02-25 20:45:32.466 10 ERROR ovsdbapp.backend.ovs_idl.command
File "/var/lib/openstack/lib/python3.10/site-packages/ovsdbapp/backend/ovs_idl/command.py", line 47, in execute
2026-02-25 20:45:32.466 10 ERROR ovsdbapp.backend.ovs_idl.command self.run_idl(None)
2026-02-25 20:45:32.466 10 ERROR ovsdbapp.backend.ovs_idl.command
File "/var/lib/openstack/lib/python3.10/site-packages/ovsdbapp/backend/ovs_idl/command.py", line 235, in run_idl
2026-02-25 20:45:32.466 10 ERROR ovsdbapp.backend.ovs_idl.command record = self.api.lookup(self.table, self.record)
2026-02-25 20:45:32.466 10 ERROR ovsdbapp.backend.ovs_idl.command
File "/var/lib/openstack/lib/python3.10/site-packages/ovsdbapp/backend/ovs_idl/__init__.py", line 184, in lookup
2026-02-25 20:45:32.466 10 ERROR ovsdbapp.backend.ovs_idl.command return self._lookup(table, record)
2026-02-25 20:45:32.466 10 ERROR ovsdbapp.backend.ovs_idl.command
File "/var/lib/openstack/lib/python3.10/site-packages/ovsdbapp/backend/ovs_idl/__init__.py", line 235, in _lookup
2026-02-25 20:45:32.466 10 ERROR ovsdbapp.backend.ovs_idl.command row = idlutils.row_by_value(self, rl.table, rl.column, record)
2026-02-25 20:45:32.466 10 ERROR ovsdbapp.backend.ovs_idl.command
File "/var/lib/openstack/lib/python3.10/site-packages/ovsdbapp/backend/ovs_idl/idlutils.py", line 114, in row_by_value
2026-02-25 20:45:32.466 10 ERROR ovsdbapp.backend.ovs_idl.command raise RowNotFound(table=table, col=column, match=match)
2026-02-25 20:45:32.466 10 ERROR ovsdbapp.backend.ovs_idl.command ovsdbapp.backend.ovs_idl.idlutils.RowNotFound: Cannot find Logical_Router_Port with name=lrp-0bc1539a-6556-42a8-9344-3165b57c5d16
2026-02-25 20:45:32.466 10 ERROR ovsdbapp.backend.ovs_idl.command 
2026-02-25 20:45:32.466 10 ERROR neutron_lib.callbacks.manager [None req-1bb06f3a-c323-41f6-8630-c16037ceae8a 0d698a8e394e402f8e10bb6fdf9b5b47 ac992b5c700d42a29ae73e602d023058 - - default default] Error during notification for neutron.services.ovn_l3.plugin.OVNL3RouterPlugin._port_update-8733962747631 port, after_update: ovsdbapp.backend.ovs_idl.idlutils.RowNotFound: Cannot find Logical_Router_Port with name=lrp-0bc1539a-6556-42a8-9344-3165b57c5d16
2026-02-25 20:45:32.466 10 ERROR neutron_lib.callbacks.manager
Traceback (most recent call last):
2026-02-25 20:45:32.466 10 ERROR neutron_lib.callbacks.manager
File "/var/lib/openstack/lib/python3.10/site-packages/neutron_lib/callbacks/manager.py", line 189, in _notify_loop
2026-02-25 20:45:32.466 10 ERROR neutron_lib.callbacks.manager callback.method(resource, event, trigger, payload=payload)
2026-02-25 20:45:32.466 10 ERROR neutron_lib.callbacks.manager
File "/var/lib/openstack/lib/python3.10/site-packages/neutron/services/ovn_l3/plugin.py", line 391, in _port_update
2026-02-25 20:45:32.466 10 ERROR neutron_lib.callbacks.manager l3plugin._ovn_client.update_router_port(context,
2026-02-25 20:45:32.466 10 ERROR neutron_lib.callbacks.manager
File "/var/lib/openstack/lib/python3.10/site-packages/neutron/plugins/ml2/drivers/ovn/mech_driver/ovsdb/ovn_client.py", line 1878, in update_router_port
2026-02-25 20:45:32.466 10 ERROR neutron_lib.callbacks.manager self._update_lrouter_port(context, port, if_exists=if_exists,
2026-02-25 20:45:32.466 10 ERROR neutron_lib.callbacks.manager
File "/var/lib/openstack/lib/python3.10/site-packages/neutron/plugins/ml2/drivers/ovn/mech_driver/ovsdb/ovn_client.py", line 1855, in _update_lrouter_port
2026-02-25 20:45:32.466 10 ERROR neutron_lib.callbacks.manager external_ids = self._nb_idl.db_get(
2026-02-25 20:45:32.466 10 ERROR neutron_lib.callbacks.manager
File "/var/lib/openstack/lib/python3.10/site-packages/ovsdbapp/backend/ovs_idl/command.py", line 47, in execute
2026-02-25 20:45:32.466 10 ERROR neutron_lib.callbacks.manager self.run_idl(None)
2026-02-25 20:45:32.466 10 ERROR neutron_lib.callbacks.manager
File "/var/lib/openstack/lib/python3.10/site-packages/ovsdbapp/backend/ovs_idl/command.py", line 235, in run_idl
2026-02-25 20:45:32.466 10 ERROR neutron_lib.callbacks.manager record = self.api.lookup(self.table, self.record)
2026-02-25 20:45:32.466 10 ERROR neutron_lib.callbacks.manager
File "/var/lib/openstack/lib/python3.10/site-packages/ovsdbapp/backend/ovs_idl/__init__.py", line 184, in lookup
2026-02-25 20:45:32.466 10 ERROR neutron_lib.callbacks.manager return self._lookup(table, record)
2026-02-25 20:45:32.466 10 ERROR neutron_lib.callbacks.manager
File "/var/lib/openstack/lib/python3.10/site-packages/ovsdbapp/backend/ovs_idl/__init__.py", line 235, in _lookup
2026-02-25 20:45:32.466 10 ERROR neutron_lib.callbacks.manager row = idlutils.row_by_value(self, rl.table, rl.column, record)
2026-02-25 20:45:32.466 10 ERROR neutron_lib.callbacks.manager
File "/var/lib/openstack/lib/python3.10/site-packages/ovsdbapp/backend/ovs_idl/idlutils.py", line 114, in row_by_value
2026-02-25 20:45:32.466 10 ERROR neutron_lib.callbacks.manager raise RowNotFound(table=table, col=column, match=match)
2026-02-25 20:45:32.466 10 ERROR neutron_lib.callbacks.manager ovsdbapp.backend.ovs_idl.idlutils.RowNotFound: Cannot find Logical_Router_Port with name=lrp-0bc1539a-6556-42a8-9344-3165b57c5d16
2026-02-25 20:45:32.466 10 ERROR neutron_lib.callbacks.manager 
2026-02-25 20:45:32.503 9 INFO neutron.wsgi [None req-15c88ec8-a84d-4ea2-b79b-46f6272cf1b2 0d698a8e394e402f8e10bb6fdf9b5b47 ac992b5c700d42a29ae73e602d023058 - - default default] 10.0.0.201 "GET /v2.0/security-groups?tenant_id=2875159864534a0597aea3dc6d6becea&name=default HTTP/1.1" status: 200 len: 3120 time: 0.4484854
2026-02-25 20:45:32.604 9 INFO neutron.db.ovn_revision_numbers_db [None req-884d2436-f9dc-40d6-b212-78cd2293a6dc - - - - - -] Successfully bumped revision number for resource 02d590a7-725e-4ca2-b9bc-a79cc0f7ebb4 (type: ports) to 4
2026-02-25 20:45:32.717 10 INFO neutron.db.ovn_revision_numbers_db [None req-1bb06f3a-c323-41f6-8630-c16037ceae8a 0d698a8e394e402f8e10bb6fdf9b5b47 ac992b5c700d42a29ae73e602d023058 - - default default] Successfully bumped revision number for resource 0bc1539a-6556-42a8-9344-3165b57c5d16 (type: ports) to 1
2026-02-25 20:45:32.792 10 WARNING neutron.scheduler.dhcp_agent_scheduler [None req-1bb06f3a-c323-41f6-8630-c16037ceae8a 0d698a8e394e402f8e10bb6fdf9b5b47 ac992b5c700d42a29ae73e602d023058 - - default default] No more DHCP agents
2026-02-25 20:45:32.794 10 WARNING neutron.api.rpc.agentnotifiers.dhcp_rpc_agent_api [None req-1bb06f3a-c323-41f6-8630-c16037ceae8a 0d698a8e394e402f8e10bb6fdf9b5b47 ac992b5c700d42a29ae73e602d023058 - - default default] Unable to schedule network b88ec15c-a3ae-42da-88c5-30cd5cbfae1e: no agents available; will retry on subsequent port and subnet creation events.
2026-02-25 20:45:32.808 10 INFO neutron.wsgi [None req-9c383239-2dae-468f-b9e0-06ec7f71ba36 0d698a8e394e402f8e10bb6fdf9b5b47 ac992b5c700d42a29ae73e602d023058 - - default default] 10.0.0.201 "DELETE /v2.0/security-groups/98d55420-366f-4cf0-bf0d-472f1162487f HTTP/1.1" status: 204 len: 168 time: 0.2963707
2026-02-25 20:45:33.227 9 INFO neutron.plugins.ml2.drivers.ovn.mech_driver.mech_driver [None req-dbc7da08-4b5d-47ea-8f36-554762dc2ebe - - - - - -] OVN reports status up for port: 0bc1539a-6556-42a8-9344-3165b57c5d16
2026-02-25 20:45:33.246 9 INFO neutron.plugins.ml2.plugin [None req-dbc7da08-4b5d-47ea-8f36-554762dc2ebe - - - - - -] Attempt 1 to provision port 0bc1539a-6556-42a8-9344-3165b57c5d16
2026-02-25 20:45:33.258 9 INFO neutron.db.ovn_revision_numbers_db [None req-884d2436-f9dc-40d6-b212-78cd2293a6dc - - - - - -] Successfully bumped revision number for resource 02d590a7-725e-4ca2-b9bc-a79cc0f7ebb4 (type: router_ports) to 4
2026-02-25 20:45:33.369 10 INFO neutron.db.ovn_revision_numbers_db [None req-1bb06f3a-c323-41f6-8630-c16037ceae8a 0d698a8e394e402f8e10bb6fdf9b5b47 ac992b5c700d42a29ae73e602d023058 - - default default] Successfully bumped revision number for resource 0bc1539a-6556-42a8-9344-3165b57c5d16 (type: router_ports) to 1
2026-02-25 20:45:33.377 10 INFO neutron.wsgi [None req-1bb06f3a-c323-41f6-8630-c16037ceae8a 0d698a8e394e402f8e10bb6fdf9b5b47 ac992b5c700d42a29ae73e602d023058 - - default default] 10.0.0.201 "PUT /v2.0/routers/95754928-f989-485d-92eb-8580504f4e40/add_router_interface HTTP/1.1" status: 200 len: 503 time: 3.0880868
2026-02-25 20:45:33.485 9 INFO neutron.wsgi [None req-0f65a5e4-6327-4c35-8727-7a16b0b68479 2b8eeff3aba346c485a93f3672961852 b9da27cce42c4b22b81821bfdc1c44f2 - - default default] 10.0.0.201 "PUT /v2.0/routers/f8822fd9-dd57-400d-a3ba-9bf0c761e962/remove_router_interface HTTP/1.1" status: 200 len: 503 time: 1.2396138
2026-02-25 20:45:33.516 10 INFO neutron.wsgi [None req-444950fa-89f8-4b12-922f-8d8d6779742c 2b8eeff3aba346c485a93f3672961852 b9da27cce42c4b22b81821bfdc1c44f2 - - default default] 10.0.0.201 "GET /v2.0/ports?device_id=f8822fd9-dd57-400d-a3ba-9bf0c761e962 HTTP/1.1" status: 200 len: 205 time: 0.0264285
2026-02-25 20:45:33.764 9 INFO neutron.db.ovn_revision_numbers_db [None req-dbc7da08-4b5d-47ea-8f36-554762dc2ebe - - - - - -] Successfully bumped revision number for resource 0bc1539a-6556-42a8-9344-3165b57c5d16 (type: ports) to 2
2026-02-25 20:45:33.764 10 INFO neutron.wsgi [None req-3b902401-a892-4ffc-8ef1-44113054acc3 2b8eeff3aba346c485a93f3672961852 b9da27cce42c4b22b81821bfdc1c44f2 - - default default] 10.0.0.201 "DELETE /v2.0/routers/f8822fd9-dd57-400d-a3ba-9bf0c761e962 HTTP/1.1" status: 204 len: 168 time: 0.2425935
2026-02-25 20:45:33.941 9 INFO neutron.db.ovn_revision_numbers_db [None req-dbc7da08-4b5d-47ea-8f36-554762dc2ebe - - - - - -] Successfully bumped revision number for resource 0bc1539a-6556-42a8-9344-3165b57c5d16 (type: router_ports) to 2
2026-02-25 20:45:33.956 10 INFO neutron.wsgi [None req-1f7965ba-c452-4a4d-b2bd-34c508357bcc 2b8eeff3aba346c485a93f3672961852 b9da27cce42c4b22b81821bfdc1c44f2 - - default default] 10.0.0.201 "DELETE /v2.0/subnets/a035206c-9770-45a2-b111-3a99d16c37ed HTTP/1.1" status: 204 len: 168 time: 0.1830771
2026-02-25 20:45:34.326 10 INFO neutron.services.segments.plugin [-] Segment 88d4d0f8-149d-4e4d-980a-48382610bce4 resource provider aggregate not found
2026-02-25 20:45:34.330 10 INFO neutron.services.segments.plugin [-] Segment 88d4d0f8-149d-4e4d-980a-48382610bce4 resource provider aggregate not found
2026-02-25 20:45:34.344 10 INFO neutron.services.segments.plugin [-] Segment 88d4d0f8-149d-4e4d-980a-48382610bce4 resource provider not found; error: Placement Client Error (4xx): {"errors": [{"status": 404, "title": "Not Found", "detail": "The resource could not be found.\n\n No resource provider with uuid 88d4d0f8-149d-4e4d-980a-48382610bce4 found for delete ", "request_id": "req-0604a406-48c1-4b70-9634-a7c53649fd5b"}]}
2026-02-25 20:45:34.350 10 INFO neutron.services.segments.plugin [-] Segment 88d4d0f8-149d-4e4d-980a-48382610bce4 resource provider not found; error: Placement Client Error (4xx): {"errors": [{"status": 404, "title": "Not Found", "detail": "The resource could not be found.\n\n No resource provider with uuid 88d4d0f8-149d-4e4d-980a-48382610bce4 found for delete ", "request_id": "req-81639328-b2d7-4060-b089-11df559eb6cd"}]}
2026-02-25 20:45:34.360 10 INFO neutron.wsgi [None req-1e1771bb-7cae-45f9-ba2b-c890ff843bd0 2b8eeff3aba346c485a93f3672961852 b9da27cce42c4b22b81821bfdc1c44f2 - - default default] 10.0.0.201 "DELETE /v2.0/networks/9d229a66-cfeb-46f4-bdf0-eeca0949a0d4 HTTP/1.1" status: 204 len: 168 time: 0.3984044 /var/lib/openstack/lib/python3.10/site-packages/pycadf/identifier.py:71: UserWarning: Invalid uuid: neutron. To ensure interoperability, identifiers should be a valid uuid. warnings.warn(('Invalid uuid: %s. To ensure interoperability, '
2026-02-25 20:45:34.377 9 WARNING neutron_lib.context [None req-e7a60103-89c9-482f-8456-a2738c4a820a 2b8eeff3aba346c485a93f3672961852 b9da27cce42c4b22b81821bfdc1c44f2 - - default default] Method 'is_advsvc' is deprecated since 2023.2 release (neutron-lib 3.8.0) and will be removed once support for the old RBAC API policies will be removed from Neutron. Please use method 'is_service_role' instead.
2026-02-25 20:45:34.935 9 WARNING neutron.scheduler.dhcp_agent_scheduler [None req-e7a60103-89c9-482f-8456-a2738c4a820a 2b8eeff3aba346c485a93f3672961852 b9da27cce42c4b22b81821bfdc1c44f2 - - default default] No more DHCP agents
2026-02-25 20:45:34.936 9 WARNING neutron.api.rpc.agentnotifiers.dhcp_rpc_agent_api [None req-e7a60103-89c9-482f-8456-a2738c4a820a 2b8eeff3aba346c485a93f3672961852 b9da27cce42c4b22b81821bfdc1c44f2 - - default default] Unable to schedule network 5e95440b-9725-43e7-8645-6764810256b5: no agents available; will retry on subsequent port and subnet creation events.
2026-02-25 20:45:35.152 9 INFO neutron.db.ovn_revision_numbers_db [None req-e7a60103-89c9-482f-8456-a2738c4a820a 2b8eeff3aba346c485a93f3672961852 b9da27cce42c4b22b81821bfdc1c44f2 - - default default] Successfully bumped revision number for resource bbd43f8d-e790-45e0-a635-47d3b85c6833 (type: ports) to 1
2026-02-25 20:45:35.769 10 INFO neutron.wsgi [req-2055d458-8d0d-4db1-b1d6-d21f26b729f0 req-17c676f0-a848-4900-9bc5-84cc5c44c771 6b9528baa4054bbba4dd5bf64ce4edb2 1f7ffa5f77fa44a7ad0c180f12ede94e - - default default] 10.0.0.76 "GET /v2.0/networks?id=b88ec15c-a3ae-42da-88c5-30cd5cbfae1e HTTP/1.1" status: 200 len: 872 time: 0.0556524
2026-02-25 20:45:35.786 10 INFO neutron.wsgi [req-2055d458-8d0d-4db1-b1d6-d21f26b729f0 req-6466fcc1-1bcb-4c76-a07e-332023000e3d 6b9528baa4054bbba4dd5bf64ce4edb2 1f7ffa5f77fa44a7ad0c180f12ede94e - - default default] 10.0.0.76 "GET /v2.0/quotas/1f7ffa5f77fa44a7ad0c180f12ede94e HTTP/1.1" status: 200 len: 491 time: 0.0134001
2026-02-25 20:45:35.904 10 INFO neutron.wsgi [req-2055d458-8d0d-4db1-b1d6-d21f26b729f0 req-90985658-2892-40da-b034-14f17673c913 6b9528baa4054bbba4dd5bf64ce4edb2 1f7ffa5f77fa44a7ad0c180f12ede94e - - default default] 10.0.0.76 "GET /v2.0/ports?tenant_id=1f7ffa5f77fa44a7ad0c180f12ede94e&fields=id HTTP/1.1" status: 200 len: 302 time: 0.1116469
2026-02-25 20:45:35.978 10 INFO neutron.wsgi [req-2055d458-8d0d-4db1-b1d6-d21f26b729f0 req-a270ff8b-59da-4edc-8aa1-0264c8aa8a15 084b36f1a035471aa53b97d77443deb3 4bbbd375ff5b4618a1682c2bf616e23d - - 8db5709e7de040a180ab3b8e08634144 8db5709e7de040a180ab3b8e08634144] 10.0.0.76 "GET /v2.0/networks/b88ec15c-a3ae-42da-88c5-30cd5cbfae1e?fields=segments HTTP/1.1" status: 200 len: 212 time: 0.0638440
2026-02-25 20:45:36.129 9 INFO neutron.plugins.ml2.drivers.ovn.mech_driver.ovsdb.commands [None req-27322870-3539-4983-b0eb-c6f158573d06 - - - - - -] Schedule LRP lrp-bbd43f8d-e790-45e0-a635-47d3b85c6833 on gateway 2249d79d-41fd-414b-9140-f58d9cf0f814 with priority 1
2026-02-25 20:45:36.161 9 INFO neutron.db.ovn_revision_numbers_db [None req-e7a60103-89c9-482f-8456-a2738c4a820a 2b8eeff3aba346c485a93f3672961852 b9da27cce42c4b22b81821bfdc1c44f2 - - default default] Successfully bumped revision number for resource bbd43f8d-e790-45e0-a635-47d3b85c6833 (type: router_ports) to 1
2026-02-25 20:45:36.229 9 INFO neutron.db.ovn_revision_numbers_db [None req-e7a60103-89c9-482f-8456-a2738c4a820a 2b8eeff3aba346c485a93f3672961852 b9da27cce42c4b22b81821bfdc1c44f2 - - default default] Successfully bumped revision number for resource 73c99685-46b2-40c3-abb2-b4b19039aa29 (type: routers) to 2
2026-02-25 20:45:36.245 9 INFO neutron.wsgi [None req-e7a60103-89c9-482f-8456-a2738c4a820a 2b8eeff3aba346c485a93f3672961852 b9da27cce42c4b22b81821bfdc1c44f2 - - default default] 10.0.0.201 "POST /v2.0/routers HTTP/1.1" status: 201 len: 1151 time: 1.8759477
2026-02-25 20:45:36.294 10 INFO neutron.wsgi [req-2055d458-8d0d-4db1-b1d6-d21f26b729f0 req-e780f785-ce3c-4db0-a253-ed61f0949578 084b36f1a035471aa53b97d77443deb3 4bbbd375ff5b4618a1682c2bf616e23d - - 8db5709e7de040a180ab3b8e08634144 8db5709e7de040a180ab3b8e08634144] 10.0.0.76 "GET /v2.0/networks/b88ec15c-a3ae-42da-88c5-30cd5cbfae1e?fields=provider%3Aphysical_network&fields=provider%3Anetwork_type HTTP/1.1" status: 200 len: 277 time: 0.3088689
2026-02-25 20:45:36.309 9 INFO neutron.wsgi [None req-719a59f5-1f7e-4f69-88e4-aaca41bd3a8f 2b8eeff3aba346c485a93f3672961852 b9da27cce42c4b22b81821bfdc1c44f2 - - default default] 10.0.0.201 "GET /v2.0/routers/73c99685-46b2-40c3-abb2-b4b19039aa29 HTTP/1.1" status: 200 len: 1152 time: 0.0590870
2026-02-25 20:45:36.426 9 INFO neutron.wsgi [None req-dfe5ef80-2dd4-4342-b1ac-7376ab68694b 2b8eeff3aba346c485a93f3672961852 b9da27cce42c4b22b81821bfdc1c44f2 - - default default] 10.0.0.201 "GET /v2.0/routers HTTP/1.1" status: 200 len: 1155 time: 0.1139438
2026-02-25 20:45:36.445 10 INFO neutron.wsgi [req-9ca27e1d-f832-49f6-8d80-98e3da7f6ea2 req-37f04d01-4e4e-4e39-9495-d63416d5c874 6b9528baa4054bbba4dd5bf64ce4edb2 1f7ffa5f77fa44a7ad0c180f12ede94e - - default default] 10.0.0.76 "GET /v2.0/ports?device_id=2d54ad6b-903b-4436-a6c8-9655bbf67ca4 HTTP/1.1" status: 200 len: 210 time: 0.0360782
2026-02-25 20:45:36.873 9 INFO neutron.db.ovn_revision_numbers_db [None req-efdc9919-7fcc-43bd-992c-558a68948e5f 2b8eeff3aba346c485a93f3672961852 b9da27cce42c4b22b81821bfdc1c44f2 - - default default] Successfully bumped revision number for resource 73c99685-46b2-40c3-abb2-b4b19039aa29 (type: routers) to 3
2026-02-25 20:45:36.879 9 INFO neutron.wsgi [None req-efdc9919-7fcc-43bd-992c-558a68948e5f 2b8eeff3aba346c485a93f3672961852 b9da27cce42c4b22b81821bfdc1c44f2 - - default default] 10.0.0.201 "PUT /v2.0/routers/73c99685-46b2-40c3-abb2-b4b19039aa29 HTTP/1.1" status: 200 len: 1159 time: 0.4488060
2026-02-25 20:45:36.954 9 INFO neutron.wsgi [None req-4ed707f0-cfaa-4b92-84ef-8fc16ba08221 2b8eeff3aba346c485a93f3672961852 b9da27cce42c4b22b81821bfdc1c44f2 - - default default] 10.0.0.201 "GET /v2.0/routers/73c99685-46b2-40c3-abb2-b4b19039aa29 HTTP/1.1" status: 200 len: 1159 time: 0.0699875
2026-02-25 20:45:36.977 9 INFO neutron.wsgi [None req-b124da4a-ea00-4c74-a1cc-62b086e048a3 2b8eeff3aba346c485a93f3672961852 b9da27cce42c4b22b81821bfdc1c44f2 - - default default] 10.0.0.201 "GET /v2.0/ports?device_id=73c99685-46b2-40c3-abb2-b4b19039aa29 HTTP/1.1" status: 200 len: 205 time: 0.0190954
2026-02-25 20:45:37.111 10 INFO neutron.wsgi [req-2055d458-8d0d-4db1-b1d6-d21f26b729f0 req-26383c42-d666-43a9-a38b-db478adff454 6b9528baa4054bbba4dd5bf64ce4edb2 1f7ffa5f77fa44a7ad0c180f12ede94e - - default default] 199.204.45.169 "GET /v2.0/networks?id=b88ec15c-a3ae-42da-88c5-30cd5cbfae1e HTTP/1.1" status: 200 len: 872 time: 0.0821919
2026-02-25 20:45:37.123 10 WARNING neutron_lib.context [req-2055d458-8d0d-4db1-b1d6-d21f26b729f0 req-58aef989-4576-4ca3-b20c-a74a5432acb3 6b9528baa4054bbba4dd5bf64ce4edb2 1f7ffa5f77fa44a7ad0c180f12ede94e - - default default] Method 'is_advsvc' is deprecated since 2023.2 release (neutron-lib 3.8.0) and will be removed once support for the old RBAC API policies will be removed from Neutron. Please use method 'is_service_role' instead.
2026-02-25 20:45:37.211 10 WARNING neutron_lib.context [None req-4b422875-f8de-476c-9dad-3040f67157cb 22dbaf921bf84a3f9db85309d4d5d01a 506a885476904529bb9282744d328261 - - default default] Method 'is_advsvc' is deprecated since 2023.2 release (neutron-lib 3.8.0) and will be removed once support for the old RBAC API policies will be removed from Neutron. Please use method 'is_service_role' instead.
2026-02-25 20:45:37.351 10 INFO neutron.db.ovn_revision_numbers_db [None req-4b422875-f8de-476c-9dad-3040f67157cb 22dbaf921bf84a3f9db85309d4d5d01a 506a885476904529bb9282744d328261 - - default default] Successfully bumped revision number for resource 7175051c-efbe-4054-898e-8710255391a8 (type: routers) to 1
2026-02-25 20:45:37.369 10 INFO neutron.wsgi [None req-4b422875-f8de-476c-9dad-3040f67157cb 22dbaf921bf84a3f9db85309d4d5d01a 506a885476904529bb9282744d328261 - - default default] 10.0.0.201 "POST /v2.0/routers HTTP/1.1" status: 201 len: 769 time: 0.2710793
2026-02-25 20:45:37.378 9 WARNING neutron_lib.context [None req-154a5df2-2820-4789-a895-de7978d65ad3 22dbaf921bf84a3f9db85309d4d5d01a 506a885476904529bb9282744d328261 - - default default] Method 'is_advsvc' is deprecated since 2023.2 release (neutron-lib 3.8.0) and will be removed once support for the old RBAC API policies will be removed from Neutron. Please use method 'is_service_role' instead.
2026-02-25 20:45:37.445 10 WARNING neutron.plugins.ml2.drivers.ovn.mech_driver.ovsdb.ovn_client [None req-c3854714-3512-4426-ab4e-5bcbda3ed518 - - - - - -] No port found with ID a5ebd40e-e4ee-4502-ac90-097ef0bfad1f: RuntimeError: No port found with ID a5ebd40e-e4ee-4502-ac90-097ef0bfad1f /var/lib/openstack/lib/python3.10/site-packages/pycadf/identifier.py:71: UserWarning: Invalid uuid: neutron. To ensure interoperability, identifiers should be a valid uuid. warnings.warn(('Invalid uuid: %s. To ensure interoperability, '
2026-02-25 20:45:37.525 9 INFO neutron.db.ovn_revision_numbers_db [None req-154a5df2-2820-4789-a895-de7978d65ad3 22dbaf921bf84a3f9db85309d4d5d01a 506a885476904529bb9282744d328261 - - default default] Successfully bumped revision number for resource 331d943b-bad2-43b7-be13-a13d8e5d8a36 (type: routers) to 1
2026-02-25 20:45:37.528 10 INFO neutron.wsgi [req-8b494eb2-c2e9-4685-96f0-bbaee506b8e7 req-16590dcb-d437-4c68-9d79-6bc49e5c17de 6b9528baa4054bbba4dd5bf64ce4edb2 1f7ffa5f77fa44a7ad0c180f12ede94e - - default default] 10.0.0.76 "GET /v2.0/ports?device_id=2d54ad6b-903b-4436-a6c8-9655bbf67ca4 HTTP/1.1" status: 200 len: 210 time: 0.0258124
2026-02-25 20:45:37.544 9 INFO neutron.wsgi [None req-154a5df2-2820-4789-a895-de7978d65ad3 22dbaf921bf84a3f9db85309d4d5d01a 506a885476904529bb9282744d328261 - - default default] 10.0.0.201 "POST /v2.0/routers HTTP/1.1" status: 201 len: 769 time: 0.1707599
2026-02-25 20:45:37.545 10 WARNING neutron.scheduler.dhcp_agent_scheduler [req-2055d458-8d0d-4db1-b1d6-d21f26b729f0 req-58aef989-4576-4ca3-b20c-a74a5432acb3 6b9528baa4054bbba4dd5bf64ce4edb2 1f7ffa5f77fa44a7ad0c180f12ede94e - - default default] No more DHCP agents
2026-02-25 20:45:37.547 10 WARNING neutron.api.rpc.agentnotifiers.dhcp_rpc_agent_api [req-2055d458-8d0d-4db1-b1d6-d21f26b729f0 req-58aef989-4576-4ca3-b20c-a74a5432acb3 6b9528baa4054bbba4dd5bf64ce4edb2 1f7ffa5f77fa44a7ad0c180f12ede94e - - default default] Unable to schedule network b88ec15c-a3ae-42da-88c5-30cd5cbfae1e: no agents available; will retry on subsequent port and subnet creation events.
2026-02-25 20:45:37.553 9 WARNING neutron_lib.context [None req-9c163e8c-d5b4-4886-8f83-a63625ab207f 22dbaf921bf84a3f9db85309d4d5d01a 506a885476904529bb9282744d328261 - - default default] Method 'is_advsvc' is deprecated since 2023.2 release (neutron-lib 3.8.0) and will be removed once support for the old RBAC API policies will be removed from Neutron. Please use method 'is_service_role' instead.
2026-02-25 20:45:37.716 10 INFO neutron.db.ovn_revision_numbers_db [req-2055d458-8d0d-4db1-b1d6-d21f26b729f0 req-58aef989-4576-4ca3-b20c-a74a5432acb3 6b9528baa4054bbba4dd5bf64ce4edb2 1f7ffa5f77fa44a7ad0c180f12ede94e - - default default] Successfully bumped revision number for resource 1ac8e33f-be9a-4f88-8a89-e26e44f6cb47 (type: ports) to 1
2026-02-25 20:45:37.741 10 INFO neutron.wsgi [req-2055d458-8d0d-4db1-b1d6-d21f26b729f0 req-58aef989-4576-4ca3-b20c-a74a5432acb3 6b9528baa4054bbba4dd5bf64ce4edb2 1f7ffa5f77fa44a7ad0c180f12ede94e - - default default] 199.204.45.169 "POST /v2.0/ports HTTP/1.1" status: 201 len: 1162 time: 0.6230791 /var/lib/openstack/lib/python3.10/site-packages/pycadf/identifier.py:71: UserWarning: Invalid uuid: neutron. To ensure interoperability, identifiers should be a valid uuid. warnings.warn(('Invalid uuid: %s. To ensure interoperability, '
2026-02-25 20:45:38.031 9 INFO neutron.db.ovn_revision_numbers_db [None req-9c163e8c-d5b4-4886-8f83-a63625ab207f 22dbaf921bf84a3f9db85309d4d5d01a 506a885476904529bb9282744d328261 - - default default] Successfully bumped revision number for resource 9097e716-6e54-44cb-8bec-3f5b4e158984 (type: routers) to 1
2026-02-25 20:45:38.064 9 INFO neutron.wsgi [None req-9c163e8c-d5b4-4886-8f83-a63625ab207f 22dbaf921bf84a3f9db85309d4d5d01a 506a885476904529bb9282744d328261 - - default default] 10.0.0.201 "POST /v2.0/routers HTTP/1.1" status: 201 len: 769 time: 0.5144055
2026-02-25 20:45:38.078 9 WARNING neutron_lib.context [None req-70213d62-53eb-44e1-ae1f-42955e47de6d 22dbaf921bf84a3f9db85309d4d5d01a 506a885476904529bb9282744d328261 - - default default] Method 'is_advsvc' is deprecated since 2023.2 release (neutron-lib 3.8.0) and will be removed once support for the old RBAC API policies will be removed from Neutron. Please use method 'is_service_role' instead.
2026-02-25 20:45:38.097 9 INFO neutron.wsgi [None req-356df399-4c4d-4742-a241-0b2c31e85cc2 2b8eeff3aba346c485a93f3672961852 b9da27cce42c4b22b81821bfdc1c44f2 - - default default] 10.0.0.201 "DELETE /v2.0/routers/73c99685-46b2-40c3-abb2-b4b19039aa29 HTTP/1.1" status: 204 len: 168 time: 1.1163130
2026-02-25 20:45:38.131 9 INFO neutron.wsgi [None req-fafdebf9-a985-48e3-9311-bd8819984c04 2b8eeff3aba346c485a93f3672961852 b9da27cce42c4b22b81821bfdc1c44f2 - - default default] 10.0.0.201 "GET /v2.0/ports?device_id=73c99685-46b2-40c3-abb2-b4b19039aa29 HTTP/1.1" status: 200 len: 205 time: 0.0252142
2026-02-25 20:45:38.140 10 INFO neutron.db.ovn_revision_numbers_db [req-2055d458-8d0d-4db1-b1d6-d21f26b729f0 req-100d384d-a8e7-40f7-84a0-db1f782cbbb3 084b36f1a035471aa53b97d77443deb3 4bbbd375ff5b4618a1682c2bf616e23d - - 8db5709e7de040a180ab3b8e08634144 8db5709e7de040a180ab3b8e08634144] Successfully bumped revision number for resource 1ac8e33f-be9a-4f88-8a89-e26e44f6cb47 (type: ports) to 2
2026-02-25 20:45:38.157 9 INFO neutron.api.v2.resource [None req-daf7bba8-ddca-414c-b56d-36449e43a31d 2b8eeff3aba346c485a93f3672961852 b9da27cce42c4b22b81821bfdc1c44f2 - - default default] delete failed (client error): The resource could not be found.
2026-02-25 20:45:38.158 9 INFO neutron.wsgi [None req-daf7bba8-ddca-414c-b56d-36449e43a31d 2b8eeff3aba346c485a93f3672961852 b9da27cce42c4b22b81821bfdc1c44f2 - - default default] 10.0.0.201 "DELETE /v2.0/routers/73c99685-46b2-40c3-abb2-b4b19039aa29 HTTP/1.1" status: 404 len: 336 time: 0.0217462 /var/lib/openstack/lib/python3.10/site-packages/pycadf/identifier.py:71: UserWarning: Invalid uuid: neutron. To ensure interoperability, identifiers should be a valid uuid. warnings.warn(('Invalid uuid: %s. To ensure interoperability, '
2026-02-25 20:45:38.187 10 INFO neutron.wsgi [None req-297a5353-f1ed-4057-8452-54e415288426 2b8eeff3aba346c485a93f3672961852 b9da27cce42c4b22b81821bfdc1c44f2 - - default default] 10.0.0.201 "GET /v2.0/ports?device_id=f8822fd9-dd57-400d-a3ba-9bf0c761e962 HTTP/1.1" status: 200 len: 205 time: 0.0235343
2026-02-25 20:45:38.217 9 INFO neutron.db.ovn_revision_numbers_db [None req-70213d62-53eb-44e1-ae1f-42955e47de6d 22dbaf921bf84a3f9db85309d4d5d01a 506a885476904529bb9282744d328261 - - default default] Successfully bumped revision number for resource 83f47869-b9a3-4974-bc58-0a04c25c539c (type: routers) to 1
2026-02-25 20:45:38.218 10 INFO neutron.api.v2.resource [None req-6ca0af7a-0bb0-4c58-a2d4-eeec329ca61e 2b8eeff3aba346c485a93f3672961852 b9da27cce42c4b22b81821bfdc1c44f2 - - default default] delete failed (client error): The resource could not be found.
2026-02-25 20:45:38.220 10 INFO neutron.wsgi [None req-6ca0af7a-0bb0-4c58-a2d4-eeec329ca61e 2b8eeff3aba346c485a93f3672961852 b9da27cce42c4b22b81821bfdc1c44f2 - - default default] 10.0.0.201 "DELETE /v2.0/routers/f8822fd9-dd57-400d-a3ba-9bf0c761e962 HTTP/1.1" status: 404 len: 336 time: 0.0264909
2026-02-25 20:45:38.236 9 INFO neutron.wsgi [None req-70213d62-53eb-44e1-ae1f-42955e47de6d 22dbaf921bf84a3f9db85309d4d5d01a 506a885476904529bb9282744d328261 - - default default] 10.0.0.201 "POST /v2.0/routers HTTP/1.1" status: 201 len: 769 time: 0.1632442
2026-02-25 20:45:38.245 9 WARNING neutron_lib.context [None req-dd7d7228-d3ca-4fae-8f2e-d2c36f5255d3 22dbaf921bf84a3f9db85309d4d5d01a 506a885476904529bb9282744d328261 - - default default] Method 'is_advsvc' is deprecated since 2023.2 release (neutron-lib 3.8.0) and will be removed once support for the old RBAC API policies will be removed from Neutron. Please use method 'is_service_role' instead.
2026-02-25 20:45:38.246 10 INFO neutron.pecan_wsgi.hooks.translation [None req-27958786-82fa-49e1-873b-764e51fdb878 2b8eeff3aba346c485a93f3672961852 b9da27cce42c4b22b81821bfdc1c44f2 - - default default] DELETE failed (client error): The resource could not be found.
2026-02-25 20:45:38.248 10 INFO neutron.wsgi [None req-27958786-82fa-49e1-873b-764e51fdb878 2b8eeff3aba346c485a93f3672961852 b9da27cce42c4b22b81821bfdc1c44f2 - - default default] 10.0.0.201 "DELETE /v2.0/subnets/a035206c-9770-45a2-b111-3a99d16c37ed HTTP/1.1" status: 404 len: 337 time: 0.0244563
2026-02-25 20:45:38.273 10 INFO neutron.wsgi [None req-e153b37d-df68-4d24-9dac-2106c38445c8 2b8eeff3aba346c485a93f3672961852 b9da27cce42c4b22b81821bfdc1c44f2 - - default default] 10.0.0.201 "GET /v2.0/ports?device_id=24c2224d-67e0-4875-8da5-c68aeb943816 HTTP/1.1" status: 200 len: 205 time: 0.0193744
2026-02-25 20:45:38.297 10 INFO neutron.api.v2.resource [None req-951ded83-c45e-4d81-9ddf-291026496e60 2b8eeff3aba346c485a93f3672961852 b9da27cce42c4b22b81821bfdc1c44f2 - - default default] delete failed (client error): The resource could not be found.
2026-02-25 20:45:38.298 10 INFO neutron.wsgi [None req-951ded83-c45e-4d81-9ddf-291026496e60 2b8eeff3aba346c485a93f3672961852 b9da27cce42c4b22b81821bfdc1c44f2 - - default default] 10.0.0.201 "DELETE /v2.0/routers/24c2224d-67e0-4875-8da5-c68aeb943816 HTTP/1.1" status: 404 len: 336 time: 0.0204916
2026-02-25 20:45:38.323 10 INFO neutron.pecan_wsgi.hooks.translation [None req-8fbcd277-02aa-41c3-845d-2907f966b334 2b8eeff3aba346c485a93f3672961852 b9da27cce42c4b22b81821bfdc1c44f2 - - default default] DELETE failed (client error): The resource could not be found.
2026-02-25 20:45:38.326 10 INFO neutron.wsgi [None req-8fbcd277-02aa-41c3-845d-2907f966b334 2b8eeff3aba346c485a93f3672961852 b9da27cce42c4b22b81821bfdc1c44f2 - - default default] 10.0.0.201 "DELETE /v2.0/subnets/c96058a8-150f-4dc4-b482-818b37b9f59a HTTP/1.1" status: 404 len: 337 time: 0.0220582
2026-02-25 20:45:38.373 9 INFO neutron.wsgi [None req-72ed8c25-df53-4aff-b80c-f3d065b32b52 2b8eeff3aba346c485a93f3672961852 b9da27cce42c4b22b81821bfdc1c44f2 - - default default] 10.0.0.201 "GET /v2.0/ports?device_id=15dfc718-5ef3-44a2-8239-841eadf51a15 HTTP/1.1" status: 200 len: 205 time: 0.0381005
2026-02-25 20:45:38.385 9 INFO neutron.db.ovn_revision_numbers_db [None req-dd7d7228-d3ca-4fae-8f2e-d2c36f5255d3 22dbaf921bf84a3f9db85309d4d5d01a 506a885476904529bb9282744d328261 - - default default] Successfully bumped revision number for resource 26693d3c-9427-40b4-8991-5a53bbc68fef (type: routers) to 1
2026-02-25 20:45:38.400 9 INFO neutron.api.v2.resource [None req-676ccfb1-f765-4b50-9fbd-7e653145db2e 2b8eeff3aba346c485a93f3672961852 b9da27cce42c4b22b81821bfdc1c44f2 - - default default] delete failed (client error): The resource could not be found.
2026-02-25 20:45:38.401 9 INFO neutron.wsgi [None req-676ccfb1-f765-4b50-9fbd-7e653145db2e 2b8eeff3aba346c485a93f3672961852 b9da27cce42c4b22b81821bfdc1c44f2 - - default default] 10.0.0.201 "DELETE /v2.0/routers/15dfc718-5ef3-44a2-8239-841eadf51a15 HTTP/1.1" status: 404 len: 336 time: 0.0218933
2026-02-25 20:45:38.416 9 INFO neutron.wsgi [None req-dd7d7228-d3ca-4fae-8f2e-d2c36f5255d3 22dbaf921bf84a3f9db85309d4d5d01a 506a885476904529bb9282744d328261 - - default default] 10.0.0.201 "POST /v2.0/routers HTTP/1.1" status: 201 len: 769 time: 0.1747725
2026-02-25 20:45:38.427 9 INFO neutron.pecan_wsgi.hooks.translation [None req-e2527022-9b00-4ff1-b03d-20f52abe9898 2b8eeff3aba346c485a93f3672961852 b9da27cce42c4b22b81821bfdc1c44f2 - - default default] DELETE failed (client error): The resource could not be found.
2026-02-25 20:45:38.430 9 INFO neutron.wsgi [None req-e2527022-9b00-4ff1-b03d-20f52abe9898 2b8eeff3aba346c485a93f3672961852 b9da27cce42c4b22b81821bfdc1c44f2 - - default default] 10.0.0.201 "DELETE /v2.0/subnets/63fe8838-6dce-4085-a200-0229471fd1c4 HTTP/1.1" status: 404 len: 337 time: 0.0247080 /var/lib/openstack/lib/python3.10/site-packages/pycadf/identifier.py:71: UserWarning: Invalid uuid: neutron. To ensure interoperability, identifiers should be a valid uuid. warnings.warn(('Invalid uuid: %s. To ensure interoperability, '
2026-02-25 20:45:38.455 10 INFO neutron.pecan_wsgi.hooks.translation [None req-eb8181f3-f8d8-4429-9d38-77372d2c5a49 2b8eeff3aba346c485a93f3672961852 b9da27cce42c4b22b81821bfdc1c44f2 - - default default] DELETE failed (client error): The resource could not be found.
2026-02-25 20:45:38.457 10 INFO neutron.wsgi [None req-eb8181f3-f8d8-4429-9d38-77372d2c5a49 2b8eeff3aba346c485a93f3672961852 b9da27cce42c4b22b81821bfdc1c44f2 - - default default] 10.0.0.201 "DELETE /v2.0/subnets/243c76ff-ad2f-4648-8da6-de4f5dbd6ce6 HTTP/1.1" status: 404 len: 337 time: 0.0228925
2026-02-25 20:45:38.459 10 INFO neutron.db.ovn_revision_numbers_db [req-2055d458-8d0d-4db1-b1d6-d21f26b729f0 req-100d384d-a8e7-40f7-84a0-db1f782cbbb3 084b36f1a035471aa53b97d77443deb3 4bbbd375ff5b4618a1682c2bf616e23d - - 8db5709e7de040a180ab3b8e08634144 8db5709e7de040a180ab3b8e08634144] Successfully bumped revision number for resource 1ac8e33f-be9a-4f88-8a89-e26e44f6cb47 (type: ports) to 2
2026-02-25 20:45:38.477 10 INFO neutron.wsgi [req-2055d458-8d0d-4db1-b1d6-d21f26b729f0 req-100d384d-a8e7-40f7-84a0-db1f782cbbb3 084b36f1a035471aa53b97d77443deb3 4bbbd375ff5b4618a1682c2bf616e23d - - 8db5709e7de040a180ab3b8e08634144 8db5709e7de040a180ab3b8e08634144] 199.204.45.169 "PUT /v2.0/ports/1ac8e33f-be9a-4f88-8a89-e26e44f6cb47 HTTP/1.1" status: 200 len: 1380 time: 0.7291229
2026-02-25 20:45:38.491 9 INFO neutron.wsgi [None req-178e8581-32cc-4a31-a510-678e48f11024 22dbaf921bf84a3f9db85309d4d5d01a 506a885476904529bb9282744d328261 - - default default] 10.0.0.201 "PUT /v2.0/routers/7175051c-efbe-4054-898e-8710255391a8/tags HTTP/1.1" status: 200 len: 210 time: 0.0580933
2026-02-25 20:45:38.518 10 INFO neutron.notifiers.nova [-] Nova event matching ['req-9df31a83-68a6-4a01-97e7-65c9dab4427c'] response: {'name': 'network-changed', 'server_uuid': '2d54ad6b-903b-4436-a6c8-9655bbf67ca4', 'tag': '1ac8e33f-be9a-4f88-8a89-e26e44f6cb47', 'status': 'completed', 'code': 200}
2026-02-25 20:45:38.553 10 INFO neutron.wsgi [req-2055d458-8d0d-4db1-b1d6-d21f26b729f0 req-48b21f5b-2390-433b-a4f7-43709287b4a3 084b36f1a035471aa53b97d77443deb3 4bbbd375ff5b4618a1682c2bf616e23d - - 8db5709e7de040a180ab3b8e08634144 8db5709e7de040a180ab3b8e08634144] 199.204.45.169 "GET /v2.0/ports?tenant_id=1f7ffa5f77fa44a7ad0c180f12ede94e&device_id=2d54ad6b-903b-4436-a6c8-9655bbf67ca4 HTTP/1.1" status: 200 len: 1411 time: 0.0375495
2026-02-25 20:45:38.556 9 INFO neutron.wsgi [None req-eab96d9f-f1c4-4e5c-9aeb-ea9b7b6293e4 22dbaf921bf84a3f9db85309d4d5d01a 506a885476904529bb9282744d328261 - - default default] 10.0.0.201 "PUT /v2.0/routers/331d943b-bad2-43b7-be13-a13d8e5d8a36/tags HTTP/1.1" status: 200 len: 218 time: 0.0608141
2026-02-25 20:45:38.587 10 INFO neutron.wsgi [req-2055d458-8d0d-4db1-b1d6-d21f26b729f0 req-15b0383d-c27f-45b9-8cd6-d123ea941c8f 084b36f1a035471aa53b97d77443deb3 4bbbd375ff5b4618a1682c2bf616e23d - - 8db5709e7de040a180ab3b8e08634144 8db5709e7de040a180ab3b8e08634144] 199.204.45.169 "GET /v2.0/floatingips?fixed_ip_address=10.100.0.12&port_id=1ac8e33f-be9a-4f88-8a89-e26e44f6cb47 HTTP/1.1" status: 200 len: 217 time: 0.0250673
2026-02-25 20:45:38.614 9 INFO neutron.wsgi [None req-3e317782-5884-43da-9a4f-847b2ddd6536 22dbaf921bf84a3f9db85309d4d5d01a 506a885476904529bb9282744d328261 - - default default] 10.0.0.201 "PUT /v2.0/routers/9097e716-6e54-44cb-8bec-3f5b4e158984/tags HTTP/1.1" status: 200 len: 227 time: 0.0530064
2026-02-25 20:45:38.638 10 INFO neutron.wsgi [req-2055d458-8d0d-4db1-b1d6-d21f26b729f0 req-662081c6-f137-4bf6-80bf-de8fe5087357 084b36f1a035471aa53b97d77443deb3 4bbbd375ff5b4618a1682c2bf616e23d - - 8db5709e7de040a180ab3b8e08634144 8db5709e7de040a180ab3b8e08634144] 199.204.45.169 "GET /v2.0/subnets?id=9e9125be-9fae-4258-a76b-452cb4734cac HTTP/1.1" status: 200 len: 866 time: 0.0450814
2026-02-25 20:45:38.645 10 INFO neutron.wsgi [req-0c9db07c-b2e2-4333-96d3-7100e4e5062f req-2371d047-25eb-44e6-8fe1-195fc4450e11 6b9528baa4054bbba4dd5bf64ce4edb2 1f7ffa5f77fa44a7ad0c180f12ede94e - - default default] 10.0.0.76 "GET /v2.0/ports?device_id=2d54ad6b-903b-4436-a6c8-9655bbf67ca4 HTTP/1.1" status: 200 len: 1172 time: 0.0522156
2026-02-25 20:45:38.664 10 INFO neutron.wsgi [req-2055d458-8d0d-4db1-b1d6-d21f26b729f0 req-ac102a96-1ec6-4f28-ac55-6b82971cd155 084b36f1a035471aa53b97d77443deb3 4bbbd375ff5b4618a1682c2bf616e23d - - 8db5709e7de040a180ab3b8e08634144 8db5709e7de040a180ab3b8e08634144] 199.204.45.169 "GET /v2.0/ports?network_id=b88ec15c-a3ae-42da-88c5-30cd5cbfae1e&device_owner=network%3Adhcp HTTP/1.1" status: 200 len: 210 time: 0.0189893
2026-02-25 20:45:38.675 9 INFO neutron.wsgi [None req-ce809a47-7115-4805-9aff-ecb9a98e115e 22dbaf921bf84a3f9db85309d4d5d01a 506a885476904529bb9282744d328261 - - default default] 10.0.0.201 "PUT /v2.0/routers/83f47869-b9a3-4974-bc58-0a04c25c539c/tags HTTP/1.1" status: 200 len: 212 time: 0.0569856
2026-02-25 20:45:38.706 10 INFO neutron.wsgi [req-0c9db07c-b2e2-4333-96d3-7100e4e5062f req-6fd102c9-8876-4513-b6e0-b1749376dc60 6b9528baa4054bbba4dd5bf64ce4edb2 1f7ffa5f77fa44a7ad0c180f12ede94e - - default default] 10.0.0.76 "GET /v2.0/security-groups?id=dd59c04e-9b7f-4b14-b1f3-7f500508439f&fields=id&fields=name HTTP/1.1" status: 200 len: 286 time: 0.0548458
2026-02-25 20:45:38.730 10 INFO neutron.wsgi [req-2055d458-8d0d-4db1-b1d6-d21f26b729f0 req-5271f88b-4793-4423-9b2b-8976fc589937 084b36f1a035471aa53b97d77443deb3 4bbbd375ff5b4618a1682c2bf616e23d - - 8db5709e7de040a180ab3b8e08634144 8db5709e7de040a180ab3b8e08634144] 199.204.45.169 "GET /v2.0/networks/b88ec15c-a3ae-42da-88c5-30cd5cbfae1e?fields=segments HTTP/1.1" status: 200 len: 212 time: 0.0582213
2026-02-25 20:45:38.758 9 INFO neutron.wsgi [None req-e3ab9e70-f6ff-42fc-87b2-93aa75d0f8bf 22dbaf921bf84a3f9db85309d4d5d01a 506a885476904529bb9282744d328261 - - default default] 10.0.0.201 "GET /v2.0/routers?tags=red HTTP/1.1" status: 200 len: 1946 time: 0.0778635
2026-02-25 20:45:38.793 10 INFO neutron.wsgi [req-2055d458-8d0d-4db1-b1d6-d21f26b729f0 req-9116d0d5-bc0a-4e89-8308-f769c3748b69 084b36f1a035471aa53b97d77443deb3 4bbbd375ff5b4618a1682c2bf616e23d - - 8db5709e7de040a180ab3b8e08634144 8db5709e7de040a180ab3b8e08634144] 199.204.45.169 "GET /v2.0/networks/b88ec15c-a3ae-42da-88c5-30cd5cbfae1e?fields=provider%3Aphysical_network&fields=provider%3Anetwork_type HTTP/1.1" status: 200 len: 277 time: 0.0573380
2026-02-25 20:45:38.831 9 INFO neutron.wsgi [None req-056a6dc2-87d9-4d40-b003-c23024e29b32 22dbaf921bf84a3f9db85309d4d5d01a 506a885476904529bb9282744d328261 - - default default] 10.0.0.201 "GET /v2.0/routers?tags=red%2Cblue HTTP/1.1" status: 200 len: 1375 time: 0.0674405
2026-02-25 20:45:38.868 10 INFO neutron.wsgi [req-cfd91f41-41cf-4ce4-80ca-4f096123b627 req-97b721fd-083d-428f-8736-bf76eb9f7c15 084b36f1a035471aa53b97d77443deb3 4bbbd375ff5b4618a1682c2bf616e23d - - 8db5709e7de040a180ab3b8e08634144 8db5709e7de040a180ab3b8e08634144] 199.204.45.169 "GET /v2.0/ports?tenant_id=1f7ffa5f77fa44a7ad0c180f12ede94e&device_id=2d54ad6b-903b-4436-a6c8-9655bbf67ca4 HTTP/1.1" status: 200 len: 1411 time: 0.0362802
2026-02-25 20:45:38.919 9 INFO neutron.wsgi [None req-95493717-351e-4add-826a-0fce81d822fb 22dbaf921bf84a3f9db85309d4d5d01a 506a885476904529bb9282744d328261 - - default default] 10.0.0.201 "GET /v2.0/routers?tags-any=blue HTTP/1.1" status: 200 len: 1375 time: 0.0834150
2026-02-25 20:45:38.941 9 WARNING neutron.plugins.ml2.drivers.ovn.mech_driver.ovsdb.ovn_client [None req-dbc7da08-4b5d-47ea-8f36-554762dc2ebe - - - - - -] No hosting information found for port 0bc1539a-6556-42a8-9344-3165b57c5d16: RuntimeError: No hosting information found for port 0bc1539a-6556-42a8-9344-3165b57c5d16
2026-02-25 20:45:38.941 9 INFO neutron.plugins.ml2.drivers.ovn.mech_driver.mech_driver [None req-dbc7da08-4b5d-47ea-8f36-554762dc2ebe - - - - - -] OVN reports status up for port: bbd43f8d-e790-45e0-a635-47d3b85c6833
2026-02-25 20:45:38.945 10 INFO neutron.wsgi [req-cfd91f41-41cf-4ce4-80ca-4f096123b627 req-d10acf9c-8430-4fcf-bd9d-d6dacd8209bf 084b36f1a035471aa53b97d77443deb3 4bbbd375ff5b4618a1682c2bf616e23d - - 8db5709e7de040a180ab3b8e08634144 8db5709e7de040a180ab3b8e08634144] 199.204.45.169 "GET /v2.0/networks?id=b88ec15c-a3ae-42da-88c5-30cd5cbfae1e HTTP/1.1" status: 200 len: 971 time: 0.0665152
2026-02-25 20:45:38.998 10 INFO neutron.wsgi [req-cfd91f41-41cf-4ce4-80ca-4f096123b627 req-ea23a233-8e5a-42b1-a2a1-ac3829c4d997 084b36f1a035471aa53b97d77443deb3 4bbbd375ff5b4618a1682c2bf616e23d - - 8db5709e7de040a180ab3b8e08634144 8db5709e7de040a180ab3b8e08634144] 199.204.45.169 "GET /v2.0/floatingips?fixed_ip_address=10.100.0.12&port_id=1ac8e33f-be9a-4f88-8a89-e26e44f6cb47 HTTP/1.1" status: 200 len: 217 time: 0.0359910
2026-02-25 20:45:39.014 10 INFO neutron.plugins.ml2.drivers.ovn.mech_driver.mech_driver [None req-c3854714-3512-4426-ab4e-5bcbda3ed518 - - - - - -] OVN reports status up for port: 1ac8e33f-be9a-4f88-8a89-e26e44f6cb47
2026-02-25 20:45:39.038 10 INFO neutron.wsgi [None req-304a488d-c363-44ef-8784-c291879622b8 22dbaf921bf84a3f9db85309d4d5d01a 506a885476904529bb9282744d328261 - - default default] 10.0.0.201 "GET /v2.0/routers?tags-any=red%2Cblue HTTP/1.1" status: 200 len: 1946 time: 0.1130633
2026-02-25 20:45:39.040 10 INFO neutron.plugins.ml2.plugin [None req-c3854714-3512-4426-ab4e-5bcbda3ed518 - - - - - -] Attempt 1 to provision port 1ac8e33f-be9a-4f88-8a89-e26e44f6cb47
2026-02-25 20:45:39.066 10 INFO neutron.wsgi [req-cfd91f41-41cf-4ce4-80ca-4f096123b627 req-8a97eb5d-c9ba-467c-835b-c548b20199f6 084b36f1a035471aa53b97d77443deb3 4bbbd375ff5b4618a1682c2bf616e23d - - 8db5709e7de040a180ab3b8e08634144 8db5709e7de040a180ab3b8e08634144] 199.204.45.169 "GET /v2.0/subnets?id=9e9125be-9fae-4258-a76b-452cb4734cac HTTP/1.1" status: 200 len: 866 time: 0.0496945
2026-02-25 20:45:39.099 10 INFO neutron.wsgi [req-cfd91f41-41cf-4ce4-80ca-4f096123b627 req-e0c090ec-2094-4476-8724-18918dc5ced7 084b36f1a035471aa53b97d77443deb3 4bbbd375ff5b4618a1682c2bf616e23d - - 8db5709e7de040a180ab3b8e08634144 8db5709e7de040a180ab3b8e08634144] 199.204.45.169 "GET /v2.0/ports?network_id=b88ec15c-a3ae-42da-88c5-30cd5cbfae1e&device_owner=network%3Adhcp HTTP/1.1" status: 200 len: 210 time: 0.0260103
2026-02-25 20:45:39.132 9 INFO neutron.wsgi [None req-2fd79e85-69ee-4935-b28d-1d11b79261c8 22dbaf921bf84a3f9db85309d4d5d01a 506a885476904529bb9282744d328261 - - default default] 10.0.0.201 "GET /v2.0/routers?not-tags=red HTTP/1.1" status: 200 len: 1347 time: 0.0853143
2026-02-25 20:45:39.153 9 INFO neutron.wsgi [None req-68b5345c-6cbd-4cfe-ba00-f3a1c11cf5a7 0d698a8e394e402f8e10bb6fdf9b5b47 ac992b5c700d42a29ae73e602d023058 - - default default] 10.0.0.201 "GET /v2.0/security-groups?tenant_id=b9da27cce42c4b22b81821bfdc1c44f2&name=default HTTP/1.1" status: 200 len: 3120 time: 0.2298193
2026-02-25 20:45:39.221 10 INFO neutron.wsgi [None req-07483715-5fc1-4dc3-917b-574361252a79 22dbaf921bf84a3f9db85309d4d5d01a 506a885476904529bb9282744d328261 - - default default] 10.0.0.201 "GET /v2.0/routers?not-tags=red%2Cblue HTTP/1.1" status: 200 len: 1918 time: 0.0795517
