2026-02-25 20:46:31.768 10 INFO neutron.db.ovn_revision_numbers_db [None req-733db67d-aa01-4e10-b33c-b53423441e32 68919f305f464a9fa56d730f09b5e4cb 764606027a9343dd8f448e246a9348a3 - - default default] Successfully bumped revision number for resource a4fa17b2-70c2-476d-8fa3-c88d3d5048a8 (type: floatingips) to 1
2026-02-25 20:46:31.781 9 INFO neutron.wsgi [None req-29615776-1018-462f-8769-2b82f185b6fc 3ea16237e9da40789a900c7cd8278f1c d7bd2e62254a4a76a6ced44e53d401f2 - - default default] 10.0.0.201 "PUT /v2.0/ports/ad2a404a-4e15-4485-8d60-6aa7e76cc5b9/tags HTTP/1.1" status: 200 len: 218 time: 0.0798972 /var/lib/openstack/lib/python3.10/site-packages/pycadf/identifier.py:71: UserWarning: Invalid uuid: neutron. To ensure interoperability, identifiers should be a valid uuid. warnings.warn(('Invalid uuid: %s. To ensure interoperability, '
2026-02-25 20:46:31.848 9 INFO neutron.wsgi [None req-92643b2b-0db6-4192-9b6c-df2e26450d6e 3ea16237e9da40789a900c7cd8278f1c d7bd2e62254a4a76a6ced44e53d401f2 - - default default] 10.0.0.201 "PUT /v2.0/ports/1b455845-1b4f-400b-9dd7-b7f79d8ec220/tags HTTP/1.1" status: 200 len: 227 time: 0.0608211
2026-02-25 20:46:31.891 10 INFO neutron.db.ovn_revision_numbers_db [None req-733db67d-aa01-4e10-b33c-b53423441e32 68919f305f464a9fa56d730f09b5e4cb 764606027a9343dd8f448e246a9348a3 - - default default] Successfully bumped revision number for resource a4fa17b2-70c2-476d-8fa3-c88d3d5048a8 (type: floatingips) to 2
2026-02-25 20:46:31.891 10 INFO neutron.db.l3_db [None req-733db67d-aa01-4e10-b33c-b53423441e32 68919f305f464a9fa56d730f09b5e4cb 764606027a9343dd8f448e246a9348a3 - - default default] Floating IP a4fa17b2-70c2-476d-8fa3-c88d3d5048a8 associated. External IP: 10.96.250.219, port: e4a523e1-bac0-4cd6-9f9a-9c7de9e36b93.
2026-02-25 20:46:31.923 9 INFO neutron.wsgi [None req-7bd079ff-07e2-4835-85ec-7ef0e5391e19 3ea16237e9da40789a900c7cd8278f1c d7bd2e62254a4a76a6ced44e53d401f2 - - default default] 10.0.0.201 "PUT /v2.0/ports/bcc66920-3854-4d3f-a8f0-0f34b7ef6bc5/tags HTTP/1.1" status: 200 len: 212 time: 0.0711067
2026-02-25 20:46:31.925 10 INFO neutron.wsgi [None req-733db67d-aa01-4e10-b33c-b53423441e32 68919f305f464a9fa56d730f09b5e4cb 764606027a9343dd8f448e246a9348a3 - - default default] 10.0.0.201 "PUT /v2.0/floatingips/a4fa17b2-70c2-476d-8fa3-c88d3d5048a8 HTTP/1.1" status: 200 len: 1050 time: 1.0325530
2026-02-25 20:46:32.005 10 INFO neutron.notifiers.nova [-] Nova event matching ['req-849090dc-00bb-4abf-a062-fad5ccc360be'] response: {'name': 'network-changed', 'server_uuid': '1796ff62-6511-4450-828e-b37c464466f9', 'tag': 'e4a523e1-bac0-4cd6-9f9a-9c7de9e36b93', 'status': 'completed', 'code': 200}
2026-02-25 20:46:32.080 10 INFO neutron.wsgi [req-a1f6500a-918b-4528-9d02-8f7954be489e req-0a82ac20-8af6-498f-bdb2-08c651a988fe 084b36f1a035471aa53b97d77443deb3 4bbbd375ff5b4618a1682c2bf616e23d - - 8db5709e7de040a180ab3b8e08634144 8db5709e7de040a180ab3b8e08634144] 199.204.45.169 "GET /v2.0/ports?tenant_id=764606027a9343dd8f448e246a9348a3&device_id=1796ff62-6511-4450-828e-b37c464466f9 HTTP/1.1" status: 200 len: 1452 time: 0.0507112
2026-02-25 20:46:32.137 10 INFO neutron.wsgi [None req-515594b9-7ec4-41dc-a68d-50142f889d45 3ea16237e9da40789a900c7cd8278f1c d7bd2e62254a4a76a6ced44e53d401f2 - - default default] 10.0.0.201 "GET /v2.0/ports?tags=red HTTP/1.1" status: 200 len: 2448 time: 0.2092302
2026-02-25 20:46:32.162 10 INFO neutron.wsgi [req-a1f6500a-918b-4528-9d02-8f7954be489e req-1de47a4a-e65a-46ab-a5ef-e2088ea5a264 084b36f1a035471aa53b97d77443deb3 4bbbd375ff5b4618a1682c2bf616e23d - - 8db5709e7de040a180ab3b8e08634144 8db5709e7de040a180ab3b8e08634144] 199.204.45.169 "GET /v2.0/networks?id=26e74f6c-bd4a-49fb-bc1a-01b59bf4e4d6 HTTP/1.1" status: 200 len: 970 time: 0.0725036
2026-02-25 20:46:32.227 10 INFO neutron.wsgi [req-a1f6500a-918b-4528-9d02-8f7954be489e req-b201ccb6-70f0-4e63-bcfb-eeb585d274ce 084b36f1a035471aa53b97d77443deb3 4bbbd375ff5b4618a1682c2bf616e23d - - 8db5709e7de040a180ab3b8e08634144 8db5709e7de040a180ab3b8e08634144] 199.204.45.169 "GET /v2.0/floatingips?fixed_ip_address=10.100.0.11&port_id=e4a523e1-bac0-4cd6-9f9a-9c7de9e36b93 HTTP/1.1" status: 200 len: 1060 time: 0.0587583
2026-02-25 20:46:32.262 10 INFO neutron.wsgi [req-a1f6500a-918b-4528-9d02-8f7954be489e req-ec0f7c40-7da5-4c6d-97c8-5d7a3351816d 084b36f1a035471aa53b97d77443deb3 4bbbd375ff5b4618a1682c2bf616e23d - - 8db5709e7de040a180ab3b8e08634144 8db5709e7de040a180ab3b8e08634144] 199.204.45.169 "GET /v2.0/subnets?id=be04e63e-e573-4d40-894a-768de79cb601 HTTP/1.1" status: 200 len: 865 time: 0.0295320
2026-02-25 20:46:32.288 10 INFO neutron.wsgi [req-a1f6500a-918b-4528-9d02-8f7954be489e req-3e972980-6d58-4ff0-811c-e08b1e54ab13 084b36f1a035471aa53b97d77443deb3 4bbbd375ff5b4618a1682c2bf616e23d - - 8db5709e7de040a180ab3b8e08634144 8db5709e7de040a180ab3b8e08634144] 199.204.45.169 "GET /v2.0/ports?network_id=26e74f6c-bd4a-49fb-bc1a-01b59bf4e4d6&device_owner=network%3Adhcp HTTP/1.1" status: 200 len: 210 time: 0.0198834
2026-02-25 20:46:32.303 9 INFO neutron.wsgi [None req-44279b2d-26be-400a-8942-3f7ef1f410fc 3ea16237e9da40789a900c7cd8278f1c d7bd2e62254a4a76a6ced44e53d401f2 - - default default] 10.0.0.201 "GET /v2.0/ports?tags=red%2Cblue HTTP/1.1" status: 200 len: 1708 time: 0.1592817
2026-02-25 20:46:32.352 10 INFO neutron.wsgi [req-a1f6500a-918b-4528-9d02-8f7954be489e req-93649560-a922-4242-b753-4f1959098d04 084b36f1a035471aa53b97d77443deb3 4bbbd375ff5b4618a1682c2bf616e23d - - 8db5709e7de040a180ab3b8e08634144 8db5709e7de040a180ab3b8e08634144] 199.204.45.169 "GET /v2.0/networks/26e74f6c-bd4a-49fb-bc1a-01b59bf4e4d6?fields=segments HTTP/1.1" status: 200 len: 212 time: 0.0596800
2026-02-25 20:46:32.392 9 INFO neutron.wsgi [None req-27d968ab-4a16-4646-98c0-1cf868e5b613 3ea16237e9da40789a900c7cd8278f1c d7bd2e62254a4a76a6ced44e53d401f2 - - default default] 10.0.0.201 "GET /v2.0/ports?tags-any=blue HTTP/1.1" status: 200 len: 1708 time: 0.0831890
2026-02-25 20:46:32.438 10 INFO neutron.wsgi [req-a1f6500a-918b-4528-9d02-8f7954be489e req-ab9c05a7-ab3b-41a5-a2b6-9dcc1545e60f 084b36f1a035471aa53b97d77443deb3 4bbbd375ff5b4618a1682c2bf616e23d - - 8db5709e7de040a180ab3b8e08634144 8db5709e7de040a180ab3b8e08634144] 199.204.45.169 "GET /v2.0/networks/26e74f6c-bd4a-49fb-bc1a-01b59bf4e4d6?fields=provider%3Aphysical_network&fields=provider%3Anetwork_type HTTP/1.1" status: 200 len: 277 time: 0.0811291
2026-02-25 20:46:32.473 10 INFO neutron.wsgi [None req-1f254cc0-f02e-43ff-b2e2-fde5de7ee163 3ea16237e9da40789a900c7cd8278f1c d7bd2e62254a4a76a6ced44e53d401f2 - - default default] 10.0.0.201 "GET /v2.0/ports?tags-any=red%2Cblue HTTP/1.1" status: 200 len: 2448 time: 0.0762262
2026-02-25 20:46:32.668 10 INFO neutron.wsgi [None req-45d48cbe-1ee6-40c6-b89c-9f9df955c0e9 3ea16237e9da40789a900c7cd8278f1c d7bd2e62254a4a76a6ced44e53d401f2 - - default default] 10.0.0.201 "GET /v2.0/ports?not-tags=red HTTP/1.1" status: 200 len: 5463 time: 0.1867833
2026-02-25 20:46:32.778 10 INFO neutron.wsgi [None req-572c8a49-0370-40cb-8a08-926d8addd5f5 3ea16237e9da40789a900c7cd8278f1c d7bd2e62254a4a76a6ced44e53d401f2 - - default default] 10.0.0.201 "GET /v2.0/ports?not-tags=red%2Cblue HTTP/1.1" status: 200 len: 6203 time: 0.1049881
2026-02-25 20:46:32.877 10 INFO neutron.wsgi [None req-1fcb1c44-5ba0-4352-baa9-85fc765efdf4 3ea16237e9da40789a900c7cd8278f1c d7bd2e62254a4a76a6ced44e53d401f2 - - default default] 10.0.0.201 "GET /v2.0/ports?not-tags-any=blue HTTP/1.1" status: 200 len: 6203 time: 0.0930729
2026-02-25 20:46:32.947 10 INFO neutron.wsgi [None req-251f3232-9874-4f11-9a6e-8370ffb8fd53 3ea16237e9da40789a900c7cd8278f1c d7bd2e62254a4a76a6ced44e53d401f2 - - default default] 10.0.0.201 "GET /v2.0/ports?not-tags-any=red%2Cblue HTTP/1.1" status: 200 len: 5463 time: 0.0636477
2026-02-25 20:46:33.201 10 INFO neutron.wsgi [None req-d07624bc-5422-408d-b855-b7637f1a93ed 3ea16237e9da40789a900c7cd8278f1c d7bd2e62254a4a76a6ced44e53d401f2 - - default default] 10.0.0.201 "DELETE /v2.0/ports/5a5b0619-7692-4781-8342-db91fa13024f HTTP/1.1" status: 204 len: 168 time: 0.2471230
2026-02-25 20:46:33.467 10 INFO neutron.wsgi [None req-c18a8f51-496f-41af-b27a-db0468547fea 3ea16237e9da40789a900c7cd8278f1c d7bd2e62254a4a76a6ced44e53d401f2 - - default default] 10.0.0.201 "DELETE /v2.0/ports/ad2a404a-4e15-4485-8d60-6aa7e76cc5b9 HTTP/1.1" status: 204 len: 168 time: 0.2596352
2026-02-25 20:46:33.733 10 INFO neutron.wsgi [None req-d6231db1-2469-4214-8b42-24d984298eac 3ea16237e9da40789a900c7cd8278f1c d7bd2e62254a4a76a6ced44e53d401f2 - - default default] 10.0.0.201 "DELETE /v2.0/ports/1b455845-1b4f-400b-9dd7-b7f79d8ec220 HTTP/1.1" status: 204 len: 168 time: 0.2601430
2026-02-25 20:46:34.016 10 INFO neutron.wsgi [None req-cea8ec70-baf5-424c-b4ab-a77f620bc0ba 3ea16237e9da40789a900c7cd8278f1c d7bd2e62254a4a76a6ced44e53d401f2 - - default default] 10.0.0.201 "DELETE /v2.0/ports/bcc66920-3854-4d3f-a8f0-0f34b7ef6bc5 HTTP/1.1" status: 204 len: 168 time: 0.2781830
2026-02-25 20:46:34.273 9 WARNING neutron_lib.context [None req-3cc94b39-7952-4ee8-b8a5-713c5c950ba4 97e2ffd264f242839118dcbf52392354 66b827b6c78447adab03832297d7782b - - default default] Method 'is_advsvc' is deprecated since 2023.2 release (neutron-lib 3.8.0) and will be removed once support for the old RBAC API policies will be removed from Neutron. Please use method 'is_service_role' instead.
2026-02-25 20:46:34.428 9 INFO neutron.db.ovn_revision_numbers_db [None req-3cc94b39-7952-4ee8-b8a5-713c5c950ba4 97e2ffd264f242839118dcbf52392354 66b827b6c78447adab03832297d7782b - - default default] Successfully bumped revision number for resource 595ae006-55cf-460a-a0cf-917ced981668 (type: security_groups) to 1
2026-02-25 20:46:34.444 9 INFO neutron.db.ovn_revision_numbers_db [None req-3cc94b39-7952-4ee8-b8a5-713c5c950ba4 97e2ffd264f242839118dcbf52392354 66b827b6c78447adab03832297d7782b - - default default] Successfully bumped revision number for resource 016892a0-95be-43d5-a482-731d665eec85 (type: security_group_rules) to 0
2026-02-25 20:46:34.458 9 INFO neutron.db.ovn_revision_numbers_db [None req-3cc94b39-7952-4ee8-b8a5-713c5c950ba4 97e2ffd264f242839118dcbf52392354 66b827b6c78447adab03832297d7782b - - default default] Successfully bumped revision number for resource 18eb4d22-e3a5-4f01-bd7e-cdbde56161ee (type: security_group_rules) to 0
2026-02-25 20:46:34.471 9 INFO neutron.db.ovn_revision_numbers_db [None req-3cc94b39-7952-4ee8-b8a5-713c5c950ba4 97e2ffd264f242839118dcbf52392354 66b827b6c78447adab03832297d7782b - - default default] Successfully bumped revision number for resource 5f035401-7967-4fab-a809-b7b67496acee (type: security_group_rules) to 0
2026-02-25 20:46:34.501 9 INFO neutron.db.ovn_revision_numbers_db [None req-3cc94b39-7952-4ee8-b8a5-713c5c950ba4 97e2ffd264f242839118dcbf52392354 66b827b6c78447adab03832297d7782b - - default default] Successfully bumped revision number for resource c17abaf9-d31d-4138-a956-a5671921f3b5 (type: security_group_rules) to 0
2026-02-25 20:46:34.506 10 INFO neutron.wsgi [None req-db46fa14-045e-4637-95de-3b38bde0457b 3ea16237e9da40789a900c7cd8278f1c d7bd2e62254a4a76a6ced44e53d401f2 - - default default] 10.0.0.201 "DELETE /v2.0/ports/22b3ae46-3bb9-4ca9-9dc2-7ef51a37bf50 HTTP/1.1" status: 204 len: 168 time: 0.4844980
2026-02-25 20:46:34.557 9 INFO neutron.db.segments_db [None req-3cc94b39-7952-4ee8-b8a5-713c5c950ba4 97e2ffd264f242839118dcbf52392354 66b827b6c78447adab03832297d7782b - - default default] Added segment be2ff5cf-3d08-432d-b03e-b237e9d3ce29 of type geneve for network 8aeebf30-9612-456a-a075-92c1f7886c8b
2026-02-25 20:46:34.709 9 INFO neutron.db.ovn_revision_numbers_db [None req-3cc94b39-7952-4ee8-b8a5-713c5c950ba4 97e2ffd264f242839118dcbf52392354 66b827b6c78447adab03832297d7782b - - default default] Successfully bumped revision number for resource 8aeebf30-9612-456a-a075-92c1f7886c8b (type: networks) to 1
2026-02-25 20:46:34.868 10 INFO neutron.services.segments.plugin [-] Segment aa42e88e-47ac-41fd-9228-0a62fc9f9acc resource provider aggregate not found
2026-02-25 20:46:34.874 10 INFO neutron.services.segments.plugin [-] Segment aa42e88e-47ac-41fd-9228-0a62fc9f9acc resource provider aggregate not found
2026-02-25 20:46:34.883 10 INFO neutron.services.segments.plugin [-] Segment aa42e88e-47ac-41fd-9228-0a62fc9f9acc resource provider not found; error: Placement Client Error (4xx): {"errors": [{"status": 404, "title": "Not Found", "detail": "The resource could not be found.\n\n No resource provider with uuid aa42e88e-47ac-41fd-9228-0a62fc9f9acc found for delete ", "request_id": "req-c1425395-a4c1-4c3f-b7e2-0a0de2b74761"}]}
2026-02-25 20:46:34.893 10 INFO neutron.wsgi [None req-08b418e1-4a7d-4b8f-9450-474825fc210b 3ea16237e9da40789a900c7cd8278f1c d7bd2e62254a4a76a6ced44e53d401f2 - - default default] 10.0.0.201 "DELETE /v2.0/networks/b2c43374-4520-459a-9587-1958b666740d HTTP/1.1" status: 204 len: 168 time: 0.3818638
2026-02-25 20:46:34.894 10 INFO neutron.services.segments.plugin [-] Segment aa42e88e-47ac-41fd-9228-0a62fc9f9acc resource provider not found; error: Placement Client Error (4xx): {"errors": [{"status": 404, "title": "Not Found", "detail": "The resource could not be found.\n\n No resource provider with uuid aa42e88e-47ac-41fd-9228-0a62fc9f9acc found for delete ", "request_id": "req-6270b14f-f6db-4ac6-ba42-0a40a0fdff21"}]}
2026-02-25 20:46:34.907 9 WARNING neutron.scheduler.dhcp_agent_scheduler [None req-3cc94b39-7952-4ee8-b8a5-713c5c950ba4 97e2ffd264f242839118dcbf52392354 66b827b6c78447adab03832297d7782b - - default default] No more DHCP agents
2026-02-25 20:46:34.909 9 WARNING neutron.api.rpc.agentnotifiers.dhcp_rpc_agent_api [None req-3cc94b39-7952-4ee8-b8a5-713c5c950ba4 97e2ffd264f242839118dcbf52392354 66b827b6c78447adab03832297d7782b - - default default] Unable to schedule network 8aeebf30-9612-456a-a075-92c1f7886c8b: no agents available; will retry on subsequent port and subnet creation events.
2026-02-25 20:46:35.046 9 INFO neutron.db.ovn_revision_numbers_db [None req-3cc94b39-7952-4ee8-b8a5-713c5c950ba4 97e2ffd264f242839118dcbf52392354 66b827b6c78447adab03832297d7782b - - default default] Successfully bumped revision number for resource d9c6ba9e-88e2-4bc6-a34f-6afaab8d38de (type: ports) to 1
2026-02-25 20:46:35.073 9 INFO neutron.wsgi [None req-3cc94b39-7952-4ee8-b8a5-713c5c950ba4 97e2ffd264f242839118dcbf52392354 66b827b6c78447adab03832297d7782b - - default default] 10.0.0.201 "POST /v2.0/networks HTTP/1.1" status: 201 len: 831 time: 0.9736512
2026-02-25 20:46:35.087 10 WARNING neutron_lib.context [None req-f73e63d5-4a51-4881-9ee5-ec2db3c1abc2 97e2ffd264f242839118dcbf52392354 66b827b6c78447adab03832297d7782b - - default default] Method 'is_advsvc' is deprecated since 2023.2 release (neutron-lib 3.8.0) and will be removed once support for the old RBAC API policies will be removed from Neutron. Please use method 'is_service_role' instead.
2026-02-25 20:46:35.184 10 INFO neutron.db.segments_db [None req-f73e63d5-4a51-4881-9ee5-ec2db3c1abc2 97e2ffd264f242839118dcbf52392354 66b827b6c78447adab03832297d7782b - - default default] Added segment 4cc0b0ef-aeb1-4f35-931b-2fb44034f9be of type geneve for network a8be4584-daff-4899-a6b1-688d06395e14
2026-02-25 20:46:35.332 10 INFO neutron.db.ovn_revision_numbers_db [None req-f73e63d5-4a51-4881-9ee5-ec2db3c1abc2 97e2ffd264f242839118dcbf52392354 66b827b6c78447adab03832297d7782b - - default default] Successfully bumped revision number for resource a8be4584-daff-4899-a6b1-688d06395e14 (type: networks) to 1
2026-02-25 20:46:35.371 9 INFO neutron.services.segments.plugin [-] Segment 24d8c736-c403-4c08-b6ed-c1c43abd4049 resource provider aggregate not found
2026-02-25 20:46:35.375 9 INFO neutron.services.segments.plugin [-] Segment 24d8c736-c403-4c08-b6ed-c1c43abd4049 resource provider aggregate not found
2026-02-25 20:46:35.385 9 INFO neutron.services.segments.plugin [-] Segment 24d8c736-c403-4c08-b6ed-c1c43abd4049 resource provider not found; error: Placement Client Error (4xx): {"errors": [{"status": 404, "title": "Not Found", "detail": "The resource could not be found.\n\n No resource provider with uuid 24d8c736-c403-4c08-b6ed-c1c43abd4049 found for delete ", "request_id": "req-fdf7b799-ae75-4247-94b6-3a38b95b4ee4"}]}
2026-02-25 20:46:35.389 9 INFO neutron.services.segments.plugin [-] Segment 24d8c736-c403-4c08-b6ed-c1c43abd4049 resource provider not found; error: Placement Client Error (4xx): {"errors": [{"status": 404, "title": "Not Found", "detail": "The resource could not be found.\n\n No resource provider with uuid 24d8c736-c403-4c08-b6ed-c1c43abd4049 found for delete ", "request_id": "req-8da219e1-704b-4b36-9f0c-15a30e626d14"}]}
2026-02-25 20:46:35.402 9 INFO neutron.wsgi [None req-70bd5ec1-e6ea-4d4a-8391-1c25be893567 3ea16237e9da40789a900c7cd8278f1c d7bd2e62254a4a76a6ced44e53d401f2 - - default default] 10.0.0.201 "DELETE /v2.0/networks/21fae57c-d81d-4a1a-804f-fc37540fb6da HTTP/1.1" status: 204 len: 168 time: 0.5039432
2026-02-25 20:46:35.556 10 WARNING neutron.scheduler.dhcp_agent_scheduler [None req-f73e63d5-4a51-4881-9ee5-ec2db3c1abc2 97e2ffd264f242839118dcbf52392354 66b827b6c78447adab03832297d7782b - - default default] No more DHCP agents
2026-02-25 20:46:35.557 10 WARNING neutron.api.rpc.agentnotifiers.dhcp_rpc_agent_api [None req-f73e63d5-4a51-4881-9ee5-ec2db3c1abc2 97e2ffd264f242839118dcbf52392354 66b827b6c78447adab03832297d7782b - - default default] Unable to schedule network a8be4584-daff-4899-a6b1-688d06395e14: no agents available; will retry on subsequent port and subnet creation events.
2026-02-25 20:46:35.674 10 INFO neutron.db.ovn_revision_numbers_db [None req-f73e63d5-4a51-4881-9ee5-ec2db3c1abc2 97e2ffd264f242839118dcbf52392354 66b827b6c78447adab03832297d7782b - - default default] Successfully bumped revision number for resource d95bbcbe-18aa-4480-9428-3c22c9a39f4b (type: ports) to 1
2026-02-25 20:46:35.699 10 INFO neutron.wsgi [None req-f73e63d5-4a51-4881-9ee5-ec2db3c1abc2 97e2ffd264f242839118dcbf52392354 66b827b6c78447adab03832297d7782b - - default default] 10.0.0.201 "POST /v2.0/networks HTTP/1.1" status: 201 len: 830 time: 0.6198113
2026-02-25 20:46:35.765 10 INFO neutron.wsgi [None req-85a3879b-0f2a-47ef-b86b-ae798fbadaa9 97e2ffd264f242839118dcbf52392354 66b827b6c78447adab03832297d7782b - - default default] 10.0.0.201 "PUT /v2.0/networks/8aeebf30-9612-456a-a075-92c1f7886c8b/tags HTTP/1.1" status: 200 len: 218 time: 0.0608926
2026-02-25 20:46:35.811 9 INFO neutron.wsgi [None req-85782802-4bad-41f2-9af1-a9e07b4e4cfc 97e2ffd264f242839118dcbf52392354 66b827b6c78447adab03832297d7782b - - default default] 10.0.0.201 "GET /v2.0/networks/8aeebf30-9612-456a-a075-92c1f7886c8b/tags HTTP/1.1" status: 200 len: 218 time: 0.0404377
2026-02-25 20:46:35.865 9 INFO neutron.wsgi [None req-c189b4b1-1db4-4d66-981a-3c75d4b4704c 97e2ffd264f242839118dcbf52392354 66b827b6c78447adab03832297d7782b - - default default] 10.0.0.201 "PUT /v2.0/networks/a8be4584-daff-4899-a6b1-688d06395e14/tags HTTP/1.1" status: 200 len: 210 time: 0.0492654
2026-02-25 20:46:35.903 10 INFO neutron.wsgi [None req-3ac5e29a-4224-4766-b83b-20c2cf3e67ad 3ea16237e9da40789a900c7cd8278f1c d7bd2e62254a4a76a6ced44e53d401f2 - - default default] 10.0.0.201 "DELETE /v2.0/networks/c0a28e7c-d479-4a59-82dd-f6b942737d2a HTTP/1.1" status: 204 len: 168 time: 0.4820523
2026-02-25 20:46:35.939 10 INFO neutron.wsgi [None req-d14ad68a-4f5e-4689-89d5-53c744577ee4 97e2ffd264f242839118dcbf52392354 66b827b6c78447adab03832297d7782b - - default default] 10.0.0.201 "GET /v2.0/networks/a8be4584-daff-4899-a6b1-688d06395e14/tags HTTP/1.1" status: 200 len: 210 time: 0.0692070
2026-02-25 20:46:35.997 10 INFO neutron.wsgi [None req-e4d80bf0-59bd-41ef-9104-1bf3583d9ebe 97e2ffd264f242839118dcbf52392354 66b827b6c78447adab03832297d7782b - - default default] 10.0.0.201 "PUT /v2.0/networks/a8be4584-daff-4899-a6b1-688d06395e14/tags HTTP/1.1" status: 200 len: 205 time: 0.0524247
2026-02-25 20:46:36.051 10 INFO neutron.wsgi [None req-787eefb6-aef7-4ffc-b38d-e01ece32adba 97e2ffd264f242839118dcbf52392354 66b827b6c78447adab03832297d7782b - - default default] 10.0.0.201 "GET /v2.0/networks/a8be4584-daff-4899-a6b1-688d06395e14/tags HTTP/1.1" status: 200 len: 205 time: 0.0492449
2026-02-25 20:46:36.094 10 INFO neutron.wsgi [None req-60129454-3886-4570-bda1-22159242e2f0 97e2ffd264f242839118dcbf52392354 66b827b6c78447adab03832297d7782b - - default default] 10.0.0.201 "GET /v2.0/networks/8aeebf30-9612-456a-a075-92c1f7886c8b/tags HTTP/1.1" status: 200 len: 218 time: 0.0382714
2026-02-25 20:46:36.296 9 INFO neutron.wsgi [None req-137b642d-fea6-4e91-bd65-6f6214ba83e3 3ea16237e9da40789a900c7cd8278f1c d7bd2e62254a4a76a6ced44e53d401f2 - - default default] 10.0.0.201 "DELETE /v2.0/networks/51ef7d39-6812-4ce1-903c-8a4d3da87b93 HTTP/1.1" status: 204 len: 168 time: 0.3872151
2026-02-25 20:46:36.494 10 INFO neutron.wsgi [None req-9533bc93-421b-4eed-b4d2-cd4df66ca2f3 97e2ffd264f242839118dcbf52392354 66b827b6c78447adab03832297d7782b - - default default] 10.0.0.201 "DELETE /v2.0/networks/8aeebf30-9612-456a-a075-92c1f7886c8b HTTP/1.1" status: 204 len: 168 time: 0.3911269
2026-02-25 20:46:36.763 9 INFO neutron.wsgi [None req-20fdb614-cab8-49dc-a7da-9846f7b1c9ea 3ea16237e9da40789a900c7cd8278f1c d7bd2e62254a4a76a6ced44e53d401f2 - - default default] 10.0.0.201 "DELETE /v2.0/networks/9665e40d-1c3b-487b-9c3a-aa8b3117d242 HTTP/1.1" status: 204 len: 168 time: 0.4582579
2026-02-25 20:46:36.910 10 INFO neutron.services.segments.plugin [-] Segment d9c1cef7-252d-4a95-a3a2-4c7d3e93ea3f resource provider aggregate not found
2026-02-25 20:46:36.925 10 INFO neutron.services.segments.plugin [-] Segment d9c1cef7-252d-4a95-a3a2-4c7d3e93ea3f resource provider aggregate not found
2026-02-25 20:46:36.933 10 INFO neutron.services.segments.plugin [-] Segment d9c1cef7-252d-4a95-a3a2-4c7d3e93ea3f resource provider not found; error: Placement Client Error (4xx): {"errors": [{"status": 404, "title": "Not Found", "detail": "The resource could not be found.\n\n No resource provider with uuid d9c1cef7-252d-4a95-a3a2-4c7d3e93ea3f found for delete ", "request_id": "req-305797c1-62c9-4bb8-a70b-adbdf37f5964"}]}
2026-02-25 20:46:36.939 10 INFO neutron.services.segments.plugin [-] Segment d9c1cef7-252d-4a95-a3a2-4c7d3e93ea3f resource provider not found; error: Placement Client Error (4xx): {"errors": [{"status": 404, "title": "Not Found", "detail": "The resource could not be found.\n\n No resource provider with uuid d9c1cef7-252d-4a95-a3a2-4c7d3e93ea3f found for delete ", "request_id": "req-518e7646-7755-4eaf-a478-d0df8e86eafb"}]}
2026-02-25 20:46:36.949 10 INFO neutron.services.segments.plugin [-] Segment be2ff5cf-3d08-432d-b03e-b237e9d3ce29 resource provider aggregate not found
2026-02-25 20:46:36.959 9 INFO neutron.wsgi [None req-f9190ce8-ea02-4eda-9011-c50f39124681 97e2ffd264f242839118dcbf52392354 66b827b6c78447adab03832297d7782b - - default default] 10.0.0.201 "DELETE /v2.0/networks/a8be4584-daff-4899-a6b1-688d06395e14 HTTP/1.1" status: 204 len: 168 time: 0.4567821
2026-02-25 20:46:36.960 10 INFO neutron.services.segments.plugin [-] Segment be2ff5cf-3d08-432d-b03e-b237e9d3ce29 resource provider aggregate not found
2026-02-25 20:46:36.967 10 INFO neutron.services.segments.plugin [-] Segment be2ff5cf-3d08-432d-b03e-b237e9d3ce29 resource provider not found; error: Placement Client Error (4xx): {"errors": [{"status": 404, "title": "Not Found", "detail": "The resource could not be found.\n\n No resource provider with uuid be2ff5cf-3d08-432d-b03e-b237e9d3ce29 found for delete ", "request_id": "req-c9238c8c-b1b7-4ae1-8ab4-a859cdf0c790"}]}
2026-02-25 20:46:36.985 10 INFO neutron.services.segments.plugin [-] Segment be2ff5cf-3d08-432d-b03e-b237e9d3ce29 resource provider not found; error: Placement Client Error (4xx): {"errors": [{"status": 404, "title": "Not Found", "detail": "The resource could not be found.\n\n No resource provider with uuid be2ff5cf-3d08-432d-b03e-b237e9d3ce29 found for delete ", "request_id": "req-e414133a-7c2c-4e7f-9e01-0fc910aaab6e"}]}
2026-02-25 20:46:37.409 9 INFO neutron.services.segments.plugin [-] Segment b29859f7-46b7-4285-91f5-d98b6253621f resource provider aggregate not found
2026-02-25 20:46:37.420 9 INFO neutron.services.segments.plugin [-] Segment b29859f7-46b7-4285-91f5-d98b6253621f resource provider aggregate not found
2026-02-25 20:46:37.428 9 INFO neutron.services.segments.plugin [-] Segment b29859f7-46b7-4285-91f5-d98b6253621f resource provider not found; error: Placement Client Error (4xx): {"errors": [{"status": 404, "title": "Not Found", "detail": "The resource could not be found.\n\n No resource provider with uuid b29859f7-46b7-4285-91f5-d98b6253621f found for delete ", "request_id": "req-80b3c304-7708-4588-a43d-97d8b434610f"}]}
2026-02-25 20:46:37.443 9 INFO neutron.services.segments.plugin [-] Segment b29859f7-46b7-4285-91f5-d98b6253621f resource provider not found; error: Placement Client Error (4xx): {"errors": [{"status": 404, "title": "Not Found", "detail": "The resource could not be found.\n\n No resource provider with uuid b29859f7-46b7-4285-91f5-d98b6253621f found for delete ", "request_id": "req-827bc87c-bf4a-4c85-88b2-08dc1a3043b8"}]}
2026-02-25 20:46:37.455 9 INFO neutron.services.segments.plugin [-] Segment 427f951d-bfbf-47b7-848c-ed266ea7999b resource provider aggregate not found
2026-02-25 20:46:37.460 9 INFO neutron.services.segments.plugin [-] Segment 427f951d-bfbf-47b7-848c-ed266ea7999b resource provider aggregate not found
2026-02-25 20:46:37.469 9 INFO neutron.services.segments.plugin [-] Segment 427f951d-bfbf-47b7-848c-ed266ea7999b resource provider not found; error: Placement Client Error (4xx): {"errors": [{"status": 404, "title": "Not Found", "detail": "The resource could not be found.\n\n No resource provider with uuid 427f951d-bfbf-47b7-848c-ed266ea7999b found for delete ", "request_id": "req-600c44fc-eef9-4477-81f8-831ba11f4651"}]}
2026-02-25 20:46:37.481 9 INFO neutron.services.segments.plugin [-] Segment 427f951d-bfbf-47b7-848c-ed266ea7999b resource provider not found; error: Placement Client Error (4xx): {"errors": [{"status": 404, "title": "Not Found", "detail": "The resource could not be found.\n\n No resource provider with uuid 427f951d-bfbf-47b7-848c-ed266ea7999b found for delete ", "request_id": "req-eab22f53-f2ad-4578-a2c4-3485e0f83a9a"}]}
2026-02-25 20:46:37.488 9 INFO neutron.services.segments.plugin [-] Segment 4cc0b0ef-aeb1-4f35-931b-2fb44034f9be resource provider aggregate not found
2026-02-25 20:46:37.506 9 INFO neutron.services.segments.plugin [-] Segment 4cc0b0ef-aeb1-4f35-931b-2fb44034f9be resource provider not found; error: Placement Client Error (4xx): {"errors": [{"status": 404, "title": "Not Found", "detail": "The resource could not be found.\n\n No resource provider with uuid 4cc0b0ef-aeb1-4f35-931b-2fb44034f9be found for delete ", "request_id": "req-983380cb-4fc7-4303-8fe5-1f8bd419c98c"}]}
2026-02-25 20:46:37.509 9 INFO neutron.services.segments.plugin [-] Segment 4cc0b0ef-aeb1-4f35-931b-2fb44034f9be resource provider aggregate not found
2026-02-25 20:46:37.523 9 INFO neutron.services.segments.plugin [-] Segment 4cc0b0ef-aeb1-4f35-931b-2fb44034f9be resource provider not found; error: Placement Client Error (4xx): {"errors": [{"status": 404, "title": "Not Found", "detail": "The resource could not be found.\n\n No resource provider with uuid 4cc0b0ef-aeb1-4f35-931b-2fb44034f9be found for delete ", "request_id": "req-98615b6c-5a7e-4f1b-af6f-6de9cd7b05c8"}]}
2026-02-25 20:46:37.818 9 INFO neutron.wsgi [None req-6c2c0d7f-e0ed-450b-bd4d-11ce45cadcaa 0d698a8e394e402f8e10bb6fdf9b5b47 ac992b5c700d42a29ae73e602d023058 - - default default] 10.0.0.201 "GET /v2.0/security-groups?tenant_id=d7bd2e62254a4a76a6ced44e53d401f2&name=default HTTP/1.1" status: 200 len: 3120 time: 0.1522527
2026-02-25 20:46:37.990 10 INFO neutron.db.ovn_revision_numbers_db [None req-fcaa9ba4-7c72-488b-89f6-3f9e6cbf99c7 0d698a8e394e402f8e10bb6fdf9b5b47 ac992b5c700d42a29ae73e602d023058 - - default default] Successfully bumped revision number for resource d031d7bb-91a9-4725-93fc-c3c73b1995b1 (type: security_groups) to 1
2026-02-25 20:46:38.011 10 INFO neutron.db.ovn_revision_numbers_db [None req-fcaa9ba4-7c72-488b-89f6-3f9e6cbf99c7 0d698a8e394e402f8e10bb6fdf9b5b47 ac992b5c700d42a29ae73e602d023058 - - default default] Successfully bumped revision number for resource 68eadb48-35f3-48c9-8021-2afe99525161 (type: security_group_rules) to 0
2026-02-25 20:46:38.030 10 INFO neutron.db.ovn_revision_numbers_db [None req-fcaa9ba4-7c72-488b-89f6-3f9e6cbf99c7 0d698a8e394e402f8e10bb6fdf9b5b47 ac992b5c700d42a29ae73e602d023058 - - default default] Successfully bumped revision number for resource 6d212f75-d832-4cd4-8ca6-135d56067653 (type: security_group_rules) to 0
2026-02-25 20:46:38.051 10 INFO neutron.db.ovn_revision_numbers_db [None req-fcaa9ba4-7c72-488b-89f6-3f9e6cbf99c7 0d698a8e394e402f8e10bb6fdf9b5b47 ac992b5c700d42a29ae73e602d023058 - - default default] Successfully bumped revision number for resource 924a0662-76e9-45a2-9be8-88824dfc78ab (type: security_group_rules) to 0
2026-02-25 20:46:38.073 10 INFO neutron.db.ovn_revision_numbers_db [None req-fcaa9ba4-7c72-488b-89f6-3f9e6cbf99c7 0d698a8e394e402f8e10bb6fdf9b5b47 ac992b5c700d42a29ae73e602d023058 - - default default] Successfully bumped revision number for resource b5a38e40-0fff-4cef-ab06-5053a9055664 (type: security_group_rules) to 0
2026-02-25 20:46:38.097 10 INFO neutron.wsgi [None req-fcaa9ba4-7c72-488b-89f6-3f9e6cbf99c7 0d698a8e394e402f8e10bb6fdf9b5b47 ac992b5c700d42a29ae73e602d023058 - - default default] 10.0.0.201 "GET /v2.0/security-groups?tenant_id=bad44c1632484f049e0192bc40713e5f&name=default HTTP/1.1" status: 200 len: 3120 time: 0.3747985
2026-02-25 20:46:38.112 10 INFO neutron.wsgi [None req-90933f3b-3d7d-4ada-bc5a-5dadddd08a92 0d698a8e394e402f8e10bb6fdf9b5b47 ac992b5c700d42a29ae73e602d023058 - - default default] 10.0.0.201 "DELETE /v2.0/security-groups/c5295d74-1580-42db-bbff-4726ea93dc58 HTTP/1.1" status: 204 len: 168 time: 0.2880323
2026-02-25 20:46:38.307 9 INFO neutron.wsgi [None req-53782b0e-29f4-453d-8ac6-be83923534ee 0d698a8e394e402f8e10bb6fdf9b5b47 ac992b5c700d42a29ae73e602d023058 - - default default] 10.0.0.201 "DELETE /v2.0/security-groups/d031d7bb-91a9-4725-93fc-c3c73b1995b1 HTTP/1.1" status: 204 len: 168 time: 0.2041092
2026-02-25 20:46:38.328 10 INFO neutron.db.ovn_revision_numbers_db [None req-ab676373-9574-4340-af7e-bb2ead2b20d8 0d698a8e394e402f8e10bb6fdf9b5b47 ac992b5c700d42a29ae73e602d023058 - - default default] Successfully bumped revision number for resource 2e383483-c95d-4af5-b542-ec594ac91b98 (type: security_groups) to 1
2026-02-25 20:46:38.341 10 INFO neutron.db.ovn_revision_numbers_db [None req-ab676373-9574-4340-af7e-bb2ead2b20d8 0d698a8e394e402f8e10bb6fdf9b5b47 ac992b5c700d42a29ae73e602d023058 - - default default] Successfully bumped revision number for resource 2c22a1cf-12f2-409e-a1fd-9bea21bafa6c (type: security_group_rules) to 0
2026-02-25 20:46:38.358 10 INFO neutron.db.ovn_revision_numbers_db [None req-ab676373-9574-4340-af7e-bb2ead2b20d8 0d698a8e394e402f8e10bb6fdf9b5b47 ac992b5c700d42a29ae73e602d023058 - - default default] Successfully bumped revision number for resource 48a8c7ba-8d24-4535-abeb-f381ff19239d (type: security_group_rules) to 0
2026-02-25 20:46:38.373 10 INFO neutron.db.ovn_revision_numbers_db [None req-ab676373-9574-4340-af7e-bb2ead2b20d8 0d698a8e394e402f8e10bb6fdf9b5b47 ac992b5c700d42a29ae73e602d023058 - - default default] Successfully bumped revision number for resource bc2386d8-cb5c-4eeb-ac9a-1fab08af6735 (type: security_group_rules) to 0
2026-02-25 20:46:38.385 10 INFO neutron.db.ovn_revision_numbers_db [None req-ab676373-9574-4340-af7e-bb2ead2b20d8 0d698a8e394e402f8e10bb6fdf9b5b47 ac992b5c700d42a29ae73e602d023058 - - default default] Successfully bumped revision number for resource ce54995f-fb2f-4720-a898-b314b49af3a8 (type: security_group_rules) to 0
2026-02-25 20:46:38.403 10 INFO neutron.wsgi [None req-ab676373-9574-4340-af7e-bb2ead2b20d8 0d698a8e394e402f8e10bb6fdf9b5b47 ac992b5c700d42a29ae73e602d023058 - - default default] 10.0.0.201 "GET /v2.0/security-groups?tenant_id=7e13bf44ce5f47ebb01bc4049db99887&name=default HTTP/1.1" status: 200 len: 3120 time: 0.1898320
2026-02-25 20:46:38.530 10 INFO neutron.wsgi [None req-4cd50380-2a54-4af5-8d02-66be080678ec 0d698a8e394e402f8e10bb6fdf9b5b47 ac992b5c700d42a29ae73e602d023058 - - default default] 10.0.0.201 "GET /v2.0/security-groups?tenant_id=66b827b6c78447adab03832297d7782b&name=default HTTP/1.1" status: 200 len: 3120 time: 0.0683827
2026-02-25 20:46:38.665 9 INFO neutron.wsgi [None req-705722f1-6512-491f-b7c1-1c2533a7aa0b 0d698a8e394e402f8e10bb6fdf9b5b47 ac992b5c700d42a29ae73e602d023058 - - default default] 10.0.0.201 "DELETE /v2.0/security-groups/2e383483-c95d-4af5-b542-ec594ac91b98 HTTP/1.1" status: 204 len: 168 time: 0.2566814
2026-02-25 20:46:38.764 10 INFO neutron.wsgi [None req-b1d00b69-9269-47cc-aaf5-727a72a791a7 0d698a8e394e402f8e10bb6fdf9b5b47 ac992b5c700d42a29ae73e602d023058 - - default default] 10.0.0.201 "DELETE /v2.0/security-groups/595ae006-55cf-460a-a0cf-917ced981668 HTTP/1.1" status: 204 len: 168 time: 0.2310681
2026-02-25 20:46:38.965 10 INFO neutron.db.ovn_revision_numbers_db [None req-d9f434b4-d107-4500-96f7-5546d5bced21 0d698a8e394e402f8e10bb6fdf9b5b47 ac992b5c700d42a29ae73e602d023058 - - default default] Successfully bumped revision number for resource 6364e0cc-feb8-4286-bb9a-6eed3b8ababf (type: security_groups) to 1
2026-02-25 20:46:38.978 10 INFO neutron.db.ovn_revision_numbers_db [None req-d9f434b4-d107-4500-96f7-5546d5bced21 0d698a8e394e402f8e10bb6fdf9b5b47 ac992b5c700d42a29ae73e602d023058 - - default default] Successfully bumped revision number for resource 2e3aded0-22cc-4f46-a2c7-8dfd8dbf3315 (type: security_group_rules) to 0
2026-02-25 20:46:38.992 10 INFO neutron.db.ovn_revision_numbers_db [None req-d9f434b4-d107-4500-96f7-5546d5bced21 0d698a8e394e402f8e10bb6fdf9b5b47 ac992b5c700d42a29ae73e602d023058 - - default default] Successfully bumped revision number for resource a1b9a3c0-7c79-4997-a5b5-de95f460302d (type: security_group_rules) to 0
2026-02-25 20:46:39.006 10 INFO neutron.db.ovn_revision_numbers_db [None req-d9f434b4-d107-4500-96f7-5546d5bced21 0d698a8e394e402f8e10bb6fdf9b5b47 ac992b5c700d42a29ae73e602d023058 - - default default] Successfully bumped revision number for resource b8b72fae-6459-49ca-8479-b6687f5526fc (type: security_group_rules) to 0
2026-02-25 20:46:39.018 10 INFO neutron.db.ovn_revision_numbers_db [None req-d9f434b4-d107-4500-96f7-5546d5bced21 0d698a8e394e402f8e10bb6fdf9b5b47 ac992b5c700d42a29ae73e602d023058 - - default default] Successfully bumped revision number for resource d7dc59b5-632a-458a-99aa-f5241c7620cf (type: security_group_rules) to 0
2026-02-25 20:46:39.036 10 INFO neutron.wsgi [None req-d9f434b4-d107-4500-96f7-5546d5bced21 0d698a8e394e402f8e10bb6fdf9b5b47 ac992b5c700d42a29ae73e602d023058 - - default default] 10.0.0.201 "GET /v2.0/security-groups?tenant_id=f847e33c738742af8993fd600ebaea21&name=default HTTP/1.1" status: 200 len: 3120 time: 0.2065177
2026-02-25 20:46:39.248 10 INFO neutron.wsgi [None req-cc56df9b-0d3f-4a94-bf53-1bea080db5ee 0d698a8e394e402f8e10bb6fdf9b5b47 ac992b5c700d42a29ae73e602d023058 - - default default] 10.0.0.201 "DELETE /v2.0/security-groups/6364e0cc-feb8-4286-bb9a-6eed3b8ababf HTTP/1.1" status: 204 len: 168 time: 0.2058375
2026-02-25 20:46:40.342 9 INFO neutron.wsgi [None req-d2b6228f-ce8e-4610-8d9f-df224c8c109b 0d698a8e394e402f8e10bb6fdf9b5b47 ac992b5c700d42a29ae73e602d023058 - - default default] 10.0.0.7 "GET /v2.0/security-groups HTTP/1.1" status: 200 len: 31589 time: 0.2569001
2026-02-25 20:46:40.401 9 INFO neutron.wsgi [None req-d6538b04-34ca-42d5-9ee8-450382368984 0d698a8e394e402f8e10bb6fdf9b5b47 ac992b5c700d42a29ae73e602d023058 - - default default] 10.0.0.7 "GET /v2.0/subnets HTTP/1.1" status: 200 len: 2744 time: 0.0492165
2026-02-25 20:46:40.527 9 INFO neutron.wsgi [None req-964b37e3-d716-4a10-968d-0a3118062856 0d698a8e394e402f8e10bb6fdf9b5b47 ac992b5c700d42a29ae73e602d023058 - - default default] 10.0.0.7 "GET /v2.0/routers HTTP/1.1" status: 200 len: 2112 time: 0.1239426
2026-02-25 20:46:40.547 9 INFO neutron.wsgi [None req-1a3442df-f26c-46f5-9250-81edccf5ef9e 0d698a8e394e402f8e10bb6fdf9b5b47 ac992b5c700d42a29ae73e602d023058 - - default default] 10.0.0.7 "GET /v2.0/agents?binary=ovn-controller HTTP/1.1" status: 200 len: 591 time: 0.0188618
2026-02-25 20:46:40.569 9 INFO neutron.wsgi [None req-83db080b-fe0d-42be-810c-7fd795e97ef0 0d698a8e394e402f8e10bb6fdf9b5b47 ac992b5c700d42a29ae73e602d023058 - - default default] 10.0.0.7 "GET /v2.0/network-ip-availabilities HTTP/1.1" status: 200 len: 2222 time: 0.0194085
2026-02-25 20:46:40.582 9 INFO neutron.wsgi [None req-4aaba756-fcc8-4a1f-a6e7-9772b055fd6a 0d698a8e394e402f8e10bb6fdf9b5b47 ac992b5c700d42a29ae73e602d023058 - - default default] 10.0.0.7 "GET /v2.0/agents HTTP/1.1" status: 200 len: 1390 time: 0.0114958
2026-02-25 20:46:40.618 9 INFO neutron.wsgi [None req-0fa45d7a-8fa5-4457-b00d-13286ec8be46 0d698a8e394e402f8e10bb6fdf9b5b47 ac992b5c700d42a29ae73e602d023058 - - default default] 10.0.0.7 "GET /v2.0/subnets HTTP/1.1" status: 200 len: 2744 time: 0.0346525
2026-02-25 20:46:40.628 9 INFO neutron.wsgi [None req-001b24dc-0d78-46ca-a372-ce1d04bf37d9 0d698a8e394e402f8e10bb6fdf9b5b47 ac992b5c700d42a29ae73e602d023058 - - default default] 10.0.0.7 "GET /v2.0/subnetpools HTTP/1.1" status: 200 len: 193 time: 0.0094118
2026-02-25 20:46:40.811 10 INFO neutron.wsgi [req-591ab4f5-8862-4bd0-9aba-558633cadf86 req-d65c733b-e488-4f69-a55f-49f7fbb90fe5 0d698a8e394e402f8e10bb6fdf9b5b47 ac992b5c700d42a29ae73e602d023058 - - default default] 10.0.0.76 "GET /v2.0/ports?device_id=1796ff62-6511-4450-828e-b37c464466f9 HTTP/1.1" status: 200 len: 1452 time: 0.0701578
2026-02-25 20:46:40.898 10 INFO neutron.wsgi [req-591ab4f5-8862-4bd0-9aba-558633cadf86 req-63cbccde-6ca1-44b7-9757-9424ce8f0ec7 0d698a8e394e402f8e10bb6fdf9b5b47 ac992b5c700d42a29ae73e602d023058 - - default default] 10.0.0.76 "GET /v2.0/security-groups?id=556a47ed-1023-4be8-b91b-045e3b2cdfb6&id=8090811f-9885-4ca0-bc41-c5a7e8f4e5b5&fields=id&fields=name HTTP/1.1" status: 200 len: 406 time: 0.0766006
2026-02-25 20:46:41.233 9 INFO neutron.wsgi [None req-c1e68aa9-c7e8-432c-8ffa-e1a7dc7762d9 0d698a8e394e402f8e10bb6fdf9b5b47 ac992b5c700d42a29ae73e602d023058 - - default default] 10.0.0.7 "GET /v2.0/floatingips HTTP/1.1" status: 200 len: 1036 time: 0.6018229
2026-02-25 20:46:41.374 9 INFO neutron.wsgi [None req-28b03d43-043c-452c-9873-e071b94ea7e9 0d698a8e394e402f8e10bb6fdf9b5b47 ac992b5c700d42a29ae73e602d023058 - - default default] 10.0.0.7 "GET /v2.0/networks HTTP/1.1" status: 200 len: 3865 time: 0.1392305
2026-02-25 20:46:41.493 9 INFO neutron.wsgi [None req-00464cee-2f38-454f-ab05-19e41ab18db3 0d698a8e394e402f8e10bb6fdf9b5b47 ac992b5c700d42a29ae73e602d023058 - - default default] 10.0.0.7 "GET /v2.0/ports HTTP/1.1" status: 200 len: 14033 time: 0.1157401
2026-02-25 20:46:42.301 10 WARNING neutron_lib.context [None req-3ca7554e-9604-4504-8773-824f1a1d1fa3 69942630b1764963b8ca7e2504f33926 dc059da607c8428291a20f1efa3ce915 - - default default] Method 'is_advsvc' is deprecated since 2023.2 release (neutron-lib 3.8.0) and will be removed once support for the old RBAC API policies will be removed from Neutron. Please use method 'is_service_role' instead.
2026-02-25 20:46:42.472 10 INFO neutron.db.ovn_revision_numbers_db [None req-3ca7554e-9604-4504-8773-824f1a1d1fa3 69942630b1764963b8ca7e2504f33926 dc059da607c8428291a20f1efa3ce915 - - default default] Successfully bumped revision number for resource d1984c9a-3819-4ab5-88b3-bd82050b8551 (type: security_groups) to 1
2026-02-25 20:46:42.490 10 INFO neutron.db.ovn_revision_numbers_db [None req-3ca7554e-9604-4504-8773-824f1a1d1fa3 69942630b1764963b8ca7e2504f33926 dc059da607c8428291a20f1efa3ce915 - - default default] Successfully bumped revision number for resource 559ce89a-06e1-467b-87e5-11ffe30e6b0a (type: security_group_rules) to 0
2026-02-25 20:46:42.504 10 INFO neutron.db.ovn_revision_numbers_db [None req-3ca7554e-9604-4504-8773-824f1a1d1fa3 69942630b1764963b8ca7e2504f33926 dc059da607c8428291a20f1efa3ce915 - - default default] Successfully bumped revision number for resource 639e52d4-94f4-470c-abe7-28d3c3e93daf (type: security_group_rules) to 0
2026-02-25 20:46:42.522 10 INFO neutron.db.ovn_revision_numbers_db [None req-3ca7554e-9604-4504-8773-824f1a1d1fa3 69942630b1764963b8ca7e2504f33926 dc059da607c8428291a20f1efa3ce915 - - default default] Successfully bumped revision number for resource 8737903f-d4c9-4011-ab2a-61444147d0da (type: security_group_rules) to 0
2026-02-25 20:46:42.539 10 INFO neutron.db.ovn_revision_numbers_db [None req-3ca7554e-9604-4504-8773-824f1a1d1fa3 69942630b1764963b8ca7e2504f33926 dc059da607c8428291a20f1efa3ce915 - - default default] Successfully bumped revision number for resource 8e48bfda-80f9-4dec-b89c-9a8bcd893d70 (type: security_group_rules) to 0
2026-02-25 20:46:42.589 10 INFO neutron.db.segments_db [None req-3ca7554e-9604-4504-8773-824f1a1d1fa3 69942630b1764963b8ca7e2504f33926 dc059da607c8428291a20f1efa3ce915 - - default default] Added segment a1270cef-47ad-4f2a-957c-0b86ea1b459f of type geneve for network 71b5275f-caff-415f-bad9-4f1a2834ea3a
2026-02-25 20:46:42.724 10 INFO neutron.db.ovn_revision_numbers_db [None req-3ca7554e-9604-4504-8773-824f1a1d1fa3 69942630b1764963b8ca7e2504f33926 dc059da607c8428291a20f1efa3ce915 - - default default] Successfully bumped revision number for resource 71b5275f-caff-415f-bad9-4f1a2834ea3a (type: networks) to 1
2026-02-25 20:46:42.865 9 WARNING neutron_lib.context [None req-c5eac1b7-a84f-4815-9386-793c155349f6 e53e7a34aa2e40129d5b6099e55c8f75 5851412fb5394396b94786e7abf6cfaa - - default default] Method 'is_advsvc' is deprecated since 2023.2 release (neutron-lib 3.8.0) and will be removed once support for the old RBAC API policies will be removed from Neutron. Please use method 'is_service_role' instead.
2026-02-25 20:46:42.902 10 WARNING neutron.scheduler.dhcp_agent_scheduler [None req-3ca7554e-9604-4504-8773-824f1a1d1fa3 69942630b1764963b8ca7e2504f33926 dc059da607c8428291a20f1efa3ce915 - - default default] No more DHCP agents
2026-02-25 20:46:42.904 10 WARNING neutron.api.rpc.agentnotifiers.dhcp_rpc_agent_api [None req-3ca7554e-9604-4504-8773-824f1a1d1fa3 69942630b1764963b8ca7e2504f33926 dc059da607c8428291a20f1efa3ce915 - - default default] Unable to schedule network 71b5275f-caff-415f-bad9-4f1a2834ea3a: no agents available; will retry on subsequent port and subnet creation events.
2026-02-25 20:46:42.989 10 INFO neutron.db.ovn_revision_numbers_db [None req-3ca7554e-9604-4504-8773-824f1a1d1fa3 69942630b1764963b8ca7e2504f33926 dc059da607c8428291a20f1efa3ce915 - - default default] Successfully bumped revision number for resource bd59895a-2a5f-48ca-b9ef-ed7287c140e6 (type: ports) to 1
2026-02-25 20:46:43.015 10 INFO neutron.wsgi [None req-3ca7554e-9604-4504-8773-824f1a1d1fa3 69942630b1764963b8ca7e2504f33926 dc059da607c8428291a20f1efa3ce915 - - default default] 10.0.0.201 "POST /v2.0/networks HTTP/1.1" status: 201 len: 825 time: 0.8737028
2026-02-25 20:46:43.027 10 WARNING neutron_lib.context [None req-2af97f3a-1da3-4e6f-a587-523c486fd7d3 69942630b1764963b8ca7e2504f33926 dc059da607c8428291a20f1efa3ce915 - - default default] Method 'is_advsvc' is deprecated since 2023.2 release (neutron-lib 3.8.0) and will be removed once support for the old RBAC API policies will be removed from Neutron. Please use method 'is_service_role' instead.
2026-02-25 20:46:43.188 9 INFO neutron.db.ovn_revision_numbers_db [None req-472f8a67-ced3-4003-93bf-8bbf8f9d1191 0d698a8e394e402f8e10bb6fdf9b5b47 ac992b5c700d42a29ae73e602d023058 - - default default] Successfully bumped revision number for resource 63da4397-fcc8-4385-b7fc-7b1c08d97b30 (type: security_groups) to 1
2026-02-25 20:46:43.220 9 INFO neutron.db.ovn_revision_numbers_db [None req-472f8a67-ced3-4003-93bf-8bbf8f9d1191 0d698a8e394e402f8e10bb6fdf9b5b47 ac992b5c700d42a29ae73e602d023058 - - default default] Successfully bumped revision number for resource 556eeb77-1112-4a19-a2da-75be2504c26c (type: security_group_rules) to 0
2026-02-25 20:46:43.226 9 WARNING neutron.scheduler.dhcp_agent_scheduler [None req-c5eac1b7-a84f-4815-9386-793c155349f6 e53e7a34aa2e40129d5b6099e55c8f75 5851412fb5394396b94786e7abf6cfaa - - default default] No more DHCP agents
2026-02-25 20:46:43.230 9 WARNING neutron.api.rpc.agentnotifiers.dhcp_rpc_agent_api [None req-c5eac1b7-a84f-4815-9386-793c155349f6 e53e7a34aa2e40129d5b6099e55c8f75 5851412fb5394396b94786e7abf6cfaa - - default default] Unable to schedule network 5e95440b-9725-43e7-8645-6764810256b5: no agents available; will retry on subsequent port and subnet creation events.
2026-02-25 20:46:43.244 9 INFO neutron.db.ovn_revision_numbers_db [None req-472f8a67-ced3-4003-93bf-8bbf8f9d1191 0d698a8e394e402f8e10bb6fdf9b5b47 ac992b5c700d42a29ae73e602d023058 - - default default] Successfully bumped revision number for resource 9a0b7c56-114e-4bc3-bbe0-58161d273fde (type: security_group_rules) to 0
2026-02-25 20:46:43.266 9 INFO neutron.db.ovn_revision_numbers_db [None req-472f8a67-ced3-4003-93bf-8bbf8f9d1191 0d698a8e394e402f8e10bb6fdf9b5b47 ac992b5c700d42a29ae73e602d023058 - - default default] Successfully bumped revision number for resource d2e22e13-9900-48f5-a035-7572c4ff118f (type: security_group_rules) to 0
2026-02-25 20:46:43.282 9 INFO neutron.db.ovn_revision_numbers_db [None req-472f8a67-ced3-4003-93bf-8bbf8f9d1191 0d698a8e394e402f8e10bb6fdf9b5b47 ac992b5c700d42a29ae73e602d023058 - - default default] Successfully bumped revision number for resource f50250ff-1173-406c-b370-56afdaf2cce4 (type: security_group_rules) to 0
2026-02-25 20:46:43.313 10 WARNING neutron.scheduler.dhcp_agent_scheduler [None req-2af97f3a-1da3-4e6f-a587-523c486fd7d3 69942630b1764963b8ca7e2504f33926 dc059da607c8428291a20f1efa3ce915 - - default default] No more DHCP agents
2026-02-25 20:46:43.316 10 WARNING neutron.api.rpc.agentnotifiers.dhcp_rpc_agent_api [None req-2af97f3a-1da3-4e6f-a587-523c486fd7d3 69942630b1764963b8ca7e2504f33926 dc059da607c8428291a20f1efa3ce915 - - default default] Unable to schedule network 71b5275f-caff-415f-bad9-4f1a2834ea3a: no agents available; will retry on subsequent port and subnet creation events.
2026-02-25 20:46:43.328 9 INFO neutron.wsgi [None req-472f8a67-ced3-4003-93bf-8bbf8f9d1191 0d698a8e394e402f8e10bb6fdf9b5b47 ac992b5c700d42a29ae73e602d023058 - - default default] 10.0.0.201 "GET /v2.0/security-groups?tenant_id=499e15fce5ee4edf98fc298d47e87e0a&name=default HTTP/1.1" status: 200 len: 3120 time: 0.4459646
2026-02-25 20:46:43.341 9 INFO neutron.wsgi [-] 10.0.0.125 "GET / HTTP/1.1" status: 200 len: 247 time: 0.0013654
2026-02-25 20:46:43.342 9 INFO neutron.wsgi [-] 10.0.0.125 "GET / HTTP/1.1" status: 200 len: 247 time: 0.0008852
2026-02-25 20:46:43.631 9 INFO neutron.wsgi [None req-38783b9b-bd5c-44e7-b052-e2265393e367 0d698a8e394e402f8e10bb6fdf9b5b47 ac992b5c700d42a29ae73e602d023058 - - default default] 10.0.0.201 "DELETE /v2.0/security-groups/63da4397-fcc8-4385-b7fc-7b1c08d97b30 HTTP/1.1" status: 204 len: 168 time: 0.2949052
2026-02-25 20:46:43.644 9 INFO neutron.wsgi [None req-c5eac1b7-a84f-4815-9386-793c155349f6 e53e7a34aa2e40129d5b6099e55c8f75 5851412fb5394396b94786e7abf6cfaa - - default default] 10.0.0.201 "POST /v2.0/floatingips HTTP/1.1" status: 201 len: 751 time: 0.8742785
2026-02-25 20:46:43.705 9 INFO neutron.wsgi [None req-4c3b18e8-ca0a-4aa1-bee0-6d3d5758fbb8 e53e7a34aa2e40129d5b6099e55c8f75 5851412fb5394396b94786e7abf6cfaa - - default default] 10.0.0.201 "PUT /v2.0/floatingips/b033667d-e9de-4e3b-a0ef-c5236833d457/tags HTTP/1.1" status: 200 len: 218 time: 0.0565338
2026-02-25 20:46:43.746 9 INFO neutron.wsgi [None req-9de7a7b9-ef97-4568-998d-14764aa793fd e53e7a34aa2e40129d5b6099e55c8f75 5851412fb5394396b94786e7abf6cfaa - - default default] 10.0.0.201 "GET /v2.0/floatingips/b033667d-e9de-4e3b-a0ef-c5236833d457/tags HTTP/1.1" status: 200 len: 218 time: 0.0362163
2026-02-25 20:46:43.793 9 INFO neutron.wsgi [None req-c4ac80a2-e533-42f9-92ef-6fbeabb34d5e e53e7a34aa2e40129d5b6099e55c8f75 5851412fb5394396b94786e7abf6cfaa - - default default] 10.0.0.201 "PUT /v2.0/floatingips/b033667d-e9de-4e3b-a0ef-c5236833d457/tags/green HTTP/1.1" status: 201 len: 201 time: 0.0441098
2026-02-25 20:46:43.835 9 INFO neutron.wsgi [None req-b48748fd-d66e-40bf-8b3a-7f3887ec4c1b e53e7a34aa2e40129d5b6099e55c8f75 5851412fb5394396b94786e7abf6cfaa - - default default] 10.0.0.201 "GET /v2.0/floatingips/b033667d-e9de-4e3b-a0ef-c5236833d457/tags HTTP/1.1" status: 200 len: 227 time: 0.0368023
2026-02-25 20:46:43.852 10 INFO neutron.db.ovn_revision_numbers_db [None req-2af97f3a-1da3-4e6f-a587-523c486fd7d3 69942630b1764963b8ca7e2504f33926 dc059da607c8428291a20f1efa3ce915 - - default default] Successfully bumped revision number for resource bd59895a-2a5f-48ca-b9ef-ed7287c140e6 (type: ports) to 2
2026-02-25 20:46:43.878 9 INFO neutron.wsgi [None req-a279a4e3-10b3-4e69-ac51-73e87f6cbaf6 e53e7a34aa2e40129d5b6099e55c8f75 5851412fb5394396b94786e7abf6cfaa - - default default] 10.0.0.201 "PUT /v2.0/floatingips/b033667d-e9de-4e3b-a0ef-c5236833d457/tags/red HTTP/1.1" status: 201 len: 201 time: 0.0371463
2026-02-25 20:46:43.915 9 INFO neutron.wsgi [None req-316609fc-2ea4-42f7-8dcb-ec1c71741903 e53e7a34aa2e40129d5b6099e55c8f75 5851412fb5394396b94786e7abf6cfaa - - default default] 10.0.0.201 "GET /v2.0/floatingips/b033667d-e9de-4e3b-a0ef-c5236833d457/tags HTTP/1.1" status: 200 len: 227 time: 0.0316024
2026-02-25 20:46:43.964 9 INFO neutron.wsgi [None req-d96606bd-3fe8-4829-80e1-66049feeb1b2 e53e7a34aa2e40129d5b6099e55c8f75 5851412fb5394396b94786e7abf6cfaa - - default default] 10.0.0.201 "PUT /v2.0/floatingips/b033667d-e9de-4e3b-a0ef-c5236833d457/tags/black.or.white HTTP/1.1" status: 201 len: 201 time: 0.0439892
