2026-02-25 20:43:22.134 10 INFO neutron.plugins.ml2.plugin [None req-c3854714-3512-4426-ab4e-5bcbda3ed518 - - - - - -] Attempt 1 to provision port 5ccfef22-2084-43eb-9fd1-2d4fdf7850a9
2026-02-25 20:43:22.170 10 INFO neutron.db.ovn_revision_numbers_db [None req-dd233fc6-37cd-47ff-87f1-849fa7e7ed17 34c4b1b105fe412f83f11f24cb353017 389ffe3cbf3e44cfa1ad8178f60ad511 - - default default] Successfully bumped revision number for resource 77a8935a-9769-4964-aea3-ba264e6e74ca (type: security_group_rules) to 0
2026-02-25 20:43:22.198 10 INFO neutron.db.ovn_revision_numbers_db [None req-dd233fc6-37cd-47ff-87f1-849fa7e7ed17 34c4b1b105fe412f83f11f24cb353017 389ffe3cbf3e44cfa1ad8178f60ad511 - - default default] Successfully bumped revision number for resource edf960c3-58b2-442d-ae6c-311a8c606827 (type: security_group_rules) to 0
2026-02-25 20:43:22.228 10 INFO neutron.wsgi [None req-dd233fc6-37cd-47ff-87f1-849fa7e7ed17 34c4b1b105fe412f83f11f24cb353017 389ffe3cbf3e44cfa1ad8178f60ad511 - - default default] 10.0.0.201 "POST /v2.0/security-groups HTTP/1.1" status: 201 len: 1861 time: 0.3389485
2026-02-25 20:43:22.241 10 WARNING neutron_lib.context [None req-1d6bfb4f-7bd4-4f12-9c12-1a3ac9e272ba 34c4b1b105fe412f83f11f24cb353017 389ffe3cbf3e44cfa1ad8178f60ad511 - - default default] Method 'is_advsvc' is deprecated since 2023.2 release (neutron-lib 3.8.0) and will be removed once support for the old RBAC API policies will be removed from Neutron. Please use method 'is_service_role' instead.
2026-02-25 20:43:22.311 10 INFO neutron.plugins.ml2.drivers.ovn.mech_driver.mech_driver [None req-c3854714-3512-4426-ab4e-5bcbda3ed518 - - - - - -] OVN reports status up for port: e59f4fee-19d4-4050-8459-a3eaf903cde8
2026-02-25 20:43:22.324 10 INFO neutron.plugins.ml2.plugin [None req-c3854714-3512-4426-ab4e-5bcbda3ed518 - - - - - -] Attempt 1 to provision port e59f4fee-19d4-4050-8459-a3eaf903cde8
2026-02-25 20:43:22.488 10 INFO neutron.db.ovn_revision_numbers_db [None req-1d6bfb4f-7bd4-4f12-9c12-1a3ac9e272ba 34c4b1b105fe412f83f11f24cb353017 389ffe3cbf3e44cfa1ad8178f60ad511 - - default default] Successfully bumped revision number for resource e0266533-a963-4467-a25e-20103a01d319 (type: security_group_rules) to 0
2026-02-25 20:43:22.684 10 INFO neutron.wsgi [None req-1d6bfb4f-7bd4-4f12-9c12-1a3ac9e272ba 34c4b1b105fe412f83f11f24cb353017 389ffe3cbf3e44cfa1ad8178f60ad511 - - default default] 10.0.0.201 "POST /v2.0/security-group-rules HTTP/1.1" status: 201 len: 796 time: 0.4506817
2026-02-25 20:43:22.701 9 WARNING neutron_lib.context [None req-3f8471f1-4d3c-4bc0-8db6-cc05b8d2504d 34c4b1b105fe412f83f11f24cb353017 389ffe3cbf3e44cfa1ad8178f60ad511 - - default default] Method 'is_advsvc' is deprecated since 2023.2 release (neutron-lib 3.8.0) and will be removed once support for the old RBAC API policies will be removed from Neutron. Please use method 'is_service_role' instead.
2026-02-25 20:43:22.709 10 INFO neutron.wsgi [req-914d5629-cf2f-4d8e-be71-b145e130c695 req-176c8079-7e08-4850-b15b-12d3cae11fca 3f4df6bbf417472aa9e42d0c8b28a032 47df2ebd2f614491b9e9a7e2b9aeeb5e - - default default] 10.0.0.76 "GET /v2.0/ports?device_id=59b60c04-9a24-46ca-a1ff-b552df57def5 HTTP/1.1" status: 200 len: 210 time: 0.0296655
2026-02-25 20:43:22.761 9 INFO neutron.wsgi [req-4c9ec985-570b-40c7-8133-c962ecc4e086 req-60973189-d44d-455f-936b-3d1c5c5b417f 3f4df6bbf417472aa9e42d0c8b28a032 47df2ebd2f614491b9e9a7e2b9aeeb5e - - default default] 199.204.45.169 "GET /v2.0/networks?id=4bedb0f5-513a-4f90-b447-879decb1d078 HTTP/1.1" status: 200 len: 874 time: 0.1678565
2026-02-25 20:43:22.840 9 INFO neutron.wsgi [req-4c9ec985-570b-40c7-8133-c962ecc4e086 req-b9342405-0d87-4ab7-922f-89b6f878b110 3f4df6bbf417472aa9e42d0c8b28a032 47df2ebd2f614491b9e9a7e2b9aeeb5e - - default default] 199.204.45.169 "GET /v2.0/security-groups?fields=id&fields=name&tenant_id=47df2ebd2f614491b9e9a7e2b9aeeb5e HTTP/1.1" status: 200 len: 380 time: 0.0569522
2026-02-25 20:43:22.851 9 WARNING neutron_lib.context [req-4c9ec985-570b-40c7-8133-c962ecc4e086 req-f5b4ba73-8c08-4b0d-8e91-2b7a47298396 3f4df6bbf417472aa9e42d0c8b28a032 47df2ebd2f614491b9e9a7e2b9aeeb5e - - default default] Method 'is_advsvc' is deprecated since 2023.2 release (neutron-lib 3.8.0) and will be removed once support for the old RBAC API policies will be removed from Neutron. Please use method 'is_service_role' instead.
2026-02-25 20:43:22.991 9 INFO neutron.db.ovn_revision_numbers_db [None req-3f8471f1-4d3c-4bc0-8db6-cc05b8d2504d 34c4b1b105fe412f83f11f24cb353017 389ffe3cbf3e44cfa1ad8178f60ad511 - - default default] Successfully bumped revision number for resource f6adcf5e-1cd1-4212-9a52-f13829ffb986 (type: security_group_rules) to 0
2026-02-25 20:43:23.023 9 INFO neutron.wsgi [None req-3f8471f1-4d3c-4bc0-8db6-cc05b8d2504d 34c4b1b105fe412f83f11f24cb353017 389ffe3cbf3e44cfa1ad8178f60ad511 - - default default] 10.0.0.201 "POST /v2.0/security-group-rules HTTP/1.1" status: 201 len: 801 time: 0.3310997
2026-02-25 20:43:23.035 9 WARNING neutron_lib.context [None req-a8d5898b-84a3-45d2-9ab1-42e6f3a0e17e 34c4b1b105fe412f83f11f24cb353017 389ffe3cbf3e44cfa1ad8178f60ad511 - - default default] Method 'is_advsvc' is deprecated since 2023.2 release (neutron-lib 3.8.0) and will be removed once support for the old RBAC API policies will be removed from Neutron. Please use method 'is_service_role' instead.
2026-02-25 20:43:23.096 10 INFO neutron.db.ovn_revision_numbers_db [None req-c3854714-3512-4426-ab4e-5bcbda3ed518 - - - - - -] Successfully bumped revision number for resource e59f4fee-19d4-4050-8459-a3eaf903cde8 (type: ports) to 2
2026-02-25 20:43:23.270 10 INFO neutron.wsgi [None req-b9b1468a-ebf5-41ef-9829-c0727acac0c6 0d698a8e394e402f8e10bb6fdf9b5b47 ac992b5c700d42a29ae73e602d023058 - - default default] 10.0.0.201 "PUT /v2.0/routers/cefa793b-b3d4-498d-83f6-385251ed7592/remove_router_interface HTTP/1.1" status: 200 len: 503 time: 2.1297328 /var/lib/openstack/lib/python3.10/site-packages/pycadf/identifier.py:71: UserWarning: Invalid uuid: neutron. To ensure interoperability, identifiers should be a valid uuid. warnings.warn(('Invalid uuid: %s. To ensure interoperability, '
2026-02-25 20:43:23.520 10 INFO neutron.db.ovn_revision_numbers_db [None req-c3854714-3512-4426-ab4e-5bcbda3ed518 - - - - - -] Successfully bumped revision number for resource e59f4fee-19d4-4050-8459-a3eaf903cde8 (type: router_ports) to 2
2026-02-25 20:43:23.552 9 WARNING neutron.scheduler.dhcp_agent_scheduler [None req-a8d5898b-84a3-45d2-9ab1-42e6f3a0e17e 34c4b1b105fe412f83f11f24cb353017 389ffe3cbf3e44cfa1ad8178f60ad511 - - default default] No more DHCP agents
2026-02-25 20:43:23.554 9 WARNING neutron.scheduler.dhcp_agent_scheduler [req-4c9ec985-570b-40c7-8133-c962ecc4e086 req-f5b4ba73-8c08-4b0d-8e91-2b7a47298396 3f4df6bbf417472aa9e42d0c8b28a032 47df2ebd2f614491b9e9a7e2b9aeeb5e - - default default] No more DHCP agents
2026-02-25 20:43:23.555 9 WARNING neutron.api.rpc.agentnotifiers.dhcp_rpc_agent_api [None req-a8d5898b-84a3-45d2-9ab1-42e6f3a0e17e 34c4b1b105fe412f83f11f24cb353017 389ffe3cbf3e44cfa1ad8178f60ad511 - - default default] Unable to schedule network 5e95440b-9725-43e7-8645-6764810256b5: no agents available; will retry on subsequent port and subnet creation events.
2026-02-25 20:43:23.557 9 WARNING neutron.api.rpc.agentnotifiers.dhcp_rpc_agent_api [req-4c9ec985-570b-40c7-8133-c962ecc4e086 req-f5b4ba73-8c08-4b0d-8e91-2b7a47298396 3f4df6bbf417472aa9e42d0c8b28a032 47df2ebd2f614491b9e9a7e2b9aeeb5e - - default default] Unable to schedule network 4bedb0f5-513a-4f90-b447-879decb1d078: no agents available; will retry on subsequent port and subnet creation events.
2026-02-25 20:43:23.758 9 INFO neutron.db.ovn_revision_numbers_db [req-4c9ec985-570b-40c7-8133-c962ecc4e086 req-f5b4ba73-8c08-4b0d-8e91-2b7a47298396 3f4df6bbf417472aa9e42d0c8b28a032 47df2ebd2f614491b9e9a7e2b9aeeb5e - - default default] Successfully bumped revision number for resource a256d5e1-a465-44aa-8ed7-e6d9c054b501 (type: ports) to 1
2026-02-25 20:43:23.790 9 INFO neutron.wsgi [req-4c9ec985-570b-40c7-8133-c962ecc4e086 req-f5b4ba73-8c08-4b0d-8e91-2b7a47298396 3f4df6bbf417472aa9e42d0c8b28a032 47df2ebd2f614491b9e9a7e2b9aeeb5e - - default default] 199.204.45.169 "POST /v2.0/ports HTTP/1.1" status: 201 len: 1162 time: 0.9440694 /var/lib/openstack/lib/python3.10/site-packages/pycadf/identifier.py:71: UserWarning: Invalid uuid: neutron. To ensure interoperability, identifiers should be a valid uuid. warnings.warn(('Invalid uuid: %s. To ensure interoperability, '
2026-02-25 20:43:23.805 9 INFO neutron.wsgi [req-4c9ec985-570b-40c7-8133-c962ecc4e086 req-c833d563-3e1a-425e-90dc-867cc5632297 3f4df6bbf417472aa9e42d0c8b28a032 47df2ebd2f614491b9e9a7e2b9aeeb5e - - default default] 199.204.45.169 "GET /v2.0/extensions HTTP/1.1" status: 200 len: 18683 time: 0.0073647
2026-02-25 20:43:23.852 10 INFO neutron.wsgi [req-56ccf5f9-f327-42ef-947e-5734393e4cfc req-e5a64a94-365e-48cd-901e-c9df1508f516 3f4df6bbf417472aa9e42d0c8b28a032 47df2ebd2f614491b9e9a7e2b9aeeb5e - - default default] 10.0.0.76 "GET /v2.0/ports?device_id=59b60c04-9a24-46ca-a1ff-b552df57def5 HTTP/1.1" status: 200 len: 1160 time: 0.0447443
2026-02-25 20:43:23.893 9 INFO neutron.wsgi [None req-a8d5898b-84a3-45d2-9ab1-42e6f3a0e17e 34c4b1b105fe412f83f11f24cb353017 389ffe3cbf3e44cfa1ad8178f60ad511 - - default default] 10.0.0.201 "POST /v2.0/floatingips HTTP/1.1" status: 201 len: 751 time: 0.8633714
2026-02-25 20:43:24.085 10 INFO neutron.wsgi [req-56ccf5f9-f327-42ef-947e-5734393e4cfc req-9bef0b0e-14cb-4fee-8de0-32b5ecab4098 3f4df6bbf417472aa9e42d0c8b28a032 47df2ebd2f614491b9e9a7e2b9aeeb5e - - default default] 10.0.0.76 "GET /v2.0/security-groups?id=c427432d-ccf4-4419-9422-fec3d6d18745&fields=id&fields=name HTTP/1.1" status: 200 len: 313 time: 0.2067652
2026-02-25 20:43:24.176 10 INFO neutron.wsgi [req-cdc7750e-495b-4363-ab58-58babf691252 req-a8f541ee-287d-45ba-a17d-0821d6681edf 05b55306eaef46549009709975cb937c a079a6c33c1447a8ac59fb7e80a4eb5d - - default default] 10.0.0.76 "GET /v2.0/security-groups?name=tempest-securitygroup--433584417&fields=id&tenant_id=a079a6c33c1447a8ac59fb7e80a4eb5d HTTP/1.1" status: 200 len: 267 time: 0.0866385
2026-02-25 20:43:24.285 10 INFO neutron.wsgi [None req-c86bc4db-5b6d-4140-9a5e-79b96e712de4 0d698a8e394e402f8e10bb6fdf9b5b47 ac992b5c700d42a29ae73e602d023058 - - default default] 10.0.0.201 "DELETE /v2.0/routers/cefa793b-b3d4-498d-83f6-385251ed7592 HTTP/1.1" status: 204 len: 168 time: 1.0094895
2026-02-25 20:43:24.289 10 INFO neutron.wsgi [req-cdc7750e-495b-4363-ab58-58babf691252 req-ab485c84-73a0-473e-9d54-e8987c365036 05b55306eaef46549009709975cb937c a079a6c33c1447a8ac59fb7e80a4eb5d - - default default] 10.0.0.76 "GET /v2.0/networks?id=92d8d19a-0748-4be1-9007-42d0d14bb75c HTTP/1.1" status: 200 len: 879 time: 0.0977263
2026-02-25 20:43:24.302 10 INFO neutron.wsgi [req-cdc7750e-495b-4363-ab58-58babf691252 req-fd3a35d9-1149-4c0e-b0b3-10aa2b7f16e6 05b55306eaef46549009709975cb937c a079a6c33c1447a8ac59fb7e80a4eb5d - - default default] 10.0.0.76 "GET /v2.0/quotas/a079a6c33c1447a8ac59fb7e80a4eb5d HTTP/1.1" status: 200 len: 491 time: 0.0087938
2026-02-25 20:43:24.318 10 INFO neutron.wsgi [req-8c41aacd-a132-485c-9352-62d4dcd85c65 req-1e07e1c0-2896-4f4c-a085-5d94aca8b6bc 34c4b1b105fe412f83f11f24cb353017 389ffe3cbf3e44cfa1ad8178f60ad511 - - default default] 10.0.0.76 "GET /v2.0/security-groups?name=tempest-securitygroup--2083439549&fields=id&tenant_id=389ffe3cbf3e44cfa1ad8178f60ad511 HTTP/1.1" status: 200 len: 267 time: 0.0563691
2026-02-25 20:43:24.424 10 INFO neutron.wsgi [req-8c41aacd-a132-485c-9352-62d4dcd85c65 req-975e2666-15be-4a69-ac4e-8d9c7511831c 34c4b1b105fe412f83f11f24cb353017 389ffe3cbf3e44cfa1ad8178f60ad511 - - default default] 10.0.0.76 "GET /v2.0/networks?id=4a422662-8aad-42f5-a696-3c99bcd5e0e5 HTTP/1.1" status: 200 len: 883 time: 0.0987279
2026-02-25 20:43:24.429 10 INFO neutron.wsgi [req-cdc7750e-495b-4363-ab58-58babf691252 req-fd086ffb-1c5c-4c5d-a4a8-4dc2b2eed5ed 05b55306eaef46549009709975cb937c a079a6c33c1447a8ac59fb7e80a4eb5d - - default default] 10.0.0.76 "GET /v2.0/ports?tenant_id=a079a6c33c1447a8ac59fb7e80a4eb5d&fields=id HTTP/1.1" status: 200 len: 302 time: 0.1226404
2026-02-25 20:43:24.440 10 INFO neutron.wsgi [req-8c41aacd-a132-485c-9352-62d4dcd85c65 req-f9e2463d-18f1-4229-a6a4-29502cb21825 34c4b1b105fe412f83f11f24cb353017 389ffe3cbf3e44cfa1ad8178f60ad511 - - default default] 10.0.0.76 "GET /v2.0/quotas/389ffe3cbf3e44cfa1ad8178f60ad511 HTTP/1.1" status: 200 len: 491 time: 0.0084064
2026-02-25 20:43:24.524 10 INFO neutron.wsgi [req-8c41aacd-a132-485c-9352-62d4dcd85c65 req-bbe2e3d6-366e-4e1d-aff5-c2c0dbba8ca2 34c4b1b105fe412f83f11f24cb353017 389ffe3cbf3e44cfa1ad8178f60ad511 - - default default] 10.0.0.76 "GET /v2.0/ports?tenant_id=389ffe3cbf3e44cfa1ad8178f60ad511&fields=id HTTP/1.1" status: 200 len: 302 time: 0.0768068
2026-02-25 20:43:24.544 9 INFO neutron.wsgi [None req-5d5eb760-ff3f-4b3a-92e4-18f189f22e05 0d698a8e394e402f8e10bb6fdf9b5b47 ac992b5c700d42a29ae73e602d023058 - - default default] 10.0.0.201 "DELETE /v2.0/subnets/8d6e9247-c7de-4ed4-95c1-de9a1703e736 HTTP/1.1" status: 204 len: 168 time: 0.2539718
2026-02-25 20:43:24.610 9 INFO neutron.db.ovn_revision_numbers_db [req-4c9ec985-570b-40c7-8133-c962ecc4e086 req-6e2f3c36-ae50-4516-92d1-fd29745783d7 084b36f1a035471aa53b97d77443deb3 4bbbd375ff5b4618a1682c2bf616e23d - - 8db5709e7de040a180ab3b8e08634144 8db5709e7de040a180ab3b8e08634144] Successfully bumped revision number for resource a256d5e1-a465-44aa-8ed7-e6d9c054b501 (type: ports) to 2
2026-02-25 20:43:24.614 10 INFO neutron.wsgi [req-8c41aacd-a132-485c-9352-62d4dcd85c65 req-6627b76a-7145-42a6-bb8b-450265ce540b 084b36f1a035471aa53b97d77443deb3 4bbbd375ff5b4618a1682c2bf616e23d - - 8db5709e7de040a180ab3b8e08634144 8db5709e7de040a180ab3b8e08634144] 10.0.0.76 "GET /v2.0/networks/4a422662-8aad-42f5-a696-3c99bcd5e0e5?fields=segments HTTP/1.1" status: 200 len: 212 time: 0.0753484
2026-02-25 20:43:24.696 10 INFO neutron.wsgi [req-8c41aacd-a132-485c-9352-62d4dcd85c65 req-735727d5-a68c-4804-9753-2246075befeb 084b36f1a035471aa53b97d77443deb3 4bbbd375ff5b4618a1682c2bf616e23d - - 8db5709e7de040a180ab3b8e08634144 8db5709e7de040a180ab3b8e08634144] 10.0.0.76 "GET /v2.0/networks/4a422662-8aad-42f5-a696-3c99bcd5e0e5?fields=provider%3Aphysical_network&fields=provider%3Anetwork_type HTTP/1.1" status: 200 len: 277 time: 0.0737498
2026-02-25 20:43:24.749 9 WARNING neutron.plugins.ml2.drivers.ovn.mech_driver.ovsdb.ovn_client [None req-dbc7da08-4b5d-47ea-8f36-554762dc2ebe - - - - - -] No hosting information found for port 011ae45e-b5fd-4ee9-aff8-be9aa402232c: RuntimeError: No hosting information found for port 011ae45e-b5fd-4ee9-aff8-be9aa402232c
2026-02-25 20:43:24.749 9 INFO neutron.plugins.ml2.drivers.ovn.mech_driver.mech_driver [None req-dbc7da08-4b5d-47ea-8f36-554762dc2ebe - - - - - -] OVN reports status up for port: 5a6bf653-a218-4a2a-ab85-329b43822e3d
2026-02-25 20:43:24.822 10 INFO neutron.wsgi [req-cdc7750e-495b-4363-ab58-58babf691252 req-bed968f3-8e89-4813-be3a-393c2104ce04 084b36f1a035471aa53b97d77443deb3 4bbbd375ff5b4618a1682c2bf616e23d - - 8db5709e7de040a180ab3b8e08634144 8db5709e7de040a180ab3b8e08634144] 10.0.0.76 "GET /v2.0/extensions HTTP/1.1" status: 200 len: 18683 time: 0.0527749
2026-02-25 20:43:24.852 10 INFO neutron.wsgi [req-00ee78ab-9651-4800-a5df-6b0657a136cc req-c7b96c93-1584-4c7a-85a9-471e66c0bae5 34c4b1b105fe412f83f11f24cb353017 389ffe3cbf3e44cfa1ad8178f60ad511 - - default default] 10.0.0.76 "GET /v2.0/ports?device_id=238a68bf-4bc5-42cd-9724-ea3e3caa7f5f HTTP/1.1" status: 200 len: 210 time: 0.0253124
2026-02-25 20:43:24.875 9 INFO neutron.db.ovn_revision_numbers_db [req-4c9ec985-570b-40c7-8133-c962ecc4e086 req-6e2f3c36-ae50-4516-92d1-fd29745783d7 084b36f1a035471aa53b97d77443deb3 4bbbd375ff5b4618a1682c2bf616e23d - - 8db5709e7de040a180ab3b8e08634144 8db5709e7de040a180ab3b8e08634144] Successfully bumped revision number for resource a256d5e1-a465-44aa-8ed7-e6d9c054b501 (type: ports) to 2
2026-02-25 20:43:24.896 9 INFO neutron.wsgi [req-4c9ec985-570b-40c7-8133-c962ecc4e086 req-6e2f3c36-ae50-4516-92d1-fd29745783d7 084b36f1a035471aa53b97d77443deb3 4bbbd375ff5b4618a1682c2bf616e23d - - 8db5709e7de040a180ab3b8e08634144 8db5709e7de040a180ab3b8e08634144] 199.204.45.169 "PUT /v2.0/ports/a256d5e1-a465-44aa-8ed7-e6d9c054b501 HTTP/1.1" status: 200 len: 1380 time: 0.7790854 /var/lib/openstack/lib/python3.10/site-packages/pycadf/identifier.py:71: UserWarning: Invalid uuid: neutron. To ensure interoperability, identifiers should be a valid uuid. warnings.warn(('Invalid uuid: %s. To ensure interoperability, '
2026-02-25 20:43:24.939 10 INFO neutron.wsgi [req-cdc7750e-495b-4363-ab58-58babf691252 req-42d5da9d-acae-41b6-8d64-41653d4b826f 084b36f1a035471aa53b97d77443deb3 4bbbd375ff5b4618a1682c2bf616e23d - - 8db5709e7de040a180ab3b8e08634144 8db5709e7de040a180ab3b8e08634144] 10.0.0.76 "GET /v2.0/networks/92d8d19a-0748-4be1-9007-42d0d14bb75c?fields=segments HTTP/1.1" status: 200 len: 212 time: 0.1051300
2026-02-25 20:43:25.014 9 INFO neutron.wsgi [req-4c9ec985-570b-40c7-8133-c962ecc4e086 req-2f7fec44-cf54-42db-a59b-4731588b1d53 084b36f1a035471aa53b97d77443deb3 4bbbd375ff5b4618a1682c2bf616e23d - - 8db5709e7de040a180ab3b8e08634144 8db5709e7de040a180ab3b8e08634144] 199.204.45.169 "GET /v2.0/ports?tenant_id=47df2ebd2f614491b9e9a7e2b9aeeb5e&device_id=59b60c04-9a24-46ca-a1ff-b552df57def5 HTTP/1.1" status: 200 len: 1411 time: 0.0808136
2026-02-25 20:43:25.050 10 INFO neutron.wsgi [req-cdc7750e-495b-4363-ab58-58babf691252 req-dc1051a6-371e-4ba7-9c7a-492fcbd6d5e4 084b36f1a035471aa53b97d77443deb3 4bbbd375ff5b4618a1682c2bf616e23d - - 8db5709e7de040a180ab3b8e08634144 8db5709e7de040a180ab3b8e08634144] 10.0.0.76 "GET /v2.0/networks/92d8d19a-0748-4be1-9007-42d0d14bb75c?fields=provider%3Aphysical_network&fields=provider%3Anetwork_type HTTP/1.1" status: 200 len: 277 time: 0.1056290
2026-02-25 20:43:25.060 9 INFO neutron.wsgi [req-4c9ec985-570b-40c7-8133-c962ecc4e086 req-4ccf56b9-0a01-4f85-b47d-16e409758aff 084b36f1a035471aa53b97d77443deb3 4bbbd375ff5b4618a1682c2bf616e23d - - 8db5709e7de040a180ab3b8e08634144 8db5709e7de040a180ab3b8e08634144] 199.204.45.169 "GET /v2.0/floatingips?fixed_ip_address=10.100.0.12&port_id=a256d5e1-a465-44aa-8ed7-e6d9c054b501 HTTP/1.1" status: 200 len: 217 time: 0.0319624
2026-02-25 20:43:25.083 10 INFO neutron.wsgi [None req-027c13a0-4f47-45b7-97a1-4152a995c9ec 0d698a8e394e402f8e10bb6fdf9b5b47 ac992b5c700d42a29ae73e602d023058 - - default default] 10.0.0.201 "DELETE /v2.0/networks/33658cd5-cb12-4c42-a5a1-afd3d5da7fc3 HTTP/1.1" status: 204 len: 168 time: 0.5348158
2026-02-25 20:43:25.146 9 INFO neutron.wsgi [req-4c9ec985-570b-40c7-8133-c962ecc4e086 req-e4f0c822-b8ff-42e1-af6e-9fa0c083ef71 084b36f1a035471aa53b97d77443deb3 4bbbd375ff5b4618a1682c2bf616e23d - - 8db5709e7de040a180ab3b8e08634144 8db5709e7de040a180ab3b8e08634144] 199.204.45.169 "GET /v2.0/subnets?id=94700411-a9b7-46a4-8688-bb74053add75 HTTP/1.1" status: 200 len: 868 time: 0.0674438
2026-02-25 20:43:25.186 9 INFO neutron.wsgi [req-4c9ec985-570b-40c7-8133-c962ecc4e086 req-fe55854b-26d2-4279-bcc0-3bf23c174ef0 084b36f1a035471aa53b97d77443deb3 4bbbd375ff5b4618a1682c2bf616e23d - - 8db5709e7de040a180ab3b8e08634144 8db5709e7de040a180ab3b8e08634144] 199.204.45.169 "GET /v2.0/ports?network_id=4bedb0f5-513a-4f90-b447-879decb1d078&device_owner=network%3Adhcp HTTP/1.1" status: 200 len: 210 time: 0.0315616
2026-02-25 20:43:25.239 10 INFO neutron.wsgi [req-250ad0c2-a12c-4a3d-a5e9-9eab54cbfb21 req-160c5877-1e70-45fc-9571-a9e3fd65198d 3f4df6bbf417472aa9e42d0c8b28a032 47df2ebd2f614491b9e9a7e2b9aeeb5e - - default default] 10.0.0.76 "GET /v2.0/ports?device_id=59b60c04-9a24-46ca-a1ff-b552df57def5 HTTP/1.1" status: 200 len: 1172 time: 0.0742290
2026-02-25 20:43:25.287 10 INFO neutron.wsgi [req-250ad0c2-a12c-4a3d-a5e9-9eab54cbfb21 req-c634e6ee-60d0-44e1-a78c-dcba6dd25553 3f4df6bbf417472aa9e42d0c8b28a032 47df2ebd2f614491b9e9a7e2b9aeeb5e - - default default] 10.0.0.76 "GET /v2.0/security-groups?id=c427432d-ccf4-4419-9422-fec3d6d18745&fields=id&fields=name HTTP/1.1" status: 200 len: 313 time: 0.0411849
2026-02-25 20:43:25.289 9 INFO neutron.wsgi [req-4c9ec985-570b-40c7-8133-c962ecc4e086 req-3cafca2e-d6f5-492c-b840-52d1db6de93a 084b36f1a035471aa53b97d77443deb3 4bbbd375ff5b4618a1682c2bf616e23d - - 8db5709e7de040a180ab3b8e08634144 8db5709e7de040a180ab3b8e08634144] 199.204.45.169 "GET /v2.0/networks/4bedb0f5-513a-4f90-b447-879decb1d078?fields=segments HTTP/1.1" status: 200 len: 212 time: 0.0916803
2026-02-25 20:43:25.333 9 INFO neutron.wsgi [None req-2a7b35ac-b1f5-466d-a815-2ecf9bf8d81a 0d698a8e394e402f8e10bb6fdf9b5b47 ac992b5c700d42a29ae73e602d023058 - - default default] 10.0.0.201 "GET /v2.0/security-groups?tenant_id=fa481509f642460e888ea31040b9e3ed&name=default HTTP/1.1" status: 200 len: 3116 time: 0.0855126
2026-02-25 20:43:25.368 9 INFO neutron.wsgi [req-4c9ec985-570b-40c7-8133-c962ecc4e086 req-2bdf6b1a-7e75-4b8c-b4c3-6b79638b047b 084b36f1a035471aa53b97d77443deb3 4bbbd375ff5b4618a1682c2bf616e23d - - 8db5709e7de040a180ab3b8e08634144 8db5709e7de040a180ab3b8e08634144] 199.204.45.169 "GET /v2.0/networks/4bedb0f5-513a-4f90-b447-879decb1d078?fields=provider%3Aphysical_network&fields=provider%3Anetwork_type HTTP/1.1" status: 200 len: 277 time: 0.0731518
2026-02-25 20:43:25.465 10 INFO neutron.wsgi [req-31f0659d-9ab3-404c-a069-207821650b5a req-b81de370-5837-42bd-9649-8b539a54d2d5 05b55306eaef46549009709975cb937c a079a6c33c1447a8ac59fb7e80a4eb5d - - default default] 10.0.0.76 "GET /v2.0/ports?device_id=f21905ba-8742-4ac2-bce6-1e1be0fa7f9f HTTP/1.1" status: 200 len: 210 time: 0.0401006
2026-02-25 20:43:25.520 9 INFO neutron.notifiers.nova [-] Nova event matching ['req-e4020920-7745-47e8-a618-60339224c216'] response: {'name': 'network-changed', 'server_uuid': '59b60c04-9a24-46ca-a1ff-b552df57def5', 'tag': 'a256d5e1-a465-44aa-8ed7-e6d9c054b501', 'status': 'completed', 'code': 200}
2026-02-25 20:43:25.601 10 INFO neutron.wsgi [None req-3ad8f08b-73db-4f00-8bc7-bd8f676c6a5f 0d698a8e394e402f8e10bb6fdf9b5b47 ac992b5c700d42a29ae73e602d023058 - - default default] 10.0.0.201 "DELETE /v2.0/security-groups/2ead1671-5e6e-4097-b49f-7a4598ec3ab1 HTTP/1.1" status: 204 len: 168 time: 0.2624278
2026-02-25 20:43:25.621 10 INFO neutron.services.segments.plugin [-] Segment 55d9b2ad-309f-492d-8b8e-73fdc8905a60 resource provider aggregate not found
2026-02-25 20:43:25.635 9 INFO neutron.wsgi [req-64064360-f85d-4184-a6e1-8dd1d0fc3090 req-5f978b7f-a54f-4484-b638-8f446fcd1ce2 084b36f1a035471aa53b97d77443deb3 4bbbd375ff5b4618a1682c2bf616e23d - - 8db5709e7de040a180ab3b8e08634144 8db5709e7de040a180ab3b8e08634144] 199.204.45.169 "GET /v2.0/ports?tenant_id=47df2ebd2f614491b9e9a7e2b9aeeb5e&device_id=59b60c04-9a24-46ca-a1ff-b552df57def5 HTTP/1.1" status: 200 len: 1411 time: 0.0388677
2026-02-25 20:43:25.647 10 INFO neutron.services.segments.plugin [-] Segment 55d9b2ad-309f-492d-8b8e-73fdc8905a60 resource provider aggregate not found
2026-02-25 20:43:25.656 10 INFO neutron.services.segments.plugin [-] Segment 55d9b2ad-309f-492d-8b8e-73fdc8905a60 resource provider not found; error: Placement Client Error (4xx): {"errors": [{"status": 404, "title": "Not Found", "detail": "The resource could not be found.\n\n No resource provider with uuid 55d9b2ad-309f-492d-8b8e-73fdc8905a60 found for delete ", "request_id": "req-9acb3137-4f6a-4eb9-8a11-10430504ad0e"}]}
2026-02-25 20:43:25.665 10 INFO neutron.services.segments.plugin [-] Segment 55d9b2ad-309f-492d-8b8e-73fdc8905a60 resource provider not found; error: Placement Client Error (4xx): {"errors": [{"status": 404, "title": "Not Found", "detail": "The resource could not be found.\n\n No resource provider with uuid 55d9b2ad-309f-492d-8b8e-73fdc8905a60 found for delete ", "request_id": "req-9528331f-423f-40c2-8cac-38e40c95e2f8"}]}
2026-02-25 20:43:25.706 9 INFO neutron.wsgi [req-64064360-f85d-4184-a6e1-8dd1d0fc3090 req-08dd0e1c-1de5-42c6-a6ad-6ca834ad2dfa 084b36f1a035471aa53b97d77443deb3 4bbbd375ff5b4618a1682c2bf616e23d - - 8db5709e7de040a180ab3b8e08634144 8db5709e7de040a180ab3b8e08634144] 199.204.45.169 "GET /v2.0/networks?id=4bedb0f5-513a-4f90-b447-879decb1d078 HTTP/1.1" status: 200 len: 973 time: 0.0592706
2026-02-25 20:43:25.748 9 INFO neutron.wsgi [req-64064360-f85d-4184-a6e1-8dd1d0fc3090 req-882c726d-3a83-43f8-9858-aacdff1807d2 084b36f1a035471aa53b97d77443deb3 4bbbd375ff5b4618a1682c2bf616e23d - - 8db5709e7de040a180ab3b8e08634144 8db5709e7de040a180ab3b8e08634144] 199.204.45.169 "GET /v2.0/floatingips?fixed_ip_address=10.100.0.12&port_id=a256d5e1-a465-44aa-8ed7-e6d9c054b501 HTTP/1.1" status: 200 len: 217 time: 0.0346849
2026-02-25 20:43:25.780 9 INFO neutron.wsgi [req-64064360-f85d-4184-a6e1-8dd1d0fc3090 req-b523766f-fd05-4647-8f41-be445c1c0f64 084b36f1a035471aa53b97d77443deb3 4bbbd375ff5b4618a1682c2bf616e23d - - 8db5709e7de040a180ab3b8e08634144 8db5709e7de040a180ab3b8e08634144] 199.204.45.169 "GET /v2.0/subnets?id=94700411-a9b7-46a4-8688-bb74053add75 HTTP/1.1" status: 200 len: 868 time: 0.0271790
2026-02-25 20:43:25.802 9 INFO neutron.wsgi [req-64064360-f85d-4184-a6e1-8dd1d0fc3090 req-6564992c-7e55-4486-bb58-b83b3aa35616 084b36f1a035471aa53b97d77443deb3 4bbbd375ff5b4618a1682c2bf616e23d - - 8db5709e7de040a180ab3b8e08634144 8db5709e7de040a180ab3b8e08634144] 199.204.45.169 "GET /v2.0/ports?network_id=4bedb0f5-513a-4f90-b447-879decb1d078&device_owner=network%3Adhcp HTTP/1.1" status: 200 len: 210 time: 0.0178490
2026-02-25 20:43:25.904 9 INFO neutron.wsgi [req-64064360-f85d-4184-a6e1-8dd1d0fc3090 req-2c614662-2990-44d9-afb2-17dbab55641d 084b36f1a035471aa53b97d77443deb3 4bbbd375ff5b4618a1682c2bf616e23d - - 8db5709e7de040a180ab3b8e08634144 8db5709e7de040a180ab3b8e08634144] 199.204.45.169 "GET /v2.0/networks/4bedb0f5-513a-4f90-b447-879decb1d078?fields=segments HTTP/1.1" status: 200 len: 212 time: 0.0970502
2026-02-25 20:43:25.976 9 INFO neutron.wsgi [req-64064360-f85d-4184-a6e1-8dd1d0fc3090 req-5e8be21e-7de0-4a85-8387-e3fd0a9f811a 084b36f1a035471aa53b97d77443deb3 4bbbd375ff5b4618a1682c2bf616e23d - - 8db5709e7de040a180ab3b8e08634144 8db5709e7de040a180ab3b8e08634144] 199.204.45.169 "GET /v2.0/networks/4bedb0f5-513a-4f90-b447-879decb1d078?fields=provider%3Aphysical_network&fields=provider%3Anetwork_type HTTP/1.1" status: 200 len: 277 time: 0.0593445
2026-02-25 20:43:25.978 10 INFO neutron.wsgi [req-b1d7b16a-fdf2-42fe-9732-915dd3d53ac5 req-4db93153-48af-4cdd-9df3-1fa4b02e015a 34c4b1b105fe412f83f11f24cb353017 389ffe3cbf3e44cfa1ad8178f60ad511 - - default default] 10.0.0.76 "GET /v2.0/ports?device_id=238a68bf-4bc5-42cd-9724-ea3e3caa7f5f HTTP/1.1" status: 200 len: 210 time: 0.0376861
2026-02-25 20:43:26.035 10 INFO neutron.wsgi [req-8c41aacd-a132-485c-9352-62d4dcd85c65 req-041b3496-1fb1-4cb0-8088-530e2afcc340 34c4b1b105fe412f83f11f24cb353017 389ffe3cbf3e44cfa1ad8178f60ad511 - - default default] 199.204.45.169 "GET /v2.0/networks?id=4a422662-8aad-42f5-a696-3c99bcd5e0e5 HTTP/1.1" status: 200 len: 883 time: 0.0715828
2026-02-25 20:43:26.099 10 INFO neutron.wsgi [req-8c41aacd-a132-485c-9352-62d4dcd85c65 req-21445fac-bd30-4399-b284-a0b2781e1a6d 34c4b1b105fe412f83f11f24cb353017 389ffe3cbf3e44cfa1ad8178f60ad511 - - default default] 199.204.45.169 "GET /v2.0/security-groups?fields=id&fields=name&tenant_id=389ffe3cbf3e44cfa1ad8178f60ad511 HTTP/1.1" status: 200 len: 380 time: 0.0527034
2026-02-25 20:43:26.114 10 WARNING neutron_lib.context [req-8c41aacd-a132-485c-9352-62d4dcd85c65 req-545b1088-a282-4b90-a480-1a83f5c623ce 34c4b1b105fe412f83f11f24cb353017 389ffe3cbf3e44cfa1ad8178f60ad511 - - default default] Method 'is_advsvc' is deprecated since 2023.2 release (neutron-lib 3.8.0) and will be removed once support for the old RBAC API policies will be removed from Neutron. Please use method 'is_service_role' instead.
2026-02-25 20:43:26.464 9 INFO neutron.wsgi [req-cdc7750e-495b-4363-ab58-58babf691252 req-e77d8272-95b1-49c5-992b-4f1aa4245035 05b55306eaef46549009709975cb937c a079a6c33c1447a8ac59fb7e80a4eb5d - - default default] 199.204.45.169 "GET /v2.0/networks?id=92d8d19a-0748-4be1-9007-42d0d14bb75c HTTP/1.1" status: 200 len: 879 time: 0.0869596
2026-02-25 20:43:26.517 9 INFO neutron.wsgi [req-cdc7750e-495b-4363-ab58-58babf691252 req-b042b876-0463-4a17-abbf-183edbc30812 05b55306eaef46549009709975cb937c a079a6c33c1447a8ac59fb7e80a4eb5d - - default default] 199.204.45.169 "GET /v2.0/security-groups?fields=id&fields=name&tenant_id=a079a6c33c1447a8ac59fb7e80a4eb5d HTTP/1.1" status: 200 len: 379 time: 0.0475876
2026-02-25 20:43:26.561 9 WARNING neutron_lib.context [req-cdc7750e-495b-4363-ab58-58babf691252 req-ffb7793a-d139-4d07-8794-4e8f5a9d0cfa 05b55306eaef46549009709975cb937c a079a6c33c1447a8ac59fb7e80a4eb5d - - default default] Method 'is_advsvc' is deprecated since 2023.2 release (neutron-lib 3.8.0) and will be removed once support for the old RBAC API policies will be removed from Neutron. Please use method 'is_service_role' instead.
2026-02-25 20:43:26.625 10 INFO neutron.wsgi [req-e3230eec-55d2-486e-bbc0-6b8246db723d req-f667e003-7360-45ca-93ca-3429f1019df4 05b55306eaef46549009709975cb937c a079a6c33c1447a8ac59fb7e80a4eb5d - - default default] 10.0.0.76 "GET /v2.0/ports?device_id=f21905ba-8742-4ac2-bce6-1e1be0fa7f9f HTTP/1.1" status: 200 len: 210 time: 0.0257752
2026-02-25 20:43:26.661 10 INFO neutron.wsgi [req-79eb7277-dca7-4aea-8119-3c6491a33958 req-d56dfd60-5a9a-4228-8759-a9a35951f40f 3f4df6bbf417472aa9e42d0c8b28a032 47df2ebd2f614491b9e9a7e2b9aeeb5e - - default default] 10.0.0.76 "GET /v2.0/ports?device_id=59b60c04-9a24-46ca-a1ff-b552df57def5 HTTP/1.1" status: 200 len: 1172 time: 0.2977858
2026-02-25 20:43:26.734 10 INFO neutron.wsgi [req-79eb7277-dca7-4aea-8119-3c6491a33958 req-f471d2f2-83b3-4566-841c-b794a7441122 3f4df6bbf417472aa9e42d0c8b28a032 47df2ebd2f614491b9e9a7e2b9aeeb5e - - default default] 10.0.0.76 "GET /v2.0/security-groups?id=c427432d-ccf4-4419-9422-fec3d6d18745&fields=id&fields=name HTTP/1.1" status: 200 len: 313 time: 0.0653820
2026-02-25 20:43:26.747 10 WARNING neutron.scheduler.dhcp_agent_scheduler [req-8c41aacd-a132-485c-9352-62d4dcd85c65 req-545b1088-a282-4b90-a480-1a83f5c623ce 34c4b1b105fe412f83f11f24cb353017 389ffe3cbf3e44cfa1ad8178f60ad511 - - default default] No more DHCP agents
2026-02-25 20:43:26.758 10 WARNING neutron.api.rpc.agentnotifiers.dhcp_rpc_agent_api [req-8c41aacd-a132-485c-9352-62d4dcd85c65 req-545b1088-a282-4b90-a480-1a83f5c623ce 34c4b1b105fe412f83f11f24cb353017 389ffe3cbf3e44cfa1ad8178f60ad511 - - default default] Unable to schedule network 4a422662-8aad-42f5-a696-3c99bcd5e0e5: no agents available; will retry on subsequent port and subnet creation events.
2026-02-25 20:43:26.916 10 INFO neutron.db.ovn_revision_numbers_db [req-8c41aacd-a132-485c-9352-62d4dcd85c65 req-545b1088-a282-4b90-a480-1a83f5c623ce 34c4b1b105fe412f83f11f24cb353017 389ffe3cbf3e44cfa1ad8178f60ad511 - - default default] Successfully bumped revision number for resource 275f41da-1f46-4c6c-913d-0c50b3aff280 (type: ports) to 1
2026-02-25 20:43:26.937 10 INFO neutron.wsgi [req-8c41aacd-a132-485c-9352-62d4dcd85c65 req-545b1088-a282-4b90-a480-1a83f5c623ce 34c4b1b105fe412f83f11f24cb353017 389ffe3cbf3e44cfa1ad8178f60ad511 - - default default] 199.204.45.169 "POST /v2.0/ports HTTP/1.1" status: 201 len: 1162 time: 0.8290727 /var/lib/openstack/lib/python3.10/site-packages/pycadf/identifier.py:71: UserWarning: Invalid uuid: neutron. To ensure interoperability, identifiers should be a valid uuid. warnings.warn(('Invalid uuid: %s. To ensure interoperability, '
2026-02-25 20:43:27.058 9 WARNING neutron.scheduler.dhcp_agent_scheduler [req-cdc7750e-495b-4363-ab58-58babf691252 req-ffb7793a-d139-4d07-8794-4e8f5a9d0cfa 05b55306eaef46549009709975cb937c a079a6c33c1447a8ac59fb7e80a4eb5d - - default default] No more DHCP agents
2026-02-25 20:43:27.060 9 WARNING neutron.api.rpc.agentnotifiers.dhcp_rpc_agent_api [req-cdc7750e-495b-4363-ab58-58babf691252 req-ffb7793a-d139-4d07-8794-4e8f5a9d0cfa 05b55306eaef46549009709975cb937c a079a6c33c1447a8ac59fb7e80a4eb5d - - default default] Unable to schedule network 92d8d19a-0748-4be1-9007-42d0d14bb75c: no agents available; will retry on subsequent port and subnet creation events.
2026-02-25 20:43:27.107 10 INFO neutron.wsgi [req-8e8468a5-0425-4e0d-a502-463f719237b5 req-3842b5c5-8a38-40f7-907d-e6f84f3ac9ab 34c4b1b105fe412f83f11f24cb353017 389ffe3cbf3e44cfa1ad8178f60ad511 - - default default] 10.0.0.76 "GET /v2.0/ports?device_id=238a68bf-4bc5-42cd-9724-ea3e3caa7f5f HTTP/1.1" status: 200 len: 1160 time: 0.0482593
2026-02-25 20:43:27.173 10 INFO neutron.wsgi [req-8e8468a5-0425-4e0d-a502-463f719237b5 req-3f2ecc38-c7c8-4359-866e-18e8b5ff823d 34c4b1b105fe412f83f11f24cb353017 389ffe3cbf3e44cfa1ad8178f60ad511 - - default default] 10.0.0.76 "GET /v2.0/security-groups?id=91fe4d6b-6cfa-4288-91b8-0a310f317716&fields=id&fields=name HTTP/1.1" status: 200 len: 313 time: 0.0508096
2026-02-25 20:43:27.210 9 INFO neutron.db.ovn_revision_numbers_db [req-cdc7750e-495b-4363-ab58-58babf691252 req-ffb7793a-d139-4d07-8794-4e8f5a9d0cfa 05b55306eaef46549009709975cb937c a079a6c33c1447a8ac59fb7e80a4eb5d - - default default] Successfully bumped revision number for resource 05a73ab8-0d87-421c-b097-73e1a69af027 (type: ports) to 1
2026-02-25 20:43:27.235 9 INFO neutron.wsgi [req-cdc7750e-495b-4363-ab58-58babf691252 req-ffb7793a-d139-4d07-8794-4e8f5a9d0cfa 05b55306eaef46549009709975cb937c a079a6c33c1447a8ac59fb7e80a4eb5d - - default default] 199.204.45.169 "POST /v2.0/ports HTTP/1.1" status: 201 len: 1158 time: 0.6816115 /var/lib/openstack/lib/python3.10/site-packages/pycadf/identifier.py:71: UserWarning: Invalid uuid: neutron. To ensure interoperability, identifiers should be a valid uuid. warnings.warn(('Invalid uuid: %s. To ensure interoperability, '
2026-02-25 20:43:27.475 10 INFO neutron.db.ovn_revision_numbers_db [req-8c41aacd-a132-485c-9352-62d4dcd85c65 req-09743001-9028-46da-9e0d-79e5aa59a669 084b36f1a035471aa53b97d77443deb3 4bbbd375ff5b4618a1682c2bf616e23d - - 8db5709e7de040a180ab3b8e08634144 8db5709e7de040a180ab3b8e08634144] Successfully bumped revision number for resource 275f41da-1f46-4c6c-913d-0c50b3aff280 (type: ports) to 2
2026-02-25 20:43:27.614 9 INFO neutron.plugins.ml2.drivers.ovn.mech_driver.mech_driver [None req-dbc7da08-4b5d-47ea-8f36-554762dc2ebe - - - - - -] OVN reports status up for port: a256d5e1-a465-44aa-8ed7-e6d9c054b501
2026-02-25 20:43:27.642 9 INFO neutron.plugins.ml2.plugin [None req-dbc7da08-4b5d-47ea-8f36-554762dc2ebe - - - - - -] Attempt 1 to provision port a256d5e1-a465-44aa-8ed7-e6d9c054b501 /var/lib/openstack/lib/python3.10/site-packages/pycadf/identifier.py:71: UserWarning: Invalid uuid: neutron. To ensure interoperability, identifiers should be a valid uuid. warnings.warn(('Invalid uuid: %s. To ensure interoperability, '
2026-02-25 20:43:27.742 10 WARNING neutron.plugins.ml2.drivers.ovn.mech_driver.ovsdb.ovn_client [None req-c3854714-3512-4426-ab4e-5bcbda3ed518 - - - - - -] No hosting information found for port e59f4fee-19d4-4050-8459-a3eaf903cde8: RuntimeError: No hosting information found for port e59f4fee-19d4-4050-8459-a3eaf903cde8
2026-02-25 20:43:27.770 10 INFO neutron.wsgi [req-a7563f02-8430-414a-bd86-5835bd6aafee req-fddb1ce8-af91-417a-bdda-9b001f0f87a8 05b55306eaef46549009709975cb937c a079a6c33c1447a8ac59fb7e80a4eb5d - - default default] 10.0.0.76 "GET /v2.0/ports?device_id=f21905ba-8742-4ac2-bce6-1e1be0fa7f9f HTTP/1.1" status: 200 len: 1168 time: 0.0685158
2026-02-25 20:43:27.787 9 INFO neutron.db.ovn_revision_numbers_db [req-cdc7750e-495b-4363-ab58-58babf691252 req-82ab0f0a-d627-484f-9247-c0b52618afb8 084b36f1a035471aa53b97d77443deb3 4bbbd375ff5b4618a1682c2bf616e23d - - 8db5709e7de040a180ab3b8e08634144 8db5709e7de040a180ab3b8e08634144] Successfully bumped revision number for resource 05a73ab8-0d87-421c-b097-73e1a69af027 (type: ports) to 2
2026-02-25 20:43:27.795 10 INFO neutron.db.ovn_revision_numbers_db [req-8c41aacd-a132-485c-9352-62d4dcd85c65 req-09743001-9028-46da-9e0d-79e5aa59a669 084b36f1a035471aa53b97d77443deb3 4bbbd375ff5b4618a1682c2bf616e23d - - 8db5709e7de040a180ab3b8e08634144 8db5709e7de040a180ab3b8e08634144] Successfully bumped revision number for resource 275f41da-1f46-4c6c-913d-0c50b3aff280 (type: ports) to 2
2026-02-25 20:43:27.845 10 INFO neutron.wsgi [req-8c41aacd-a132-485c-9352-62d4dcd85c65 req-09743001-9028-46da-9e0d-79e5aa59a669 084b36f1a035471aa53b97d77443deb3 4bbbd375ff5b4618a1682c2bf616e23d - - 8db5709e7de040a180ab3b8e08634144 8db5709e7de040a180ab3b8e08634144] 199.204.45.169 "PUT /v2.0/ports/275f41da-1f46-4c6c-913d-0c50b3aff280 HTTP/1.1" status: 200 len: 1380 time: 0.9026680
2026-02-25 20:43:27.853 10 INFO neutron.wsgi [req-a7563f02-8430-414a-bd86-5835bd6aafee req-e12ffd16-28c7-4d97-9f2b-f69d60cc5683 05b55306eaef46549009709975cb937c a079a6c33c1447a8ac59fb7e80a4eb5d - - default default] 10.0.0.76 "GET /v2.0/security-groups?id=6a5880af-862a-4fd9-adc6-47e545288bd8&fields=id&fields=name HTTP/1.1" status: 200 len: 312 time: 0.0733972
2026-02-25 20:43:27.870 10 INFO neutron.wsgi [req-b9a2dd50-c579-49c3-809f-b70ee1b8a448 req-498f3fc7-080f-4ed0-994b-4180551ab2cc 3f4df6bbf417472aa9e42d0c8b28a032 47df2ebd2f614491b9e9a7e2b9aeeb5e - - default default] 10.0.0.76 "GET /v2.0/ports?device_id=59b60c04-9a24-46ca-a1ff-b552df57def5 HTTP/1.1" status: 200 len: 1174 time: 0.0629869
2026-02-25 20:43:27.897 9 INFO neutron.notifiers.nova [-] Nova event matching ['req-f08786f9-a4b9-462a-85ff-7cf3f4725a7c'] response: {'server_uuid': '59b60c04-9a24-46ca-a1ff-b552df57def5', 'name': 'network-vif-plugged', 'status': 'completed', 'tag': 'a256d5e1-a465-44aa-8ed7-e6d9c054b501', 'code': 200}
2026-02-25 20:43:27.962 10 INFO neutron.wsgi [req-8c41aacd-a132-485c-9352-62d4dcd85c65 req-c967ab3c-2f0b-4b11-b937-700029e77367 084b36f1a035471aa53b97d77443deb3 4bbbd375ff5b4618a1682c2bf616e23d - - 8db5709e7de040a180ab3b8e08634144 8db5709e7de040a180ab3b8e08634144] 199.204.45.169 "GET /v2.0/ports?tenant_id=389ffe3cbf3e44cfa1ad8178f60ad511&device_id=238a68bf-4bc5-42cd-9724-ea3e3caa7f5f HTTP/1.1" status: 200 len: 1411 time: 0.0713775
2026-02-25 20:43:27.967 10 INFO neutron.wsgi [req-b9a2dd50-c579-49c3-809f-b70ee1b8a448 req-b5a37e37-fce3-4de3-aaa9-381c14472dc5 3f4df6bbf417472aa9e42d0c8b28a032 47df2ebd2f614491b9e9a7e2b9aeeb5e - - default default] 10.0.0.76 "GET /v2.0/security-groups?id=c427432d-ccf4-4419-9422-fec3d6d18745&fields=id&fields=name HTTP/1.1" status: 200 len: 313 time: 0.0921571
2026-02-25 20:43:28.001 10 INFO neutron.wsgi [req-8c41aacd-a132-485c-9352-62d4dcd85c65 req-989ac436-15c5-43d9-9286-6b1ef561d7d2 084b36f1a035471aa53b97d77443deb3 4bbbd375ff5b4618a1682c2bf616e23d - - 8db5709e7de040a180ab3b8e08634144 8db5709e7de040a180ab3b8e08634144] 199.204.45.169 "GET /v2.0/floatingips?fixed_ip_address=10.100.0.11&port_id=275f41da-1f46-4c6c-913d-0c50b3aff280 HTTP/1.1" status: 200 len: 217 time: 0.0298688
2026-02-25 20:43:28.019 10 INFO neutron.db.ovn_revision_numbers_db [None req-117ff445-61dd-40a4-9ebe-22b5ebda88b3 0d698a8e394e402f8e10bb6fdf9b5b47 ac992b5c700d42a29ae73e602d023058 - - default default] Successfully bumped revision number for resource 29ee1f71-6b65-427a-a124-e3a8d8716a14 (type: security_groups) to 1
2026-02-25 20:43:28.053 10 INFO neutron.db.ovn_revision_numbers_db [None req-117ff445-61dd-40a4-9ebe-22b5ebda88b3 0d698a8e394e402f8e10bb6fdf9b5b47 ac992b5c700d42a29ae73e602d023058 - - default default] Successfully bumped revision number for resource 08ec40ba-e522-4473-a5a4-807adf375121 (type: security_group_rules) to 0
2026-02-25 20:43:28.058 10 INFO neutron.wsgi [req-8c41aacd-a132-485c-9352-62d4dcd85c65 req-a357740c-feb5-417a-929c-d9d0c3305abe 084b36f1a035471aa53b97d77443deb3 4bbbd375ff5b4618a1682c2bf616e23d - - 8db5709e7de040a180ab3b8e08634144 8db5709e7de040a180ab3b8e08634144] 199.204.45.169 "GET /v2.0/subnets?id=9a7be76c-a95c-44cc-bfbd-6d243a68b2a0 HTTP/1.1" status: 200 len: 877 time: 0.0492265
2026-02-25 20:43:28.061 9 INFO neutron.db.ovn_revision_numbers_db [None req-dbc7da08-4b5d-47ea-8f36-554762dc2ebe - - - - - -] Successfully bumped revision number for resource a256d5e1-a465-44aa-8ed7-e6d9c054b501 (type: ports) to 4
2026-02-25 20:43:28.074 10 INFO neutron.db.ovn_revision_numbers_db [None req-117ff445-61dd-40a4-9ebe-22b5ebda88b3 0d698a8e394e402f8e10bb6fdf9b5b47 ac992b5c700d42a29ae73e602d023058 - - default default] Successfully bumped revision number for resource 6a718aec-640f-4e1c-87d7-a741466d54eb (type: security_group_rules) to 0
2026-02-25 20:43:28.098 10 INFO neutron.wsgi [req-8c41aacd-a132-485c-9352-62d4dcd85c65 req-46cbd095-9980-493f-b496-89ee3f85a0c5 084b36f1a035471aa53b97d77443deb3 4bbbd375ff5b4618a1682c2bf616e23d - - 8db5709e7de040a180ab3b8e08634144 8db5709e7de040a180ab3b8e08634144] 199.204.45.169 "GET /v2.0/ports?network_id=4a422662-8aad-42f5-a696-3c99bcd5e0e5&device_owner=network%3Adhcp HTTP/1.1" status: 200 len: 210 time: 0.0337124
2026-02-25 20:43:28.111 10 INFO neutron.db.ovn_revision_numbers_db [None req-117ff445-61dd-40a4-9ebe-22b5ebda88b3 0d698a8e394e402f8e10bb6fdf9b5b47 ac992b5c700d42a29ae73e602d023058 - - default default] Successfully bumped revision number for resource 9f45add6-a7e2-42e7-b3dd-130e8567620b (type: security_group_rules) to 0
2026-02-25 20:43:28.117 9 INFO neutron.db.ovn_revision_numbers_db [req-cdc7750e-495b-4363-ab58-58babf691252 req-82ab0f0a-d627-484f-9247-c0b52618afb8 084b36f1a035471aa53b97d77443deb3 4bbbd375ff5b4618a1682c2bf616e23d - - 8db5709e7de040a180ab3b8e08634144 8db5709e7de040a180ab3b8e08634144] Successfully bumped revision number for resource 05a73ab8-0d87-421c-b097-73e1a69af027 (type: ports) to 2
2026-02-25 20:43:28.132 9 INFO neutron.wsgi [req-cdc7750e-495b-4363-ab58-58babf691252 req-82ab0f0a-d627-484f-9247-c0b52618afb8 084b36f1a035471aa53b97d77443deb3 4bbbd375ff5b4618a1682c2bf616e23d - - 8db5709e7de040a180ab3b8e08634144 8db5709e7de040a180ab3b8e08634144] 199.204.45.169 "PUT /v2.0/ports/05a73ab8-0d87-421c-b097-73e1a69af027 HTTP/1.1" status: 200 len: 1376 time: 0.8927059
2026-02-25 20:43:28.155 10 INFO neutron.db.ovn_revision_numbers_db [None req-117ff445-61dd-40a4-9ebe-22b5ebda88b3 0d698a8e394e402f8e10bb6fdf9b5b47 ac992b5c700d42a29ae73e602d023058 - - default default] Successfully bumped revision number for resource b9a62edd-dabf-48d9-af22-7335ed4acc03 (type: security_group_rules) to 0 /var/lib/openstack/lib/python3.10/site-packages/pycadf/identifier.py:71: UserWarning: Invalid uuid: neutron. To ensure interoperability, identifiers should be a valid uuid. warnings.warn(('Invalid uuid: %s. To ensure interoperability, '
2026-02-25 20:43:28.197 10 INFO neutron.wsgi [req-8c41aacd-a132-485c-9352-62d4dcd85c65 req-c1fc5f23-d895-4d69-8122-7044dd535cf2 084b36f1a035471aa53b97d77443deb3 4bbbd375ff5b4618a1682c2bf616e23d - - 8db5709e7de040a180ab3b8e08634144 8db5709e7de040a180ab3b8e08634144] 199.204.45.169 "GET /v2.0/networks/4a422662-8aad-42f5-a696-3c99bcd5e0e5?fields=segments HTTP/1.1" status: 200 len: 212 time: 0.0931232
2026-02-25 20:43:28.219 9 INFO neutron.wsgi [req-cdc7750e-495b-4363-ab58-58babf691252 req-61ecf6f1-f2db-4241-ae7d-d4fa63149a8a 084b36f1a035471aa53b97d77443deb3 4bbbd375ff5b4618a1682c2bf616e23d - - 8db5709e7de040a180ab3b8e08634144 8db5709e7de040a180ab3b8e08634144] 199.204.45.169 "GET /v2.0/ports?tenant_id=a079a6c33c1447a8ac59fb7e80a4eb5d&device_id=f21905ba-8742-4ac2-bce6-1e1be0fa7f9f HTTP/1.1" status: 200 len: 1407 time: 0.0421937
2026-02-25 20:43:28.236 10 INFO neutron.db.segments_db [None req-117ff445-61dd-40a4-9ebe-22b5ebda88b3 0d698a8e394e402f8e10bb6fdf9b5b47 ac992b5c700d42a29ae73e602d023058 - - default default] Added segment aad625a8-f50e-4d86-a64b-522f31560713 of type geneve for network 55722117-b9cc-4001-b6ac-75be54626e04
2026-02-25 20:43:28.247 9 INFO neutron.wsgi [req-cdc7750e-495b-4363-ab58-58babf691252 req-ab118f6e-f5d8-4a21-8982-0d2d16cd3040 084b36f1a035471aa53b97d77443deb3 4bbbd375ff5b4618a1682c2bf616e23d - - 8db5709e7de040a180ab3b8e08634144 8db5709e7de040a180ab3b8e08634144] 199.204.45.169 "GET /v2.0/floatingips?fixed_ip_address=10.100.0.9&port_id=05a73ab8-0d87-421c-b097-73e1a69af027 HTTP/1.1" status: 200 len: 217 time: 0.0228033
2026-02-25 20:43:28.280 9 INFO neutron.wsgi [req-cdc7750e-495b-4363-ab58-58babf691252 req-1a66624e-04b6-43d1-9fd4-b9e4cef5ee99 084b36f1a035471aa53b97d77443deb3 4bbbd375ff5b4618a1682c2bf616e23d - - 8db5709e7de040a180ab3b8e08634144 8db5709e7de040a180ab3b8e08634144] 199.204.45.169 "GET /v2.0/subnets?id=c2ee8b60-fda7-42cf-910c-f08a709728f4 HTTP/1.1" status: 200 len: 873 time: 0.0283353
2026-02-25 20:43:28.309 10 INFO neutron.wsgi [req-8c41aacd-a132-485c-9352-62d4dcd85c65 req-cc5f582d-e5a6-4c76-91a5-d15c683dc1e9 084b36f1a035471aa53b97d77443deb3 4bbbd375ff5b4618a1682c2bf616e23d - - 8db5709e7de040a180ab3b8e08634144 8db5709e7de040a180ab3b8e08634144] 199.204.45.169 "GET /v2.0/networks/4a422662-8aad-42f5-a696-3c99bcd5e0e5?fields=provider%3Aphysical_network&fields=provider%3Anetwork_type HTTP/1.1" status: 200 len: 277 time: 0.1064558
2026-02-25 20:43:28.316 9 INFO neutron.wsgi [req-cdc7750e-495b-4363-ab58-58babf691252 req-a552bc33-f77c-4858-b579-4823556a821b 084b36f1a035471aa53b97d77443deb3 4bbbd375ff5b4618a1682c2bf616e23d - - 8db5709e7de040a180ab3b8e08634144 8db5709e7de040a180ab3b8e08634144] 199.204.45.169 "GET /v2.0/ports?network_id=92d8d19a-0748-4be1-9007-42d0d14bb75c&device_owner=network%3Adhcp HTTP/1.1" status: 200 len: 210 time: 0.0259614
2026-02-25 20:43:28.335 10 INFO neutron.wsgi [req-66019221-83c2-4946-90b6-c71743ea1f70 req-719e45bf-b558-4a2c-8257-7df68dff8f16 34c4b1b105fe412f83f11f24cb353017 389ffe3cbf3e44cfa1ad8178f60ad511 - - default default] 10.0.0.76 "GET /v2.0/ports?device_id=238a68bf-4bc5-42cd-9724-ea3e3caa7f5f HTTP/1.1" status: 200 len: 1172 time: 0.0838823
2026-02-25 20:43:28.338 9 INFO neutron.wsgi [-] 10.0.0.125 "GET / HTTP/1.1" status: 200 len: 247 time: 0.0012543
2026-02-25 20:43:28.339 9 INFO neutron.wsgi [-] 10.0.0.125 "GET / HTTP/1.1" status: 200 len: 247 time: 0.0012360
2026-02-25 20:43:28.375 9 INFO neutron.wsgi [req-cdc7750e-495b-4363-ab58-58babf691252 req-2adaed72-b653-4490-922e-31150af0e03d 084b36f1a035471aa53b97d77443deb3 4bbbd375ff5b4618a1682c2bf616e23d - - 8db5709e7de040a180ab3b8e08634144 8db5709e7de040a180ab3b8e08634144] 199.204.45.169 "GET /v2.0/networks/92d8d19a-0748-4be1-9007-42d0d14bb75c?fields=segments HTTP/1.1" status: 200 len: 212 time: 0.0536959
2026-02-25 20:43:28.427 10 INFO neutron.wsgi [req-66019221-83c2-4946-90b6-c71743ea1f70 req-834a4df1-88a9-483d-8da1-ac4ce6854b16 34c4b1b105fe412f83f11f24cb353017 389ffe3cbf3e44cfa1ad8178f60ad511 - - default default] 10.0.0.76 "GET /v2.0/security-groups?id=91fe4d6b-6cfa-4288-91b8-0a310f317716&fields=id&fields=name HTTP/1.1" status: 200 len: 313 time: 0.0836327
2026-02-25 20:43:28.440 10 INFO neutron.notifiers.nova [-] Nova event matching ['req-5385a7be-dc70-4207-b1b0-1596eca8c8bd'] response: {'name': 'network-changed', 'server_uuid': '238a68bf-4bc5-42cd-9724-ea3e3caa7f5f', 'tag': '275f41da-1f46-4c6c-913d-0c50b3aff280', 'status': 'completed', 'code': 200}
2026-02-25 20:43:28.453 10 INFO neutron.db.ovn_revision_numbers_db [None req-117ff445-61dd-40a4-9ebe-22b5ebda88b3 0d698a8e394e402f8e10bb6fdf9b5b47 ac992b5c700d42a29ae73e602d023058 - - default default] Successfully bumped revision number for resource 55722117-b9cc-4001-b6ac-75be54626e04 (type: networks) to 1
2026-02-25 20:43:28.464 9 INFO neutron.wsgi [req-cdc7750e-495b-4363-ab58-58babf691252 req-4f5d16c2-ad41-4595-870d-d46ec28eaf97 084b36f1a035471aa53b97d77443deb3 4bbbd375ff5b4618a1682c2bf616e23d - - 8db5709e7de040a180ab3b8e08634144 8db5709e7de040a180ab3b8e08634144] 199.204.45.169 "GET /v2.0/networks/92d8d19a-0748-4be1-9007-42d0d14bb75c?fields=provider%3Aphysical_network&fields=provider%3Anetwork_type HTTP/1.1" status: 200 len: 277 time: 0.0783458
2026-02-25 20:43:28.535 10 INFO neutron.wsgi [req-aaa29a5e-4b10-4d86-904f-036f1c04ebbe req-457692f1-9350-40aa-8038-d6d7523b0e8d 084b36f1a035471aa53b97d77443deb3 4bbbd375ff5b4618a1682c2bf616e23d - - 8db5709e7de040a180ab3b8e08634144 8db5709e7de040a180ab3b8e08634144] 199.204.45.169 "GET /v2.0/ports?tenant_id=389ffe3cbf3e44cfa1ad8178f60ad511&device_id=238a68bf-4bc5-42cd-9724-ea3e3caa7f5f HTTP/1.1" status: 200 len: 1411 time: 0.0701787
2026-02-25 20:43:28.546 10 INFO neutron.plugins.ml2.drivers.ovn.mech_driver.mech_driver [None req-c3854714-3512-4426-ab4e-5bcbda3ed518 - - - - - -] OVN reports status up for port: 275f41da-1f46-4c6c-913d-0c50b3aff280
2026-02-25 20:43:28.591 10 INFO neutron.plugins.ml2.plugin [None req-c3854714-3512-4426-ab4e-5bcbda3ed518 - - - - - -] Attempt 1 to provision port 275f41da-1f46-4c6c-913d-0c50b3aff280
2026-02-25 20:43:28.642 10 INFO neutron.wsgi [req-aaa29a5e-4b10-4d86-904f-036f1c04ebbe req-686ec248-0960-412b-a0c7-c38402f55bc8 084b36f1a035471aa53b97d77443deb3 4bbbd375ff5b4618a1682c2bf616e23d - - 8db5709e7de040a180ab3b8e08634144 8db5709e7de040a180ab3b8e08634144] 199.204.45.169 "GET /v2.0/networks?id=4a422662-8aad-42f5-a696-3c99bcd5e0e5 HTTP/1.1" status: 200 len: 982 time: 0.1003928
2026-02-25 20:43:28.675 10 INFO neutron.wsgi [req-aaa29a5e-4b10-4d86-904f-036f1c04ebbe req-aedcaa75-b043-4c26-a878-071801db63bd 084b36f1a035471aa53b97d77443deb3 4bbbd375ff5b4618a1682c2bf616e23d - - 8db5709e7de040a180ab3b8e08634144 8db5709e7de040a180ab3b8e08634144] 199.204.45.169 "GET /v2.0/floatingips?fixed_ip_address=10.100.0.11&port_id=275f41da-1f46-4c6c-913d-0c50b3aff280 HTTP/1.1" status: 200 len: 217 time: 0.0273108
2026-02-25 20:43:28.739 10 INFO neutron.wsgi [req-aaa29a5e-4b10-4d86-904f-036f1c04ebbe req-c8a1522f-9e04-4e98-9955-9d09d016e029 084b36f1a035471aa53b97d77443deb3 4bbbd375ff5b4618a1682c2bf616e23d - - 8db5709e7de040a180ab3b8e08634144 8db5709e7de040a180ab3b8e08634144] 199.204.45.169 "GET /v2.0/subnets?id=9a7be76c-a95c-44cc-bfbd-6d243a68b2a0 HTTP/1.1" status: 200 len: 877 time: 0.0582223
