2026-02-25 20:43:49.141 9 ERROR neutron_lib.callbacks.manager
File "/var/lib/openstack/lib/python3.10/site-packages/neutron/plugins/ml2/drivers/ovn/mech_driver/ovsdb/ovn_client.py", line 1878, in update_router_port
2026-02-25 20:43:49.141 9 ERROR neutron_lib.callbacks.manager self._update_lrouter_port(context, port, if_exists=if_exists,
2026-02-25 20:43:49.141 9 ERROR neutron_lib.callbacks.manager
File "/var/lib/openstack/lib/python3.10/site-packages/neutron/plugins/ml2/drivers/ovn/mech_driver/ovsdb/ovn_client.py", line 1855, in _update_lrouter_port
2026-02-25 20:43:49.141 9 ERROR neutron_lib.callbacks.manager external_ids = self._nb_idl.db_get(
2026-02-25 20:43:49.141 9 ERROR neutron_lib.callbacks.manager
File "/var/lib/openstack/lib/python3.10/site-packages/ovsdbapp/backend/ovs_idl/command.py", line 47, in execute
2026-02-25 20:43:49.141 9 ERROR neutron_lib.callbacks.manager self.run_idl(None)
2026-02-25 20:43:49.141 9 ERROR neutron_lib.callbacks.manager
File "/var/lib/openstack/lib/python3.10/site-packages/ovsdbapp/backend/ovs_idl/command.py", line 235, in run_idl
2026-02-25 20:43:49.141 9 ERROR neutron_lib.callbacks.manager record = self.api.lookup(self.table, self.record)
2026-02-25 20:43:49.141 9 ERROR neutron_lib.callbacks.manager
File "/var/lib/openstack/lib/python3.10/site-packages/ovsdbapp/backend/ovs_idl/__init__.py", line 184, in lookup
2026-02-25 20:43:49.141 9 ERROR neutron_lib.callbacks.manager return self._lookup(table, record)
2026-02-25 20:43:49.141 9 ERROR neutron_lib.callbacks.manager
File "/var/lib/openstack/lib/python3.10/site-packages/ovsdbapp/backend/ovs_idl/__init__.py", line 235, in _lookup
2026-02-25 20:43:49.141 9 ERROR neutron_lib.callbacks.manager row = idlutils.row_by_value(self, rl.table, rl.column, record)
2026-02-25 20:43:49.141 9 ERROR neutron_lib.callbacks.manager
File "/var/lib/openstack/lib/python3.10/site-packages/ovsdbapp/backend/ovs_idl/idlutils.py", line 114, in row_by_value
2026-02-25 20:43:49.141 9 ERROR neutron_lib.callbacks.manager raise RowNotFound(table=table, col=column, match=match)
2026-02-25 20:43:49.141 9 ERROR neutron_lib.callbacks.manager ovsdbapp.backend.ovs_idl.idlutils.RowNotFound: Cannot find Logical_Router_Port with name=lrp-418db789-44d2-4efd-b5e7-a4e8fb138aef
2026-02-25 20:43:49.141 9 ERROR neutron_lib.callbacks.manager 
2026-02-25 20:43:49.426 9 INFO neutron.db.ovn_revision_numbers_db [req-9f61a2d2-cbc8-4eaf-8a5a-09e6379f35eb req-177d158f-6850-4f25-b2ba-cf382c97c98a 34c4b1b105fe412f83f11f24cb353017 389ffe3cbf3e44cfa1ad8178f60ad511 - - default default] Successfully bumped revision number for resource 275f41da-1f46-4c6c-913d-0c50b3aff280 (type: ports) to 5
2026-02-25 20:43:49.443 9 INFO neutron.wsgi [req-9f61a2d2-cbc8-4eaf-8a5a-09e6379f35eb req-177d158f-6850-4f25-b2ba-cf382c97c98a 34c4b1b105fe412f83f11f24cb353017 389ffe3cbf3e44cfa1ad8178f60ad511 - - default default] 199.204.45.169 "PUT /v2.0/ports/275f41da-1f46-4c6c-913d-0c50b3aff280 HTTP/1.1" status: 200 len: 1353 time: 1.2195916 /var/lib/openstack/lib/python3.10/site-packages/pycadf/identifier.py:71: UserWarning: Invalid uuid: neutron. To ensure interoperability, identifiers should be a valid uuid. warnings.warn(('Invalid uuid: %s. To ensure interoperability, '
2026-02-25 20:43:49.484 9 INFO neutron.plugins.ml2.drivers.ovn.mech_driver.mech_driver [None req-dbc7da08-4b5d-47ea-8f36-554762dc2ebe - - - - - -] OVN reports status up for port: 418db789-44d2-4efd-b5e7-a4e8fb138aef
2026-02-25 20:43:49.517 9 INFO neutron.notifiers.nova [-] Nova event matching ['req-229ef655-6f45-4184-8867-81806dc8b86e'] response: {'name': 'network-changed', 'server_uuid': '238a68bf-4bc5-42cd-9724-ea3e3caa7f5f', 'tag': '275f41da-1f46-4c6c-913d-0c50b3aff280', 'status': 'completed', 'code': 200}
2026-02-25 20:43:49.522 9 INFO neutron.plugins.ml2.plugin [None req-dbc7da08-4b5d-47ea-8f36-554762dc2ebe - - - - - -] Attempt 1 to provision port 418db789-44d2-4efd-b5e7-a4e8fb138aef
2026-02-25 20:43:49.530 9 INFO neutron.wsgi [req-9f61a2d2-cbc8-4eaf-8a5a-09e6379f35eb req-71a9a3d0-74a8-4fdc-a483-64a9e3a3a05c 084b36f1a035471aa53b97d77443deb3 4bbbd375ff5b4618a1682c2bf616e23d - - 8db5709e7de040a180ab3b8e08634144 8db5709e7de040a180ab3b8e08634144] 199.204.45.169 "GET /v2.0/ports?tenant_id=389ffe3cbf3e44cfa1ad8178f60ad511&device_id=238a68bf-4bc5-42cd-9724-ea3e3caa7f5f HTTP/1.1" status: 200 len: 1594 time: 0.0678308
2026-02-25 20:43:49.556 9 INFO neutron.db.ovn_revision_numbers_db [None req-b32bc724-8fc9-4c48-a371-52d448893b9b 0d698a8e394e402f8e10bb6fdf9b5b47 ac992b5c700d42a29ae73e602d023058 - - default default] Successfully bumped revision number for resource 418db789-44d2-4efd-b5e7-a4e8fb138aef (type: ports) to 1
2026-02-25 20:43:49.674 9 INFO neutron.wsgi [req-9f61a2d2-cbc8-4eaf-8a5a-09e6379f35eb req-12e5cf99-6d82-42db-9979-6adf0a20383e 084b36f1a035471aa53b97d77443deb3 4bbbd375ff5b4618a1682c2bf616e23d - - 8db5709e7de040a180ab3b8e08634144 8db5709e7de040a180ab3b8e08634144] 199.204.45.169 "GET /v2.0/networks?id=4a422662-8aad-42f5-a696-3c99bcd5e0e5 HTTP/1.1" status: 200 len: 982 time: 0.1347647
2026-02-25 20:43:49.715 9 INFO neutron.db.ovn_revision_numbers_db [None req-884d2436-f9dc-40d6-b212-78cd2293a6dc - - - - - -] Successfully bumped revision number for resource ce667855-6a36-4621-bbde-9f7402e976cf (type: ports) to 4
2026-02-25 20:43:49.740 9 WARNING neutron.scheduler.dhcp_agent_scheduler [None req-b32bc724-8fc9-4c48-a371-52d448893b9b 0d698a8e394e402f8e10bb6fdf9b5b47 ac992b5c700d42a29ae73e602d023058 - - default default] No more DHCP agents
2026-02-25 20:43:49.744 9 WARNING neutron.api.rpc.agentnotifiers.dhcp_rpc_agent_api [None req-b32bc724-8fc9-4c48-a371-52d448893b9b 0d698a8e394e402f8e10bb6fdf9b5b47 ac992b5c700d42a29ae73e602d023058 - - default default] Unable to schedule network f415d678-6962-44e0-b1cd-6f09b3f300b7: no agents available; will retry on subsequent port and subnet creation events.
2026-02-25 20:43:50.015 9 INFO neutron.wsgi [req-9f61a2d2-cbc8-4eaf-8a5a-09e6379f35eb req-5027027d-6aa9-4d69-9fbb-a9057c0cd019 084b36f1a035471aa53b97d77443deb3 4bbbd375ff5b4618a1682c2bf616e23d - - 8db5709e7de040a180ab3b8e08634144 8db5709e7de040a180ab3b8e08634144] 199.204.45.169 "GET /v2.0/floatingips?fixed_ip_address=10.100.0.11&port_id=275f41da-1f46-4c6c-913d-0c50b3aff280 HTTP/1.1" status: 200 len: 1060 time: 0.3307927
2026-02-25 20:43:50.104 9 INFO neutron.wsgi [req-9f61a2d2-cbc8-4eaf-8a5a-09e6379f35eb req-908fbf8f-9a7d-49e9-8a81-c8390919b754 084b36f1a035471aa53b97d77443deb3 4bbbd375ff5b4618a1682c2bf616e23d - - 8db5709e7de040a180ab3b8e08634144 8db5709e7de040a180ab3b8e08634144] 199.204.45.169 "GET /v2.0/floatingips?fixed_ip_address=10.100.0.14&port_id=275f41da-1f46-4c6c-913d-0c50b3aff280 HTTP/1.1" status: 200 len: 217 time: 0.0568342
2026-02-25 20:43:50.221 9 INFO neutron.wsgi [req-9f61a2d2-cbc8-4eaf-8a5a-09e6379f35eb req-9385be4d-75d7-496f-9434-d633083f72de 084b36f1a035471aa53b97d77443deb3 4bbbd375ff5b4618a1682c2bf616e23d - - 8db5709e7de040a180ab3b8e08634144 8db5709e7de040a180ab3b8e08634144] 199.204.45.169 "GET /v2.0/subnets?id=9a7be76c-a95c-44cc-bfbd-6d243a68b2a0 HTTP/1.1" status: 200 len: 877 time: 0.0962076
2026-02-25 20:43:50.271 9 INFO neutron.wsgi [req-9f61a2d2-cbc8-4eaf-8a5a-09e6379f35eb req-31192a81-a215-46cc-b88b-9ada4dc7c50d 084b36f1a035471aa53b97d77443deb3 4bbbd375ff5b4618a1682c2bf616e23d - - 8db5709e7de040a180ab3b8e08634144 8db5709e7de040a180ab3b8e08634144] 199.204.45.169 "GET /v2.0/ports?network_id=4a422662-8aad-42f5-a696-3c99bcd5e0e5&device_owner=network%3Adhcp HTTP/1.1" status: 200 len: 210 time: 0.0441921
2026-02-25 20:43:50.439 9 INFO neutron.wsgi [req-9f61a2d2-cbc8-4eaf-8a5a-09e6379f35eb req-0906ec95-8232-493c-acfa-7f28c16d5f3a 084b36f1a035471aa53b97d77443deb3 4bbbd375ff5b4618a1682c2bf616e23d - - 8db5709e7de040a180ab3b8e08634144 8db5709e7de040a180ab3b8e08634144] 199.204.45.169 "GET /v2.0/networks/4a422662-8aad-42f5-a696-3c99bcd5e0e5?fields=segments HTTP/1.1" status: 200 len: 212 time: 0.1534824
2026-02-25 20:43:50.585 9 INFO neutron.wsgi [req-9f61a2d2-cbc8-4eaf-8a5a-09e6379f35eb req-22855f4f-5752-4850-98a5-85c373522826 084b36f1a035471aa53b97d77443deb3 4bbbd375ff5b4618a1682c2bf616e23d - - 8db5709e7de040a180ab3b8e08634144 8db5709e7de040a180ab3b8e08634144] 199.204.45.169 "GET /v2.0/networks/4a422662-8aad-42f5-a696-3c99bcd5e0e5?fields=provider%3Aphysical_network&fields=provider%3Anetwork_type HTTP/1.1" status: 200 len: 277 time: 0.1379271
2026-02-25 20:43:50.718 9 INFO neutron.wsgi [req-8e213c0f-8722-4a8b-aaed-b96628e09e7e req-c892d2ad-4e89-4be7-908d-13a67255e4b7 084b36f1a035471aa53b97d77443deb3 4bbbd375ff5b4618a1682c2bf616e23d - - 8db5709e7de040a180ab3b8e08634144 8db5709e7de040a180ab3b8e08634144] 199.204.45.169 "GET /v2.0/ports?tenant_id=389ffe3cbf3e44cfa1ad8178f60ad511&device_id=238a68bf-4bc5-42cd-9724-ea3e3caa7f5f HTTP/1.1" status: 200 len: 1594 time: 0.0839903
2026-02-25 20:43:50.721 9 INFO neutron.db.ovn_revision_numbers_db [None req-884d2436-f9dc-40d6-b212-78cd2293a6dc - - - - - -] Successfully bumped revision number for resource ce667855-6a36-4621-bbde-9f7402e976cf (type: router_ports) to 4
2026-02-25 20:43:50.832 9 INFO neutron.db.ovn_revision_numbers_db [None req-dbc7da08-4b5d-47ea-8f36-554762dc2ebe - - - - - -] Successfully bumped revision number for resource 418db789-44d2-4efd-b5e7-a4e8fb138aef (type: ports) to 2
2026-02-25 20:43:50.842 9 INFO neutron.wsgi [req-8e213c0f-8722-4a8b-aaed-b96628e09e7e req-cad0e604-9c41-4bf8-82dc-be2ffa5af290 084b36f1a035471aa53b97d77443deb3 4bbbd375ff5b4618a1682c2bf616e23d - - 8db5709e7de040a180ab3b8e08634144 8db5709e7de040a180ab3b8e08634144] 199.204.45.169 "GET /v2.0/networks?id=4a422662-8aad-42f5-a696-3c99bcd5e0e5 HTTP/1.1" status: 200 len: 982 time: 0.1165469
2026-02-25 20:43:51.196 9 INFO neutron.wsgi [req-8e213c0f-8722-4a8b-aaed-b96628e09e7e req-fe02b93d-0d5d-4165-90e5-82d5da6a1d59 084b36f1a035471aa53b97d77443deb3 4bbbd375ff5b4618a1682c2bf616e23d - - 8db5709e7de040a180ab3b8e08634144 8db5709e7de040a180ab3b8e08634144] 199.204.45.169 "GET /v2.0/floatingips?fixed_ip_address=10.100.0.11&port_id=275f41da-1f46-4c6c-913d-0c50b3aff280 HTTP/1.1" status: 200 len: 1060 time: 0.3469176
2026-02-25 20:43:51.237 9 INFO neutron.wsgi [req-8e213c0f-8722-4a8b-aaed-b96628e09e7e req-7336f970-5e98-40dd-a71e-3d1840ceb4e0 084b36f1a035471aa53b97d77443deb3 4bbbd375ff5b4618a1682c2bf616e23d - - 8db5709e7de040a180ab3b8e08634144 8db5709e7de040a180ab3b8e08634144] 199.204.45.169 "GET /v2.0/floatingips?fixed_ip_address=10.100.0.14&port_id=275f41da-1f46-4c6c-913d-0c50b3aff280 HTTP/1.1" status: 200 len: 217 time: 0.0300255
2026-02-25 20:43:51.272 10 INFO neutron.wsgi [req-2b552359-5c00-4ebb-a032-a68be9327f7a req-9ae8050c-f54a-4737-9a74-b626d80bf3a0 34c4b1b105fe412f83f11f24cb353017 389ffe3cbf3e44cfa1ad8178f60ad511 - - default default] 10.0.0.76 "GET /v2.0/ports?device_id=238a68bf-4bc5-42cd-9724-ea3e3caa7f5f HTTP/1.1" status: 200 len: 1356 time: 0.0463960
2026-02-25 20:43:51.280 9 ERROR ovsdbapp.backend.ovs_idl.command [None req-dbc7da08-4b5d-47ea-8f36-554762dc2ebe - - - - - -] Error executing command (DbGetCommand): ovsdbapp.backend.ovs_idl.idlutils.RowNotFound: Cannot find Logical_Router_Port with name=lrp-418db789-44d2-4efd-b5e7-a4e8fb138aef
2026-02-25 20:43:51.280 9 ERROR ovsdbapp.backend.ovs_idl.command
Traceback (most recent call last):
2026-02-25 20:43:51.280 9 ERROR ovsdbapp.backend.ovs_idl.command
File "/var/lib/openstack/lib/python3.10/site-packages/ovsdbapp/backend/ovs_idl/command.py", line 47, in execute
2026-02-25 20:43:51.280 9 ERROR ovsdbapp.backend.ovs_idl.command self.run_idl(None)
2026-02-25 20:43:51.280 9 ERROR ovsdbapp.backend.ovs_idl.command
File "/var/lib/openstack/lib/python3.10/site-packages/ovsdbapp/backend/ovs_idl/command.py", line 235, in run_idl
2026-02-25 20:43:51.280 9 ERROR ovsdbapp.backend.ovs_idl.command record = self.api.lookup(self.table, self.record)
2026-02-25 20:43:51.280 9 ERROR ovsdbapp.backend.ovs_idl.command
File "/var/lib/openstack/lib/python3.10/site-packages/ovsdbapp/backend/ovs_idl/__init__.py", line 184, in lookup
2026-02-25 20:43:51.280 9 ERROR ovsdbapp.backend.ovs_idl.command return self._lookup(table, record)
2026-02-25 20:43:51.280 9 ERROR ovsdbapp.backend.ovs_idl.command
File "/var/lib/openstack/lib/python3.10/site-packages/ovsdbapp/backend/ovs_idl/__init__.py", line 235, in _lookup
2026-02-25 20:43:51.280 9 ERROR ovsdbapp.backend.ovs_idl.command row = idlutils.row_by_value(self, rl.table, rl.column, record)
2026-02-25 20:43:51.280 9 ERROR ovsdbapp.backend.ovs_idl.command
File "/var/lib/openstack/lib/python3.10/site-packages/ovsdbapp/backend/ovs_idl/idlutils.py", line 114, in row_by_value
2026-02-25 20:43:51.280 9 ERROR ovsdbapp.backend.ovs_idl.command raise RowNotFound(table=table, col=column, match=match)
2026-02-25 20:43:51.280 9 ERROR ovsdbapp.backend.ovs_idl.command ovsdbapp.backend.ovs_idl.idlutils.RowNotFound: Cannot find Logical_Router_Port with name=lrp-418db789-44d2-4efd-b5e7-a4e8fb138aef
2026-02-25 20:43:51.280 9 ERROR ovsdbapp.backend.ovs_idl.command 
2026-02-25 20:43:51.280 9 ERROR neutron_lib.callbacks.manager [None req-dbc7da08-4b5d-47ea-8f36-554762dc2ebe - - - - - -] Error during notification for neutron.services.ovn_l3.plugin.OVNL3RouterPlugin._port_update-8733962747631 port, after_update: ovsdbapp.backend.ovs_idl.idlutils.RowNotFound: Cannot find Logical_Router_Port with name=lrp-418db789-44d2-4efd-b5e7-a4e8fb138aef
2026-02-25 20:43:51.280 9 ERROR neutron_lib.callbacks.manager
Traceback (most recent call last):
2026-02-25 20:43:51.280 9 ERROR neutron_lib.callbacks.manager
File "/var/lib/openstack/lib/python3.10/site-packages/neutron_lib/callbacks/manager.py", line 189, in _notify_loop
2026-02-25 20:43:51.280 9 ERROR neutron_lib.callbacks.manager callback.method(resource, event, trigger, payload=payload)
2026-02-25 20:43:51.280 9 ERROR neutron_lib.callbacks.manager
File "/var/lib/openstack/lib/python3.10/site-packages/neutron/services/ovn_l3/plugin.py", line 391, in _port_update
2026-02-25 20:43:51.280 9 ERROR neutron_lib.callbacks.manager l3plugin._ovn_client.update_router_port(context,
2026-02-25 20:43:51.280 9 ERROR neutron_lib.callbacks.manager
File "/var/lib/openstack/lib/python3.10/site-packages/neutron/plugins/ml2/drivers/ovn/mech_driver/ovsdb/ovn_client.py", line 1878, in update_router_port
2026-02-25 20:43:51.280 9 ERROR neutron_lib.callbacks.manager self._update_lrouter_port(context, port, if_exists=if_exists,
2026-02-25 20:43:51.280 9 ERROR neutron_lib.callbacks.manager
File "/var/lib/openstack/lib/python3.10/site-packages/neutron/plugins/ml2/drivers/ovn/mech_driver/ovsdb/ovn_client.py", line 1855, in _update_lrouter_port
2026-02-25 20:43:51.280 9 ERROR neutron_lib.callbacks.manager external_ids = self._nb_idl.db_get(
2026-02-25 20:43:51.280 9 ERROR neutron_lib.callbacks.manager
File "/var/lib/openstack/lib/python3.10/site-packages/ovsdbapp/backend/ovs_idl/command.py", line 47, in execute
2026-02-25 20:43:51.280 9 ERROR neutron_lib.callbacks.manager self.run_idl(None)
2026-02-25 20:43:51.280 9 ERROR neutron_lib.callbacks.manager
File "/var/lib/openstack/lib/python3.10/site-packages/ovsdbapp/backend/ovs_idl/command.py", line 235, in run_idl
2026-02-25 20:43:51.280 9 ERROR neutron_lib.callbacks.manager record = self.api.lookup(self.table, self.record)
2026-02-25 20:43:51.280 9 ERROR neutron_lib.callbacks.manager
File "/var/lib/openstack/lib/python3.10/site-packages/ovsdbapp/backend/ovs_idl/__init__.py", line 184, in lookup
2026-02-25 20:43:51.280 9 ERROR neutron_lib.callbacks.manager return self._lookup(table, record)
2026-02-25 20:43:51.280 9 ERROR neutron_lib.callbacks.manager
File "/var/lib/openstack/lib/python3.10/site-packages/ovsdbapp/backend/ovs_idl/__init__.py", line 235, in _lookup
2026-02-25 20:43:51.280 9 ERROR neutron_lib.callbacks.manager row = idlutils.row_by_value(self, rl.table, rl.column, record)
2026-02-25 20:43:51.280 9 ERROR neutron_lib.callbacks.manager
File "/var/lib/openstack/lib/python3.10/site-packages/ovsdbapp/backend/ovs_idl/idlutils.py", line 114, in row_by_value
2026-02-25 20:43:51.280 9 ERROR neutron_lib.callbacks.manager raise RowNotFound(table=table, col=column, match=match)
2026-02-25 20:43:51.280 9 ERROR neutron_lib.callbacks.manager ovsdbapp.backend.ovs_idl.idlutils.RowNotFound: Cannot find Logical_Router_Port with name=lrp-418db789-44d2-4efd-b5e7-a4e8fb138aef
2026-02-25 20:43:51.280 9 ERROR neutron_lib.callbacks.manager 
2026-02-25 20:43:51.304 9 INFO neutron.wsgi [req-8e213c0f-8722-4a8b-aaed-b96628e09e7e req-5f5015d2-2569-4226-97b6-97505c0e6f14 084b36f1a035471aa53b97d77443deb3 4bbbd375ff5b4618a1682c2bf616e23d - - 8db5709e7de040a180ab3b8e08634144 8db5709e7de040a180ab3b8e08634144] 199.204.45.169 "GET /v2.0/subnets?id=9a7be76c-a95c-44cc-bfbd-6d243a68b2a0 HTTP/1.1" status: 200 len: 877 time: 0.0614860
2026-02-25 20:43:51.321 10 INFO neutron.wsgi [req-2b552359-5c00-4ebb-a032-a68be9327f7a req-75d1d636-37fa-4777-9c26-9143971429f6 34c4b1b105fe412f83f11f24cb353017 389ffe3cbf3e44cfa1ad8178f60ad511 - - default default] 10.0.0.76 "GET /v2.0/security-groups?id=91fe4d6b-6cfa-4288-91b8-0a310f317716&fields=id&fields=name HTTP/1.1" status: 200 len: 313 time: 0.0409482
2026-02-25 20:43:51.341 9 INFO neutron.wsgi [req-8e213c0f-8722-4a8b-aaed-b96628e09e7e req-2d828196-1cf5-4540-951b-a726f379fc3a 084b36f1a035471aa53b97d77443deb3 4bbbd375ff5b4618a1682c2bf616e23d - - 8db5709e7de040a180ab3b8e08634144 8db5709e7de040a180ab3b8e08634144] 199.204.45.169 "GET /v2.0/ports?network_id=4a422662-8aad-42f5-a696-3c99bcd5e0e5&device_owner=network%3Adhcp HTTP/1.1" status: 200 len: 210 time: 0.0300980
2026-02-25 20:43:51.436 9 INFO neutron.wsgi [req-8e213c0f-8722-4a8b-aaed-b96628e09e7e req-ce1f2f37-d299-426c-ace6-434585af8449 084b36f1a035471aa53b97d77443deb3 4bbbd375ff5b4618a1682c2bf616e23d - - 8db5709e7de040a180ab3b8e08634144 8db5709e7de040a180ab3b8e08634144] 199.204.45.169 "GET /v2.0/networks/4a422662-8aad-42f5-a696-3c99bcd5e0e5?fields=segments HTTP/1.1" status: 200 len: 212 time: 0.0801363
2026-02-25 20:43:51.524 9 INFO neutron.wsgi [req-8e213c0f-8722-4a8b-aaed-b96628e09e7e req-652fbebd-7a08-4407-985b-df98bcc51207 084b36f1a035471aa53b97d77443deb3 4bbbd375ff5b4618a1682c2bf616e23d - - 8db5709e7de040a180ab3b8e08634144 8db5709e7de040a180ab3b8e08634144] 199.204.45.169 "GET /v2.0/networks/4a422662-8aad-42f5-a696-3c99bcd5e0e5?fields=provider%3Aphysical_network&fields=provider%3Anetwork_type HTTP/1.1" status: 200 len: 277 time: 0.0694668
2026-02-25 20:43:51.609 9 INFO neutron.wsgi [req-4c02b8d6-22af-4dec-90fe-c06aa87198ab req-e3362e94-f00d-4e53-a27c-dccabb615c93 34c4b1b105fe412f83f11f24cb353017 389ffe3cbf3e44cfa1ad8178f60ad511 - - default default] 199.204.45.169 "GET /v2.0/ports?device_id=238a68bf-4bc5-42cd-9724-ea3e3caa7f5f&device_owner=compute%3Anova&fixed_ips=ip_address%3D10.100.0.14 HTTP/1.1" status: 200 len: 1356 time: 0.0639234
2026-02-25 20:43:51.673 9 INFO neutron.db.ovn_revision_numbers_db [None req-b32bc724-8fc9-4c48-a371-52d448893b9b 0d698a8e394e402f8e10bb6fdf9b5b47 ac992b5c700d42a29ae73e602d023058 - - default default] Successfully bumped revision number for resource 418db789-44d2-4efd-b5e7-a4e8fb138aef (type: router_ports) to 1
2026-02-25 20:43:51.679 9 INFO neutron.wsgi [None req-b32bc724-8fc9-4c48-a371-52d448893b9b 0d698a8e394e402f8e10bb6fdf9b5b47 ac992b5c700d42a29ae73e602d023058 - - default default] 10.0.0.201 "PUT /v2.0/routers/c3ddc14e-5d62-4be5-a750-3dfb97727bb7/add_router_interface HTTP/1.1" status: 200 len: 503 time: 4.8780339
2026-02-25 20:43:52.117 9 INFO neutron.db.ovn_revision_numbers_db [req-4c02b8d6-22af-4dec-90fe-c06aa87198ab req-8d2d27f6-57c7-4996-86c8-303ae1b5c44b 34c4b1b105fe412f83f11f24cb353017 389ffe3cbf3e44cfa1ad8178f60ad511 - - default default] Successfully bumped revision number for resource 275f41da-1f46-4c6c-913d-0c50b3aff280 (type: ports) to 6
2026-02-25 20:43:52.129 9 INFO neutron.wsgi [req-4c02b8d6-22af-4dec-90fe-c06aa87198ab req-8d2d27f6-57c7-4996-86c8-303ae1b5c44b 34c4b1b105fe412f83f11f24cb353017 389ffe3cbf3e44cfa1ad8178f60ad511 - - default default] 199.204.45.169 "PUT /v2.0/ports/275f41da-1f46-4c6c-913d-0c50b3aff280 HTTP/1.1" status: 200 len: 1171 time: 0.5157037 /var/lib/openstack/lib/python3.10/site-packages/pycadf/identifier.py:71: UserWarning: Invalid uuid: neutron. To ensure interoperability, identifiers should be a valid uuid. warnings.warn(('Invalid uuid: %s. To ensure interoperability, '
2026-02-25 20:43:52.165 9 INFO neutron.notifiers.nova [-] Nova event matching ['req-cfcf2053-c630-4d6c-b0dd-8319984e1d1d'] response: {'name': 'network-changed', 'server_uuid': '238a68bf-4bc5-42cd-9724-ea3e3caa7f5f', 'tag': '275f41da-1f46-4c6c-913d-0c50b3aff280', 'status': 'completed', 'code': 200}
2026-02-25 20:43:52.191 9 INFO neutron.wsgi [req-4c02b8d6-22af-4dec-90fe-c06aa87198ab req-68355aa4-d86b-4eb6-ac3c-4b075956d49c 084b36f1a035471aa53b97d77443deb3 4bbbd375ff5b4618a1682c2bf616e23d - - 8db5709e7de040a180ab3b8e08634144 8db5709e7de040a180ab3b8e08634144] 199.204.45.169 "GET /v2.0/ports?tenant_id=389ffe3cbf3e44cfa1ad8178f60ad511&device_id=238a68bf-4bc5-42cd-9724-ea3e3caa7f5f HTTP/1.1" status: 200 len: 1413 time: 0.0389137
2026-02-25 20:43:52.241 9 INFO neutron.wsgi [req-4c02b8d6-22af-4dec-90fe-c06aa87198ab req-6e73985c-d67e-4552-a9e7-215ce7417a55 084b36f1a035471aa53b97d77443deb3 4bbbd375ff5b4618a1682c2bf616e23d - - 8db5709e7de040a180ab3b8e08634144 8db5709e7de040a180ab3b8e08634144] 199.204.45.169 "GET /v2.0/networks?id=4a422662-8aad-42f5-a696-3c99bcd5e0e5 HTTP/1.1" status: 200 len: 982 time: 0.0430009
2026-02-25 20:43:52.286 9 INFO neutron.wsgi [req-4c02b8d6-22af-4dec-90fe-c06aa87198ab req-0fd59671-6506-4daa-94f3-3a61fed1098c 084b36f1a035471aa53b97d77443deb3 4bbbd375ff5b4618a1682c2bf616e23d - - 8db5709e7de040a180ab3b8e08634144 8db5709e7de040a180ab3b8e08634144] 199.204.45.169 "GET /v2.0/floatingips?fixed_ip_address=10.100.0.11&port_id=275f41da-1f46-4c6c-913d-0c50b3aff280 HTTP/1.1" status: 200 len: 1060 time: 0.0392182
2026-02-25 20:43:52.320 9 INFO neutron.wsgi [req-4c02b8d6-22af-4dec-90fe-c06aa87198ab req-740abbc0-8d6c-4cf8-93a6-7033ac2b838a 084b36f1a035471aa53b97d77443deb3 4bbbd375ff5b4618a1682c2bf616e23d - - 8db5709e7de040a180ab3b8e08634144 8db5709e7de040a180ab3b8e08634144] 199.204.45.169 "GET /v2.0/subnets?id=9a7be76c-a95c-44cc-bfbd-6d243a68b2a0 HTTP/1.1" status: 200 len: 877 time: 0.0265937
2026-02-25 20:43:52.340 10 WARNING neutron_lib.context [None req-708a373e-b542-426c-892b-6e3ddc031356 442ff30a66cf48fd93a1ac23cf5e9201 a49b47a36cd4420ea2c93254a656d7a0 - - default default] Method 'is_advsvc' is deprecated since 2023.2 release (neutron-lib 3.8.0) and will be removed once support for the old RBAC API policies will be removed from Neutron. Please use method 'is_service_role' instead.
2026-02-25 20:43:52.349 9 INFO neutron.wsgi [req-4c02b8d6-22af-4dec-90fe-c06aa87198ab req-7ea8c589-59bb-48a8-9f4a-218a5afd0c8e 084b36f1a035471aa53b97d77443deb3 4bbbd375ff5b4618a1682c2bf616e23d - - 8db5709e7de040a180ab3b8e08634144 8db5709e7de040a180ab3b8e08634144] 199.204.45.169 "GET /v2.0/ports?network_id=4a422662-8aad-42f5-a696-3c99bcd5e0e5&device_owner=network%3Adhcp HTTP/1.1" status: 200 len: 210 time: 0.0206568
2026-02-25 20:43:52.423 9 INFO neutron.wsgi [req-4c02b8d6-22af-4dec-90fe-c06aa87198ab req-12590ee9-cdb3-4a5c-a5a0-372b666db4c1 084b36f1a035471aa53b97d77443deb3 4bbbd375ff5b4618a1682c2bf616e23d - - 8db5709e7de040a180ab3b8e08634144 8db5709e7de040a180ab3b8e08634144] 199.204.45.169 "GET /v2.0/networks/4a422662-8aad-42f5-a696-3c99bcd5e0e5?fields=segments HTTP/1.1" status: 200 len: 212 time: 0.0652120
2026-02-25 20:43:52.456 10 INFO neutron.db.ovn_revision_numbers_db [None req-708a373e-b542-426c-892b-6e3ddc031356 442ff30a66cf48fd93a1ac23cf5e9201 a49b47a36cd4420ea2c93254a656d7a0 - - default default] Successfully bumped revision number for resource 3a2a1f09-4fcc-48ce-a2b4-d56d7886da68 (type: security_groups) to 1
2026-02-25 20:43:52.473 10 INFO neutron.db.ovn_revision_numbers_db [None req-708a373e-b542-426c-892b-6e3ddc031356 442ff30a66cf48fd93a1ac23cf5e9201 a49b47a36cd4420ea2c93254a656d7a0 - - default default] Successfully bumped revision number for resource 57711e45-c2d2-408f-b4d0-c2c422576387 (type: security_group_rules) to 0
2026-02-25 20:43:52.489 10 INFO neutron.db.ovn_revision_numbers_db [None req-708a373e-b542-426c-892b-6e3ddc031356 442ff30a66cf48fd93a1ac23cf5e9201 a49b47a36cd4420ea2c93254a656d7a0 - - default default] Successfully bumped revision number for resource 79c7d978-66b2-4298-b930-066320088eb3 (type: security_group_rules) to 0
2026-02-25 20:43:52.493 9 INFO neutron.wsgi [req-4c02b8d6-22af-4dec-90fe-c06aa87198ab req-2092a6b8-48ca-4e99-af29-b9c268a2bf18 084b36f1a035471aa53b97d77443deb3 4bbbd375ff5b4618a1682c2bf616e23d - - 8db5709e7de040a180ab3b8e08634144 8db5709e7de040a180ab3b8e08634144] 199.204.45.169 "GET /v2.0/networks/4a422662-8aad-42f5-a696-3c99bcd5e0e5?fields=provider%3Aphysical_network&fields=provider%3Anetwork_type HTTP/1.1" status: 200 len: 277 time: 0.0646901
2026-02-25 20:43:52.511 10 INFO neutron.wsgi [None req-708a373e-b542-426c-892b-6e3ddc031356 442ff30a66cf48fd93a1ac23cf5e9201 a49b47a36cd4420ea2c93254a656d7a0 - - default default] 10.0.0.201 "POST /v2.0/security-groups HTTP/1.1" status: 201 len: 1860 time: 0.1775937
2026-02-25 20:43:52.521 10 WARNING neutron_lib.context [None req-fc132442-726a-49ac-a6e9-64c4cd49bb9c 442ff30a66cf48fd93a1ac23cf5e9201 a49b47a36cd4420ea2c93254a656d7a0 - - default default] Method 'is_advsvc' is deprecated since 2023.2 release (neutron-lib 3.8.0) and will be removed once support for the old RBAC API policies will be removed from Neutron. Please use method 'is_service_role' instead.
2026-02-25 20:43:52.581 9 INFO neutron.wsgi [req-a1824c3f-bbac-45d6-b070-ed53168cbf75 req-39b2ac16-12fb-47ed-bab9-2f7402a51852 084b36f1a035471aa53b97d77443deb3 4bbbd375ff5b4618a1682c2bf616e23d - - 8db5709e7de040a180ab3b8e08634144 8db5709e7de040a180ab3b8e08634144] 199.204.45.169 "GET /v2.0/ports?tenant_id=389ffe3cbf3e44cfa1ad8178f60ad511&device_id=238a68bf-4bc5-42cd-9724-ea3e3caa7f5f HTTP/1.1" status: 200 len: 1413 time: 0.0437872
2026-02-25 20:43:52.674 9 INFO neutron.wsgi [req-a1824c3f-bbac-45d6-b070-ed53168cbf75 req-f07af14b-dfca-4b5e-958f-433b7d1ba153 084b36f1a035471aa53b97d77443deb3 4bbbd375ff5b4618a1682c2bf616e23d - - 8db5709e7de040a180ab3b8e08634144 8db5709e7de040a180ab3b8e08634144] 199.204.45.169 "GET /v2.0/networks?id=4a422662-8aad-42f5-a696-3c99bcd5e0e5 HTTP/1.1" status: 200 len: 982 time: 0.0861816
2026-02-25 20:43:52.685 10 INFO neutron.db.ovn_revision_numbers_db [None req-fc132442-726a-49ac-a6e9-64c4cd49bb9c 442ff30a66cf48fd93a1ac23cf5e9201 a49b47a36cd4420ea2c93254a656d7a0 - - default default] Successfully bumped revision number for resource 0aa35085-da87-4274-a992-38a5c0fb52a7 (type: security_group_rules) to 0
2026-02-25 20:43:52.715 10 INFO neutron.wsgi [None req-fc132442-726a-49ac-a6e9-64c4cd49bb9c 442ff30a66cf48fd93a1ac23cf5e9201 a49b47a36cd4420ea2c93254a656d7a0 - - default default] 10.0.0.201 "POST /v2.0/security-group-rules HTTP/1.1" status: 201 len: 796 time: 0.1978652
2026-02-25 20:43:52.727 10 WARNING neutron_lib.context [None req-30a88ead-3955-4636-8d03-dd390b3d1b75 442ff30a66cf48fd93a1ac23cf5e9201 a49b47a36cd4420ea2c93254a656d7a0 - - default default] Method 'is_advsvc' is deprecated since 2023.2 release (neutron-lib 3.8.0) and will be removed once support for the old RBAC API policies will be removed from Neutron. Please use method 'is_service_role' instead.
2026-02-25 20:43:52.733 9 INFO neutron.wsgi [req-a1824c3f-bbac-45d6-b070-ed53168cbf75 req-5bc7f1b8-d71a-4fbc-a30a-4b9b98c8dd1e 084b36f1a035471aa53b97d77443deb3 4bbbd375ff5b4618a1682c2bf616e23d - - 8db5709e7de040a180ab3b8e08634144 8db5709e7de040a180ab3b8e08634144] 199.204.45.169 "GET /v2.0/floatingips?fixed_ip_address=10.100.0.11&port_id=275f41da-1f46-4c6c-913d-0c50b3aff280 HTTP/1.1" status: 200 len: 1060 time: 0.0538800
2026-02-25 20:43:52.776 9 INFO neutron.wsgi [req-a1824c3f-bbac-45d6-b070-ed53168cbf75 req-e1ae7782-41b2-4629-baca-83513b62f618 084b36f1a035471aa53b97d77443deb3 4bbbd375ff5b4618a1682c2bf616e23d - - 8db5709e7de040a180ab3b8e08634144 8db5709e7de040a180ab3b8e08634144] 199.204.45.169 "GET /v2.0/subnets?id=9a7be76c-a95c-44cc-bfbd-6d243a68b2a0 HTTP/1.1" status: 200 len: 877 time: 0.0335684
2026-02-25 20:43:52.805 9 INFO neutron.wsgi [req-a1824c3f-bbac-45d6-b070-ed53168cbf75 req-57952ce8-f44b-4524-937f-65da7c805553 084b36f1a035471aa53b97d77443deb3 4bbbd375ff5b4618a1682c2bf616e23d - - 8db5709e7de040a180ab3b8e08634144 8db5709e7de040a180ab3b8e08634144] 199.204.45.169 "GET /v2.0/ports?network_id=4a422662-8aad-42f5-a696-3c99bcd5e0e5&device_owner=network%3Adhcp HTTP/1.1" status: 200 len: 210 time: 0.0222762
2026-02-25 20:43:52.848 10 INFO neutron.db.ovn_revision_numbers_db [None req-30a88ead-3955-4636-8d03-dd390b3d1b75 442ff30a66cf48fd93a1ac23cf5e9201 a49b47a36cd4420ea2c93254a656d7a0 - - default default] Successfully bumped revision number for resource 6c35344d-9d65-4aaf-a189-5340a359d624 (type: security_group_rules) to 0
2026-02-25 20:43:52.871 10 INFO neutron.wsgi [None req-30a88ead-3955-4636-8d03-dd390b3d1b75 442ff30a66cf48fd93a1ac23cf5e9201 a49b47a36cd4420ea2c93254a656d7a0 - - default default] 10.0.0.201 "POST /v2.0/security-group-rules HTTP/1.1" status: 201 len: 801 time: 0.1484663
2026-02-25 20:43:52.873 9 INFO neutron.wsgi [req-a1824c3f-bbac-45d6-b070-ed53168cbf75 req-7cf2baa8-c438-41a4-b5c0-9c721cbe16e3 084b36f1a035471aa53b97d77443deb3 4bbbd375ff5b4618a1682c2bf616e23d - - 8db5709e7de040a180ab3b8e08634144 8db5709e7de040a180ab3b8e08634144] 199.204.45.169 "GET /v2.0/networks/4a422662-8aad-42f5-a696-3c99bcd5e0e5?fields=segments HTTP/1.1" status: 200 len: 212 time: 0.0585806
2026-02-25 20:43:52.883 9 WARNING neutron_lib.context [None req-a0ee2451-8432-4c30-b1e6-aaece4e3c61c 442ff30a66cf48fd93a1ac23cf5e9201 a49b47a36cd4420ea2c93254a656d7a0 - - default default] Method 'is_advsvc' is deprecated since 2023.2 release (neutron-lib 3.8.0) and will be removed once support for the old RBAC API policies will be removed from Neutron. Please use method 'is_service_role' instead.
2026-02-25 20:43:52.980 9 INFO neutron.wsgi [req-a1824c3f-bbac-45d6-b070-ed53168cbf75 req-151a3fe3-2846-408a-9278-09258b1a2793 084b36f1a035471aa53b97d77443deb3 4bbbd375ff5b4618a1682c2bf616e23d - - 8db5709e7de040a180ab3b8e08634144 8db5709e7de040a180ab3b8e08634144] 199.204.45.169 "GET /v2.0/networks/4a422662-8aad-42f5-a696-3c99bcd5e0e5?fields=provider%3Aphysical_network&fields=provider%3Anetwork_type HTTP/1.1" status: 200 len: 277 time: 0.0939007
2026-02-25 20:43:53.009 9 INFO neutron.db.ovn_revision_numbers_db [None req-5020dd35-afbc-4273-b92a-b1ac0e92da1a 0d698a8e394e402f8e10bb6fdf9b5b47 ac992b5c700d42a29ae73e602d023058 - - default default] Successfully bumped revision number for resource 7a0c1c67-0585-49f4-a283-3a91f075a192 (type: security_groups) to 1
2026-02-25 20:43:53.027 9 INFO neutron.db.ovn_revision_numbers_db [None req-5020dd35-afbc-4273-b92a-b1ac0e92da1a 0d698a8e394e402f8e10bb6fdf9b5b47 ac992b5c700d42a29ae73e602d023058 - - default default] Successfully bumped revision number for resource 257146c5-8180-46ab-abe6-cecbe014cf62 (type: security_group_rules) to 0
2026-02-25 20:43:53.047 9 INFO neutron.db.ovn_revision_numbers_db [None req-5020dd35-afbc-4273-b92a-b1ac0e92da1a 0d698a8e394e402f8e10bb6fdf9b5b47 ac992b5c700d42a29ae73e602d023058 - - default default] Successfully bumped revision number for resource 7e56e786-1663-4d9d-8c65-4fadd69b20d6 (type: security_group_rules) to 0
2026-02-25 20:43:53.064 9 INFO neutron.db.ovn_revision_numbers_db [None req-5020dd35-afbc-4273-b92a-b1ac0e92da1a 0d698a8e394e402f8e10bb6fdf9b5b47 ac992b5c700d42a29ae73e602d023058 - - default default] Successfully bumped revision number for resource 8cb1e87a-9b5d-4686-a5b9-5311980cc66e (type: security_group_rules) to 0
2026-02-25 20:43:53.087 9 INFO neutron.db.ovn_revision_numbers_db [None req-5020dd35-afbc-4273-b92a-b1ac0e92da1a 0d698a8e394e402f8e10bb6fdf9b5b47 ac992b5c700d42a29ae73e602d023058 - - default default] Successfully bumped revision number for resource c85f96e9-139c-46e5-8a30-e6a4435ce801 (type: security_group_rules) to 0
2026-02-25 20:43:53.122 9 INFO neutron.wsgi [None req-5020dd35-afbc-4273-b92a-b1ac0e92da1a 0d698a8e394e402f8e10bb6fdf9b5b47 ac992b5c700d42a29ae73e602d023058 - - default default] 10.0.0.201 "GET /v2.0/security-groups?tenant_id=f126e84a78df47ea8ca7f9d5880f8263&name=default HTTP/1.1" status: 200 len: 3120 time: 0.4953735
2026-02-25 20:43:53.182 9 WARNING neutron.scheduler.dhcp_agent_scheduler [None req-a0ee2451-8432-4c30-b1e6-aaece4e3c61c 442ff30a66cf48fd93a1ac23cf5e9201 a49b47a36cd4420ea2c93254a656d7a0 - - default default] No more DHCP agents
2026-02-25 20:43:53.184 9 WARNING neutron.api.rpc.agentnotifiers.dhcp_rpc_agent_api [None req-a0ee2451-8432-4c30-b1e6-aaece4e3c61c 442ff30a66cf48fd93a1ac23cf5e9201 a49b47a36cd4420ea2c93254a656d7a0 - - default default] Unable to schedule network 5e95440b-9725-43e7-8645-6764810256b5: no agents available; will retry on subsequent port and subnet creation events.
2026-02-25 20:43:53.321 10 INFO neutron.wsgi [None req-b0b89383-f389-41f8-97b9-7f7c909e4546 0d698a8e394e402f8e10bb6fdf9b5b47 ac992b5c700d42a29ae73e602d023058 - - default default] 10.0.0.201 "DELETE /v2.0/security-groups/7a0c1c67-0585-49f4-a283-3a91f075a192 HTTP/1.1" status: 204 len: 168 time: 0.1938512
2026-02-25 20:43:53.454 9 INFO neutron.wsgi [None req-a0ee2451-8432-4c30-b1e6-aaece4e3c61c 442ff30a66cf48fd93a1ac23cf5e9201 a49b47a36cd4420ea2c93254a656d7a0 - - default default] 10.0.0.201 "POST /v2.0/floatingips HTTP/1.1" status: 201 len: 751 time: 0.5768328
2026-02-25 20:43:53.537 10 INFO neutron.db.ovn_revision_numbers_db [None req-92026229-5a22-4568-b71e-c09d58d64bee 0d698a8e394e402f8e10bb6fdf9b5b47 ac992b5c700d42a29ae73e602d023058 - - default default] Successfully bumped revision number for resource aa35cc7a-eefe-4d69-96f7-70a53a5402f1 (type: security_groups) to 1
2026-02-25 20:43:53.550 10 INFO neutron.db.ovn_revision_numbers_db [None req-92026229-5a22-4568-b71e-c09d58d64bee 0d698a8e394e402f8e10bb6fdf9b5b47 ac992b5c700d42a29ae73e602d023058 - - default default] Successfully bumped revision number for resource 6448972d-28aa-4948-bcbb-fc68ea1a918e (type: security_group_rules) to 0
2026-02-25 20:43:53.564 10 INFO neutron.db.ovn_revision_numbers_db [None req-92026229-5a22-4568-b71e-c09d58d64bee 0d698a8e394e402f8e10bb6fdf9b5b47 ac992b5c700d42a29ae73e602d023058 - - default default] Successfully bumped revision number for resource 8dae5416-dda0-4e38-8353-70b2d2f004de (type: security_group_rules) to 0
2026-02-25 20:43:53.578 10 INFO neutron.db.ovn_revision_numbers_db [None req-92026229-5a22-4568-b71e-c09d58d64bee 0d698a8e394e402f8e10bb6fdf9b5b47 ac992b5c700d42a29ae73e602d023058 - - default default] Successfully bumped revision number for resource a6026035-7f9b-456a-b476-e73e72d0bb70 (type: security_group_rules) to 0
2026-02-25 20:43:53.597 10 INFO neutron.db.ovn_revision_numbers_db [None req-92026229-5a22-4568-b71e-c09d58d64bee 0d698a8e394e402f8e10bb6fdf9b5b47 ac992b5c700d42a29ae73e602d023058 - - default default] Successfully bumped revision number for resource f1655fc4-38ff-44da-8bf0-be305c53d877 (type: security_group_rules) to 0
2026-02-25 20:43:53.627 10 INFO neutron.wsgi [None req-92026229-5a22-4568-b71e-c09d58d64bee 0d698a8e394e402f8e10bb6fdf9b5b47 ac992b5c700d42a29ae73e602d023058 - - default default] 10.0.0.201 "GET /v2.0/security-groups?tenant_id=fe3656e1f60f48029cd91a39693ced7a&name=default HTTP/1.1" status: 200 len: 3120 time: 0.2123952
2026-02-25 20:43:53.745 10 INFO neutron.plugins.ml2.drivers.ovn.mech_driver.mech_driver [None req-c3854714-3512-4426-ab4e-5bcbda3ed518 - - - - - -] OVN reports status down for port: 275f41da-1f46-4c6c-913d-0c50b3aff280
2026-02-25 20:43:53.796 10 INFO neutron.wsgi [req-eb9b70ae-39f8-44fa-8b8d-7722be6c03f0 req-7c4d40ea-6eb6-4721-94b0-31938acc3db0 34c4b1b105fe412f83f11f24cb353017 389ffe3cbf3e44cfa1ad8178f60ad511 - - default default] 10.0.0.76 "GET /v2.0/ports?device_id=238a68bf-4bc5-42cd-9724-ea3e3caa7f5f HTTP/1.1" status: 200 len: 1174 time: 0.1323092
2026-02-25 20:43:53.904 10 INFO neutron.wsgi [req-eb9b70ae-39f8-44fa-8b8d-7722be6c03f0 req-fd019aa2-7153-47c9-9cc1-981d185d1ddc 34c4b1b105fe412f83f11f24cb353017 389ffe3cbf3e44cfa1ad8178f60ad511 - - default default] 10.0.0.76 "GET /v2.0/security-groups?id=91fe4d6b-6cfa-4288-91b8-0a310f317716&fields=id&fields=name HTTP/1.1" status: 200 len: 313 time: 0.1005635
2026-02-25 20:43:53.953 10 INFO neutron.notifiers.nova [-] Nova event matching ['req-a7abcc64-01a9-43a8-9c3b-5da884203dc5'] response: {'server_uuid': '238a68bf-4bc5-42cd-9724-ea3e3caa7f5f', 'name': 'network-vif-unplugged', 'status': 'completed', 'tag': '275f41da-1f46-4c6c-913d-0c50b3aff280', 'code': 200}
2026-02-25 20:43:53.957 9 INFO neutron.wsgi [None req-01e5d4d4-d445-43c1-b2fc-1409b2421dcc 0d698a8e394e402f8e10bb6fdf9b5b47 ac992b5c700d42a29ae73e602d023058 - - default default] 10.0.0.201 "DELETE /v2.0/security-groups/aa35cc7a-eefe-4d69-96f7-70a53a5402f1 HTTP/1.1" status: 204 len: 168 time: 0.3155644
2026-02-25 20:43:54.007 10 INFO neutron.wsgi [req-05f4ff7d-c0b7-44cb-b62a-67a8b8d3b2e2 req-d714bde9-a13b-45f4-84bc-15721698bd1f 442ff30a66cf48fd93a1ac23cf5e9201 a49b47a36cd4420ea2c93254a656d7a0 - - default default] 10.0.0.76 "GET /v2.0/security-groups?name=tempest-securitygroup--400694562&fields=id&tenant_id=a49b47a36cd4420ea2c93254a656d7a0 HTTP/1.1" status: 200 len: 267 time: 0.0579569
2026-02-25 20:43:54.083 9 INFO neutron.wsgi [req-62a812c7-5b5c-4f8f-b657-6289bad035c0 req-6ce7fa50-9865-44d7-82ef-c36cdc28f510 34c4b1b105fe412f83f11f24cb353017 389ffe3cbf3e44cfa1ad8178f60ad511 - - default default] 199.204.45.169 "GET /v2.0/ports?device_id=238a68bf-4bc5-42cd-9724-ea3e3caa7f5f HTTP/1.1" status: 200 len: 1172 time: 0.1098700
2026-02-25 20:43:54.096 10 INFO neutron.wsgi [req-05f4ff7d-c0b7-44cb-b62a-67a8b8d3b2e2 req-73665661-3aa4-4ceb-beb4-234186793489 442ff30a66cf48fd93a1ac23cf5e9201 a49b47a36cd4420ea2c93254a656d7a0 - - default default] 10.0.0.76 "GET /v2.0/networks?id=f415d678-6962-44e0-b1cd-6f09b3f300b7 HTTP/1.1" status: 200 len: 868 time: 0.0799611
2026-02-25 20:43:54.119 10 INFO neutron.wsgi [req-05f4ff7d-c0b7-44cb-b62a-67a8b8d3b2e2 req-af084a08-b68e-43d0-b4b7-fec65fa617df 442ff30a66cf48fd93a1ac23cf5e9201 a49b47a36cd4420ea2c93254a656d7a0 - - default default] 10.0.0.76 "GET /v2.0/quotas/a49b47a36cd4420ea2c93254a656d7a0 HTTP/1.1" status: 200 len: 491 time: 0.0161064
2026-02-25 20:43:54.169 10 INFO neutron.db.ovn_revision_numbers_db [None req-c3854714-3512-4426-ab4e-5bcbda3ed518 - - - - - -] Successfully bumped revision number for resource 275f41da-1f46-4c6c-913d-0c50b3aff280 (type: ports) to 7
2026-02-25 20:43:54.257 10 INFO neutron.wsgi [req-05f4ff7d-c0b7-44cb-b62a-67a8b8d3b2e2 req-b80c2805-2523-4f3d-bbb1-b299ddfb634b 442ff30a66cf48fd93a1ac23cf5e9201 a49b47a36cd4420ea2c93254a656d7a0 - - default default] 10.0.0.76 "GET /v2.0/ports?tenant_id=a49b47a36cd4420ea2c93254a656d7a0&fields=id HTTP/1.1" status: 200 len: 302 time: 0.1272025 /var/lib/openstack/lib/python3.10/site-packages/pycadf/identifier.py:71: UserWarning: Invalid uuid: neutron. To ensure interoperability, identifiers should be a valid uuid. warnings.warn(('Invalid uuid: %s. To ensure interoperability, '
2026-02-25 20:43:54.339 10 INFO neutron.wsgi [req-05f4ff7d-c0b7-44cb-b62a-67a8b8d3b2e2 req-ee2922fe-fe0a-409e-ada0-dd6749587728 084b36f1a035471aa53b97d77443deb3 4bbbd375ff5b4618a1682c2bf616e23d - - 8db5709e7de040a180ab3b8e08634144 8db5709e7de040a180ab3b8e08634144] 10.0.0.76 "GET /v2.0/networks/f415d678-6962-44e0-b1cd-6f09b3f300b7?fields=segments HTTP/1.1" status: 200 len: 212 time: 0.0618932
2026-02-25 20:43:54.405 10 INFO neutron.wsgi [req-05f4ff7d-c0b7-44cb-b62a-67a8b8d3b2e2 req-0b36f096-72fb-4b09-8553-3ac623ddf19d 084b36f1a035471aa53b97d77443deb3 4bbbd375ff5b4618a1682c2bf616e23d - - 8db5709e7de040a180ab3b8e08634144 8db5709e7de040a180ab3b8e08634144] 10.0.0.76 "GET /v2.0/networks/f415d678-6962-44e0-b1cd-6f09b3f300b7?fields=provider%3Aphysical_network&fields=provider%3Anetwork_type HTTP/1.1" status: 200 len: 277 time: 0.0573068
2026-02-25 20:43:54.471 9 INFO neutron.db.l3_db [req-62a812c7-5b5c-4f8f-b657-6289bad035c0 req-c704c277-f775-4ab4-af62-c76f5708224e 34c4b1b105fe412f83f11f24cb353017 389ffe3cbf3e44cfa1ad8178f60ad511 - - default default] Floating IP 429d13f0-67dc-407b-8166-66d7cb4960ce disassociated. External IP: 10.96.250.214, port: 275f41da-1f46-4c6c-913d-0c50b3aff280.
2026-02-25 20:43:54.592 9 INFO neutron.wsgi [req-62a812c7-5b5c-4f8f-b657-6289bad035c0 req-c704c277-f775-4ab4-af62-c76f5708224e 34c4b1b105fe412f83f11f24cb353017 389ffe3cbf3e44cfa1ad8178f60ad511 - - default default] 199.204.45.169 "DELETE /v2.0/ports/275f41da-1f46-4c6c-913d-0c50b3aff280 HTTP/1.1" status: 204 len: 173 time: 0.5020101
2026-02-25 20:43:54.641 9 INFO neutron.notifiers.nova [-] Nova event matching ['req-06c3829b-c765-4f07-a768-c0a32799eb3c'] response: {'server_uuid': '238a68bf-4bc5-42cd-9724-ea3e3caa7f5f', 'name': 'network-vif-deleted', 'tag': '275f41da-1f46-4c6c-913d-0c50b3aff280', 'status': 'completed', 'code': 200}
2026-02-25 20:43:54.645 10 INFO neutron.wsgi [req-034a0b9f-83c8-48af-a667-59bc64176870 req-af83fb3f-5140-4a5c-a199-0d1b60545696 442ff30a66cf48fd93a1ac23cf5e9201 a49b47a36cd4420ea2c93254a656d7a0 - - default default] 10.0.0.76 "GET /v2.0/ports?device_id=026f8d88-3774-4017-bfc5-bdc0d04b8a66 HTTP/1.1" status: 200 len: 210 time: 0.0238781
2026-02-25 20:43:55.151 10 INFO neutron.wsgi [None req-abb3b10b-37d2-4c4c-ae1c-31fedcda46a8 34c4b1b105fe412f83f11f24cb353017 389ffe3cbf3e44cfa1ad8178f60ad511 - - default default] 10.0.0.201 "DELETE /v2.0/security-groups/91fe4d6b-6cfa-4288-91b8-0a310f317716 HTTP/1.1" status: 204 len: 168 time: 0.1463535
2026-02-25 20:43:55.166 10 INFO neutron.api.v2.resource [None req-4aaf3905-0c06-49aa-a923-dbe3b64db21d 34c4b1b105fe412f83f11f24cb353017 389ffe3cbf3e44cfa1ad8178f60ad511 - - default default] show failed (client error): The resource could not be found.
2026-02-25 20:43:55.168 10 INFO neutron.wsgi [None req-4aaf3905-0c06-49aa-a923-dbe3b64db21d 34c4b1b105fe412f83f11f24cb353017 389ffe3cbf3e44cfa1ad8178f60ad511 - - default default] 10.0.0.201 "GET /v2.0/security-groups/91fe4d6b-6cfa-4288-91b8-0a310f317716 HTTP/1.1" status: 404 len: 347 time: 0.0114660
2026-02-25 20:43:55.514 9 INFO neutron.wsgi [req-05f4ff7d-c0b7-44cb-b62a-67a8b8d3b2e2 req-f1b1a2c2-62cb-4f42-8393-2d7daa0cbe64 442ff30a66cf48fd93a1ac23cf5e9201 a49b47a36cd4420ea2c93254a656d7a0 - - default default] 199.204.45.169 "GET /v2.0/networks?id=f415d678-6962-44e0-b1cd-6f09b3f300b7 HTTP/1.1" status: 200 len: 868 time: 0.1252637
2026-02-25 20:43:55.756 10 INFO neutron.wsgi [req-e2d21929-7d30-4c91-a87c-d5377bd1d629 req-28aecbe8-3d29-4301-a1bf-f8a1e929432f 442ff30a66cf48fd93a1ac23cf5e9201 a49b47a36cd4420ea2c93254a656d7a0 - - default default] 10.0.0.76 "GET /v2.0/ports?device_id=026f8d88-3774-4017-bfc5-bdc0d04b8a66 HTTP/1.1" status: 200 len: 210 time: 0.0318966
2026-02-25 20:43:55.798 10 INFO neutron.wsgi [None req-52ed993a-7f7b-4f29-9128-08be7374f2cd 34c4b1b105fe412f83f11f24cb353017 389ffe3cbf3e44cfa1ad8178f60ad511 - - default default] 10.0.0.201 "DELETE /v2.0/floatingips/429d13f0-67dc-407b-8166-66d7cb4960ce HTTP/1.1" status: 204 len: 168 time: 0.6260073
2026-02-25 20:43:55.834 9 INFO neutron.wsgi [req-05f4ff7d-c0b7-44cb-b62a-67a8b8d3b2e2 req-06041369-8dc7-412f-8a50-f6daeab90a90 442ff30a66cf48fd93a1ac23cf5e9201 a49b47a36cd4420ea2c93254a656d7a0 - - default default] 199.204.45.169 "GET /v2.0/security-groups?fields=id&fields=name&tenant_id=a49b47a36cd4420ea2c93254a656d7a0 HTTP/1.1" status: 200 len: 379 time: 0.3127613
2026-02-25 20:43:55.843 9 WARNING neutron_lib.context [req-05f4ff7d-c0b7-44cb-b62a-67a8b8d3b2e2 req-5ddbf8ee-6e98-4ce7-86cd-2c31d7c52471 442ff30a66cf48fd93a1ac23cf5e9201 a49b47a36cd4420ea2c93254a656d7a0 - - default default] Method 'is_advsvc' is deprecated since 2023.2 release (neutron-lib 3.8.0) and will be removed once support for the old RBAC API policies will be removed from Neutron. Please use method 'is_service_role' instead.
2026-02-25 20:43:55.990 10 INFO neutron.notifiers.nova [-] Nova event matching ['req-a87d2a8a-b621-4910-bc0c-63e5c449af0c'] response: {'server_uuid': '238a68bf-4bc5-42cd-9724-ea3e3caa7f5f', 'name': 'network-vif-unplugged', 'status': 'completed', 'tag': '275f41da-1f46-4c6c-913d-0c50b3aff280', 'code': 200}
2026-02-25 20:43:56.203 9 WARNING neutron.scheduler.dhcp_agent_scheduler [req-05f4ff7d-c0b7-44cb-b62a-67a8b8d3b2e2 req-5ddbf8ee-6e98-4ce7-86cd-2c31d7c52471 442ff30a66cf48fd93a1ac23cf5e9201 a49b47a36cd4420ea2c93254a656d7a0 - - default default] No more DHCP agents
2026-02-25 20:43:56.205 9 WARNING neutron.api.rpc.agentnotifiers.dhcp_rpc_agent_api [req-05f4ff7d-c0b7-44cb-b62a-67a8b8d3b2e2 req-5ddbf8ee-6e98-4ce7-86cd-2c31d7c52471 442ff30a66cf48fd93a1ac23cf5e9201 a49b47a36cd4420ea2c93254a656d7a0 - - default default] Unable to schedule network f415d678-6962-44e0-b1cd-6f09b3f300b7: no agents available; will retry on subsequent port and subnet creation events.
2026-02-25 20:43:56.334 9 INFO neutron.db.ovn_revision_numbers_db [req-05f4ff7d-c0b7-44cb-b62a-67a8b8d3b2e2 req-5ddbf8ee-6e98-4ce7-86cd-2c31d7c52471 442ff30a66cf48fd93a1ac23cf5e9201 a49b47a36cd4420ea2c93254a656d7a0 - - default default] Successfully bumped revision number for resource 0285777b-7c96-463b-b492-e5fd3082974c (type: ports) to 1
2026-02-25 20:43:56.358 9 INFO neutron.wsgi [req-05f4ff7d-c0b7-44cb-b62a-67a8b8d3b2e2 req-5ddbf8ee-6e98-4ce7-86cd-2c31d7c52471 442ff30a66cf48fd93a1ac23cf5e9201 a49b47a36cd4420ea2c93254a656d7a0 - - default default] 199.204.45.169 "POST /v2.0/ports HTTP/1.1" status: 201 len: 1162 time: 0.5187025 /var/lib/openstack/lib/python3.10/site-packages/pycadf/identifier.py:71: UserWarning: Invalid uuid: neutron. To ensure interoperability, identifiers should be a valid uuid. warnings.warn(('Invalid uuid: %s. To ensure interoperability, '
2026-02-25 20:43:56.745 9 INFO neutron.db.ovn_revision_numbers_db [req-05f4ff7d-c0b7-44cb-b62a-67a8b8d3b2e2 req-230fe4ab-ac3c-4331-9ef7-12891c6b61e1 084b36f1a035471aa53b97d77443deb3 4bbbd375ff5b4618a1682c2bf616e23d - - 8db5709e7de040a180ab3b8e08634144 8db5709e7de040a180ab3b8e08634144] Successfully bumped revision number for resource 0285777b-7c96-463b-b492-e5fd3082974c (type: ports) to 2
2026-02-25 20:43:56.871 10 INFO neutron.wsgi [req-47843970-c729-4059-939f-a09d6c5846b6 req-c62978aa-fc18-44ba-96eb-d10269a8d11d 442ff30a66cf48fd93a1ac23cf5e9201 a49b47a36cd4420ea2c93254a656d7a0 - - default default] 10.0.0.76 "GET /v2.0/ports?device_id=026f8d88-3774-4017-bfc5-bdc0d04b8a66 HTTP/1.1" status: 200 len: 1172 time: 0.0392478
2026-02-25 20:43:56.939 10 INFO neutron.wsgi [req-47843970-c729-4059-939f-a09d6c5846b6 req-4338b8c0-193c-45c9-aaba-7131e032d408 442ff30a66cf48fd93a1ac23cf5e9201 a49b47a36cd4420ea2c93254a656d7a0 - - default default] 10.0.0.76 "GET /v2.0/security-groups?id=3a2a1f09-4fcc-48ce-a2b4-d56d7886da68&fields=id&fields=name HTTP/1.1" status: 200 len: 312 time: 0.0624268
2026-02-25 20:43:56.944 9 INFO neutron.db.ovn_revision_numbers_db [req-05f4ff7d-c0b7-44cb-b62a-67a8b8d3b2e2 req-230fe4ab-ac3c-4331-9ef7-12891c6b61e1 084b36f1a035471aa53b97d77443deb3 4bbbd375ff5b4618a1682c2bf616e23d - - 8db5709e7de040a180ab3b8e08634144 8db5709e7de040a180ab3b8e08634144] Successfully bumped revision number for resource 0285777b-7c96-463b-b492-e5fd3082974c (type: ports) to 2
2026-02-25 20:43:56.967 9 INFO neutron.wsgi [req-05f4ff7d-c0b7-44cb-b62a-67a8b8d3b2e2 req-230fe4ab-ac3c-4331-9ef7-12891c6b61e1 084b36f1a035471aa53b97d77443deb3 4bbbd375ff5b4618a1682c2bf616e23d - - 8db5709e7de040a180ab3b8e08634144 8db5709e7de040a180ab3b8e08634144] 199.204.45.169 "PUT /v2.0/ports/0285777b-7c96-463b-b492-e5fd3082974c HTTP/1.1" status: 200 len: 1380 time: 0.6005032
2026-02-25 20:43:57.003 9 INFO neutron.notifiers.nova [-] Nova event matching ['req-a94ba13e-adba-413b-9d6b-eb9dfc0b29a8'] response: {'name': 'network-changed', 'server_uuid': '026f8d88-3774-4017-bfc5-bdc0d04b8a66', 'tag': '0285777b-7c96-463b-b492-e5fd3082974c', 'status': 'completed', 'code': 200} /var/lib/openstack/lib/python3.10/site-packages/pycadf/identifier.py:71: UserWarning: Invalid uuid: neutron. To ensure interoperability, identifiers should be a valid uuid. warnings.warn(('Invalid uuid: %s. To ensure interoperability, '
2026-02-25 20:43:57.047 9 INFO neutron.wsgi [req-05f4ff7d-c0b7-44cb-b62a-67a8b8d3b2e2 req-4e90b1e4-d3d7-4bc3-95c7-b144ac4624f9 084b36f1a035471aa53b97d77443deb3 4bbbd375ff5b4618a1682c2bf616e23d - - 8db5709e7de040a180ab3b8e08634144 8db5709e7de040a180ab3b8e08634144] 199.204.45.169 "GET /v2.0/ports?tenant_id=a49b47a36cd4420ea2c93254a656d7a0&device_id=026f8d88-3774-4017-bfc5-bdc0d04b8a66 HTTP/1.1" status: 200 len: 1411 time: 0.0419567
2026-02-25 20:43:57.063 10 INFO neutron.wsgi [None req-c218f0f7-4424-4bec-9e31-bff508734f21 0d698a8e394e402f8e10bb6fdf9b5b47 ac992b5c700d42a29ae73e602d023058 - - default default] 10.0.0.201 "PUT /v2.0/routers/2016394b-34b4-418e-b3b0-06cf89a21d8a/remove_router_interface HTTP/1.1" status: 200 len: 503 time: 1.1978664 /var/lib/openstack/lib/python3.10/site-packages/pycadf/identifier.py:71: UserWarning: Invalid uuid: neutron. To ensure interoperability, identifiers should be a valid uuid. warnings.warn(('Invalid uuid: %s. To ensure interoperability, '
2026-02-25 20:43:57.076 9 INFO neutron.wsgi [req-05f4ff7d-c0b7-44cb-b62a-67a8b8d3b2e2 req-8e663d3a-66c7-4300-a28f-dc13a6b4dcec 084b36f1a035471aa53b97d77443deb3 4bbbd375ff5b4618a1682c2bf616e23d - - 8db5709e7de040a180ab3b8e08634144 8db5709e7de040a180ab3b8e08634144] 199.204.45.169 "GET /v2.0/floatingips?fixed_ip_address=10.100.0.12&port_id=0285777b-7c96-463b-b492-e5fd3082974c HTTP/1.1" status: 200 len: 217 time: 0.0226722
2026-02-25 20:43:57.118 9 INFO neutron.wsgi [req-05f4ff7d-c0b7-44cb-b62a-67a8b8d3b2e2 req-b0048389-ff72-4138-92de-ddc8d2eda5e9 084b36f1a035471aa53b97d77443deb3 4bbbd375ff5b4618a1682c2bf616e23d - - 8db5709e7de040a180ab3b8e08634144 8db5709e7de040a180ab3b8e08634144] 199.204.45.169 "GET /v2.0/subnets?id=6db5e362-572f-40d3-9d2b-7de42b3b59db HTTP/1.1" status: 200 len: 862 time: 0.0360277
