May 19 10:58:20.504668 np0000174699 devstack@neutron-api.service[102986]: DEBUG neutron_lib.callbacks.manager [None req-57d3ceef-34fe-42eb-af38-2d51dbf07d5a None None] Subscribe: > address_group after_delete 55550000, False {{(pid=102986) subscribe /opt/stack/data/venv/lib/python3.12/site-packages/neutron_lib/callbacks/manager.py:52}}
May 19 10:58:20.504668 np0000174699 devstack@neutron-api.service[102986]: DEBUG neutron_lib.callbacks.manager [None req-57d3ceef-34fe-42eb-af38-2d51dbf07d5a None None] Subscribe: > qos_plugin after_init 55550000, False {{(pid=102986) subscribe /opt/stack/data/venv/lib/python3.12/site-packages/neutron_lib/callbacks/manager.py:52}}
May 19 10:58:20.504668 np0000174699 devstack@neutron-api.service[102986]: DEBUG neutron_lib.callbacks.manager [None req-57d3ceef-34fe-42eb-af38-2d51dbf07d5a None None] Subscribe: > trunk_plugin after_init 55550000, False {{(pid=102986) subscribe /opt/stack/data/venv/lib/python3.12/site-packages/neutron_lib/callbacks/manager.py:52}}
May 19 10:58:20.504959 np0000174699 devstack@neutron-api.service[102986]: DEBUG neutron_lib.callbacks.manager [None req-57d3ceef-34fe-42eb-af38-2d51dbf07d5a None None] Subscribe: > logging-plugin after_init 55550000, False {{(pid=102986) subscribe /opt/stack/data/venv/lib/python3.12/site-packages/neutron_lib/callbacks/manager.py:52}}
May 19 10:58:20.505073 np0000174699 devstack@neutron-api.service[102988]: DEBUG neutron.manager [None req-8b186173-672d-4529-b854-73393bb69ba6 None None] Successfully loaded timestamp plugin. Description: Adds timestamps to Neutron resources with standard attributes {{(pid=102988) _create_and_add_service_plugin /opt/stack/neutron/neutron/manager.py:239}}
May 19 10:58:20.505073 np0000174699 devstack@neutron-api.service[102988]: INFO neutron.manager [None req-8b186173-672d-4529-b854-73393bb69ba6 None None] Loading Plugin: network_ip_availability
May 19 10:58:20.505147 np0000174699 devstack@neutron-api.service[102986]: INFO neutron.services.logapi.drivers.ovn.driver [None req-57d3ceef-34fe-42eb-af38-2d51dbf07d5a None None] OVN logging driver registered
May 19 10:58:20.505308 np0000174699 devstack@neutron-api.service[102987]: DEBUG neutron_lib.callbacks.manager [None req-a1d82f36-0ffd-402c-bc9b-cb0d5755eb32 None None] Subscribe: > process before_spawn 55550000, False {{(pid=102987) subscribe /opt/stack/data/venv/lib/python3.12/site-packages/neutron_lib/callbacks/manager.py:52}}
May 19 10:58:20.505400 np0000174699 devstack@neutron-api.service[102987]: DEBUG neutron_lib.callbacks.manager [None req-a1d82f36-0ffd-402c-bc9b-cb0d5755eb32 None None] Subscribe: > process after_init 55550000, True {{(pid=102987) subscribe /opt/stack/data/venv/lib/python3.12/site-packages/neutron_lib/callbacks/manager.py:52}}
May 19 10:58:20.505558 np0000174699 devstack@neutron-api.service[102987]: DEBUG neutron_lib.callbacks.manager [None req-a1d82f36-0ffd-402c-bc9b-cb0d5755eb32 None None] Subscribe: > segment after_create 55550000, False {{(pid=102987) subscribe /opt/stack/data/venv/lib/python3.12/site-packages/neutron_lib/callbacks/manager.py:52}}
May 19 10:58:20.505686 np0000174699 devstack@neutron-api.service[102987]: DEBUG neutron_lib.callbacks.manager [None req-a1d82f36-0ffd-402c-bc9b-cb0d5755eb32 None None] Subscribe: > segment after_create 55550000, False {{(pid=102987) subscribe /opt/stack/data/venv/lib/python3.12/site-packages/neutron_lib/callbacks/manager.py:52}}
May 19 10:58:20.505801 np0000174699 devstack@neutron-api.service[102987]: DEBUG neutron_lib.callbacks.manager [None req-a1d82f36-0ffd-402c-bc9b-cb0d5755eb32 None None] Subscribe: > segment after_delete 55550000, False {{(pid=102987) subscribe /opt/stack/data/venv/lib/python3.12/site-packages/neutron_lib/callbacks/manager.py:52}}
May 19 10:58:20.505801 np0000174699 devstack@neutron-api.service[102987]: DEBUG neutron_lib.callbacks.manager [None req-a1d82f36-0ffd-402c-bc9b-cb0d5755eb32 None None] Subscribe: > allowed_address_pair before_create 55550000, False {{(pid=102987) subscribe /opt/stack/data/venv/lib/python3.12/site-packages/neutron_lib/callbacks/manager.py:52}}
May 19 10:58:20.505991 np0000174699 devstack@neutron-api.service[102987]: DEBUG neutron_lib.callbacks.manager [None req-a1d82f36-0ffd-402c-bc9b-cb0d5755eb32 None None] Subscribe: > security_group precommit_create 55550000, False {{(pid=102987) subscribe /opt/stack/data/venv/lib/python3.12/site-packages/neutron_lib/callbacks/manager.py:52}}
May 19 10:58:20.506078 np0000174699 devstack@neutron-api.service[102987]: DEBUG neutron_lib.callbacks.manager [None req-a1d82f36-0ffd-402c-bc9b-cb0d5755eb32 None None] Subscribe: > security_group after_update 55550000, False {{(pid=102987) subscribe /opt/stack/data/venv/lib/python3.12/site-packages/neutron_lib/callbacks/manager.py:52}}
May 19 10:58:20.506164 np0000174699 devstack@neutron-api.service[102987]: DEBUG neutron_lib.callbacks.manager [None req-a1d82f36-0ffd-402c-bc9b-cb0d5755eb32 None None] Subscribe: > security_group after_create 55550000, False {{(pid=102987) subscribe /opt/stack/data/venv/lib/python3.12/site-packages/neutron_lib/callbacks/manager.py:52}}
May 19 10:58:20.506285 np0000174699 devstack@neutron-api.service[102987]: DEBUG neutron_lib.callbacks.manager [None req-a1d82f36-0ffd-402c-bc9b-cb0d5755eb32 None None] Subscribe: > security_group precommit_delete 55550000, False {{(pid=102987) subscribe /opt/stack/data/venv/lib/python3.12/site-packages/neutron_lib/callbacks/manager.py:52}}
May 19 10:58:20.506327 np0000174699 devstack@neutron-api.service[102987]: DEBUG neutron_lib.callbacks.manager [None req-a1d82f36-0ffd-402c-bc9b-cb0d5755eb32 None None] Subscribe: > security_group after_delete 55550000, False {{(pid=102987) subscribe /opt/stack/data/venv/lib/python3.12/site-packages/neutron_lib/callbacks/manager.py:52}}
May 19 10:58:20.506454 np0000174699 devstack@neutron-api.service[102986]: DEBUG neutron.plugins.ml2.plugin [None req-57d3ceef-34fe-42eb-af38-2d51dbf07d5a None None] neutron.plugins.ml2.plugin.Ml2Plugin method _start_rpc_notifiers called with arguments () {} {{(pid=102986) wrapper /opt/stack/data/venv/lib/python3.12/site-packages/oslo_log/helpers.py:77}}
May 19 10:58:20.506495 np0000174699 devstack@neutron-api.service[102987]: DEBUG neutron_lib.callbacks.manager [None req-a1d82f36-0ffd-402c-bc9b-cb0d5755eb32 None None] Subscribe: > security_group_rule precommit_create 55550000, False {{(pid=102987) subscribe /opt/stack/data/venv/lib/python3.12/site-packages/neutron_lib/callbacks/manager.py:52}}
May 19 10:58:20.506576 np0000174699 devstack@neutron-api.service[102987]: DEBUG neutron_lib.callbacks.manager [None req-a1d82f36-0ffd-402c-bc9b-cb0d5755eb32 None None] Subscribe: > security_group_rule after_create 55550000, False {{(pid=102987) subscribe /opt/stack/data/venv/lib/python3.12/site-packages/neutron_lib/callbacks/manager.py:52}}
May 19 10:58:20.506657 np0000174699 devstack@neutron-api.service[102987]: DEBUG neutron_lib.callbacks.manager [None req-a1d82f36-0ffd-402c-bc9b-cb0d5755eb32 None None] Subscribe: > security_group_rule before_delete 55550000, False {{(pid=102987) subscribe /opt/stack/data/venv/lib/python3.12/site-packages/neutron_lib/callbacks/manager.py:52}}
May 19 10:58:20.506904 np0000174699 devstack@neutron-api.service[102986]: DEBUG neutron_lib.callbacks.manager [None req-57d3ceef-34fe-42eb-af38-2d51dbf07d5a None None] Subscribe: > port after_create 55550000, False {{(pid=102986) subscribe /opt/stack/data/venv/lib/python3.12/site-packages/neutron_lib/callbacks/manager.py:52}}
May 19 10:58:20.507014 np0000174699 devstack@neutron-api.service[102987]: DEBUG neutron_lib.callbacks.manager [None req-a1d82f36-0ffd-402c-bc9b-cb0d5755eb32 None None] Subscribe: > address_group after_create 55550000, False {{(pid=102987) subscribe /opt/stack/data/venv/lib/python3.12/site-packages/neutron_lib/callbacks/manager.py:52}}
May 19 10:58:20.507072 np0000174699 devstack@neutron-api.service[102988]: DEBUG neutron.manager [None req-8b186173-672d-4529-b854-73393bb69ba6 None None] Successfully loaded network-ip-availability plugin. Description: Provides IP availability data for each network and subnet. {{(pid=102988) _create_and_add_service_plugin /opt/stack/neutron/neutron/manager.py:239}}
May 19 10:58:20.507108 np0000174699 devstack@neutron-api.service[102986]: DEBUG neutron_lib.callbacks.manager [None req-57d3ceef-34fe-42eb-af38-2d51dbf07d5a None None] Subscribe: > port after_update 55550000, False {{(pid=102986) subscribe /opt/stack/data/venv/lib/python3.12/site-packages/neutron_lib/callbacks/manager.py:52}}
May 19 10:58:20.507166 np0000174699 devstack@neutron-api.service[102987]: DEBUG neutron_lib.callbacks.manager [None req-a1d82f36-0ffd-402c-bc9b-cb0d5755eb32 None None] Subscribe: > address_group after_update 55550000, False {{(pid=102987) subscribe /opt/stack/data/venv/lib/python3.12/site-packages/neutron_lib/callbacks/manager.py:52}}
May 19 10:58:20.507222 np0000174699 devstack@neutron-api.service[102988]: INFO neutron.manager [None req-8b186173-672d-4529-b854-73393bb69ba6 None None] Loading Plugin: flavors
May 19 10:58:20.507250 np0000174699 devstack@neutron-api.service[102986]: DEBUG neutron_lib.callbacks.manager [None req-57d3ceef-34fe-42eb-af38-2d51dbf07d5a None None] Subscribe: > port after_delete 55550000, False {{(pid=102986) subscribe /opt/stack/data/venv/lib/python3.12/site-packages/neutron_lib/callbacks/manager.py:52}}
May 19 10:58:20.507312 np0000174699 devstack@neutron-api.service[102987]: DEBUG neutron_lib.callbacks.manager [None req-a1d82f36-0ffd-402c-bc9b-cb0d5755eb32 None None] Subscribe: > address_group after_delete 55550000, False {{(pid=102987) subscribe /opt/stack/data/venv/lib/python3.12/site-packages/neutron_lib/callbacks/manager.py:52}}
May 19 10:58:20.507345 np0000174699 devstack@neutron-api.service[102986]: DEBUG neutron_lib.callbacks.manager [None req-57d3ceef-34fe-42eb-af38-2d51dbf07d5a None None] Subscribe: > subnet after_create 55550000, False {{(pid=102986) subscribe /opt/stack/data/venv/lib/python3.12/site-packages/neutron_lib/callbacks/manager.py:52}}
May 19 10:58:20.507345 np0000174699 devstack@neutron-api.service[102986]: DEBUG neutron_lib.callbacks.manager [None req-57d3ceef-34fe-42eb-af38-2d51dbf07d5a None None] Subscribe: > subnet after_update 55550000, False {{(pid=102986) subscribe /opt/stack/data/venv/lib/python3.12/site-packages/neutron_lib/callbacks/manager.py:52}}
May 19 10:58:20.507435 np0000174699 devstack@neutron-api.service[102987]: DEBUG neutron_lib.callbacks.manager [None req-a1d82f36-0ffd-402c-bc9b-cb0d5755eb32 None None] Subscribe: > qos_plugin after_init 55550000, False {{(pid=102987) subscribe /opt/stack/data/venv/lib/python3.12/site-packages/neutron_lib/callbacks/manager.py:52}}
May 19 10:58:20.507493 np0000174699 devstack@neutron-api.service[102986]: DEBUG neutron_lib.callbacks.manager [None req-57d3ceef-34fe-42eb-af38-2d51dbf07d5a None None] Subscribe: > subnet after_delete 55550000, False {{(pid=102986) subscribe /opt/stack/data/venv/lib/python3.12/site-packages/neutron_lib/callbacks/manager.py:52}}
May 19 10:58:20.507493 np0000174699 devstack@neutron-api.service[102986]: DEBUG neutron_lib.callbacks.manager [None req-57d3ceef-34fe-42eb-af38-2d51dbf07d5a None None] Subscribe: > network after_create 55550000, False {{(pid=102986) subscribe /opt/stack/data/venv/lib/python3.12/site-packages/neutron_lib/callbacks/manager.py:52}}
May 19 10:58:20.507584 np0000174699 devstack@neutron-api.service[102987]: DEBUG neutron_lib.callbacks.manager [None req-a1d82f36-0ffd-402c-bc9b-cb0d5755eb32 None None] Subscribe: > trunk_plugin after_init 55550000, False {{(pid=102987) subscribe /opt/stack/data/venv/lib/python3.12/site-packages/neutron_lib/callbacks/manager.py:52}}
May 19 10:58:20.507640 np0000174699 devstack@neutron-api.service[102986]: DEBUG neutron_lib.callbacks.manager [None req-57d3ceef-34fe-42eb-af38-2d51dbf07d5a None None] Subscribe: > network after_update 55550000, False {{(pid=102986) subscribe /opt/stack/data/venv/lib/python3.12/site-packages/neutron_lib/callbacks/manager.py:52}}
May 19 10:58:20.507640 np0000174699 devstack@neutron-api.service[102986]: DEBUG neutron_lib.callbacks.manager [None req-57d3ceef-34fe-42eb-af38-2d51dbf07d5a None None] Subscribe: > network after_delete 55550000, False {{(pid=102986) subscribe /opt/stack/data/venv/lib/python3.12/site-packages/neutron_lib/callbacks/manager.py:52}}
May 19 10:58:20.507729 np0000174699 devstack@neutron-api.service[102987]: DEBUG neutron_lib.callbacks.manager [None req-a1d82f36-0ffd-402c-bc9b-cb0d5755eb32 None None] Subscribe: > logging-plugin after_init 55550000, False {{(pid=102987) subscribe /opt/stack/data/venv/lib/python3.12/site-packages/neutron_lib/callbacks/manager.py:52}}
May 19 10:58:20.507795 np0000174699 devstack@neutron-api.service[102986]: DEBUG neutron_lib.callbacks.manager [None req-57d3ceef-34fe-42eb-af38-2d51dbf07d5a None None] Subscribe: > security_group after_create 55550000, False {{(pid=102986) subscribe /opt/stack/data/venv/lib/python3.12/site-packages/neutron_lib/callbacks/manager.py:52}}
May 19 10:58:20.507795 np0000174699 devstack@neutron-api.service[102986]: DEBUG neutron_lib.callbacks.manager [None req-57d3ceef-34fe-42eb-af38-2d51dbf07d5a None None] Subscribe: > security_group after_update 55550000, False {{(pid=102986) subscribe /opt/stack/data/venv/lib/python3.12/site-packages/neutron_lib/callbacks/manager.py:52}}
May 19 10:58:20.507795 np0000174699 devstack@neutron-api.service[102986]: DEBUG neutron_lib.callbacks.manager [None req-57d3ceef-34fe-42eb-af38-2d51dbf07d5a None None] Subscribe: > security_group after_delete 55550000, False {{(pid=102986) subscribe /opt/stack/data/venv/lib/python3.12/site-packages/neutron_lib/callbacks/manager.py:52}}
May 19 10:58:20.507886 np0000174699 devstack@neutron-api.service[102986]: DEBUG neutron_lib.callbacks.manager [None req-57d3ceef-34fe-42eb-af38-2d51dbf07d5a None None] Subscribe: > security_group_rule after_create 55550000, False {{(pid=102986) subscribe /opt/stack/data/venv/lib/python3.12/site-packages/neutron_lib/callbacks/manager.py:52}}
May 19 10:58:20.508010 np0000174699 devstack@neutron-api.service[102986]: DEBUG neutron_lib.callbacks.manager [None req-57d3ceef-34fe-42eb-af38-2d51dbf07d5a None None] Subscribe: > security_group_rule after_update 55550000, False {{(pid=102986) subscribe /opt/stack/data/venv/lib/python3.12/site-packages/neutron_lib/callbacks/manager.py:52}}
May 19 10:58:20.508039 np0000174699 devstack@neutron-api.service[102987]: INFO neutron.services.logapi.drivers.ovn.driver [None req-a1d82f36-0ffd-402c-bc9b-cb0d5755eb32 None None] OVN logging driver registered
May 19 10:58:20.508071 np0000174699 devstack@neutron-api.service[102986]: DEBUG neutron_lib.callbacks.manager [None req-57d3ceef-34fe-42eb-af38-2d51dbf07d5a None None] Subscribe: > security_group_rule after_delete 55550000, False {{(pid=102986) subscribe /opt/stack/data/venv/lib/python3.12/site-packages/neutron_lib/callbacks/manager.py:52}}
May 19 10:58:20.508161 np0000174699 devstack@neutron-api.service[102986]: DEBUG neutron_lib.callbacks.manager [None req-57d3ceef-34fe-42eb-af38-2d51dbf07d5a None None] Subscribe: > address_group after_create 55550000, False {{(pid=102986) subscribe /opt/stack/data/venv/lib/python3.12/site-packages/neutron_lib/callbacks/manager.py:52}}
May 19 10:58:20.508190 np0000174699 devstack@neutron-api.service[102988]: DEBUG neutron.manager [None req-8b186173-672d-4529-b854-73393bb69ba6 None None] Successfully loaded FLAVORS plugin. Description: Neutron Flavors and Service Profiles manager plugin {{(pid=102988) _create_and_add_service_plugin /opt/stack/neutron/neutron/manager.py:239}}
May 19 10:58:20.508252 np0000174699 devstack@neutron-api.service[102986]: DEBUG neutron_lib.callbacks.manager [None req-57d3ceef-34fe-42eb-af38-2d51dbf07d5a None None] Subscribe: > address_group after_update 55550000, False {{(pid=102986) subscribe /opt/stack/data/venv/lib/python3.12/site-packages/neutron_lib/callbacks/manager.py:52}}
May 19 10:58:20.508311 np0000174699 devstack@neutron-api.service[102988]: INFO neutron.manager [None req-8b186173-672d-4529-b854-73393bb69ba6 None None] Loading Plugin: revisions
May 19 10:58:20.508343 np0000174699 devstack@neutron-api.service[102986]: DEBUG neutron_lib.callbacks.manager [None req-57d3ceef-34fe-42eb-af38-2d51dbf07d5a None None] Subscribe: > address_group after_delete 55550000, False {{(pid=102986) subscribe /opt/stack/data/venv/lib/python3.12/site-packages/neutron_lib/callbacks/manager.py:52}}
May 19 10:58:20.508424 np0000174699 devstack@neutron-api.service[102986]: DEBUG neutron.plugins.ml2.ovo_rpc [None req-57d3ceef-34fe-42eb-af38-2d51dbf07d5a None None] ML2 OVO RPC backend initialized. {{(pid=102986) __init__ /opt/stack/neutron/neutron/plugins/ml2/ovo_rpc.py:117}}
May 19 10:58:20.509215 np0000174699 devstack@neutron-api.service[102986]: INFO neutron.quota [None req-57d3ceef-34fe-42eb-af38-2d51dbf07d5a None None] Loaded quota_driver: .
May 19 10:58:20.509320 np0000174699 devstack@neutron-api.service[102986]: INFO neutron.plugins.ml2.plugin [None req-57d3ceef-34fe-42eb-af38-2d51dbf07d5a None None] Modular L2 Plugin initialization complete
May 19 10:58:20.509398 np0000174699 devstack@neutron-api.service[102988]: DEBUG neutron.manager [None req-8b186173-672d-4529-b854-73393bb69ba6 None None] Successfully loaded revision_plugin plugin. Description: Adds revision numbers to resources. {{(pid=102988) _create_and_add_service_plugin /opt/stack/neutron/neutron/manager.py:239}}
May 19 10:58:20.509463 np0000174699 devstack@neutron-api.service[102986]: DEBUG neutron.manager [None req-57d3ceef-34fe-42eb-af38-2d51dbf07d5a None None] Loading services supported by the core plugin {{(pid=102986) _load_services_from_core_plugin /opt/stack/neutron/neutron/manager.py:170}}
May 19 10:58:20.509556 np0000174699 devstack@neutron-api.service[102988]: DEBUG oslo_concurrency.lockutils [None req-8b186173-672d-4529-b854-73393bb69ba6 None None] Lock "manager" "released" by "neutron.manager.NeutronManager._create_instance" :: held 4.365s {{(pid=102988) inner /opt/stack/data/venv/lib/python3.12/site-packages/oslo_concurrency/lockutils.py:543}}
May 19 10:58:20.509592 np0000174699 devstack@neutron-api.service[102986]: INFO neutron.plugins.ml2.managers [None req-57d3ceef-34fe-42eb-af38-2d51dbf07d5a None None] Got port-security extension from driver 'port_security'
May 19 10:58:20.509650 np0000174699 devstack@neutron-api.service[102987]: DEBUG neutron.plugins.ml2.plugin [None req-a1d82f36-0ffd-402c-bc9b-cb0d5755eb32 None None] neutron.plugins.ml2.plugin.Ml2Plugin method _start_rpc_notifiers called with arguments () {} {{(pid=102987) wrapper /opt/stack/data/venv/lib/python3.12/site-packages/oslo_log/helpers.py:77}}
May 19 10:58:20.509834 np0000174699 devstack@neutron-api.service[102988]: DEBUG neutron.api.extensions [None req-8b186173-672d-4529-b854-73393bb69ba6 None None] get_extension_paths = OrderedDict({'/opt/stack/neutron/neutron/extensions': 1}) {{(pid=102988) get_extensions_path /opt/stack/neutron/neutron/api/extensions.py:640}}
May 19 10:58:20.509878 np0000174699 devstack@neutron-api.service[102987]: DEBUG neutron_lib.callbacks.manager [None req-a1d82f36-0ffd-402c-bc9b-cb0d5755eb32 None None] Subscribe: > port after_create 55550000, False {{(pid=102987) subscribe /opt/stack/data/venv/lib/python3.12/site-packages/neutron_lib/callbacks/manager.py:52}}
May 19 10:58:20.509909 np0000174699 devstack@neutron-api.service[102986]: DEBUG neutron.manager [None req-57d3ceef-34fe-42eb-af38-2d51dbf07d5a None None] Loading service plugins: ['ovn-router', 'auto_allocate', 'tag', 'timestamp', 'network_ip_availability', 'flavors', 'revisions'] {{(pid=102986) _load_service_plugins /opt/stack/neutron/neutron/manager.py:195}}
May 19 10:58:20.509967 np0000174699 devstack@neutron-api.service[102988]: INFO neutron.api.extensions [None req-8b186173-672d-4529-b854-73393bb69ba6 None None] Initializing extension manager.
May 19 10:58:20.510006 np0000174699 devstack@neutron-api.service[102986]: INFO neutron.manager [None req-57d3ceef-34fe-42eb-af38-2d51dbf07d5a None None] Loading Plugin: ovn-router
May 19 10:58:20.510069 np0000174699 devstack@neutron-api.service[102987]: DEBUG neutron_lib.callbacks.manager [None req-a1d82f36-0ffd-402c-bc9b-cb0d5755eb32 None None] Subscribe: > port after_update 55550000, False {{(pid=102987) subscribe /opt/stack/data/venv/lib/python3.12/site-packages/neutron_lib/callbacks/manager.py:52}}
May 19 10:58:20.510133 np0000174699 devstack@neutron-api.service[102987]: DEBUG neutron_lib.callbacks.manager [None req-a1d82f36-0ffd-402c-bc9b-cb0d5755eb32 None None] Subscribe: > port after_delete 55550000, False {{(pid=102987) subscribe /opt/stack/data/venv/lib/python3.12/site-packages/neutron_lib/callbacks/manager.py:52}}
May 19 10:58:20.510195 np0000174699 devstack@neutron-api.service[102987]: DEBUG neutron_lib.callbacks.manager [None req-a1d82f36-0ffd-402c-bc9b-cb0d5755eb32 None None] Subscribe: > subnet after_create 55550000, False {{(pid=102987) subscribe /opt/stack/data/venv/lib/python3.12/site-packages/neutron_lib/callbacks/manager.py:52}}
May 19 10:58:20.510225 np0000174699 devstack@neutron-api.service[102988]: DEBUG neutron.api.extensions [None req-8b186173-672d-4529-b854-73393bb69ba6 None None] Loading extension file: __init__.py {{(pid=102988) _load_all_extensions_from_path /opt/stack/neutron/neutron/api/extensions.py:449}}
May 19 10:58:20.510283 np0000174699 devstack@neutron-api.service[102987]: DEBUG neutron_lib.callbacks.manager [None req-a1d82f36-0ffd-402c-bc9b-cb0d5755eb32 None None] Subscribe: > subnet after_update 55550000, False {{(pid=102987) subscribe /opt/stack/data/venv/lib/python3.12/site-packages/neutron_lib/callbacks/manager.py:52}}
May 19 10:58:20.510313 np0000174699 devstack@neutron-api.service[102988]: DEBUG neutron.api.extensions [None req-8b186173-672d-4529-b854-73393bb69ba6 None None] Loading extension file: __pycache__ {{(pid=102988) _load_all_extensions_from_path /opt/stack/neutron/neutron/api/extensions.py:449}}
May 19 10:58:20.510411 np0000174699 devstack@neutron-api.service[102988]: DEBUG neutron.api.extensions [None req-8b186173-672d-4529-b854-73393bb69ba6 None None] Loading extension file: address_group.py {{(pid=102988) _load_all_extensions_from_path /opt/stack/neutron/neutron/api/extensions.py:449}}
May 19 10:58:20.510438 np0000174699 devstack@neutron-api.service[102987]: DEBUG neutron_lib.callbacks.manager [None req-a1d82f36-0ffd-402c-bc9b-cb0d5755eb32 None None] Subscribe: > subnet after_delete 55550000, False {{(pid=102987) subscribe /opt/stack/data/venv/lib/python3.12/site-packages/neutron_lib/callbacks/manager.py:52}}
May 19 10:58:20.510496 np0000174699 devstack@neutron-api.service[102987]: DEBUG neutron_lib.callbacks.manager [None req-a1d82f36-0ffd-402c-bc9b-cb0d5755eb32 None None] Subscribe: > network after_create 55550000, False {{(pid=102987) subscribe /opt/stack/data/venv/lib/python3.12/site-packages/neutron_lib/callbacks/manager.py:52}}
May 19 10:58:20.510596 np0000174699 devstack@neutron-api.service[102987]: DEBUG neutron_lib.callbacks.manager [None req-a1d82f36-0ffd-402c-bc9b-cb0d5755eb32 None None] Subscribe: > network after_update 55550000, False {{(pid=102987) subscribe /opt/stack/data/venv/lib/python3.12/site-packages/neutron_lib/callbacks/manager.py:52}}
May 19 10:58:20.510697 np0000174699 devstack@neutron-api.service[102987]: DEBUG neutron_lib.callbacks.manager [None req-a1d82f36-0ffd-402c-bc9b-cb0d5755eb32 None None] Subscribe: > network after_delete 55550000, False {{(pid=102987) subscribe /opt/stack/data/venv/lib/python3.12/site-packages/neutron_lib/callbacks/manager.py:52}}
May 19 10:58:20.510758 np0000174699 devstack@neutron-api.service[102988]: DEBUG neutron.api.extensions [None req-8b186173-672d-4529-b854-73393bb69ba6 None None] Ext name="Address group" alias="address-group" description="Support address group" updated="2020-07-15T10:00:00-00:00" {{(pid=102988) _check_extension /opt/stack/neutron/neutron/api/extensions.py:415}}
May 19 10:58:20.510816 np0000174699 devstack@neutron-api.service[102987]: DEBUG neutron_lib.callbacks.manager [None req-a1d82f36-0ffd-402c-bc9b-cb0d5755eb32 None None] Subscribe: > security_group after_create 55550000, False {{(pid=102987) subscribe /opt/stack/data/venv/lib/python3.12/site-packages/neutron_lib/callbacks/manager.py:52}}
May 19 10:58:20.510936 np0000174699 devstack@neutron-api.service[102987]: DEBUG neutron_lib.callbacks.manager [None req-a1d82f36-0ffd-402c-bc9b-cb0d5755eb32 None None] Subscribe: > security_group after_update 55550000, False {{(pid=102987) subscribe /opt/stack/data/venv/lib/python3.12/site-packages/neutron_lib/callbacks/manager.py:52}}
May 19 10:58:20.511035 np0000174699 devstack@neutron-api.service[102987]: DEBUG neutron_lib.callbacks.manager [None req-a1d82f36-0ffd-402c-bc9b-cb0d5755eb32 None None] Subscribe: > security_group after_delete 55550000, False {{(pid=102987) subscribe /opt/stack/data/venv/lib/python3.12/site-packages/neutron_lib/callbacks/manager.py:52}}
May 19 10:58:20.511098 np0000174699 devstack@neutron-api.service[102988]: INFO neutron.api.extensions [None req-8b186173-672d-4529-b854-73393bb69ba6 None None] Loaded extension: address-group
May 19 10:58:20.511132 np0000174699 devstack@neutron-api.service[102987]: DEBUG neutron_lib.callbacks.manager [None req-a1d82f36-0ffd-402c-bc9b-cb0d5755eb32 None None] Subscribe: > security_group_rule after_create 55550000, False {{(pid=102987) subscribe /opt/stack/data/venv/lib/python3.12/site-packages/neutron_lib/callbacks/manager.py:52}}
May 19 10:58:20.511191 np0000174699 devstack@neutron-api.service[102988]: DEBUG neutron.api.extensions [None req-8b186173-672d-4529-b854-73393bb69ba6 None None] Loading extension file: address_scope.py {{(pid=102988) _load_all_extensions_from_path /opt/stack/neutron/neutron/api/extensions.py:449}}
May 19 10:58:20.511225 np0000174699 devstack@neutron-api.service[102987]: DEBUG neutron_lib.callbacks.manager [None req-a1d82f36-0ffd-402c-bc9b-cb0d5755eb32 None None] Subscribe: > security_group_rule after_update 55550000, False {{(pid=102987) subscribe /opt/stack/data/venv/lib/python3.12/site-packages/neutron_lib/callbacks/manager.py:52}}
May 19 10:58:20.511337 np0000174699 devstack@neutron-api.service[102987]: DEBUG neutron_lib.callbacks.manager [None req-a1d82f36-0ffd-402c-bc9b-cb0d5755eb32 None None] Subscribe: > security_group_rule after_delete 55550000, False {{(pid=102987) subscribe /opt/stack/data/venv/lib/python3.12/site-packages/neutron_lib/callbacks/manager.py:52}}
May 19 10:58:20.511422 np0000174699 devstack@neutron-api.service[102987]: DEBUG neutron_lib.callbacks.manager [None req-a1d82f36-0ffd-402c-bc9b-cb0d5755eb32 None None] Subscribe: > address_group after_create 55550000, False {{(pid=102987) subscribe /opt/stack/data/venv/lib/python3.12/site-packages/neutron_lib/callbacks/manager.py:52}}
May 19 10:58:20.511510 np0000174699 devstack@neutron-api.service[102987]: DEBUG neutron_lib.callbacks.manager [None req-a1d82f36-0ffd-402c-bc9b-cb0d5755eb32 None None] Subscribe: > address_group after_update 55550000, False {{(pid=102987) subscribe /opt/stack/data/venv/lib/python3.12/site-packages/neutron_lib/callbacks/manager.py:52}}
May 19 10:58:20.511590 np0000174699 devstack@neutron-api.service[102988]: DEBUG neutron.api.extensions [None req-8b186173-672d-4529-b854-73393bb69ba6 None None] Ext name="Address scope" alias="address-scope" description="Address scopes extension." updated="2015-07-26T10:00:00-00:00" {{(pid=102988) _check_extension /opt/stack/neutron/neutron/api/extensions.py:415}}
May 19 10:58:20.511620 np0000174699 devstack@neutron-api.service[102987]: DEBUG neutron_lib.callbacks.manager [None req-a1d82f36-0ffd-402c-bc9b-cb0d5755eb32 None None] Subscribe: > address_group after_delete 55550000, False {{(pid=102987) subscribe /opt/stack/data/venv/lib/python3.12/site-packages/neutron_lib/callbacks/manager.py:52}}
May 19 10:58:20.511699 np0000174699 devstack@neutron-api.service[102987]: DEBUG neutron.plugins.ml2.ovo_rpc [None req-a1d82f36-0ffd-402c-bc9b-cb0d5755eb32 None None] ML2 OVO RPC backend initialized. {{(pid=102987) __init__ /opt/stack/neutron/neutron/plugins/ml2/ovo_rpc.py:117}}
May 19 10:58:20.511764 np0000174699 devstack@neutron-api.service[102988]: INFO neutron.api.extensions [None req-8b186173-672d-4529-b854-73393bb69ba6 None None] Loaded extension: address-scope
May 19 10:58:20.511873 np0000174699 devstack@neutron-api.service[102988]: DEBUG neutron.api.extensions [None req-8b186173-672d-4529-b854-73393bb69ba6 None None] Loading extension file: admin_state_down_before_update.py {{(pid=102988) _load_all_extensions_from_path /opt/stack/neutron/neutron/api/extensions.py:449}}
May 19 10:58:20.512126 np0000174699 devstack@neutron-api.service[102988]: DEBUG neutron.api.extensions [None req-8b186173-672d-4529-b854-73393bb69ba6 None None] Ext name="Enforce Router's Admin State Down Before Update Extension" alias="router-admin-state-down-before-update" description="Ensure that the admin state of a router is DOWN (admin_state_up=False) before updating the distributed attribute" updated="2019-07-02T15:56:00" {{(pid=102988) _check_extension /opt/stack/neutron/neutron/api/extensions.py:415}}
May 19 10:58:20.512327 np0000174699 devstack@neutron-api.service[102988]: INFO neutron.api.extensions [None req-8b186173-672d-4529-b854-73393bb69ba6 None None] Extension router-admin-state-down-before-update not supported by any of loaded plugins
May 19 10:58:20.512410 np0000174699 devstack@neutron-api.service[102988]: DEBUG neutron.api.extensions [None req-8b186173-672d-4529-b854-73393bb69ba6 None None] Loading extension file: agent.py {{(pid=102988) _load_all_extensions_from_path /opt/stack/neutron/neutron/api/extensions.py:449}}
May 19 10:58:20.512492 np0000174699 devstack@neutron-api.service[102987]: INFO neutron.quota [None req-a1d82f36-0ffd-402c-bc9b-cb0d5755eb32 None None] Loaded quota_driver: .
May 19 10:58:20.512625 np0000174699 devstack@neutron-api.service[102987]: INFO neutron.plugins.ml2.plugin [None req-a1d82f36-0ffd-402c-bc9b-cb0d5755eb32 None None] Modular L2 Plugin initialization complete
May 19 10:58:20.512686 np0000174699 devstack@neutron-api.service[102988]: DEBUG neutron.api.extensions [None req-8b186173-672d-4529-b854-73393bb69ba6 None None] Ext name="agent" alias="agent" description="The agent management extension." updated="2013-02-03T10:00:00-00:00" {{(pid=102988) _check_extension /opt/stack/neutron/neutron/api/extensions.py:415}}
May 19 10:58:20.512762 np0000174699 devstack@neutron-api.service[102987]: DEBUG neutron.manager [None req-a1d82f36-0ffd-402c-bc9b-cb0d5755eb32 None None] Loading services supported by the core plugin {{(pid=102987) _load_services_from_core_plugin /opt/stack/neutron/neutron/manager.py:170}}
May 19 10:58:20.512882 np0000174699 devstack@neutron-api.service[102987]: INFO neutron.plugins.ml2.managers [None req-a1d82f36-0ffd-402c-bc9b-cb0d5755eb32 None None] Got port-security extension from driver 'port_security'
May 19 10:58:20.512952 np0000174699 devstack@neutron-api.service[102988]: INFO neutron.api.extensions [None req-8b186173-672d-4529-b854-73393bb69ba6 None None] Loaded extension: agent
May 19 10:58:20.513017 np0000174699 devstack@neutron-api.service[102988]: DEBUG neutron.api.extensions [None req-8b186173-672d-4529-b854-73393bb69ba6 None None] Loading extension file: agent_resources_synced.py {{(pid=102988) _load_all_extensions_from_path /opt/stack/neutron/neutron/api/extensions.py:449}}
May 19 10:58:20.513160 np0000174699 devstack@neutron-api.service[102987]: DEBUG neutron.manager [None req-a1d82f36-0ffd-402c-bc9b-cb0d5755eb32 None None] Loading service plugins: ['ovn-router', 'auto_allocate', 'tag', 'timestamp', 'network_ip_availability', 'flavors', 'revisions'] {{(pid=102987) _load_service_plugins /opt/stack/neutron/neutron/manager.py:195}}
May 19 10:58:20.513249 np0000174699 devstack@neutron-api.service[102987]: INFO neutron.manager [None req-a1d82f36-0ffd-402c-bc9b-cb0d5755eb32 None None] Loading Plugin: ovn-router
May 19 10:58:20.513283 np0000174699 devstack@neutron-api.service[102988]: DEBUG neutron.api.extensions [None req-8b186173-672d-4529-b854-73393bb69ba6 None None] Ext name="Agent's Resource View Synced to Placement" alias="agent-resources-synced" description="Stores success/failure of last sync to Placement" updated="2018-12-19T00:00:00-00:00" {{(pid=102988) _check_extension /opt/stack/neutron/neutron/api/extensions.py:415}}
May 19 10:58:20.513427 np0000174699 devstack@neutron-api.service[102988]: INFO neutron.api.extensions [None req-8b186173-672d-4529-b854-73393bb69ba6 None None] Extension agent-resources-synced not supported by any of loaded plugins
May 19 10:58:20.513512 np0000174699 devstack@neutron-api.service[102988]: DEBUG neutron.api.extensions [None req-8b186173-672d-4529-b854-73393bb69ba6 None None] Loading extension file: agent_sort_key.py {{(pid=102988) _load_all_extensions_from_path /opt/stack/neutron/neutron/api/extensions.py:449}}
May 19 10:58:20.513768 np0000174699 devstack@neutron-api.service[102988]: DEBUG neutron.api.extensions [None req-8b186173-672d-4529-b854-73393bb69ba6 None None] Ext name="Agents Sort Key" alias="agent_sort_key" description="Enabling the keyword sort_key for sorting in agents." updated="2013-02-03T10:00:00-00:00" {{(pid=102988) _check_extension /opt/stack/neutron/neutron/api/extensions.py:415}}
May 19 10:58:20.513975 np0000174699 devstack@neutron-api.service[102988]: INFO neutron.api.extensions [None req-8b186173-672d-4529-b854-73393bb69ba6 None None] Extension agent_sort_key not supported by any of loaded plugins
May 19 10:58:20.514069 np0000174699 devstack@neutron-api.service[102988]: DEBUG neutron.api.extensions [None req-8b186173-672d-4529-b854-73393bb69ba6 None None] Loading extension file: allowedaddresspairs.py {{(pid=102988) _load_all_extensions_from_path /opt/stack/neutron/neutron/api/extensions.py:449}}
May 19 10:58:20.514818 np0000174699 devstack@neutron-api.service[102988]: DEBUG neutron.api.extensions [None req-8b186173-672d-4529-b854-73393bb69ba6 None None] Ext name="Allowed Address Pairs" alias="allowed-address-pairs" description="Provides allowed address pairs" updated="2013-07-23T10:00:00-00:00" {{(pid=102988) _check_extension /opt/stack/neutron/neutron/api/extensions.py:415}}
May 19 10:58:20.515004 np0000174699 devstack@neutron-api.service[102988]: INFO neutron.api.extensions [None req-8b186173-672d-4529-b854-73393bb69ba6 None None] Loaded extension: allowed-address-pairs
May 19 10:58:20.515095 np0000174699 devstack@neutron-api.service[102988]: DEBUG neutron.api.extensions [None req-8b186173-672d-4529-b854-73393bb69ba6 None None] Loading extension file: auto_allocated_topology.py {{(pid=102988) _load_all_extensions_from_path /opt/stack/neutron/neutron/api/extensions.py:449}}
May 19 10:58:20.515340 np0000174699 devstack@neutron-api.service[102988]: DEBUG neutron.api.extensions [None req-8b186173-672d-4529-b854-73393bb69ba6 None None] Ext name="Auto Allocated Topology Services" alias="auto-allocated-topology" description="Auto Allocated Topology Services." updated="2016-01-01T00:00:00-00:00" {{(pid=102988) _check_extension /opt/stack/neutron/neutron/api/extensions.py:415}}
May 19 10:58:20.515534 np0000174699 devstack@neutron-api.service[102988]: INFO neutron.api.extensions [None req-8b186173-672d-4529-b854-73393bb69ba6 None None] Loaded extension: auto-allocated-topology
May 19 10:58:20.515628 np0000174699 devstack@neutron-api.service[102988]: DEBUG neutron.api.extensions [None req-8b186173-672d-4529-b854-73393bb69ba6 None None] Loading extension file: availability_zone.py {{(pid=102988) _load_all_extensions_from_path /opt/stack/neutron/neutron/api/extensions.py:449}}
May 19 10:58:20.515943 np0000174699 devstack@neutron-api.service[102988]: DEBUG neutron.api.extensions [None req-8b186173-672d-4529-b854-73393bb69ba6 None None] Ext name="Availability Zone" alias="availability_zone" description="The availability zone extension." updated="2015-01-01T10:00:00-00:00" {{(pid=102988) _check_extension /opt/stack/neutron/neutron/api/extensions.py:415}}
May 19 10:58:20.516106 np0000174699 devstack@neutron-api.service[102988]: INFO neutron.api.extensions [None req-8b186173-672d-4529-b854-73393bb69ba6 None None] Loaded extension: availability_zone
May 19 10:58:20.516183 np0000174699 devstack@neutron-api.service[102988]: DEBUG neutron.api.extensions [None req-8b186173-672d-4529-b854-73393bb69ba6 None None] Loading extension file: availability_zone_filter.py {{(pid=102988) _load_all_extensions_from_path /opt/stack/neutron/neutron/api/extensions.py:449}}
May 19 10:58:20.516434 np0000174699 devstack@neutron-api.service[102988]: DEBUG neutron.api.extensions [None req-8b186173-672d-4529-b854-73393bb69ba6 None None] Ext name="Availability Zone Filter Extension" alias="availability_zone_filter" description="Add filter parameters to AvailabilityZone resource" updated="2018-06-22T10:00:00-00:00" {{(pid=102988) _check_extension /opt/stack/neutron/neutron/api/extensions.py:415}}
May 19 10:58:20.516597 np0000174699 devstack@neutron-api.service[102988]: INFO neutron.api.extensions [None req-8b186173-672d-4529-b854-73393bb69ba6 None None] Extension availability_zone_filter not supported by any of loaded plugins
May 19 10:58:20.516678 np0000174699 devstack@neutron-api.service[102988]: DEBUG neutron.api.extensions [None req-8b186173-672d-4529-b854-73393bb69ba6 None None] Loading extension file: data_plane_status.py {{(pid=102988) _load_all_extensions_from_path /opt/stack/neutron/neutron/api/extensions.py:449}}
May 19 10:58:20.516932 np0000174699 devstack@neutron-api.service[102988]: DEBUG neutron.api.extensions [None req-8b186173-672d-4529-b854-73393bb69ba6 None None] Ext name="Port data plane status extension" alias="data-plane-status" description="Expose status of underlying data plane" updated="2017-01-24T10:00:00-00:00" {{(pid=102988) _check_extension /opt/stack/neutron/neutron/api/extensions.py:415}}
May 19 10:58:20.517097 np0000174699 devstack@neutron-api.service[102988]: INFO neutron.api.extensions [None req-8b186173-672d-4529-b854-73393bb69ba6 None None] Extension data-plane-status not supported by any of loaded plugins
May 19 10:58:20.517179 np0000174699 devstack@neutron-api.service[102988]: DEBUG neutron.api.extensions [None req-8b186173-672d-4529-b854-73393bb69ba6 None None] Loading extension file: default_subnetpools.py {{(pid=102988) _load_all_extensions_from_path /opt/stack/neutron/neutron/api/extensions.py:449}}
May 19 10:58:20.517430 np0000174699 devstack@neutron-api.service[102988]: DEBUG neutron.api.extensions [None req-8b186173-672d-4529-b854-73393bb69ba6 None None] Ext name="Default Subnetpools" alias="default-subnetpools" description="Provides ability to mark and use a subnetpool as the default." updated="2016-02-18T18:00:00-00:00" {{(pid=102988) _check_extension /opt/stack/neutron/neutron/api/extensions.py:415}}
May 19 10:58:20.517581 np0000174699 devstack@neutron-api.service[102988]: INFO neutron.api.extensions [None req-8b186173-672d-4529-b854-73393bb69ba6 None None] Loaded extension: default-subnetpools
May 19 10:58:20.517662 np0000174699 devstack@neutron-api.service[102988]: DEBUG neutron.api.extensions [None req-8b186173-672d-4529-b854-73393bb69ba6 None None] Loading extension file: dhcpagentscheduler.py {{(pid=102988) _load_all_extensions_from_path /opt/stack/neutron/neutron/api/extensions.py:449}}
May 19 10:58:20.518087 np0000174699 devstack@neutron-api.service[102988]: DEBUG neutron.api.extensions [None req-8b186173-672d-4529-b854-73393bb69ba6 None None] Ext name="DHCP Agent Scheduler" alias="dhcp_agent_scheduler" description="Schedule networks among dhcp agents" updated="2013-02-07T10:00:00-00:00" {{(pid=102988) _check_extension /opt/stack/neutron/neutron/api/extensions.py:415}}
May 19 10:58:20.518259 np0000174699 devstack@neutron-api.service[102988]: INFO neutron.api.extensions [None req-8b186173-672d-4529-b854-73393bb69ba6 None None] Loaded extension: dhcp_agent_scheduler
May 19 10:58:20.518339 np0000174699 devstack@neutron-api.service[102988]: DEBUG neutron.api.extensions [None req-8b186173-672d-4529-b854-73393bb69ba6 None None] Loading extension file: dns.py {{(pid=102988) _load_all_extensions_from_path /opt/stack/neutron/neutron/api/extensions.py:449}}
May 19 10:58:20.518557 np0000174699 devstack@neutron-api.service[102988]: DEBUG neutron.api.extensions [None req-8b186173-672d-4529-b854-73393bb69ba6 None None] Ext name="DNS Integration" alias="dns-integration" description="Provides integration with DNS." updated="2015-08-15T18:00:00-00:00" {{(pid=102988) _check_extension /opt/stack/neutron/neutron/api/extensions.py:415}}
May 19 10:58:20.518730 np0000174699 devstack@neutron-api.service[102988]: INFO neutron.api.extensions [None req-8b186173-672d-4529-b854-73393bb69ba6 None None] Loaded extension: dns-integration
May 19 10:58:20.518882 np0000174699 devstack@neutron-api.service[102988]: DEBUG neutron.api.extensions [None req-8b186173-672d-4529-b854-73393bb69ba6 None None] Loading extension file: dns_domain_ports.py {{(pid=102988) _load_all_extensions_from_path /opt/stack/neutron/neutron/api/extensions.py:449}}
May 19 10:58:20.519108 np0000174699 devstack@neutron-api.service[102988]: DEBUG neutron.api.extensions [None req-8b186173-672d-4529-b854-73393bb69ba6 None None] Ext name="dns_domain for ports" alias="dns-domain-ports" description="Allows the DNS domain to be specified for a network port." updated="2017-04-24T10:00:00-00:00" {{(pid=102988) _check_extension /opt/stack/neutron/neutron/api/extensions.py:415}}
May 19 10:58:20.519517 np0000174699 devstack@neutron-api.service[102988]: INFO neutron.api.extensions [None req-8b186173-672d-4529-b854-73393bb69ba6 None None] Loaded extension: dns-domain-ports
May 19 10:58:20.519601 np0000174699 devstack@neutron-api.service[102988]: DEBUG neutron.api.extensions [None req-8b186173-672d-4529-b854-73393bb69ba6 None None] Loading extension file: dns_integration_domain_keywords.py {{(pid=102988) _load_all_extensions_from_path /opt/stack/neutron/neutron/api/extensions.py:449}}
May 19 10:58:20.519812 np0000174699 devstack@neutron-api.service[102988]: DEBUG neutron.api.extensions [None req-8b186173-672d-4529-b854-73393bb69ba6 None None] Ext name="DNS domain names with keywords allowed" alias="dns-integration-domain-keywords" description="Allows to use keywords like , , and as DNS domain name" updated="2020-06-15T18:00:00-00:00" {{(pid=102988) _check_extension /opt/stack/neutron/neutron/api/extensions.py:415}}
May 19 10:58:20.520008 np0000174699 devstack@neutron-api.service[102988]: INFO neutron.api.extensions [None req-8b186173-672d-4529-b854-73393bb69ba6 None None] Loaded extension: dns-integration-domain-keywords
May 19 10:58:20.520101 np0000174699 devstack@neutron-api.service[102988]: DEBUG neutron.api.extensions [None req-8b186173-672d-4529-b854-73393bb69ba6 None None] Loading extension file: dvr.py {{(pid=102988) _load_all_extensions_from_path /opt/stack/neutron/neutron/api/extensions.py:449}}
May 19 10:58:20.520367 np0000174699 devstack@neutron-api.service[102988]: DEBUG neutron.api.extensions [None req-8b186173-672d-4529-b854-73393bb69ba6 None None] Ext name="Distributed Virtual Router" alias="dvr" description="Enables configuration of Distributed Virtual Routers." updated="2014-06-1T10:00:00-00:00" {{(pid=102988) _check_extension /opt/stack/neutron/neutron/api/extensions.py:415}}
May 19 10:58:20.520542 np0000174699 devstack@neutron-api.service[102988]: INFO neutron.api.extensions [None req-8b186173-672d-4529-b854-73393bb69ba6 None None] Extension dvr not supported by any of loaded plugins
May 19 10:58:20.520662 np0000174699 devstack@neutron-api.service[102988]: DEBUG neutron.api.extensions [None req-8b186173-672d-4529-b854-73393bb69ba6 None None] Loading extension file: ecmp_routes.py {{(pid=102988) _load_all_extensions_from_path /opt/stack/neutron/neutron/api/extensions.py:449}}
May 19 10:58:20.520798 np0000174699 devstack@neutron-api.service[102986]: DEBUG neutron_lib.callbacks.manager [None req-57d3ceef-34fe-42eb-af38-2d51dbf07d5a None None] Subscribe: > router before_delete 55550000, False {{(pid=102986) subscribe /opt/stack/data/venv/lib/python3.12/site-packages/neutron_lib/callbacks/manager.py:52}}
May 19 10:58:20.520880 np0000174699 devstack@neutron-api.service[102988]: DEBUG neutron.api.extensions [None req-8b186173-672d-4529-b854-73393bb69ba6 None None] Ext name="Equal Cost Multipath Routing" alias="ecmp_routes" description="Allows traffic to reach thesame destination via multiple different links " updated="2020-11-26T18:00:00-00:00" {{(pid=102988) _check_extension /opt/stack/neutron/neutron/api/extensions.py:415}}
May 19 10:58:20.520969 np0000174699 devstack@neutron-api.service[102986]: DEBUG neutron_lib.callbacks.manager [None req-57d3ceef-34fe-42eb-af38-2d51dbf07d5a None None] Subscribe: port before_update 55550000, False {{(pid=102986) subscribe /opt/stack/data/venv/lib/python3.12/site-packages/neutron_lib/callbacks/manager.py:52}}
May 19 10:58:20.521058 np0000174699 devstack@neutron-api.service[102988]: INFO neutron.api.extensions [None req-8b186173-672d-4529-b854-73393bb69ba6 None None] Extension ecmp_routes not supported by any of loaded plugins
May 19 10:58:20.521123 np0000174699 devstack@neutron-api.service[102986]: DEBUG neutron_lib.callbacks.manager [None req-57d3ceef-34fe-42eb-af38-2d51dbf07d5a None None] Subscribe: port after_update 55550000, False {{(pid=102986) subscribe /opt/stack/data/venv/lib/python3.12/site-packages/neutron_lib/callbacks/manager.py:52}}
May 19 10:58:20.521161 np0000174699 devstack@neutron-api.service[102988]: DEBUG neutron.api.extensions [None req-8b186173-672d-4529-b854-73393bb69ba6 None None] Loading extension file: empty_string_filtering.py {{(pid=102988) _load_all_extensions_from_path /opt/stack/neutron/neutron/api/extensions.py:449}}
May 19 10:58:20.521224 np0000174699 devstack@neutron-api.service[102986]: DEBUG neutron_lib.callbacks.manager [None req-57d3ceef-34fe-42eb-af38-2d51dbf07d5a None None] Subscribe: > port precommit_delete 55550000, False {{(pid=102986) subscribe /opt/stack/data/venv/lib/python3.12/site-packages/neutron_lib/callbacks/manager.py:52}}
May 19 10:58:20.521326 np0000174699 devstack@neutron-api.service[102986]: DEBUG neutron_lib.callbacks.manager [None req-57d3ceef-34fe-42eb-af38-2d51dbf07d5a None None] Subscribe: port before_update 55550000, False {{(pid=102986) subscribe /opt/stack/data/venv/lib/python3.12/site-packages/neutron_lib/callbacks/manager.py:52}}
May 19 10:58:20.521379 np0000174699 devstack@neutron-api.service[102988]: DEBUG neutron.api.extensions [None req-8b186173-672d-4529-b854-73393bb69ba6 None None] Ext name="Empty String Filtering Extension" alias="empty-string-filtering" description="Allow filtering by attributes with empty string value" updated="2018-05-01T10:00:00-00:00" {{(pid=102988) _check_extension /opt/stack/neutron/neutron/api/extensions.py:415}}
May 19 10:58:20.521477 np0000174699 devstack@neutron-api.service[102986]: DEBUG neutron_lib.callbacks.manager [None req-57d3ceef-34fe-42eb-af38-2d51dbf07d5a None None] Subscribe: port before_delete 55550000, False {{(pid=102986) subscribe /opt/stack/data/venv/lib/python3.12/site-packages/neutron_lib/callbacks/manager.py:52}}
May 19 10:58:20.521568 np0000174699 devstack@neutron-api.service[102988]: INFO neutron.api.extensions [None req-8b186173-672d-4529-b854-73393bb69ba6 None None] Loaded extension: empty-string-filtering
May 19 10:58:20.521659 np0000174699 devstack@neutron-api.service[102986]: DEBUG neutron_lib.callbacks.manager [None req-57d3ceef-34fe-42eb-af38-2d51dbf07d5a None None] Subscribe: > router precommit_create 55550000, False {{(pid=102986) subscribe /opt/stack/data/venv/lib/python3.12/site-packages/neutron_lib/callbacks/manager.py:52}}
May 19 10:58:20.521700 np0000174699 devstack@neutron-api.service[102988]: DEBUG neutron.api.extensions [None req-8b186173-672d-4529-b854-73393bb69ba6 None None] Loading extension file: expose_l3_conntrack_helper.py {{(pid=102988) _load_all_extensions_from_path /opt/stack/neutron/neutron/api/extensions.py:449}}
May 19 10:58:20.521804 np0000174699 devstack@neutron-api.service[102986]: DEBUG neutron_lib.callbacks.manager [None req-57d3ceef-34fe-42eb-af38-2d51dbf07d5a None None] Subscribe: > router precommit_create 55550000, False {{(pid=102986) subscribe /opt/stack/data/venv/lib/python3.12/site-packages/neutron_lib/callbacks/manager.py:52}}
May 19 10:58:20.521899 np0000174699 devstack@neutron-api.service[102988]: DEBUG neutron.api.extensions [None req-8b186173-672d-4529-b854-73393bb69ba6 None None] Ext name="Expose CT target rules for conntrack helper" alias="expose-l3-conntrack-helper" description="Expose allow adding CT target rules for conntrack helper" updated="2019-04-04T10:00:00-00:00" {{(pid=102988) _check_extension /opt/stack/neutron/neutron/api/extensions.py:415}}
May 19 10:58:20.522081 np0000174699 devstack@neutron-api.service[102988]: INFO neutron.api.extensions [None req-8b186173-672d-4529-b854-73393bb69ba6 None None] Extension expose-l3-conntrack-helper not supported by any of loaded plugins
May 19 10:58:20.522135 np0000174699 devstack@neutron-api.service[102988]: DEBUG neutron.api.extensions [None req-8b186173-672d-4529-b854-73393bb69ba6 None None] Loading extension file: expose_port_forwarding_in_fip.py {{(pid=102988) _load_all_extensions_from_path /opt/stack/neutron/neutron/api/extensions.py:449}}
May 19 10:58:20.522277 np0000174699 devstack@neutron-api.service[102986]: DEBUG neutron_lib.callbacks.manager [None req-57d3ceef-34fe-42eb-af38-2d51dbf07d5a None None] Subscribe: > router precommit_update 55550000, False {{(pid=102986) subscribe /opt/stack/data/venv/lib/python3.12/site-packages/neutron_lib/callbacks/manager.py:52}}
