2026-04-28 23:35:00.520 7 INFO neutron.db.ovn_revision_numbers_db [None req-83975a32-bf39-4294-9479-bf6493fa07ad b078e42de6f548028537409d1af1d219 a74c9bbb128948cab06b27378fc776a2 - - default default] Successfully bumped revision number for resource 81e7a200-e9e2-4eae-ad53-0bb2baf7d627 (type: ports) to 1 [pid: 7|app: 0|req: 889/1624] 10.0.0.100 () {34 vars in 671 bytes} [Tue Apr 28 23:34:59 2026] POST /v2.0/networks => generated 782 bytes in 810 msecs (HTTP/1.1 201) 4 headers in 162 bytes (1 switches on core 0) [pid: 7|app: 0|req: 890/1625] 10.0.0.227 () {34 vars in 990 bytes} [Tue Apr 28 23:35:00 2026] GET /v2.0/ports?device_id=568bcb63-7155-4830-958d-3b1964e9e5c8 => generated 973 bytes in 50 msecs (HTTP/1.1 200) 4 headers in 157 bytes (1 switches on core 0) [pid: 7|app: 0|req: 891/1626] 199.204.45.35 () {34 vars in 1017 bytes} [Tue Apr 28 23:35:00 2026] GET /v2.0/networks?tenant_id=b82a2356ea554fb19bdae69bdf96f1d6&shared=False => generated 812 bytes in 43 msecs (HTTP/1.1 200) 4 headers in 157 bytes (1 switches on core 0)
2026-04-28 23:35:00.657 8 INFO neutron_taas.services.taas.taas_plugin [None req-8c7a8c70-dd25-48c9-bc08-594a676a587a 55276e022db34e2ea9b989f933a59a56 7c50d333db4f46dcb6fa8077fd788d06 - - default default] TaaS: Handle Delete Port: e8f32e79-7454-4db6-b004-18ec69d7b6f4
2026-04-28 23:35:00.660 8 INFO neutron_taas.services.taas.tap_mirror_plugin [None req-8c7a8c70-dd25-48c9-bc08-594a676a587a 55276e022db34e2ea9b989f933a59a56 7c50d333db4f46dcb6fa8077fd788d06 - - default default] Tap Mirror: Handle Delete Port: e8f32e79-7454-4db6-b004-18ec69d7b6f4
2026-04-28 23:35:00.760 7 WARNING neutron.scheduler.dhcp_agent_scheduler [None req-9e2b237c-3275-431c-b29e-665478253631 b078e42de6f548028537409d1af1d219 a74c9bbb128948cab06b27378fc776a2 - - default default] No more DHCP agents
2026-04-28 23:35:00.761 7 WARNING neutron.api.rpc.agentnotifiers.dhcp_rpc_agent_api [None req-9e2b237c-3275-431c-b29e-665478253631 b078e42de6f548028537409d1af1d219 a74c9bbb128948cab06b27378fc776a2 - - default default] Unable to schedule network f44feb8a-6bf0-4270-87f0-d21689289a72: no agents available; will retry on subsequent port and subnet creation events. [pid: 8|app: 0|req: 736/1627] 10.0.0.100 () {32 vars in 720 bytes} [Tue Apr 28 23:35:00 2026] DELETE /v2.0/ports/e8f32e79-7454-4db6-b004-18ec69d7b6f4 => generated 0 bytes in 303 msecs (HTTP/1.1 204) 3 headers in 131 bytes (1 switches on core 0) [pid: 8|app: 0|req: 737/1628] 10.0.0.227 () {34 vars in 1040 bytes} [Tue Apr 28 23:35:00 2026] GET /v2.0/security-groups?id=856b64e2-1d18-4865-8400-5e539e139054&fields=id&fields=name => generated 114 bytes in 37 msecs (HTTP/1.1 200) 4 headers in 157 bytes (1 switches on core 0) [pid: 8|app: 0|req: 738/1629] 199.204.45.35 () {34 vars in 929 bytes} [Tue Apr 28 23:35:00 2026] GET /v2.0/networks?shared=True => generated 791 bytes in 58 msecs (HTTP/1.1 200) 4 headers in 157 bytes (1 switches on core 0)
2026-04-28 23:35:00.983 8 INFO neutron_taas.services.taas.taas_plugin [None req-ac032c56-30ba-44f9-99d6-51d6150c795c 55276e022db34e2ea9b989f933a59a56 7c50d333db4f46dcb6fa8077fd788d06 - - default default] TaaS: Handle Delete Port: 00095375-847a-41d6-9494-e2a0c83cd41c
2026-04-28 23:35:00.985 8 INFO neutron_taas.services.taas.tap_mirror_plugin [None req-ac032c56-30ba-44f9-99d6-51d6150c795c 55276e022db34e2ea9b989f933a59a56 7c50d333db4f46dcb6fa8077fd788d06 - - default default] Tap Mirror: Handle Delete Port: 00095375-847a-41d6-9494-e2a0c83cd41c [pid: 8|app: 0|req: 739/1630] 10.0.0.100 () {32 vars in 720 bytes} [Tue Apr 28 23:35:00 2026] DELETE /v2.0/ports/00095375-847a-41d6-9494-e2a0c83cd41c => generated 0 bytes in 234 msecs (HTTP/1.1 204) 3 headers in 131 bytes (1 switches on core 0)
2026-04-28 23:35:01.243 7 INFO neutron.db.ovn_revision_numbers_db [None req-117e09bc-2d1a-483a-bee4-8044e7f8c25f - - - - - -] Successfully bumped revision number for resource 81e7a200-e9e2-4eae-ad53-0bb2baf7d627 (type: ports) to 2
2026-04-28 23:35:01.278 7 INFO neutron.db.ovn_revision_numbers_db [None req-117e09bc-2d1a-483a-bee4-8044e7f8c25f - - - - - -] Successfully bumped revision number for resource 290523d7-f8f6-4050-a420-8baf21ac5142 (type: subnets) to 0 [pid: 7|app: 0|req: 892/1631] 10.0.0.100 () {34 vars in 669 bytes} [Tue Apr 28 23:35:00 2026] POST /v2.0/subnets => generated 688 bytes in 651 msecs (HTTP/1.1 201) 4 headers in 162 bytes (1 switches on core 0)
2026-04-28 23:35:01.405 7 INFO neutron_taas.services.taas.taas_plugin [None req-e310a7c2-b1a6-49a2-a674-b451fb7c3940 55276e022db34e2ea9b989f933a59a56 7c50d333db4f46dcb6fa8077fd788d06 - - default default] TaaS: Handle Delete Port: f21fef4f-1e28-4e6a-919a-25d27761d310
2026-04-28 23:35:01.408 7 INFO neutron_taas.services.taas.tap_mirror_plugin [None req-e310a7c2-b1a6-49a2-a674-b451fb7c3940 55276e022db34e2ea9b989f933a59a56 7c50d333db4f46dcb6fa8077fd788d06 - - default default] Tap Mirror: Handle Delete Port: f21fef4f-1e28-4e6a-919a-25d27761d310
2026-04-28 23:35:01.424 8 INFO neutron.db.ovn_revision_numbers_db [None req-44f375eb-3bde-4be6-8c35-90b9dc345d8b d2439cebd2e14c21becad3d1918836fe 1e3e262374b840f4bf5c73ef3040d543 - - default default] Successfully bumped revision number for resource 86f83af9-fb7c-4d3b-a365-46a361add584 (type: security_groups) to 1
2026-04-28 23:35:01.434 8 INFO neutron.db.ovn_revision_numbers_db [None req-44f375eb-3bde-4be6-8c35-90b9dc345d8b d2439cebd2e14c21becad3d1918836fe 1e3e262374b840f4bf5c73ef3040d543 - - default default] Successfully bumped revision number for resource 6508951c-eeee-416a-b286-b8384bc6c506 (type: security_group_rules) to 0
2026-04-28 23:35:01.443 8 INFO neutron.db.ovn_revision_numbers_db [None req-44f375eb-3bde-4be6-8c35-90b9dc345d8b d2439cebd2e14c21becad3d1918836fe 1e3e262374b840f4bf5c73ef3040d543 - - default default] Successfully bumped revision number for resource 86d2bdbd-c200-4931-9a5d-bda5f7becef5 (type: security_group_rules) to 0
2026-04-28 23:35:01.456 8 INFO neutron.db.ovn_revision_numbers_db [None req-44f375eb-3bde-4be6-8c35-90b9dc345d8b d2439cebd2e14c21becad3d1918836fe 1e3e262374b840f4bf5c73ef3040d543 - - default default] Successfully bumped revision number for resource c3978937-6db1-40af-be33-814919c420fb (type: security_group_rules) to 0
2026-04-28 23:35:01.468 8 INFO neutron.db.ovn_revision_numbers_db [None req-44f375eb-3bde-4be6-8c35-90b9dc345d8b d2439cebd2e14c21becad3d1918836fe 1e3e262374b840f4bf5c73ef3040d543 - - default default] Successfully bumped revision number for resource eb36446e-cf35-4d47-929e-7908e26ce871 (type: security_group_rules) to 0
2026-04-28 23:35:01.565 8 INFO neutron.db.segments_db [None req-44f375eb-3bde-4be6-8c35-90b9dc345d8b d2439cebd2e14c21becad3d1918836fe 1e3e262374b840f4bf5c73ef3040d543 - - default default] Added segment 077a9019-9683-4192-94cd-e078ec4afe7f of type geneve for network 36d2e105-7477-4f48-bded-2a3e6e593e7e
2026-04-28 23:35:01.579 7 INFO neutron.services.segments.plugin [-] Segment d6338fbe-0ec7-4384-8733-2ccfc4a66aad resource provider aggregate not found
2026-04-28 23:35:01.583 7 INFO neutron.services.segments.plugin [-] Segment d6338fbe-0ec7-4384-8733-2ccfc4a66aad resource provider aggregate not found
2026-04-28 23:35:01.604 7 INFO neutron.services.segments.plugin [-] Segment d6338fbe-0ec7-4384-8733-2ccfc4a66aad resource provider not found; error: Placement Client Error (4xx): {"errors": [{"status": 404, "title": "Not Found", "detail": "The resource could not be found.\n\n No resource provider with uuid d6338fbe-0ec7-4384-8733-2ccfc4a66aad found for delete ", "request_id": "req-3bcac76a-edbc-4cea-9dfd-576754ebffdf"}]}
2026-04-28 23:35:01.605 7 INFO neutron.services.segments.plugin [-] Segment d6338fbe-0ec7-4384-8733-2ccfc4a66aad resource provider not found; error: Placement Client Error (4xx): {"errors": [{"status": 404, "title": "Not Found", "detail": "The resource could not be found.\n\n No resource provider with uuid d6338fbe-0ec7-4384-8733-2ccfc4a66aad found for delete ", "request_id": "req-ab969c55-3c05-45eb-8a2c-791ad8952d28"}]} [pid: 7|app: 0|req: 893/1632] 10.0.0.100 () {32 vars in 726 bytes} [Tue Apr 28 23:35:01 2026] DELETE /v2.0/networks/3478bc01-fd92-485e-846d-28efa363297d => generated 0 bytes in 327 msecs (HTTP/1.1 204) 3 headers in 131 bytes (1 switches on core 0)
2026-04-28 23:35:01.672 8 INFO neutron.db.segments_db [None req-44f375eb-3bde-4be6-8c35-90b9dc345d8b d2439cebd2e14c21becad3d1918836fe 1e3e262374b840f4bf5c73ef3040d543 - - default default] Added segment 3db5b680-8f08-4ae7-851e-d340910d3435 of type geneve for network 13423fa3-f4f5-4744-90a2-49c35ee841f5
2026-04-28 23:35:01.788 8 INFO neutron.db.ovn_revision_numbers_db [None req-44f375eb-3bde-4be6-8c35-90b9dc345d8b d2439cebd2e14c21becad3d1918836fe 1e3e262374b840f4bf5c73ef3040d543 - - default default] Successfully bumped revision number for resource 36d2e105-7477-4f48-bded-2a3e6e593e7e (type: networks) to 1
2026-04-28 23:35:01.955 8 WARNING neutron.scheduler.dhcp_agent_scheduler [None req-44f375eb-3bde-4be6-8c35-90b9dc345d8b d2439cebd2e14c21becad3d1918836fe 1e3e262374b840f4bf5c73ef3040d543 - - default default] No more DHCP agents
2026-04-28 23:35:01.957 8 WARNING neutron.api.rpc.agentnotifiers.dhcp_rpc_agent_api [None req-44f375eb-3bde-4be6-8c35-90b9dc345d8b d2439cebd2e14c21becad3d1918836fe 1e3e262374b840f4bf5c73ef3040d543 - - default default] Unable to schedule network 36d2e105-7477-4f48-bded-2a3e6e593e7e: no agents available; will retry on subsequent port and subnet creation events.
2026-04-28 23:35:01.998 7 WARNING neutron.scheduler.dhcp_agent_scheduler [None req-5ab6f71a-2dc8-4119-80c7-a36d3e60ba2e b078e42de6f548028537409d1af1d219 a74c9bbb128948cab06b27378fc776a2 - - default default] No more DHCP agents
2026-04-28 23:35:02.001 7 WARNING neutron.api.rpc.agentnotifiers.dhcp_rpc_agent_api [None req-5ab6f71a-2dc8-4119-80c7-a36d3e60ba2e b078e42de6f548028537409d1af1d219 a74c9bbb128948cab06b27378fc776a2 - - default default] Unable to schedule network edb4ad9c-2cf7-48ab-a944-c7f8363d9d9d: no agents available; will retry on subsequent port and subnet creation events.
2026-04-28 23:35:02.011 8 INFO neutron.plugins.ml2.drivers.ovn.mech_driver.mech_driver [None req-20756222-9f81-4c2f-b33d-016246a6d730 - - - - - -] OVN reports status down for port: c45b92af-2c52-4ecc-9b89-4b5477b227ec
2026-04-28 23:35:02.063 8 INFO neutron.db.ovn_revision_numbers_db [None req-44f375eb-3bde-4be6-8c35-90b9dc345d8b d2439cebd2e14c21becad3d1918836fe 1e3e262374b840f4bf5c73ef3040d543 - - default default] Successfully bumped revision number for resource c45b92af-2c52-4ecc-9b89-4b5477b227ec (type: ports) to 1
2026-04-28 23:35:02.139 8 INFO neutron.plugins.ml2.drivers.ovn.mech_driver.mech_driver [None req-20756222-9f81-4c2f-b33d-016246a6d730 - - - - - -] OVN reports status down for port: dec06ef4-76c4-442a-ad09-f5b20140c619
2026-04-28 23:35:02.141 7 INFO neutron.db.ovn_revision_numbers_db [None req-5ab6f71a-2dc8-4119-80c7-a36d3e60ba2e b078e42de6f548028537409d1af1d219 a74c9bbb128948cab06b27378fc776a2 - - default default] Successfully bumped revision number for resource dec06ef4-76c4-442a-ad09-f5b20140c619 (type: ports) to 1
2026-04-28 23:35:02.215 8 INFO neutron.db.ovn_revision_numbers_db [None req-44f375eb-3bde-4be6-8c35-90b9dc345d8b d2439cebd2e14c21becad3d1918836fe 1e3e262374b840f4bf5c73ef3040d543 - - default default] Successfully bumped revision number for resource 13423fa3-f4f5-4744-90a2-49c35ee841f5 (type: networks) to 1
2026-04-28 23:35:02.383 8 WARNING neutron.scheduler.dhcp_agent_scheduler [None req-44f375eb-3bde-4be6-8c35-90b9dc345d8b d2439cebd2e14c21becad3d1918836fe 1e3e262374b840f4bf5c73ef3040d543 - - default default] No more DHCP agents
2026-04-28 23:35:02.384 8 WARNING neutron.api.rpc.agentnotifiers.dhcp_rpc_agent_api [None req-44f375eb-3bde-4be6-8c35-90b9dc345d8b d2439cebd2e14c21becad3d1918836fe 1e3e262374b840f4bf5c73ef3040d543 - - default default] Unable to schedule network 13423fa3-f4f5-4744-90a2-49c35ee841f5: no agents available; will retry on subsequent port and subnet creation events.
2026-04-28 23:35:02.425 8 INFO neutron.plugins.ml2.drivers.ovn.mech_driver.mech_driver [None req-20756222-9f81-4c2f-b33d-016246a6d730 - - - - - -] OVN reports status down for port: dbfd3d6b-a978-4b91-b398-b9f1653844ec
2026-04-28 23:35:02.465 8 INFO neutron.db.ovn_revision_numbers_db [None req-44f375eb-3bde-4be6-8c35-90b9dc345d8b d2439cebd2e14c21becad3d1918836fe 1e3e262374b840f4bf5c73ef3040d543 - - default default] Successfully bumped revision number for resource dbfd3d6b-a978-4b91-b398-b9f1653844ec (type: ports) to 1 [pid: 8|app: 0|req: 740/1633] 10.0.0.100 () {34 vars in 670 bytes} [Tue Apr 28 23:35:01 2026] POST /v2.0/networks => generated 1322 bytes in 1416 msecs (HTTP/1.1 201) 4 headers in 163 bytes (1 switches on core 0)
2026-04-28 23:35:02.624 8 INFO neutron_taas.services.taas.taas_plugin [None req-4b17361e-9a53-4c24-9883-30f2d6fb2311 55276e022db34e2ea9b989f933a59a56 7c50d333db4f46dcb6fa8077fd788d06 - - default default] TaaS: Handle Delete Port: 327ab9ba-f889-47b6-bde7-caef2a5ac710
2026-04-28 23:35:02.626 8 INFO neutron_taas.services.taas.tap_mirror_plugin [None req-4b17361e-9a53-4c24-9883-30f2d6fb2311 55276e022db34e2ea9b989f933a59a56 7c50d333db4f46dcb6fa8077fd788d06 - - default default] Tap Mirror: Handle Delete Port: 327ab9ba-f889-47b6-bde7-caef2a5ac710
2026-04-28 23:35:02.694 7 INFO neutron.plugins.ml2.drivers.ovn.mech_driver.ovsdb.commands [None req-c1b4e295-a0ca-40a6-b617-658abbf8355f - - - - - -] Schedule LRP lrp-dec06ef4-76c4-442a-ad09-f5b20140c619 on gateway 4564f843-0a3a-4655-a87e-a14ee2a6f6dd with priority 1
2026-04-28 23:35:02.739 8 INFO neutron.plugins.ml2.drivers.ovn.mech_driver.mech_driver [None req-20756222-9f81-4c2f-b33d-016246a6d730 - - - - - -] OVN reports status up for port: dec06ef4-76c4-442a-ad09-f5b20140c619
2026-04-28 23:35:02.746 8 INFO neutron.plugins.ml2.drivers.ovn.mech_driver.ovsdb.ovsdb_monitor [None req-1ff50468-1e3a-4fd0-829c-8eeec8a1c627 - - - - - -] Router a8cf564d-22e9-4ebe-aaf2-4f3856855e31 is bound to host instance
2026-04-28 23:35:02.769 7 INFO neutron.db.ovn_revision_numbers_db [None req-5ab6f71a-2dc8-4119-80c7-a36d3e60ba2e b078e42de6f548028537409d1af1d219 a74c9bbb128948cab06b27378fc776a2 - - default default] Successfully bumped revision number for resource dec06ef4-76c4-442a-ad09-f5b20140c619 (type: router_ports) to 1
2026-04-28 23:35:02.770 8 INFO neutron.plugins.ml2.plugin [None req-20756222-9f81-4c2f-b33d-016246a6d730 - - - - - -] Attempt 1 to provision port dec06ef4-76c4-442a-ad09-f5b20140c619
2026-04-28 23:35:02.842 7 INFO neutron.db.ovn_revision_numbers_db [None req-5ab6f71a-2dc8-4119-80c7-a36d3e60ba2e b078e42de6f548028537409d1af1d219 a74c9bbb128948cab06b27378fc776a2 - - default default] Successfully bumped revision number for resource a8cf564d-22e9-4ebe-aaf2-4f3856855e31 (type: routers) to 2 [pid: 7|app: 0|req: 894/1634] 10.0.0.100 () {34 vars in 669 bytes} [Tue Apr 28 23:35:01 2026] POST /v2.0/routers => generated 966 bytes in 1235 msecs (HTTP/1.1 201) 4 headers in 162 bytes (1 switches on core 0) [pid: 7|app: 0|req: 895/1635] 10.0.0.227 () {34 vars in 990 bytes} [Tue Apr 28 23:35:02 2026] GET /v2.0/ports?device_id=568bcb63-7155-4830-958d-3b1964e9e5c8 => generated 973 bytes in 35 msecs (HTTP/1.1 200) 4 headers in 157 bytes (1 switches on core 0) [pid: 7|app: 0|req: 896/1636] 199.204.45.35 () {34 vars in 1079 bytes} [Tue Apr 28 23:35:02 2026] GET /v2.0/ports?tenant_id=b82a2356ea554fb19bdae69bdf96f1d6&device_id=568bcb63-7155-4830-958d-3b1964e9e5c8 => generated 1211 bytes in 32 msecs (HTTP/1.1 200) 4 headers in 158 bytes (1 switches on core 0)
2026-04-28 23:35:02.971 8 INFO neutron.services.segments.plugin [-] Segment 206f158c-45b8-4a66-a888-3e98aef33ff9 resource provider aggregate not found
2026-04-28 23:35:02.978 8 INFO neutron.services.segments.plugin [-] Segment 206f158c-45b8-4a66-a888-3e98aef33ff9 resource provider aggregate not found [pid: 7|app: 0|req: 897/1637] 10.0.0.100 () {32 vars in 649 bytes} [Tue Apr 28 23:35:02 2026] GET /v2.0/networks => generated 1971 bytes in 50 msecs (HTTP/1.1 200) 4 headers in 158 bytes (1 switches on core 0)
2026-04-28 23:35:02.994 8 INFO neutron.services.segments.plugin [-] Segment 206f158c-45b8-4a66-a888-3e98aef33ff9 resource provider not found; error: Placement Client Error (4xx): {"errors": [{"status": 404, "title": "Not Found", "detail": "The resource could not be found.\n\n No resource provider with uuid 206f158c-45b8-4a66-a888-3e98aef33ff9 found for delete ", "request_id": "req-c7757ca0-9f0d-4e35-af0e-3ce003577c87"}]}
2026-04-28 23:35:03.004 8 INFO neutron.services.segments.plugin [-] Segment 206f158c-45b8-4a66-a888-3e98aef33ff9 resource provider not found; error: Placement Client Error (4xx): {"errors": [{"status": 404, "title": "Not Found", "detail": "The resource could not be found.\n\n No resource provider with uuid 206f158c-45b8-4a66-a888-3e98aef33ff9 found for delete ", "request_id": "req-afc8c643-0588-497e-8e2c-861e27a0fb93"}]} [pid: 8|app: 0|req: 741/1638] 10.0.0.100 () {32 vars in 726 bytes} [Tue Apr 28 23:35:02 2026] DELETE /v2.0/networks/3631db5c-b59b-41f3-87ec-10baf8badf7e => generated 0 bytes in 539 msecs (HTTP/1.1 204) 3 headers in 131 bytes (1 switches on core 0) [pid: 8|app: 0|req: 742/1639] 10.0.0.227 () {34 vars in 1040 bytes} [Tue Apr 28 23:35:03 2026] GET /v2.0/security-groups?id=856b64e2-1d18-4865-8400-5e539e139054&fields=id&fields=name => generated 114 bytes in 53 msecs (HTTP/1.1 200) 4 headers in 157 bytes (1 switches on core 0) [pid: 8|app: 0|req: 743/1640] 199.204.45.35 () {34 vars in 1059 bytes} [Tue Apr 28 23:35:03 2026] GET /v2.0/floatingips?fixed_ip_address=10.100.0.10&port_id=f411b6c3-1b8a-4b12-b570-7cec29267349 => generated 19 bytes in 37 msecs (HTTP/1.1 200) 4 headers in 156 bytes (1 switches on core 0)
2026-04-28 23:35:03.361 8 INFO neutron_taas.services.taas.taas_plugin [None req-dd174ca2-9f79-4711-943f-9ab4f3db52e5 d2439cebd2e14c21becad3d1918836fe 1e3e262374b840f4bf5c73ef3040d543 - - default default] TaaS: Handle Delete Port: c45b92af-2c52-4ecc-9b89-4b5477b227ec
2026-04-28 23:35:03.367 8 INFO neutron_taas.services.taas.tap_mirror_plugin [None req-dd174ca2-9f79-4711-943f-9ab4f3db52e5 d2439cebd2e14c21becad3d1918836fe 1e3e262374b840f4bf5c73ef3040d543 - - default default] Tap Mirror: Handle Delete Port: c45b92af-2c52-4ecc-9b89-4b5477b227ec
2026-04-28 23:35:03.403 7 WARNING neutron.scheduler.dhcp_agent_scheduler [None req-39fd1c41-77e6-48d1-8166-8a6b2587ef50 b078e42de6f548028537409d1af1d219 a74c9bbb128948cab06b27378fc776a2 - - default default] No more DHCP agents
2026-04-28 23:35:03.404 7 WARNING neutron.api.rpc.agentnotifiers.dhcp_rpc_agent_api [None req-39fd1c41-77e6-48d1-8166-8a6b2587ef50 b078e42de6f548028537409d1af1d219 a74c9bbb128948cab06b27378fc776a2 - - default default] Unable to schedule network f44feb8a-6bf0-4270-87f0-d21689289a72: no agents available; will retry on subsequent port and subnet creation events.
2026-04-28 23:35:03.533 7 INFO neutron.db.ovn_revision_numbers_db [None req-39fd1c41-77e6-48d1-8166-8a6b2587ef50 b078e42de6f548028537409d1af1d219 a74c9bbb128948cab06b27378fc776a2 - - default default] Successfully bumped revision number for resource 951cb030-b696-4d9e-8560-2c8231d275bf (type: ports) to 1 [pid: 8|app: 0|req: 744/1641] 10.0.0.100 () {32 vars in 726 bytes} [Tue Apr 28 23:35:03 2026] DELETE /v2.0/networks/36d2e105-7477-4f48-bded-2a3e6e593e7e => generated 0 bytes in 644 msecs (HTTP/1.1 204) 3 headers in 131 bytes (1 switches on core 0)
2026-04-28 23:35:03.977 8 INFO neutron_taas.services.taas.taas_plugin [None req-12a189c7-011b-414c-9330-3f98dd1540d1 55276e022db34e2ea9b989f933a59a56 7c50d333db4f46dcb6fa8077fd788d06 - - default default] TaaS: Handle Delete Port: ee08b421-f370-4bad-8f37-69e4803f4743
2026-04-28 23:35:03.982 8 INFO neutron_taas.services.taas.tap_mirror_plugin [None req-12a189c7-011b-414c-9330-3f98dd1540d1 55276e022db34e2ea9b989f933a59a56 7c50d333db4f46dcb6fa8077fd788d06 - - default default] Tap Mirror: Handle Delete Port: ee08b421-f370-4bad-8f37-69e4803f4743
2026-04-28 23:35:04.178 7 WARNING neutron.scheduler.dhcp_agent_scheduler [None req-39fd1c41-77e6-48d1-8166-8a6b2587ef50 b078e42de6f548028537409d1af1d219 a74c9bbb128948cab06b27378fc776a2 - - default default] No more DHCP agents
2026-04-28 23:35:04.180 7 WARNING neutron.api.rpc.agentnotifiers.dhcp_rpc_agent_api [None req-39fd1c41-77e6-48d1-8166-8a6b2587ef50 b078e42de6f548028537409d1af1d219 a74c9bbb128948cab06b27378fc776a2 - - default default] Unable to schedule network f44feb8a-6bf0-4270-87f0-d21689289a72: no agents available; will retry on subsequent port and subnet creation events.
2026-04-28 23:35:04.324 8 INFO neutron.db.ovn_revision_numbers_db [None req-234e27c6-6164-464b-a3b9-e38ff2b24201 - - - - - -] Successfully bumped revision number for resource dec06ef4-76c4-442a-ad09-f5b20140c619 (type: ports) to 4 [pid: 8|app: 0|req: 745/1642] 10.0.0.100 () {32 vars in 726 bytes} [Tue Apr 28 23:35:03 2026] DELETE /v2.0/networks/3da468f4-eb4d-4a5d-806c-0e2b4421f485 => generated 0 bytes in 598 msecs (HTTP/1.1 204) 3 headers in 131 bytes (1 switches on core 0) [pid: 8|app: 0|req: 746/1643] 199.204.45.35 () {34 vars in 983 bytes} [Tue Apr 28 23:35:04 2026] GET /v2.0/subnets?id=d9f6a9c2-bd8d-4f6f-8b4b-b158c2367004 => generated 693 bytes in 57 msecs (HTTP/1.1 200) 4 headers in 157 bytes (1 switches on core 0)
2026-04-28 23:35:04.593 7 INFO neutron.db.ovn_revision_numbers_db [None req-39fd1c41-77e6-48d1-8166-8a6b2587ef50 b078e42de6f548028537409d1af1d219 a74c9bbb128948cab06b27378fc776a2 - - default default] Successfully bumped revision number for resource 951cb030-b696-4d9e-8560-2c8231d275bf (type: router_ports) to 1 [pid: 7|app: 0|req: 898/1644] 10.0.0.100 () {34 vars in 783 bytes} [Tue Apr 28 23:35:02 2026] PUT /v2.0/routers/a8cf564d-22e9-4ebe-aaf2-4f3856855e31/add_router_interface => generated 309 bytes in 1620 msecs (HTTP/1.1 200) 4 headers in 157 bytes (1 switches on core 0) [pid: 7|app: 0|req: 899/1645] 10.0.0.227 () {34 vars in 990 bytes} [Tue Apr 28 23:35:04 2026] GET /v2.0/ports?device_id=568bcb63-7155-4830-958d-3b1964e9e5c8 => generated 973 bytes in 104 msecs (HTTP/1.1 200) 4 headers in 157 bytes (1 switches on core 0)
2026-04-28 23:35:04.732 8 INFO neutron_taas.services.taas.taas_plugin [None req-ab411d35-59f4-4a9e-984a-85a4942c5c3e d2439cebd2e14c21becad3d1918836fe 1e3e262374b840f4bf5c73ef3040d543 - - default default] TaaS: Handle Delete Port: dbfd3d6b-a978-4b91-b398-b9f1653844ec
2026-04-28 23:35:04.737 8 INFO neutron_taas.services.taas.tap_mirror_plugin [None req-ab411d35-59f4-4a9e-984a-85a4942c5c3e d2439cebd2e14c21becad3d1918836fe 1e3e262374b840f4bf5c73ef3040d543 - - default default] Tap Mirror: Handle Delete Port: dbfd3d6b-a978-4b91-b398-b9f1653844ec
2026-04-28 23:35:04.804 7 INFO neutron_taas.services.taas.taas_plugin [None req-54f89321-2034-4004-92ea-88383103fe02 55276e022db34e2ea9b989f933a59a56 7c50d333db4f46dcb6fa8077fd788d06 - - default default] TaaS: Handle Delete Port: b955d053-7399-4119-a8d7-1b04af1cb2fe
2026-04-28 23:35:04.807 7 INFO neutron_taas.services.taas.tap_mirror_plugin [None req-54f89321-2034-4004-92ea-88383103fe02 55276e022db34e2ea9b989f933a59a56 7c50d333db4f46dcb6fa8077fd788d06 - - default default] Tap Mirror: Handle Delete Port: b955d053-7399-4119-a8d7-1b04af1cb2fe
2026-04-28 23:35:04.974 7 INFO neutron.services.segments.plugin [-] Segment e4e27f92-8067-426a-a17a-be0137344d1f resource provider aggregate not found
2026-04-28 23:35:04.978 7 INFO neutron.services.segments.plugin [-] Segment e4e27f92-8067-426a-a17a-be0137344d1f resource provider aggregate not found
2026-04-28 23:35:04.993 7 INFO neutron.services.segments.plugin [-] Segment e4e27f92-8067-426a-a17a-be0137344d1f resource provider not found; error: Placement Client Error (4xx): {"errors": [{"status": 404, "title": "Not Found", "detail": "The resource could not be found.\n\n No resource provider with uuid e4e27f92-8067-426a-a17a-be0137344d1f found for delete ", "request_id": "req-e330f00f-f273-4a68-8c83-2dc7ef54ea37"}]}
2026-04-28 23:35:05.001 7 INFO neutron.services.segments.plugin [-] Segment e4e27f92-8067-426a-a17a-be0137344d1f resource provider not found; error: Placement Client Error (4xx): {"errors": [{"status": 404, "title": "Not Found", "detail": "The resource could not be found.\n\n No resource provider with uuid e4e27f92-8067-426a-a17a-be0137344d1f found for delete ", "request_id": "req-4f3e8520-5cbd-4fc3-85d1-250cb4c87a29"}]} [pid: 7|app: 0|req: 900/1646] 10.0.0.100 () {32 vars in 726 bytes} [Tue Apr 28 23:35:04 2026] DELETE /v2.0/networks/e8bfec03-a577-4ae9-8cfa-9c0939c385d7 => generated 0 bytes in 319 msecs (HTTP/1.1 204) 3 headers in 131 bytes (1 switches on core 0)
2026-04-28 23:35:05.030 8 INFO neutron.services.segments.plugin [-] Segment 077a9019-9683-4192-94cd-e078ec4afe7f resource provider aggregate not found [pid: 7|app: 0|req: 901/1647] 199.204.45.35 () {34 vars in 1051 bytes} [Tue Apr 28 23:35:05 2026] GET /v2.0/ports?network_id=7c8bcdb2-3308-4732-8b89-3bc4d011e47c&device_owner=network%3Adhcp => generated 12 bytes in 24 msecs (HTTP/1.1 200) 4 headers in 156 bytes (1 switches on core 0)
2026-04-28 23:35:05.052 8 INFO neutron.services.segments.plugin [-] Segment 077a9019-9683-4192-94cd-e078ec4afe7f resource provider aggregate not found
2026-04-28 23:35:05.054 8 INFO neutron.services.segments.plugin [-] Segment 077a9019-9683-4192-94cd-e078ec4afe7f resource provider not found; error: Placement Client Error (4xx): {"errors": [{"status": 404, "title": "Not Found", "detail": "The resource could not be found.\n\n No resource provider with uuid 077a9019-9683-4192-94cd-e078ec4afe7f found for delete ", "request_id": "req-5f41ea55-dba4-4e92-99f3-dfd258e6e473"}]}
2026-04-28 23:35:05.071 8 INFO neutron.db.ovn_revision_numbers_db [None req-234e27c6-6164-464b-a3b9-e38ff2b24201 - - - - - -] Successfully bumped revision number for resource dec06ef4-76c4-442a-ad09-f5b20140c619 (type: ports) to 5 [pid: 7|app: 0|req: 902/1648] 10.0.0.227 () {34 vars in 1040 bytes} [Tue Apr 28 23:35:05 2026] GET /v2.0/security-groups?id=856b64e2-1d18-4865-8400-5e539e139054&fields=id&fields=name => generated 114 bytes in 27 msecs (HTTP/1.1 200) 4 headers in 157 bytes (1 switches on core 0)
2026-04-28 23:35:05.086 8 INFO neutron.services.segments.plugin [-] Segment 7c9d3b6e-c83a-4a2f-abb0-99da571a5c1b resource provider aggregate not found
2026-04-28 23:35:05.090 8 INFO neutron.services.segments.plugin [-] Segment 077a9019-9683-4192-94cd-e078ec4afe7f resource provider not found; error: Placement Client Error (4xx): {"errors": [{"status": 404, "title": "Not Found", "detail": "The resource could not be found.\n\n No resource provider with uuid 077a9019-9683-4192-94cd-e078ec4afe7f found for delete ", "request_id": "req-be3f9398-bdc2-4e26-823b-c45bbc56d455"}]}
2026-04-28 23:35:05.109 8 INFO neutron.services.segments.plugin [-] Segment 7c9d3b6e-c83a-4a2f-abb0-99da571a5c1b resource provider aggregate not found
2026-04-28 23:35:05.115 8 INFO neutron.services.segments.plugin [-] Segment 7c9d3b6e-c83a-4a2f-abb0-99da571a5c1b resource provider not found; error: Placement Client Error (4xx): {"errors": [{"status": 404, "title": "Not Found", "detail": "The resource could not be found.\n\n No resource provider with uuid 7c9d3b6e-c83a-4a2f-abb0-99da571a5c1b found for delete ", "request_id": "req-d20271b5-6d0e-4dad-99fb-c298dbe2a06d"}]}
2026-04-28 23:35:05.136 8 INFO neutron.services.segments.plugin [-] Segment 7c9d3b6e-c83a-4a2f-abb0-99da571a5c1b resource provider not found; error: Placement Client Error (4xx): {"errors": [{"status": 404, "title": "Not Found", "detail": "The resource could not be found.\n\n No resource provider with uuid 7c9d3b6e-c83a-4a2f-abb0-99da571a5c1b found for delete ", "request_id": "req-51ad554f-3aea-46df-b8cc-3249091547e9"}]}
2026-04-28 23:35:05.191 7 INFO neutron_taas.services.taas.taas_plugin [None req-98c7c7e5-8eeb-4449-9eea-68e516d4bc89 55276e022db34e2ea9b989f933a59a56 7c50d333db4f46dcb6fa8077fd788d06 - - default default] TaaS: Handle Delete Port: e23b6556-6b39-4f9a-8334-cb4af505e7a9
2026-04-28 23:35:05.194 7 INFO neutron_taas.services.taas.tap_mirror_plugin [None req-98c7c7e5-8eeb-4449-9eea-68e516d4bc89 55276e022db34e2ea9b989f933a59a56 7c50d333db4f46dcb6fa8077fd788d06 - - default default] Tap Mirror: Handle Delete Port: e23b6556-6b39-4f9a-8334-cb4af505e7a9 [pid: 8|app: 0|req: 747/1649] 10.0.0.100 () {32 vars in 726 bytes} [Tue Apr 28 23:35:04 2026] DELETE /v2.0/networks/13423fa3-f4f5-4744-90a2-49c35ee841f5 => generated 0 bytes in 800 msecs (HTTP/1.1 204) 3 headers in 131 bytes (1 switches on core 0) [pid: 8|app: 0|req: 748/1650] 199.204.45.35 () {34 vars in 1011 bytes} [Tue Apr 28 23:35:05 2026] GET /v2.0/networks/7c8bcdb2-3308-4732-8b89-3bc4d011e47c?fields=segments => generated 14 bytes in 54 msecs (HTTP/1.1 200) 4 headers in 156 bytes (1 switches on core 0) [pid: 8|app: 0|req: 749/1651] 10.0.0.100 () {32 vars in 649 bytes} [Tue Apr 28 23:35:05 2026] GET /v2.0/networks => generated 689 bytes in 43 msecs (HTTP/1.1 200) 4 headers in 157 bytes (1 switches on core 0) [pid: 7|app: 0|req: 903/1652] 10.0.0.100 () {32 vars in 726 bytes} [Tue Apr 28 23:35:05 2026] DELETE /v2.0/networks/16540378-a7be-4e55-afee-21c5185c9af1 => generated 0 bytes in 307 msecs (HTTP/1.1 204) 3 headers in 131 bytes (1 switches on core 0) [pid: 8|app: 0|req: 750/1653] 199.204.45.35 () {34 vars in 1111 bytes} [Tue Apr 28 23:35:05 2026] GET /v2.0/networks/7c8bcdb2-3308-4732-8b89-3bc4d011e47c?fields=provider%3Aphysical_network&fields=provider%3Anetwork_type => generated 79 bytes in 48 msecs (HTTP/1.1 200) 4 headers in 156 bytes (1 switches on core 0)
2026-04-28 23:35:05.462 7 INFO neutron.db.segments_db [None req-f44d628c-d208-4075-b241-d826c17a088a d2439cebd2e14c21becad3d1918836fe 1e3e262374b840f4bf5c73ef3040d543 - - default default] Added segment 6bac99f9-e0e7-40e2-a828-08837aba6d66 of type geneve for network e81c973b-e5b6-4333-9d3c-cd3edc6ec02f
2026-04-28 23:35:05.586 7 INFO neutron.db.ovn_revision_numbers_db [None req-f44d628c-d208-4075-b241-d826c17a088a d2439cebd2e14c21becad3d1918836fe 1e3e262374b840f4bf5c73ef3040d543 - - default default] Successfully bumped revision number for resource e81c973b-e5b6-4333-9d3c-cd3edc6ec02f (type: networks) to 1
2026-04-28 23:35:05.738 7 WARNING neutron.scheduler.dhcp_agent_scheduler [None req-f44d628c-d208-4075-b241-d826c17a088a d2439cebd2e14c21becad3d1918836fe 1e3e262374b840f4bf5c73ef3040d543 - - default default] No more DHCP agents
2026-04-28 23:35:05.739 7 WARNING neutron.api.rpc.agentnotifiers.dhcp_rpc_agent_api [None req-f44d628c-d208-4075-b241-d826c17a088a d2439cebd2e14c21becad3d1918836fe 1e3e262374b840f4bf5c73ef3040d543 - - default default] Unable to schedule network e81c973b-e5b6-4333-9d3c-cd3edc6ec02f: no agents available; will retry on subsequent port and subnet creation events.
2026-04-28 23:35:05.822 7 INFO neutron.db.ovn_revision_numbers_db [None req-f44d628c-d208-4075-b241-d826c17a088a d2439cebd2e14c21becad3d1918836fe 1e3e262374b840f4bf5c73ef3040d543 - - default default] Successfully bumped revision number for resource 2b3301ea-b53d-4354-a730-5e5e779e0ecd (type: ports) to 1 [pid: 7|app: 0|req: 904/1654] 10.0.0.100 () {34 vars in 670 bytes} [Tue Apr 28 23:35:05 2026] POST /v2.0/networks => generated 688 bytes in 458 msecs (HTTP/1.1 201) 4 headers in 162 bytes (1 switches on core 0)
2026-04-28 23:35:05.888 8 INFO neutron.plugins.ml2.drivers.ovn.mech_driver.mech_driver [None req-20756222-9f81-4c2f-b33d-016246a6d730 - - - - - -] OVN reports status down for port: 951cb030-b696-4d9e-8560-2c8231d275bf
2026-04-28 23:35:05.969 8 WARNING neutron.plugins.ml2.drivers.ovn.mech_driver.ovsdb.ovn_client [None req-20756222-9f81-4c2f-b33d-016246a6d730 - - - - - -] Logical_Switch_Port 951cb030-b696-4d9e-8560-2c8231d275bf host information not removed, the port state is up
2026-04-28 23:35:05.969 8 INFO neutron.plugins.ml2.drivers.ovn.mech_driver.mech_driver [None req-20756222-9f81-4c2f-b33d-016246a6d730 - - - - - -] OVN reports status up for port: 951cb030-b696-4d9e-8560-2c8231d275bf
2026-04-28 23:35:05.975 8 INFO neutron.db.segments_db [None req-b32047aa-977c-4afc-bacc-fa9cb41d4ca2 d2439cebd2e14c21becad3d1918836fe 1e3e262374b840f4bf5c73ef3040d543 - - default default] Added segment 2e9293b3-c719-4a7b-af19-c892d504807c of type geneve for network 8304a727-c041-4a42-93d6-fcc0de344520
2026-04-28 23:35:05.981 8 INFO neutron.plugins.ml2.plugin [None req-20756222-9f81-4c2f-b33d-016246a6d730 - - - - - -] Attempt 1 to provision port 951cb030-b696-4d9e-8560-2c8231d275bf
2026-04-28 23:35:06.156 8 INFO neutron.db.ovn_revision_numbers_db [None req-b32047aa-977c-4afc-bacc-fa9cb41d4ca2 d2439cebd2e14c21becad3d1918836fe 1e3e262374b840f4bf5c73ef3040d543 - - default default] Successfully bumped revision number for resource 8304a727-c041-4a42-93d6-fcc0de344520 (type: networks) to 1 [pid: 7|app: 0|req: 905/1655] 10.0.0.227 () {34 vars in 990 bytes} [Tue Apr 28 23:35:06 2026] GET /v2.0/ports?device_id=568bcb63-7155-4830-958d-3b1964e9e5c8 => generated 973 bytes in 42 msecs (HTTP/1.1 200) 4 headers in 157 bytes (1 switches on core 0) [pid: 7|app: 0|req: 906/1656] 10.0.0.227 () {34 vars in 1040 bytes} [Tue Apr 28 23:35:06 2026] GET /v2.0/security-groups?id=856b64e2-1d18-4865-8400-5e539e139054&fields=id&fields=name => generated 114 bytes in 31 msecs (HTTP/1.1 200) 4 headers in 157 bytes (1 switches on core 0)
2026-04-28 23:35:06.426 8 WARNING neutron.scheduler.dhcp_agent_scheduler [None req-b32047aa-977c-4afc-bacc-fa9cb41d4ca2 d2439cebd2e14c21becad3d1918836fe 1e3e262374b840f4bf5c73ef3040d543 - - default default] No more DHCP agents
2026-04-28 23:35:06.428 8 WARNING neutron.api.rpc.agentnotifiers.dhcp_rpc_agent_api [None req-b32047aa-977c-4afc-bacc-fa9cb41d4ca2 d2439cebd2e14c21becad3d1918836fe 1e3e262374b840f4bf5c73ef3040d543 - - default default] Unable to schedule network 8304a727-c041-4a42-93d6-fcc0de344520: no agents available; will retry on subsequent port and subnet creation events. [pid: 7|app: 0|req: 907/1657] 10.0.0.100 () {32 vars in 774 bytes} [Tue Apr 28 23:35:06 2026] GET /v2.0/security-groups?tenant_id=7c50d333db4f46dcb6fa8077fd788d06&name=default => generated 2925 bytes in 256 msecs (HTTP/1.1 200) 4 headers in 158 bytes (1 switches on core 0)
2026-04-28 23:35:06.632 8 INFO neutron.db.ovn_revision_numbers_db [None req-20756222-9f81-4c2f-b33d-016246a6d730 - - - - - -] Successfully bumped revision number for resource 951cb030-b696-4d9e-8560-2c8231d275bf (type: ports) to 2
2026-04-28 23:35:06.699 8 INFO neutron.db.ovn_revision_numbers_db [None req-b32047aa-977c-4afc-bacc-fa9cb41d4ca2 d2439cebd2e14c21becad3d1918836fe 1e3e262374b840f4bf5c73ef3040d543 - - default default] Successfully bumped revision number for resource e412fc8a-7ec7-4717-81a2-478d3647032f (type: ports) to 1 [pid: 7|app: 0|req: 908/1658] 10.0.0.100 () {32 vars in 740 bytes} [Tue Apr 28 23:35:06 2026] DELETE /v2.0/security-groups/72fbf531-d99a-4089-a544-303bb52fa4fc => generated 0 bytes in 234 msecs (HTTP/1.1 204) 2 headers in 112 bytes (1 switches on core 0) [pid: 8|app: 0|req: 751/1659] 10.0.0.100 () {34 vars in 670 bytes} [Tue Apr 28 23:35:05 2026] POST /v2.0/networks => generated 688 bytes in 911 msecs (HTTP/1.1 201) 4 headers in 162 bytes (1 switches on core 0)
2026-04-28 23:35:07.034 8 INFO neutron.db.ovn_revision_numbers_db [None req-2deeed5f-bef2-4abb-b571-20419d61327a b078e42de6f548028537409d1af1d219 a74c9bbb128948cab06b27378fc776a2 - - default default] Successfully bumped revision number for resource a9b32bb5-2edc-4d33-8cec-dc11f75c65f4 (type: security_groups) to 1
2026-04-28 23:35:07.047 7 INFO neutron.services.segments.plugin [-] Segment 443cdecd-3e0e-497a-8082-a2c0016a5651 resource provider aggregate not found
2026-04-28 23:35:07.048 8 INFO neutron.db.ovn_revision_numbers_db [None req-2deeed5f-bef2-4abb-b571-20419d61327a b078e42de6f548028537409d1af1d219 a74c9bbb128948cab06b27378fc776a2 - - default default] Successfully bumped revision number for resource 89ff0f9c-9355-4d66-a0d3-0fc3ff456ae9 (type: security_group_rules) to 0
2026-04-28 23:35:07.060 8 INFO neutron.db.ovn_revision_numbers_db [None req-2deeed5f-bef2-4abb-b571-20419d61327a b078e42de6f548028537409d1af1d219 a74c9bbb128948cab06b27378fc776a2 - - default default] Successfully bumped revision number for resource 9f4bf969-44ba-4a41-8d2b-0f310c090652 (type: security_group_rules) to 0
2026-04-28 23:35:07.068 7 INFO neutron.services.segments.plugin [-] Segment 443cdecd-3e0e-497a-8082-a2c0016a5651 resource provider aggregate not found
2026-04-28 23:35:07.073 8 INFO neutron.db.ovn_revision_numbers_db [None req-2deeed5f-bef2-4abb-b571-20419d61327a b078e42de6f548028537409d1af1d219 a74c9bbb128948cab06b27378fc776a2 - - default default] Successfully bumped revision number for resource a244997a-7e39-496f-a9cc-eda33cfa5f53 (type: security_group_rules) to 0
2026-04-28 23:35:07.075 7 INFO neutron.services.segments.plugin [-] Segment 443cdecd-3e0e-497a-8082-a2c0016a5651 resource provider not found; error: Placement Client Error (4xx): {"errors": [{"status": 404, "title": "Not Found", "detail": "The resource could not be found.\n\n No resource provider with uuid 443cdecd-3e0e-497a-8082-a2c0016a5651 found for delete ", "request_id": "req-2af5bbe4-524f-40ea-ae61-6ee156df6020"}]}
2026-04-28 23:35:07.084 8 INFO neutron.db.ovn_revision_numbers_db [None req-2deeed5f-bef2-4abb-b571-20419d61327a b078e42de6f548028537409d1af1d219 a74c9bbb128948cab06b27378fc776a2 - - default default] Successfully bumped revision number for resource f40391b0-9dd3-48ad-a0b1-263e68d5f9f2 (type: security_group_rules) to 0
2026-04-28 23:35:07.091 7 INFO neutron.services.segments.plugin [-] Segment 443cdecd-3e0e-497a-8082-a2c0016a5651 resource provider not found; error: Placement Client Error (4xx): {"errors": [{"status": 404, "title": "Not Found", "detail": "The resource could not be found.\n\n No resource provider with uuid 443cdecd-3e0e-497a-8082-a2c0016a5651 found for delete ", "request_id": "req-c761ecb2-926f-465e-8dcb-a4f66d246d3a"}]} [pid: 8|app: 0|req: 752/1660] 10.0.0.100 () {32 vars in 774 bytes} [Tue Apr 28 23:35:06 2026] GET /v2.0/security-groups?tenant_id=0ea71a4c28ce4c68acc9a45d20e78c5f&name=default => generated 2925 bytes in 289 msecs (HTTP/1.1 200) 4 headers in 158 bytes (1 switches on core 0)
2026-04-28 23:35:07.136 8 INFO neutron.services.segments.plugin [-] Segment 3db5b680-8f08-4ae7-851e-d340910d3435 resource provider aggregate not found
2026-04-28 23:35:07.162 8 INFO neutron.services.segments.plugin [-] Segment 3db5b680-8f08-4ae7-851e-d340910d3435 resource provider not found; error: Placement Client Error (4xx): {"errors": [{"status": 404, "title": "Not Found", "detail": "The resource could not be found.\n\n No resource provider with uuid 3db5b680-8f08-4ae7-851e-d340910d3435 found for delete ", "request_id": "req-02bc0009-873f-4b82-959e-947f639ba571"}]}
2026-04-28 23:35:07.162 8 INFO neutron.services.segments.plugin [-] Segment 3db5b680-8f08-4ae7-851e-d340910d3435 resource provider aggregate not found [pid: 8|app: 0|req: 753/1661] 10.0.0.227 () {34 vars in 982 bytes} [Tue Apr 28 23:35:07 2026] GET /v2.0/networks?id=f44feb8a-6bf0-4270-87f0-d21689289a72 => generated 711 bytes in 58 msecs (HTTP/1.1 200) 4 headers in 157 bytes (1 switches on core 0)
2026-04-28 23:35:07.188 8 INFO neutron.services.segments.plugin [-] Segment 3db5b680-8f08-4ae7-851e-d340910d3435 resource provider not found; error: Placement Client Error (4xx): {"errors": [{"status": 404, "title": "Not Found", "detail": "The resource could not be found.\n\n No resource provider with uuid 3db5b680-8f08-4ae7-851e-d340910d3435 found for delete ", "request_id": "req-1c3ea996-83da-41e0-8c4c-83f42c5b09b8"}]}
2026-04-28 23:35:07.231 7 WARNING neutron.scheduler.dhcp_agent_scheduler [None req-8f5fca7a-cd2b-4a8a-9430-46a7de9b651f d2439cebd2e14c21becad3d1918836fe 1e3e262374b840f4bf5c73ef3040d543 - - default default] No more DHCP agents
2026-04-28 23:35:07.232 7 WARNING neutron.api.rpc.agentnotifiers.dhcp_rpc_agent_api [None req-8f5fca7a-cd2b-4a8a-9430-46a7de9b651f d2439cebd2e14c21becad3d1918836fe 1e3e262374b840f4bf5c73ef3040d543 - - default default] Unable to schedule network e81c973b-e5b6-4333-9d3c-cd3edc6ec02f: no agents available; will retry on subsequent port and subnet creation events.
2026-04-28 23:35:07.312 7 INFO neutron.db.ovn_revision_numbers_db [None req-8f5fca7a-cd2b-4a8a-9430-46a7de9b651f d2439cebd2e14c21becad3d1918836fe 1e3e262374b840f4bf5c73ef3040d543 - - default default] Successfully bumped revision number for resource 71717945-7399-40af-85de-3d01cd0928ed (type: ports) to 1
2026-04-28 23:35:07.377 7 WARNING neutron.scheduler.dhcp_agent_scheduler [None req-8f5fca7a-cd2b-4a8a-9430-46a7de9b651f d2439cebd2e14c21becad3d1918836fe 1e3e262374b840f4bf5c73ef3040d543 - - default default] No more DHCP agents
2026-04-28 23:35:07.378 7 WARNING neutron.api.rpc.agentnotifiers.dhcp_rpc_agent_api [None req-8f5fca7a-cd2b-4a8a-9430-46a7de9b651f d2439cebd2e14c21becad3d1918836fe 1e3e262374b840f4bf5c73ef3040d543 - - default default] Unable to schedule network 8304a727-c041-4a42-93d6-fcc0de344520: no agents available; will retry on subsequent port and subnet creation events.
2026-04-28 23:35:07.437 7 INFO neutron.plugins.ml2.drivers.ovn.mech_driver.mech_driver [None req-a3e25b42-2804-4c70-ab7e-bb5661eda887 - - - - - -] OVN reports status down for port: 0c92daa5-a378-479d-9ff5-2c52250f2e83 [pid: 8|app: 0|req: 754/1662] 10.0.0.100 () {32 vars in 740 bytes} [Tue Apr 28 23:35:07 2026] DELETE /v2.0/security-groups/a9b32bb5-2edc-4d33-8cec-dc11f75c65f4 => generated 0 bytes in 336 msecs (HTTP/1.1 204) 2 headers in 112 bytes (1 switches on core 0)
2026-04-28 23:35:07.528 7 INFO neutron.db.ovn_revision_numbers_db [None req-8f5fca7a-cd2b-4a8a-9430-46a7de9b651f d2439cebd2e14c21becad3d1918836fe 1e3e262374b840f4bf5c73ef3040d543 - - default default] Successfully bumped revision number for resource 0c92daa5-a378-479d-9ff5-2c52250f2e83 (type: ports) to 1 [pid: 8|app: 0|req: 755/1663] 10.0.0.227 () {34 vars in 965 bytes} [Tue Apr 28 23:35:07 2026] GET /v2.0/quotas/1d4477de13584ec58a1d6fae13c6c6dd => generated 292 bytes in 9 msecs (HTTP/1.1 200) 4 headers in 157 bytes (1 switches on core 0) [pid: 8|app: 0|req: 756/1664] 10.0.0.227 () {34 vars in 990 bytes} [Tue Apr 28 23:35:07 2026] GET /v2.0/ports?device_id=568bcb63-7155-4830-958d-3b1964e9e5c8 => generated 973 bytes in 72 msecs (HTTP/1.1 200) 4 headers in 157 bytes (1 switches on core 0) [pid: 7|app: 0|req: 909/1665] 10.0.0.100 () {34 vars in 665 bytes} [Tue Apr 28 23:35:06 2026] POST /v2.0/ports => generated 1506 bytes in 905 msecs (HTTP/1.1 201) 4 headers in 163 bytes (1 switches on core 0) /var/lib/openstack/lib/python3.12/site-packages/pycadf/identifier.py:70: UserWarning: Invalid uuid: neutron. To ensure interoperability, identifiers should be a valid uuid. warnings.warn(('Invalid uuid: %s. To ensure interoperability, ' [pid: 8|app: 0|req: 757/1666] 10.0.0.227 () {34 vars in 1002 bytes} [Tue Apr 28 23:35:07 2026] GET /v2.0/ports?tenant_id=1d4477de13584ec58a1d6fae13c6c6dd&fields=id => generated 103 bytes in 91 msecs (HTTP/1.1 200) 4 headers in 157 bytes (1 switches on core 0) [pid: 7|app: 0|req: 910/1667] 10.0.0.227 () {34 vars in 1040 bytes} [Tue Apr 28 23:35:07 2026] GET /v2.0/security-groups?id=856b64e2-1d18-4865-8400-5e539e139054&fields=id&fields=name => generated 114 bytes in 43 msecs (HTTP/1.1 200) 4 headers in 157 bytes (1 switches on core 0) [pid: 8|app: 0|req: 758/1668] 10.0.0.100 () {32 vars in 643 bytes} [Tue Apr 28 23:35:07 2026] GET /v2.0/ports => generated 3018 bytes in 112 msecs (HTTP/1.1 200) 4 headers in 158 bytes (1 switches on core 0)
2026-04-28 23:35:07.826 7 INFO neutron.db.ovn_revision_numbers_db [None req-e5ecae15-7fe3-4117-8c3b-e057b3bddb21 b078e42de6f548028537409d1af1d219 a74c9bbb128948cab06b27378fc776a2 - - default default] Successfully bumped revision number for resource db8db115-6b44-4b9b-932f-5c8ddde41c5f (type: security_groups) to 1
2026-04-28 23:35:07.839 7 INFO neutron.db.ovn_revision_numbers_db [None req-e5ecae15-7fe3-4117-8c3b-e057b3bddb21 b078e42de6f548028537409d1af1d219 a74c9bbb128948cab06b27378fc776a2 - - default default] Successfully bumped revision number for resource 8129648b-d2bb-471a-878f-a2bbee5cda06 (type: security_group_rules) to 0 [pid: 8|app: 0|req: 759/1669] 10.0.0.227 () {34 vars in 1008 bytes} [Tue Apr 28 23:35:07 2026] GET /v2.0/networks/f44feb8a-6bf0-4270-87f0-d21689289a72?fields=segments => generated 14 bytes in 42 msecs (HTTP/1.1 200) 4 headers in 156 bytes (1 switches on core 0)
2026-04-28 23:35:07.851 7 INFO neutron.db.ovn_revision_numbers_db [None req-e5ecae15-7fe3-4117-8c3b-e057b3bddb21 b078e42de6f548028537409d1af1d219 a74c9bbb128948cab06b27378fc776a2 - - default default] Successfully bumped revision number for resource a168d30f-463e-454a-ac82-367086153b21 (type: security_group_rules) to 0
2026-04-28 23:35:07.863 7 INFO neutron.db.ovn_revision_numbers_db [None req-e5ecae15-7fe3-4117-8c3b-e057b3bddb21 b078e42de6f548028537409d1af1d219 a74c9bbb128948cab06b27378fc776a2 - - default default] Successfully bumped revision number for resource a617533f-d557-4cce-b1eb-690b7c7cfb7d (type: security_group_rules) to 0
2026-04-28 23:35:07.874 7 INFO neutron.db.ovn_revision_numbers_db [None req-e5ecae15-7fe3-4117-8c3b-e057b3bddb21 b078e42de6f548028537409d1af1d219 a74c9bbb128948cab06b27378fc776a2 - - default default] Successfully bumped revision number for resource fc0a7d2b-41dc-44f6-b921-78d251eff505 (type: security_group_rules) to 0 [pid: 7|app: 0|req: 911/1670] 10.0.0.100 () {32 vars in 774 bytes} [Tue Apr 28 23:35:07 2026] GET /v2.0/security-groups?tenant_id=ea5cb72f018c406bae4684d92a04f374&name=default => generated 2925 bytes in 203 msecs (HTTP/1.1 200) 4 headers in 158 bytes (1 switches on core 0) [pid: 7|app: 0|req: 912/1671] 10.0.0.227 () {34 vars in 1108 bytes} [Tue Apr 28 23:35:07 2026] GET /v2.0/networks/f44feb8a-6bf0-4270-87f0-d21689289a72?fields=provider%3Aphysical_network&fields=provider%3Anetwork_type => generated 79 bytes in 30 msecs (HTTP/1.1 200) 4 headers in 156 bytes (1 switches on core 0)
2026-04-28 23:35:07.960 8 INFO neutron_taas.services.taas.taas_plugin [None req-34eff685-1f00-4f35-ab97-22c0949f76ef d2439cebd2e14c21becad3d1918836fe 1e3e262374b840f4bf5c73ef3040d543 - - default default] TaaS: Handle Delete Port: 71717945-7399-40af-85de-3d01cd0928ed
2026-04-28 23:35:07.964 8 INFO neutron_taas.services.taas.tap_mirror_plugin [None req-34eff685-1f00-4f35-ab97-22c0949f76ef d2439cebd2e14c21becad3d1918836fe 1e3e262374b840f4bf5c73ef3040d543 - - default default] Tap Mirror: Handle Delete Port: 71717945-7399-40af-85de-3d01cd0928ed [pid: 8|app: 0|req: 760/1672] 10.0.0.100 () {32 vars in 720 bytes} [Tue Apr 28 23:35:07 2026] DELETE /v2.0/ports/71717945-7399-40af-85de-3d01cd0928ed => generated 0 bytes in 318 msecs (HTTP/1.1 204) 3 headers in 131 bytes (1 switches on core 0) [pid: 8|app: 0|req: 761/1673] 10.0.0.227 () {34 vars in 990 bytes} [Tue Apr 28 23:35:08 2026] GET /v2.0/ports?device_id=5ec9736d-4353-4410-90b7-80072c6a9123 => generated 12 bytes in 25 msecs (HTTP/1.1 200) 4 headers in 156 bytes (1 switches on core 0) [pid: 7|app: 0|req: 913/1674] 10.0.0.100 () {32 vars in 740 bytes} [Tue Apr 28 23:35:07 2026] DELETE /v2.0/security-groups/db8db115-6b44-4b9b-932f-5c8ddde41c5f => generated 0 bytes in 304 msecs (HTTP/1.1 204) 2 headers in 112 bytes (1 switches on core 0)
2026-04-28 23:35:08.319 8 INFO neutron_taas.services.taas.taas_plugin [None req-6e2259c2-79a9-473a-a5d3-53fadfcbd5ee d2439cebd2e14c21becad3d1918836fe 1e3e262374b840f4bf5c73ef3040d543 - - default default] TaaS: Handle Delete Port: 0c92daa5-a378-479d-9ff5-2c52250f2e83
2026-04-28 23:35:08.321 8 INFO neutron_taas.services.taas.tap_mirror_plugin [None req-6e2259c2-79a9-473a-a5d3-53fadfcbd5ee d2439cebd2e14c21becad3d1918836fe 1e3e262374b840f4bf5c73ef3040d543 - - default default] Tap Mirror: Handle Delete Port: 0c92daa5-a378-479d-9ff5-2c52250f2e83 [pid: 8|app: 0|req: 762/1675] 10.0.0.100 () {32 vars in 720 bytes} [Tue Apr 28 23:35:08 2026] DELETE /v2.0/ports/0c92daa5-a378-479d-9ff5-2c52250f2e83 => generated 0 bytes in 235 msecs (HTTP/1.1 204) 3 headers in 131 bytes (1 switches on core 0) [pid: 7|app: 0|req: 914/1676] 10.0.0.100 () {32 vars in 643 bytes} [Tue Apr 28 23:35:08 2026] GET /v2.0/ports => generated 1523 bytes in 37 msecs (HTTP/1.1 200) 4 headers in 158 bytes (1 switches on core 0)
2026-04-28 23:35:08.546 8 INFO neutron.db.segments_db [None req-951d9649-2098-4e34-94e3-98d40a1ce68c d2439cebd2e14c21becad3d1918836fe 1e3e262374b840f4bf5c73ef3040d543 - - default default] Added segment 59b48b29-ce1d-4e9b-bc23-8482a613184f of type geneve for network 042fae9d-bfc2-4325-9cc9-506c63929233
2026-04-28 23:35:08.660 8 INFO neutron.db.ovn_revision_numbers_db [None req-951d9649-2098-4e34-94e3-98d40a1ce68c d2439cebd2e14c21becad3d1918836fe 1e3e262374b840f4bf5c73ef3040d543 - - default default] Successfully bumped revision number for resource 042fae9d-bfc2-4325-9cc9-506c63929233 (type: networks) to 1 [pid: 7|app: 0|req: 915/1677] 10.0.0.227 () {34 vars in 990 bytes} [Tue Apr 28 23:35:08 2026] GET /v2.0/ports?device_id=568bcb63-7155-4830-958d-3b1964e9e5c8 => generated 973 bytes in 40 msecs (HTTP/1.1 200) 4 headers in 157 bytes (1 switches on core 0)
2026-04-28 23:35:08.849 8 WARNING neutron.scheduler.dhcp_agent_scheduler [None req-951d9649-2098-4e34-94e3-98d40a1ce68c d2439cebd2e14c21becad3d1918836fe 1e3e262374b840f4bf5c73ef3040d543 - - default default] No more DHCP agents
2026-04-28 23:35:08.851 8 WARNING neutron.api.rpc.agentnotifiers.dhcp_rpc_agent_api [None req-951d9649-2098-4e34-94e3-98d40a1ce68c d2439cebd2e14c21becad3d1918836fe 1e3e262374b840f4bf5c73ef3040d543 - - default default] Unable to schedule network 042fae9d-bfc2-4325-9cc9-506c63929233: no agents available; will retry on subsequent port and subnet creation events. [pid: 7|app: 0|req: 916/1678] 10.0.0.227 () {34 vars in 1040 bytes} [Tue Apr 28 23:35:08 2026] GET /v2.0/security-groups?id=856b64e2-1d18-4865-8400-5e539e139054&fields=id&fields=name => generated 114 bytes in 35 msecs (HTTP/1.1 200) 4 headers in 157 bytes (1 switches on core 0)
