2026-04-28 23:00:49.827 7 INFO neutron.api.extensions [None req-15f316cc-6bc5-4848-8f95-82bcc707911c - - - - - -] Loaded extension: multi-provider
2026-04-28 23:00:49.828 7 INFO neutron.api.extensions [None req-15f316cc-6bc5-4848-8f95-82bcc707911c - - - - - -] Loaded extension: net-mtu
2026-04-28 23:00:49.828 8 INFO neutron.api.extensions [None req-e85c7ccb-c53a-4bf0-9ec7-1d43760c320d - - - - - -] Loaded extension: taas
2026-04-28 23:00:49.828 7 INFO neutron.api.extensions [None req-15f316cc-6bc5-4848-8f95-82bcc707911c - - - - - -] Loaded extension: net-mtu-writable
2026-04-28 23:00:49.829 7 INFO neutron.api.extensions [None req-15f316cc-6bc5-4848-8f95-82bcc707911c - - - - - -] Loaded extension: network_availability_zone
2026-04-28 23:00:49.829 8 INFO neutron.api.extensions [None req-e85c7ccb-c53a-4bf0-9ec7-1d43760c320d - - - - - -] Loaded extension: tap-mirror
2026-04-28 23:00:49.829 7 INFO neutron.api.extensions [None req-15f316cc-6bc5-4848-8f95-82bcc707911c - - - - - -] Extension network_ha not supported by any of loaded plugins
2026-04-28 23:00:49.829 8 INFO neutron.api.extensions [None req-e85c7ccb-c53a-4bf0-9ec7-1d43760c320d - - - - - -] Loaded extension: taas-vlan-filter
2026-04-28 23:00:49.830 7 INFO neutron.api.extensions [None req-15f316cc-6bc5-4848-8f95-82bcc707911c - - - - - -] Loaded extension: network-ip-availability
2026-04-28 23:00:49.831 7 INFO neutron.api.extensions [None req-15f316cc-6bc5-4848-8f95-82bcc707911c - - - - - -] Extension network-segment-range not supported by any of loaded plugins
2026-04-28 23:00:49.831 7 INFO neutron.api.extensions [None req-15f316cc-6bc5-4848-8f95-82bcc707911c - - - - - -] Loaded extension: pagination
2026-04-28 23:00:49.831 8 INFO neutron.quota.resource_registry [None req-e85c7ccb-c53a-4bf0-9ec7-1d43760c320d - - - - - -] Creating instance of TrackedResource for resource:network
2026-04-28 23:00:49.832 7 INFO neutron.api.extensions [None req-15f316cc-6bc5-4848-8f95-82bcc707911c - - - - - -] Loaded extension: port-device-profile
2026-04-28 23:00:49.832 8 INFO neutron.quota.resource_registry [None req-e85c7ccb-c53a-4bf0-9ec7-1d43760c320d - - - - - -] Creating instance of TrackedResource for resource:subnet
2026-04-28 23:00:49.832 8 INFO neutron.quota.resource_registry [None req-e85c7ccb-c53a-4bf0-9ec7-1d43760c320d - - - - - -] Creating instance of TrackedResource for resource:subnetpool
2026-04-28 23:00:49.832 8 INFO neutron.quota.resource_registry [None req-e85c7ccb-c53a-4bf0-9ec7-1d43760c320d - - - - - -] Creating instance of TrackedResource for resource:port
2026-04-28 23:00:49.832 7 INFO neutron.api.extensions [None req-15f316cc-6bc5-4848-8f95-82bcc707911c - - - - - -] Extension port-hardware-offload-type not supported by any of loaded plugins
2026-04-28 23:00:49.833 7 INFO neutron.api.extensions [None req-15f316cc-6bc5-4848-8f95-82bcc707911c - - - - - -] Extension port-hint-ovs-tx-steering not supported by any of loaded plugins
2026-04-28 23:00:49.833 7 INFO neutron.api.extensions [None req-15f316cc-6bc5-4848-8f95-82bcc707911c - - - - - -] Extension port-hints not supported by any of loaded plugins
2026-04-28 23:00:49.834 7 INFO neutron.api.extensions [None req-15f316cc-6bc5-4848-8f95-82bcc707911c - - - - - -] Extension port-mac-override not supported by any of loaded plugins
2026-04-28 23:00:49.834 7 INFO neutron.api.extensions [None req-15f316cc-6bc5-4848-8f95-82bcc707911c - - - - - -] Loaded extension: port-mac-address-regenerate
2026-04-28 23:00:49.835 7 INFO neutron.api.extensions [None req-15f316cc-6bc5-4848-8f95-82bcc707911c - - - - - -] Loaded extension: port-numa-affinity-policy
2026-04-28 23:00:49.835 7 INFO neutron.api.extensions [None req-15f316cc-6bc5-4848-8f95-82bcc707911c - - - - - -] Loaded extension: port-numa-affinity-policy-socket
2026-04-28 23:00:49.835 7 INFO neutron.api.extensions [None req-15f316cc-6bc5-4848-8f95-82bcc707911c - - - - - -] Loaded extension: port-resource-request
2026-04-28 23:00:49.836 7 INFO neutron.api.extensions [None req-15f316cc-6bc5-4848-8f95-82bcc707911c - - - - - -] Loaded extension: port-resource-request-groups
2026-04-28 23:00:49.836 8 INFO neutron.quota.resource_registry [None req-e85c7ccb-c53a-4bf0-9ec7-1d43760c320d - - - - - -] Creating instance of TrackedResource for resource:router
2026-04-28 23:00:49.836 7 INFO neutron.api.extensions [None req-15f316cc-6bc5-4848-8f95-82bcc707911c - - - - - -] Extension port-trusted-vif not supported by any of loaded plugins
2026-04-28 23:00:49.836 8 INFO neutron.quota.resource_registry [None req-e85c7ccb-c53a-4bf0-9ec7-1d43760c320d - - - - - -] Creating instance of TrackedResource for resource:floatingip
2026-04-28 23:00:49.837 7 INFO neutron.api.extensions [None req-15f316cc-6bc5-4848-8f95-82bcc707911c - - - - - -] Loaded extension: binding
2026-04-28 23:00:49.838 7 INFO neutron.api.extensions [None req-15f316cc-6bc5-4848-8f95-82bcc707911c - - - - - -] Loaded extension: binding-extended
2026-04-28 23:00:49.838 7 INFO neutron.api.extensions [None req-15f316cc-6bc5-4848-8f95-82bcc707911c - - - - - -] Loaded extension: port-security
2026-04-28 23:00:49.839 7 INFO neutron.api.extensions [None req-15f316cc-6bc5-4848-8f95-82bcc707911c - - - - - -] Loaded extension: project-id
2026-04-28 23:00:49.839 7 INFO neutron.api.extensions [None req-15f316cc-6bc5-4848-8f95-82bcc707911c - - - - - -] Loaded extension: provider
2026-04-28 23:00:49.840 7 INFO neutron.api.extensions [None req-15f316cc-6bc5-4848-8f95-82bcc707911c - - - - - -] Loaded extension: qinq
2026-04-28 23:00:49.841 8 INFO neutron.quota.resource_registry [None req-e85c7ccb-c53a-4bf0-9ec7-1d43760c320d - - - - - -] Creating instance of CountableResource for resource:rbac_policy
2026-04-28 23:00:49.842 7 INFO neutron.api.extensions [None req-15f316cc-6bc5-4848-8f95-82bcc707911c - - - - - -] Loaded extension: qos
2026-04-28 23:00:49.842 8 INFO neutron.quota.resource_registry [None req-e85c7ccb-c53a-4bf0-9ec7-1d43760c320d - - - - - -] Creating instance of TrackedResource for resource:security_group
2026-04-28 23:00:49.842 8 INFO neutron.quota.resource_registry [None req-e85c7ccb-c53a-4bf0-9ec7-1d43760c320d - - - - - -] Creating instance of TrackedResource for resource:security_group_rule
2026-04-28 23:00:49.843 7 INFO neutron.api.extensions [None req-15f316cc-6bc5-4848-8f95-82bcc707911c - - - - - -] Loaded extension: qos-bw-limit-direction
2026-04-28 23:00:49.843 7 INFO neutron.api.extensions [None req-15f316cc-6bc5-4848-8f95-82bcc707911c - - - - - -] Loaded extension: qos-bw-minimum-ingress
2026-04-28 23:00:49.843 8 INFO neutron.quota.resource_registry [None req-e85c7ccb-c53a-4bf0-9ec7-1d43760c320d - - - - - -] Creating instance of TrackedResource for resource:subnetpool
2026-04-28 23:00:49.843 8 WARNING neutron.quota.resource_registry [None req-e85c7ccb-c53a-4bf0-9ec7-1d43760c320d - - - - - -] subnetpool is already registered
2026-04-28 23:00:49.844 7 INFO neutron.api.extensions [None req-15f316cc-6bc5-4848-8f95-82bcc707911c - - - - - -] Loaded extension: qos-default
2026-04-28 23:00:49.844 8 INFO neutron.quota.resource_registry [None req-e85c7ccb-c53a-4bf0-9ec7-1d43760c320d - - - - - -] Creating instance of CountableResource for resource:trunk
2026-04-28 23:00:49.844 7 INFO neutron.api.extensions [None req-15f316cc-6bc5-4848-8f95-82bcc707911c - - - - - -] Loaded extension: qos-fip
2026-04-28 23:00:49.844 8 INFO neutron.quota.resource_registry [None req-e85c7ccb-c53a-4bf0-9ec7-1d43760c320d - - - - - -] Creating instance of CountableResource for resource:ikepolicy
2026-04-28 23:00:49.845 7 INFO neutron.api.extensions [None req-15f316cc-6bc5-4848-8f95-82bcc707911c - - - - - -] Extension qos-fip-network-policy not supported by any of loaded plugins
2026-04-28 23:00:49.845 8 INFO neutron.quota.resource_registry [None req-e85c7ccb-c53a-4bf0-9ec7-1d43760c320d - - - - - -] Creating instance of CountableResource for resource:ipsecpolicy
2026-04-28 23:00:49.845 7 INFO neutron.api.extensions [None req-15f316cc-6bc5-4848-8f95-82bcc707911c - - - - - -] Loaded extension: qos-gateway-ip
2026-04-28 23:00:49.845 8 INFO neutron.quota.resource_registry [None req-e85c7ccb-c53a-4bf0-9ec7-1d43760c320d - - - - - -] Creating instance of CountableResource for resource:endpoint_group
2026-04-28 23:00:49.846 7 INFO neutron.api.extensions [None req-15f316cc-6bc5-4848-8f95-82bcc707911c - - - - - -] Loaded extension: qos-port-network-policy
2026-04-28 23:00:49.846 8 INFO neutron.quota.resource_registry [None req-e85c7ccb-c53a-4bf0-9ec7-1d43760c320d - - - - - -] Creating instance of CountableResource for resource:vpnservice
2026-04-28 23:00:49.846 8 INFO neutron.quota.resource_registry [None req-e85c7ccb-c53a-4bf0-9ec7-1d43760c320d - - - - - -] Creating instance of CountableResource for resource:ipsec_site_connection
2026-04-28 23:00:49.846 7 INFO neutron.api.extensions [None req-15f316cc-6bc5-4848-8f95-82bcc707911c - - - - - -] Loaded extension: qos-pps-minimum
2026-04-28 23:00:49.847 8 INFO neutron.quota.resource_registry [None req-e85c7ccb-c53a-4bf0-9ec7-1d43760c320d - - - - - -] Creating instance of CountableResource for resource:ipsecpolicy
2026-04-28 23:00:49.847 8 WARNING neutron.quota.resource_registry [None req-e85c7ccb-c53a-4bf0-9ec7-1d43760c320d - - - - - -] ipsecpolicy is already registered
2026-04-28 23:00:49.847 7 INFO neutron.api.extensions [None req-15f316cc-6bc5-4848-8f95-82bcc707911c - - - - - -] Loaded extension: qos-pps-minimum-rule-alias
2026-04-28 23:00:49.847 8 INFO neutron.quota.resource_registry [None req-e85c7ccb-c53a-4bf0-9ec7-1d43760c320d - - - - - -] Creating instance of CountableResource for resource:ikepolicy
2026-04-28 23:00:49.847 8 WARNING neutron.quota.resource_registry [None req-e85c7ccb-c53a-4bf0-9ec7-1d43760c320d - - - - - -] ikepolicy is already registered
2026-04-28 23:00:49.847 7 INFO neutron.api.extensions [None req-15f316cc-6bc5-4848-8f95-82bcc707911c - - - - - -] Loaded extension: qos-pps
2026-04-28 23:00:49.848 7 INFO neutron.api.extensions [None req-15f316cc-6bc5-4848-8f95-82bcc707911c - - - - - -] Loaded extension: qos-rule-type-details
2026-04-28 23:00:49.848 7 INFO neutron.api.extensions [None req-15f316cc-6bc5-4848-8f95-82bcc707911c - - - - - -] Loaded extension: qos-rule-type-filter
2026-04-28 23:00:49.849 7 INFO neutron.api.extensions [None req-15f316cc-6bc5-4848-8f95-82bcc707911c - - - - - -] Loaded extension: qos-rules-alias
2026-04-28 23:00:49.849 7 INFO neutron.api.extensions [None req-15f316cc-6bc5-4848-8f95-82bcc707911c - - - - - -] Loaded extension: quota-check-limit
2026-04-28 23:00:49.850 7 INFO neutron.api.extensions [None req-15f316cc-6bc5-4848-8f95-82bcc707911c - - - - - -] Loaded extension: quota-check-limit-default
2026-04-28 23:00:49.851 8 INFO neutron.quota.resource_registry [None req-e85c7ccb-c53a-4bf0-9ec7-1d43760c320d - - - - - -] Creating instance of TrackedResource for resource:router
2026-04-28 23:00:49.852 8 WARNING neutron.quota.resource_registry [None req-e85c7ccb-c53a-4bf0-9ec7-1d43760c320d - - - - - -] router is already registered
2026-04-28 23:00:49.852 8 INFO neutron.quota.resource_registry [None req-e85c7ccb-c53a-4bf0-9ec7-1d43760c320d - - - - - -] Creating instance of TrackedResource for resource:floatingip
2026-04-28 23:00:49.852 7 INFO neutron.api.extensions [None req-15f316cc-6bc5-4848-8f95-82bcc707911c - - - - - -] Loaded extension: quotas
2026-04-28 23:00:49.852 8 WARNING neutron.quota.resource_registry [None req-e85c7ccb-c53a-4bf0-9ec7-1d43760c320d - - - - - -] floatingip is already registered
2026-04-28 23:00:49.853 7 INFO neutron.api.extensions [None req-15f316cc-6bc5-4848-8f95-82bcc707911c - - - - - -] Loaded extension: quota_details
2026-04-28 23:00:49.854 7 INFO neutron.api.extensions [None req-15f316cc-6bc5-4848-8f95-82bcc707911c - - - - - -] Loaded extension: rbac-policies
2026-04-28 23:00:49.855 7 INFO neutron.api.extensions [None req-15f316cc-6bc5-4848-8f95-82bcc707911c - - - - - -] Extension rbac-address-group not supported by any of loaded plugins
2026-04-28 23:00:49.856 7 INFO neutron.api.extensions [None req-15f316cc-6bc5-4848-8f95-82bcc707911c - - - - - -] Loaded extension: rbac-address-scope
2026-04-28 23:00:49.856 7 INFO neutron.api.extensions [None req-15f316cc-6bc5-4848-8f95-82bcc707911c - - - - - -] Loaded extension: rbac-security-groups
2026-04-28 23:00:49.856 8 INFO neutron.quota.resource_registry [None req-e85c7ccb-c53a-4bf0-9ec7-1d43760c320d - - - - - -] Creating instance of CountableResource for resource:rbac_policy
2026-04-28 23:00:49.856 8 WARNING neutron.quota.resource_registry [None req-e85c7ccb-c53a-4bf0-9ec7-1d43760c320d - - - - - -] rbac_policy is already registered
2026-04-28 23:00:49.857 7 INFO neutron.api.extensions [None req-15f316cc-6bc5-4848-8f95-82bcc707911c - - - - - -] Extension rbac-subnetpool not supported by any of loaded plugins
2026-04-28 23:00:49.857 8 INFO neutron.quota.resource_registry [None req-e85c7ccb-c53a-4bf0-9ec7-1d43760c320d - - - - - -] Creating instance of TrackedResource for resource:security_group
2026-04-28 23:00:49.857 8 WARNING neutron.quota.resource_registry [None req-e85c7ccb-c53a-4bf0-9ec7-1d43760c320d - - - - - -] security_group is already registered
2026-04-28 23:00:49.857 7 INFO neutron.api.extensions [None req-15f316cc-6bc5-4848-8f95-82bcc707911c - - - - - -] Loaded extension: revision-if-match
2026-04-28 23:00:49.857 8 INFO neutron.quota.resource_registry [None req-e85c7ccb-c53a-4bf0-9ec7-1d43760c320d - - - - - -] Creating instance of TrackedResource for resource:security_group_rule
2026-04-28 23:00:49.857 8 WARNING neutron.quota.resource_registry [None req-e85c7ccb-c53a-4bf0-9ec7-1d43760c320d - - - - - -] security_group_rule is already registered
2026-04-28 23:00:49.858 7 INFO neutron.api.extensions [None req-15f316cc-6bc5-4848-8f95-82bcc707911c - - - - - -] Loaded extension: standard-attr-revisions
2026-04-28 23:00:49.858 8 INFO neutron.quota.resource_registry [None req-e85c7ccb-c53a-4bf0-9ec7-1d43760c320d - - - - - -] Creating instance of TrackedResource for resource:subnetpool
2026-04-28 23:00:49.858 7 INFO neutron.api.extensions [None req-15f316cc-6bc5-4848-8f95-82bcc707911c - - - - - -] Loaded extension: router_availability_zone
2026-04-28 23:00:49.858 8 WARNING neutron.quota.resource_registry [None req-e85c7ccb-c53a-4bf0-9ec7-1d43760c320d - - - - - -] subnetpool is already registered
2026-04-28 23:00:49.859 7 INFO neutron.api.extensions [None req-15f316cc-6bc5-4848-8f95-82bcc707911c - - - - - -] Extension router-service-type not supported by any of loaded plugins
2026-04-28 23:00:49.859 8 INFO neutron.quota.resource_registry [None req-e85c7ccb-c53a-4bf0-9ec7-1d43760c320d - - - - - -] Creating instance of CountableResource for resource:trunk
2026-04-28 23:00:49.859 8 WARNING neutron.quota.resource_registry [None req-e85c7ccb-c53a-4bf0-9ec7-1d43760c320d - - - - - -] trunk is already registered
2026-04-28 23:00:49.859 8 INFO neutron.quota.resource_registry [None req-e85c7ccb-c53a-4bf0-9ec7-1d43760c320d - - - - - -] Creating instance of CountableResource for resource:ikepolicy
2026-04-28 23:00:49.859 8 WARNING neutron.quota.resource_registry [None req-e85c7ccb-c53a-4bf0-9ec7-1d43760c320d - - - - - -] ikepolicy is already registered
2026-04-28 23:00:49.860 8 INFO neutron.quota.resource_registry [None req-e85c7ccb-c53a-4bf0-9ec7-1d43760c320d - - - - - -] Creating instance of CountableResource for resource:ipsecpolicy
2026-04-28 23:00:49.860 8 WARNING neutron.quota.resource_registry [None req-e85c7ccb-c53a-4bf0-9ec7-1d43760c320d - - - - - -] ipsecpolicy is already registered
2026-04-28 23:00:49.860 8 INFO neutron.quota.resource_registry [None req-e85c7ccb-c53a-4bf0-9ec7-1d43760c320d - - - - - -] Creating instance of CountableResource for resource:endpoint_group
2026-04-28 23:00:49.860 7 INFO neutron.api.extensions [None req-15f316cc-6bc5-4848-8f95-82bcc707911c - - - - - -] Loaded extension: security-groups-default-rules
2026-04-28 23:00:49.860 8 WARNING neutron.quota.resource_registry [None req-e85c7ccb-c53a-4bf0-9ec7-1d43760c320d - - - - - -] endpoint_group is already registered
2026-04-28 23:00:49.861 8 INFO neutron.quota.resource_registry [None req-e85c7ccb-c53a-4bf0-9ec7-1d43760c320d - - - - - -] Creating instance of CountableResource for resource:vpnservice
2026-04-28 23:00:49.861 7 INFO neutron.api.extensions [None req-15f316cc-6bc5-4848-8f95-82bcc707911c - - - - - -] Loaded extension: security-groups-normalized-cidr
2026-04-28 23:00:49.861 8 WARNING neutron.quota.resource_registry [None req-e85c7ccb-c53a-4bf0-9ec7-1d43760c320d - - - - - -] vpnservice is already registered
2026-04-28 23:00:49.861 8 INFO neutron.quota.resource_registry [None req-e85c7ccb-c53a-4bf0-9ec7-1d43760c320d - - - - - -] Creating instance of CountableResource for resource:ipsec_site_connection
2026-04-28 23:00:49.861 8 WARNING neutron.quota.resource_registry [None req-e85c7ccb-c53a-4bf0-9ec7-1d43760c320d - - - - - -] ipsec_site_connection is already registered
2026-04-28 23:00:49.861 7 INFO neutron.api.extensions [None req-15f316cc-6bc5-4848-8f95-82bcc707911c - - - - - -] Extension port-security-groups-filtering not supported by any of loaded plugins
2026-04-28 23:00:49.862 8 INFO neutron.quota.resource_registry [None req-e85c7ccb-c53a-4bf0-9ec7-1d43760c320d - - - - - -] Creating instance of CountableResource for resource:ipsecpolicy
2026-04-28 23:00:49.862 8 WARNING neutron.quota.resource_registry [None req-e85c7ccb-c53a-4bf0-9ec7-1d43760c320d - - - - - -] ipsecpolicy is already registered
2026-04-28 23:00:49.862 7 INFO neutron.api.extensions [None req-15f316cc-6bc5-4848-8f95-82bcc707911c - - - - - -] Loaded extension: security-groups-remote-address-group
2026-04-28 23:00:49.862 8 INFO neutron.quota.resource_registry [None req-e85c7ccb-c53a-4bf0-9ec7-1d43760c320d - - - - - -] Creating instance of CountableResource for resource:ikepolicy
2026-04-28 23:00:49.862 8 WARNING neutron.quota.resource_registry [None req-e85c7ccb-c53a-4bf0-9ec7-1d43760c320d - - - - - -] ikepolicy is already registered
2026-04-28 23:00:49.862 7 INFO neutron.api.extensions [None req-15f316cc-6bc5-4848-8f95-82bcc707911c - - - - - -] Loaded extension: security-groups-rules-belongs-to-default-sg
2026-04-28 23:00:49.863 7 INFO neutron.api.extensions [None req-15f316cc-6bc5-4848-8f95-82bcc707911c - - - - - -] Loaded extension: security-groups-shared-filtering
2026-04-28 23:00:49.867 7 INFO neutron.api.extensions [None req-15f316cc-6bc5-4848-8f95-82bcc707911c - - - - - -] Loaded extension: security-group
2026-04-28 23:00:49.868 7 INFO neutron.api.extensions [None req-15f316cc-6bc5-4848-8f95-82bcc707911c - - - - - -] Loaded extension: segment
2026-04-28 23:00:49.869 7 INFO neutron.api.extensions [None req-15f316cc-6bc5-4848-8f95-82bcc707911c - - - - - -] Loaded extension: segments-peer-subnet-host-routes
2026-04-28 23:00:49.869 7 INFO neutron.api.extensions [None req-15f316cc-6bc5-4848-8f95-82bcc707911c - - - - - -] Loaded extension: service-type
2026-04-28 23:00:49.870 7 INFO neutron.api.extensions [None req-15f316cc-6bc5-4848-8f95-82bcc707911c - - - - - -] Loaded extension: sorting
2026-04-28 23:00:49.870 7 INFO neutron.api.extensions [None req-15f316cc-6bc5-4848-8f95-82bcc707911c - - - - - -] Loaded extension: standard-attr-segment
2026-04-28 23:00:49.871 7 INFO neutron.api.extensions [None req-15f316cc-6bc5-4848-8f95-82bcc707911c - - - - - -] Loaded extension: standard-attr-description
2026-04-28 23:00:49.871 7 INFO neutron.api.extensions [None req-15f316cc-6bc5-4848-8f95-82bcc707911c - - - - - -] Loaded extension: stateful-security-group
2026-04-28 23:00:49.872 7 WARNING neutron.api.extensions [None req-15f316cc-6bc5-4848-8f95-82bcc707911c - - - - - -] Did not find expected name "Stdattrs_common" in /var/lib/openstack/lib/python3.12/site-packages/neutron/extensions/stdattrs_common.py
2026-04-28 23:00:49.872 7 INFO neutron.api.extensions [None req-15f316cc-6bc5-4848-8f95-82bcc707911c - - - - - -] Loaded extension: subnet-dns-publish-fixed-ip
2026-04-28 23:00:49.873 7 INFO neutron.api.extensions [None req-15f316cc-6bc5-4848-8f95-82bcc707911c - - - - - -] Loaded extension: subnet-external-network
2026-04-28 23:00:49.873 7 INFO neutron.api.extensions [None req-15f316cc-6bc5-4848-8f95-82bcc707911c - - - - - -] Extension subnet_onboard not supported by any of loaded plugins
2026-04-28 23:00:49.874 7 INFO neutron.api.extensions [None req-15f316cc-6bc5-4848-8f95-82bcc707911c - - - - - -] Loaded extension: subnet-segmentid-writable
2026-04-28 23:00:49.874 7 INFO neutron.api.extensions [None req-15f316cc-6bc5-4848-8f95-82bcc707911c - - - - - -] Loaded extension: subnet-service-types
2026-04-28 23:00:49.875 7 INFO neutron.api.extensions [None req-15f316cc-6bc5-4848-8f95-82bcc707911c - - - - - -] Loaded extension: subnet_allocation
2026-04-28 23:00:49.876 7 INFO neutron.api.extensions [None req-15f316cc-6bc5-4848-8f95-82bcc707911c - - - - - -] Loaded extension: subnetpool-prefix-ops
2026-04-28 23:00:49.876 7 INFO neutron.api.extensions [None req-15f316cc-6bc5-4848-8f95-82bcc707911c - - - - - -] Loaded extension: tag-creation
2026-04-28 23:00:49.877 7 INFO neutron.api.extensions [None req-15f316cc-6bc5-4848-8f95-82bcc707911c - - - - - -] Extension tag-ports-during-bulk-creation not supported by any of loaded plugins
2026-04-28 23:00:49.880 7 INFO neutron.api.extensions [None req-15f316cc-6bc5-4848-8f95-82bcc707911c - - - - - -] Loaded extension: standard-attr-tag
2026-04-28 23:00:49.881 7 INFO neutron.api.extensions [None req-15f316cc-6bc5-4848-8f95-82bcc707911c - - - - - -] Loaded extension: standard-attr-timestamp
2026-04-28 23:00:49.882 7 INFO neutron.api.extensions [None req-15f316cc-6bc5-4848-8f95-82bcc707911c - - - - - -] Loaded extension: trunk
2026-04-28 23:00:49.882 7 INFO neutron.api.extensions [None req-15f316cc-6bc5-4848-8f95-82bcc707911c - - - - - -] Loaded extension: trunk-details
2026-04-28 23:00:49.883 7 INFO neutron.api.extensions [None req-15f316cc-6bc5-4848-8f95-82bcc707911c - - - - - -] Extension uplink-status-propagation not supported by any of loaded plugins
2026-04-28 23:00:49.883 7 INFO neutron.api.extensions [None req-15f316cc-6bc5-4848-8f95-82bcc707911c - - - - - -] Extension uplink-status-propagation-updatable not supported by any of loaded plugins
2026-04-28 23:00:49.884 7 INFO neutron.api.extensions [None req-15f316cc-6bc5-4848-8f95-82bcc707911c - - - - - -] Loaded extension: vlan-transparent
2026-04-28 23:00:49.884 7 INFO neutron.api.extensions [None req-15f316cc-6bc5-4848-8f95-82bcc707911c - - - - - -] Loaded extension: vpn-aes-ctr
2026-04-28 23:00:49.886 7 INFO neutron.api.extensions [None req-15f316cc-6bc5-4848-8f95-82bcc707911c - - - - - -] Loaded extension: vpn-agent-scheduler
2026-04-28 23:00:49.887 7 INFO neutron.api.extensions [None req-15f316cc-6bc5-4848-8f95-82bcc707911c - - - - - -] Loaded extension: vpn-endpoint-groups
2026-04-28 23:00:49.887 7 INFO neutron.api.extensions [None req-15f316cc-6bc5-4848-8f95-82bcc707911c - - - - - -] Loaded extension: vpn-flavors
2026-04-28 23:00:49.889 7 INFO neutron.api.extensions [None req-15f316cc-6bc5-4848-8f95-82bcc707911c - - - - - -] Loaded extension: vpnaas
2026-04-28 23:00:49.890 7 INFO neutron.api.extensions [None req-15f316cc-6bc5-4848-8f95-82bcc707911c - - - - - -] Loaded extension: taas
2026-04-28 23:00:49.891 7 INFO neutron.api.extensions [None req-15f316cc-6bc5-4848-8f95-82bcc707911c - - - - - -] Loaded extension: tap-mirror
2026-04-28 23:00:49.892 7 INFO neutron.api.extensions [None req-15f316cc-6bc5-4848-8f95-82bcc707911c - - - - - -] Loaded extension: taas-vlan-filter
2026-04-28 23:00:49.894 7 INFO neutron.quota.resource_registry [None req-15f316cc-6bc5-4848-8f95-82bcc707911c - - - - - -] Creating instance of TrackedResource for resource:network
2026-04-28 23:00:49.894 7 INFO neutron.quota.resource_registry [None req-15f316cc-6bc5-4848-8f95-82bcc707911c - - - - - -] Creating instance of TrackedResource for resource:subnet
2026-04-28 23:00:49.894 7 INFO neutron.quota.resource_registry [None req-15f316cc-6bc5-4848-8f95-82bcc707911c - - - - - -] Creating instance of TrackedResource for resource:subnetpool
2026-04-28 23:00:49.895 7 INFO neutron.quota.resource_registry [None req-15f316cc-6bc5-4848-8f95-82bcc707911c - - - - - -] Creating instance of TrackedResource for resource:port
2026-04-28 23:00:49.898 7 INFO neutron.quota.resource_registry [None req-15f316cc-6bc5-4848-8f95-82bcc707911c - - - - - -] Creating instance of TrackedResource for resource:router
2026-04-28 23:00:49.899 7 INFO neutron.quota.resource_registry [None req-15f316cc-6bc5-4848-8f95-82bcc707911c - - - - - -] Creating instance of TrackedResource for resource:floatingip
2026-04-28 23:00:49.899 8 WARNING keystonemiddleware._common.config [None req-e85c7ccb-c53a-4bf0-9ec7-1d43760c320d - - - - - -] The option "audit_map_file" is not known to keystonemiddleware
2026-04-28 23:00:49.903 7 INFO neutron.quota.resource_registry [None req-15f316cc-6bc5-4848-8f95-82bcc707911c - - - - - -] Creating instance of CountableResource for resource:rbac_policy
2026-04-28 23:00:49.904 7 INFO neutron.quota.resource_registry [None req-15f316cc-6bc5-4848-8f95-82bcc707911c - - - - - -] Creating instance of TrackedResource for resource:security_group
2026-04-28 23:00:49.904 7 INFO neutron.quota.resource_registry [None req-15f316cc-6bc5-4848-8f95-82bcc707911c - - - - - -] Creating instance of TrackedResource for resource:security_group_rule
2026-04-28 23:00:49.905 7 INFO neutron.quota.resource_registry [None req-15f316cc-6bc5-4848-8f95-82bcc707911c - - - - - -] Creating instance of TrackedResource for resource:subnetpool
2026-04-28 23:00:49.905 8 WARNING oslo_config.cfg [None req-e85c7ccb-c53a-4bf0-9ec7-1d43760c320d - - - - - -] Deprecated: Option "auth_uri" from group "keystone_authtoken" is deprecated. Use option "www_authenticate_uri" from group "keystone_authtoken".
2026-04-28 23:00:49.905 7 WARNING neutron.quota.resource_registry [None req-15f316cc-6bc5-4848-8f95-82bcc707911c - - - - - -] subnetpool is already registered
2026-04-28 23:00:49.906 7 INFO neutron.quota.resource_registry [None req-15f316cc-6bc5-4848-8f95-82bcc707911c - - - - - -] Creating instance of CountableResource for resource:trunk
2026-04-28 23:00:49.906 7 INFO neutron.quota.resource_registry [None req-15f316cc-6bc5-4848-8f95-82bcc707911c - - - - - -] Creating instance of CountableResource for resource:ikepolicy
2026-04-28 23:00:49.907 7 INFO neutron.quota.resource_registry [None req-15f316cc-6bc5-4848-8f95-82bcc707911c - - - - - -] Creating instance of CountableResource for resource:ipsecpolicy
2026-04-28 23:00:49.907 7 INFO neutron.quota.resource_registry [None req-15f316cc-6bc5-4848-8f95-82bcc707911c - - - - - -] Creating instance of CountableResource for resource:endpoint_group
2026-04-28 23:00:49.907 7 INFO neutron.quota.resource_registry [None req-15f316cc-6bc5-4848-8f95-82bcc707911c - - - - - -] Creating instance of CountableResource for resource:vpnservice
2026-04-28 23:00:49.908 7 INFO neutron.quota.resource_registry [None req-15f316cc-6bc5-4848-8f95-82bcc707911c - - - - - -] Creating instance of CountableResource for resource:ipsec_site_connection
2026-04-28 23:00:49.908 7 INFO neutron.quota.resource_registry [None req-15f316cc-6bc5-4848-8f95-82bcc707911c - - - - - -] Creating instance of CountableResource for resource:ipsecpolicy
2026-04-28 23:00:49.908 7 WARNING neutron.quota.resource_registry [None req-15f316cc-6bc5-4848-8f95-82bcc707911c - - - - - -] ipsecpolicy is already registered
2026-04-28 23:00:49.909 7 INFO neutron.quota.resource_registry [None req-15f316cc-6bc5-4848-8f95-82bcc707911c - - - - - -] Creating instance of CountableResource for resource:ikepolicy
2026-04-28 23:00:49.909 7 WARNING neutron.quota.resource_registry [None req-15f316cc-6bc5-4848-8f95-82bcc707911c - - - - - -] ikepolicy is already registered
2026-04-28 23:00:49.913 7 INFO neutron.quota.resource_registry [None req-15f316cc-6bc5-4848-8f95-82bcc707911c - - - - - -] Creating instance of TrackedResource for resource:router
2026-04-28 23:00:49.913 7 WARNING neutron.quota.resource_registry [None req-15f316cc-6bc5-4848-8f95-82bcc707911c - - - - - -] router is already registered
2026-04-28 23:00:49.914 7 INFO neutron.quota.resource_registry [None req-15f316cc-6bc5-4848-8f95-82bcc707911c - - - - - -] Creating instance of TrackedResource for resource:floatingip
2026-04-28 23:00:49.914 7 WARNING neutron.quota.resource_registry [None req-15f316cc-6bc5-4848-8f95-82bcc707911c - - - - - -] floatingip is already registered
2026-04-28 23:00:49.918 7 INFO neutron.quota.resource_registry [None req-15f316cc-6bc5-4848-8f95-82bcc707911c - - - - - -] Creating instance of CountableResource for resource:rbac_policy
2026-04-28 23:00:49.918 7 WARNING neutron.quota.resource_registry [None req-15f316cc-6bc5-4848-8f95-82bcc707911c - - - - - -] rbac_policy is already registered
2026-04-28 23:00:49.918 7 INFO neutron.quota.resource_registry [None req-15f316cc-6bc5-4848-8f95-82bcc707911c - - - - - -] Creating instance of TrackedResource for resource:security_group
2026-04-28 23:00:49.919 7 WARNING neutron.quota.resource_registry [None req-15f316cc-6bc5-4848-8f95-82bcc707911c - - - - - -] security_group is already registered
2026-04-28 23:00:49.919 7 INFO neutron.quota.resource_registry [None req-15f316cc-6bc5-4848-8f95-82bcc707911c - - - - - -] Creating instance of TrackedResource for resource:security_group_rule
2026-04-28 23:00:49.919 7 WARNING neutron.quota.resource_registry [None req-15f316cc-6bc5-4848-8f95-82bcc707911c - - - - - -] security_group_rule is already registered
2026-04-28 23:00:49.920 7 INFO neutron.quota.resource_registry [None req-15f316cc-6bc5-4848-8f95-82bcc707911c - - - - - -] Creating instance of TrackedResource for resource:subnetpool
2026-04-28 23:00:49.920 7 WARNING neutron.quota.resource_registry [None req-15f316cc-6bc5-4848-8f95-82bcc707911c - - - - - -] subnetpool is already registered
2026-04-28 23:00:49.920 7 INFO neutron.quota.resource_registry [None req-15f316cc-6bc5-4848-8f95-82bcc707911c - - - - - -] Creating instance of CountableResource for resource:trunk
2026-04-28 23:00:49.921 7 WARNING neutron.quota.resource_registry [None req-15f316cc-6bc5-4848-8f95-82bcc707911c - - - - - -] trunk is already registered
2026-04-28 23:00:49.921 7 INFO neutron.quota.resource_registry [None req-15f316cc-6bc5-4848-8f95-82bcc707911c - - - - - -] Creating instance of CountableResource for resource:ikepolicy
2026-04-28 23:00:49.921 7 WARNING neutron.quota.resource_registry [None req-15f316cc-6bc5-4848-8f95-82bcc707911c - - - - - -] ikepolicy is already registered
2026-04-28 23:00:49.921 7 INFO neutron.quota.resource_registry [None req-15f316cc-6bc5-4848-8f95-82bcc707911c - - - - - -] Creating instance of CountableResource for resource:ipsecpolicy
2026-04-28 23:00:49.922 7 WARNING neutron.quota.resource_registry [None req-15f316cc-6bc5-4848-8f95-82bcc707911c - - - - - -] ipsecpolicy is already registered
2026-04-28 23:00:49.922 7 INFO neutron.quota.resource_registry [None req-15f316cc-6bc5-4848-8f95-82bcc707911c - - - - - -] Creating instance of CountableResource for resource:endpoint_group
2026-04-28 23:00:49.922 7 WARNING neutron.quota.resource_registry [None req-15f316cc-6bc5-4848-8f95-82bcc707911c - - - - - -] endpoint_group is already registered
2026-04-28 23:00:49.922 7 INFO neutron.quota.resource_registry [None req-15f316cc-6bc5-4848-8f95-82bcc707911c - - - - - -] Creating instance of CountableResource for resource:vpnservice
2026-04-28 23:00:49.923 7 WARNING neutron.quota.resource_registry [None req-15f316cc-6bc5-4848-8f95-82bcc707911c - - - - - -] vpnservice is already registered
2026-04-28 23:00:49.923 7 INFO neutron.quota.resource_registry [None req-15f316cc-6bc5-4848-8f95-82bcc707911c - - - - - -] Creating instance of CountableResource for resource:ipsec_site_connection
2026-04-28 23:00:49.923 7 WARNING neutron.quota.resource_registry [None req-15f316cc-6bc5-4848-8f95-82bcc707911c - - - - - -] ipsec_site_connection is already registered
2026-04-28 23:00:49.923 7 INFO neutron.quota.resource_registry [None req-15f316cc-6bc5-4848-8f95-82bcc707911c - - - - - -] Creating instance of CountableResource for resource:ipsecpolicy
2026-04-28 23:00:49.924 7 WARNING neutron.quota.resource_registry [None req-15f316cc-6bc5-4848-8f95-82bcc707911c - - - - - -] ipsecpolicy is already registered
2026-04-28 23:00:49.924 7 INFO neutron.quota.resource_registry [None req-15f316cc-6bc5-4848-8f95-82bcc707911c - - - - - -] Creating instance of CountableResource for resource:ikepolicy
2026-04-28 23:00:49.924 7 WARNING neutron.quota.resource_registry [None req-15f316cc-6bc5-4848-8f95-82bcc707911c - - - - - -] ikepolicy is already registered
2026-04-28 23:00:49.925 8 WARNING neutron.plugins.ml2.drivers.ovn.mech_driver.mech_driver [None req-e85c7ccb-c53a-4bf0-9ec7-1d43760c320d - - - - - -] uWSGI must provide a start time using the configuration parameter "start-time %t" in the configuration file
2026-04-28 23:00:49.938 8 INFO neutron.db.ovn_hash_ring_db [None req-e85c7ccb-c53a-4bf0-9ec7-1d43760c320d - - - - - -] Nodes from host "neutron-server-589866b956-pq9q9" and group "mechanism_driver" removed from the Hash Ring created at
2026-04-28 23:00:49+00:00
2026-04-28 23:00:49.940 8 INFO neutron.db.ovn_hash_ring_db [None req-e85c7ccb-c53a-4bf0-9ec7-1d43760c320d - - - - - -] Node d397b74439fb50dcb27e6fa3071242e0 from host "neutron-server-589866b956-pq9q9" and group "mechanism_driver" added to the Hash Ring
2026-04-28 23:00:49.947 8 INFO neutron.plugins.ml2.drivers.ovn.mech_driver.mech_driver [None req-e85c7ccb-c53a-4bf0-9ec7-1d43760c320d - - - - - -] Hash Ring probing thread for node d397b74439fb50dcb27e6fa3071242e0 has started
2026-04-28 23:00:49.947 8 INFO neutron.plugins.ml2.drivers.ovn.mech_driver.ovsdb.impl_idl_ovn [None req-e85c7ccb-c53a-4bf0-9ec7-1d43760c320d - - - - - -] Getting OvsdbNbOvnIdl for WorkerService with retry
2026-04-28 23:00:49.960 7 WARNING keystonemiddleware._common.config [None req-15f316cc-6bc5-4848-8f95-82bcc707911c - - - - - -] The option "audit_map_file" is not known to keystonemiddleware
2026-04-28 23:00:49.966 7 WARNING oslo_config.cfg [None req-15f316cc-6bc5-4848-8f95-82bcc707911c - - - - - -] Deprecated: Option "auth_uri" from group "keystone_authtoken" is deprecated. Use option "www_authenticate_uri" from group "keystone_authtoken".
2026-04-28 23:00:49.984 8 INFO ovsdbapp.backend.ovs_idl.vlog [None req-e85c7ccb-c53a-4bf0-9ec7-1d43760c320d - - - - - -] tcp:10.109.152.111:6641: connecting...
2026-04-28 23:00:49.984 8 INFO ovsdbapp.backend.ovs_idl.vlog [None req-e85c7ccb-c53a-4bf0-9ec7-1d43760c320d - - - - - -] tcp:10.109.152.111:6641: connected
2026-04-28 23:00:49.984 7 WARNING neutron.plugins.ml2.drivers.ovn.mech_driver.mech_driver [None req-15f316cc-6bc5-4848-8f95-82bcc707911c - - - - - -] uWSGI must provide a start time using the configuration parameter "start-time %t" in the configuration file
2026-04-28 23:00:49.994 7 INFO neutron.db.ovn_hash_ring_db [None req-15f316cc-6bc5-4848-8f95-82bcc707911c - - - - - -] Nodes from host "neutron-server-589866b956-pq9q9" and group "mechanism_driver" removed from the Hash Ring created at
2026-04-28 23:00:49+00:00
2026-04-28 23:00:49.998 7 INFO neutron.db.ovn_hash_ring_db [None req-15f316cc-6bc5-4848-8f95-82bcc707911c - - - - - -] Node b066bc74dc1454d78d2487407bddac8b from host "neutron-server-589866b956-pq9q9" and group "mechanism_driver" added to the Hash Ring
2026-04-28 23:00:50.004 7 INFO neutron.plugins.ml2.drivers.ovn.mech_driver.mech_driver [None req-15f316cc-6bc5-4848-8f95-82bcc707911c - - - - - -] Hash Ring probing thread for node b066bc74dc1454d78d2487407bddac8b has started
2026-04-28 23:00:50.005 7 INFO neutron.plugins.ml2.drivers.ovn.mech_driver.ovsdb.impl_idl_ovn [None req-15f316cc-6bc5-4848-8f95-82bcc707911c - - - - - -] Getting OvsdbNbOvnIdl for WorkerService with retry
2026-04-28 23:00:50.019 8 INFO neutron.plugins.ml2.drivers.ovn.mech_driver.ovsdb.impl_idl_ovn [None req-e85c7ccb-c53a-4bf0-9ec7-1d43760c320d - - - - - -] Getting OvsdbSbOvnIdl for WorkerService with retry
2026-04-28 23:00:50.030 7 INFO ovsdbapp.backend.ovs_idl.vlog [None req-15f316cc-6bc5-4848-8f95-82bcc707911c - - - - - -] tcp:10.109.152.111:6641: connecting...
2026-04-28 23:00:50.031 7 INFO ovsdbapp.backend.ovs_idl.vlog [None req-15f316cc-6bc5-4848-8f95-82bcc707911c - - - - - -] tcp:10.109.152.111:6641: connected
2026-04-28 23:00:50.042 8 INFO ovsdbapp.backend.ovs_idl.vlog [None req-e85c7ccb-c53a-4bf0-9ec7-1d43760c320d - - - - - -] tcp:10.106.217.156:6642: connecting...
2026-04-28 23:00:50.042 8 INFO ovsdbapp.backend.ovs_idl.vlog [None req-e85c7ccb-c53a-4bf0-9ec7-1d43760c320d - - - - - -] tcp:10.106.217.156:6642: connected
2026-04-28 23:00:50.064 7 INFO neutron.plugins.ml2.drivers.ovn.mech_driver.ovsdb.impl_idl_ovn [None req-15f316cc-6bc5-4848-8f95-82bcc707911c - - - - - -] Getting OvsdbSbOvnIdl for WorkerService with retry
2026-04-28 23:00:50.075 8 INFO neutron.plugins.ml2.drivers.ovn.mech_driver.mech_driver [None req-e85c7ccb-c53a-4bf0-9ec7-1d43760c320d - - - - - -] WorkerService process has finished the post initialization
2026-04-28 23:00:50.081 7 INFO ovsdbapp.backend.ovs_idl.vlog [None req-15f316cc-6bc5-4848-8f95-82bcc707911c - - - - - -] tcp:10.106.217.156:6642: connecting...
2026-04-28 23:00:50.081 7 INFO ovsdbapp.backend.ovs_idl.vlog [None req-15f316cc-6bc5-4848-8f95-82bcc707911c - - - - - -] tcp:10.106.217.156:6642: connected
2026-04-28 23:00:50.097 8 INFO ovsdbapp.backend.ovs_idl.vlog [None req-e85c7ccb-c53a-4bf0-9ec7-1d43760c320d - - - - - -] tcp:10.109.152.111:6641: connecting...
2026-04-28 23:00:50.098 8 INFO ovsdbapp.backend.ovs_idl.vlog [None req-e85c7ccb-c53a-4bf0-9ec7-1d43760c320d - - - - - -] tcp:10.109.152.111:6641: connected
2026-04-28 23:00:50.115 7 INFO neutron.plugins.ml2.drivers.ovn.mech_driver.mech_driver [None req-15f316cc-6bc5-4848-8f95-82bcc707911c - - - - - -] WorkerService process has finished the post initialization
2026-04-28 23:00:50.116 7 INFO neutron.plugins.ml2.drivers.ovn.mech_driver.ovsdb.extensions.qos [-] Starting OVNClientQosExtension
2026-04-28 23:00:50.132 7 INFO neutron.plugins.ml2.drivers.ovn.mech_driver.ovsdb.extensions.placement [-] Starting OVNClientPlacementExtension
2026-04-28 23:00:50.134 7 INFO ovsdbapp.backend.ovs_idl.vlog [None req-15f316cc-6bc5-4848-8f95-82bcc707911c - - - - - -] tcp:10.109.152.111:6641: connecting...
2026-04-28 23:00:50.135 7 INFO ovsdbapp.backend.ovs_idl.vlog [None req-15f316cc-6bc5-4848-8f95-82bcc707911c - - - - - -] tcp:10.109.152.111:6641: connected
2026-04-28 23:00:50.136 8 INFO ovsdbapp.backend.ovs_idl.vlog [None req-e85c7ccb-c53a-4bf0-9ec7-1d43760c320d - - - - - -] tcp:10.109.152.111:6641: connecting...
2026-04-28 23:00:50.136 8 INFO ovsdbapp.backend.ovs_idl.vlog [None req-e85c7ccb-c53a-4bf0-9ec7-1d43760c320d - - - - - -] tcp:10.109.152.111:6641: connected WSGI app 0 (mountpoint='') ready in 9 seconds on interpreter 0x7fb5458d7668 pid: 8 (default app)
2026-04-28 23:00:50.180 7 INFO ovsdbapp.backend.ovs_idl.vlog [None req-15f316cc-6bc5-4848-8f95-82bcc707911c - - - - - -] tcp:10.109.152.111:6641: connecting...
2026-04-28 23:00:50.180 7 INFO ovsdbapp.backend.ovs_idl.vlog [None req-15f316cc-6bc5-4848-8f95-82bcc707911c - - - - - -] tcp:10.109.152.111:6641: connected WSGI app 0 (mountpoint='') ready in 9 seconds on interpreter 0x7fb5458d7668 pid: 7 (default app) /var/lib/openstack/lib/python3.12/site-packages/pycadf/identifier.py:70: UserWarning: Invalid uuid: unknown. To ensure interoperability, identifiers should be a valid uuid. warnings.warn(('Invalid uuid: %s. To ensure interoperability, '
2026-04-28 23:00:52.602 8 INFO neutron.pecan_wsgi.hooks.translation [None req-57635c45-fd6d-4598-80de-fb963d063e18 b078e42de6f548028537409d1af1d219 a74c9bbb128948cab06b27378fc776a2 - - default default] GET failed (client error): The resource could not be found. [pid: 8|app: 0|req: 3/3] 199.204.45.35 () {44 vars in 924 bytes} [Tue Apr 28 23:00:51 2026] GET /v2.0/networks/public => generated 108 bytes in 798 msecs (HTTP/1.1 404) 4 headers in 164 bytes (1 switches on core 0) /var/lib/openstack/lib/python3.12/site-packages/pycadf/identifier.py:70: UserWarning: Invalid uuid: unknown. To ensure interoperability, identifiers should be a valid uuid. warnings.warn(('Invalid uuid: %s. To ensure interoperability, ' [pid: 7|app: 0|req: 1/4] 199.204.45.35 () {44 vars in 946 bytes} [Tue Apr 28 23:00:52 2026] GET /v2.0/networks?name=public => generated 15 bytes in 365 msecs (HTTP/1.1 200) 4 headers in 156 bytes (1 switches on core 0)
2026-04-28 23:00:53.284 8 INFO neutron.plugins.ml2.drivers.ovn.mech_driver.ovsdb.extensions.qos [None req-35d5a77b-2c8a-45ec-9677-5d479ef1f1f9 b078e42de6f548028537409d1af1d219 a74c9bbb128948cab06b27378fc776a2 - - default default] Starting OVNClientQosExtension
2026-04-28 23:00:53.284 8 INFO neutron.plugins.ml2.drivers.ovn.mech_driver.ovsdb.extensions.placement [None req-35d5a77b-2c8a-45ec-9677-5d479ef1f1f9 b078e42de6f548028537409d1af1d219 a74c9bbb128948cab06b27378fc776a2 - - default default] Starting OVNClientPlacementExtension
2026-04-28 23:00:53.316 8 INFO neutron.db.ovn_revision_numbers_db [None req-35d5a77b-2c8a-45ec-9677-5d479ef1f1f9 b078e42de6f548028537409d1af1d219 a74c9bbb128948cab06b27378fc776a2 - - default default] Successfully bumped revision number for resource 12bd5593-b88a-4ac8-8e6a-a5ad192fbae8 (type: security_groups) to 1
2026-04-28 23:00:53.333 8 INFO neutron.db.ovn_revision_numbers_db [None req-35d5a77b-2c8a-45ec-9677-5d479ef1f1f9 b078e42de6f548028537409d1af1d219 a74c9bbb128948cab06b27378fc776a2 - - default default] Successfully bumped revision number for resource 12ea8f2d-c3f2-4a00-b54e-d46e7aca19cb (type: security_group_rules) to 0
2026-04-28 23:00:53.343 8 INFO neutron.db.ovn_revision_numbers_db [None req-35d5a77b-2c8a-45ec-9677-5d479ef1f1f9 b078e42de6f548028537409d1af1d219 a74c9bbb128948cab06b27378fc776a2 - - default default] Successfully bumped revision number for resource 17f303dd-92e2-446b-9478-7488f7b41262 (type: security_group_rules) to 0
2026-04-28 23:00:53.352 8 INFO neutron.db.ovn_revision_numbers_db [None req-35d5a77b-2c8a-45ec-9677-5d479ef1f1f9 b078e42de6f548028537409d1af1d219 a74c9bbb128948cab06b27378fc776a2 - - default default] Successfully bumped revision number for resource 1e50ea7f-5de5-4493-ade0-456cc73686e8 (type: security_group_rules) to 0
2026-04-28 23:00:53.361 8 INFO neutron.db.ovn_revision_numbers_db [None req-35d5a77b-2c8a-45ec-9677-5d479ef1f1f9 b078e42de6f548028537409d1af1d219 a74c9bbb128948cab06b27378fc776a2 - - default default] Successfully bumped revision number for resource b95c9ad4-d2a9-4339-ac8c-c3d545370c99 (type: security_group_rules) to 0
2026-04-28 23:00:53.436 8 WARNING neutron.services.revisions.revision_plugin [None req-35d5a77b-2c8a-45ec-9677-5d479ef1f1f9 b078e42de6f548028537409d1af1d219 a74c9bbb128948cab06b27378fc776a2 - - default default] Could not find related network for resource to bump revision.
2026-04-28 23:00:53.467 8 INFO neutron.db.segments_db [None req-35d5a77b-2c8a-45ec-9677-5d479ef1f1f9 b078e42de6f548028537409d1af1d219 a74c9bbb128948cab06b27378fc776a2 - - default default] Added segment 91c313cd-2c89-4254-bbde-e9876ea7b061 of type flat for network edb4ad9c-2cf7-48ab-a944-c7f8363d9d9d
2026-04-28 23:00:53.624 7 INFO neutron.plugins.ml2.drivers.ovn.mech_driver.mech_driver [-] OVN reports status down for port: provnet-91c313cd-2c89-4254-bbde-e9876ea7b061
2026-04-28 23:00:53.652 8 INFO neutron.db.ovn_revision_numbers_db [None req-35d5a77b-2c8a-45ec-9677-5d479ef1f1f9 b078e42de6f548028537409d1af1d219 a74c9bbb128948cab06b27378fc776a2 - - default default] Successfully bumped revision number for resource edb4ad9c-2cf7-48ab-a944-c7f8363d9d9d (type: networks) to 1
2026-04-28 23:00:53.899 8 WARNING neutron.scheduler.dhcp_agent_scheduler [None req-35d5a77b-2c8a-45ec-9677-5d479ef1f1f9 b078e42de6f548028537409d1af1d219 a74c9bbb128948cab06b27378fc776a2 - - default default] No more DHCP agents
2026-04-28 23:00:53.900 8 WARNING neutron.api.rpc.agentnotifiers.dhcp_rpc_agent_api [None req-35d5a77b-2c8a-45ec-9677-5d479ef1f1f9 b078e42de6f548028537409d1af1d219 a74c9bbb128948cab06b27378fc776a2 - - default default] Unable to schedule network edb4ad9c-2cf7-48ab-a944-c7f8363d9d9d: no agents available; will retry on subsequent port and subnet creation events.
2026-04-28 23:00:53.956 7 INFO neutron.plugins.ml2.drivers.ovn.mech_driver.mech_driver [None req-62e63ac9-39f2-4300-83b9-333fc6711036 - - - - - -] OVN reports status down for port: 9a685304-a023-46d1-b712-55780c44a7a3
2026-04-28 23:00:54.004 8 INFO neutron.db.ovn_revision_numbers_db [None req-35d5a77b-2c8a-45ec-9677-5d479ef1f1f9 b078e42de6f548028537409d1af1d219 a74c9bbb128948cab06b27378fc776a2 - - default default] Successfully bumped revision number for resource 9a685304-a023-46d1-b712-55780c44a7a3 (type: ports) to 1 [pid: 8|app: 0|req: 4/5] 199.204.45.35 () {48 vars in 964 bytes} [Tue Apr 28 23:00:52 2026] POST /v2.0/networks => generated 744 bytes in 1233 msecs (HTTP/1.1 201) 4 headers in 162 bytes (1 switches on core 0)
2026-04-28 23:00:55.531 7 INFO neutron.pecan_wsgi.hooks.translation [None req-360798cc-50a1-43b5-bffb-1a71f39a680d b078e42de6f548028537409d1af1d219 a74c9bbb128948cab06b27378fc776a2 - - default default] GET failed (client error): The resource could not be found. [pid: 7|app: 0|req: 2/6] 199.204.45.35 () {44 vars in 924 bytes} [Tue Apr 28 23:00:55 2026] GET /v2.0/networks/public => generated 108 bytes in 355 msecs (HTTP/1.1 404) 4 headers in 164 bytes (1 switches on core 0) [pid: 8|app: 0|req: 5/7] 199.204.45.35 () {44 vars in 946 bytes} [Tue Apr 28 23:00:55 2026] GET /v2.0/networks?name=public => generated 753 bytes in 40 msecs (HTTP/1.1 200) 4 headers in 157 bytes (1 switches on core 0)
2026-04-28 23:00:55.611 7 INFO neutron.pecan_wsgi.hooks.translation [None req-46bf95e8-c7a3-4b77-af62-564caecf0eee b078e42de6f548028537409d1af1d219 a74c9bbb128948cab06b27378fc776a2 - - default default] GET failed (client error): The resource could not be found. [pid: 7|app: 0|req: 3/8] 199.204.45.35 () {44 vars in 1031 bytes} [Tue Apr 28 23:00:55 2026] GET /v2.0/subnets/public-subnet?network_id=edb4ad9c-2cf7-48ab-a944-c7f8363d9d9d => generated 113 bytes in 25 msecs (HTTP/1.1 404) 4 headers in 164 bytes (1 switches on core 0) [pid: 8|app: 0|req: 6/9] 199.204.45.35 () {44 vars in 1054 bytes} [Tue Apr 28 23:00:55 2026] GET /v2.0/subnets?name=public-subnet&network_id=edb4ad9c-2cf7-48ab-a944-c7f8363d9d9d => generated 14 bytes in 22 msecs (HTTP/1.1 200) 4 headers in 156 bytes (1 switches on core 0)
2026-04-28 23:00:56.050 7 WARNING neutron.scheduler.dhcp_agent_scheduler [None req-e6b1f470-b6a6-43c5-8251-713cd1b9435a b078e42de6f548028537409d1af1d219 a74c9bbb128948cab06b27378fc776a2 - - default default] No more DHCP agents
2026-04-28 23:00:56.051 7 WARNING neutron.api.rpc.agentnotifiers.dhcp_rpc_agent_api [None req-e6b1f470-b6a6-43c5-8251-713cd1b9435a b078e42de6f548028537409d1af1d219 a74c9bbb128948cab06b27378fc776a2 - - default default] Unable to schedule network edb4ad9c-2cf7-48ab-a944-c7f8363d9d9d: no agents available; will retry on subsequent port and subnet creation events.
2026-04-28 23:00:56.776 7 INFO neutron.db.ovn_revision_numbers_db [None req-2a9c8478-e520-406a-b580-210245cc3a56 - - - - - -] Successfully bumped revision number for resource 9a685304-a023-46d1-b712-55780c44a7a3 (type: ports) to 2
2026-04-28 23:00:56.830 7 INFO neutron.db.ovn_revision_numbers_db [None req-2a9c8478-e520-406a-b580-210245cc3a56 - - - - - -] Successfully bumped revision number for resource 1901ae5c-f065-47a1-9211-cc7aeb8114e9 (type: subnets) to 0 [pid: 7|app: 0|req: 4/11] 199.204.45.35 () {48 vars in 962 bytes} [Tue Apr 28 23:00:55 2026] POST /v2.0/subnets => generated 664 bytes in 1204 msecs (HTTP/1.1 201) 4 headers in 162 bytes (1 switches on core 0)
2026-04-28 23:05:42.532 8 INFO neutron.pecan_wsgi.hooks.translation [None req-0e2db519-77e8-4f05-9f7d-5e2c6af53784 b078e42de6f548028537409d1af1d219 a74c9bbb128948cab06b27378fc776a2 - - default default] GET failed (client error): The resource could not be found. [pid: 8|app: 0|req: 26/48] 199.204.45.35 () {44 vars in 934 bytes} [Tue Apr 28 23:05:42 2026] GET /v2.0/networks/lb-mgmt-net => generated 113 bytes in 110 msecs (HTTP/1.1 404) 4 headers in 164 bytes (1 switches on core 0) [pid: 7|app: 0|req: 23/49] 199.204.45.35 () {44 vars in 956 bytes} [Tue Apr 28 23:05:42 2026] GET /v2.0/networks?name=lb-mgmt-net => generated 15 bytes in 20 msecs (HTTP/1.1 200) 4 headers in 156 bytes (1 switches on core 0)
2026-04-28 23:05:42.641 8 INFO neutron.db.segments_db [None req-ac1a1e26-1ef2-4490-bcc1-077c723fa78a b078e42de6f548028537409d1af1d219 a74c9bbb128948cab06b27378fc776a2 - - default default] Added segment 133b18b3-3c02-4ac2-86bd-0fcf6037e933 of type geneve for network c264e22d-5571-44da-b751-c5812576353f
2026-04-28 23:05:42.754 8 INFO neutron.db.ovn_revision_numbers_db [None req-ac1a1e26-1ef2-4490-bcc1-077c723fa78a b078e42de6f548028537409d1af1d219 a74c9bbb128948cab06b27378fc776a2 - - default default] Successfully bumped revision number for resource c264e22d-5571-44da-b751-c5812576353f (type: networks) to 1
2026-04-28 23:05:42.901 8 WARNING neutron.scheduler.dhcp_agent_scheduler [None req-ac1a1e26-1ef2-4490-bcc1-077c723fa78a b078e42de6f548028537409d1af1d219 a74c9bbb128948cab06b27378fc776a2 - - default default] No more DHCP agents
2026-04-28 23:05:42.903 8 WARNING neutron.api.rpc.agentnotifiers.dhcp_rpc_agent_api [None req-ac1a1e26-1ef2-4490-bcc1-077c723fa78a b078e42de6f548028537409d1af1d219 a74c9bbb128948cab06b27378fc776a2 - - default default] Unable to schedule network c264e22d-5571-44da-b751-c5812576353f: no agents available; will retry on subsequent port and subnet creation events.
2026-04-28 23:05:42.947 8 INFO neutron.plugins.ml2.drivers.ovn.mech_driver.mech_driver [-] OVN reports status down for port: 4e4c932d-f790-42ad-80e9-9509cedd4dd7
